cashforcarscarrollton.com.infinitibizsol.com:80 34.148.194.14 - - [11/Jun/2025:17:06:10 +0000] "HEAD /wordpress HTTP/1.1" 500 0 "-" "Mozilla/5.0 (Windows NT 10.0; Win64; x64) AppleWebKit/537.36 (KHTML, like Gecko) Chrome/74.0.3729.169 Safari/537.36"
cashforcarscarrollton.com.infinitibizsol.com:80 34.148.194.14 - - [11/Jun/2025:17:06:10 +0000] "HEAD / HTTP/1.1" 500 0 "-" "Mozilla/5.0 (Windows NT 10.0; Win64; x64) AppleWebKit/537.36 (KHTML, like Gecko) Chrome/74.0.3729.169 Safari/537.36"
cashforcarscarrollton.com.infinitibizsol.com:80 34.148.194.14 - - [11/Jun/2025:17:06:10 +0000] "HEAD /wp HTTP/1.1" 500 0 "-" "Mozilla/5.0 (Windows NT 10.0; Win64; x64) AppleWebKit/537.36 (KHTML, like Gecko) Chrome/74.0.3729.169 Safari/537.36"
cashforcarscarrollton.com.infinitibizsol.com:80 34.148.194.14 - - [11/Jun/2025:17:06:11 +0000] "HEAD /bc HTTP/1.1" 500 0 "-" "Mozilla/5.0 (Windows NT 10.0; Win64; x64) AppleWebKit/537.36 (KHTML, like Gecko) Chrome/74.0.3729.169 Safari/537.36"
cashforcarscarrollton.com.infinitibizsol.com:80 34.148.194.14 - - [11/Jun/2025:17:06:11 +0000] "HEAD /bk HTTP/1.1" 500 0 "-" "Mozilla/5.0 (Windows NT 10.0; Win64; x64) AppleWebKit/537.36 (KHTML, like Gecko) Chrome/74.0.3729.169 Safari/537.36"
cashforcarscarrollton.com.infinitibizsol.com:80 34.148.194.14 - - [11/Jun/2025:17:06:11 +0000] "HEAD /backup HTTP/1.1" 500 0 "-" "Mozilla/5.0 (Windows NT 10.0; Win64; x64) AppleWebKit/537.36 (KHTML, like Gecko) Chrome/74.0.3729.169 Safari/537.36"
cashforcarscarrollton.com.infinitibizsol.com:80 34.148.194.14 - - [11/Jun/2025:17:06:11 +0000] "HEAD /old HTTP/1.1" 500 0 "-" "Mozilla/5.0 (Windows NT 10.0; Win64; x64) AppleWebKit/537.36 (KHTML, like Gecko) Chrome/74.0.3729.169 Safari/537.36"
cashforcarscarrollton.com.infinitibizsol.com:80 34.148.194.14 - - [11/Jun/2025:17:06:11 +0000] "HEAD /new HTTP/1.1" 500 0 "-" "Mozilla/5.0 (Windows NT 10.0; Win64; x64) AppleWebKit/537.36 (KHTML, like Gecko) Chrome/74.0.3729.169 Safari/537.36"
cashforcarscarrollton.com.infinitibizsol.com:80 34.148.194.14 - - [11/Jun/2025:17:06:11 +0000] "HEAD /main HTTP/1.1" 500 0 "-" "Mozilla/5.0 (Windows NT 10.0; Win64; x64) AppleWebKit/537.36 (KHTML, like Gecko) Chrome/74.0.3729.169 Safari/537.36"
cashforcarscarrollton.com.infinitibizsol.com:80 34.148.194.14 - - [11/Jun/2025:17:06:12 +0000] "HEAD /home HTTP/1.1" 500 0 "-" "Mozilla/5.0 (Windows NT 10.0; Win64; x64) AppleWebKit/537.36 (KHTML, like Gecko) Chrome/74.0.3729.169 Safari/537.36"
cashforcarscarrollton.com.infinitibizsol.com:443 52.167.144.16 - - [11/Jun/2025:17:06:41 +0000] "GET /Soporte%20De%20Piso%20Para%20Tableta%20Con%20Base%20De%20Doble%20Peso,%20Soporte%20Para%20Tel%C3%A9fono%20Neuvo%20-%20V1FGW1RbQFVSRkZT/ HTTP/1.1" 200 23 "-" "Mozilla/5.0 AppleWebKit/537.36 (KHTML, like Gecko; compatible; bingbot/2.0; +http://www.bing.com/bingbot.htm) Chrome/116.0.1938.76 Safari/537.36"
cashforcarscarrollton.com.infinitibizsol.com:443 208.110.64.178 - - [11/Jun/2025:17:07:36 +0000] "GET /wp-content/install.php HTTP/1.1" 200 16 "https://cashforcarscarrollton.com/wp-content/install.php" "Mozilla/5.0 (Windows NT 10.0; Win64; x64) AppleWebKit/537.36 (KHTML, like Gecko) Chrome/58.0.3029.110 Safari/537.3"
cashforcarscarrollton.com.infinitibizsol.com:443 157.55.39.14 - - [11/Jun/2025:17:11:27 +0000] "GET /Schlegel%20Corp%20Edge%20Foam%20Pad,%20Green%20Light%20Compunding%20%209%20Inch%20Sold%20Ea%20-%20UllCWF9eQFRQR0FX/ HTTP/1.1" 200 23 "-" "Mozilla/5.0 AppleWebKit/537.36 (KHTML, like Gecko; compatible; bingbot/2.0; +http://www.bing.com/bingbot.htm) Chrome/116.0.1938.76 Safari/537.36"
cashforcarscarrollton.com.infinitibizsol.com:443 137.226.113.44 - - [11/Jun/2025:17:12:26 +0000] "GET / HTTP/1.1" 500 5 "-" "Mozilla/5.0 researchscan.comsys.rwth-aachen.de"
cashforcarscarrollton.com.infinitibizsol.com:443 157.55.39.194 - - [11/Jun/2025:17:12:33 +0000] "GET /BAUMER%20ELECTRIC%20IFRM%2003P1505/CS35L%20/%20IFRM03P1505CS35L%20(NEW%20IN%20BOX)%20-%20UFBHWVFZQlpQQEFW/ HTTP/1.1" 200 23 "-" "Mozilla/5.0 AppleWebKit/537.36 (KHTML, like Gecko; compatible; bingbot/2.0; +http://www.bing.com/bingbot.htm) Chrome/116.0.1938.76 Safari/537.36"
cashforcarscarrollton.com.infinitibizsol.com:443 157.55.39.14 - - [11/Jun/2025:17:14:28 +0000] "GET /Power%20Tool%20Organizer%20Charging%20Station%204%20Layers%20Drill%20Holder%20Wall%20MountMetal%20G...%20-%20UllFXlRWQVdYR0JW/ HTTP/1.1" 200 23 "-" "Mozilla/5.0 AppleWebKit/537.36 (KHTML, like Gecko; compatible; bingbot/2.0; +http://www.bing.com/bingbot.htm) Chrome/116.0.1938.76 Safari/537.36"
cashforcarscarrollton.com.infinitibizsol.com:443 52.167.144.17 - - [11/Jun/2025:17:14:42 +0000] "GET /erindringens-brnd-kim-kristensen-mona-larsen-fredrik-lundin-1996-dacapo-cd-UlVFW1RaQFdZQkNU HTTP/1.1" 200 23 "-" "Mozilla/5.0 AppleWebKit/537.36 (KHTML, like Gecko; compatible; bingbot/2.0; +http://www.bing.com/bingbot.htm) Chrome/116.0.1938.76 Safari/537.36"
cashforcarscarrollton.com.infinitibizsol.com:443 157.55.39.14 - - [11/Jun/2025:17:16:48 +0000] "GET /eufy-2k-smart-security-camera-indoor-cam-c220-ai-motion-track-nightvision-refurb-UFlEXF9ZQFNWRUtT HTTP/1.1" 200 23 "-" "Mozilla/5.0 AppleWebKit/537.36 (KHTML, like Gecko; compatible; bingbot/2.0; +http://www.bing.com/bingbot.htm) Chrome/116.0.1938.76 Safari/537.36"
cashforcarscarrollton.com.infinitibizsol.com:443 208.110.64.178 - - [11/Jun/2025:17:18:33 +0000] "GET /wp-content/install.php HTTP/1.1" 200 16 "https://cashforcarscarrollton.com/wp-content/install.php" "Mozilla/5.0 (Windows NT 10.0; Win64; x64) AppleWebKit/537.36 (KHTML, like Gecko) Chrome/58.0.3029.110 Safari/537.3"
cashforcarscarrollton.com.infinitibizsol.com:443 208.110.64.178 - - [11/Jun/2025:17:26:38 +0000] "GET /wp-content/install.php HTTP/1.1" 200 16 "https://cashforcarscarrollton.com/wp-content/install.php" "Mozilla/5.0 (Windows NT 10.0; Win64; x64) AppleWebKit/537.36 (KHTML, like Gecko) Chrome/58.0.3029.110 Safari/537.3"
cashforcarscarrollton.com.infinitibizsol.com:443 204.12.252.98 - - [11/Jun/2025:17:30:44 +0000] "GET /wp-content/install.php HTTP/1.1" 200 16 "https://cashforcarscarrollton.com/wp-content/install.php" "Mozilla/5.0 (Windows NT 10.0; Win64; x64) AppleWebKit/537.36 (KHTML, like Gecko) Chrome/58.0.3029.110 Safari/537.3"
cashforcarscarrollton.com.infinitibizsol.com:443 157.55.39.194 - - [11/Jun/2025:17:43:26 +0000] "GET /ave-by-mkw-black-chrome-custom-wheel-center-cap-c-022-s507-60-UVFGWVRfQ1RXREVX HTTP/1.1" 200 23 "-" "Mozilla/5.0 AppleWebKit/537.36 (KHTML, like Gecko; compatible; bingbot/2.0; +http://www.bing.com/bingbot.htm) Chrome/116.0.1938.76 Safari/537.36"
cashforcarscarrollton.com.infinitibizsol.com:443 173.208.153.154 - - [11/Jun/2025:17:48:39 +0000] "GET /wp-content/install.php HTTP/1.1" 200 16 "https://cashforcarscarrollton.com/wp-content/install.php" "Mozilla/4.0 (compatible; GoogleToolbar 5.0.2124.2070; Windows 6.0; MSIE 8.0.6001.18241)"
cashforcarscarrollton.com.infinitibizsol.com:443 108.181.202.211 - - [11/Jun/2025:17:48:40 +0000] "GET /wp-content/install.php HTTP/1.1" 200 16 "https://cashforcarscarrollton.com/wp-content/install.php" "Mozilla/5.0 (Macintosh; U; PPC Mac OS X; ja-jp) AppleWebKit/523.12 (KHTML, like Gecko) Version/3.0.4 Safari/523.12"
cashforcarscarrollton.com.infinitibizsol.com:443 69.197.135.226 - - [11/Jun/2025:17:49:14 +0000] "GET /wp-content/install.php HTTP/1.1" 200 16 "https://cashforcarscarrollton.com/wp-content/install.php" "Mozilla/5.0 (Windows NT 10.0; Win64; x64) AppleWebKit/537.36 (KHTML, like Gecko) Chrome/58.0.3029.110 Safari/537.3"
cashforcarscarrollton.com.infinitibizsol.com:443 208.110.64.178 - - [11/Jun/2025:18:00:21 +0000] "GET /wp-content/install.php HTTP/1.1" 200 6 "https://cashforcarscarrollton.com/wp-content/install.php" "Mozilla/5.0 (Windows NT 10.0; Win64; x64) AppleWebKit/537.36 (KHTML, like Gecko) Chrome/58.0.3029.110 Safari/537.3"
cashforcarscarrollton.com.infinitibizsol.com:443 207.46.13.160 - - [11/Jun/2025:18:02:08 +0000] "GET /Flowery%20Silver%20Streak%20Board%20Nail%20File%202%20Pack%20-%20UVRHUVZaQ1tQSkpa/ HTTP/1.1" 200 23 "-" "Mozilla/5.0 AppleWebKit/537.36 (KHTML, like Gecko; compatible; bingbot/2.0; +http://www.bing.com/bingbot.htm) Chrome/116.0.1938.76 Safari/537.36"
cashforcarscarrollton.com.infinitibizsol.com:443 207.46.13.160 - - [11/Jun/2025:18:04:38 +0000] "GET /READ%20BEFORE%20BUY-%20Starbucks%20Sumatra%20Whole%20Bean%20Coffee%20-%205LBS%20Bag-%20BB%20DATE-8/2024%20-%20UldFUVFfQ1VWS0tU/ HTTP/1.1" 200 23 "-" "Mozilla/5.0 AppleWebKit/537.36 (KHTML, like Gecko; compatible; bingbot/2.0; +http://www.bing.com/bingbot.htm) Chrome/116.0.1938.76 Safari/537.36"
cashforcarscarrollton.com.infinitibizsol.com:443 208.110.64.178 - - [11/Jun/2025:18:05:24 +0000] "GET /wp-content/install.php HTTP/1.1" 200 16 "https://cashforcarscarrollton.com/wp-content/install.php" "Mozilla/5.0 (Windows NT 10.0; Win64; x64) AppleWebKit/537.36 (KHTML, like Gecko) Chrome/58.0.3029.110 Safari/537.3"
cashforcarscarrollton.com.infinitibizsol.com:443 207.46.13.160 - - [11/Jun/2025:18:07:19 +0000] "GET /Optokoppler%20%20SMD%20UIsol:%204,17kV%20CNY172SVM%20Optokoppler%20-%20ausgang%20Kan%C3%A4le:%201%20-%20UFdHW1RYQlFQS0VQ/ HTTP/1.1" 200 23 "-" "Mozilla/5.0 AppleWebKit/537.36 (KHTML, like Gecko; compatible; bingbot/2.0; +http://www.bing.com/bingbot.htm) Chrome/116.0.1938.76 Safari/537.36"
cashforcarscarrollton.com.infinitibizsol.com:80 138.197.152.158 - - [11/Jun/2025:18:09:20 +0000] "GET /uploaded_script.php HTTP/1.1" 403 309 "www.google.com" "Mozilla/5.0 (Linux; Android 7.0; SM-G892A Build/NRD90M; wv) AppleWebKit/537.36 (KHTML, like Gecko) Version/4.0 Chrome/60.0.3112.107 Mobile Safari/537.36"
cashforcarscarrollton.com.infinitibizsol.com:443 138.197.152.158 - - [11/Jun/2025:18:09:21 +0000] "GET /uploaded_script.php HTTP/1.1" 403 309 "www.google.com" "Mozilla/5.0 (Linux; Android 7.0; SM-G892A Build/NRD90M; wv) AppleWebKit/537.36 (KHTML, like Gecko) Version/4.0 Chrome/60.0.3112.107 Mobile Safari/537.36"
cashforcarscarrollton.com.infinitibizsol.com:443 157.55.39.201 - - [11/Jun/2025:18:14:04 +0000] "GET /2-PACK%20Snark%20ST-8%20Super%20Tight%20Guitar%20/%20All%20Instrument%20Clip%20On%20Tuner%20%7C%20ST8,%20ST%208%20-%20UFBGXVBYQFdXQUdS/ HTTP/1.1" 200 23 "-" "Mozilla/5.0 AppleWebKit/537.36 (KHTML, like Gecko; compatible; bingbot/2.0; +http://www.bing.com/bingbot.htm) Chrome/116.0.1938.76 Safari/537.36"
cashforcarscarrollton.com.infinitibizsol.com:443 209.141.49.135 - - [11/Jun/2025:18:14:18 +0000] "GET /wp-login.php HTTP/1.1" 500 5 "-" "Mozilla/5.0 (Macintosh; Intel Mac OS X 10_9_2) AppleWebKit/537.74.9 (KHTML, like Gecko) Version/7.0.2 Safari/537.74.9"
cashforcarscarrollton.com.infinitibizsol.com:443 40.77.167.247 - - [11/Jun/2025:18:15:23 +0000] "GET /u-s-army-10th-special-forces-group-airborne-certificate-of-commendation-UVFHUFFdSlVTRkZS HTTP/1.1" 200 23 "-" "Mozilla/5.0 AppleWebKit/537.36 (KHTML, like Gecko; compatible; bingbot/2.0; +http://www.bing.com/bingbot.htm) Chrome/116.0.1938.76 Safari/537.36"
cashforcarscarrollton.com.infinitibizsol.com:443 207.46.13.92 - - [11/Jun/2025:18:15:27 +0000] "GET /Gangs%20Of%20New%20York%20movie%20poster%20-%20Daniel%20Day%20Lewis%20poster%20%20-%2011%20x%2017%20inches%20-%20UFJAWV5cRVRXR0dW/ HTTP/1.1" 200 23 "-" "Mozilla/5.0 AppleWebKit/537.36 (KHTML, like Gecko; compatible; bingbot/2.0; +http://www.bing.com/bingbot.htm) Chrome/116.0.1938.76 Safari/537.36"
cashforcarscarrollton.com.infinitibizsol.com:443 204.12.252.98 - - [11/Jun/2025:18:17:38 +0000] "GET /wp-content/install.php HTTP/1.1" 200 16 "https://cashforcarscarrollton.com/wp-content/install.php" "Mozilla/5.0 (Windows NT 10.0; Win64; x64) AppleWebKit/537.36 (KHTML, like Gecko) Chrome/58.0.3029.110 Safari/537.3"
cashforcarscarrollton.com.infinitibizsol.com:443 207.46.13.92 - - [11/Jun/2025:18:18:33 +0000] "GET /The%20Impressions%20Jerry%20Butler%2045%20ABNER%201017%20Come%20Back%20My%20Love%201958%20-%20UlhFX1VeRlBSS0pa/ HTTP/1.1" 200 23 "-" "Mozilla/5.0 AppleWebKit/537.36 (KHTML, like Gecko; compatible; bingbot/2.0; +http://www.bing.com/bingbot.htm) Chrome/116.0.1938.76 Safari/537.36"
cashforcarscarrollton.com.infinitibizsol.com:443 157.55.39.7 - - [11/Jun/2025:18:19:10 +0000] "GET /CAS%20Hanwei%20Tinker%20Bastard%20Sword%20Fixed%20Knife%2033.38%22%205160%20Carbon%20Steel%20Blade%20412%20-%20UlZFWlVfRlNURUJT/ HTTP/1.1" 200 23 "-" "Mozilla/5.0 AppleWebKit/537.36 (KHTML, like Gecko; compatible; bingbot/2.0; +http://www.bing.com/bingbot.htm) Chrome/116.0.1938.76 Safari/537.36"
cashforcarscarrollton.com.infinitibizsol.com:443 207.46.13.92 - - [11/Jun/2025:18:23:09 +0000] "GET /100pcs-125khz-rfid-key-fob-proximity-id-card-token-tag-keypad-card-for-door-entr-UFRFXFBYRVtRQEFQ HTTP/1.1" 200 23 "-" "Mozilla/5.0 AppleWebKit/537.36 (KHTML, like Gecko; compatible; bingbot/2.0; +http://www.bing.com/bingbot.htm) Chrome/116.0.1938.76 Safari/537.36"
cashforcarscarrollton.com.infinitibizsol.com:443 40.77.167.247 - - [11/Jun/2025:18:23:45 +0000] "GET /Large%20Delta%20Kites%20with%20Handle%20%2030M%20Line%20Outdoor%20Toys%20Gifts%20For%20Children%20-%20UFlEWFNZQlNTSkRS/ HTTP/1.1" 200 23 "-" "Mozilla/5.0 AppleWebKit/537.36 (KHTML, like Gecko; compatible; bingbot/2.0; +http://www.bing.com/bingbot.htm) Chrome/116.0.1938.76 Safari/537.36"
cashforcarscarrollton.com.infinitibizsol.com:443 157.55.39.194 - - [11/Jun/2025:18:24:30 +0000] "GET /Pfaltzgraff%20Yorktowne%20Set%20-%20Buy%20some%20or%20Buy%20All%20-%20Plates/Bowls/Cups/Relish%20-%20UlNFXVZaQFpYSkNU/ HTTP/1.1" 200 23 "-" "Mozilla/5.0 AppleWebKit/537.36 (KHTML, like Gecko; compatible; bingbot/2.0; +http://www.bing.com/bingbot.htm) Chrome/116.0.1938.76 Safari/537.36"
cashforcarscarrollton.com.infinitibizsol.com:443 207.46.13.92 - - [11/Jun/2025:18:24:50 +0000] "GET /Erem%20Corporation%20Model%20Cx-1%20Coaxial%20Cable%20Stripper%20-%20UVFHUVFbQFJXS0pX/ HTTP/1.1" 200 23 "-" "Mozilla/5.0 AppleWebKit/537.36 (KHTML, like Gecko; compatible; bingbot/2.0; +http://www.bing.com/bingbot.htm) Chrome/116.0.1938.76 Safari/537.36"
cashforcarscarrollton.com.infinitibizsol.com:443 204.12.252.98 - - [11/Jun/2025:18:27:11 +0000] "GET /wp-content/install.php HTTP/1.1" 200 16 "https://cashforcarscarrollton.com/wp-content/install.php" "Mozilla/5.0 (Windows NT 10.0; Win64; x64) AppleWebKit/537.36 (KHTML, like Gecko) Chrome/58.0.3029.110 Safari/537.3"
cashforcarscarrollton.com.infinitibizsol.com:443 207.46.13.127 - - [11/Jun/2025:18:27:12 +0000] "GET /Greyson%20Polo%20Shirt%20Men%20Large%20White%20Blue%20Performance%20Stretch%20Golf%20Active%20Apparel%20-%20UVRFXl9WQ1ZRR0VS/ HTTP/1.1" 200 23 "-" "Mozilla/5.0 AppleWebKit/537.36 (KHTML, like Gecko; compatible; bingbot/2.0; +http://www.bing.com/bingbot.htm) Chrome/116.0.1938.76 Safari/537.36"
cashforcarscarrollton.com.infinitibizsol.com:443 157.55.39.194 - - [11/Jun/2025:18:28:12 +0000] "GET /Genuine%20Ford%20OE%20Socket%20And%20Wire%20Asy%20-%20Lamp%208A8Z-13410-A%20-%20UVhGUFVZRFpYR0JX/ HTTP/1.1" 200 23 "-" "Mozilla/5.0 AppleWebKit/537.36 (KHTML, like Gecko; compatible; bingbot/2.0; +http://www.bing.com/bingbot.htm) Chrome/116.0.1938.76 Safari/537.36"
cashforcarscarrollton.com.infinitibizsol.com:443 40.77.167.22 - - [11/Jun/2025:18:29:15 +0000] "GET /1x%20147mm%20Black%20Wheel%20Centre%20Cap%20For%20Mercedes%20C63%20Style%20Wheel%20147%20-%20Fits%20CLS%20W219%20-%20UlVGUFBbR1dXREdQ/ HTTP/1.1" 200 23 "-" "Mozilla/5.0 AppleWebKit/537.36 (KHTML, like Gecko; compatible; bingbot/2.0; +http://www.bing.com/bingbot.htm) Chrome/116.0.1938.76 Safari/537.36"
cashforcarscarrollton.com.infinitibizsol.com:443 40.77.167.22 - - [11/Jun/2025:18:31:35 +0000] "GET /battery-2800mah-cr123a-rechargeable-3-7v-li-ion-cell-batteries-charger-UFRGW19YRlJSREtb HTTP/1.1" 200 23 "-" "Mozilla/5.0 AppleWebKit/537.36 (KHTML, like Gecko; compatible; bingbot/2.0; +http://www.bing.com/bingbot.htm) Chrome/116.0.1938.76 Safari/537.36"
cashforcarscarrollton.com.infinitibizsol.com:443 207.46.13.116 - - [11/Jun/2025:18:35:32 +0000] "GET /Great%20Cities%20Collection:%20Prague%20-%20Prager%20Groschen%20Silver%20Coin%20(Black%20Box)%20ED%20-%20UlhFX1VfRFdYQkFV/ HTTP/1.1" 200 13 "-" "Mozilla/5.0 AppleWebKit/537.36 (KHTML, like Gecko; compatible; bingbot/2.0; +http://www.bing.com/bingbot.htm) Chrome/116.0.1938.76 Safari/537.36"
cashforcarscarrollton.com.infinitibizsol.com:443 40.77.167.62 - - [11/Jun/2025:18:38:11 +0000] "GET /Everybody%20Loves%20Raymond%20The%20Complete%20Series%201-9%20DVD%2044-discs%20box%20set%20collection%20-%20UVlGXVdZR1RSRkVQ/ HTTP/1.1" 200 23 "-" "Mozilla/5.0 AppleWebKit/537.36 (KHTML, like Gecko; compatible; bingbot/2.0; +http://www.bing.com/bingbot.htm) Chrome/116.0.1938.76 Safari/537.36"
cashforcarscarrollton.com.infinitibizsol.com:443 157.55.39.200 - - [11/Jun/2025:18:38:17 +0000] "GET /LC401%20Black%20Color%20Ink%20compatible%20with%20Brother%20MFC-J1010DW%20MFC-J1012DW%20J1170DW%20-%20UFNFWlJfRFRWR0tU/ HTTP/1.1" 200 23 "-" "Mozilla/5.0 AppleWebKit/537.36 (KHTML, like Gecko; compatible; bingbot/2.0; +http://www.bing.com/bingbot.htm) Chrome/116.0.1938.76 Safari/537.36"
cashforcarscarrollton.com.infinitibizsol.com:80 185.177.72.144 - - [11/Jun/2025:18:40:25 +0000] "GET /.git/HEAD HTTP/1.1" 500 5 "-" "-"
cashforcarscarrollton.com.infinitibizsol.com:80 185.177.72.144 - - [11/Jun/2025:18:40:26 +0000] "GET /.aws/credentials HTTP/1.1" 500 5 "-" "Mozilla/5.0 (Windows NT 10.0; Win64; x64) AppleWebKit/537.36 (KHTML, like Gecko) Chrome/91.0.4472.124 Safari/537.36"
cashforcarscarrollton.com.infinitibizsol.com:80 185.177.72.144 - - [11/Jun/2025:18:40:26 +0000] "GET /.AWS_/credentials HTTP/1.1" 500 5 "-" "Mozilla/5.0 (Windows NT 10.0; Win64; x64) AppleWebKit/537.36 (KHTML, like Gecko) Chrome/91.0.4472.124 Safari/537.36"
cashforcarscarrollton.com.infinitibizsol.com:80 185.177.72.144 - - [11/Jun/2025:18:40:27 +0000] "GET /.env HTTP/1.1" 500 5 "-" "Mozilla/5.0 (Windows NT 10.0; Win64; x64) AppleWebKit/537.36 (KHTML, like Gecko) Chrome/91.0.4472.124 Safari/537.36"
cashforcarscarrollton.com.infinitibizsol.com:80 185.177.72.144 - - [11/Jun/2025:18:40:27 +0000] "GET /.env.bak HTTP/1.1" 500 5 "-" "Mozilla/5.0 (Windows NT 10.0; Win64; x64) AppleWebKit/537.36 (KHTML, like Gecko) Chrome/91.0.4472.124 Safari/537.36"
cashforcarscarrollton.com.infinitibizsol.com:80 185.177.72.144 - - [11/Jun/2025:18:40:27 +0000] "GET /.env.example HTTP/1.1" 500 5 "-" "Mozilla/5.0 (Windows NT 10.0; Win64; x64) AppleWebKit/537.36 (KHTML, like Gecko) Chrome/91.0.4472.124 Safari/537.36"
cashforcarscarrollton.com.infinitibizsol.com:80 185.177.72.144 - - [11/Jun/2025:18:40:28 +0000] "GET /.env.local HTTP/1.1" 500 5 "-" "Mozilla/5.0 (Windows NT 10.0; Win64; x64) AppleWebKit/537.36 (KHTML, like Gecko) Chrome/91.0.4472.124 Safari/537.36"
cashforcarscarrollton.com.infinitibizsol.com:80 185.177.72.144 - - [11/Jun/2025:18:40:28 +0000] "GET /.env.old HTTP/1.1" 500 0 "-" "Mozilla/5.0 (Windows NT 10.0; Win64; x64) AppleWebKit/537.36 (KHTML, like Gecko) Chrome/91.0.4472.124 Safari/537.36"
cashforcarscarrollton.com.infinitibizsol.com:80 185.177.72.144 - - [11/Jun/2025:18:40:39 +0000] "GET /.env.production HTTP/1.1" 500 5 "-" "Mozilla/5.0 (Windows NT 10.0; Win64; x64) AppleWebKit/537.36 (KHTML, like Gecko) Chrome/91.0.4472.124 Safari/537.36"
cashforcarscarrollton.com.infinitibizsol.com:80 185.177.72.144 - - [11/Jun/2025:18:40:39 +0000] "GET /?phpinfo=1 HTTP/1.1" 500 5 "-" "Mozilla/5.0 (Windows NT 10.0; Win64; x64) AppleWebKit/537.36 (KHTML, like Gecko) Chrome/91.0.4472.124 Safari/537.36"
cashforcarscarrollton.com.infinitibizsol.com:80 185.177.72.144 - - [11/Jun/2025:18:40:40 +0000] "GET /api/shared/config.env HTTP/1.1" 500 5 "-" "Mozilla/5.0 (Windows NT 10.0; Win64; x64) AppleWebKit/537.36 (KHTML, like Gecko) Chrome/91.0.4472.124 Safari/537.36"
cashforcarscarrollton.com.infinitibizsol.com:80 185.177.72.144 - - [11/Jun/2025:18:40:40 +0000] "GET /app/.env HTTP/1.1" 500 5 "-" "Mozilla/5.0 (Windows NT 10.0; Win64; x64) AppleWebKit/537.36 (KHTML, like Gecko) Chrome/91.0.4472.124 Safari/537.36"
cashforcarscarrollton.com.infinitibizsol.com:80 185.177.72.144 - - [11/Jun/2025:18:40:40 +0000] "GET /application.properties HTTP/1.1" 500 5 "-" "Mozilla/5.0 (Windows NT 10.0; Win64; x64) AppleWebKit/537.36 (KHTML, like Gecko) Chrome/91.0.4472.124 Safari/537.36"
cashforcarscarrollton.com.infinitibizsol.com:80 185.177.72.144 - - [11/Jun/2025:18:40:41 +0000] "GET /appsettings.json HTTP/1.1" 500 5 "-" "Mozilla/5.0 (Windows NT 10.0; Win64; x64) AppleWebKit/537.36 (KHTML, like Gecko) Chrome/91.0.4472.124 Safari/537.36"
cashforcarscarrollton.com.infinitibizsol.com:80 185.177.72.144 - - [11/Jun/2025:18:40:41 +0000] "GET /aws/credentials HTTP/1.1" 500 5 "-" "Mozilla/5.0 (Windows NT 10.0; Win64; x64) AppleWebKit/537.36 (KHTML, like Gecko) Chrome/91.0.4472.124 Safari/537.36"
cashforcarscarrollton.com.infinitibizsol.com:80 185.177.72.144 - - [11/Jun/2025:18:40:42 +0000] "GET /config.env HTTP/1.1" 500 5 "-" "Mozilla/5.0 (Windows NT 10.0; Win64; x64) AppleWebKit/537.36 (KHTML, like Gecko) Chrome/91.0.4472.124 Safari/537.36"
cashforcarscarrollton.com.infinitibizsol.com:80 185.177.72.144 - - [11/Jun/2025:18:40:42 +0000] "GET /config.json HTTP/1.1" 500 5 "-" "Mozilla/5.0 (Windows NT 10.0; Win64; x64) AppleWebKit/537.36 (KHTML, like Gecko) Chrome/91.0.4472.124 Safari/537.36"
cashforcarscarrollton.com.infinitibizsol.com:80 185.177.72.144 - - [11/Jun/2025:18:40:42 +0000] "GET /config/aws.yml HTTP/1.1" 500 5 "-" "Mozilla/5.0 (Windows NT 10.0; Win64; x64) AppleWebKit/537.36 (KHTML, like Gecko) Chrome/91.0.4472.124 Safari/537.36"
cashforcarscarrollton.com.infinitibizsol.com:80 185.177.72.144 - - [11/Jun/2025:18:40:43 +0000] "GET /config/settings.json HTTP/1.1" 500 5 "-" "Mozilla/5.0 (Windows NT 10.0; Win64; x64) AppleWebKit/537.36 (KHTML, like Gecko) Chrome/91.0.4472.124 Safari/537.36"
cashforcarscarrollton.com.infinitibizsol.com:80 185.177.72.144 - - [11/Jun/2025:18:40:43 +0000] "GET /i.php HTTP/1.1" 500 5 "-" "Mozilla/5.0 (Windows NT 10.0; Win64; x64) AppleWebKit/537.36 (KHTML, like Gecko) Chrome/91.0.4472.124 Safari/537.36"
cashforcarscarrollton.com.infinitibizsol.com:80 185.177.72.144 - - [11/Jun/2025:18:40:44 +0000] "GET /info.php HTTP/1.1" 500 5 "-" "Mozilla/5.0 (Windows NT 10.0; Win64; x64) AppleWebKit/537.36 (KHTML, like Gecko) Chrome/91.0.4472.124 Safari/537.36"
cashforcarscarrollton.com.infinitibizsol.com:80 185.177.72.144 - - [11/Jun/2025:18:40:44 +0000] "GET /laravel/.env HTTP/1.1" 500 5 "-" "Mozilla/5.0 (Windows NT 10.0; Win64; x64) AppleWebKit/537.36 (KHTML, like Gecko) Chrome/91.0.4472.124 Safari/537.36"
cashforcarscarrollton.com.infinitibizsol.com:80 185.177.72.144 - - [11/Jun/2025:18:40:44 +0000] "GET /p.php HTTP/1.1" 500 5 "-" "Mozilla/5.0 (Windows NT 10.0; Win64; x64) AppleWebKit/537.36 (KHTML, like Gecko) Chrome/91.0.4472.124 Safari/537.36"
cashforcarscarrollton.com.infinitibizsol.com:80 185.177.72.144 - - [11/Jun/2025:18:40:45 +0000] "GET /phpinfo HTTP/1.1" 500 5 "-" "Mozilla/5.0 (Windows NT 10.0; Win64; x64) AppleWebKit/537.36 (KHTML, like Gecko) Chrome/91.0.4472.124 Safari/537.36"
cashforcarscarrollton.com.infinitibizsol.com:80 185.177.72.144 - - [11/Jun/2025:18:40:45 +0000] "GET /phpinfo.php HTTP/1.1" 500 5 "-" "Mozilla/5.0 (Windows NT 10.0; Win64; x64) AppleWebKit/537.36 (KHTML, like Gecko) Chrome/91.0.4472.124 Safari/537.36"
cashforcarscarrollton.com.infinitibizsol.com:80 185.177.72.144 - - [11/Jun/2025:18:40:45 +0000] "GET /_profiler/phpinfo HTTP/1.1" 500 5 "-" "Mozilla/5.0 (Windows NT 10.0; Win64; x64) AppleWebKit/537.36 (KHTML, like Gecko) Chrome/91.0.4472.124 Safari/537.36"
cashforcarscarrollton.com.infinitibizsol.com:443 69.197.182.50 - - [11/Jun/2025:18:41:42 +0000] "GET /wp-content/install.php HTTP/1.1" 200 16 "https://cashforcarscarrollton.com/wp-content/install.php" "Mozilla/5.0 (Windows NT 10.0; Win64; x64) AppleWebKit/537.36 (KHTML, like Gecko) Chrome/58.0.3029.110 Safari/537.3"
cashforcarscarrollton.com.infinitibizsol.com:443 207.46.13.116 - - [11/Jun/2025:18:42:22 +0000] "GET /Pokemon%20TCG%20-%20Zorua%20073/093%20-%20EX%20Battle%20Boost%20EBB%20-%20Japanese%20First%20Edition%20-%20UldFUVBbS1FYS0tV/ HTTP/1.1" 200 23 "-" "Mozilla/5.0 AppleWebKit/537.36 (KHTML, like Gecko; compatible; bingbot/2.0; +http://www.bing.com/bingbot.htm) Chrome/116.0.1938.76 Safari/537.36"
cashforcarscarrollton.com.infinitibizsol.com:443 157.55.39.200 - - [11/Jun/2025:18:46:06 +0000] "GET /Italy%20Paperback%20Alexis,%20Bonetto,%20Cristian,%20Atkinson,%20Brett%20Averbu%20-%20UFBGUFFaSlVWSkJS/ HTTP/1.1" 200 23 "-" "Mozilla/5.0 AppleWebKit/537.36 (KHTML, like Gecko; compatible; bingbot/2.0; +http://www.bing.com/bingbot.htm) Chrome/116.0.1938.76 Safari/537.36"
cashforcarscarrollton.com.infinitibizsol.com:443 52.167.144.16 - - [11/Jun/2025:18:47:41 +0000] "GET /Lego%20Warg%20LOTR%20Wolf%20The%20Hobbit%2079002%20Attack%20of%20the%20Wargs%20Smaug%20Mordor%20(CUSTOM)%20-%20UVNFWlJZRVNZR0BQ/ HTTP/1.1" 200 23 "-" "Mozilla/5.0 AppleWebKit/537.36 (KHTML, like Gecko; compatible; bingbot/2.0; +http://www.bing.com/bingbot.htm) Chrome/116.0.1938.76 Safari/537.36"
cashforcarscarrollton.com.infinitibizsol.com:443 207.46.13.116 - - [11/Jun/2025:18:50:53 +0000] "GET /valerie-parr-hill-mini-frosted-sugared-fruit-ornaments-40-pieces-in-original-box-UFlEX1dYS1BQREFR HTTP/1.1" 200 23 "-" "Mozilla/5.0 AppleWebKit/537.36 (KHTML, like Gecko; compatible; bingbot/2.0; +http://www.bing.com/bingbot.htm) Chrome/116.0.1938.76 Safari/537.36"
cashforcarscarrollton.com.infinitibizsol.com:443 157.55.39.201 - - [11/Jun/2025:18:53:03 +0000] "GET /Dover%20County%20Fair%20Homestretch%20Judges%20Stand%20Grandstand%20Hugh%20C.%20Leighton%20-%20UVZFX1dfS1tXQ0tW/ HTTP/1.1" 200 23 "-" "Mozilla/5.0 AppleWebKit/537.36 (KHTML, like Gecko; compatible; bingbot/2.0; +http://www.bing.com/bingbot.htm) Chrome/116.0.1938.76 Safari/537.36"
cashforcarscarrollton.com.infinitibizsol.com:443 157.55.39.60 - - [11/Jun/2025:18:54:33 +0000] "GET /49150FLT%20Flowtech%20Afterburner%20Headers%20-%20Painted%20-%20UVlFWVdbRlFYQkFV/ HTTP/1.1" 200 23 "-" "Mozilla/5.0 AppleWebKit/537.36 (KHTML, like Gecko; compatible; bingbot/2.0; +http://www.bing.com/bingbot.htm) Chrome/116.0.1938.76 Safari/537.36"
cashforcarscarrollton.com.infinitibizsol.com:80 43.135.134.127 - - [11/Jun/2025:18:55:46 +0000] "GET / HTTP/1.1" 500 5 "-" "Mozilla/5.0 (iPhone; CPU iPhone OS 13_2_3 like Mac OS X) AppleWebKit/605.1.15 (KHTML, like Gecko) Version/13.0.3 Mobile/15E148 Safari/604.1"
cashforcarscarrollton.com.infinitibizsol.com:443 52.167.144.235 - - [11/Jun/2025:18:57:27 +0000] "GET /TR90%20Bifocal%20Progressive%20Reading%20Glasses%20Flexible%20Sport%20Multifocal%20discoloration%20-%20UFlEWFBcRVBSQEdQ/ HTTP/1.1" 200 23 "-" "Mozilla/5.0 AppleWebKit/537.36 (KHTML, like Gecko; compatible; bingbot/2.0; +http://www.bing.com/bingbot.htm) Chrome/116.0.1938.76 Safari/537.36"
cashforcarscarrollton.com.infinitibizsol.com:443 52.167.144.235 - - [11/Jun/2025:18:57:28 +0000] "GET /Zoro%20Textured%20Foil%20DON!!%20Card%20-%20PRB01%20English%20One%20Piece%20TCG%20-%20UVlFWVJdQ1NTQ0JT/ HTTP/1.1" 200 23 "-" "Mozilla/5.0 AppleWebKit/537.36 (KHTML, like Gecko; compatible; bingbot/2.0; +http://www.bing.com/bingbot.htm) Chrome/116.0.1938.76 Safari/537.36"
cashforcarscarrollton.com.infinitibizsol.com:443 157.55.39.60 - - [11/Jun/2025:18:58:54 +0000] "GET /KIMETSU%20NO%20YAIBA%20Rubber%20Yukaku%20All%209%20Type%20/%20set%20Gashapon%20capsule%20toys%20-%20UlZFXVJcRFZQQ0Rb/ HTTP/1.1" 200 23 "-" "Mozilla/5.0 AppleWebKit/537.36 (KHTML, like Gecko; compatible; bingbot/2.0; +http://www.bing.com/bingbot.htm) Chrome/116.0.1938.76 Safari/537.36"
cashforcarscarrollton.com.infinitibizsol.com:443 157.55.39.60 - - [11/Jun/2025:18:59:14 +0000] "GET /new-siemens-6av6-647-0af11-3ax0-6av6647-0af11-3ax0-hmi-ktp1000-basic-color-pn-REBCF1NYRVpRXUFU HTTP/1.1" 200 23 "-" "Mozilla/5.0 AppleWebKit/537.36 (KHTML, like Gecko; compatible; bingbot/2.0; +http://www.bing.com/bingbot.htm) Chrome/116.0.1938.76 Safari/537.36"
cashforcarscarrollton.com.infinitibizsol.com:443 207.46.13.92 - - [11/Jun/2025:19:00:39 +0000] "GET /Sigma%20AF%2070-200mm%20f2.8%20D%20EX%20APO%20HSM%20IF%20Lens%20Nikon%20/ HTTP/1.1" 200 23 "-" "Mozilla/5.0 AppleWebKit/537.36 (KHTML, like Gecko; compatible; bingbot/2.0; +http://www.bing.com/bingbot.htm) Chrome/116.0.1938.76 Safari/537.36"
cashforcarscarrollton.com.infinitibizsol.com:443 52.167.144.235 - - [11/Jun/2025:19:00:48 +0000] "GET /Ivomec%20Plus%20Inj.%2050ml%20M0F1%20-%20UFBGUFNYRFpVRkZX/ HTTP/1.1" 200 23 "-" "Mozilla/5.0 AppleWebKit/537.36 (KHTML, like Gecko; compatible; bingbot/2.0; +http://www.bing.com/bingbot.htm) Chrome/116.0.1938.76 Safari/537.36"
cashforcarscarrollton.com.infinitibizsol.com:80 94.191.43.82 - - [11/Jun/2025:19:01:21 +0000] "GET / HTTP/1.1" 500 5 "-" "Mozilla/5.0 (iPhone; CPU iPhone OS 13_2_3 like Mac OS X) AppleWebKit/605.1.15 (KHTML, like Gecko) Version/13.0.3 Mobile/15E148 Safari/604.1"
cashforcarscarrollton.com.infinitibizsol.com:443 204.12.252.98 - - [11/Jun/2025:19:03:50 +0000] "GET /wp-content/install.php HTTP/1.1" 200 16 "https://cashforcarscarrollton.com/wp-content/install.php" "Mozilla/5.0 (Windows NT 10.0; Win64; x64) AppleWebKit/537.36 (KHTML, like Gecko) Chrome/58.0.3029.110 Safari/537.3"
cashforcarscarrollton.com.infinitibizsol.com:443 207.46.13.156 - - [11/Jun/2025:19:04:04 +0000] "GET /NO%20SAGE%20Old%20Plantation%20Breakfast%20Pan%20Sausage%20Seasoning%20for%2025%20LBS%20Venison%20Pork%20-%20UlRHXV5ZR1pYSkZU/ HTTP/1.1" 200 23 "-" "Mozilla/5.0 AppleWebKit/537.36 (KHTML, like Gecko; compatible; bingbot/2.0; +http://www.bing.com/bingbot.htm) Chrome/116.0.1938.76 Safari/537.36"
cashforcarscarrollton.com.infinitibizsol.com:443 52.167.144.235 - - [11/Jun/2025:19:04:23 +0000] "GET /Camshaft%20MDS%20Lifters%20Kit%20For%20Dodge%20Ram%201500%20Hemi%205.7L%20V8%202009-2015%2053022263--US%20-%20UllFWF5fQVJWR0tX/ HTTP/1.1" 200 23 "-" "Mozilla/5.0 AppleWebKit/537.36 (KHTML, like Gecko; compatible; bingbot/2.0; +http://www.bing.com/bingbot.htm) Chrome/116.0.1938.76 Safari/537.36"
cashforcarscarrollton.com.infinitibizsol.com:443 207.46.13.92 - - [11/Jun/2025:19:05:39 +0000] "GET /Manfrotto%20Alu%20Ranker%209ft%20Air-Cushioned%20Stand%20-%20Meh%20Condition;%20Damaged,%20will%20not%20-%20UFNFWlJeQFFYQkNR/ HTTP/1.1" 200 23 "-" "Mozilla/5.0 AppleWebKit/537.36 (KHTML, like Gecko; compatible; bingbot/2.0; +http://www.bing.com/bingbot.htm) Chrome/116.0.1938.76 Safari/537.36"
cashforcarscarrollton.com.infinitibizsol.com:443 52.167.144.235 - - [11/Jun/2025:19:06:09 +0000] "GET /1982-complete-playboy-magazine-collection-lot-of-12-full-year-with-centerfolds-UlNFUF5cQFpRS0JW HTTP/1.1" 200 23 "-" "Mozilla/5.0 AppleWebKit/537.36 (KHTML, like Gecko; compatible; bingbot/2.0; +http://www.bing.com/bingbot.htm) Chrome/116.0.1938.76 Safari/537.36"
cashforcarscarrollton.com.infinitibizsol.com:443 69.197.182.50 - - [11/Jun/2025:19:07:32 +0000] "GET /wp-content/install.php HTTP/1.1" 200 16 "https://cashforcarscarrollton.com/wp-content/install.php" "Mozilla/5.0 (Windows NT 10.0; Win64; x64) AppleWebKit/537.36 (KHTML, like Gecko) Chrome/58.0.3029.110 Safari/537.3"
cashforcarscarrollton.com.infinitibizsol.com:443 40.77.167.15 - - [11/Jun/2025:19:08:40 +0000] "GET /(NEW)%20Pizza...?%20Literary%20Magazine:%20Fall%202024:%20Secret%20Restaurant%20Press%20-%20UFhGX1NeQVpUREpa/ HTTP/1.1" 200 23 "-" "Mozilla/5.0 AppleWebKit/537.36 (KHTML, like Gecko; compatible; bingbot/2.0; +http://www.bing.com/bingbot.htm) Chrome/116.0.1938.76 Safari/537.36"
cashforcarscarrollton.com.infinitibizsol.com:443 40.77.167.15 - - [11/Jun/2025:19:10:19 +0000] "GET /502B%20NEC%20UPG502B%20-%20UVdBXVNdRFZSQUtS/ HTTP/1.1" 200 23 "-" "Mozilla/5.0 AppleWebKit/537.36 (KHTML, like Gecko; compatible; bingbot/2.0; +http://www.bing.com/bingbot.htm) Chrome/116.0.1938.76 Safari/537.36"
cashforcarscarrollton.com.infinitibizsol.com:443 173.208.153.154 - - [11/Jun/2025:19:16:06 +0000] "GET /wp-content/install.php HTTP/1.1" 200 16 "https://cashforcarscarrollton.com/wp-content/install.php" "Mozilla/5.0 (compatible; MSIE 9.0; Windows NT 6.1; WOW64; Trident/5.0; SLCC2; .NET CLR 2.0.50727; .NET CLR 3.5.30729; .NET CLR 3.0.30729; Media Center PC 6.0; MAGW; .NET4.0C; Lunascape 6.5.8.24780)"
cashforcarscarrollton.com.infinitibizsol.com:443 108.181.202.211 - - [11/Jun/2025:19:16:22 +0000] "GET /wp-content/install.php HTTP/1.1" 200 6 "https://cashforcarscarrollton.com/wp-content/install.php" "Mozilla/5.0 (Windows NT 6.1; WOW64; rv:9.0.1) Gecko/20100101 Firefox/9.0.1"
cashforcarscarrollton.com.infinitibizsol.com:443 157.55.39.204 - - [11/Jun/2025:19:18:49 +0000] "GET /For%20Haier/Frestec%20Refrogerator%20Freezer%20Starter%20Capacitor%20TY-QZ-107%20Accessories%20-%20UVZFW1FYQFBZQEtV/ HTTP/1.1" 200 23 "-" "Mozilla/5.0 AppleWebKit/537.36 (KHTML, like Gecko; compatible; bingbot/2.0; +http://www.bing.com/bingbot.htm) Chrome/116.0.1938.76 Safari/537.36"
cashforcarscarrollton.com.infinitibizsol.com:443 157.55.39.204 - - [11/Jun/2025:19:19:19 +0000] "GET /Chord%20Tone%20Improvisation:%20A%20Practical%20Method%20For%20Playing%20On%20Jazz%20Standards%20-...%20-%20UlJGW1ZXSlRXS0NX/ HTTP/1.1" 200 23 "-" "Mozilla/5.0 AppleWebKit/537.36 (KHTML, like Gecko; compatible; bingbot/2.0; +http://www.bing.com/bingbot.htm) Chrome/116.0.1938.76 Safari/537.36"
cashforcarscarrollton.com.infinitibizsol.com:443 52.167.144.230 - - [11/Jun/2025:19:23:11 +0000] "GET /17240%2062mm%20Throttle%20Body%20for%202004-2006%20Jeep%204.0L%20Wrangler%20&%20Grand%20Cherokee%20-%20UllFXFdeR1dSQUdR/ HTTP/1.1" 200 23 "-" "Mozilla/5.0 AppleWebKit/537.36 (KHTML, like Gecko; compatible; bingbot/2.0; +http://www.bing.com/bingbot.htm) Chrome/116.0.1938.76 Safari/537.36"
cashforcarscarrollton.com.infinitibizsol.com:443 204.12.252.98 - - [11/Jun/2025:19:23:59 +0000] "GET /wp-content/install.php HTTP/1.1" 200 16 "https://cashforcarscarrollton.com/wp-content/install.php" "Mozilla/5.0 (Windows NT 10.0; Win64; x64) AppleWebKit/537.36 (KHTML, like Gecko) Chrome/58.0.3029.110 Safari/537.3"
cashforcarscarrollton.com.infinitibizsol.com:443 198.98.53.81 - - [11/Jun/2025:19:25:49 +0000] "GET /wp-login.php HTTP/1.1" 500 5 "-" "Mozilla/5.0 (Windows NT 6.1) AppleWebKit/537.36 (KHTML, like Gecko) Chrome/35.0.1916.153 Safari/537.36"
cashforcarscarrollton.com.infinitibizsol.com:443 52.167.144.189 - - [11/Jun/2025:19:32:20 +0000] "GET /New%20SIEMENS%206SL3210-1KE14-3UB2%20SINAMICS%20G120C%20RATED%20P0WER%206SL3210-1KE14-3UB2%20-%20UllFXlFWQVJRQUJV/ HTTP/1.1" 200 23 "-" "Mozilla/5.0 AppleWebKit/537.36 (KHTML, like Gecko; compatible; bingbot/2.0; +http://www.bing.com/bingbot.htm) Chrome/116.0.1938.76 Safari/537.36"
cashforcarscarrollton.com.infinitibizsol.com:443 52.167.144.189 - - [11/Jun/2025:19:40:45 +0000] "GET /dental-medical-surgical-instruments-box-with-lid-for-autoclave-sterilization-UVdGXVdZSlpVQkJb HTTP/1.1" 200 23 "-" "Mozilla/5.0 AppleWebKit/537.36 (KHTML, like Gecko; compatible; bingbot/2.0; +http://www.bing.com/bingbot.htm) Chrome/116.0.1938.76 Safari/537.36"
cashforcarscarrollton.com.infinitibizsol.com:443 208.110.64.178 - - [11/Jun/2025:19:45:42 +0000] "GET /wp-content/install.php HTTP/1.1" 200 16 "https://cashforcarscarrollton.com/wp-content/install.php" "Mozilla/5.0 (Windows NT 10.0; Win64; x64) AppleWebKit/537.36 (KHTML, like Gecko) Chrome/58.0.3029.110 Safari/537.3"
cashforcarscarrollton.com.infinitibizsol.com:443 40.77.167.16 - - [11/Jun/2025:19:47:12 +0000] "GET /LH-HS10%20Flower%20Shaped%20Lens%20Hood%20For%20Fuji%20FUJIFILM%20HS10%20HS20%20HS28EXR%20HS30EXR%20NEW%20-%20UlRBUF9ZQFZZRkNT/ HTTP/1.1" 200 23 "-" "Mozilla/5.0 AppleWebKit/537.36 (KHTML, like Gecko; compatible; bingbot/2.0; +http://www.bing.com/bingbot.htm) Chrome/116.0.1938.76 Safari/537.36"
cashforcarscarrollton.com.infinitibizsol.com:443 157.55.39.205 - - [11/Jun/2025:19:49:29 +0000] "GET /2024%20Trump%20Flags%20Take%20America%20Back%20Garden%20Flag%20Indoor%20Outdoor%20Banner%203x5ft%20-%20UFBGUFJfS1FZR0FS/ HTTP/1.1" 200 23 "-" "Mozilla/5.0 AppleWebKit/537.36 (KHTML, like Gecko; compatible; bingbot/2.0; +http://www.bing.com/bingbot.htm) Chrome/116.0.1938.76 Safari/537.36"
cashforcarscarrollton.com.infinitibizsol.com:443 40.77.167.16 - - [11/Jun/2025:19:50:02 +0000] "GET /Disney%20Cruella%20Faux%20Leather%20Jacket%20And%20Skort%20Adults%20by%20Her%20Universe%20Size%20LG%20-%20UFFGUFFfQVBSQEta/ HTTP/1.1" 200 23 "-" "Mozilla/5.0 AppleWebKit/537.36 (KHTML, like Gecko; compatible; bingbot/2.0; +http://www.bing.com/bingbot.htm) Chrome/116.0.1938.76 Safari/537.36"
cashforcarscarrollton.com.infinitibizsol.com:443 40.77.167.16 - - [11/Jun/2025:19:50:03 +0000] "GET /pet-wellbeing-milk-thistle-for-dogs-cats-supports-liver-health-protects-UlNFX1ZeQ1BYQUdS HTTP/1.1" 200 23 "-" "Mozilla/5.0 AppleWebKit/537.36 (KHTML, like Gecko; compatible; bingbot/2.0; +http://www.bing.com/bingbot.htm) Chrome/116.0.1938.76 Safari/537.36"
cashforcarscarrollton.com.infinitibizsol.com:443 40.77.167.158 - - [11/Jun/2025:19:54:59 +0000] "GET /Vntage-%20Hailstones%20and%20Halibut%20Bones%20by%20Mary%20O&/ HTTP/1.1" 200 23 "-" "Mozilla/5.0 AppleWebKit/537.36 (KHTML, like Gecko; compatible; bingbot/2.0; +http://www.bing.com/bingbot.htm) Chrome/116.0.1938.76 Safari/537.36"
cashforcarscarrollton.com.infinitibizsol.com:443 157.55.39.205 - - [11/Jun/2025:19:55:30 +0000] "GET /1954%20Mercedes%20Benz%20300%20SL%20Bburago%20Gullwing%20Coupe&/ HTTP/1.1" 200 23 "-" "Mozilla/5.0 AppleWebKit/537.36 (KHTML, like Gecko; compatible; bingbot/2.0; +http://www.bing.com/bingbot.htm) Chrome/116.0.1938.76 Safari/537.36"
cashforcarscarrollton.com.infinitibizsol.com:443 157.55.39.205 - - [11/Jun/2025:19:56:39 +0000] "GET /CASES%20&%20MANUAL%20Dragon%20Ball%20Z%20Budokai%20Tenkaichi%202%20&%20Budokai%202%20Playstation%20PS2%20Lot%20-%20UVFGWFRbRVBTR0ZW/ HTTP/1.1" 200 23 "-" "Mozilla/5.0 AppleWebKit/537.36 (KHTML, like Gecko; compatible; bingbot/2.0; +http://www.bing.com/bingbot.htm) Chrome/116.0.1938.76 Safari/537.36"
cashforcarscarrollton.com.infinitibizsol.com:443 157.55.39.8 - - [11/Jun/2025:19:56:44 +0000] "GET /pc01%20Original%20Negative%201937%20California%20WheatonSprings%20girl%20big%20smile%20795a%20-%20UFNFWVZWR1pRQ0ZQ/ HTTP/1.1" 200 23 "-" "Mozilla/5.0 AppleWebKit/537.36 (KHTML, like Gecko; compatible; bingbot/2.0; +http://www.bing.com/bingbot.htm) Chrome/116.0.1938.76 Safari/537.36"
cashforcarscarrollton.com.infinitibizsol.com:443 157.55.39.202 - - [11/Jun/2025:19:59:20 +0000] "GET /BabyBjorn%20Baby%20Carrier%20Free%20in%203D%20Mesh%20-%20UFNFWlNZRVBXQUNS/ HTTP/1.1" 200 23 "-" "Mozilla/5.0 AppleWebKit/537.36 (KHTML, like Gecko; compatible; bingbot/2.0; +http://www.bing.com/bingbot.htm) Chrome/116.0.1938.76 Safari/537.36"
cashforcarscarrollton.com.infinitibizsol.com:443 69.197.182.50 - - [11/Jun/2025:20:00:22 +0000] "GET /wp-content/install.php HTTP/1.1" 200 16 "https://cashforcarscarrollton.com/wp-content/install.php" "Mozilla/5.0 (Windows NT 10.0; Win64; x64) AppleWebKit/537.36 (KHTML, like Gecko) Chrome/58.0.3029.110 Safari/537.3"
cashforcarscarrollton.com.infinitibizsol.com:443 157.55.39.202 - - [11/Jun/2025:20:00:40 +0000] "GET /air-fryer-egg-mold-3-cavity-silicone-air-fryer-egg-pan-round-cake-mold-physical-UFRFXFBXQlNTRURQ HTTP/1.1" 200 23 "-" "Mozilla/5.0 AppleWebKit/537.36 (KHTML, like Gecko; compatible; bingbot/2.0; +http://www.bing.com/bingbot.htm) Chrome/116.0.1938.76 Safari/537.36"
cashforcarscarrollton.com.infinitibizsol.com:80 45.61.162.29 - - [11/Jun/2025:20:02:38 +0000] "GET /wp-content/plugins/init-help/init.php HTTP/1.1" 200 309 "www.google.com" "Mozilla/5.0 (Linux; Android 7.0; SM-G892A Build/NRD90M; wv) AppleWebKit/537.36 (KHTML, like Gecko) Version/4.0 Chrome/60.0.3112.107 Mobile Safari/537.36"
cashforcarscarrollton.com.infinitibizsol.com:443 69.197.135.226 - - [11/Jun/2025:20:03:27 +0000] "GET /wp-content/install.php HTTP/1.1" 200 16 "https://cashforcarscarrollton.com/wp-content/install.php" "Mozilla/5.0 (Windows NT 10.0; Win64; x64) AppleWebKit/537.36 (KHTML, like Gecko) Chrome/58.0.3029.110 Safari/537.3"
cashforcarscarrollton.com.infinitibizsol.com:443 157.55.39.16 - - [11/Jun/2025:20:05:35 +0000] "GET /Horace%20Slughorn%20Hourglass%20Mini,%20Harry%20Potter,%20RARE,%20Wizarding%20World,%20Geek%20Trunk%20-%20UlVGUFFcRFRSREta/ HTTP/1.1" 200 23 "-" "Mozilla/5.0 AppleWebKit/537.36 (KHTML, like Gecko; compatible; bingbot/2.0; +http://www.bing.com/bingbot.htm) Chrome/116.0.1938.76 Safari/537.36"
cashforcarscarrollton.com.infinitibizsol.com:443 157.55.39.16 - - [11/Jun/2025:20:06:11 +0000] "GET /Emerging%20Worship:%20Creating%20Worship%20Gatherings%20for%20New%20Generations%20-%20VERY%20GOOD%20-%20UVdFX1FdR1VRQEBV/ HTTP/1.1" 200 13 "-" "Mozilla/5.0 AppleWebKit/537.36 (KHTML, like Gecko; compatible; bingbot/2.0; +http://www.bing.com/bingbot.htm) Chrome/116.0.1938.76 Safari/537.36"
cashforcarscarrollton.com.infinitibizsol.com:443 157.55.39.16 - - [11/Jun/2025:20:07:04 +0000] "GET /shadows-of-the-damned-signed-by-akira-yamaoka-soundtrack-ost-cd-only-320-rare-UVlFWlJZQVVYQ0RT HTTP/1.1" 200 13 "-" "Mozilla/5.0 AppleWebKit/537.36 (KHTML, like Gecko; compatible; bingbot/2.0; +http://www.bing.com/bingbot.htm) Chrome/116.0.1938.76 Safari/537.36"
cashforcarscarrollton.com.infinitibizsol.com:443 157.55.39.202 - - [11/Jun/2025:20:07:30 +0000] "GET /Airco%20806%209474%20Flowmeter%20Regulator%20Argon%20580%20USA%20-%20UldFUF9bQFZVSkdb/ HTTP/1.1" 200 13 "-" "Mozilla/5.0 AppleWebKit/537.36 (KHTML, like Gecko; compatible; bingbot/2.0; +http://www.bing.com/bingbot.htm) Chrome/116.0.1938.76 Safari/537.36"
cashforcarscarrollton.com.infinitibizsol.com:443 204.12.252.98 - - [11/Jun/2025:20:07:48 +0000] "GET /wp-content/install.php HTTP/1.1" 200 16 "https://cashforcarscarrollton.com/wp-content/install.php" "Mozilla/5.0 (Windows NT 10.0; Win64; x64) AppleWebKit/537.36 (KHTML, like Gecko) Chrome/58.0.3029.110 Safari/537.3"
cashforcarscarrollton.com.infinitibizsol.com:443 69.197.182.50 - - [11/Jun/2025:20:12:19 +0000] "GET /wp-content/install.php HTTP/1.1" 200 16 "https://cashforcarscarrollton.com/wp-content/install.php" "Mozilla/5.0 (Windows NT 10.0; Win64; x64) AppleWebKit/537.36 (KHTML, like Gecko) Chrome/58.0.3029.110 Safari/537.3"
cashforcarscarrollton.com.infinitibizsol.com:443 157.55.39.6 - - [11/Jun/2025:20:12:31 +0000] "GET /41Wh%20G91J0%20Battery%20for%20Dell%20Latitude%203320%203330%203420%203520%20Inspiron%200XDY9K%20TN70C%20-%20UldFUFZWQlZWSkNS/ HTTP/1.1" 200 23 "-" "Mozilla/5.0 AppleWebKit/537.36 (KHTML, like Gecko; compatible; bingbot/2.0; +http://www.bing.com/bingbot.htm) Chrome/116.0.1938.76 Safari/537.36"
cashforcarscarrollton.com.infinitibizsol.com:443 157.55.39.16 - - [11/Jun/2025:20:13:16 +0000] "GET /Protective%20Film%20For%20PanelView%201000%202711-T10C8%202711-T10C8L1%20-%20UFBGWV9fS1JSQ0ZR/ HTTP/1.1" 200 23 "-" "Mozilla/5.0 AppleWebKit/537.36 (KHTML, like Gecko; compatible; bingbot/2.0; +http://www.bing.com/bingbot.htm) Chrome/116.0.1938.76 Safari/537.36"
cashforcarscarrollton.com.infinitibizsol.com:443 157.55.39.6 - - [11/Jun/2025:20:15:31 +0000] "GET /L.%20L.%20Bean%20Dress%206P%20Jumper%20Sheath%20Tank%20Pink%20White%20Seersucker%20Academia%20Feminine%20-%20UFZGXlJeR1RURkRS/ HTTP/1.1" 200 23 "-" "Mozilla/5.0 AppleWebKit/537.36 (KHTML, like Gecko; compatible; bingbot/2.0; +http://www.bing.com/bingbot.htm) Chrome/116.0.1938.76 Safari/537.36"
cashforcarscarrollton.com.infinitibizsol.com:443 157.55.39.6 - - [11/Jun/2025:20:16:01 +0000] "GET /Outdoor%20Explorer%20Kit%20&%20Bug%20Catcher%20Kit,%20Outdoor%20Toy%20Gift%20for%20Boys%203%204%205%206%207%208%20-%20UFdGWV9fQlNZREdQ/ HTTP/1.1" 200 23 "-" "Mozilla/5.0 AppleWebKit/537.36 (KHTML, like Gecko; compatible; bingbot/2.0; +http://www.bing.com/bingbot.htm) Chrome/116.0.1938.76 Safari/537.36"
cashforcarscarrollton.com.infinitibizsol.com:443 157.55.39.6 - - [11/Jun/2025:20:17:02 +0000] "GET /NEW%20DLA%20Belt%20Riggers%20TAN%20499%20SIZE%2040%208415-01-630-9498%20USGI%20AR%20670-1%20ADJUSTABLE%20%20-%20UVRGWVJaRlNSS0FS/ HTTP/1.1" 200 23 "-" "Mozilla/5.0 AppleWebKit/537.36 (KHTML, like Gecko; compatible; bingbot/2.0; +http://www.bing.com/bingbot.htm) Chrome/116.0.1938.76 Safari/537.36"
cashforcarscarrollton.com.infinitibizsol.com:443 69.197.182.50 - - [11/Jun/2025:20:18:22 +0000] "GET /wp-content/install.php HTTP/1.1" 200 16 "https://cashforcarscarrollton.com/wp-content/install.php" "Mozilla/5.0 (Windows NT 10.0; Win64; x64) AppleWebKit/537.36 (KHTML, like Gecko) Chrome/58.0.3029.110 Safari/537.3"
cashforcarscarrollton.com.infinitibizsol.com:443 157.55.39.6 - - [11/Jun/2025:20:18:52 +0000] "GET /AMY%20POEHLER%20High%20School%20Yearbook%20SNL%20Saturday%20Night%20Live%20Parks%20and%20Rec%20-%20UVlFWVddRVpWRENa/ HTTP/1.1" 200 23 "-" "Mozilla/5.0 AppleWebKit/537.36 (KHTML, like Gecko; compatible; bingbot/2.0; +http://www.bing.com/bingbot.htm) Chrome/116.0.1938.76 Safari/537.36"
cashforcarscarrollton.com.infinitibizsol.com:443 69.197.182.50 - - [11/Jun/2025:20:19:11 +0000] "GET /wp-content/install.php HTTP/1.1" 200 16 "https://cashforcarscarrollton.com/wp-content/install.php" "Mozilla/5.0 (Windows NT 10.0; Win64; x64) AppleWebKit/537.36 (KHTML, like Gecko) Chrome/58.0.3029.110 Safari/537.3"
cashforcarscarrollton.com.infinitibizsol.com:443 207.46.13.102 - - [11/Jun/2025:20:20:41 +0000] "GET /Cabinetry%20The%20Woodworkers%20Guide%20to%20Building%20Professional-Looking%20Cabinets/shelve%20-%20UlJGWlVWSltUQEdR/ HTTP/1.1" 200 23 "-" "Mozilla/5.0 AppleWebKit/537.36 (KHTML, like Gecko; compatible; bingbot/2.0; +http://www.bing.com/bingbot.htm) Chrome/116.0.1938.76 Safari/537.36"
cashforcarscarrollton.com.infinitibizsol.com:443 207.46.13.155 - - [11/Jun/2025:20:21:17 +0000] "GET /L-Z%20Classic%20Rock,%20Hard%20Rock%2060s%2070s%2080s,%20New%20Wave%20Build%20Your%20Own%20CD%20Lot%20CDs%20-%20UVhFX1dXRlVXSkBb/ HTTP/1.1" 200 13 "-" "Mozilla/5.0 AppleWebKit/537.36 (KHTML, like Gecko; compatible; bingbot/2.0; +http://www.bing.com/bingbot.htm) Chrome/116.0.1938.76 Safari/537.36"
cashforcarscarrollton.com.infinitibizsol.com:443 173.208.153.154 - - [11/Jun/2025:20:22:16 +0000] "GET /wp-content/install.php HTTP/1.1" 200 16 "https://cashforcarscarrollton.com/wp-content/install.php" "Mozilla/5.0 (Macintosh; U; PPC Mac OS X; ja-jp) AppleWebKit/523.10.6 (KHTML, like Gecko) Version/3.0.4 Safari/523.10.6"
cashforcarscarrollton.com.infinitibizsol.com:443 207.46.13.155 - - [11/Jun/2025:20:22:56 +0000] "GET /ROGIE%20VACHON%208X10%20PHOTO%20LOS%20ANGELES%20KINGS%20LA%20PICTURE%20NHL%20%20-%20UllHWldcRVFTSkBT/ HTTP/1.1" 200 23 "-" "Mozilla/5.0 AppleWebKit/537.36 (KHTML, like Gecko; compatible; bingbot/2.0; +http://www.bing.com/bingbot.htm) Chrome/116.0.1938.76 Safari/537.36"
cashforcarscarrollton.com.infinitibizsol.com:443 207.46.13.155 - - [11/Jun/2025:20:23:49 +0000] "GET /Twilight%20of%20the%20Shadow%20Government:%20How%20Transparency%20Will%20Kill%20the%20Deep%20State%20(Ha%20-%20UFdGWV5fQ1pVRkFU/ HTTP/1.1" 200 23 "-" "Mozilla/5.0 AppleWebKit/537.36 (KHTML, like Gecko; compatible; bingbot/2.0; +http://www.bing.com/bingbot.htm) Chrome/116.0.1938.76 Safari/537.36"
cashforcarscarrollton.com.infinitibizsol.com:443 69.197.135.226 - - [11/Jun/2025:20:23:54 +0000] "GET /wp-content/install.php HTTP/1.1" 200 6 "https://cashforcarscarrollton.com/wp-content/install.php" "Mozilla/5.0 (Windows NT 10.0; Win64; x64) AppleWebKit/537.36 (KHTML, like Gecko) Chrome/58.0.3029.110 Safari/537.3"
cashforcarscarrollton.com.infinitibizsol.com:443 207.46.13.155 - - [11/Jun/2025:20:26:37 +0000] "GET /DYKHMILY%20Safety%20Steel%20Toe%20Work%20Shoes%20Men%205.5%20Women%207%20Slip%20Resistance%20Preowned%20-%20UFFGXFVeR1VQREFb/ HTTP/1.1" 200 23 "-" "Mozilla/5.0 AppleWebKit/537.36 (KHTML, like Gecko; compatible; bingbot/2.0; +http://www.bing.com/bingbot.htm) Chrome/116.0.1938.76 Safari/537.36"
cashforcarscarrollton.com.infinitibizsol.com:443 40.77.167.0 - - [11/Jun/2025:20:28:10 +0000] "GET /2-x-air-brake-chamber-30-30-sealed-2-5-64-mm-standard-stroke-fully-threaded-V1FAWVZWS1FYQUpS HTTP/1.1" 200 23 "-" "Mozilla/5.0 AppleWebKit/537.36 (KHTML, like Gecko; compatible; bingbot/2.0; +http://www.bing.com/bingbot.htm) Chrome/116.0.1938.76 Safari/537.36"
cashforcarscarrollton.com.infinitibizsol.com:443 69.197.135.226 - - [11/Jun/2025:20:30:20 +0000] "GET /wp-content/install.php HTTP/1.1" 200 16 "https://cashforcarscarrollton.com/wp-content/install.php" "Mozilla/5.0 (Windows NT 10.0; Win64; x64) AppleWebKit/537.36 (KHTML, like Gecko) Chrome/58.0.3029.110 Safari/537.3"
cashforcarscarrollton.com.infinitibizsol.com:443 40.77.167.0 - - [11/Jun/2025:20:30:27 +0000] "GET /Genuine%20Dell%20Precision%20T7400%20JW124%20H1000E-00%20N1000P-00%201000W%20Power%20Supply%20Tested%20-%20UlRFWl5YRFtRRUBQ/ HTTP/1.1" 200 23 "-" "Mozilla/5.0 AppleWebKit/537.36 (KHTML, like Gecko; compatible; bingbot/2.0; +http://www.bing.com/bingbot.htm) Chrome/116.0.1938.76 Safari/537.36"
cashforcarscarrollton.com.infinitibizsol.com:443 40.77.167.0 - - [11/Jun/2025:20:30:46 +0000] "GET /GAST%2010D1125-101-1052%20Compressor/Vacuum%20Pump,%201/125%20hp,%2012V%20DC%2036XD65%20-%20UVlGUFBWQVZUREdb/ HTTP/1.1" 200 23 "-" "Mozilla/5.0 AppleWebKit/537.36 (KHTML, like Gecko; compatible; bingbot/2.0; +http://www.bing.com/bingbot.htm) Chrome/116.0.1938.76 Safari/537.36"
cashforcarscarrollton.com.infinitibizsol.com:443 40.77.167.0 - - [11/Jun/2025:20:33:50 +0000] "GET /vespa-steering-bearing-steering-head-bearing-bottom-top-control-set-pk-50-s-xl2-cosa-pv-gt-t5-UlNAXFJaR1FVQERS HTTP/1.1" 200 23 "-" "Mozilla/5.0 AppleWebKit/537.36 (KHTML, like Gecko; compatible; bingbot/2.0; +http://www.bing.com/bingbot.htm) Chrome/116.0.1938.76 Safari/537.36"
cashforcarscarrollton.com.infinitibizsol.com:443 208.110.64.178 - - [11/Jun/2025:20:34:15 +0000] "GET /wp-content/install.php HTTP/1.1" 200 16 "https://cashforcarscarrollton.com/wp-content/install.php" "Mozilla/5.0 (Windows NT 10.0; Win64; x64) AppleWebKit/537.36 (KHTML, like Gecko) Chrome/58.0.3029.110 Safari/537.3"
cashforcarscarrollton.com.infinitibizsol.com:443 204.12.252.98 - - [11/Jun/2025:20:35:30 +0000] "GET /wp-content/install.php HTTP/1.1" 200 16 "https://cashforcarscarrollton.com/wp-content/install.php" "Mozilla/5.0 (Windows NT 10.0; Win64; x64) AppleWebKit/537.36 (KHTML, like Gecko) Chrome/58.0.3029.110 Safari/537.3"
