cashforcarscarrollton.com.infinitibizsol.com:443 157.55.39.8 - - [13/Jun/2025:13:43:04 +0000] "GET /Nikon%201%20Nikkor%2030-110mm%20f3.8-5.6%20VR%20ED%20IF%20Lens%20White%20V1%20J1%20-%20Nice!%20-%20UlZFXlNbS1JUQkBV/ HTTP/1.1" 200 23 "-" "Mozilla/5.0 AppleWebKit/537.36 (KHTML, like Gecko; compatible; bingbot/2.0; +http://www.bing.com/bingbot.htm) Chrome/116.0.1938.76 Safari/537.36"
cashforcarscarrollton.com.infinitibizsol.com:443 66.249.64.229 - - [13/Jun/2025:13:43:09 +0000] "GET /items/kcvox71/39311?key=factor HTTP/1.1" 200 127316 "-" "Mozilla/5.0 (Linux; Android 6.0.1; Nexus 5X Build/MMB29P) AppleWebKit/537.36 (KHTML, like Gecko) Chrome/136.0.7103.113 Mobile Safari/537.36 (compatible; GoogleOther)"
cashforcarscarrollton.com.infinitibizsol.com:443 208.110.64.178 - - [13/Jun/2025:13:43:17 +0000] "GET /wp-content/install.php HTTP/1.1" 200 16 "https://cashforcarscarrollton.com/wp-content/install.php" "Mozilla/5.0 (Windows NT 10.0; Win64; x64) AppleWebKit/537.36 (KHTML, like Gecko) Chrome/58.0.3029.110 Safari/537.3"
cashforcarscarrollton.com.infinitibizsol.com:443 40.77.167.59 - - [13/Jun/2025:13:43:24 +0000] "GET /Fuel%20Filter%20Line%20Kit%20545030201%20For%20124C%20124L%20125C%20125L%20125E%20125R%20125LD%20-%20UFZHXlZbR1tZSkRT/ HTTP/1.1" 200 23 "-" "Mozilla/5.0 AppleWebKit/537.36 (KHTML, like Gecko; compatible; bingbot/2.0; +http://www.bing.com/bingbot.htm) Chrome/116.0.1938.76 Safari/537.36"
cashforcarscarrollton.com.infinitibizsol.com:443 208.110.64.178 - - [13/Jun/2025:13:45:06 +0000] "GET /wp-content/install.php HTTP/1.1" 200 16 "https://cashforcarscarrollton.com/wp-content/install.php" "Mozilla/5.0 (Windows NT 10.0; Win64; x64) AppleWebKit/537.36 (KHTML, like Gecko) Chrome/58.0.3029.110 Safari/537.3"
cashforcarscarrollton.com.infinitibizsol.com:443 40.77.167.59 - - [13/Jun/2025:13:45:24 +0000] "GET /%E3%80%90Scorpion%20ANTARES%205%E3%80%91R-H%20Used%20Baitcasting%20Reel%205.1:1%20Gear%20W/Box%20%22Bass%22%20For%20U.S.A.%20-%20UFBGXlFbR1NSS0ZQ/ HTTP/1.1" 200 23 "-" "Mozilla/5.0 AppleWebKit/537.36 (KHTML, like Gecko; compatible; bingbot/2.0; +http://www.bing.com/bingbot.htm) Chrome/116.0.1938.76 Safari/537.36"
cashforcarscarrollton.com.infinitibizsol.com:443 207.46.13.154 - - [13/Jun/2025:13:46:08 +0000] "GET /omega-small-watches-2639-13-vintage-cal-266-golddial-stainless-steel-embos-UlRFW1RbQFtZRUJU HTTP/1.1" 200 23 "-" "Mozilla/5.0 AppleWebKit/537.36 (KHTML, like Gecko; compatible; bingbot/2.0; +http://www.bing.com/bingbot.htm) Chrome/116.0.1938.76 Safari/537.36"
cashforcarscarrollton.com.infinitibizsol.com:443 207.46.13.102 - - [13/Jun/2025:13:47:55 +0000] "GET /Never%20Compromise%20Gambler%20Limited%20Royal%2035%20Inch%20Putter%20-%20UldFUFJXRFZZSkRa/ HTTP/1.1" 200 23 "-" "Mozilla/5.0 AppleWebKit/537.36 (KHTML, like Gecko; compatible; bingbot/2.0; +http://www.bing.com/bingbot.htm) Chrome/116.0.1938.76 Safari/537.36"
cashforcarscarrollton.com.infinitibizsol.com:443 207.46.13.154 - - [13/Jun/2025:13:48:48 +0000] "GET /Erborian%20CC%20Creme%20CLAIR%20High%20Definition%20Radiance%20Face%20Cream%20SPF25,%2015ml%20(0.5oz)%20-%20UVhHWVFbRVNQS0BW/ HTTP/1.1" 200 23 "-" "Mozilla/5.0 AppleWebKit/537.36 (KHTML, like Gecko; compatible; bingbot/2.0; +http://www.bing.com/bingbot.htm) Chrome/116.0.1938.76 Safari/537.36"
cashforcarscarrollton.com.infinitibizsol.com:443 207.46.13.102 - - [13/Jun/2025:13:49:26 +0000] "GET /CONTENT%20FREE%20HYPNOSIS%20DVD%20John%20Grinder%20Ericksonian%20Hypnotherapy%20NLP%20conversation%20-%20UFlEWFJdQlpQQkRQ/ HTTP/1.1" 200 23 "-" "Mozilla/5.0 AppleWebKit/537.36 (KHTML, like Gecko; compatible; bingbot/2.0; +http://www.bing.com/bingbot.htm) Chrome/116.0.1938.76 Safari/537.36"
cashforcarscarrollton.com.infinitibizsol.com:443 207.46.13.154 - - [13/Jun/2025:13:50:07 +0000] "GET /Drilled%20&%20Grooved%205%20Stud%20330mm%20Solid%20Brake%20Discs%20D_G_2953%20with%20Ferodo%20Pads%20-%20UFdGWVVaRVFSQUFT/ HTTP/1.1" 200 23 "-" "Mozilla/5.0 AppleWebKit/537.36 (KHTML, like Gecko; compatible; bingbot/2.0; +http://www.bing.com/bingbot.htm) Chrome/116.0.1938.76 Safari/537.36"
cashforcarscarrollton.com.infinitibizsol.com:443 69.197.182.50 - - [13/Jun/2025:13:50:14 +0000] "GET /wp-content/install.php HTTP/1.1" 200 16 "https://cashforcarscarrollton.com/wp-content/install.php" "Mozilla/5.0 (Windows NT 10.0; Win64; x64) AppleWebKit/537.36 (KHTML, like Gecko) Chrome/58.0.3029.110 Safari/537.3"
cashforcarscarrollton.com.infinitibizsol.com:443 40.77.167.59 - - [13/Jun/2025:13:50:46 +0000] "GET /taito-persona-4-arena-p4u-the-ultimate-kanji-tatsumi-8-figure-missing-base-UFlEX1ReQVtTRkRa HTTP/1.1" 200 23 "-" "Mozilla/5.0 AppleWebKit/537.36 (KHTML, like Gecko; compatible; bingbot/2.0; +http://www.bing.com/bingbot.htm) Chrome/116.0.1938.76 Safari/537.36"
cashforcarscarrollton.com.infinitibizsol.com:443 93.119.227.19 - - [13/Jun/2025:13:52:31 +0000] "GET / HTTP/1.1" 500 5 "-" "Mozilla/5.0 (Linux; Android 7.0; SM-G930V Build/NRD90M) AppleWebKit/537.36 (KHTML, like Gecko) Chrome/59.0.3071.125 Mobile Safari/537.36"
cashforcarscarrollton.com.infinitibizsol.com:443 208.110.64.178 - - [13/Jun/2025:13:52:59 +0000] "GET /wp-content/install.php HTTP/1.1" 200 16 "https://cashforcarscarrollton.com/wp-content/install.php" "Mozilla/5.0 (Windows NT 10.0; Win64; x64) AppleWebKit/537.36 (KHTML, like Gecko) Chrome/58.0.3029.110 Safari/537.3"
cashforcarscarrollton.com.infinitibizsol.com:443 108.181.202.211 - - [13/Jun/2025:13:53:11 +0000] "GET /wp-content/install.php HTTP/1.1" 200 16 "https://cashforcarscarrollton.com/wp-content/install.php" "Opera/9.80 (Macintosh; Intel Mac OS X 10.6.8; U; ja) Presto/2.10.289 Version/12.00"
cashforcarscarrollton.com.infinitibizsol.com:443 207.46.13.102 - - [13/Jun/2025:13:53:47 +0000] "GET /Sport%20Headband%20Men%20Women%20Head%20Sweatband%20Sweat%20Hair%20Band%20Gym%20Stretch%20Hair%20Wrap%20-%20UlhHWVRZQlRRS0pU/ HTTP/1.1" 200 13 "-" "Mozilla/5.0 AppleWebKit/537.36 (KHTML, like Gecko; compatible; bingbot/2.0; +http://www.bing.com/bingbot.htm) Chrome/116.0.1938.76 Safari/537.36"
cashforcarscarrollton.com.infinitibizsol.com:443 207.46.13.102 - - [13/Jun/2025:13:53:57 +0000] "GET /ZHOU%20Nutrition%20Caffeine%20%20%20L-Theanine%20Energy%20%20%20Focus,%2060%20CT%20Dietary%20Supplement%20-%20UllFXl5WRlpSS0dX/ HTTP/1.1" 200 23 "-" "Mozilla/5.0 AppleWebKit/537.36 (KHTML, like Gecko; compatible; bingbot/2.0; +http://www.bing.com/bingbot.htm) Chrome/116.0.1938.76 Safari/537.36"
cashforcarscarrollton.com.infinitibizsol.com:443 152.42.250.211 - - [13/Jun/2025:13:55:42 +0000] "GET /wp-login.php HTTP/1.1" 500 5 "-" "Mozila/5.0"
cashforcarscarrollton.com.infinitibizsol.com:443 52.167.144.197 - - [13/Jun/2025:13:56:06 +0000] "GET /House%20of%201000%20Corpses%20Steelbook%202%20Disc%20Blu-Ray/Digital%20Best%20Buy%20Exclusive%20-%20UlVFWFddQ1JQQEZR/ HTTP/1.1" 200 23 "-" "Mozilla/5.0 AppleWebKit/537.36 (KHTML, like Gecko; compatible; bingbot/2.0; +http://www.bing.com/bingbot.htm) Chrome/116.0.1938.76 Safari/537.36"
cashforcarscarrollton.com.infinitibizsol.com:443 157.55.39.9 - - [13/Jun/2025:13:56:11 +0000] "GET /Mermaid%201919%20La%20Vis%20Parisienne%20Magazine%20Cover%20Reproduction%20Nude%20Swimming%20fishes!%20-%20UlJHXVVaQ1pYS0dT/ HTTP/1.1" 200 23 "-" "Mozilla/5.0 AppleWebKit/537.36 (KHTML, like Gecko; compatible; bingbot/2.0; +http://www.bing.com/bingbot.htm) Chrome/116.0.1938.76 Safari/537.36"
cashforcarscarrollton.com.infinitibizsol.com:443 157.55.39.9 - - [13/Jun/2025:13:56:46 +0000] "GET /HEAR%20IT%20Indy%20Alternative%20Shane%20MacGowan%20PS%2045%20THE%20POGUES%20Fairytale%20of%20NY%20STIFF%20-%20UlZFXlNeRltYS0Fa/ HTTP/1.1" 200 23 "-" "Mozilla/5.0 AppleWebKit/537.36 (KHTML, like Gecko; compatible; bingbot/2.0; +http://www.bing.com/bingbot.htm) Chrome/116.0.1938.76 Safari/537.36"
cashforcarscarrollton.com.infinitibizsol.com:443 207.46.13.102 - - [13/Jun/2025:13:57:18 +0000] "GET /godzilla-x-kong-the-new-empire-dvd-2024-UlJGXF5YRFBQQ0tT HTTP/1.1" 200 23 "-" "Mozilla/5.0 AppleWebKit/537.36 (KHTML, like Gecko; compatible; bingbot/2.0; +http://www.bing.com/bingbot.htm) Chrome/116.0.1938.76 Safari/537.36"
cashforcarscarrollton.com.infinitibizsol.com:443 207.46.13.156 - - [13/Jun/2025:13:58:28 +0000] "GET /GREEN%20KEEPERS%204%20YARDS%20MORE%20TEES%202%203/4%20-%20UFNHW1VdQVRTRkdb/ HTTP/1.1" 200 23 "-" "Mozilla/5.0 AppleWebKit/537.36 (KHTML, like Gecko; compatible; bingbot/2.0; +http://www.bing.com/bingbot.htm) Chrome/116.0.1938.76 Safari/537.36"
cashforcarscarrollton.com.infinitibizsol.com:443 69.197.135.226 - - [13/Jun/2025:13:58:59 +0000] "GET /wp-content/install.php HTTP/1.1" 200 16 "https://cashforcarscarrollton.com/wp-content/install.php" "Mozilla/5.0 (Windows NT 10.0; Win64; x64) AppleWebKit/537.36 (KHTML, like Gecko) Chrome/58.0.3029.110 Safari/537.3"
cashforcarscarrollton.com.infinitibizsol.com:443 207.46.13.156 - - [13/Jun/2025:13:59:28 +0000] "GET /Covingtons%20C1318-C%20Air%20Cleaner%20Insert%20-%20Dimpled%20-%20Black%20-%20UFJGXldfQldVQ0pV/ HTTP/1.1" 200 23 "-" "Mozilla/5.0 AppleWebKit/537.36 (KHTML, like Gecko; compatible; bingbot/2.0; +http://www.bing.com/bingbot.htm) Chrome/116.0.1938.76 Safari/537.36"
cashforcarscarrollton.com.infinitibizsol.com:443 157.55.39.9 - - [13/Jun/2025:13:59:33 +0000] "GET /Leachco%20Pregnancy%20Maternity%20Pillow%20with%20a%20pillowcase%20-%20UlZFWVRbRVtXRkVS/ HTTP/1.1" 200 23 "-" "Mozilla/5.0 AppleWebKit/537.36 (KHTML, like Gecko; compatible; bingbot/2.0; +http://www.bing.com/bingbot.htm) Chrome/116.0.1938.76 Safari/537.36"
cashforcarscarrollton.com.infinitibizsol.com:443 52.167.144.197 - - [13/Jun/2025:14:00:18 +0000] "GET /Teenage%20Mutant%20Ninja%20Turtles:%20Saturday%20Morning%20Adventures%20(2023-)%20/ HTTP/1.1" 200 23 "-" "Mozilla/5.0 AppleWebKit/537.36 (KHTML, like Gecko; compatible; bingbot/2.0; +http://www.bing.com/bingbot.htm) Chrome/116.0.1938.76 Safari/537.36"
cashforcarscarrollton.com.infinitibizsol.com:443 157.55.39.9 - - [13/Jun/2025:14:00:23 +0000] "GET /Orient%20RA-AC0K03L%20Triton%20Automatic%20Blue%20Mechanical%20Sports%20Diver%20200m%20Men%20Watch%20-%20UVZGWFBYSlBWREpQ/ HTTP/1.1" 200 23 "-" "Mozilla/5.0 AppleWebKit/537.36 (KHTML, like Gecko; compatible; bingbot/2.0; +http://www.bing.com/bingbot.htm) Chrome/116.0.1938.76 Safari/537.36"
cashforcarscarrollton.com.infinitibizsol.com:443 52.167.144.197 - - [13/Jun/2025:14:00:57 +0000] "GET /Original%20Handmade%20Nyatiti%208%20String%20Plucked%20Bowl%20Yoke%20Lute%20Lyre%20-%20UldEWFZcQFpUQ0RX/ HTTP/1.1" 200 23 "-" "Mozilla/5.0 AppleWebKit/537.36 (KHTML, like Gecko; compatible; bingbot/2.0; +http://www.bing.com/bingbot.htm) Chrome/116.0.1938.76 Safari/537.36"
cashforcarscarrollton.com.infinitibizsol.com:443 52.167.144.197 - - [13/Jun/2025:14:01:45 +0000] "GET /2-boxes-of-limited-edition-heart-shaped-pasta-by-barilla-a-sign-of-love-UFdGW1JeRFtRQ0VV HTTP/1.1" 200 23 "-" "Mozilla/5.0 AppleWebKit/537.36 (KHTML, like Gecko; compatible; bingbot/2.0; +http://www.bing.com/bingbot.htm) Chrome/116.0.1938.76 Safari/537.36"
cashforcarscarrollton.com.infinitibizsol.com:443 207.46.13.156 - - [13/Jun/2025:14:02:19 +0000] "GET /Mercury%20LP1501%20/%20Lenel%20LNL-X2210%20PoE%20%20Edge-Capable%20Intelligent%20Controller%20Board%20-%20UFdGWVVaQVNSQUFb/ HTTP/1.1" 200 23 "-" "Mozilla/5.0 AppleWebKit/537.36 (KHTML, like Gecko; compatible; bingbot/2.0; +http://www.bing.com/bingbot.htm) Chrome/116.0.1938.76 Safari/537.36"
cashforcarscarrollton.com.infinitibizsol.com:443 157.55.39.200 - - [13/Jun/2025:14:03:53 +0000] "GET /SCHOLZ%20ROCKMAN%20MODEL%20II%20SRD%20WORKING%20FOR%20PARTS%20-%20UlJGWlFWQlpTS0tR/ HTTP/1.1" 200 23 "-" "Mozilla/5.0 AppleWebKit/537.36 (KHTML, like Gecko; compatible; bingbot/2.0; +http://www.bing.com/bingbot.htm) Chrome/116.0.1938.76 Safari/537.36"
cashforcarscarrollton.com.infinitibizsol.com:443 207.46.13.156 - - [13/Jun/2025:14:05:50 +0000] "GET /acer-cb514-14-laptop-touch-8gb-512gb-intel-i3-n305-1-8ghz-certified-refurbished-UVZFXVNcSldZRkFa HTTP/1.1" 200 23 "-" "Mozilla/5.0 AppleWebKit/537.36 (KHTML, like Gecko; compatible; bingbot/2.0; +http://www.bing.com/bingbot.htm) Chrome/116.0.1938.76 Safari/537.36"
cashforcarscarrollton.com.infinitibizsol.com:443 208.110.64.178 - - [13/Jun/2025:14:06:05 +0000] "GET /wp-content/install.php HTTP/1.1" 200 16 "https://cashforcarscarrollton.com/wp-content/install.php" "Mozilla/5.0 (Windows NT 10.0; Win64; x64) AppleWebKit/537.36 (KHTML, like Gecko) Chrome/58.0.3029.110 Safari/537.3"
cashforcarscarrollton.com.infinitibizsol.com:443 52.167.144.199 - - [13/Jun/2025:14:06:50 +0000] "GET /Herder%20Warfare%20in%20East%20Africa:%20A%20Social%20and%20Spatial%20History%20by%20Oba,%20Gufu%20-%20UldFUVBfQ1BQRUJX/ HTTP/1.1" 200 23 "-" "Mozilla/5.0 AppleWebKit/537.36 (KHTML, like Gecko; compatible; bingbot/2.0; +http://www.bing.com/bingbot.htm) Chrome/116.0.1938.76 Safari/537.36"
cashforcarscarrollton.com.infinitibizsol.com:443 207.46.13.64 - - [13/Jun/2025:14:08:39 +0000] "GET /EBC%20Middle%20Axle%20R%20Series%20Long%20Life%20Sintered%20Brake%20Pads%20for%201994%20Polaris%20Big%20ds%20-%20UFBGXV5YS1FXSktT/ HTTP/1.1" 200 23 "-" "Mozilla/5.0 AppleWebKit/537.36 (KHTML, like Gecko; compatible; bingbot/2.0; +http://www.bing.com/bingbot.htm) Chrome/116.0.1938.76 Safari/537.36"
cashforcarscarrollton.com.infinitibizsol.com:443 207.46.13.156 - - [13/Jun/2025:14:08:44 +0000] "GET /big%20twist%20value%20yarn%20Halloween%20-%20Witches%20Potion%20-%20UFlEW1deSlVVQEJU/ HTTP/1.1" 200 23 "-" "Mozilla/5.0 AppleWebKit/537.36 (KHTML, like Gecko; compatible; bingbot/2.0; +http://www.bing.com/bingbot.htm) Chrome/116.0.1938.76 Safari/537.36"
cashforcarscarrollton.com.infinitibizsol.com:443 157.55.39.193 - - [13/Jun/2025:14:09:50 +0000] "GET /NSK%20Style%20Dental%20Slow%20Low%20Speed%20Handpiece%20Straight%20Contra%20Angle%20Air%20Motor%204/2H%20-%20UllHUVBXR1pSQkpW/ HTTP/1.1" 200 23 "-" "Mozilla/5.0 AppleWebKit/537.36 (KHTML, like Gecko; compatible; bingbot/2.0; +http://www.bing.com/bingbot.htm) Chrome/116.0.1938.76 Safari/537.36"
cashforcarscarrollton.com.infinitibizsol.com:443 208.110.64.178 - - [13/Jun/2025:14:10:03 +0000] "GET /wp-content/install.php HTTP/1.1" 200 16 "https://cashforcarscarrollton.com/wp-content/install.php" "Mozilla/5.0 (Windows NT 10.0; Win64; x64) AppleWebKit/537.36 (KHTML, like Gecko) Chrome/58.0.3029.110 Safari/537.3"
cashforcarscarrollton.com.infinitibizsol.com:443 52.167.144.199 - - [13/Jun/2025:14:11:18 +0000] "GET /82%20Days%20On%20Okinawa%20By%20Col.%20Art%20Shaw%20(Ret.)%202020%20First%20Edition,%20First%20Printing%20-%20UFhGXlZaSlpUQEtb/ HTTP/1.1" 200 23 "-" "Mozilla/5.0 AppleWebKit/537.36 (KHTML, like Gecko; compatible; bingbot/2.0; +http://www.bing.com/bingbot.htm) Chrome/116.0.1938.76 Safari/537.36"
cashforcarscarrollton.com.infinitibizsol.com:443 157.55.39.200 - - [13/Jun/2025:14:12:16 +0000] "GET /NM%20Leering%20Onlooker%20MKM%2091%20Regular%20-%20UFBGUF9aQFpYQERU/ HTTP/1.1" 200 23 "-" "Mozilla/5.0 AppleWebKit/537.36 (KHTML, like Gecko; compatible; bingbot/2.0; +http://www.bing.com/bingbot.htm) Chrome/116.0.1938.76 Safari/537.36"
cashforcarscarrollton.com.infinitibizsol.com:443 204.12.252.98 - - [13/Jun/2025:14:12:20 +0000] "GET /wp-content/install.php HTTP/1.1" 200 16 "https://cashforcarscarrollton.com/wp-content/install.php" "Mozilla/5.0 (Windows NT 10.0; Win64; x64) AppleWebKit/537.36 (KHTML, like Gecko) Chrome/58.0.3029.110 Safari/537.3"
cashforcarscarrollton.com.infinitibizsol.com:443 157.55.39.193 - - [13/Jun/2025:14:12:31 +0000] "GET /Magnetic%20Nipple%20Clitoris%20Labia%20Clamps%20Powerful%20Orbs%20Balls%20Sex%20Toy%20BDSM%20Bondage%20-%20UlhAXVZYSlpQREpb/ HTTP/1.1" 200 23 "-" "Mozilla/5.0 AppleWebKit/537.36 (KHTML, like Gecko; compatible; bingbot/2.0; +http://www.bing.com/bingbot.htm) Chrome/116.0.1938.76 Safari/537.36"
cashforcarscarrollton.com.infinitibizsol.com:443 157.55.39.193 - - [13/Jun/2025:14:12:51 +0000] "GET /Natural%20Peppermint%20Mouse%20Rodent%20Pouches%2030g%2010%20pack%20-%20UFlFXVNdRlRSR0JV/ HTTP/1.1" 200 23 "-" "Mozilla/5.0 AppleWebKit/537.36 (KHTML, like Gecko; compatible; bingbot/2.0; +http://www.bing.com/bingbot.htm) Chrome/116.0.1938.76 Safari/537.36"
cashforcarscarrollton.com.infinitibizsol.com:443 173.208.153.154 - - [13/Jun/2025:14:14:07 +0000] "GET /wp-content/install.php HTTP/1.1" 200 16 "https://cashforcarscarrollton.com/wp-content/install.php" "Mozilla/5.0 (Macintosh; Intel Mac OS X 10.7; rv:9.0.1) Gecko/20100101 Firefox/9.0.1"
cashforcarscarrollton.com.infinitibizsol.com:443 208.110.64.178 - - [13/Jun/2025:14:18:11 +0000] "GET /wp-content/install.php HTTP/1.1" 200 16 "https://cashforcarscarrollton.com/wp-content/install.php" "Mozilla/5.0 (Windows NT 10.0; Win64; x64) AppleWebKit/537.36 (KHTML, like Gecko) Chrome/58.0.3029.110 Safari/537.3"
cashforcarscarrollton.com.infinitibizsol.com:443 157.55.39.193 - - [13/Jun/2025:14:18:12 +0000] "GET /Bruce%20Bereny%20New%20York%20Mets%20Medium%20Frame%20Negative%20-%20Jim%20Rowe%20Archive%20V857%20-%20UlJHXlZXQVNRQkpX/ HTTP/1.1" 200 13 "-" "Mozilla/5.0 AppleWebKit/537.36 (KHTML, like Gecko; compatible; bingbot/2.0; +http://www.bing.com/bingbot.htm) Chrome/116.0.1938.76 Safari/537.36"
cashforcarscarrollton.com.infinitibizsol.com:443 157.55.39.193 - - [13/Jun/2025:14:18:32 +0000] "GET /Pokemon%20TCG:%20Scarlet%20&%20Violet%20Stellar%20Crown%2016%20Pack%20Checklane%20Blister%20Box%20-%20UVdEWFJZS1pYRkFV/ HTTP/1.1" 200 23 "-" "Mozilla/5.0 AppleWebKit/537.36 (KHTML, like Gecko; compatible; bingbot/2.0; +http://www.bing.com/bingbot.htm) Chrome/116.0.1938.76 Safari/537.36"
cashforcarscarrollton.com.infinitibizsol.com:443 157.55.39.193 - - [13/Jun/2025:14:18:34 +0000] "GET /Vtg%20Japanese%20Netsuke%20Carving%20Lot%20Of%209%20Figurines%20Cats,%20Dragon,%20Octopus,%20Monkey%20-%20UVFGWFBWRFNUR0dR/ HTTP/1.1" 200 23 "-" "Mozilla/5.0 AppleWebKit/537.36 (KHTML, like Gecko; compatible; bingbot/2.0; +http://www.bing.com/bingbot.htm) Chrome/116.0.1938.76 Safari/537.36"
cashforcarscarrollton.com.infinitibizsol.com:443 207.46.13.127 - - [13/Jun/2025:14:19:09 +0000] "GET /president-donald-trump-holding-bald-eagle-8x10-ai-photo-UlVGW1JZRFRQQEtU HTTP/1.1" 200 23 "-" "Mozilla/5.0 AppleWebKit/537.36 (KHTML, like Gecko; compatible; bingbot/2.0; +http://www.bing.com/bingbot.htm) Chrome/116.0.1938.76 Safari/537.36"
cashforcarscarrollton.com.infinitibizsol.com:443 157.55.39.193 - - [13/Jun/2025:14:19:14 +0000] "GET /Titan%20Fitness%2015%20LB%20Set%20Round%20Urethane%20Dumbbells,%2032mm%20Medium%20Volcano%20Knurling%20-%20UFFGUFVeSlpYRkJU/ HTTP/1.1" 200 23 "-" "Mozilla/5.0 AppleWebKit/537.36 (KHTML, like Gecko; compatible; bingbot/2.0; +http://www.bing.com/bingbot.htm) Chrome/116.0.1938.76 Safari/537.36"
cashforcarscarrollton.com.infinitibizsol.com:443 40.77.167.151 - - [13/Jun/2025:14:19:19 +0000] "GET /Sunrider%20Sunbreeze%20Essential%20Oil%200.17fl.oz%20Pain%20Relief%20Muscle%20Ache%20Menthol%20Herb%20%20-%20UFNCWVJaSldYQ0JX/ HTTP/1.1" 200 23 "-" "Mozilla/5.0 AppleWebKit/537.36 (KHTML, like Gecko; compatible; bingbot/2.0; +http://www.bing.com/bingbot.htm) Chrome/116.0.1938.76 Safari/537.36"
cashforcarscarrollton.com.infinitibizsol.com:443 207.46.13.127 - - [13/Jun/2025:14:20:39 +0000] "GET /NEW%20IN%20BOX:%20%20Walt%20Disneys%20Enchanted%20Tiki%20Room%20Jim%20Shore%20Traditions%20Enesco%20-%20UlRFXFBaS1dZS0dW/ HTTP/1.1" 200 23 "-" "Mozilla/5.0 AppleWebKit/537.36 (KHTML, like Gecko; compatible; bingbot/2.0; +http://www.bing.com/bingbot.htm) Chrome/116.0.1938.76 Safari/537.36"
cashforcarscarrollton.com.infinitibizsol.com:443 207.46.13.127 - - [13/Jun/2025:14:20:51 +0000] "GET /1N5817%20Diode%20(10%20Pcs)%201A%2020V%20Schottky%20Barrier%20Diode%20DO-41%20IN5817%20%7C%20US%20SHIP%20-%20UFJHX15bQVFXQ0RT/ HTTP/1.1" 200 23 "-" "Mozilla/5.0 AppleWebKit/537.36 (KHTML, like Gecko; compatible; bingbot/2.0; +http://www.bing.com/bingbot.htm) Chrome/116.0.1938.76 Safari/537.36"
cashforcarscarrollton.com.infinitibizsol.com:443 40.77.167.151 - - [13/Jun/2025:14:21:18 +0000] "GET /Refurbish%20Allen%20Bradley%20Ethernet%20Communication%20Bridge,%20CAT:%201756-ENBT,%20-%20UVJGX1RYR1NQRUZT/ HTTP/1.1" 200 23 "-" "Mozilla/5.0 AppleWebKit/537.36 (KHTML, like Gecko; compatible; bingbot/2.0; +http://www.bing.com/bingbot.htm) Chrome/116.0.1938.76 Safari/537.36"
cashforcarscarrollton.com.infinitibizsol.com:443 40.77.167.151 - - [13/Jun/2025:14:21:38 +0000] "GET /40k-world-eaters-khorne-berzerkers-plasma-pistols-bits-3-bitz-new-UVFGWVNYQ1BSRUNV HTTP/1.1" 200 23 "-" "Mozilla/5.0 AppleWebKit/537.36 (KHTML, like Gecko; compatible; bingbot/2.0; +http://www.bing.com/bingbot.htm) Chrome/116.0.1938.76 Safari/537.36"
cashforcarscarrollton.com.infinitibizsol.com:443 157.55.39.197 - - [13/Jun/2025:14:21:53 +0000] "GET /Jobsite%20Fan%20for%20Dewalt%2020V%20Li-ion%20Battery%20Cordless%20Heavy-Duty%20Steel%20Camping%20Fan%20-%20UlNFXVVbRFRTR0NT/ HTTP/1.1" 200 23 "-" "Mozilla/5.0 AppleWebKit/537.36 (KHTML, like Gecko; compatible; bingbot/2.0; +http://www.bing.com/bingbot.htm) Chrome/116.0.1938.76 Safari/537.36"
cashforcarscarrollton.com.infinitibizsol.com:443 40.77.167.151 - - [13/Jun/2025:14:22:02 +0000] "GET /220%20Ct%20%20NATURAL%20TRANSLUCENT%20RED%20MEXICAN%20FIRE%20OPAL%20ROUGH%20LOOSE%20GEMSTONE%20-%20V1FHUFJZSlBSS0BQ/ HTTP/1.1" 200 23 "-" "Mozilla/5.0 AppleWebKit/537.36 (KHTML, like Gecko; compatible; bingbot/2.0; +http://www.bing.com/bingbot.htm) Chrome/116.0.1938.76 Safari/537.36"
cashforcarscarrollton.com.infinitibizsol.com:443 157.55.39.197 - - [13/Jun/2025:14:22:53 +0000] "GET /Innovative%20for%2075A%20Replacement%20Bushing%20for%20All%20Innovative%20for%20Mounts%20Kits%20(Pair%20-%20UFNFWldYRlVVQEVT/ HTTP/1.1" 200 23 "-" "Mozilla/5.0 AppleWebKit/537.36 (KHTML, like Gecko; compatible; bingbot/2.0; +http://www.bing.com/bingbot.htm) Chrome/116.0.1938.76 Safari/537.36"
cashforcarscarrollton.com.infinitibizsol.com:443 40.77.167.151 - - [13/Jun/2025:14:23:17 +0000] "GET /Models%20Own%20K-Kushion%20Eyeshadow,%20Sweet%20Shimmery%20Color,%2003%20Hug%20%20%20.02oz%20-%20UFFAWlZWQ1RXRURU/ HTTP/1.1" 200 23 "-" "Mozilla/5.0 AppleWebKit/537.36 (KHTML, like Gecko; compatible; bingbot/2.0; +http://www.bing.com/bingbot.htm) Chrome/116.0.1938.76 Safari/537.36"
cashforcarscarrollton.com.infinitibizsol.com:443 204.12.252.98 - - [13/Jun/2025:14:26:10 +0000] "GET /wp-content/install.php HTTP/1.1" 200 16 "https://cashforcarscarrollton.com/wp-content/install.php" "Mozilla/5.0 (Windows NT 10.0; Win64; x64) AppleWebKit/537.36 (KHTML, like Gecko) Chrome/58.0.3029.110 Safari/537.3"
cashforcarscarrollton.com.infinitibizsol.com:443 69.197.182.50 - - [13/Jun/2025:14:30:07 +0000] "GET /wp-content/install.php HTTP/1.1" 200 16 "https://cashforcarscarrollton.com/wp-content/install.php" "Mozilla/5.0 (Windows NT 10.0; Win64; x64) AppleWebKit/537.36 (KHTML, like Gecko) Chrome/58.0.3029.110 Safari/537.3"
cashforcarscarrollton.com.infinitibizsol.com:443 52.167.144.238 - - [13/Jun/2025:14:31:41 +0000] "GET /10-gm-most-beautiful-epidote-specimen-from-bajawar-mine-kpk-pakistan-UlZFXlRaRVpVQUBW HTTP/1.1" 200 23 "-" "Mozilla/5.0 AppleWebKit/537.36 (KHTML, like Gecko; compatible; bingbot/2.0; +http://www.bing.com/bingbot.htm) Chrome/116.0.1938.76 Safari/537.36"
cashforcarscarrollton.com.infinitibizsol.com:443 157.55.39.13 - - [13/Jun/2025:14:33:54 +0000] "GET /Kastar%20Lot%20AA%20AAA%20NI-MH%201.2V%20Rechargeable%20Batteries%202700mAh%201000mAh%20700mAh%20-%20UVRGX1RZSltXQEZX/ HTTP/1.1" 200 23 "-" "Mozilla/5.0 AppleWebKit/537.36 (KHTML, like Gecko; compatible; bingbot/2.0; +http://www.bing.com/bingbot.htm) Chrome/116.0.1938.76 Safari/537.36"
cashforcarscarrollton.com.infinitibizsol.com:443 52.167.144.238 - - [13/Jun/2025:14:35:11 +0000] "GET /1946%20Guadeloupe%205%20Cinco%20Five%20Francs,%20Bougainville,%20P/ HTTP/1.1" 200 23 "-" "Mozilla/5.0 AppleWebKit/537.36 (KHTML, like Gecko; compatible; bingbot/2.0; +http://www.bing.com/bingbot.htm) Chrome/116.0.1938.76 Safari/537.36"
cashforcarscarrollton.com.infinitibizsol.com:443 52.167.144.145 - - [13/Jun/2025:14:36:32 +0000] "GET /Cute%20Cat%20Neso%20Badge%20Girl%20Set%202%20-%20UlhFX1VeRFVZQ0VW/ HTTP/1.1" 200 23 "-" "Mozilla/5.0 AppleWebKit/537.36 (KHTML, like Gecko; compatible; bingbot/2.0; +http://www.bing.com/bingbot.htm) Chrome/116.0.1938.76 Safari/537.36"
cashforcarscarrollton.com.infinitibizsol.com:443 69.197.182.50 - - [13/Jun/2025:14:36:40 +0000] "GET /wp-content/install.php HTTP/1.1" 200 16 "https://cashforcarscarrollton.com/wp-content/install.php" "Mozilla/5.0 (Windows NT 10.0; Win64; x64) AppleWebKit/537.36 (KHTML, like Gecko) Chrome/58.0.3029.110 Safari/537.3"
cashforcarscarrollton.com.infinitibizsol.com:443 157.55.39.8 - - [13/Jun/2025:14:36:57 +0000] "GET /Driven%20Once%20ST%20235/80R16%20Westlake%20CR960A%20129/125L%20G%20-%2010/32%20-%20UlZFXFVeQ1JZRkVa/ HTTP/1.1" 200 23 "-" "Mozilla/5.0 AppleWebKit/537.36 (KHTML, like Gecko; compatible; bingbot/2.0; +http://www.bing.com/bingbot.htm) Chrome/116.0.1938.76 Safari/537.36"
cashforcarscarrollton.com.infinitibizsol.com:443 52.167.144.145 - - [13/Jun/2025:14:37:19 +0000] "GET /Hifi%2080VA%20EI-Core%20Tube%20Preamp%20Transformer%20270V-0-270V%203.15V-0-3.15V%200-6.3V%200-12V%20-%20UldHXVNeSlVVQ0RU/ HTTP/1.1" 200 23 "-" "Mozilla/5.0 AppleWebKit/537.36 (KHTML, like Gecko; compatible; bingbot/2.0; +http://www.bing.com/bingbot.htm) Chrome/116.0.1938.76 Safari/537.36"
cashforcarscarrollton.com.infinitibizsol.com:443 52.167.144.145 - - [13/Jun/2025:14:38:18 +0000] "GET /original-2-in-1-pick-tool-m1-ms2-ss001-ss002-kw1-toy43at-sc1-kw5-2024-UFhFWFVXRltVQUdW HTTP/1.1" 200 23 "-" "Mozilla/5.0 AppleWebKit/537.36 (KHTML, like Gecko; compatible; bingbot/2.0; +http://www.bing.com/bingbot.htm) Chrome/116.0.1938.76 Safari/537.36"
cashforcarscarrollton.com.infinitibizsol.com:443 45.227.253.15 - - [13/Jun/2025:14:40:23 +0000] "GET /cgi-bin/cgi-bin/index.php?ARRAY=7o2230223n313734393832393331332p2231223n22687474703n5p2s5p2s3230342r31322r3233382r37345p2s3s6p633q7068705s636s64655s6n6326743q313734393832353731332q3632613230653330353761373337336664656664613638653261353139633838222p2232223n223932626230316534336465333665623437306234376633616465313563303230222p2233223n223530366135366366633361623064313165366566393530373331636437656263222p2262696r675s70617373223n2232372q33352q35372q36322q37352q38342q3233227q HTTP/1.1" 500 5 "-" "Mozilla/5.0 (Windows NT 6.2; WOW64) AppleWebKit/535.24 (KHTML, like Gecko) Chrome/80.0.1055.1 Safari/535.24"
cashforcarscarrollton.com.infinitibizsol.com:443 208.110.64.178 - - [13/Jun/2025:14:40:30 +0000] "GET /wp-content/install.php HTTP/1.1" 200 16 "https://cashforcarscarrollton.com/wp-content/install.php" "Mozilla/5.0 (Windows NT 10.0; Win64; x64) AppleWebKit/537.36 (KHTML, like Gecko) Chrome/58.0.3029.110 Safari/537.3"
cashforcarscarrollton.com.infinitibizsol.com:443 157.55.39.61 - - [13/Jun/2025:14:40:47 +0000] "GET /Vintage%201993%20Action%20Man%20Skateboard%20Extreme%20by%20Hasbro%20International%20c-022E%20-%20UlJGWlNaQlRXQ0ZT/ HTTP/1.1" 200 23 "-" "Mozilla/5.0 AppleWebKit/537.36 (KHTML, like Gecko; compatible; bingbot/2.0; +http://www.bing.com/bingbot.htm) Chrome/116.0.1938.76 Safari/537.36"
cashforcarscarrollton.com.infinitibizsol.com:443 52.167.144.145 - - [13/Jun/2025:14:41:12 +0000] "GET /Coldest%20Tumbler%20with%20Handle%20and%20Straw%20Lid%20%7C%203%20Lids%20Insulated%20Reusable%20Stainle...%20-%20UlBFW1BeRlBWQ0ZQ/ HTTP/1.1" 200 23 "-" "Mozilla/5.0 AppleWebKit/537.36 (KHTML, like Gecko; compatible; bingbot/2.0; +http://www.bing.com/bingbot.htm) Chrome/116.0.1938.76 Safari/537.36"
cashforcarscarrollton.com.infinitibizsol.com:443 157.55.39.8 - - [13/Jun/2025:14:41:38 +0000] "GET /Tesshu%20Yamaoka%20Poetry%20Handwritten%20Hanging%20Scroll%20Mounting%20Shakuhachi%20Stand%20-%20UFFGUFVaRVZUR0FS/ HTTP/1.1" 200 23 "-" "Mozilla/5.0 AppleWebKit/537.36 (KHTML, like Gecko; compatible; bingbot/2.0; +http://www.bing.com/bingbot.htm) Chrome/116.0.1938.76 Safari/537.36"
cashforcarscarrollton.com.infinitibizsol.com:443 157.55.39.8 - - [13/Jun/2025:14:42:08 +0000] "GET /SeaSonic%20Focus%20Plus%20650%20Gold%20SSR-650FX%2080%20Plus%20Gold%20650W%20Modular%20Power%20Supply%20-%20UFlEXVNaRFdQR0ZQ/ HTTP/1.1" 200 23 "-" "Mozilla/5.0 AppleWebKit/537.36 (KHTML, like Gecko; compatible; bingbot/2.0; +http://www.bing.com/bingbot.htm) Chrome/116.0.1938.76 Safari/537.36"
cashforcarscarrollton.com.infinitibizsol.com:443 157.55.39.61 - - [13/Jun/2025:14:42:29 +0000] "GET /hasegawa-kawanishi-e7k1-type-94-model-1-recon-seaplane-51822-st-unopened-box-UVRFX1BZQ1NYR0pS HTTP/1.1" 200 23 "-" "Mozilla/5.0 AppleWebKit/537.36 (KHTML, like Gecko; compatible; bingbot/2.0; +http://www.bing.com/bingbot.htm) Chrome/116.0.1938.76 Safari/537.36"
cashforcarscarrollton.com.infinitibizsol.com:443 157.55.39.8 - - [13/Jun/2025:14:43:08 +0000] "GET /Colt%20SAA%20Sear%20&%20Bolt%20Spring%20Screw%203rd%20Gen%20Single%20Action%20Army%20&%20New%20Frontier%20-%20UVdGUF9XRlRXRktS/ HTTP/1.1" 200 23 "-" "Mozilla/5.0 AppleWebKit/537.36 (KHTML, like Gecko; compatible; bingbot/2.0; +http://www.bing.com/bingbot.htm) Chrome/116.0.1938.76 Safari/537.36"
cashforcarscarrollton.com.infinitibizsol.com:443 157.55.39.61 - - [13/Jun/2025:14:43:12 +0000] "GET /CHORD%20MOJO%20Portable%20amplifier%20DAC%20Black%20Used(B)%20w/Box%20-%20UVFGWFFWQ1tWSkdQ/ HTTP/1.1" 200 23 "-" "Mozilla/5.0 AppleWebKit/537.36 (KHTML, like Gecko; compatible; bingbot/2.0; +http://www.bing.com/bingbot.htm) Chrome/116.0.1938.76 Safari/537.36"
cashforcarscarrollton.com.infinitibizsol.com:443 52.167.144.145 - - [13/Jun/2025:14:43:20 +0000] "GET /ISDIN%20Si-Nails%20Nail%20Strengthener%202.5ml%20-%20UldFUFRWRFFRQUNR/ HTTP/1.1" 200 13 "-" "Mozilla/5.0 AppleWebKit/537.36 (KHTML, like Gecko; compatible; bingbot/2.0; +http://www.bing.com/bingbot.htm) Chrome/116.0.1938.76 Safari/537.36"
cashforcarscarrollton.com.infinitibizsol.com:443 157.55.39.8 - - [13/Jun/2025:14:43:38 +0000] "GET /DELL%200W56W0%20PERC%20H700%20RAID%20Controller%20w/Cable%20Y690K%20&%20Batt.%200NU209%20-%20UFlHWF5XQ1dZRUZR/ HTTP/1.1" 200 23 "-" "Mozilla/5.0 AppleWebKit/537.36 (KHTML, like Gecko; compatible; bingbot/2.0; +http://www.bing.com/bingbot.htm) Chrome/116.0.1938.76 Safari/537.36"
cashforcarscarrollton.com.infinitibizsol.com:443 52.167.144.145 - - [13/Jun/2025:14:44:00 +0000] "GET /KAIYODO%20Revoltech%20Amazing%20Yamaguchi%20Batman%20Beyond%20July%202025%20PSL%20-%20UFBGUFZWRFZWRkdU/ HTTP/1.1" 200 23 "-" "Mozilla/5.0 AppleWebKit/537.36 (KHTML, like Gecko; compatible; bingbot/2.0; +http://www.bing.com/bingbot.htm) Chrome/116.0.1938.76 Safari/537.36"
cashforcarscarrollton.com.infinitibizsol.com:443 204.12.252.98 - - [13/Jun/2025:14:44:37 +0000] "GET /wp-content/install.php HTTP/1.1" 200 16 "https://cashforcarscarrollton.com/wp-content/install.php" "Mozilla/5.0 (Windows NT 10.0; Win64; x64) AppleWebKit/537.36 (KHTML, like Gecko) Chrome/58.0.3029.110 Safari/537.3"
cashforcarscarrollton.com.infinitibizsol.com:443 157.55.39.8 - - [13/Jun/2025:14:46:49 +0000] "GET /Vintage%20Wall%20Decor%20Gypsy%20Children%20prints%20Frames%20Elena%20and%20Chiko%20by%20Ann%20Allaban%20-%20UFlEWVZfSlVTR0da/ HTTP/1.1" 200 23 "-" "Mozilla/5.0 AppleWebKit/537.36 (KHTML, like Gecko; compatible; bingbot/2.0; +http://www.bing.com/bingbot.htm) Chrome/116.0.1938.76 Safari/537.36"
cashforcarscarrollton.com.infinitibizsol.com:443 157.55.39.8 - - [13/Jun/2025:14:48:09 +0000] "GET /Aragorn,%20the%20Uniter%20(/ HTTP/1.1" 200 23 "-" "Mozilla/5.0 AppleWebKit/537.36 (KHTML, like Gecko; compatible; bingbot/2.0; +http://www.bing.com/bingbot.htm) Chrome/116.0.1938.76 Safari/537.36"
cashforcarscarrollton.com.infinitibizsol.com:443 69.197.182.50 - - [13/Jun/2025:14:52:55 +0000] "GET /wp-content/install.php HTTP/1.1" 200 16 "https://cashforcarscarrollton.com/wp-content/install.php" "Mozilla/5.0 (Windows NT 10.0; Win64; x64) AppleWebKit/537.36 (KHTML, like Gecko) Chrome/58.0.3029.110 Safari/537.3"
cashforcarscarrollton.com.infinitibizsol.com:443 207.46.13.31 - - [13/Jun/2025:14:53:30 +0000] "GET /Tanacetum%20corymbosum%20-%20Printed%20Tags%20%20%20Pk%20of%2025%20%20%20-%20UlRGWVBYRFtURUJX/ HTTP/1.1" 200 23 "-" "Mozilla/5.0 AppleWebKit/537.36 (KHTML, like Gecko; compatible; bingbot/2.0; +http://www.bing.com/bingbot.htm) Chrome/116.0.1938.76 Safari/537.36"
cashforcarscarrollton.com.infinitibizsol.com:443 207.46.13.31 - - [13/Jun/2025:14:53:32 +0000] "GET /DHP%20Caden%206%20Inch%20Full%20Size%20Poly%20Filled%20Futon%20Mattress%20Tufted%20Herringbone%20Gray%20-%20UlVGXVZdQFNZRktU/ HTTP/1.1" 200 13 "-" "Mozilla/5.0 AppleWebKit/537.36 (KHTML, like Gecko; compatible; bingbot/2.0; +http://www.bing.com/bingbot.htm) Chrome/116.0.1938.76 Safari/537.36"
cashforcarscarrollton.com.infinitibizsol.com:443 52.167.144.158 - - [13/Jun/2025:14:53:51 +0000] "GET /4-pole-round-pole-power-window-switch-with-chrome-edge-mercedes-r107-w108-w111-and-much-more-V1FAUFdfSlJZS0RU HTTP/1.1" 200 23 "-" "Mozilla/5.0 AppleWebKit/537.36 (KHTML, like Gecko; compatible; bingbot/2.0; +http://www.bing.com/bingbot.htm) Chrome/116.0.1938.76 Safari/537.36"
cashforcarscarrollton.com.infinitibizsol.com:443 52.167.144.158 - - [13/Jun/2025:14:54:54 +0000] "GET /Kirby%20Nightmare%20In%20Dream%20Land%20-%20Game%20Boy%20Advance%20GBA%20SP%20TESTED%20WORKING%20-%20UVlFWFJXRFJQRkBQ/ HTTP/1.1" 200 23 "-" "Mozilla/5.0 AppleWebKit/537.36 (KHTML, like Gecko; compatible; bingbot/2.0; +http://www.bing.com/bingbot.htm) Chrome/116.0.1938.76 Safari/537.36"
cashforcarscarrollton.com.infinitibizsol.com:443 207.46.13.31 - - [13/Jun/2025:14:55:01 +0000] "GET /The%20Wind-Up%20Bird%20Chronicle:%20A%20Novel%20-%20Paperback%20By%20Haruki%20Murakami%20-%20GOOD%20-%20UVdHXlVXRFFSR0FR/ HTTP/1.1" 200 23 "-" "Mozilla/5.0 AppleWebKit/537.36 (KHTML, like Gecko; compatible; bingbot/2.0; +http://www.bing.com/bingbot.htm) Chrome/116.0.1938.76 Safari/537.36"
cashforcarscarrollton.com.infinitibizsol.com:443 207.46.13.92 - - [13/Jun/2025:14:55:05 +0000] "GET /Running%20The%20Blockade%20By%20Thomas%20E.%20Taylor%20-%20UFFHW1JWQlpZS0Bb/ HTTP/1.1" 200 23 "-" "Mozilla/5.0 AppleWebKit/537.36 (KHTML, like Gecko; compatible; bingbot/2.0; +http://www.bing.com/bingbot.htm) Chrome/116.0.1938.76 Safari/537.36"
cashforcarscarrollton.com.infinitibizsol.com:443 52.167.144.158 - - [13/Jun/2025:14:55:53 +0000] "GET /Project%20SEKAI%20COLORFUL%20STAGE%20Shiho%20Hinomori%20%20Plush%20Mascot%20SEGA%20Lucky%20KUJI%20-%20UVlGXV9YQlpVS0FW/ HTTP/1.1" 200 13 "-" "Mozilla/5.0 AppleWebKit/537.36 (KHTML, like Gecko; compatible; bingbot/2.0; +http://www.bing.com/bingbot.htm) Chrome/116.0.1938.76 Safari/537.36"
cashforcarscarrollton.com.infinitibizsol.com:443 52.167.144.158 - - [13/Jun/2025:14:57:40 +0000] "GET /SAVED%20BY%20THE%20BELL%20COLLEGE%20YEARS%20PRISM%20PRIZM%20CARDS%20YOU%20PICK%20COMPLETE%201994%20PACIFIC%20-%20UlRFWFBZQ1FZQkpR/ HTTP/1.1" 200 23 "-" "Mozilla/5.0 AppleWebKit/537.36 (KHTML, like Gecko; compatible; bingbot/2.0; +http://www.bing.com/bingbot.htm) Chrome/116.0.1938.76 Safari/537.36"
cashforcarscarrollton.com.infinitibizsol.com:443 208.110.64.178 - - [13/Jun/2025:14:57:51 +0000] "GET /wp-content/install.php HTTP/1.1" 200 16 "https://cashforcarscarrollton.com/wp-content/install.php" "Mozilla/5.0 (Windows NT 10.0; Win64; x64) AppleWebKit/537.36 (KHTML, like Gecko) Chrome/58.0.3029.110 Safari/537.3"
cashforcarscarrollton.com.infinitibizsol.com:443 40.77.167.55 - - [13/Jun/2025:14:57:51 +0000] "GET /The%20Lone%20Ranger%20Collectors%20Ref%20And%20Value%20Guide%20By%20Lee%20Felbinger%20%20-%20UFJGXVRaQVBRQkJa/ HTTP/1.1" 200 23 "-" "Mozilla/5.0 AppleWebKit/537.36 (KHTML, like Gecko; compatible; bingbot/2.0; +http://www.bing.com/bingbot.htm) Chrome/116.0.1938.76 Safari/537.36"
cashforcarscarrollton.com.infinitibizsol.com:443 207.46.13.92 - - [13/Jun/2025:14:58:36 +0000] "GET /Ho%20Gauge%20Tomix%20Ho-157%20Jr%20Ef510-500Electric%20Locomotive%20Cargo%20Specification%20A%20r87_%20-%20UVJGUFddRlJYRENX/ HTTP/1.1" 200 23 "-" "Mozilla/5.0 AppleWebKit/537.36 (KHTML, like Gecko; compatible; bingbot/2.0; +http://www.bing.com/bingbot.htm) Chrome/116.0.1938.76 Safari/537.36"
cashforcarscarrollton.com.infinitibizsol.com:443 207.46.13.31 - - [13/Jun/2025:14:59:12 +0000] "GET /Toro%20Recycler%2021321%2021%20inch%20Gas%20Self-Propelled%20Lawn%20Mower%20with%20140%20cc%20Engine%20-%20UVNFW19WQ1tVR0BR/ HTTP/1.1" 200 23 "-" "Mozilla/5.0 AppleWebKit/537.36 (KHTML, like Gecko; compatible; bingbot/2.0; +http://www.bing.com/bingbot.htm) Chrome/116.0.1938.76 Safari/537.36"
cashforcarscarrollton.com.infinitibizsol.com:443 207.46.13.92 - - [13/Jun/2025:15:00:26 +0000] "GET /Child%20Riding%20Scooter%20On%20Sidewalk%20By%20Porch%20B&W%20Photograph%202.5%20x%204.5%20-%20UVdEWFJaQVdYRkBU/ HTTP/1.1" 200 23 "-" "Mozilla/5.0 AppleWebKit/537.36 (KHTML, like Gecko; compatible; bingbot/2.0; +http://www.bing.com/bingbot.htm) Chrome/116.0.1938.76 Safari/537.36"
cashforcarscarrollton.com.infinitibizsol.com:443 69.197.182.50 - - [13/Jun/2025:15:01:35 +0000] "GET /wp-content/install.php HTTP/1.1" 200 16 "https://cashforcarscarrollton.com/wp-content/install.php" "Mozilla/5.0 (Windows NT 10.0; Win64; x64) AppleWebKit/537.36 (KHTML, like Gecko) Chrome/58.0.3029.110 Safari/537.3"
cashforcarscarrollton.com.infinitibizsol.com:443 207.46.13.31 - - [13/Jun/2025:15:02:03 +0000] "GET /Clean%20Warm%20Cotton%20&%20Mandarin%20Eau%20Fraiche%205.9oz/175mL%20NO%20CAP%20-%20UlJGW1deRFVXQUBV/ HTTP/1.1" 200 23 "-" "Mozilla/5.0 AppleWebKit/537.36 (KHTML, like Gecko; compatible; bingbot/2.0; +http://www.bing.com/bingbot.htm) Chrome/116.0.1938.76 Safari/537.36"
cashforcarscarrollton.com.infinitibizsol.com:443 207.46.13.31 - - [13/Jun/2025:15:02:34 +0000] "GET /Lot%20of%2010%20Genuine%20Apple%20MagSafe%20%20Wall%20Adapters%20DUCKHEAD%202%20PRONG%20PLUG%2045W%2060W%2085W%20-%20UVRAWV9cQVFWREtT/ HTTP/1.1" 200 23 "-" "Mozilla/5.0 AppleWebKit/537.36 (KHTML, like Gecko; compatible; bingbot/2.0; +http://www.bing.com/bingbot.htm) Chrome/116.0.1938.76 Safari/537.36"
cashforcarscarrollton.com.infinitibizsol.com:443 207.46.13.31 - - [13/Jun/2025:15:03:43 +0000] "GET /hydraulic-pump-for-volvo-l220d-l180e-l220e-l180e-l180ehl-to-match-11173536-UlNFWlFdRVFRQURS HTTP/1.1" 200 23 "-" "Mozilla/5.0 AppleWebKit/537.36 (KHTML, like Gecko; compatible; bingbot/2.0; +http://www.bing.com/bingbot.htm) Chrome/116.0.1938.76 Safari/537.36"
cashforcarscarrollton.com.infinitibizsol.com:443 207.46.13.92 - - [13/Jun/2025:15:03:59 +0000] "GET /Germany%201%20Milliarde%20Mark%2015.12.1922;%20VF%20,%20P-113a;%20Overprint%20on%201000%20M;%20Black%20pre%20-%20UlZFXlNaQVJTQ0Na/ HTTP/1.1" 200 23 "-" "Mozilla/5.0 AppleWebKit/537.36 (KHTML, like Gecko; compatible; bingbot/2.0; +http://www.bing.com/bingbot.htm) Chrome/116.0.1938.76 Safari/537.36"
cashforcarscarrollton.com.infinitibizsol.com:443 157.55.39.203 - - [13/Jun/2025:15:05:34 +0000] "GET /Custom%20Photo%20Dog%20I%20Woof%20You%20A%20Merry%20Christmas%20Acrylic%20Ornament%20-%20UldEWFNZQlFUREtR/ HTTP/1.1" 200 23 "-" "Mozilla/5.0 AppleWebKit/537.36 (KHTML, like Gecko; compatible; bingbot/2.0; +http://www.bing.com/bingbot.htm) Chrome/116.0.1938.76 Safari/537.36"
cashforcarscarrollton.com.infinitibizsol.com:443 40.77.167.55 - - [13/Jun/2025:15:08:34 +0000] "GET /Top%20Knobs%20M364%20Pewter%20Somerset%203%22%20Center%20To%20Center%20Cup%20Cabinet%20Pull%20-%20UFNFWFNdS1tWS0tX/ HTTP/1.1" 200 23 "-" "Mozilla/5.0 AppleWebKit/537.36 (KHTML, like Gecko; compatible; bingbot/2.0; +http://www.bing.com/bingbot.htm) Chrome/116.0.1938.76 Safari/537.36"
cashforcarscarrollton.com.infinitibizsol.com:443 40.77.167.159 - - [13/Jun/2025:15:08:52 +0000] "GET /bel-power-solutions-480w-power-supply-72v-6-7a-ldc480-72p-ac-dc-converter-RERCGlVZQFxRXEpR HTTP/1.1" 200 23 "-" "Mozilla/5.0 AppleWebKit/537.36 (KHTML, like Gecko; compatible; bingbot/2.0; +http://www.bing.com/bingbot.htm) Chrome/116.0.1938.76 Safari/537.36"
cashforcarscarrollton.com.infinitibizsol.com:443 157.55.39.203 - - [13/Jun/2025:15:08:54 +0000] "GET /Storybook%20Knits%20Cardigan%20Sweater%20Cat%20Flower%20Butterfly%20Kitten%20Kitty%20-%20UVRFXl9fR1JUSkFS/ HTTP/1.1" 200 23 "-" "Mozilla/5.0 AppleWebKit/537.36 (KHTML, like Gecko; compatible; bingbot/2.0; +http://www.bing.com/bingbot.htm) Chrome/116.0.1938.76 Safari/537.36"
cashforcarscarrollton.com.infinitibizsol.com:443 52.167.144.172 - - [13/Jun/2025:15:09:22 +0000] "GET /BATMAN%20RETURNS%20by%20Aurelio%20Lorenzo%20-%20Art%20Print%20-%2024x36%20-%20/ HTTP/1.1" 200 23 "-" "Mozilla/5.0 AppleWebKit/537.36 (KHTML, like Gecko; compatible; bingbot/2.0; +http://www.bing.com/bingbot.htm) Chrome/116.0.1938.76 Safari/537.36"
cashforcarscarrollton.com.infinitibizsol.com:443 52.167.144.172 - - [13/Jun/2025:15:09:42 +0000] "GET /super-sale-2024-mosaic-football-complete-your-set-b-rookies-inserts-more-UVdEWVZbQFBWSkFT HTTP/1.1" 200 23 "-" "Mozilla/5.0 AppleWebKit/537.36 (KHTML, like Gecko; compatible; bingbot/2.0; +http://www.bing.com/bingbot.htm) Chrome/116.0.1938.76 Safari/537.36"
cashforcarscarrollton.com.infinitibizsol.com:443 208.110.64.178 - - [13/Jun/2025:15:09:53 +0000] "GET /wp-content/install.php HTTP/1.1" 200 16 "https://cashforcarscarrollton.com/wp-content/install.php" "Mozilla/5.0 (Windows NT 10.0; Win64; x64) AppleWebKit/537.36 (KHTML, like Gecko) Chrome/58.0.3029.110 Safari/537.3"
cashforcarscarrollton.com.infinitibizsol.com:443 157.55.39.203 - - [13/Jun/2025:15:10:15 +0000] "GET /NEW%20Beckhoff%20EK1101%20Sealed%20PLC%20Module%20Programmable%20Logic%20Controller%20Module%20-%20UVhFWFZXRVZTSkdX/ HTTP/1.1" 200 23 "-" "Mozilla/5.0 AppleWebKit/537.36 (KHTML, like Gecko; compatible; bingbot/2.0; +http://www.bing.com/bingbot.htm) Chrome/116.0.1938.76 Safari/537.36"
cashforcarscarrollton.com.infinitibizsol.com:443 157.55.39.13 - - [13/Jun/2025:15:10:31 +0000] "GET /Desitin%20Maximum%20Strength%20Baby%20Diaper%20Rash%20Cream%20with%2040%25%20Zinc%20Oxide%20for%20Treatmen%20-%20UldEWFVXR1ZVRkBS/ HTTP/1.1" 200 13 "-" "Mozilla/5.0 AppleWebKit/537.36 (KHTML, like Gecko; compatible; bingbot/2.0; +http://www.bing.com/bingbot.htm) Chrome/116.0.1938.76 Safari/537.36"
cashforcarscarrollton.com.infinitibizsol.com:443 52.167.144.172 - - [13/Jun/2025:15:12:11 +0000] "GET /Emvency%20Floral%20Sage%20Green%20Shower%20Curtain%20Border%20White%20Herbs%20and%20Wild%20Flowers%20Bot%20-%20UlJGWVBeQVpYRUpW/ HTTP/1.1" 200 23 "-" "Mozilla/5.0 AppleWebKit/537.36 (KHTML, like Gecko; compatible; bingbot/2.0; +http://www.bing.com/bingbot.htm) Chrome/116.0.1938.76 Safari/537.36"
cashforcarscarrollton.com.infinitibizsol.com:443 69.197.135.226 - - [13/Jun/2025:15:15:38 +0000] "GET /wp-content/install.php HTTP/1.1" 200 16 "https://cashforcarscarrollton.com/wp-content/install.php" "Mozilla/5.0 (Windows NT 10.0; Win64; x64) AppleWebKit/537.36 (KHTML, like Gecko) Chrome/58.0.3029.110 Safari/537.3"
cashforcarscarrollton.com.infinitibizsol.com:443 52.167.144.172 - - [13/Jun/2025:15:17:03 +0000] "GET /(NEW%20Surplus)%20Siemens%20Contactor%20Relay%203RH2140-1BB40%2010A%20240V%20AC%20DC%2024V%20-%20UVRFXlBdRVdZRUpV/ HTTP/1.1" 200 23 "-" "Mozilla/5.0 AppleWebKit/537.36 (KHTML, like Gecko; compatible; bingbot/2.0; +http://www.bing.com/bingbot.htm) Chrome/116.0.1938.76 Safari/537.36"
cashforcarscarrollton.com.infinitibizsol.com:443 40.77.167.159 - - [13/Jun/2025:15:17:34 +0000] "GET /new-siemens-6ed1052-1cc08-0ba1-6ed1-052-1cc08-0ba1-logo-24ce-logic-module-RkFAHFZVQ1pSWEFb HTTP/1.1" 200 23 "-" "Mozilla/5.0 AppleWebKit/537.36 (KHTML, like Gecko; compatible; bingbot/2.0; +http://www.bing.com/bingbot.htm) Chrome/116.0.1938.76 Safari/537.36"
cashforcarscarrollton.com.infinitibizsol.com:443 157.55.39.13 - - [13/Jun/2025:15:17:54 +0000] "GET /Odyssey%20Toulon%20Design%20Limited%20Edition%20Putter%20Magnolia%201/1000%20Masters%20Edition%20-%20UVNFXFRXQ1NYRUtS/ HTTP/1.1" 200 23 "-" "Mozilla/5.0 AppleWebKit/537.36 (KHTML, like Gecko; compatible; bingbot/2.0; +http://www.bing.com/bingbot.htm) Chrome/116.0.1938.76 Safari/537.36"
cashforcarscarrollton.com.infinitibizsol.com:443 157.55.39.58 - - [13/Jun/2025:15:20:36 +0000] "GET /Gemmy%203.5ft%20Minion%20Kevin%20as%20Witch%20Halloween%20Inflatable%20-%20UVFGWFBeQ1tTRkJa/ HTTP/1.1" 200 23 "-" "Mozilla/5.0 AppleWebKit/537.36 (KHTML, like Gecko; compatible; bingbot/2.0; +http://www.bing.com/bingbot.htm) Chrome/116.0.1938.76 Safari/537.36"
cashforcarscarrollton.com.infinitibizsol.com:80 43.133.139.6 - - [13/Jun/2025:15:21:29 +0000] "GET / HTTP/1.1" 500 5 "-" "Mozilla/5.0 (iPhone; CPU iPhone OS 13_2_3 like Mac OS X) AppleWebKit/605.1.15 (KHTML, like Gecko) Version/13.0.3 Mobile/15E148 Safari/604.1"
cashforcarscarrollton.com.infinitibizsol.com:443 69.197.182.50 - - [13/Jun/2025:15:23:20 +0000] "GET /wp-content/install.php HTTP/1.1" 200 16 "https://cashforcarscarrollton.com/wp-content/install.php" "Mozilla/5.0 (Windows NT 10.0; Win64; x64) AppleWebKit/537.36 (KHTML, like Gecko) Chrome/58.0.3029.110 Safari/537.3"
cashforcarscarrollton.com.infinitibizsol.com:443 207.46.13.155 - - [13/Jun/2025:15:25:28 +0000] "GET /Gourmet%20Trends%2023%20Qt.%20Pressure%20Canner%20&%20Cooker%2003210%20Gourmet%20Trends%2003210%20-%20UFFGX1NeRFJWQ0FS/ HTTP/1.1" 200 23 "-" "Mozilla/5.0 AppleWebKit/537.36 (KHTML, like Gecko; compatible; bingbot/2.0; +http://www.bing.com/bingbot.htm) Chrome/116.0.1938.76 Safari/537.36"
cashforcarscarrollton.com.infinitibizsol.com:443 52.167.144.235 - - [13/Jun/2025:15:25:33 +0000] "GET /Marvel%20Feature%20(1971)%20/ HTTP/1.1" 200 23 "-" "Mozilla/5.0 AppleWebKit/537.36 (KHTML, like Gecko; compatible; bingbot/2.0; +http://www.bing.com/bingbot.htm) Chrome/116.0.1938.76 Safari/537.36"
cashforcarscarrollton.com.infinitibizsol.com:443 157.55.39.58 - - [13/Jun/2025:15:27:28 +0000] "GET /STARLUX%20ORDINARY%20ARMY%20/%20KNEE%20SOLDIER%20FIGURE%20WITH%20RIFLE%20IN%20HAND-%20-%20UVlGW1dYRlFRQ0ZU/ HTTP/1.1" 200 13 "-" "Mozilla/5.0 AppleWebKit/537.36 (KHTML, like Gecko; compatible; bingbot/2.0; +http://www.bing.com/bingbot.htm) Chrome/116.0.1938.76 Safari/537.36"
cashforcarscarrollton.com.infinitibizsol.com:443 52.167.144.235 - - [13/Jun/2025:15:28:24 +0000] "GET /Vietnamese%20Karaoke%20Laserdisc1996-%20(LD)%20Em%20la%20ang%20may-24%20Tracks-in%20Shrink-Wrap-EX%20-%20UFJGXlNdRVJSR0NW/ HTTP/1.1" 200 23 "-" "Mozilla/5.0 AppleWebKit/537.36 (KHTML, like Gecko; compatible; bingbot/2.0; +http://www.bing.com/bingbot.htm) Chrome/116.0.1938.76 Safari/537.36"
cashforcarscarrollton.com.infinitibizsol.com:443 157.55.39.58 - - [13/Jun/2025:15:28:32 +0000] "GET /Monkees%20Video%20Hits%20DVD%20Nesmith%20Dolenz%20Jones%20Tork%20-%20UlBFWVBWQ1VQQkBW/ HTTP/1.1" 200 23 "-" "Mozilla/5.0 AppleWebKit/537.36 (KHTML, like Gecko; compatible; bingbot/2.0; +http://www.bing.com/bingbot.htm) Chrome/116.0.1938.76 Safari/537.36"
cashforcarscarrollton.com.infinitibizsol.com:443 52.167.144.186 - - [13/Jun/2025:15:29:04 +0000] "GET /lenovo-legion-t7-34irz8-i9-14900kf-nvidia-geforce-rtx-4080-32gb-ram-1tb-ssd-w11p-RkJBGlFVQltXWkNT HTTP/1.1" 200 23 "-" "Mozilla/5.0 AppleWebKit/537.36 (KHTML, like Gecko; compatible; bingbot/2.0; +http://www.bing.com/bingbot.htm) Chrome/116.0.1938.76 Safari/537.36"
cashforcarscarrollton.com.infinitibizsol.com:443 208.110.64.178 - - [13/Jun/2025:15:30:07 +0000] "GET /wp-content/install.php HTTP/1.1" 200 6 "https://cashforcarscarrollton.com/wp-content/install.php" "Mozilla/5.0 (Windows NT 10.0; Win64; x64) AppleWebKit/537.36 (KHTML, like Gecko) Chrome/58.0.3029.110 Safari/537.3"
cashforcarscarrollton.com.infinitibizsol.com:443 52.167.144.235 - - [13/Jun/2025:15:30:34 +0000] "GET /KERUI%20Wireless%20Home%20Intruder%20Alert%20Alarm%20System%20-%20120dB%20Siren,%20Smart%20Connectivit%20-%20UFlEWF5dQFtVQEtW/ HTTP/1.1" 200 23 "-" "Mozilla/5.0 AppleWebKit/537.36 (KHTML, like Gecko; compatible; bingbot/2.0; +http://www.bing.com/bingbot.htm) Chrome/116.0.1938.76 Safari/537.36"
cashforcarscarrollton.com.infinitibizsol.com:443 157.55.39.49 - - [13/Jun/2025:15:30:43 +0000] "GET /Push%20Pull%20Choke%20Cable%20For%20Honda%20ATC125M%20ATC200M%20ATC200E%20ATC200ES%20TRX200%20TRX350%20-%20UlJHUFRXR1FZREVX/ HTTP/1.1" 200 23 "-" "Mozilla/5.0 AppleWebKit/537.36 (KHTML, like Gecko; compatible; bingbot/2.0; +http://www.bing.com/bingbot.htm) Chrome/116.0.1938.76 Safari/537.36"
cashforcarscarrollton.com.infinitibizsol.com:443 157.55.39.61 - - [13/Jun/2025:15:30:50 +0000] "GET /PU%20Leather%20Executive%20Office%20Chair%20Ergonomic%20Desk%20Chair%20with%20Integrated%20Headrest%20-%20UVlGXVNfRVdYQ0BX/ HTTP/1.1" 200 23 "-" "Mozilla/5.0 AppleWebKit/537.36 (KHTML, like Gecko; compatible; bingbot/2.0; +http://www.bing.com/bingbot.htm) Chrome/116.0.1938.76 Safari/537.36"
cashforcarscarrollton.com.infinitibizsol.com:443 69.197.135.226 - - [13/Jun/2025:15:31:13 +0000] "GET /wp-content/install.php HTTP/1.1" 200 16 "https://cashforcarscarrollton.com/wp-content/install.php" "Mozilla/5.0 (Windows NT 10.0; Win64; x64) AppleWebKit/537.36 (KHTML, like Gecko) Chrome/58.0.3029.110 Safari/537.3"
cashforcarscarrollton.com.infinitibizsol.com:443 40.77.167.143 - - [13/Jun/2025:15:33:28 +0000] "GET /Gamo%20632282154%20Luxor%20CU%20Sharp%20Pyramid%20Hunting%20Pellets%200.22%20Caliber%20100%20Count%20-%20UFlGWFdZRlRXR0VW/ HTTP/1.1" 200 23 "-" "Mozilla/5.0 AppleWebKit/537.36 (KHTML, like Gecko; compatible; bingbot/2.0; +http://www.bing.com/bingbot.htm) Chrome/116.0.1938.76 Safari/537.36"
cashforcarscarrollton.com.infinitibizsol.com:443 157.55.39.49 - - [13/Jun/2025:15:33:52 +0000] "GET /Original%20Signed%20Painting%20by%20Douglass%20Truth%20Unstretched%20-%20UlZGXV9XRFZVS0dX/ HTTP/1.1" 200 23 "-" "Mozilla/5.0 AppleWebKit/537.36 (KHTML, like Gecko; compatible; bingbot/2.0; +http://www.bing.com/bingbot.htm) Chrome/116.0.1938.76 Safari/537.36"
cashforcarscarrollton.com.infinitibizsol.com:443 157.55.39.49 - - [13/Jun/2025:15:37:02 +0000] "GET /Circulated%20Foreign%20Currency%20Bank%20Notes%20World%20Paper%20Money%20Collectible%2019%20-%20UFNFW1RaSlBQQUtX/ HTTP/1.1" 200 23 "-" "Mozilla/5.0 AppleWebKit/537.36 (KHTML, like Gecko; compatible; bingbot/2.0; +http://www.bing.com/bingbot.htm) Chrome/116.0.1938.76 Safari/537.36"
