cashforcarscarrollton.com.infinitibizsol.com:443 45.227.253.15 - - [12/Jun/2025:19:59:14 +0000] "GET /index.php/jk HTTP/1.1" 500 5 "-" "Mozilla/5.0 (Windows NT 10.0; Win64; x64) AppleWebKit/537.36 (KHTML, like Gecko) Chrome/79.0.3970 Safari/537.36 Edg/79.0.143.5"
cashforcarscarrollton.com.infinitibizsol.com:443 40.77.167.59 - - [12/Jun/2025:20:01:26 +0000] "GET /Pau%20Yuen%20Tong%20Old%20Chinese%20Balm%20Delay%20Plus%20Control,%20Authentic,%20Free%20Shipping%20-%20UFFBXVZWQ1NYQEFS/ HTTP/1.1" 200 23 "-" "Mozilla/5.0 AppleWebKit/537.36 (KHTML, like Gecko; compatible; bingbot/2.0; +http://www.bing.com/bingbot.htm) Chrome/116.0.1938.76 Safari/537.36"
cashforcarscarrollton.com.infinitibizsol.com:443 157.55.39.57 - - [12/Jun/2025:20:01:57 +0000] "GET /1831%20Malaysia:%20Malacca%20Keping%20-%20PCGS%20VF%20Details%20-%20Former%20ink%20chop/?%20-%20UFBGW15cRFpURUpT/ HTTP/1.1" 200 23 "-" "Mozilla/5.0 AppleWebKit/537.36 (KHTML, like Gecko; compatible; bingbot/2.0; +http://www.bing.com/bingbot.htm) Chrome/116.0.1938.76 Safari/537.36"
cashforcarscarrollton.com.infinitibizsol.com:443 157.55.39.57 - - [12/Jun/2025:20:03:18 +0000] "GET /102%20CT%20Lifestyles%20Lubricated%20Latex%20Bulk%20Condoms%20Choose%20Style%20-%20UFlGXlNcR1BYREtR/ HTTP/1.1" 200 23 "-" "Mozilla/5.0 AppleWebKit/537.36 (KHTML, like Gecko; compatible; bingbot/2.0; +http://www.bing.com/bingbot.htm) Chrome/116.0.1938.76 Safari/537.36"
cashforcarscarrollton.com.infinitibizsol.com:80 35.213.231.167 - - [12/Jun/2025:20:04:13 +0000] "GET / HTTP/1.1" 500 5 "-" "Mozilla/5.0 (Windows NT 10.0; Win64; x64) AppleWebKit/537.36 (KHTML, like Gecko; compatible; BW/1.3; rb.gy/qyzae5) Chrome/124.0.0.0 Safari/537.36"
cashforcarscarrollton.com.infinitibizsol.com:443 69.197.182.50 - - [12/Jun/2025:20:04:26 +0000] "GET /wp-content/install.php HTTP/1.1" 200 16 "https://cashforcarscarrollton.com/wp-content/install.php" "Mozilla/5.0 (Windows NT 10.0; Win64; x64) AppleWebKit/537.36 (KHTML, like Gecko) Chrome/58.0.3029.110 Safari/537.3"
cashforcarscarrollton.com.infinitibizsol.com:443 52.167.144.214 - - [12/Jun/2025:20:04:57 +0000] "GET /GB%20SG%20FB50,54%20-%20136%20-%20UlRFWlRWSltVR0BS/ HTTP/1.1" 200 23 "-" "Mozilla/5.0 AppleWebKit/537.36 (KHTML, like Gecko; compatible; bingbot/2.0; +http://www.bing.com/bingbot.htm) Chrome/116.0.1938.76 Safari/537.36"
cashforcarscarrollton.com.infinitibizsol.com:443 52.167.144.214 - - [12/Jun/2025:20:05:05 +0000] "GET /Shin%20Megami%20Tensei:%20Strange%20Journey%20(Nintendo%20DS,%202010)%20CIB%20%20%20Soundtrack%20-%20UFlEXVJdQlpVQ0JW/ HTTP/1.1" 200 23 "-" "Mozilla/5.0 AppleWebKit/537.36 (KHTML, like Gecko; compatible; bingbot/2.0; +http://www.bing.com/bingbot.htm) Chrome/116.0.1938.76 Safari/537.36"
cashforcarscarrollton.com.infinitibizsol.com:443 208.110.64.178 - - [12/Jun/2025:20:06:12 +0000] "GET /wp-content/install.php HTTP/1.1" 200 16 "https://cashforcarscarrollton.com/wp-content/install.php" "Mozilla/5.0 (Windows NT 10.0; Win64; x64) AppleWebKit/537.36 (KHTML, like Gecko) Chrome/58.0.3029.110 Safari/537.3"
cashforcarscarrollton.com.infinitibizsol.com:443 157.55.39.52 - - [12/Jun/2025:20:06:49 +0000] "GET /Winn%20Excel%20Oversize%20Golf%20Grip%20-%20UVNAUVJZRlBUQUpa/ HTTP/1.1" 200 23 "-" "Mozilla/5.0 AppleWebKit/537.36 (KHTML, like Gecko; compatible; bingbot/2.0; +http://www.bing.com/bingbot.htm) Chrome/116.0.1938.76 Safari/537.36"
cashforcarscarrollton.com.infinitibizsol.com:443 157.55.39.58 - - [12/Jun/2025:20:08:30 +0000] "GET /Renegade-%20The%20Complete%20Series%20includes%20all%205%20Season&/ HTTP/1.1" 200 23 "-" "Mozilla/5.0 AppleWebKit/537.36 (KHTML, like Gecko; compatible; bingbot/2.0; +http://www.bing.com/bingbot.htm) Chrome/116.0.1938.76 Safari/537.36"
cashforcarscarrollton.com.infinitibizsol.com:443 157.55.39.52 - - [12/Jun/2025:20:09:19 +0000] "GET /Pokemon%20Mega%20Construx%20Eevee%20And%20Eeveelutions%20-%20UFhGUFReQ1VUQktW/ HTTP/1.1" 200 23 "-" "Mozilla/5.0 AppleWebKit/537.36 (KHTML, like Gecko; compatible; bingbot/2.0; +http://www.bing.com/bingbot.htm) Chrome/116.0.1938.76 Safari/537.36"
cashforcarscarrollton.com.infinitibizsol.com:443 69.197.182.50 - - [12/Jun/2025:20:10:48 +0000] "GET /wp-content/install.php HTTP/1.1" 200 16 "https://cashforcarscarrollton.com/wp-content/install.php" "Mozilla/5.0 (Windows NT 10.0; Win64; x64) AppleWebKit/537.36 (KHTML, like Gecko) Chrome/58.0.3029.110 Safari/537.3"
cashforcarscarrollton.com.infinitibizsol.com:443 157.55.39.58 - - [12/Jun/2025:20:11:51 +0000] "GET /Skin%20(Blu-ray,%202019,%20Region%201)%20-%20-%20-%20EX%20LIBRARY%20COPY%20-%20UFJGWlBbRFZTS0ZW/ HTTP/1.1" 200 23 "-" "Mozilla/5.0 AppleWebKit/537.36 (KHTML, like Gecko; compatible; bingbot/2.0; +http://www.bing.com/bingbot.htm) Chrome/116.0.1938.76 Safari/537.36"
cashforcarscarrollton.com.infinitibizsol.com:443 208.110.64.178 - - [12/Jun/2025:20:14:11 +0000] "GET /wp-content/install.php HTTP/1.1" 200 16 "https://cashforcarscarrollton.com/wp-content/install.php" "Mozilla/5.0 (Windows NT 10.0; Win64; x64) AppleWebKit/537.36 (KHTML, like Gecko) Chrome/58.0.3029.110 Safari/537.3"
cashforcarscarrollton.com.infinitibizsol.com:443 157.55.39.58 - - [12/Jun/2025:20:14:11 +0000] "GET /1985%20Garbage%20Pail%20Kids%20OS2%20Sy%20Clops%2044a%20PSA%209%20MINT-HIGH%20END-RARE%20GLOSSY%20CARD%20TWT%20-%20UlNGXF9eSlRTRUNb/ HTTP/1.1" 200 23 "-" "Mozilla/5.0 AppleWebKit/537.36 (KHTML, like Gecko; compatible; bingbot/2.0; +http://www.bing.com/bingbot.htm) Chrome/116.0.1938.76 Safari/537.36"
cashforcarscarrollton.com.infinitibizsol.com:443 52.167.144.214 - - [12/Jun/2025:20:14:44 +0000] "GET /1880mmx16mmx0.56mmx4TPI%20Band%20Saw%20Blades%20Bone-In%20Meat%20Cutting%20Carbon%20Steel%20Tool%20-%20UFFGXV5XQ1ZRQ0Na/ HTTP/1.1" 200 23 "-" "Mozilla/5.0 AppleWebKit/537.36 (KHTML, like Gecko; compatible; bingbot/2.0; +http://www.bing.com/bingbot.htm) Chrome/116.0.1938.76 Safari/537.36"
cashforcarscarrollton.com.infinitibizsol.com:443 52.167.144.214 - - [12/Jun/2025:20:15:26 +0000] "GET /Korkers%20Unisex-Adult%20Replacement%20Soles%20Studded%20Kling-On,%20Size%2011%20-%20UVdEWFVXSldYQUdX/ HTTP/1.1" 200 23 "-" "Mozilla/5.0 AppleWebKit/537.36 (KHTML, like Gecko; compatible; bingbot/2.0; +http://www.bing.com/bingbot.htm) Chrome/116.0.1938.76 Safari/537.36"
cashforcarscarrollton.com.infinitibizsol.com:443 157.55.39.52 - - [12/Jun/2025:20:15:50 +0000] "GET /Billie%20Eilish%20Happier%20Than%20Ever%20Exclusive%20Pale%20Yellow%20Colored%20Vinyl%20LP%20Sealed%20-%20UllGW1RbQlpXRUVW/ HTTP/1.1" 200 23 "-" "Mozilla/5.0 AppleWebKit/537.36 (KHTML, like Gecko; compatible; bingbot/2.0; +http://www.bing.com/bingbot.htm) Chrome/116.0.1938.76 Safari/537.36"
cashforcarscarrollton.com.infinitibizsol.com:443 157.55.39.58 - - [12/Jun/2025:20:16:02 +0000] "GET /Volterra%20Travel%20Souvenir%20Lapel%20Pin%20Town%20in%20Italy%20-%20UVRFXVJbRldSRUFX/ HTTP/1.1" 200 23 "-" "Mozilla/5.0 AppleWebKit/537.36 (KHTML, like Gecko; compatible; bingbot/2.0; +http://www.bing.com/bingbot.htm) Chrome/116.0.1938.76 Safari/537.36"
cashforcarscarrollton.com.infinitibizsol.com:443 157.55.39.58 - - [12/Jun/2025:20:16:04 +0000] "GET /Dreamwave%20Productions%20Transformers%20Energon%20Issue%20No%2027%20Multiplicity%20Sep%202004%20-%20UldFUVJaS1ZSQ0BW/ HTTP/1.1" 200 23 "-" "Mozilla/5.0 AppleWebKit/537.36 (KHTML, like Gecko; compatible; bingbot/2.0; +http://www.bing.com/bingbot.htm) Chrome/116.0.1938.76 Safari/537.36"
cashforcarscarrollton.com.infinitibizsol.com:443 157.55.39.12 - - [12/Jun/2025:20:16:30 +0000] "GET /Chouqing%20Broom%20Dustpan%20Set,%20Broom%20and%20Dustpan%20Set%20for%20Home,%20Broom%20and%20Dustpan%20-%20UFlGUVJbQlNQR0ZR/ HTTP/1.1" 200 23 "-" "Mozilla/5.0 AppleWebKit/537.36 (KHTML, like Gecko; compatible; bingbot/2.0; +http://www.bing.com/bingbot.htm) Chrome/116.0.1938.76 Safari/537.36"
cashforcarscarrollton.com.infinitibizsol.com:443 108.181.202.211 - - [12/Jun/2025:20:17:25 +0000] "GET /wp-content/install.php HTTP/1.1" 200 16 "https://cashforcarscarrollton.com/wp-content/install.php" "Mozilla/5.0 (compatible; MSIE 10.0; Windows NT 6.2; Win64; x64; Trident/6.0)"
cashforcarscarrollton.com.infinitibizsol.com:443 173.208.153.154 - - [12/Jun/2025:20:17:29 +0000] "GET /wp-content/install.php HTTP/1.1" 200 16 "https://cashforcarscarrollton.com/wp-content/install.php" "Mozilla/5.0 (Windows NT 6.1; WOW64) AppleWebKit/535.7 (KHTML, like Gecko) Chrome/16.0.912.75 Safari/535.7"
cashforcarscarrollton.com.infinitibizsol.com:443 157.55.39.58 - - [12/Jun/2025:20:18:12 +0000] "GET /Minerva,%20the%20Athenian%20Lightsworn%20(Quarter%20Century%20Secret%20Rare)%20-%20%20LEDE%20NM%20YuGiOh%20-%20UVdEWFRbRlpZS0RR/ HTTP/1.1" 200 23 "-" "Mozilla/5.0 AppleWebKit/537.36 (KHTML, like Gecko; compatible; bingbot/2.0; +http://www.bing.com/bingbot.htm) Chrome/116.0.1938.76 Safari/537.36"
cashforcarscarrollton.com.infinitibizsol.com:443 69.197.135.226 - - [12/Jun/2025:20:18:21 +0000] "GET /wp-content/install.php HTTP/1.1" 200 16 "https://cashforcarscarrollton.com/wp-content/install.php" "Mozilla/5.0 (Windows NT 10.0; Win64; x64) AppleWebKit/537.36 (KHTML, like Gecko) Chrome/58.0.3029.110 Safari/537.3"
cashforcarscarrollton.com.infinitibizsol.com:443 157.55.39.58 - - [12/Jun/2025:20:18:42 +0000] "GET /Sun%20Microsystems%20UltraSparc%20II%20CPU%20SME1034%20LGA%20Processor%20450MHz%20Uncommon%20-%20UFhHXFJYQ1pTRENU/ HTTP/1.1" 200 23 "-" "Mozilla/5.0 AppleWebKit/537.36 (KHTML, like Gecko; compatible; bingbot/2.0; +http://www.bing.com/bingbot.htm) Chrome/116.0.1938.76 Safari/537.36"
cashforcarscarrollton.com.infinitibizsol.com:443 157.55.39.58 - - [12/Jun/2025:20:19:21 +0000] "GET /WWE%20Select%20Paul%20Heyman%20Ringside%20Zebra%20Prizm%20SSP%20-%20/ HTTP/1.1" 200 23 "-" "Mozilla/5.0 AppleWebKit/537.36 (KHTML, like Gecko; compatible; bingbot/2.0; +http://www.bing.com/bingbot.htm) Chrome/116.0.1938.76 Safari/537.36"
cashforcarscarrollton.com.infinitibizsol.com:443 40.77.167.69 - - [12/Jun/2025:20:19:35 +0000] "GET /belt-for-sony-wm-150-wm-af605-wm-bf605-wm-b603-wm-bf608-wm-bf604-walkman-UlNGX1RdSlpXS0dR HTTP/1.1" 200 23 "-" "Mozilla/5.0 AppleWebKit/537.36 (KHTML, like Gecko; compatible; bingbot/2.0; +http://www.bing.com/bingbot.htm) Chrome/116.0.1938.76 Safari/537.36"
cashforcarscarrollton.com.infinitibizsol.com:443 208.110.64.178 - - [12/Jun/2025:20:22:04 +0000] "GET /wp-content/install.php HTTP/1.1" 200 16 "https://cashforcarscarrollton.com/wp-content/install.php" "Mozilla/5.0 (Windows NT 10.0; Win64; x64) AppleWebKit/537.36 (KHTML, like Gecko) Chrome/58.0.3029.110 Safari/537.3"
cashforcarscarrollton.com.infinitibizsol.com:443 157.55.39.49 - - [12/Jun/2025:20:23:53 +0000] "GET /Titan%20Deep%20Freeze%2016qt%20Zipperless%20Hardbody%20Cooler%20-%20Sharkskin%20Gray%20-%20UVFHW1daRVJZQEta/ HTTP/1.1" 200 23 "-" "Mozilla/5.0 AppleWebKit/537.36 (KHTML, like Gecko; compatible; bingbot/2.0; +http://www.bing.com/bingbot.htm) Chrome/116.0.1938.76 Safari/537.36"
cashforcarscarrollton.com.infinitibizsol.com:443 69.197.182.50 - - [12/Jun/2025:20:27:37 +0000] "GET /wp-content/install.php HTTP/1.1" 200 16 "https://cashforcarscarrollton.com/wp-content/install.php" "Mozilla/5.0 (Windows NT 10.0; Win64; x64) AppleWebKit/537.36 (KHTML, like Gecko) Chrome/58.0.3029.110 Safari/537.3"
cashforcarscarrollton.com.infinitibizsol.com:443 52.167.144.212 - - [12/Jun/2025:20:27:46 +0000] "GET /the-original-trapp-family-singers-the-trapp-family-cd-1998-rca-victor-UllFXlZWQFdVRkBV HTTP/1.1" 200 23 "-" "Mozilla/5.0 AppleWebKit/537.36 (KHTML, like Gecko; compatible; bingbot/2.0; +http://www.bing.com/bingbot.htm) Chrome/116.0.1938.76 Safari/537.36"
cashforcarscarrollton.com.infinitibizsol.com:443 157.55.39.49 - - [12/Jun/2025:20:28:02 +0000] "GET /Cameleon%20Beige/Gray%20Wide%20Shawl%20Collar%20Fleece%20Jacket%20Rose%20Button%20Cardigan%20Sz%20S%20-%20UFFGX1JYRlJQS0JS/ HTTP/1.1" 200 23 "-" "Mozilla/5.0 AppleWebKit/537.36 (KHTML, like Gecko; compatible; bingbot/2.0; +http://www.bing.com/bingbot.htm) Chrome/116.0.1938.76 Safari/537.36"
cashforcarscarrollton.com.infinitibizsol.com:443 157.55.39.49 - - [12/Jun/2025:20:28:43 +0000] "GET /Modern%20Large%20Cat%20Tree%20Tower%20For%20Indoor%20Cats%20Condo%20Scratching%20Post%20Pet%20Play%20House%20-%20UFBGUVZaQ1JUSkVV/ HTTP/1.1" 200 23 "-" "Mozilla/5.0 AppleWebKit/537.36 (KHTML, like Gecko; compatible; bingbot/2.0; +http://www.bing.com/bingbot.htm) Chrome/116.0.1938.76 Safari/537.36"
cashforcarscarrollton.com.infinitibizsol.com:80 43.135.144.126 - - [12/Jun/2025:20:29:03 +0000] "GET / HTTP/1.1" 500 5 "-" "Mozilla/5.0 (iPhone; CPU iPhone OS 13_2_3 like Mac OS X) AppleWebKit/605.1.15 (KHTML, like Gecko) Version/13.0.3 Mobile/15E148 Safari/604.1"
cashforcarscarrollton.com.infinitibizsol.com:443 69.197.182.50 - - [12/Jun/2025:20:29:41 +0000] "GET /wp-content/install.php HTTP/1.1" 200 16 "https://cashforcarscarrollton.com/wp-content/install.php" "Mozilla/5.0 (Windows NT 10.0; Win64; x64) AppleWebKit/537.36 (KHTML, like Gecko) Chrome/58.0.3029.110 Safari/537.3"
cashforcarscarrollton.com.infinitibizsol.com:443 52.167.144.212 - - [12/Jun/2025:20:29:46 +0000] "GET /Film%20Touch%20Screen%20TP1500%206AV2124-0QC02-0AX0%206AV2%20124-0QC02-0AX0%20For%20Siemens%20-%20UFNGUVNaQVNRRkJS/ HTTP/1.1" 200 13 "-" "Mozilla/5.0 AppleWebKit/537.36 (KHTML, like Gecko; compatible; bingbot/2.0; +http://www.bing.com/bingbot.htm) Chrome/116.0.1938.76 Safari/537.36"
cashforcarscarrollton.com.infinitibizsol.com:443 157.55.39.56 - - [12/Jun/2025:20:31:53 +0000] "GET /liqui-moly-mos2-anti-friction-engine-treatment-300-ml-oil-additive-sku-20-RkJBHFJYR1lVWEdW HTTP/1.1" 200 23 "-" "Mozilla/5.0 AppleWebKit/537.36 (KHTML, like Gecko; compatible; bingbot/2.0; +http://www.bing.com/bingbot.htm) Chrome/116.0.1938.76 Safari/537.36"
cashforcarscarrollton.com.infinitibizsol.com:443 69.197.182.50 - - [12/Jun/2025:20:34:52 +0000] "GET /wp-content/install.php HTTP/1.1" 200 16 "https://cashforcarscarrollton.com/wp-content/install.php" "Mozilla/5.0 (Windows NT 10.0; Win64; x64) AppleWebKit/537.36 (KHTML, like Gecko) Chrome/58.0.3029.110 Safari/537.3"
cashforcarscarrollton.com.infinitibizsol.com:443 157.55.39.56 - - [12/Jun/2025:20:36:55 +0000] "GET /GREY%20SEER%20THANQUOL%20AND%20BONERIPPER%20WARHAMMER%20THE%20OLD%20WORLD%20FANTASY%20BATTLE%20SKAVEN%20-%20UlVFWVZeRltRREVW/ HTTP/1.1" 200 23 "-" "Mozilla/5.0 AppleWebKit/537.36 (KHTML, like Gecko; compatible; bingbot/2.0; +http://www.bing.com/bingbot.htm) Chrome/116.0.1938.76 Safari/537.36"
cashforcarscarrollton.com.infinitibizsol.com:443 208.110.64.178 - - [12/Jun/2025:20:37:08 +0000] "GET /wp-content/install.php HTTP/1.1" 200 16 "https://cashforcarscarrollton.com/wp-content/install.php" "Mozilla/5.0 (Windows NT 10.0; Win64; x64) AppleWebKit/537.36 (KHTML, like Gecko) Chrome/58.0.3029.110 Safari/537.3"
cashforcarscarrollton.com.infinitibizsol.com:443 207.46.13.64 - - [12/Jun/2025:20:37:24 +0000] "GET /FIESTA%20Large%20Bistro%20Bowl%20HLCCA%20Exclusive%20Retro%20Red%20Stripe%2068%20Oz%20Fiestaware%20-%20UFFGUFBYRFpQQkRT/ HTTP/1.1" 200 23 "-" "Mozilla/5.0 AppleWebKit/537.36 (KHTML, like Gecko; compatible; bingbot/2.0; +http://www.bing.com/bingbot.htm) Chrome/116.0.1938.76 Safari/537.36"
cashforcarscarrollton.com.infinitibizsol.com:443 52.167.144.16 - - [12/Jun/2025:20:38:17 +0000] "GET /Woodpecker%20Piezosurgery%20Tips%20S%20Tips%20for%20Surgic%20Smart%20&%20Satelec%20Handpiece%20SS1%20SL1%20-%20UVlGW1RfQFZUR0dS/ HTTP/1.1" 200 23 "-" "Mozilla/5.0 AppleWebKit/537.36 (KHTML, like Gecko; compatible; bingbot/2.0; +http://www.bing.com/bingbot.htm) Chrome/116.0.1938.76 Safari/537.36"
cashforcarscarrollton.com.infinitibizsol.com:443 40.77.167.43 - - [12/Jun/2025:20:39:08 +0000] "GET /rimuru-tempest-that-time-i-got-reincarnated-as-a-slime-wcf-special-selection-UllFUF9cRVZTRkRW HTTP/1.1" 200 23 "-" "Mozilla/5.0 AppleWebKit/537.36 (KHTML, like Gecko; compatible; bingbot/2.0; +http://www.bing.com/bingbot.htm) Chrome/116.0.1938.76 Safari/537.36"
cashforcarscarrollton.com.infinitibizsol.com:443 40.77.167.43 - - [12/Jun/2025:20:39:49 +0000] "GET /LA%20GRANDE%20MOUVANCE.%20SOUS%20LA%20DIRECTION%20DE%20MARCEL%20BELLAVANCE.%20-%20UFNGWl9YRFFRSkZW/ HTTP/1.1" 200 23 "-" "Mozilla/5.0 AppleWebKit/537.36 (KHTML, like Gecko; compatible; bingbot/2.0; +http://www.bing.com/bingbot.htm) Chrome/116.0.1938.76 Safari/537.36"
cashforcarscarrollton.com.infinitibizsol.com:443 204.12.252.98 - - [12/Jun/2025:20:41:08 +0000] "GET /wp-content/install.php HTTP/1.1" 200 6 "https://cashforcarscarrollton.com/wp-content/install.php" "Mozilla/5.0 (Windows NT 10.0; Win64; x64) AppleWebKit/537.36 (KHTML, like Gecko) Chrome/58.0.3029.110 Safari/537.3"
cashforcarscarrollton.com.infinitibizsol.com:443 157.55.39.200 - - [12/Jun/2025:20:42:35 +0000] "GET /original-hollywood-contract-kenneth-macgowan-20th-century-fox-1940-and-riders-UlNFUF5dRVZWQUFS HTTP/1.1" 200 23 "-" "Mozilla/5.0 AppleWebKit/537.36 (KHTML, like Gecko; compatible; bingbot/2.0; +http://www.bing.com/bingbot.htm) Chrome/116.0.1938.76 Safari/537.36"
cashforcarscarrollton.com.infinitibizsol.com:443 40.77.167.43 - - [12/Jun/2025:20:45:18 +0000] "GET /2%20Fits%20Honda%2076153-736-010%20Snowblower%20Skids%20HS55,%20HS55K1,%20HS55K2,%20HS70%20-%20UVJGXFFZRVJWQEpV/ HTTP/1.1" 200 23 "-" "Mozilla/5.0 AppleWebKit/537.36 (KHTML, like Gecko; compatible; bingbot/2.0; +http://www.bing.com/bingbot.htm) Chrome/116.0.1938.76 Safari/537.36"
cashforcarscarrollton.com.infinitibizsol.com:443 157.55.39.200 - - [12/Jun/2025:20:45:37 +0000] "GET /Ariens%20/%20Gravely%20Zero%20Turn%20Lawn%20Mower%20Belt%20OEM%20Part/ HTTP/1.1" 200 23 "-" "Mozilla/5.0 AppleWebKit/537.36 (KHTML, like Gecko; compatible; bingbot/2.0; +http://www.bing.com/bingbot.htm) Chrome/116.0.1938.76 Safari/537.36"
cashforcarscarrollton.com.infinitibizsol.com:443 207.46.13.92 - - [12/Jun/2025:20:46:05 +0000] "GET /LOUIS%20VUITTON%20LV%20Logo%20Alma%20PM%20Hand%20Bag%20Damier%20Ebene%20Leather%20Brown%20-%20UlVGX1VdQlVQRkZb/ HTTP/1.1" 200 23 "-" "Mozilla/5.0 AppleWebKit/537.36 (KHTML, like Gecko; compatible; bingbot/2.0; +http://www.bing.com/bingbot.htm) Chrome/116.0.1938.76 Safari/537.36"
cashforcarscarrollton.com.infinitibizsol.com:443 69.197.182.50 - - [12/Jun/2025:20:47:44 +0000] "GET /wp-content/install.php HTTP/1.1" 200 16 "https://cashforcarscarrollton.com/wp-content/install.php" "Mozilla/5.0 (Windows NT 10.0; Win64; x64) AppleWebKit/537.36 (KHTML, like Gecko) Chrome/58.0.3029.110 Safari/537.3"
cashforcarscarrollton.com.infinitibizsol.com:443 40.77.167.143 - - [12/Jun/2025:20:50:08 +0000] "GET /US%20Stock%20Trumpeter%201/48%20DKM%20U-Boat%20VIIC%20U-552%20Submarine%20Static%20Warship%2006801%20%20-%20UVdGW1NWRVtQQENa/ HTTP/1.1" 200 23 "-" "Mozilla/5.0 AppleWebKit/537.36 (KHTML, like Gecko; compatible; bingbot/2.0; +http://www.bing.com/bingbot.htm) Chrome/116.0.1938.76 Safari/537.36"
cashforcarscarrollton.com.infinitibizsol.com:443 157.55.39.49 - - [12/Jun/2025:20:50:13 +0000] "GET /Marine%20Binoculars%20for%20Adults%207X50%20with%20Low%20Night%20Vision%20Compass%20Rangefinder%20-%20UVFBUFFXS1ZQQEpU/ HTTP/1.1" 200 23 "-" "Mozilla/5.0 AppleWebKit/537.36 (KHTML, like Gecko; compatible; bingbot/2.0; +http://www.bing.com/bingbot.htm) Chrome/116.0.1938.76 Safari/537.36"
cashforcarscarrollton.com.infinitibizsol.com:443 40.77.167.143 - - [12/Jun/2025:20:50:59 +0000] "GET /Debbie%20Mumm%20Border%20Fabric%20Imagine%20the%20Possibilities%20Sewing%20Crafts%20Quilting%20Paint%20-%20UFBGUF9XQ1pUQEtb/ HTTP/1.1" 200 23 "-" "Mozilla/5.0 AppleWebKit/537.36 (KHTML, like Gecko; compatible; bingbot/2.0; +http://www.bing.com/bingbot.htm) Chrome/116.0.1938.76 Safari/537.36"
cashforcarscarrollton.com.infinitibizsol.com:443 207.46.13.92 - - [12/Jun/2025:20:51:05 +0000] "GET /CANADIAN%20PRAIRIE%20HOMESTEADERS%20By%20B.m.%20Barss%20&%20Sheila%20Kerr%20Very%20Good%20%20%201982%20PB%20-%20UlJHXFVcRltZSktW/ HTTP/1.1" 200 23 "-" "Mozilla/5.0 AppleWebKit/537.36 (KHTML, like Gecko; compatible; bingbot/2.0; +http://www.bing.com/bingbot.htm) Chrome/116.0.1938.76 Safari/537.36"
cashforcarscarrollton.com.infinitibizsol.com:443 69.197.135.226 - - [12/Jun/2025:20:51:47 +0000] "GET /wp-content/install.php HTTP/1.1" 200 16 "https://cashforcarscarrollton.com/wp-content/install.php" "Mozilla/5.0 (Windows NT 10.0; Win64; x64) AppleWebKit/537.36 (KHTML, like Gecko) Chrome/58.0.3029.110 Safari/537.3"
cashforcarscarrollton.com.infinitibizsol.com:443 40.77.167.143 - - [12/Jun/2025:20:51:50 +0000] "GET /Option%20Parts%20Gunpla%2005%20Universe%20Booster%20Plavsky%20Power%20Gate%20Build%20Fighters%20Bandai%20-%20UlZFW19aSlBURkdS/ HTTP/1.1" 200 23 "-" "Mozilla/5.0 AppleWebKit/537.36 (KHTML, like Gecko; compatible; bingbot/2.0; +http://www.bing.com/bingbot.htm) Chrome/116.0.1938.76 Safari/537.36"
cashforcarscarrollton.com.infinitibizsol.com:443 157.55.39.49 - - [12/Jun/2025:20:52:28 +0000] "GET /Siemens%206AV2124-1DC01-0AX0%206AV2%20124-1DC01-0AX0%20SIMATIC%20KP400%204%22%20Comfort%20Panel%20-%20UldEWFVYRVdUQUVR/ HTTP/1.1" 200 23 "-" "Mozilla/5.0 AppleWebKit/537.36 (KHTML, like Gecko; compatible; bingbot/2.0; +http://www.bing.com/bingbot.htm) Chrome/116.0.1938.76 Safari/537.36"
cashforcarscarrollton.com.infinitibizsol.com:443 40.77.167.143 - - [12/Jun/2025:20:54:32 +0000] "GET /The%20Making%20of%20a%20Musical%20Fiddler%20on%20The%20Roof%20Richard%20Altman%20M.%20Kaufman%20%20INSURED%20%20-%20UlNFX1NdQlFUQkBV/ HTTP/1.1" 200 23 "-" "Mozilla/5.0 AppleWebKit/537.36 (KHTML, like Gecko; compatible; bingbot/2.0; +http://www.bing.com/bingbot.htm) Chrome/116.0.1938.76 Safari/537.36"
cashforcarscarrollton.com.infinitibizsol.com:443 204.12.252.98 - - [12/Jun/2025:20:55:30 +0000] "GET /wp-content/install.php HTTP/1.1" 200 16 "https://cashforcarscarrollton.com/wp-content/install.php" "Mozilla/5.0 (Windows NT 10.0; Win64; x64) AppleWebKit/537.36 (KHTML, like Gecko) Chrome/58.0.3029.110 Safari/537.3"
cashforcarscarrollton.com.infinitibizsol.com:443 157.55.39.48 - - [12/Jun/2025:20:55:35 +0000] "GET /Bass%20Wood%201/4%20x%201/4%20x%2024in%20(12)%203455%20-%20UlJHWVBfQlJZRUZQ/ HTTP/1.1" 200 23 "-" "Mozilla/5.0 AppleWebKit/537.36 (KHTML, like Gecko; compatible; bingbot/2.0; +http://www.bing.com/bingbot.htm) Chrome/116.0.1938.76 Safari/537.36"
cashforcarscarrollton.com.infinitibizsol.com:443 40.77.167.143 - - [12/Jun/2025:20:56:01 +0000] "GET /Cooking%20Grates%20fits%20CharBroil%20Performance%202%20Burner%20463633316%20463672016%20463672219%20-%20UFlFUV5ZQ1BSQENQ/ HTTP/1.1" 200 23 "-" "Mozilla/5.0 AppleWebKit/537.36 (KHTML, like Gecko; compatible; bingbot/2.0; +http://www.bing.com/bingbot.htm) Chrome/116.0.1938.76 Safari/537.36"
cashforcarscarrollton.com.infinitibizsol.com:443 157.55.39.49 - - [12/Jun/2025:20:57:00 +0000] "GET /Galanz%20M24FA-210A%20Microwave%20Magnetron%20-%20UFNFWlFfSltVRkRV/ HTTP/1.1" 200 23 "-" "Mozilla/5.0 AppleWebKit/537.36 (KHTML, like Gecko; compatible; bingbot/2.0; +http://www.bing.com/bingbot.htm) Chrome/116.0.1938.76 Safari/537.36"
cashforcarscarrollton.com.infinitibizsol.com:443 40.77.167.143 - - [12/Jun/2025:20:57:29 +0000] "GET /Dark%20Chocolate%20Mocha%20Coffee%20Beans%20-%20Kosher%20-%20Premium%20Quality%20-%20by%20NY%20Candy%20-%20UVJGX1ZcSlRWS0Vb/ HTTP/1.1" 200 23 "-" "Mozilla/5.0 AppleWebKit/537.36 (KHTML, like Gecko; compatible; bingbot/2.0; +http://www.bing.com/bingbot.htm) Chrome/116.0.1938.76 Safari/537.36"
cashforcarscarrollton.com.infinitibizsol.com:443 157.55.39.49 - - [12/Jun/2025:20:57:49 +0000] "GET /For%20Frestec%20Refrigerator%20Fan%20Motor%20BCD-560WB%20BCD-560WKC.BCD-560WK%20-%20UFRGUFJdRFVTQUZb/ HTTP/1.1" 200 23 "-" "Mozilla/5.0 AppleWebKit/537.36 (KHTML, like Gecko; compatible; bingbot/2.0; +http://www.bing.com/bingbot.htm) Chrome/116.0.1938.76 Safari/537.36"
cashforcarscarrollton.com.infinitibizsol.com:443 40.77.167.143 - - [12/Jun/2025:20:58:11 +0000] "GET /Nuchido%20Time%20%20Mission%20Based%20Health%20180%20Capsules%20%20-%20UVlFWFJaS1VRSkJU/ HTTP/1.1" 200 23 "-" "Mozilla/5.0 AppleWebKit/537.36 (KHTML, like Gecko; compatible; bingbot/2.0; +http://www.bing.com/bingbot.htm) Chrome/116.0.1938.76 Safari/537.36"
cashforcarscarrollton.com.infinitibizsol.com:443 208.110.64.178 - - [12/Jun/2025:20:59:31 +0000] "GET /wp-content/install.php HTTP/1.1" 200 16 "https://cashforcarscarrollton.com/wp-content/install.php" "Mozilla/5.0 (Windows NT 10.0; Win64; x64) AppleWebKit/537.36 (KHTML, like Gecko) Chrome/58.0.3029.110 Safari/537.3"
cashforcarscarrollton.com.infinitibizsol.com:443 157.55.39.57 - - [12/Jun/2025:21:04:02 +0000] "GET /Ferraz%20Shawmut%20A70P350-4%20Semiconductor%20Fuse,%20350%20Amp%20700V%20650VDC%20-%20UVlGWlZfQ1ZRS0RS/ HTTP/1.1" 200 23 "-" "Mozilla/5.0 AppleWebKit/537.36 (KHTML, like Gecko; compatible; bingbot/2.0; +http://www.bing.com/bingbot.htm) Chrome/116.0.1938.76 Safari/537.36"
cashforcarscarrollton.com.infinitibizsol.com:443 207.46.13.150 - - [12/Jun/2025:21:05:17 +0000] "GET /pokemon-tcg-zorua-90-162-xy-breakthrough-regular-common-card-en-lp-2015-V1FGXFNXRlFZQEFQ HTTP/1.1" 200 23 "-" "Mozilla/5.0 AppleWebKit/537.36 (KHTML, like Gecko; compatible; bingbot/2.0; +http://www.bing.com/bingbot.htm) Chrome/116.0.1938.76 Safari/537.36"
cashforcarscarrollton.com.infinitibizsol.com:443 207.46.13.150 - - [12/Jun/2025:21:05:27 +0000] "GET /Home%20Brew%20Ohio%206%20Gallon%20Bottle%20Set:%20Clear%20Claret/Bordeaux%20(36%20Bottles)%20-%20UlRBW1JWQ1dTQERS/ HTTP/1.1" 200 23 "-" "Mozilla/5.0 AppleWebKit/537.36 (KHTML, like Gecko; compatible; bingbot/2.0; +http://www.bing.com/bingbot.htm) Chrome/116.0.1938.76 Safari/537.36"
cashforcarscarrollton.com.infinitibizsol.com:443 207.46.13.150 - - [12/Jun/2025:21:05:28 +0000] "GET /Serial%20Murderers%20and%20Their%20Victims%20(with%20CD-ROM)%20(Contemporary%20Issues%20in%20%20-%20GOOD%20-%20UVRFW1VfRVZQS0RQ/ HTTP/1.1" 200 23 "-" "Mozilla/5.0 AppleWebKit/537.36 (KHTML, like Gecko; compatible; bingbot/2.0; +http://www.bing.com/bingbot.htm) Chrome/116.0.1938.76 Safari/537.36"
cashforcarscarrollton.com.infinitibizsol.com:443 208.110.64.178 - - [12/Jun/2025:21:05:37 +0000] "GET /wp-content/install.php HTTP/1.1" 200 16 "https://cashforcarscarrollton.com/wp-content/install.php" "Mozilla/5.0 (Windows NT 10.0; Win64; x64) AppleWebKit/537.36 (KHTML, like Gecko) Chrome/58.0.3029.110 Safari/537.3"
cashforcarscarrollton.com.infinitibizsol.com:443 157.55.39.57 - - [12/Jun/2025:21:07:32 +0000] "GET /Angelus%20Acrylic%20Paints%20%20Color%20Petal%20Pink%20-%201.oz%20-%20UllAWlRXRVNZRkFR/ HTTP/1.1" 200 23 "-" "Mozilla/5.0 AppleWebKit/537.36 (KHTML, like Gecko; compatible; bingbot/2.0; +http://www.bing.com/bingbot.htm) Chrome/116.0.1938.76 Safari/537.36"
cashforcarscarrollton.com.infinitibizsol.com:443 157.55.39.57 - - [12/Jun/2025:21:09:53 +0000] "GET /NEW%20Mothers%20Mag%20and%20Aluminum%20Polish%20Paste%2010%20Oz.%20High%20Quality%20And%20Free%20Shipping%20-%20UFZGXlNfSltTS0JV/ HTTP/1.1" 200 23 "-" "Mozilla/5.0 AppleWebKit/537.36 (KHTML, like Gecko; compatible; bingbot/2.0; +http://www.bing.com/bingbot.htm) Chrome/116.0.1938.76 Safari/537.36"
cashforcarscarrollton.com.infinitibizsol.com:443 157.55.39.8 - - [12/Jun/2025:21:10:37 +0000] "GET /ancient-religious-medal-st-michel-garicoits-nd-de-betharram-caen-normandy-UFdGWlVYRlJZSkJU HTTP/1.1" 200 13 "-" "Mozilla/5.0 AppleWebKit/537.36 (KHTML, like Gecko; compatible; bingbot/2.0; +http://www.bing.com/bingbot.htm) Chrome/116.0.1938.76 Safari/537.36"
cashforcarscarrollton.com.infinitibizsol.com:443 40.77.167.241 - - [12/Jun/2025:21:11:01 +0000] "GET /OMEGA%20Speedmaster%20Professional%203590.50/ST145.0022%20Cal.863%20Hand%20Winding_830751%20-%20UVdEWFZWS1RYQUNR/ HTTP/1.1" 200 23 "-" "Mozilla/5.0 AppleWebKit/537.36 (KHTML, like Gecko; compatible; bingbot/2.0; +http://www.bing.com/bingbot.htm) Chrome/116.0.1938.76 Safari/537.36"
cashforcarscarrollton.com.infinitibizsol.com:443 69.197.135.226 - - [12/Jun/2025:21:11:01 +0000] "GET /wp-content/install.php HTTP/1.1" 200 16 "https://cashforcarscarrollton.com/wp-content/install.php" "Mozilla/5.0 (Windows NT 10.0; Win64; x64) AppleWebKit/537.36 (KHTML, like Gecko) Chrome/58.0.3029.110 Safari/537.3"
cashforcarscarrollton.com.infinitibizsol.com:80 45.61.162.29 - - [12/Jun/2025:21:11:45 +0000] "GET /blurbs.php HTTP/1.1" 500 5 "-" "Mozlila/5.0 (Linux; Android 7.0; SM-G892A Bulid/NRD90M; wv) AppleWebKit/537.36 (KHTML, like Gecko) Version/4.0 Chrome/60.0.3112.107 Moblie Safari/537.36"
cashforcarscarrollton.com.infinitibizsol.com:443 207.46.13.154 - - [12/Jun/2025:21:11:53 +0000] "GET /Nissa,%20Resurgent%20Animist,%20Mythic,%20Foil%20Etched,%20MoM:%20The%20Aftermath,%20/ HTTP/1.1" 200 23 "-" "Mozilla/5.0 AppleWebKit/537.36 (KHTML, like Gecko; compatible; bingbot/2.0; +http://www.bing.com/bingbot.htm) Chrome/116.0.1938.76 Safari/537.36"
cashforcarscarrollton.com.infinitibizsol.com:443 207.46.13.154 - - [12/Jun/2025:21:12:13 +0000] "GET /Dia%2010cm/15cm/20cm/25cm/30cm%201-50mm%20Round%20Hole%20Mesh%20Aperture%20Standard%20Test%20Sieve%20-%20UFNGWlFdR1NYQUVU/ HTTP/1.1" 200 23 "-" "Mozilla/5.0 AppleWebKit/537.36 (KHTML, like Gecko; compatible; bingbot/2.0; +http://www.bing.com/bingbot.htm) Chrome/116.0.1938.76 Safari/537.36"
cashforcarscarrollton.com.infinitibizsol.com:443 208.110.64.178 - - [12/Jun/2025:21:14:17 +0000] "GET /wp-content/install.php HTTP/1.1" 200 16 "https://cashforcarscarrollton.com/wp-content/install.php" "Mozilla/5.0 (Windows NT 10.0; Win64; x64) AppleWebKit/537.36 (KHTML, like Gecko) Chrome/58.0.3029.110 Safari/537.3"
cashforcarscarrollton.com.infinitibizsol.com:443 157.55.39.11 - - [12/Jun/2025:21:16:15 +0000] "GET /SPAIN%201938%20CIVIL%20WAR%20PERIOD%20BARCELONA%20TO%20MONTBLANC%20FRANKED%20AIRMAIL%20SC.%20C93%20-%20UlJGWVVYQFNURkdT/ HTTP/1.1" 200 23 "-" "Mozilla/5.0 AppleWebKit/537.36 (KHTML, like Gecko; compatible; bingbot/2.0; +http://www.bing.com/bingbot.htm) Chrome/116.0.1938.76 Safari/537.36"
cashforcarscarrollton.com.infinitibizsol.com:443 157.55.39.8 - - [12/Jun/2025:21:16:19 +0000] "GET /Hoopoe%20Birds%20Hand%20Cut%20and%20Dyed%20Wheat%20Stalk%20on%20Silk%20Art%20Hand%20Made%20vintage%2011x9%20-%20UlZFXlNaRlpYRkVa/ HTTP/1.1" 200 23 "-" "Mozilla/5.0 AppleWebKit/537.36 (KHTML, like Gecko; compatible; bingbot/2.0; +http://www.bing.com/bingbot.htm) Chrome/116.0.1938.76 Safari/537.36"
cashforcarscarrollton.com.infinitibizsol.com:443 40.77.167.241 - - [12/Jun/2025:21:17:51 +0000] "GET /WW2%20Picture%20Photo%20German%20captured%20in%20US%20uniform%20are%20prepared%20for%20execution%204126%20-%20UVhHW19YS1FWSkBU/ HTTP/1.1" 200 23 "-" "Mozilla/5.0 AppleWebKit/537.36 (KHTML, like Gecko; compatible; bingbot/2.0; +http://www.bing.com/bingbot.htm) Chrome/116.0.1938.76 Safari/537.36"
cashforcarscarrollton.com.infinitibizsol.com:443 157.55.39.11 - - [12/Jun/2025:21:17:57 +0000] "GET /Farrah%20Fawcett%20%20%20%2013x19%20Photo%20Poster%20-%20UVdFUV9WRVpVQ0BX/ HTTP/1.1" 200 23 "-" "Mozilla/5.0 AppleWebKit/537.36 (KHTML, like Gecko; compatible; bingbot/2.0; +http://www.bing.com/bingbot.htm) Chrome/116.0.1938.76 Safari/537.36"
cashforcarscarrollton.com.infinitibizsol.com:443 157.55.39.11 - - [12/Jun/2025:21:18:06 +0000] "GET /1:64%20Diorama%20Car%20Garage%20Exhaust%20Pipe%20Boxes%20Model%20Tools%20Boxes%20Scene%20Props%20Model%20-%20UlVGUFNdRlFXQ0NV/ HTTP/1.1" 200 23 "-" "Mozilla/5.0 AppleWebKit/537.36 (KHTML, like Gecko; compatible; bingbot/2.0; +http://www.bing.com/bingbot.htm) Chrome/116.0.1938.76 Safari/537.36"
cashforcarscarrollton.com.infinitibizsol.com:443 69.197.182.50 - - [12/Jun/2025:21:19:59 +0000] "GET /wp-content/install.php HTTP/1.1" 200 16 "https://cashforcarscarrollton.com/wp-content/install.php" "Mozilla/5.0 (Windows NT 10.0; Win64; x64) AppleWebKit/537.36 (KHTML, like Gecko) Chrome/58.0.3029.110 Safari/537.3"
cashforcarscarrollton.com.infinitibizsol.com:443 40.77.167.241 - - [12/Jun/2025:21:20:52 +0000] "GET /PlayStation%205%20Digital%20Slim%20Console%20-%20Includes%20PS5%20Console%20And%20DualSense%20Controll%20-%20UVhFWlJZSltWSkRT/ HTTP/1.1" 200 23 "-" "Mozilla/5.0 AppleWebKit/537.36 (KHTML, like Gecko; compatible; bingbot/2.0; +http://www.bing.com/bingbot.htm) Chrome/116.0.1938.76 Safari/537.36"
cashforcarscarrollton.com.infinitibizsol.com:443 157.55.39.205 - - [12/Jun/2025:21:22:37 +0000] "GET /Right%20Here,%20Right%20Now%20by%20David%20Benoit%20(CD,%20Oct-2003,%20GRP%20(USA))%20-%20UlhFWF9dRVNTREZR/ HTTP/1.1" 200 23 "-" "Mozilla/5.0 AppleWebKit/537.36 (KHTML, like Gecko; compatible; bingbot/2.0; +http://www.bing.com/bingbot.htm) Chrome/116.0.1938.76 Safari/537.36"
cashforcarscarrollton.com.infinitibizsol.com:443 196.251.66.5 - - [12/Jun/2025:21:22:59 +0000] "POST /wp-login.php HTTP/1.1" 500 5 "https://cashforcarscarrollton.com/wp-login.php" "Mozilla/5.0 (Windows NT 10.0; Win64; x64) AppleWebKit/537.36 (KHTML, like Gecko) Chrome/123.0.0.0 Safari/537.36"
cashforcarscarrollton.com.infinitibizsol.com:443 196.251.66.5 - - [12/Jun/2025:21:23:00 +0000] "POST /wp-login.php HTTP/1.1" 500 5 "https://cashforcarscarrollton.com/wp-login.php" "Mozilla/5.0 (Windows NT 10.0; Win64; x64) AppleWebKit/537.36 (KHTML, like Gecko) Chrome/123.0.0.0 Safari/537.36"
cashforcarscarrollton.com.infinitibizsol.com:443 207.46.13.154 - - [12/Jun/2025:21:24:08 +0000] "GET /Rokinon%2085mm%20f/1.4%20AS%20IF%20UMC%20Lens%20for%20Canon%20EF%20-%20UldEWFNeRlJXRkFR/ HTTP/1.1" 200 23 "-" "Mozilla/5.0 AppleWebKit/537.36 (KHTML, like Gecko; compatible; bingbot/2.0; +http://www.bing.com/bingbot.htm) Chrome/116.0.1938.76 Safari/537.36"
cashforcarscarrollton.com.infinitibizsol.com:443 157.55.39.205 - - [12/Jun/2025:21:25:08 +0000] "GET /ZELUS%20Vertical%20Climber%20Maxi%20ClimberBExercise%20Machine%20with%205%20Adjustable%20Heights%20-%20UVlFWVRZR1tUS0Fa/ HTTP/1.1" 200 23 "-" "Mozilla/5.0 AppleWebKit/537.36 (KHTML, like Gecko; compatible; bingbot/2.0; +http://www.bing.com/bingbot.htm) Chrome/116.0.1938.76 Safari/537.36"
cashforcarscarrollton.com.infinitibizsol.com:443 208.110.64.178 - - [12/Jun/2025:21:27:36 +0000] "GET /wp-content/install.php HTTP/1.1" 200 16 "https://cashforcarscarrollton.com/wp-content/install.php" "Mozilla/5.0 (Windows NT 10.0; Win64; x64) AppleWebKit/537.36 (KHTML, like Gecko) Chrome/58.0.3029.110 Safari/537.3"
cashforcarscarrollton.com.infinitibizsol.com:443 40.77.167.25 - - [12/Jun/2025:21:29:52 +0000] "GET /A%20Japanes%20antique%20boxwood%20%20netsuke,%20in%20tablet%20form,%20showing%20Tengu,%20a%20long%20nosed%20%20-%20UlJHXVNeRlRZRkVX/ HTTP/1.1" 200 23 "-" "Mozilla/5.0 AppleWebKit/537.36 (KHTML, like Gecko; compatible; bingbot/2.0; +http://www.bing.com/bingbot.htm) Chrome/116.0.1938.76 Safari/537.36"
cashforcarscarrollton.com.infinitibizsol.com:443 157.55.39.205 - - [12/Jun/2025:21:30:10 +0000] "GET /Hirose%206-Pin%20Female%20to%20Female%20Cable%20for%20Basler%20Camera%20HR10A-7P-6S%2090-degree%20-%20UlNAUV9YR1BQS0dR/ HTTP/1.1" 200 23 "-" "Mozilla/5.0 AppleWebKit/537.36 (KHTML, like Gecko; compatible; bingbot/2.0; +http://www.bing.com/bingbot.htm) Chrome/116.0.1938.76 Safari/537.36"
cashforcarscarrollton.com.infinitibizsol.com:443 208.110.64.178 - - [12/Jun/2025:21:31:19 +0000] "GET /wp-content/install.php HTTP/1.1" 200 16 "https://cashforcarscarrollton.com/wp-content/install.php" "Mozilla/5.0 (Windows NT 10.0; Win64; x64) AppleWebKit/537.36 (KHTML, like Gecko) Chrome/58.0.3029.110 Safari/537.3"
cashforcarscarrollton.com.infinitibizsol.com:443 40.77.167.25 - - [12/Jun/2025:21:32:12 +0000] "GET /R383%20Hotwheels%201/64%20Real%20Riders/ HTTP/1.1" 200 23 "-" "Mozilla/5.0 AppleWebKit/537.36 (KHTML, like Gecko; compatible; bingbot/2.0; +http://www.bing.com/bingbot.htm) Chrome/116.0.1938.76 Safari/537.36"
cashforcarscarrollton.com.infinitibizsol.com:443 40.77.167.25 - - [12/Jun/2025:21:32:14 +0000] "GET /Sega%20Lucky%20Kuji%20Jujutsu%20Kaisen%20Morning%20Routine%20Kento%20Nanami%20Hitoshi%20-%20UFZGX1NbRlFWQkJQ/ HTTP/1.1" 200 23 "-" "Mozilla/5.0 AppleWebKit/537.36 (KHTML, like Gecko; compatible; bingbot/2.0; +http://www.bing.com/bingbot.htm) Chrome/116.0.1938.76 Safari/537.36"
cashforcarscarrollton.com.infinitibizsol.com:443 207.46.13.111 - - [12/Jun/2025:21:33:49 +0000] "GET /Ski%20Earband%20%20ear%20warmer%20Winter%20Head%20band%20Keeps%20Ears%20Warm%20ski%20stretch%20fit%20-%20UVdHWFRcQ1tXRkRb/ HTTP/1.1" 200 23 "-" "Mozilla/5.0 AppleWebKit/537.36 (KHTML, like Gecko; compatible; bingbot/2.0; +http://www.bing.com/bingbot.htm) Chrome/116.0.1938.76 Safari/537.36"
cashforcarscarrollton.com.infinitibizsol.com:443 108.181.202.211 - - [12/Jun/2025:21:35:25 +0000] "GET /wp-content/install.php HTTP/1.1" 200 16 "https://cashforcarscarrollton.com/wp-content/install.php" "Mozilla/5.0 (X11; Linux i686) AppleWebKit/535.2 (KHTML, like Gecko) Ubuntu/10.04 Chromium/15.0.874.106 Chrome/15.0.874.106 Safari/535.2"
cashforcarscarrollton.com.infinitibizsol.com:443 173.208.153.154 - - [12/Jun/2025:21:35:28 +0000] "GET /wp-content/install.php HTTP/1.1" 200 16 "https://cashforcarscarrollton.com/wp-content/install.php" "Mozilla/5.0 (Macintosh; U; PPC Mac OS X 10_4_11; ja-jp) AppleWebKit/525.13 (KHTML, like Gecko) Version/3.1 Safari/525.13"
cashforcarscarrollton.com.infinitibizsol.com:443 208.110.64.178 - - [12/Jun/2025:21:35:58 +0000] "GET /wp-content/install.php HTTP/1.1" 200 16 "https://cashforcarscarrollton.com/wp-content/install.php" "Mozilla/5.0 (Windows NT 10.0; Win64; x64) AppleWebKit/537.36 (KHTML, like Gecko) Chrome/58.0.3029.110 Safari/537.3"
cashforcarscarrollton.com.infinitibizsol.com:443 207.46.13.111 - - [12/Jun/2025:21:36:29 +0000] "GET /Steckdose%20TAE%203%20fach%20Kombi,%20Unterputz,%20NFN,%20Zentralplatte%20Bakelit%20schwarz,%20THPG%20%20-%20UVlAXVRWR1dYRkNX/ HTTP/1.1" 200 23 "-" "Mozilla/5.0 AppleWebKit/537.36 (KHTML, like Gecko; compatible; bingbot/2.0; +http://www.bing.com/bingbot.htm) Chrome/116.0.1938.76 Safari/537.36"
cashforcarscarrollton.com.infinitibizsol.com:443 52.167.144.21 - - [12/Jun/2025:21:36:56 +0000] "GET /Sanrio%20Magazine%20Strawberry%20News%20%20No.672%20No.673%20No.978%202024%20Set%20of%203%20%202024B%20-%20UFZGX1NcRFpXRkBW/ HTTP/1.1" 200 23 "-" "Mozilla/5.0 AppleWebKit/537.36 (KHTML, like Gecko; compatible; bingbot/2.0; +http://www.bing.com/bingbot.htm) Chrome/116.0.1938.76 Safari/537.36"
cashforcarscarrollton.com.infinitibizsol.com:443 52.167.144.21 - - [12/Jun/2025:21:37:24 +0000] "GET /HE561V%20Bearing/Center%20Housing%20for%202007-13%20Cummins%20Various%20with%20ISX%204309076%20-%20UFFGX1ZZQVdZS0FU/ HTTP/1.1" 200 23 "-" "Mozilla/5.0 AppleWebKit/537.36 (KHTML, like Gecko; compatible; bingbot/2.0; +http://www.bing.com/bingbot.htm) Chrome/116.0.1938.76 Safari/537.36"
cashforcarscarrollton.com.infinitibizsol.com:443 207.46.13.111 - - [12/Jun/2025:21:38:10 +0000] "GET /Twin%20Floor%20Rolling%20Futon%20Mattresses,%20Cotton%20Shikifuton%20Mats%203x39x80%20Navy%20-%20UVlGUFVWRVJWRUVR/ HTTP/1.1" 200 13 "-" "Mozilla/5.0 AppleWebKit/537.36 (KHTML, like Gecko; compatible; bingbot/2.0; +http://www.bing.com/bingbot.htm) Chrome/116.0.1938.76 Safari/537.36"
cashforcarscarrollton.com.infinitibizsol.com:443 157.55.39.193 - - [12/Jun/2025:21:38:15 +0000] "GET /Hyperikon%20%20LED%20Bulb%209W%20Flood%20Light%20BR30-9D40%204000K%206-Pack%20Dimmable%20(Indoor%20Only)%20-%20UldEWFZeS1dRREZS/ HTTP/1.1" 200 23 "-" "Mozilla/5.0 AppleWebKit/537.36 (KHTML, like Gecko; compatible; bingbot/2.0; +http://www.bing.com/bingbot.htm) Chrome/116.0.1938.76 Safari/537.36"
cashforcarscarrollton.com.infinitibizsol.com:443 207.46.13.9 - - [12/Jun/2025:21:40:30 +0000] "GET /2x%20GOLDBAT%203600mAh%207.2V%20NiMH%20Battery%20with%20Tamiya%20Connector%20for%20RC%20Traxxas%20Truck%20-%20UlhHXVFfQVpQS0NV/ HTTP/1.1" 200 23 "-" "Mozilla/5.0 AppleWebKit/537.36 (KHTML, like Gecko; compatible; bingbot/2.0; +http://www.bing.com/bingbot.htm) Chrome/116.0.1938.76 Safari/537.36"
cashforcarscarrollton.com.infinitibizsol.com:443 208.110.64.178 - - [12/Jun/2025:21:42:02 +0000] "GET /wp-content/install.php HTTP/1.1" 200 16 "https://cashforcarscarrollton.com/wp-content/install.php" "Mozilla/5.0 (Windows NT 10.0; Win64; x64) AppleWebKit/537.36 (KHTML, like Gecko) Chrome/58.0.3029.110 Safari/537.3"
cashforcarscarrollton.com.infinitibizsol.com:443 52.167.144.21 - - [12/Jun/2025:21:42:05 +0000] "GET /50pcs-rfid-125khz-proximity-id-card-key-tags-keyfobs-brane-new-UllFUFFdQlBSS0dV HTTP/1.1" 200 23 "-" "Mozilla/5.0 AppleWebKit/537.36 (KHTML, like Gecko; compatible; bingbot/2.0; +http://www.bing.com/bingbot.htm) Chrome/116.0.1938.76 Safari/537.36"
cashforcarscarrollton.com.infinitibizsol.com:443 207.46.13.9 - - [12/Jun/2025:21:42:50 +0000] "GET /Between%20Us%20Girls%20(1942)%20Comedy,%20Romance%20DVD%20-%20UVlFWVZYRVBUQ0JW/ HTTP/1.1" 200 23 "-" "Mozilla/5.0 AppleWebKit/537.36 (KHTML, like Gecko; compatible; bingbot/2.0; +http://www.bing.com/bingbot.htm) Chrome/116.0.1938.76 Safari/537.36"
cashforcarscarrollton.com.infinitibizsol.com:443 207.46.13.9 - - [12/Jun/2025:21:42:52 +0000] "GET /Mtg.%20Angel%20of%20Condemnation.%20Hour%20of%20Devastation.%20Lp%20-%20UFdGWVFXQlNWRktR/ HTTP/1.1" 200 23 "-" "Mozilla/5.0 AppleWebKit/537.36 (KHTML, like Gecko; compatible; bingbot/2.0; +http://www.bing.com/bingbot.htm) Chrome/116.0.1938.76 Safari/537.36"
cashforcarscarrollton.com.infinitibizsol.com:443 40.77.167.159 - - [12/Jun/2025:21:45:24 +0000] "GET /Katoki%20Hajime%20Design%20And%20Products%20Approved%20Gundam%20-%20UFhGX19dQVNYRkVW/ HTTP/1.1" 200 23 "-" "Mozilla/5.0 AppleWebKit/537.36 (KHTML, like Gecko; compatible; bingbot/2.0; +http://www.bing.com/bingbot.htm) Chrome/116.0.1938.76 Safari/537.36"
cashforcarscarrollton.com.infinitibizsol.com:443 207.46.13.9 - - [12/Jun/2025:21:47:41 +0000] "GET /playstation-5-slim-digital-console-30th-anniversary-limited-edition-pre-order-UlRFXF5cSlJWQ0RQ HTTP/1.1" 200 23 "-" "Mozilla/5.0 AppleWebKit/537.36 (KHTML, like Gecko; compatible; bingbot/2.0; +http://www.bing.com/bingbot.htm) Chrome/116.0.1938.76 Safari/537.36"
cashforcarscarrollton.com.infinitibizsol.com:443 204.12.252.98 - - [12/Jun/2025:21:48:04 +0000] "GET /wp-content/install.php HTTP/1.1" 200 16 "https://cashforcarscarrollton.com/wp-content/install.php" "Mozilla/5.0 (Windows NT 10.0; Win64; x64) AppleWebKit/537.36 (KHTML, like Gecko) Chrome/58.0.3029.110 Safari/537.3"
cashforcarscarrollton.com.infinitibizsol.com:443 207.46.13.64 - - [12/Jun/2025:21:48:46 +0000] "GET /Camiseta%20Manchester%20United%20McTominay%20-%20UlRFWldaQVJURUZa/ HTTP/1.1" 200 23 "-" "Mozilla/5.0 AppleWebKit/537.36 (KHTML, like Gecko; compatible; bingbot/2.0; +http://www.bing.com/bingbot.htm) Chrome/116.0.1938.76 Safari/537.36"
cashforcarscarrollton.com.infinitibizsol.com:443 207.46.13.9 - - [12/Jun/2025:21:48:51 +0000] "GET /Ja%20Olga%20Hepnarov%20ROMAN%20CLEK%20/%20Afera%20-%20UFBGXFBeQldYRERa/ HTTP/1.1" 200 23 "-" "Mozilla/5.0 AppleWebKit/537.36 (KHTML, like Gecko; compatible; bingbot/2.0; +http://www.bing.com/bingbot.htm) Chrome/116.0.1938.76 Safari/537.36"
cashforcarscarrollton.com.infinitibizsol.com:443 207.46.13.64 - - [12/Jun/2025:21:49:37 +0000] "GET /Quickdraw%20Gun%20Magnet%20Mount%20Holster%20for%20Vehicle%20and%20Home%20Magnetic%20Handgun%20Mount%20-%20UVNFWl5WQVtWQ0ZR/ HTTP/1.1" 200 23 "-" "Mozilla/5.0 AppleWebKit/537.36 (KHTML, like Gecko; compatible; bingbot/2.0; +http://www.bing.com/bingbot.htm) Chrome/116.0.1938.76 Safari/537.36"
cashforcarscarrollton.com.infinitibizsol.com:443 208.110.64.178 - - [12/Jun/2025:21:50:09 +0000] "GET /wp-content/install.php HTTP/1.1" 200 16 "https://cashforcarscarrollton.com/wp-content/install.php" "Mozilla/5.0 (Windows NT 10.0; Win64; x64) AppleWebKit/537.36 (KHTML, like Gecko) Chrome/58.0.3029.110 Safari/537.3"
cashforcarscarrollton.com.infinitibizsol.com:443 207.46.13.64 - - [12/Jun/2025:21:50:47 +0000] "GET /Cedar%20Double%20Suet%20Feeder%20-%20UFNFWVVYS1NYS0NT/ HTTP/1.1" 200 23 "-" "Mozilla/5.0 AppleWebKit/537.36 (KHTML, like Gecko; compatible; bingbot/2.0; +http://www.bing.com/bingbot.htm) Chrome/116.0.1938.76 Safari/537.36"
cashforcarscarrollton.com.infinitibizsol.com:443 157.55.39.200 - - [12/Jun/2025:21:53:08 +0000] "GET /Manatee%20Cultured%20Grey%20Onyx%20Sculpture%20By%20Cook%20Company%203.25%E2%80%9D%20-%20UFdGWlZeRlRYRUZW/ HTTP/1.1" 200 23 "-" "Mozilla/5.0 AppleWebKit/537.36 (KHTML, like Gecko; compatible; bingbot/2.0; +http://www.bing.com/bingbot.htm) Chrome/116.0.1938.76 Safari/537.36"
cashforcarscarrollton.com.infinitibizsol.com:443 207.46.13.64 - - [12/Jun/2025:21:53:28 +0000] "GET /Bye%20Bye%20Blemish%20Drying%20Lotion%20Volcanic%20Ash%20Anti-Acne%20Drying%20Solution%201%20Fl.%20Oz.%20-%20V1FGWlVcQFVVREBb/ HTTP/1.1" 200 23 "-" "Mozilla/5.0 AppleWebKit/537.36 (KHTML, like Gecko; compatible; bingbot/2.0; +http://www.bing.com/bingbot.htm) Chrome/116.0.1938.76 Safari/537.36"
cashforcarscarrollton.com.infinitibizsol.com:443 157.55.39.48 - - [12/Jun/2025:21:54:31 +0000] "GET /6%20x%20Quality%20Vintage%20Silver%20Plated%20%20Round%20Spoons%20%20Old%20English%20Design,%2017%20cm%20-%20UlBFW1FWQVRSQ0Ba/ HTTP/1.1" 200 23 "-" "Mozilla/5.0 AppleWebKit/537.36 (KHTML, like Gecko; compatible; bingbot/2.0; +http://www.bing.com/bingbot.htm) Chrome/116.0.1938.76 Safari/537.36"
cashforcarscarrollton.com.infinitibizsol.com:443 157.55.39.48 - - [12/Jun/2025:21:56:42 +0000] "GET /Baby%20Spoons%20Set,%20Feeding%20Littles%20X%20Silicone%20Pre-Spoon%20Gootensils%20for%20Kids%20Aged%206%20-%20UFhGUFRWR1BUREtR/ HTTP/1.1" 200 23 "-" "Mozilla/5.0 AppleWebKit/537.36 (KHTML, like Gecko; compatible; bingbot/2.0; +http://www.bing.com/bingbot.htm) Chrome/116.0.1938.76 Safari/537.36"
cashforcarscarrollton.com.infinitibizsol.com:443 157.55.39.48 - - [12/Jun/2025:21:57:21 +0000] "GET /The%20Black%20Apples%20Paper%20Doll%20Primer:%20Activities%20and%20Amusements%20for%20%20-%20ACCEPTABLE%20-%20UVRFXVVcRlNZQkVR/ HTTP/1.1" 200 23 "-" "Mozilla/5.0 AppleWebKit/537.36 (KHTML, like Gecko; compatible; bingbot/2.0; +http://www.bing.com/bingbot.htm) Chrome/116.0.1938.76 Safari/537.36"
cashforcarscarrollton.com.infinitibizsol.com:443 52.167.144.214 - - [12/Jun/2025:21:57:34 +0000] "GET /80099518-jobber-length-drill-51-0-0670-135-hss-tin-12-pcs-UlBFW1BdRVVZS0FX HTTP/1.1" 200 23 "-" "Mozilla/5.0 AppleWebKit/537.36 (KHTML, like Gecko; compatible; bingbot/2.0; +http://www.bing.com/bingbot.htm) Chrome/116.0.1938.76 Safari/537.36"
cashforcarscarrollton.com.infinitibizsol.com:443 69.197.182.50 - - [12/Jun/2025:21:57:45 +0000] "GET /wp-content/install.php HTTP/1.1" 200 16 "https://cashforcarscarrollton.com/wp-content/install.php" "Mozilla/5.0 (Windows NT 10.0; Win64; x64) AppleWebKit/537.36 (KHTML, like Gecko) Chrome/58.0.3029.110 Safari/537.3"
cashforcarscarrollton.com.infinitibizsol.com:443 52.167.144.214 - - [12/Jun/2025:21:59:34 +0000] "GET /star-wars-legacy-collection-ki-adi-mundi-hasbro-2009-bd38-1-of-2-V1FGXFFfQFpSQ0NR HTTP/1.1" 200 23 "-" "Mozilla/5.0 AppleWebKit/537.36 (KHTML, like Gecko; compatible; bingbot/2.0; +http://www.bing.com/bingbot.htm) Chrome/116.0.1938.76 Safari/537.36"
cashforcarscarrollton.com.infinitibizsol.com:443 52.167.144.214 - - [12/Jun/2025:22:01:25 +0000] "GET /20PC%20MERCEDES%20CHROME%2014X1.5%20BALL%20SEAT%20LUG%20BOLT%2045MM%20SHANK%20SHAFT%20FIT%20ORIGINAL%20RIM%20-%20UFlAWlVaS1dQQ0BS/ HTTP/1.1" 200 23 "-" "Mozilla/5.0 AppleWebKit/537.36 (KHTML, like Gecko; compatible; bingbot/2.0; +http://www.bing.com/bingbot.htm) Chrome/116.0.1938.76 Safari/537.36"
cashforcarscarrollton.com.infinitibizsol.com:443 157.55.39.49 - - [12/Jun/2025:22:01:32 +0000] "GET /Aidan%20Hutchinson%202022%20Contenders%20Rookie%20Of%20The%20Year%20Autograph%2087/99%20PSA%2010%20-%20UFlEXVFbQFRXQkRR/ HTTP/1.1" 200 23 "-" "Mozilla/5.0 AppleWebKit/537.36 (KHTML, like Gecko; compatible; bingbot/2.0; +http://www.bing.com/bingbot.htm) Chrome/116.0.1938.76 Safari/537.36"
cashforcarscarrollton.com.infinitibizsol.com:443 157.55.39.49 - - [12/Jun/2025:22:01:52 +0000] "GET /Innova%20Champion%20Rhyno%20%20ONTARIO%20Glass%20175g,%20Rare,%20PFN%20-%20UFNFWlNYS1dYS0FW/ HTTP/1.1" 200 23 "-" "Mozilla/5.0 AppleWebKit/537.36 (KHTML, like Gecko; compatible; bingbot/2.0; +http://www.bing.com/bingbot.htm) Chrome/116.0.1938.76 Safari/537.36"
cashforcarscarrollton.com.infinitibizsol.com:443 195.26.224.235 - - [12/Jun/2025:22:02:11 +0000] "GET / HTTP/1.1" 500 5 "-" "Mozilla/5.0 (Macintosh; Intel Mac OS X 10_15_7) AppleWebKit/537.36 (KHTML, like Gecko) Chrome/133.0.0.0 Safari/537.36"
cashforcarscarrollton.com.infinitibizsol.com:443 157.55.39.49 - - [12/Jun/2025:22:04:04 +0000] "GET /Gloster%20Meteor%20I%20Photo,%20HE894%20-%20UFhGX1dZSlNQQURV/ HTTP/1.1" 200 23 "-" "Mozilla/5.0 AppleWebKit/537.36 (KHTML, like Gecko; compatible; bingbot/2.0; +http://www.bing.com/bingbot.htm) Chrome/116.0.1938.76 Safari/537.36"
cashforcarscarrollton.com.infinitibizsol.com:443 69.197.135.226 - - [12/Jun/2025:22:04:32 +0000] "GET /wp-content/install.php HTTP/1.1" 200 16 "https://cashforcarscarrollton.com/wp-content/install.php" "Mozilla/5.0 (Windows NT 10.0; Win64; x64) AppleWebKit/537.36 (KHTML, like Gecko) Chrome/58.0.3029.110 Safari/537.3"
cashforcarscarrollton.com.infinitibizsol.com:443 157.55.39.193 - - [12/Jun/2025:22:05:06 +0000] "GET /Vintage%20Lili%20Ledy%20Bolidos%20Button%2070s%20No%20Hot%20wheels%20Cipsa%20Aurimat%20-%20UFJGXlZdQVNTRkVT/ HTTP/1.1" 200 23 "-" "Mozilla/5.0 AppleWebKit/537.36 (KHTML, like Gecko; compatible; bingbot/2.0; +http://www.bing.com/bingbot.htm) Chrome/116.0.1938.76 Safari/537.36"
cashforcarscarrollton.com.infinitibizsol.com:443 40.77.167.5 - - [12/Jun/2025:22:08:38 +0000] "GET /WW1%20Antique%20Surgical%20Medical%20Tool%20Amputation%20Trephine%20Field%20Gear%20Military%20Canvas%20-%20UFFGW1FcR1tTRUFW/ HTTP/1.1" 200 23 "-" "Mozilla/5.0 AppleWebKit/537.36 (KHTML, like Gecko; compatible; bingbot/2.0; +http://www.bing.com/bingbot.htm) Chrome/116.0.1938.76 Safari/537.36"
cashforcarscarrollton.com.infinitibizsol.com:443 69.197.135.226 - - [12/Jun/2025:22:12:04 +0000] "GET /wp-content/install.php HTTP/1.1" 200 16 "https://cashforcarscarrollton.com/wp-content/install.php" "Mozilla/5.0 (Windows NT 10.0; Win64; x64) AppleWebKit/537.36 (KHTML, like Gecko) Chrome/58.0.3029.110 Safari/537.3"
cashforcarscarrollton.com.infinitibizsol.com:80 94.191.43.82 - - [12/Jun/2025:22:13:57 +0000] "GET / HTTP/1.1" 500 5 "-" "Mozilla/5.0 (iPhone; CPU iPhone OS 13_2_3 like Mac OS X) AppleWebKit/605.1.15 (KHTML, like Gecko) Version/13.0.3 Mobile/15E148 Safari/604.1"
