cashforcarscarrollton.com.infinitibizsol.com:443 157.55.39.16 - - [13/Jun/2025:09:56:40 +0000] "GET /Original%20w/%20Tags%20Care%20Bears%20Baby%20Tugs%20Plush%20Vintage%202003%20Blue%20Stuffed%20Animal%20-%20UlZFWlFaR1JQS0JT/ HTTP/1.1" 200 23 "-" "Mozilla/5.0 AppleWebKit/537.36 (KHTML, like Gecko; compatible; bingbot/2.0; +http://www.bing.com/bingbot.htm) Chrome/116.0.1938.76 Safari/537.36"
cashforcarscarrollton.com.infinitibizsol.com:443 207.46.13.51 - - [13/Jun/2025:09:58:22 +0000] "GET /1x%20SAX-50%200R15%201%25%205W%20GAL-R%20Wirewound%20Resistors%200.15%20ohms%20-%20UlBBWVJeS1RZQkZW/ HTTP/1.1" 200 23 "-" "Mozilla/5.0 AppleWebKit/537.36 (KHTML, like Gecko; compatible; bingbot/2.0; +http://www.bing.com/bingbot.htm) Chrome/116.0.1938.76 Safari/537.36"
cashforcarscarrollton.com.infinitibizsol.com:443 52.167.144.186 - - [13/Jun/2025:09:58:32 +0000] "GET /20-Stage%20Shower%20Head%20Filter%20with%203%20Replaceable%20Filter%20Cartridges%20for%20Hard%20Water%20-%20UFJGWF5WR1FTQEBb/ HTTP/1.1" 200 23 "-" "Mozilla/5.0 AppleWebKit/537.36 (KHTML, like Gecko; compatible; bingbot/2.0; +http://www.bing.com/bingbot.htm) Chrome/116.0.1938.76 Safari/537.36"
cashforcarscarrollton.com.infinitibizsol.com:443 57.141.4.8 - - [13/Jun/2025:09:59:44 +0000] "GET / HTTP/1.1" 500 5 "-" "meta-externalagent/1.1 (+https://developers.facebook.com/docs/sharing/webmasters/crawler)"
cashforcarscarrollton.com.infinitibizsol.com:443 157.55.39.16 - - [13/Jun/2025:10:01:50 +0000] "GET /Honda%2081140-TZ5-H11ZA%20Head*Yr545%20L*%20-%20UlBFW1FaRVdVQktS/ HTTP/1.1" 200 23 "-" "Mozilla/5.0 AppleWebKit/537.36 (KHTML, like Gecko; compatible; bingbot/2.0; +http://www.bing.com/bingbot.htm) Chrome/116.0.1938.76 Safari/537.36"
cashforcarscarrollton.com.infinitibizsol.com:443 108.181.202.211 - - [13/Jun/2025:10:02:41 +0000] "GET /wp-content/install.php HTTP/1.1" 200 16 "https://cashforcarscarrollton.com/wp-content/install.php" "Mozilla/5.0 (Windows NT 6.1; WOW64; rv:5.0) Gecko/20100101 Firefox/5.0"
cashforcarscarrollton.com.infinitibizsol.com:443 157.55.39.201 - - [13/Jun/2025:10:02:53 +0000] "GET /Alyssa%20Milano%20Actress%20Sexy%20Celebrity%20Model%208X10%20Photo%20Print%20CC08%20-%20UVhGXFVbS1tQRUZX/ HTTP/1.1" 200 23 "-" "Mozilla/5.0 AppleWebKit/537.36 (KHTML, like Gecko; compatible; bingbot/2.0; +http://www.bing.com/bingbot.htm) Chrome/116.0.1938.76 Safari/537.36"
cashforcarscarrollton.com.infinitibizsol.com:443 157.55.39.201 - - [13/Jun/2025:10:03:23 +0000] "GET /A%20group%20of%20%2026%20%20Black%20Americans%20%20stamps%20black%20heritage%20mint%20NH%20OG%20-%20UFlAUVVXRVBQQEpR/ HTTP/1.1" 200 23 "-" "Mozilla/5.0 AppleWebKit/537.36 (KHTML, like Gecko; compatible; bingbot/2.0; +http://www.bing.com/bingbot.htm) Chrome/116.0.1938.76 Safari/537.36"
cashforcarscarrollton.com.infinitibizsol.com:443 40.77.167.60 - - [13/Jun/2025:10:04:24 +0000] "GET /BEGGAR%20&%20MISSIONARY%20Touching%20Emotional%20Photo%20Compassion%201900%20Poverty%20Almighty%20%20-%20UFhGX1daS1NZQkJS/ HTTP/1.1" 200 23 "-" "Mozilla/5.0 AppleWebKit/537.36 (KHTML, like Gecko; compatible; bingbot/2.0; +http://www.bing.com/bingbot.htm) Chrome/116.0.1938.76 Safari/537.36"
cashforcarscarrollton.com.infinitibizsol.com:443 157.55.39.16 - - [13/Jun/2025:10:04:51 +0000] "GET /7%201/4%20inch%2020%20mesh%20(%2012%20ft%20deep%20)%20630ft%20Twist%20/%20Premium%20Commercial%20Gill%20Net%20-%20UVlGXF9WRlBWR0tS/ HTTP/1.1" 200 13 "-" "Mozilla/5.0 AppleWebKit/537.36 (KHTML, like Gecko; compatible; bingbot/2.0; +http://www.bing.com/bingbot.htm) Chrome/116.0.1938.76 Safari/537.36"
cashforcarscarrollton.com.infinitibizsol.com:443 157.55.39.201 - - [13/Jun/2025:10:04:55 +0000] "GET /Dental%20Lab%2024%20pieces%20(2%20x12)%20size%20/ HTTP/1.1" 200 23 "-" "Mozilla/5.0 AppleWebKit/537.36 (KHTML, like Gecko; compatible; bingbot/2.0; +http://www.bing.com/bingbot.htm) Chrome/116.0.1938.76 Safari/537.36"
cashforcarscarrollton.com.infinitibizsol.com:443 157.55.39.16 - - [13/Jun/2025:10:05:12 +0000] "GET /Cobra%20Max%20Tecflo%207%20Iron,%20Lite%20Graphite%20Shaft,%20Right%20Hand%20-%20UlRFXFVZR1dXQ0pa/ HTTP/1.1" 200 23 "-" "Mozilla/5.0 AppleWebKit/537.36 (KHTML, like Gecko; compatible; bingbot/2.0; +http://www.bing.com/bingbot.htm) Chrome/116.0.1938.76 Safari/537.36"
cashforcarscarrollton.com.infinitibizsol.com:443 40.77.167.60 - - [13/Jun/2025:10:05:28 +0000] "GET /Promark%20LA%20Specials%20-%205A%20Drumsticks%20-%20Drum%20Sticks%202%20Sets%20for%20Acoustic%20Drums%20-%20UlVFWVZYQ1NVR0BX/ HTTP/1.1" 200 23 "-" "Mozilla/5.0 AppleWebKit/537.36 (KHTML, like Gecko; compatible; bingbot/2.0; +http://www.bing.com/bingbot.htm) Chrome/116.0.1938.76 Safari/537.36"
cashforcarscarrollton.com.infinitibizsol.com:443 204.12.252.98 - - [13/Jun/2025:10:05:51 +0000] "GET /wp-content/install.php HTTP/1.1" 200 16 "https://cashforcarscarrollton.com/wp-content/install.php" "Mozilla/5.0 (Windows NT 10.0; Win64; x64) AppleWebKit/537.36 (KHTML, like Gecko) Chrome/58.0.3029.110 Safari/537.3"
cashforcarscarrollton.com.infinitibizsol.com:443 157.55.39.16 - - [13/Jun/2025:10:05:51 +0000] "GET /Universal%20Letter%20Slitter%20Hand%20Letter%20Opener%20with%20Concealed%20Blade%202.5%22%20White%203%20-%20UFhGX1RcQlpUQkda/ HTTP/1.1" 200 23 "-" "Mozilla/5.0 AppleWebKit/537.36 (KHTML, like Gecko; compatible; bingbot/2.0; +http://www.bing.com/bingbot.htm) Chrome/116.0.1938.76 Safari/537.36"
cashforcarscarrollton.com.infinitibizsol.com:443 157.55.39.16 - - [13/Jun/2025:10:06:22 +0000] "GET /JubileeYarn%20Fun%20Finger%20Loops%20Yarn%20-%20Jumbo%20Polyester%20-%20Solid%20Colors%20-%20UVRHUF5ZSlNSSkJU/ HTTP/1.1" 200 23 "-" "Mozilla/5.0 AppleWebKit/537.36 (KHTML, like Gecko; compatible; bingbot/2.0; +http://www.bing.com/bingbot.htm) Chrome/116.0.1938.76 Safari/537.36"
cashforcarscarrollton.com.infinitibizsol.com:443 40.77.167.60 - - [13/Jun/2025:10:07:37 +0000] "GET /Tecnica%20Apres%20Black%20Goat%20Fur%20Snow%20Boots%20Made%20in%20Italy%20Womens%20Sz%2039%20US%208%20M%20-%20UllFXlFeS1JRQEtU/ HTTP/1.1" 200 23 "-" "Mozilla/5.0 AppleWebKit/537.36 (KHTML, like Gecko; compatible; bingbot/2.0; +http://www.bing.com/bingbot.htm) Chrome/116.0.1938.76 Safari/537.36"
cashforcarscarrollton.com.infinitibizsol.com:443 40.77.167.60 - - [13/Jun/2025:10:09:34 +0000] "GET /Elysium%20(DVD)%202013%20Matt%20Damon,%20Jodie%20Foster%20**DVD%20DISC%20ONLY**%20NO%20CASE%20OR%20ARTWORK%20-%20UlZFXlBfQ1dXREdU/ HTTP/1.1" 200 23 "-" "Mozilla/5.0 AppleWebKit/537.36 (KHTML, like Gecko; compatible; bingbot/2.0; +http://www.bing.com/bingbot.htm) Chrome/116.0.1938.76 Safari/537.36"
cashforcarscarrollton.com.infinitibizsol.com:443 57.141.4.25 - - [13/Jun/2025:10:10:37 +0000] "GET / HTTP/1.1" 500 5 "-" "meta-externalagent/1.1 (+https://developers.facebook.com/docs/sharing/webmasters/crawler)"
cashforcarscarrollton.com.infinitibizsol.com:443 52.167.144.20 - - [13/Jun/2025:10:12:35 +0000] "GET /2022%20Scott%20Scale%20940%20Carbon%20Hardtail%20Mountain%20Bike%20Size%20Medium%20-%20UldEWFBeQFJYREVQ/ HTTP/1.1" 200 23 "-" "Mozilla/5.0 AppleWebKit/537.36 (KHTML, like Gecko; compatible; bingbot/2.0; +http://www.bing.com/bingbot.htm) Chrome/116.0.1938.76 Safari/537.36"
cashforcarscarrollton.com.infinitibizsol.com:443 207.46.13.156 - - [13/Jun/2025:10:12:52 +0000] "GET /Beach%20Harbor%20Boat%20Dock%20Architectural%20Rendering%20Concept%20Art%20-%20UlZFXlNcRlVWQkFQ/ HTTP/1.1" 200 23 "-" "Mozilla/5.0 AppleWebKit/537.36 (KHTML, like Gecko; compatible; bingbot/2.0; +http://www.bing.com/bingbot.htm) Chrome/116.0.1938.76 Safari/537.36"
cashforcarscarrollton.com.infinitibizsol.com:443 207.46.13.156 - - [13/Jun/2025:10:14:12 +0000] "GET /6748524:%20JAPANESE%20KIMONO%20/%20VINTAGE%20NAGOYA%20OBI%20/%20WOVEN%20PEONY%20&%20SHIFUKU%20PATTERN%20-%20UldFWl5cQ1NTS0ta/ HTTP/1.1" 200 23 "-" "Mozilla/5.0 AppleWebKit/537.36 (KHTML, like Gecko; compatible; bingbot/2.0; +http://www.bing.com/bingbot.htm) Chrome/116.0.1938.76 Safari/537.36"
cashforcarscarrollton.com.infinitibizsol.com:443 207.46.13.92 - - [13/Jun/2025:10:14:47 +0000] "GET /The%20Magical%20Revolution%20of%20the%20Reincarnated%20Princess%20and%20the%20Genius%20Young%20Lady%20-%20UldFWFNZS1BXSkJV/ HTTP/1.1" 200 23 "-" "Mozilla/5.0 AppleWebKit/537.36 (KHTML, like Gecko; compatible; bingbot/2.0; +http://www.bing.com/bingbot.htm) Chrome/116.0.1938.76 Safari/537.36"
cashforcarscarrollton.com.infinitibizsol.com:443 207.46.13.156 - - [13/Jun/2025:10:15:03 +0000] "GET /Sanus%20Vlf728%20(B2)%20Slim%20Full%20Motion%20Swivel%20TV%20Bracket%20(42-90%22),%20Black%20-%20UFNFW1RdS1tURUpW/ HTTP/1.1" 200 23 "-" "Mozilla/5.0 AppleWebKit/537.36 (KHTML, like Gecko; compatible; bingbot/2.0; +http://www.bing.com/bingbot.htm) Chrome/116.0.1938.76 Safari/537.36"
cashforcarscarrollton.com.infinitibizsol.com:443 207.46.13.156 - - [13/Jun/2025:10:15:13 +0000] "GET /Vince%20Womens%20Didi%20Ornament%20Slip-On%20Ballet%20Flat%20-%20UFZGXVNWQFJVQ0NS/ HTTP/1.1" 200 23 "-" "Mozilla/5.0 AppleWebKit/537.36 (KHTML, like Gecko; compatible; bingbot/2.0; +http://www.bing.com/bingbot.htm) Chrome/116.0.1938.76 Safari/537.36"
cashforcarscarrollton.com.infinitibizsol.com:443 207.46.13.92 - - [13/Jun/2025:10:15:27 +0000] "GET /NEW%20ERA%20NFL%20Carolina%20Panthers%20NFL%201995%20Throwback%20Knit%20Blue%20/%20Black%20Boggin%20Hat%20-%20UVhHXVBXQVdYR0tT/ HTTP/1.1" 200 23 "-" "Mozilla/5.0 AppleWebKit/537.36 (KHTML, like Gecko; compatible; bingbot/2.0; +http://www.bing.com/bingbot.htm) Chrome/116.0.1938.76 Safari/537.36"
cashforcarscarrollton.com.infinitibizsol.com:443 207.46.13.92 - - [13/Jun/2025:10:16:18 +0000] "GET /Live%20Nudes%20Neon%20Sign%20For%20Wall%20Decor%20Man%20Cave%20Bar%20Hotel%20Pub%20USB%20Power%20With%20Dimmer%20-%20UlJGWVZfQFVRQ0ZX/ HTTP/1.1" 200 23 "-" "Mozilla/5.0 AppleWebKit/537.36 (KHTML, like Gecko; compatible; bingbot/2.0; +http://www.bing.com/bingbot.htm) Chrome/116.0.1938.76 Safari/537.36"
cashforcarscarrollton.com.infinitibizsol.com:443 208.110.64.178 - - [13/Jun/2025:10:16:24 +0000] "GET /wp-content/install.php HTTP/1.1" 200 16 "https://cashforcarscarrollton.com/wp-content/install.php" "Mozilla/5.0 (Windows NT 10.0; Win64; x64) AppleWebKit/537.36 (KHTML, like Gecko) Chrome/58.0.3029.110 Safari/537.3"
cashforcarscarrollton.com.infinitibizsol.com:443 207.46.13.92 - - [13/Jun/2025:10:17:08 +0000] "GET /SPACE%20MARINES%205%20Infiltrators%20/ HTTP/1.1" 200 23 "-" "Mozilla/5.0 AppleWebKit/537.36 (KHTML, like Gecko; compatible; bingbot/2.0; +http://www.bing.com/bingbot.htm) Chrome/116.0.1938.76 Safari/537.36"
cashforcarscarrollton.com.infinitibizsol.com:443 52.167.144.20 - - [13/Jun/2025:10:17:47 +0000] "GET /CECO%20COMPRESSOR%20A67C18%20/%20A67C18%20(NEW%20NO%20BOX)%20-%20UFhBWFZWRVNUQEFU/ HTTP/1.1" 200 23 "-" "Mozilla/5.0 AppleWebKit/537.36 (KHTML, like Gecko; compatible; bingbot/2.0; +http://www.bing.com/bingbot.htm) Chrome/116.0.1938.76 Safari/537.36"
cashforcarscarrollton.com.infinitibizsol.com:443 52.167.144.20 - - [13/Jun/2025:10:17:49 +0000] "GET /CommScope%20CS37P%20WHITE%20plenum,%20C6%204/%2023%20U/UTP%20CPK%20Cat6%20Uniprise%20Solutions%201000ft.%20-%20UVFGWFFfRFZYQUtT/ HTTP/1.1" 200 23 "-" "Mozilla/5.0 AppleWebKit/537.36 (KHTML, like Gecko; compatible; bingbot/2.0; +http://www.bing.com/bingbot.htm) Chrome/116.0.1938.76 Safari/537.36"
cashforcarscarrollton.com.infinitibizsol.com:443 52.167.144.20 - - [13/Jun/2025:10:18:16 +0000] "GET /Retro%20Edward%20VIII%201937%20Pattern%20Penny.%20Souvenir%20Gap%20Filler.%20Same%20size%20as%20original%20-%20UFBGUFBWRFNZR0FW/ HTTP/1.1" 200 13 "-" "Mozilla/5.0 AppleWebKit/537.36 (KHTML, like Gecko; compatible; bingbot/2.0; +http://www.bing.com/bingbot.htm) Chrome/116.0.1938.76 Safari/537.36"
cashforcarscarrollton.com.infinitibizsol.com:443 207.46.13.92 - - [13/Jun/2025:10:19:08 +0000] "GET /Luxrite%2036%20Inch%20T8%20LED%20Tube%20Light%2025W%20Equiv.%206500K%20Universal%201600lm%20G13%2012-Pack%20-%20UlNAUVBZQ1BQSkdW/ HTTP/1.1" 200 23 "-" "Mozilla/5.0 AppleWebKit/537.36 (KHTML, like Gecko; compatible; bingbot/2.0; +http://www.bing.com/bingbot.htm) Chrome/116.0.1938.76 Safari/537.36"
cashforcarscarrollton.com.infinitibizsol.com:443 207.46.13.92 - - [13/Jun/2025:10:19:48 +0000] "GET /Sailor%20Moon%20Mamoru%20Darien%20Usagi%20Serena%20Pins%20By%20SKpins%20-%20UVFGWFNYQVpQRERV/ HTTP/1.1" 200 23 "-" "Mozilla/5.0 AppleWebKit/537.36 (KHTML, like Gecko; compatible; bingbot/2.0; +http://www.bing.com/bingbot.htm) Chrome/116.0.1938.76 Safari/537.36"
cashforcarscarrollton.com.infinitibizsol.com:80 180.102.134.69 - - [13/Jun/2025:10:20:49 +0000] "GET / HTTP/1.1" 500 0 "-" "Mozilla/5.0 (iPhone; CPU iPhone OS 13_2_3 like Mac OS X) AppleWebKit/605.1.15 (KHTML, like Gecko) Version/13.0.3 Mobile/15E148 Safari/604.1"
cashforcarscarrollton.com.infinitibizsol.com:443 52.167.144.20 - - [13/Jun/2025:10:21:16 +0000] "GET /NEW%20ERA%20The%20Golfer%20NEW%20YORK%20JETS%20Cap%20Snapback%20Hat%20ROPE%201980&/ HTTP/1.1" 200 23 "-" "Mozilla/5.0 AppleWebKit/537.36 (KHTML, like Gecko; compatible; bingbot/2.0; +http://www.bing.com/bingbot.htm) Chrome/116.0.1938.76 Safari/537.36"
cashforcarscarrollton.com.infinitibizsol.com:443 66.249.64.230 - - [13/Jun/2025:10:22:17 +0000] "GET /items/mdecs220/11400?key=rate HTTP/1.1" 200 163954 "-" "Mozilla/5.0 (Linux; Android 6.0.1; Nexus 5X Build/MMB29P) AppleWebKit/537.36 (KHTML, like Gecko) Chrome/136.0.7103.113 Mobile Safari/537.36 (compatible; GoogleOther)"
cashforcarscarrollton.com.infinitibizsol.com:443 66.249.64.229 - - [13/Jun/2025:10:22:24 +0000] "GET /items/hrkct112/48520?key=compound HTTP/1.1" 200 123464 "-" "Mozilla/5.0 (Linux; Android 6.0.1; Nexus 5X Build/MMB29P) AppleWebKit/537.36 (KHTML, like Gecko) Chrome/136.0.7103.113 Mobile Safari/537.36 (compatible; GoogleOther)"
cashforcarscarrollton.com.infinitibizsol.com:443 69.197.182.50 - - [13/Jun/2025:10:23:20 +0000] "GET /wp-content/install.php HTTP/1.1" 200 16 "https://cashforcarscarrollton.com/wp-content/install.php" "Mozilla/5.0 (Windows NT 10.0; Win64; x64) AppleWebKit/537.36 (KHTML, like Gecko) Chrome/58.0.3029.110 Safari/537.3"
cashforcarscarrollton.com.infinitibizsol.com:443 66.249.64.230 - - [13/Jun/2025:10:23:35 +0000] "GET /items/octfb226/45316?key=angle HTTP/1.1" 200 153500 "-" "Mozilla/5.0 (Linux; Android 6.0.1; Nexus 5X Build/MMB29P) AppleWebKit/537.36 (KHTML, like Gecko) Chrome/136.0.7103.113 Mobile Safari/537.36 (compatible; GoogleOther)"
cashforcarscarrollton.com.infinitibizsol.com:443 40.77.167.23 - - [13/Jun/2025:10:23:56 +0000] "GET /TRIPTIPS%20Upgrade%20Retractable%20Portable%20Toilet%20Travel%20Toilet%20Black-13&/ HTTP/1.1" 200 23 "-" "Mozilla/5.0 AppleWebKit/537.36 (KHTML, like Gecko; compatible; bingbot/2.0; +http://www.bing.com/bingbot.htm) Chrome/116.0.1938.76 Safari/537.36"
cashforcarscarrollton.com.infinitibizsol.com:443 207.46.13.155 - - [13/Jun/2025:10:24:40 +0000] "GET /The%20Etymologicon:%20A%20Circular%20Stroll%20Through%20the%20Hidden%20Connections%20of%20the%20Englis%20-%20UldEWFRWS1NSQUdU/ HTTP/1.1" 200 23 "-" "Mozilla/5.0 AppleWebKit/537.36 (KHTML, like Gecko; compatible; bingbot/2.0; +http://www.bing.com/bingbot.htm) Chrome/116.0.1938.76 Safari/537.36"
cashforcarscarrollton.com.infinitibizsol.com:443 66.249.64.230 - - [13/Jun/2025:10:25:28 +0000] "GET /items/qaxlf39/23033?key=transformation HTTP/1.1" 200 114155 "-" "Mozilla/5.0 (Linux; Android 6.0.1; Nexus 5X Build/MMB29P) AppleWebKit/537.36 (KHTML, like Gecko) Chrome/136.0.7103.113 Mobile Safari/537.36 (compatible; GoogleOther)"
cashforcarscarrollton.com.infinitibizsol.com:443 207.46.13.155 - - [13/Jun/2025:10:25:51 +0000] "GET /1FU931X9AC%20For%20Chrysler%20300%20Dodge%20Jeep%20Push%20to%20Start%20Ignition%20Button%20Switch%20-%20UVJGXV9XS1RQRUdU/ HTTP/1.1" 200 23 "-" "Mozilla/5.0 AppleWebKit/537.36 (KHTML, like Gecko; compatible; bingbot/2.0; +http://www.bing.com/bingbot.htm) Chrome/116.0.1938.76 Safari/537.36"
cashforcarscarrollton.com.infinitibizsol.com:443 66.249.64.230 - - [13/Jun/2025:10:26:59 +0000] "GET /items/jppmp22/20328?key=odds HTTP/1.1" 200 125565 "-" "Mozilla/5.0 (Linux; Android 6.0.1; Nexus 5X Build/MMB29P) AppleWebKit/537.36 (KHTML, like Gecko) Chrome/136.0.7103.113 Mobile Safari/537.36 (compatible; GoogleOther)"
cashforcarscarrollton.com.infinitibizsol.com:443 40.77.167.23 - - [13/Jun/2025:10:27:09 +0000] "GET /NATIONAL%20GEOGRAPHIC%201940S%20120%20Choice%20Issue%20Collection%20On%20USB%20Thumb%20Drive%20-%20UlZFXFddRFJTQ0dQ/ HTTP/1.1" 200 23 "-" "Mozilla/5.0 AppleWebKit/537.36 (KHTML, like Gecko; compatible; bingbot/2.0; +http://www.bing.com/bingbot.htm) Chrome/116.0.1938.76 Safari/537.36"
cashforcarscarrollton.com.infinitibizsol.com:443 207.46.13.155 - - [13/Jun/2025:10:27:31 +0000] "GET /Tyvek%20Footprint%20for%20the%20North%20Face%20Wawona%206%20Tent%20-%20UFBGXV9XRVZRS0NQ/ HTTP/1.1" 200 13 "-" "Mozilla/5.0 AppleWebKit/537.36 (KHTML, like Gecko; compatible; bingbot/2.0; +http://www.bing.com/bingbot.htm) Chrome/116.0.1938.76 Safari/537.36"
cashforcarscarrollton.com.infinitibizsol.com:443 207.46.13.155 - - [13/Jun/2025:10:27:52 +0000] "GET /Personal%20Padded%20Kneeler%20Pecan%20Finish%20Kneelers%20for%20Church%20Pecan%20Stain%20-%20UFlEWldWRVtXRkdQ/ HTTP/1.1" 200 23 "-" "Mozilla/5.0 AppleWebKit/537.36 (KHTML, like Gecko; compatible; bingbot/2.0; +http://www.bing.com/bingbot.htm) Chrome/116.0.1938.76 Safari/537.36"
cashforcarscarrollton.com.infinitibizsol.com:443 40.77.167.23 - - [13/Jun/2025:10:28:26 +0000] "GET /RWF4700A%20Fit%20for%20LG%20LT1000P,%20ADQ747935%20MDJ64844601,%20Kenmore%20Elite%2046%209980,%202PACK%20-%20UVlGUFRWRlZZQUNS/ HTTP/1.1" 200 23 "-" "Mozilla/5.0 AppleWebKit/537.36 (KHTML, like Gecko; compatible; bingbot/2.0; +http://www.bing.com/bingbot.htm) Chrome/116.0.1938.76 Safari/537.36"
cashforcarscarrollton.com.infinitibizsol.com:443 157.55.39.13 - - [13/Jun/2025:10:28:31 +0000] "GET /Dranbleiben%20-%20Vom%20Glauben,%20Zweifeln%20Und%20Hoffen%20-%20UllHWVdaQlNQRkNW/ HTTP/1.1" 200 23 "-" "Mozilla/5.0 AppleWebKit/537.36 (KHTML, like Gecko; compatible; bingbot/2.0; +http://www.bing.com/bingbot.htm) Chrome/116.0.1938.76 Safari/537.36"
cashforcarscarrollton.com.infinitibizsol.com:443 66.249.64.230 - - [13/Jun/2025:10:28:39 +0000] "GET /items/tjvjt84/7502?key=compound HTTP/1.1" 200 127963 "-" "Mozilla/5.0 (Linux; Android 6.0.1; Nexus 5X Build/MMB29P) AppleWebKit/537.36 (KHTML, like Gecko) Chrome/136.0.7103.113 Mobile Safari/537.36 (compatible; GoogleOther)"
cashforcarscarrollton.com.infinitibizsol.com:443 40.77.167.23 - - [13/Jun/2025:10:29:57 +0000] "GET /Mens%20Wallet%20Slim%20Trifold%20Wallets%20For%20Men%20With%20ID%20Window%20-%20UlNFX1NaSlVXRkVW/ HTTP/1.1" 200 13 "-" "Mozilla/5.0 AppleWebKit/537.36 (KHTML, like Gecko; compatible; bingbot/2.0; +http://www.bing.com/bingbot.htm) Chrome/116.0.1938.76 Safari/537.36"
cashforcarscarrollton.com.infinitibizsol.com:443 207.46.13.92 - - [13/Jun/2025:10:30:16 +0000] "GET /Away%20Everywhere%20Bag%20Personal%20Item%20Carry%20On%20Limited%20Edition%20Black%20Green%20Leather%20-%20UFZGXlVbQFZRQkBS/ HTTP/1.1" 200 13 "-" "Mozilla/5.0 AppleWebKit/537.36 (KHTML, like Gecko; compatible; bingbot/2.0; +http://www.bing.com/bingbot.htm) Chrome/116.0.1938.76 Safari/537.36"
cashforcarscarrollton.com.infinitibizsol.com:443 40.77.167.23 - - [13/Jun/2025:10:30:45 +0000] "GET /kenta-kobashi-charapro-mogura-house-wrestling-figure-ajpw-noah-UVdEWFNeQVdQQ0tS HTTP/1.1" 200 23 "-" "Mozilla/5.0 AppleWebKit/537.36 (KHTML, like Gecko; compatible; bingbot/2.0; +http://www.bing.com/bingbot.htm) Chrome/116.0.1938.76 Safari/537.36"
cashforcarscarrollton.com.infinitibizsol.com:443 207.46.13.92 - - [13/Jun/2025:10:32:21 +0000] "GET /watch-buckle-screw-for-omega-seamaster-planet-ocean-43-5mm-215-clasp-steel-UlZFXVRYQlRSQ0FU HTTP/1.1" 200 23 "-" "Mozilla/5.0 AppleWebKit/537.36 (KHTML, like Gecko; compatible; bingbot/2.0; +http://www.bing.com/bingbot.htm) Chrome/116.0.1938.76 Safari/537.36"
cashforcarscarrollton.com.infinitibizsol.com:443 207.46.13.155 - - [13/Jun/2025:10:32:43 +0000] "GET /Vigilant%20Trails%C2%AE%20Pre-Packed%20Survival%20Snare%20Traps%20-%20Stage%202%20w/Snare%20Triggers%20-%20UFZHWF9ZRltQQERb/ HTTP/1.1" 200 23 "-" "Mozilla/5.0 AppleWebKit/537.36 (KHTML, like Gecko; compatible; bingbot/2.0; +http://www.bing.com/bingbot.htm) Chrome/116.0.1938.76 Safari/537.36"
cashforcarscarrollton.com.infinitibizsol.com:443 208.110.64.178 - - [13/Jun/2025:10:33:30 +0000] "GET /wp-content/install.php HTTP/1.1" 200 16 "https://cashforcarscarrollton.com/wp-content/install.php" "Mozilla/5.0 (Windows NT 10.0; Win64; x64) AppleWebKit/537.36 (KHTML, like Gecko) Chrome/58.0.3029.110 Safari/537.3"
cashforcarscarrollton.com.infinitibizsol.com:443 207.46.13.155 - - [13/Jun/2025:10:33:43 +0000] "GET /Selected%20poetry%20of%20WH%20Auden%20%20vintage%20V102.%20B29%20-%20UFlEW1FbQVdZQUta/ HTTP/1.1" 200 23 "-" "Mozilla/5.0 AppleWebKit/537.36 (KHTML, like Gecko; compatible; bingbot/2.0; +http://www.bing.com/bingbot.htm) Chrome/116.0.1938.76 Safari/537.36"
cashforcarscarrollton.com.infinitibizsol.com:443 52.167.144.189 - - [13/Jun/2025:10:34:28 +0000] "GET /8%204-Loch-Schleifscheibe%20125%20Mm/5%20Zoll%20Scheibenschleifpapier%20Schleifmaschine%20-%20UFBGUFdYQlpRQkBV/ HTTP/1.1" 200 13 "-" "Mozilla/5.0 AppleWebKit/537.36 (KHTML, like Gecko; compatible; bingbot/2.0; +http://www.bing.com/bingbot.htm) Chrome/116.0.1938.76 Safari/537.36"
cashforcarscarrollton.com.infinitibizsol.com:443 207.46.13.102 - - [13/Jun/2025:10:34:43 +0000] "GET /Sothebys%20New%20York%20The%20World%20Of%20Movie%20Posters%20Catalog%201993%20-%20UVlFWFNbQVRVS0pW/ HTTP/1.1" 200 23 "-" "Mozilla/5.0 AppleWebKit/537.36 (KHTML, like Gecko; compatible; bingbot/2.0; +http://www.bing.com/bingbot.htm) Chrome/116.0.1938.76 Safari/537.36"
cashforcarscarrollton.com.infinitibizsol.com:443 204.12.252.98 - - [13/Jun/2025:10:35:04 +0000] "GET /wp-content/install.php HTTP/1.1" 200 6 "https://cashforcarscarrollton.com/wp-content/install.php" "Mozilla/5.0 (Windows NT 10.0; Win64; x64) AppleWebKit/537.36 (KHTML, like Gecko) Chrome/58.0.3029.110 Safari/537.3"
cashforcarscarrollton.com.infinitibizsol.com:443 52.167.144.189 - - [13/Jun/2025:10:36:06 +0000] "GET /50%20Watt%20European%20Travel%20Voltage%20Converter%20220%20Volt%20to%20110%20volt%20-%20UlNBWlFfQ1tRQEdW/ HTTP/1.1" 200 23 "-" "Mozilla/5.0 AppleWebKit/537.36 (KHTML, like Gecko; compatible; bingbot/2.0; +http://www.bing.com/bingbot.htm) Chrome/116.0.1938.76 Safari/537.36"
cashforcarscarrollton.com.infinitibizsol.com:443 45.227.253.15 - - [13/Jun/2025:10:36:24 +0000] "GET /index.php/jk HTTP/1.1" 500 5 "-" "Mozilla/5.0 (Macintosh; Intel Mac OS X 10_15_7) AppleWebKit/537.36 (KHTML, like Gecko) Chrome/86.0.4240.111 Safari/537.36"
cashforcarscarrollton.com.infinitibizsol.com:443 207.46.13.102 - - [13/Jun/2025:10:36:54 +0000] "GET /Ivivva%20by%20Lululemon%20Girls%20Jacket%20size%208%20Perfect%20Your%20Practice%20Track%20Zip%20up%20-%20UVRFXl5cR1FQQ0Ba/ HTTP/1.1" 200 23 "-" "Mozilla/5.0 AppleWebKit/537.36 (KHTML, like Gecko; compatible; bingbot/2.0; +http://www.bing.com/bingbot.htm) Chrome/116.0.1938.76 Safari/537.36"
cashforcarscarrollton.com.infinitibizsol.com:443 66.249.64.230 - - [13/Jun/2025:10:37:01 +0000] "GET /products/141dc18664 HTTP/1.1" 200 134519 "-" "Mozilla/5.0 (Linux; Android 6.0.1; Nexus 5X Build/MMB29P) AppleWebKit/537.36 (KHTML, like Gecko) Chrome/136.0.7103.113 Mobile Safari/537.36 (compatible; GoogleOther)"
cashforcarscarrollton.com.infinitibizsol.com:443 207.46.13.92 - - [13/Jun/2025:10:37:27 +0000] "GET /Orthofeet%20Biofit%20617%20Edgewater%20Men%20Sz%2011%206E%20Black%20Comfort%20Walking%20Shoes%20XX-WIDE%20-%20UVFGWFNYRVVUQkpa/ HTTP/1.1" 200 23 "-" "Mozilla/5.0 AppleWebKit/537.36 (KHTML, like Gecko; compatible; bingbot/2.0; +http://www.bing.com/bingbot.htm) Chrome/116.0.1938.76 Safari/537.36"
cashforcarscarrollton.com.infinitibizsol.com:443 207.46.13.102 - - [13/Jun/2025:10:40:45 +0000] "GET /ALONE%20IN%20THE%20WILDERNESS%20DVD%20-%20LIVING%20THE%20FREE%20LIFE%20IN%20ALASKA%20-%20RICHARD%20PROENNEKE%20-%20UVNFW15YSlFYQEZb/ HTTP/1.1" 200 23 "-" "Mozilla/5.0 AppleWebKit/537.36 (KHTML, like Gecko; compatible; bingbot/2.0; +http://www.bing.com/bingbot.htm) Chrome/116.0.1938.76 Safari/537.36"
cashforcarscarrollton.com.infinitibizsol.com:443 52.167.144.189 - - [13/Jun/2025:10:42:07 +0000] "GET /Honeywell%20068-NF11/8M%20Northflex%20Red%20Foamed%20Pvc%20Palm%20Coated%20Gloves,%20Medium%20-%20UVJGX1NYRFFTRUZX/ HTTP/1.1" 200 23 "-" "Mozilla/5.0 AppleWebKit/537.36 (KHTML, like Gecko; compatible; bingbot/2.0; +http://www.bing.com/bingbot.htm) Chrome/116.0.1938.76 Safari/537.36"
cashforcarscarrollton.com.infinitibizsol.com:443 52.167.144.189 - - [13/Jun/2025:10:42:51 +0000] "GET /Brinkmann%20Max%20Million%20III%20Portable%20Spotlight%20Halogen%201200%20Lumens%20Handheld%2012V%20-%20UFlFXFZbRVVYRUBU/ HTTP/1.1" 200 23 "-" "Mozilla/5.0 AppleWebKit/537.36 (KHTML, like Gecko; compatible; bingbot/2.0; +http://www.bing.com/bingbot.htm) Chrome/116.0.1938.76 Safari/537.36"
cashforcarscarrollton.com.infinitibizsol.com:443 52.167.144.189 - - [13/Jun/2025:10:43:48 +0000] "GET /Wilson%20Combat%20-%201911%20Ultralight%20Skeletonized%20Match%20Trigger%20-%20Black%20-%20190B%20-%20UFNCX19cQ1dZS0tR/ HTTP/1.1" 200 23 "-" "Mozilla/5.0 AppleWebKit/537.36 (KHTML, like Gecko; compatible; bingbot/2.0; +http://www.bing.com/bingbot.htm) Chrome/116.0.1938.76 Safari/537.36"
cashforcarscarrollton.com.infinitibizsol.com:443 52.167.144.189 - - [13/Jun/2025:10:44:38 +0000] "GET /Babyganics%20Sunscreen%20Lotion%2050%20SPF,%202oz%20-%20UlRFXF9fQlFYRkRR/ HTTP/1.1" 200 23 "-" "Mozilla/5.0 AppleWebKit/537.36 (KHTML, like Gecko; compatible; bingbot/2.0; +http://www.bing.com/bingbot.htm) Chrome/116.0.1938.76 Safari/537.36"
cashforcarscarrollton.com.infinitibizsol.com:443 52.167.144.189 - - [13/Jun/2025:10:44:40 +0000] "GET /saltglaze-ginger-beer-bottle-g-leigh-stockport-v-g-c-UlJGXF9cS1JVRUNQ HTTP/1.1" 200 13 "-" "Mozilla/5.0 AppleWebKit/537.36 (KHTML, like Gecko; compatible; bingbot/2.0; +http://www.bing.com/bingbot.htm) Chrome/116.0.1938.76 Safari/537.36"
cashforcarscarrollton.com.infinitibizsol.com:443 159.223.82.105 - - [13/Jun/2025:10:45:06 +0000] "GET /wp-login.php HTTP/1.1" 500 5 "-" "Mozila/5.0"
cashforcarscarrollton.com.infinitibizsol.com:443 66.249.64.229 - - [13/Jun/2025:10:45:59 +0000] "GET /items/zdahl288/46332?key=estimate HTTP/1.1" 200 116255 "-" "Mozilla/5.0 (Linux; Android 6.0.1; Nexus 5X Build/MMB29P) AppleWebKit/537.36 (KHTML, like Gecko) Chrome/136.0.7103.113 Mobile Safari/537.36 (compatible; GoogleOther)"
cashforcarscarrollton.com.infinitibizsol.com:443 157.55.39.49 - - [13/Jun/2025:10:46:28 +0000] "GET /2003%20Nike%20Air%20Force%202%20Low%20ESPO%20VTG%20OG%20MISMATCH%20PAIR!!!%20Read%20description%20-%20UVhFXlNcQVtXQUFR/ HTTP/1.1" 200 23 "-" "Mozilla/5.0 AppleWebKit/537.36 (KHTML, like Gecko; compatible; bingbot/2.0; +http://www.bing.com/bingbot.htm) Chrome/116.0.1938.76 Safari/537.36"
cashforcarscarrollton.com.infinitibizsol.com:443 157.55.39.202 - - [13/Jun/2025:10:46:49 +0000] "GET /New%20IEBC%202018%20International%20Existing%20Building%20Code%20ICC%20Code%20Council%20-%20UFFGWlFWQ1FYR0FV/ HTTP/1.1" 200 23 "-" "Mozilla/5.0 AppleWebKit/537.36 (KHTML, like Gecko; compatible; bingbot/2.0; +http://www.bing.com/bingbot.htm) Chrome/116.0.1938.76 Safari/537.36"
cashforcarscarrollton.com.infinitibizsol.com:443 157.55.39.49 - - [13/Jun/2025:10:48:07 +0000] "GET /Adrian%20Peterson%20Minnesota%20Vikings%20Nameplate%20For%20A%20Football%20Photo%20Plaque%201.25%20X%206%20-%20UFNFW1dZRldSQktU/ HTTP/1.1" 200 13 "-" "Mozilla/5.0 AppleWebKit/537.36 (KHTML, like Gecko; compatible; bingbot/2.0; +http://www.bing.com/bingbot.htm) Chrome/116.0.1938.76 Safari/537.36"
cashforcarscarrollton.com.infinitibizsol.com:443 157.55.39.49 - - [13/Jun/2025:10:48:48 +0000] "GET /Infiltrator%20Saboteur%20Phobos%20Strike%20Team%20Kill%20Team%20Moroch%2040k%20-%20NoS%20(x1)%20-%20UVZGXVVbSltTRUBV/ HTTP/1.1" 200 23 "-" "Mozilla/5.0 AppleWebKit/537.36 (KHTML, like Gecko; compatible; bingbot/2.0; +http://www.bing.com/bingbot.htm) Chrome/116.0.1938.76 Safari/537.36"
cashforcarscarrollton.com.infinitibizsol.com:443 69.197.135.226 - - [13/Jun/2025:10:49:19 +0000] "GET /wp-content/install.php HTTP/1.1" 200 16 "https://cashforcarscarrollton.com/wp-content/install.php" "Mozilla/5.0 (Windows NT 10.0; Win64; x64) AppleWebKit/537.36 (KHTML, like Gecko) Chrome/58.0.3029.110 Safari/537.3"
cashforcarscarrollton.com.infinitibizsol.com:443 157.55.39.202 - - [13/Jun/2025:10:50:40 +0000] "GET /Mermail%20Abyssgaios%20(UTR)%20ABYR-EN046%20Abyss%20Rising%20Unlimited%20-%20UFRFWldWRVJVS0JS/ HTTP/1.1" 200 23 "-" "Mozilla/5.0 AppleWebKit/537.36 (KHTML, like Gecko; compatible; bingbot/2.0; +http://www.bing.com/bingbot.htm) Chrome/116.0.1938.76 Safari/537.36"
cashforcarscarrollton.com.infinitibizsol.com:443 108.181.202.211 - - [13/Jun/2025:10:51:20 +0000] "GET /wp-content/install.php HTTP/1.1" 200 16 "https://cashforcarscarrollton.com/wp-content/install.php" "Mozilla/5.0 (Macintosh; U; PPC Mac OS X; ja-jp) AppleWebKit/523.12 (KHTML, like Gecko) Version/3.0.4 Safari/523.12"
cashforcarscarrollton.com.infinitibizsol.com:443 66.249.64.229 - - [13/Jun/2025:10:51:21 +0000] "GET /items/wcbgh90/5936?key=weed HTTP/1.1" 200 129745 "-" "Mozilla/5.0 (Linux; Android 6.0.1; Nexus 5X Build/MMB29P) AppleWebKit/537.36 (KHTML, like Gecko) Chrome/136.0.7103.113 Mobile Safari/537.36 (compatible; GoogleOther)"
cashforcarscarrollton.com.infinitibizsol.com:443 173.208.153.154 - - [13/Jun/2025:10:51:21 +0000] "GET /wp-content/install.php HTTP/1.1" 200 16 "https://cashforcarscarrollton.com/wp-content/install.php" "Mozilla/5.0 (Windows NT 6.1; WOW64) AppleWebKit/535.1 (KHTML, like Gecko) Chrome/14.0.835.202 Safari/535.1"
cashforcarscarrollton.com.infinitibizsol.com:443 66.249.64.230 - - [13/Jun/2025:10:52:04 +0000] "GET /items/roztb238/4306?key=chocolate HTTP/1.1" 200 145914 "-" "Mozilla/5.0 (Linux; Android 6.0.1; Nexus 5X Build/MMB29P) AppleWebKit/537.36 (KHTML, like Gecko) Chrome/136.0.7103.113 Mobile Safari/537.36 (compatible; GoogleOther)"
cashforcarscarrollton.com.infinitibizsol.com:443 207.46.13.116 - - [13/Jun/2025:10:52:20 +0000] "GET /for-dell-latitude-7440-e7440-idc40-new-bios-battery-cable-dc02004ax00-0c11nx-UVZFX1RYRFdSQEFR HTTP/1.1" 200 23 "-" "Mozilla/5.0 AppleWebKit/537.36 (KHTML, like Gecko; compatible; bingbot/2.0; +http://www.bing.com/bingbot.htm) Chrome/116.0.1938.76 Safari/537.36"
cashforcarscarrollton.com.infinitibizsol.com:443 207.46.13.116 - - [13/Jun/2025:10:53:10 +0000] "GET /2025-planner-2025-planner-weekly-and-monthly-jan-2025-dec-2025-8-x-1-UFlEXl9dS1BWR0BT HTTP/1.1" 200 13 "-" "Mozilla/5.0 AppleWebKit/537.36 (KHTML, like Gecko; compatible; bingbot/2.0; +http://www.bing.com/bingbot.htm) Chrome/116.0.1938.76 Safari/537.36"
cashforcarscarrollton.com.infinitibizsol.com:443 207.46.13.116 - - [13/Jun/2025:10:53:30 +0000] "GET /hgm-1-550-rx-78gp03-gundam-prototype-03-dendrobium-mobile-suit-gundam0083-stard-UldEWVBYRVNVRkFT HTTP/1.1" 200 23 "-" "Mozilla/5.0 AppleWebKit/537.36 (KHTML, like Gecko; compatible; bingbot/2.0; +http://www.bing.com/bingbot.htm) Chrome/116.0.1938.76 Safari/537.36"
cashforcarscarrollton.com.infinitibizsol.com:443 207.46.13.116 - - [13/Jun/2025:10:53:50 +0000] "GET /Yamaha%20Timberwolf%20250%20YFB250FW%204x4%201994-2000%20Rear%20Wheel%20Bearings%20And%20Seals%20-%20UlZAXFZbR1JSS0VR/ HTTP/1.1" 200 23 "-" "Mozilla/5.0 AppleWebKit/537.36 (KHTML, like Gecko; compatible; bingbot/2.0; +http://www.bing.com/bingbot.htm) Chrome/116.0.1938.76 Safari/537.36"
cashforcarscarrollton.com.infinitibizsol.com:443 207.46.13.116 - - [13/Jun/2025:10:55:51 +0000] "GET /Genuine%20Samsung%20Dyer%20Control%20Board%20DC92-01606B%20Same%20Day%20Ship%20&%20*60%20Days%20Warranty%20-%20UlJHWl9fSlRVQEpQ/ HTTP/1.1" 200 23 "-" "Mozilla/5.0 AppleWebKit/537.36 (KHTML, like Gecko; compatible; bingbot/2.0; +http://www.bing.com/bingbot.htm) Chrome/116.0.1938.76 Safari/537.36"
cashforcarscarrollton.com.infinitibizsol.com:443 207.46.13.116 - - [13/Jun/2025:10:56:41 +0000] "GET /Rider%20and%20Passenger%20Seat%20For%20Harley%20Touring%20Street%20Electra%20Glide%20Road%20King%2009-23%20-%20UldBXVFWS1RZRUdR/ HTTP/1.1" 200 23 "-" "Mozilla/5.0 AppleWebKit/537.36 (KHTML, like Gecko; compatible; bingbot/2.0; +http://www.bing.com/bingbot.htm) Chrome/116.0.1938.76 Safari/537.36"
cashforcarscarrollton.com.infinitibizsol.com:443 157.55.39.58 - - [13/Jun/2025:10:56:51 +0000] "GET /JT%20Rear%20Steel%20Sprocket%2037%20Tooth/420%20Pitch%20For%20HONDA%20GROM%20Monkey%20-%20UlhFXVJaSlRVS0tQ/ HTTP/1.1" 200 23 "-" "Mozilla/5.0 AppleWebKit/537.36 (KHTML, like Gecko; compatible; bingbot/2.0; +http://www.bing.com/bingbot.htm) Chrome/116.0.1938.76 Safari/537.36"
cashforcarscarrollton.com.infinitibizsol.com:443 40.77.167.241 - - [13/Jun/2025:10:56:58 +0000] "GET /Kawasaki%2092150-1550%20BOLT,8X115%20(NEW)%20-%20Each%20additional%20purchased%20ships%20free!!%20-%20UVZBWl5ZQldWRUNb/ HTTP/1.1" 200 23 "-" "Mozilla/5.0 AppleWebKit/537.36 (KHTML, like Gecko; compatible; bingbot/2.0; +http://www.bing.com/bingbot.htm) Chrome/116.0.1938.76 Safari/537.36"
cashforcarscarrollton.com.infinitibizsol.com:443 207.46.13.116 - - [13/Jun/2025:10:57:41 +0000] "GET /Under%20Armour%20Loose%20Heat%20Gear%20South%20Carolina%20Gamecocks%20Ultimate%20Frisbee%20Jersey%20S%20-%20UVNFXFVfSlpURkFS/ HTTP/1.1" 200 23 "-" "Mozilla/5.0 AppleWebKit/537.36 (KHTML, like Gecko; compatible; bingbot/2.0; +http://www.bing.com/bingbot.htm) Chrome/116.0.1938.76 Safari/537.36"
cashforcarscarrollton.com.infinitibizsol.com:443 157.55.39.58 - - [13/Jun/2025:10:58:31 +0000] "GET /Bota%20para%20caminar,%20bota%20para%20fracturas,%20esguince%20de%20tobillo,%20talla%20extra%20grande%20-%20UVdEWFNeQltTRkdR/ HTTP/1.1" 200 23 "-" "Mozilla/5.0 AppleWebKit/537.36 (KHTML, like Gecko; compatible; bingbot/2.0; +http://www.bing.com/bingbot.htm) Chrome/116.0.1938.76 Safari/537.36"
cashforcarscarrollton.com.infinitibizsol.com:443 104.194.198.35 - - [13/Jun/2025:10:59:31 +0000] "GET / HTTP/1.1" 500 5 "-" "Mozilla/5.0 (Macintosh; Intel Mac OS X 10_14_4; rv:140.073.943) Gecko/20100101 Firefox/140.073.943"
cashforcarscarrollton.com.infinitibizsol.com:443 119.13.205.226 - - [13/Jun/2025:10:59:33 +0000] "GET / HTTP/1.1" 500 5 "-" "Mozilla/5.0 (Windows NT 6.1; Win64; x64; rv:140.627.166) Gecko/20100101 Firefox/140.627.166"
cashforcarscarrollton.com.infinitibizsol.com:443 208.110.64.178 - - [13/Jun/2025:10:59:36 +0000] "GET /wp-content/install.php HTTP/1.1" 200 16 "https://cashforcarscarrollton.com/wp-content/install.php" "Mozilla/5.0 (Windows NT 10.0; Win64; x64) AppleWebKit/537.36 (KHTML, like Gecko) Chrome/58.0.3029.110 Safari/537.3"
cashforcarscarrollton.com.infinitibizsol.com:443 157.55.39.58 - - [13/Jun/2025:10:59:52 +0000] "GET /Woosung%20B4%20We%20Die%20World%20tour%20shirt%20kpop%20concert%20sweatshirt%20fanmade%20clover%204444%20i%20-%20UVFGWFJXRVVWQ0VX/ HTTP/1.1" 200 23 "-" "Mozilla/5.0 AppleWebKit/537.36 (KHTML, like Gecko; compatible; bingbot/2.0; +http://www.bing.com/bingbot.htm) Chrome/116.0.1938.76 Safari/537.36"
cashforcarscarrollton.com.infinitibizsol.com:443 207.46.13.116 - - [13/Jun/2025:10:59:56 +0000] "GET /invisible-hinge-for-interior-doors-heavy-duty-fire-rated-matt-chrome-1-pcs-UFlFX1JWRFdXQEta HTTP/1.1" 200 23 "-" "Mozilla/5.0 AppleWebKit/537.36 (KHTML, like Gecko; compatible; bingbot/2.0; +http://www.bing.com/bingbot.htm) Chrome/116.0.1938.76 Safari/537.36"
cashforcarscarrollton.com.infinitibizsol.com:443 40.77.167.241 - - [13/Jun/2025:11:00:08 +0000] "GET /Innovative%20for%2096-00%20Civic%20Sub%20Bracket%20-%20UVNFWV9cQVRSRkJa/ HTTP/1.1" 200 23 "-" "Mozilla/5.0 AppleWebKit/537.36 (KHTML, like Gecko; compatible; bingbot/2.0; +http://www.bing.com/bingbot.htm) Chrome/116.0.1938.76 Safari/537.36"
cashforcarscarrollton.com.infinitibizsol.com:443 40.77.167.241 - - [13/Jun/2025:11:00:54 +0000] "GET /headlights-pair-for-hyundai-elantra-2021-2022-headlamps-left-right-side-no-drl-UFhGWlVZS1NZQkdT HTTP/1.1" 200 23 "-" "Mozilla/5.0 AppleWebKit/537.36 (KHTML, like Gecko; compatible; bingbot/2.0; +http://www.bing.com/bingbot.htm) Chrome/116.0.1938.76 Safari/537.36"
cashforcarscarrollton.com.infinitibizsol.com:443 207.46.13.111 - - [13/Jun/2025:11:03:33 +0000] "GET /New%20KT1045%20Replace%20Remote%20Control%20for%20JVC%20TV%20-%20UVNHUF5WQFBSREZX/ HTTP/1.1" 200 23 "-" "Mozilla/5.0 AppleWebKit/537.36 (KHTML, like Gecko; compatible; bingbot/2.0; +http://www.bing.com/bingbot.htm) Chrome/116.0.1938.76 Safari/537.36"
cashforcarscarrollton.com.infinitibizsol.com:443 40.77.167.241 - - [13/Jun/2025:11:04:11 +0000] "GET /osvaldo-montes-tango-feroz-la-leyenda-de-tanguito-banda-original-de-cd-UVNFXFJWQFNRQ0VS HTTP/1.1" 200 23 "-" "Mozilla/5.0 AppleWebKit/537.36 (KHTML, like Gecko; compatible; bingbot/2.0; +http://www.bing.com/bingbot.htm) Chrome/116.0.1938.76 Safari/537.36"
cashforcarscarrollton.com.infinitibizsol.com:443 40.77.167.241 - - [13/Jun/2025:11:04:22 +0000] "GET /1890%20Opossum%20Arbuckle%20Coffee%20Co%20New%20York%20City%20Victorian%20Trade%20Card%20-%20UVFGWFNcRFpRR0Jb/ HTTP/1.1" 200 23 "-" "Mozilla/5.0 AppleWebKit/537.36 (KHTML, like Gecko; compatible; bingbot/2.0; +http://www.bing.com/bingbot.htm) Chrome/116.0.1938.76 Safari/537.36"
cashforcarscarrollton.com.infinitibizsol.com:443 188.212.136.92 - - [13/Jun/2025:11:04:31 +0000] "GET / HTTP/1.1" 500 5 "-" "Mozilla/5.0 (Windows NT 6.3; Win64; x64; rv:140.499.868) Gecko/20100101 Firefox/140.499.868"
cashforcarscarrollton.com.infinitibizsol.com:443 206.204.7.160 - - [13/Jun/2025:11:04:36 +0000] "GET / HTTP/1.1" 500 5 "-" "Mozilla/5.0 (Macintosh; Intel Mac OS X 10_8_4; rv:140.967.058) Gecko/20100101 Firefox/140.967.058"
cashforcarscarrollton.com.infinitibizsol.com:443 207.46.13.111 - - [13/Jun/2025:11:05:03 +0000] "GET /SDCC%202024%20Funko%20Pop!%20Exclusive%20Stranger%20Things%20001%20Vaporizing%20Limited%20Edition%20-%20UFNFWlFfSlBZRENV/ HTTP/1.1" 200 23 "-" "Mozilla/5.0 AppleWebKit/537.36 (KHTML, like Gecko; compatible; bingbot/2.0; +http://www.bing.com/bingbot.htm) Chrome/116.0.1938.76 Safari/537.36"
cashforcarscarrollton.com.infinitibizsol.com:443 157.55.39.58 - - [13/Jun/2025:11:05:14 +0000] "GET /200pc%20AirGun%20Pellets%20Pistol%20Rifle%20Pellet%20Gun%20Pointed%205.5mm%20.22mm%20Caliber%20Metal%20-%20UVRFXFNYRVpXS0JR/ HTTP/1.1" 200 23 "-" "Mozilla/5.0 AppleWebKit/537.36 (KHTML, like Gecko; compatible; bingbot/2.0; +http://www.bing.com/bingbot.htm) Chrome/116.0.1938.76 Safari/537.36"
cashforcarscarrollton.com.infinitibizsol.com:443 40.77.167.241 - - [13/Jun/2025:11:05:22 +0000] "GET /Mean%20Well%20HLG-320H-C1050A%20Power%20Supply%20320.25W%201050mA%20-%20Adjustable%20-%20UlZFXlJeS1FSR0Ja/ HTTP/1.1" 200 23 "-" "Mozilla/5.0 AppleWebKit/537.36 (KHTML, like Gecko; compatible; bingbot/2.0; +http://www.bing.com/bingbot.htm) Chrome/116.0.1938.76 Safari/537.36"
cashforcarscarrollton.com.infinitibizsol.com:443 157.55.39.58 - - [13/Jun/2025:11:06:24 +0000] "GET /NEW%20OEM%20BP02XL%20Battery%20For%20HP%20Pavilion%20PC%2015-AU%20HSTNN-UB7B%20849909-855%20TPN-Q175%20-%20UlJHUFJbRVRTR0BV/ HTTP/1.1" 200 23 "-" "Mozilla/5.0 AppleWebKit/537.36 (KHTML, like Gecko; compatible; bingbot/2.0; +http://www.bing.com/bingbot.htm) Chrome/116.0.1938.76 Safari/537.36"
cashforcarscarrollton.com.infinitibizsol.com:443 52.167.144.138 - - [13/Jun/2025:11:07:19 +0000] "GET /Gas%20Propane%20Forge%20Three%20Burner%20Furnace%20Blacksmithing%20Knife%20Farrier%20Metal%20Tool%202D%20-%20UllFWV9fS1FXQktR/ HTTP/1.1" 200 13 "-" "Mozilla/5.0 AppleWebKit/537.36 (KHTML, like Gecko; compatible; bingbot/2.0; +http://www.bing.com/bingbot.htm) Chrome/116.0.1938.76 Safari/537.36"
cashforcarscarrollton.com.infinitibizsol.com:443 207.46.13.160 - - [13/Jun/2025:11:07:54 +0000] "GET /C3NN9G504A%20Ford%20801%20901%204cyl%204000%20Carburetor%20Main%20Load%20Adjusting%20Needle%20-%20UlNBXFNZQlJWQkdS/ HTTP/1.1" 200 23 "-" "Mozilla/5.0 AppleWebKit/537.36 (KHTML, like Gecko; compatible; bingbot/2.0; +http://www.bing.com/bingbot.htm) Chrome/116.0.1938.76 Safari/537.36"
cashforcarscarrollton.com.infinitibizsol.com:443 52.167.144.138 - - [13/Jun/2025:11:10:13 +0000] "GET /NOS%20100%20Ft%20Extension%20Cord%20*Different%20brands*%20Cheaper%20than%20Walmart%20-%20UVlGUFJdS1pURkBU/ HTTP/1.1" 200 23 "-" "Mozilla/5.0 AppleWebKit/537.36 (KHTML, like Gecko; compatible; bingbot/2.0; +http://www.bing.com/bingbot.htm) Chrome/116.0.1938.76 Safari/537.36"
cashforcarscarrollton.com.infinitibizsol.com:443 69.197.182.50 - - [13/Jun/2025:11:10:27 +0000] "GET /wp-content/install.php HTTP/1.1" 200 16 "https://cashforcarscarrollton.com/wp-content/install.php" "Mozilla/5.0 (Windows NT 10.0; Win64; x64) AppleWebKit/537.36 (KHTML, like Gecko) Chrome/58.0.3029.110 Safari/537.3"
cashforcarscarrollton.com.infinitibizsol.com:443 204.12.252.98 - - [13/Jun/2025:11:12:13 +0000] "GET /wp-content/install.php HTTP/1.1" 200 16 "https://cashforcarscarrollton.com/wp-content/install.php" "Mozilla/5.0 (Windows NT 10.0; Win64; x64) AppleWebKit/537.36 (KHTML, like Gecko) Chrome/58.0.3029.110 Safari/537.3"
cashforcarscarrollton.com.infinitibizsol.com:80 43.135.140.225 - - [13/Jun/2025:11:18:21 +0000] "GET / HTTP/1.1" 500 5 "-" "Mozilla/5.0 (iPhone; CPU iPhone OS 13_2_3 like Mac OS X) AppleWebKit/605.1.15 (KHTML, like Gecko) Version/13.0.3 Mobile/15E148 Safari/604.1"
cashforcarscarrollton.com.infinitibizsol.com:443 207.46.13.52 - - [13/Jun/2025:11:18:38 +0000] "GET /VA:%20Another%20Saturday%20Night%20-%20Vinyl%20LP%20UK%20Press%20Cajun%20Louisiana%20-%20UVNFXFRZQ1JZREVQ/ HTTP/1.1" 200 23 "-" "Mozilla/5.0 AppleWebKit/537.36 (KHTML, like Gecko; compatible; bingbot/2.0; +http://www.bing.com/bingbot.htm) Chrome/116.0.1938.76 Safari/537.36"
cashforcarscarrollton.com.infinitibizsol.com:443 40.77.167.42 - - [13/Jun/2025:11:18:53 +0000] "GET /Warhammer%2040K%20Ork%20Kommandos%20(Finecast)%20Games%20Workshop%20Citadel%20Commandos%20Kommando%20-%20UFJGXlRbQFFRR0db/ HTTP/1.1" 200 23 "-" "Mozilla/5.0 AppleWebKit/537.36 (KHTML, like Gecko; compatible; bingbot/2.0; +http://www.bing.com/bingbot.htm) Chrome/116.0.1938.76 Safari/537.36"
cashforcarscarrollton.com.infinitibizsol.com:443 157.55.39.205 - - [13/Jun/2025:11:18:57 +0000] "GET /one%20new%20%20%20%20-M230AC4L%20AC230V%20auxiliary%20contacts%20fast%20Ship%20/ HTTP/1.1" 200 23 "-" "Mozilla/5.0 AppleWebKit/537.36 (KHTML, like Gecko; compatible; bingbot/2.0; +http://www.bing.com/bingbot.htm) Chrome/116.0.1938.76 Safari/537.36"
cashforcarscarrollton.com.infinitibizsol.com:443 40.77.167.42 - - [13/Jun/2025:11:20:44 +0000] "GET /Carburetor%20For%2050cc%2070cc%2090cc%20110cc%20125cc%20135cc%20PZ%20ATV%20Quad%20Go%20Kart%20SUNL%20TAOTAO%20-%20UFNGWlVZQFZYSkRS/ HTTP/1.1" 200 23 "-" "Mozilla/5.0 AppleWebKit/537.36 (KHTML, like Gecko; compatible; bingbot/2.0; +http://www.bing.com/bingbot.htm) Chrome/116.0.1938.76 Safari/537.36"
cashforcarscarrollton.com.infinitibizsol.com:443 40.77.167.42 - - [13/Jun/2025:11:20:46 +0000] "GET /10pc/bag%20New%20%20Phoenix%20Contact%20FB10-%20RTK/S%200311171%20Fixed%20bridge%20components%20-%20UFlFW1dfRVpXQEJQ/ HTTP/1.1" 200 23 "-" "Mozilla/5.0 AppleWebKit/537.36 (KHTML, like Gecko; compatible; bingbot/2.0; +http://www.bing.com/bingbot.htm) Chrome/116.0.1938.76 Safari/537.36"
cashforcarscarrollton.com.infinitibizsol.com:443 40.77.167.42 - - [13/Jun/2025:11:20:49 +0000] "GET /46-in-x-17-in-rectangle-outdoor-bench-cushion-in-stone-grey-leala-UFFHXlNXQ1ZVREJQ HTTP/1.1" 200 23 "-" "Mozilla/5.0 AppleWebKit/537.36 (KHTML, like Gecko; compatible; bingbot/2.0; +http://www.bing.com/bingbot.htm) Chrome/116.0.1938.76 Safari/537.36"
cashforcarscarrollton.com.infinitibizsol.com:443 207.46.13.111 - - [13/Jun/2025:11:23:57 +0000] "GET /Door%20Jamb%20Ajar%20Courtesy%20Switch%2084231-08030%20Toyota%20Camry%20Rav4%20Avalon%20Highlander%20C%20-%20UlJGWV9eSlZVRkRU/ HTTP/1.1" 200 23 "-" "Mozilla/5.0 AppleWebKit/537.36 (KHTML, like Gecko; compatible; bingbot/2.0; +http://www.bing.com/bingbot.htm) Chrome/116.0.1938.76 Safari/537.36"
cashforcarscarrollton.com.infinitibizsol.com:443 207.46.13.52 - - [13/Jun/2025:11:25:00 +0000] "GET /Burberrys%20Prorsum%20Vntg%20Mens%20Beige%20Houndstooth%20Wool%2046%20Long%20Windowpane%20(t10)%20-%20UlZFXVBXS1ZWQ0Bb/ HTTP/1.1" 200 23 "-" "Mozilla/5.0 AppleWebKit/537.36 (KHTML, like Gecko; compatible; bingbot/2.0; +http://www.bing.com/bingbot.htm) Chrome/116.0.1938.76 Safari/537.36"
cashforcarscarrollton.com.infinitibizsol.com:443 40.77.167.42 - - [13/Jun/2025:11:25:04 +0000] "GET /5%20HAND%20THROWN/SALT%20GLAZED/WOOD%20FIRED%20GOBLETS%20BARWARE%20ATTRIBUTED%20SEAGROVE%20NC%20-%20UVRFXl9YRlFTS0RT/ HTTP/1.1" 200 23 "-" "Mozilla/5.0 AppleWebKit/537.36 (KHTML, like Gecko; compatible; bingbot/2.0; +http://www.bing.com/bingbot.htm) Chrome/116.0.1938.76 Safari/537.36"
cashforcarscarrollton.com.infinitibizsol.com:443 40.77.167.42 - - [13/Jun/2025:11:25:06 +0000] "GET /French%20Postcard%20Art%20Francois%20Bouchot%2018%20Brumaire%20Year%20II%20Printed%20Paris%20France%20-%20UVFHXlZfQFRSREBS/ HTTP/1.1" 200 23 "-" "Mozilla/5.0 AppleWebKit/537.36 (KHTML, like Gecko; compatible; bingbot/2.0; +http://www.bing.com/bingbot.htm) Chrome/116.0.1938.76 Safari/537.36"
cashforcarscarrollton.com.infinitibizsol.com:443 207.46.13.111 - - [13/Jun/2025:11:25:09 +0000] "GET /4-Pack%20Degree%20Men%20Antiperspirant%20Deodorant%20Adventure%20Antiperspirant,%202.7%20Ounce%20-%20V1FGWl9bQ1NTRkpW/ HTTP/1.1" 200 23 "-" "Mozilla/5.0 AppleWebKit/537.36 (KHTML, like Gecko; compatible; bingbot/2.0; +http://www.bing.com/bingbot.htm) Chrome/116.0.1938.76 Safari/537.36"
cashforcarscarrollton.com.infinitibizsol.com:443 40.77.167.42 - - [13/Jun/2025:11:26:06 +0000] "GET /Defiant%20Tonebridge%20Hall%20and%20Closet%20Brushed%20Gold%201007%20789%20959%20%20%20-%20UFBGXl5XSlJRS0dT/ HTTP/1.1" 200 23 "-" "Mozilla/5.0 AppleWebKit/537.36 (KHTML, like Gecko; compatible; bingbot/2.0; +http://www.bing.com/bingbot.htm) Chrome/116.0.1938.76 Safari/537.36"
cashforcarscarrollton.com.infinitibizsol.com:443 40.77.167.42 - - [13/Jun/2025:11:26:24 +0000] "GET /POP%20MART%20LABUBU%20The%20Monsters%20Dresses%20Mini%20Animals%20Clothes%20Accessories%20No%20Doll%20-%20UFFGUFVZQlRXR0FR/ HTTP/1.1" 200 23 "-" "Mozilla/5.0 AppleWebKit/537.36 (KHTML, like Gecko; compatible; bingbot/2.0; +http://www.bing.com/bingbot.htm) Chrome/116.0.1938.76 Safari/537.36"
cashforcarscarrollton.com.infinitibizsol.com:443 207.46.13.111 - - [13/Jun/2025:11:26:37 +0000] "GET /Spiderz%202024%20PRO%20Adult%20Baseball/Softball%20Batting%20Gloves%20-%20Connect%20-%20Large%20-%20UFlEXVZYS1VRQ0Bb/ HTTP/1.1" 200 23 "-" "Mozilla/5.0 AppleWebKit/537.36 (KHTML, like Gecko; compatible; bingbot/2.0; +http://www.bing.com/bingbot.htm) Chrome/116.0.1938.76 Safari/537.36"
cashforcarscarrollton.com.infinitibizsol.com:443 40.77.167.42 - - [13/Jun/2025:11:27:01 +0000] "GET /4.2%20oz%20R%20Co%20Rockaway%20Salt%20Spray,%20Adds%20Volume%20and%20Hair%20Texture%20-%20UlBFW1JcQlBWREpb/ HTTP/1.1" 200 13 "-" "Mozilla/5.0 AppleWebKit/537.36 (KHTML, like Gecko; compatible; bingbot/2.0; +http://www.bing.com/bingbot.htm) Chrome/116.0.1938.76 Safari/537.36"
cashforcarscarrollton.com.infinitibizsol.com:443 69.197.135.226 - - [13/Jun/2025:11:27:49 +0000] "GET /wp-content/install.php HTTP/1.1" 200 16 "https://cashforcarscarrollton.com/wp-content/install.php" "Mozilla/5.0 (Windows NT 10.0; Win64; x64) AppleWebKit/537.36 (KHTML, like Gecko) Chrome/58.0.3029.110 Safari/537.3"
cashforcarscarrollton.com.infinitibizsol.com:443 40.77.167.42 - - [13/Jun/2025:11:28:23 +0000] "GET /WE%20744.032.100%20SMD%2010UH%20320MA%2020%25%20Inductor%20New%20Quantity-10%20-%20UlNFXl9bS1JZRkZb/ HTTP/1.1" 200 23 "-" "Mozilla/5.0 AppleWebKit/537.36 (KHTML, like Gecko; compatible; bingbot/2.0; +http://www.bing.com/bingbot.htm) Chrome/116.0.1938.76 Safari/537.36"
cashforcarscarrollton.com.infinitibizsol.com:443 66.249.64.228 - - [13/Jun/2025:11:30:26 +0000] "GET /products/90ud1831 HTTP/1.1" 200 126072 "-" "Mozilla/5.0 (Linux; Android 6.0.1; Nexus 5X Build/MMB29P) AppleWebKit/537.36 (KHTML, like Gecko) Chrome/136.0.7103.113 Mobile Safari/537.36 (compatible; GoogleOther)"
cashforcarscarrollton.com.infinitibizsol.com:443 52.167.144.204 - - [13/Jun/2025:11:31:11 +0000] "GET /Joyce%20Chen%20,%20Chrome%20Steel%20Wire%20Wok%20Ring%20-%20UllFXlJaQVtRS0Bb/ HTTP/1.1" 200 23 "-" "Mozilla/5.0 AppleWebKit/537.36 (KHTML, like Gecko; compatible; bingbot/2.0; +http://www.bing.com/bingbot.htm) Chrome/116.0.1938.76 Safari/537.36"
cashforcarscarrollton.com.infinitibizsol.com:443 207.46.13.111 - - [13/Jun/2025:11:31:58 +0000] "GET /Death%20by%20Meeting:%20A%20Leadership%20Fable...About%20Solving%20the%20Most%20Painfu%20-%20VERY%20GOOD%20-%20UVRHXF5bRFBWSkFa/ HTTP/1.1" 200 23 "-" "Mozilla/5.0 AppleWebKit/537.36 (KHTML, like Gecko; compatible; bingbot/2.0; +http://www.bing.com/bingbot.htm) Chrome/116.0.1938.76 Safari/537.36"
cashforcarscarrollton.com.infinitibizsol.com:443 207.46.13.111 - - [13/Jun/2025:11:32:00 +0000] "GET /LOUIS%20VUITTON%20%20Empreinte%20Sarah%20Wallet%20Raisin%20Comes%20W/%20COA,%20BOX,%20Dust%20Cover%201%20-%20UVFGWFNcRVdUQ0JQ/ HTTP/1.1" 200 23 "-" "Mozilla/5.0 AppleWebKit/537.36 (KHTML, like Gecko; compatible; bingbot/2.0; +http://www.bing.com/bingbot.htm) Chrome/116.0.1938.76 Safari/537.36"
cashforcarscarrollton.com.infinitibizsol.com:443 207.46.13.111 - - [13/Jun/2025:11:33:09 +0000] "GET /1:18%20RC%20Car%20Wifi%20FPV%20HD%20720P%20Camera%202.4G%20Off%20Road%20High%20Speed%20Remote%20Control%20Car%20-%20UlZFXFJaRFRTQEVa/ HTTP/1.1" 200 23 "-" "Mozilla/5.0 AppleWebKit/537.36 (KHTML, like Gecko; compatible; bingbot/2.0; +http://www.bing.com/bingbot.htm) Chrome/116.0.1938.76 Safari/537.36"
cashforcarscarrollton.com.infinitibizsol.com:443 207.46.13.92 - - [13/Jun/2025:11:36:04 +0000] "GET /NICHOLS%20Pulsator%20Gold%20Spinner%20Bait%20RL-7%20-%20UVRFXlRXS1ZXR0BV/ HTTP/1.1" 200 23 "-" "Mozilla/5.0 AppleWebKit/537.36 (KHTML, like Gecko; compatible; bingbot/2.0; +http://www.bing.com/bingbot.htm) Chrome/116.0.1938.76 Safari/537.36"
