cashforcarscarrollton.com.infinitibizsol.com:443 157.55.39.205 - - [13/Jun/2025:17:14:11 +0000] "GET /New%20Siemens%206SL3120-1TE15-0AD0%20Sinamics%20S120%20motor%20module%206SL3%20120-1TE15-0AD0%20-%20UlNFXlBaRFNYSkJU/ HTTP/1.1" 200 23 "-" "Mozilla/5.0 AppleWebKit/537.36 (KHTML, like Gecko; compatible; bingbot/2.0; +http://www.bing.com/bingbot.htm) Chrome/116.0.1938.76 Safari/537.36"
cashforcarscarrollton.com.infinitibizsol.com:443 198.98.50.39 - - [13/Jun/2025:17:14:39 +0000] "GET /wp-login.php HTTP/1.1" 500 5 "-" "Mozilla/5.0 (X11; Linux x86_64) AppleWebKit/537.36 (KHTML, like Gecko) Chrome/36.0.1985.143 Safari/537.36"
cashforcarscarrollton.com.infinitibizsol.com:443 157.55.39.52 - - [13/Jun/2025:17:15:11 +0000] "GET /Ichiban%20Kuji%20Mobile%20Suit%20Gundam%20Gunpla%202024%20Last%20One%20Prize%20Aerial%20Solid%20Clear%20-%20UFhGXlReSlFSQEBW/ HTTP/1.1" 200 23 "-" "Mozilla/5.0 AppleWebKit/537.36 (KHTML, like Gecko; compatible; bingbot/2.0; +http://www.bing.com/bingbot.htm) Chrome/116.0.1938.76 Safari/537.36"
cashforcarscarrollton.com.infinitibizsol.com:443 157.55.39.205 - - [13/Jun/2025:17:15:42 +0000] "GET /Set%20of%204pcs%2004C905616B%20bosch%20241135520%20Spark%20Plug%20for%20SEAT,SKODA,VW%20-%20UFBHUFVWQlVZR0VQ/ HTTP/1.1" 200 23 "-" "Mozilla/5.0 AppleWebKit/537.36 (KHTML, like Gecko; compatible; bingbot/2.0; +http://www.bing.com/bingbot.htm) Chrome/116.0.1938.76 Safari/537.36"
cashforcarscarrollton.com.infinitibizsol.com:443 157.55.39.52 - - [13/Jun/2025:17:15:58 +0000] "GET /Coleus%20seed%20mosaic,%20giants%2050%20%20mix%20%20-%20UlRHUFZbQ1pZQkRa/ HTTP/1.1" 200 23 "-" "Mozilla/5.0 AppleWebKit/537.36 (KHTML, like Gecko; compatible; bingbot/2.0; +http://www.bing.com/bingbot.htm) Chrome/116.0.1938.76 Safari/537.36"
cashforcarscarrollton.com.infinitibizsol.com:443 157.55.39.51 - - [13/Jun/2025:17:18:22 +0000] "GET /Marbles%20Parachute%20Cord%20Navy%20100%20ft%20%207%20strand%20550lbs%20014h%20-%20UlJAWVVXRlJZSkVW/ HTTP/1.1" 200 23 "-" "Mozilla/5.0 AppleWebKit/537.36 (KHTML, like Gecko; compatible; bingbot/2.0; +http://www.bing.com/bingbot.htm) Chrome/116.0.1938.76 Safari/537.36"
cashforcarscarrollton.com.infinitibizsol.com:443 40.77.167.43 - - [13/Jun/2025:17:18:55 +0000] "GET /FRONT%20RIGHT%20LEFT%20WINDSHIELD%20MOLDING%20FOR%20RAM%201500%202500%203500%204500%205500%20-%20UFdHXVFWR1NURENb/ HTTP/1.1" 200 13 "-" "Mozilla/5.0 AppleWebKit/537.36 (KHTML, like Gecko; compatible; bingbot/2.0; +http://www.bing.com/bingbot.htm) Chrome/116.0.1938.76 Safari/537.36"
cashforcarscarrollton.com.infinitibizsol.com:443 196.251.117.231 - - [13/Jun/2025:17:19:33 +0000] "POST /wp-login.php?wc-ajax=1 HTTP/1.1" 500 5 "https://cashforcarscarrollton.com/wp-admin/" "Mozilla/5.0 (Windows NT 10.0; Win64; x64) AppleWebKit/537.36 (KHTML, like Gecko) Chrome/90.0.4430.85 Safari/537.36"
cashforcarscarrollton.com.infinitibizsol.com:443 196.251.117.231 - - [13/Jun/2025:17:19:34 +0000] "GET /wp-admin/?wc-ajax=1 HTTP/1.1" 200 311 "www.google.com" "Mozilla/5.0 (Windows NT 10.0; Win64; x64) AppleWebKit/537.36 (KHTML, like Gecko) Chrome/90.0.4430.85 Safari/537.36"
cashforcarscarrollton.com.infinitibizsol.com:443 40.77.167.43 - - [13/Jun/2025:17:19:54 +0000] "GET /Holland%20Alkmaar%20Hoorn%20Purmeren%20Den%20Helder%20Enkhuizen%20Map%20Janssonius%20-%20UlZFXVZdRVtXQEtU/ HTTP/1.1" 200 23 "-" "Mozilla/5.0 AppleWebKit/537.36 (KHTML, like Gecko; compatible; bingbot/2.0; +http://www.bing.com/bingbot.htm) Chrome/116.0.1938.76 Safari/537.36"
cashforcarscarrollton.com.infinitibizsol.com:443 157.55.39.50 - - [13/Jun/2025:17:21:26 +0000] "GET /CaoMao%20Studio%20One%20Piece%20Roronoa%20Zoro%20Resin%20Model%20Pre-Order%20Statue%20WCF%20Scale%20-%20UlRFXF9eRlBUREZb/ HTTP/1.1" 200 13 "-" "Mozilla/5.0 AppleWebKit/537.36 (KHTML, like Gecko; compatible; bingbot/2.0; +http://www.bing.com/bingbot.htm) Chrome/116.0.1938.76 Safari/537.36"
cashforcarscarrollton.com.infinitibizsol.com:443 52.167.144.163 - - [13/Jun/2025:17:21:31 +0000] "GET /Berker%20Bus%20Tastsensor%204-fach%2075164385%20anthrazit%20Bussystem-Taster%20KNX%20EIB%20-%20UlZAUFJaRFJQQUpS/ HTTP/1.1" 200 23 "-" "Mozilla/5.0 AppleWebKit/537.36 (KHTML, like Gecko; compatible; bingbot/2.0; +http://www.bing.com/bingbot.htm) Chrome/116.0.1938.76 Safari/537.36"
cashforcarscarrollton.com.infinitibizsol.com:443 52.167.144.163 - - [13/Jun/2025:17:22:47 +0000] "GET /Kirby%20Triple%20Deluxe%20Nintendo%203DS%20Cartridge%20-%20UlVFWVRdQ1RWQ0Ba/ HTTP/1.1" 200 23 "-" "Mozilla/5.0 AppleWebKit/537.36 (KHTML, like Gecko; compatible; bingbot/2.0; +http://www.bing.com/bingbot.htm) Chrome/116.0.1938.76 Safari/537.36"
cashforcarscarrollton.com.infinitibizsol.com:443 157.55.39.50 - - [13/Jun/2025:17:24:18 +0000] "GET /NEW%201PCS%20AD734ANZ%20AD734AN%20AD734%20ADI%20Encapsulation:DIP-14%20-%20UFdHUVFYR1pUQUpV/ HTTP/1.1" 200 23 "-" "Mozilla/5.0 AppleWebKit/537.36 (KHTML, like Gecko; compatible; bingbot/2.0; +http://www.bing.com/bingbot.htm) Chrome/116.0.1938.76 Safari/537.36"
cashforcarscarrollton.com.infinitibizsol.com:443 208.110.64.178 - - [13/Jun/2025:17:25:15 +0000] "GET /wp-content/install.php HTTP/1.1" 200 16 "https://cashforcarscarrollton.com/wp-content/install.php" "Mozilla/5.0 (Windows NT 10.0; Win64; x64) AppleWebKit/537.36 (KHTML, like Gecko) Chrome/58.0.3029.110 Safari/537.3"
cashforcarscarrollton.com.infinitibizsol.com:443 157.55.39.51 - - [13/Jun/2025:17:25:45 +0000] "GET /Mitsubishi%20HC-KFS43%20Servo%20Motor%203%20Phase%202.3%20Amp%20400W%203000RPM%20-%20V1FGWlReSlVSSkZU/ HTTP/1.1" 200 23 "-" "Mozilla/5.0 AppleWebKit/537.36 (KHTML, like Gecko; compatible; bingbot/2.0; +http://www.bing.com/bingbot.htm) Chrome/116.0.1938.76 Safari/537.36"
cashforcarscarrollton.com.infinitibizsol.com:443 157.55.39.51 - - [13/Jun/2025:17:26:16 +0000] "GET /HyperX%20Cloud%20Stinger%20Red%20/%20Black%20Headband%20Gaming%20Headset%20for%20PC%20and%20PS4%20-%20UFNHX1FXR1VRR0dR/ HTTP/1.1" 200 23 "-" "Mozilla/5.0 AppleWebKit/537.36 (KHTML, like Gecko; compatible; bingbot/2.0; +http://www.bing.com/bingbot.htm) Chrome/116.0.1938.76 Safari/537.36"
cashforcarscarrollton.com.infinitibizsol.com:443 157.55.39.197 - - [13/Jun/2025:17:27:47 +0000] "GET /Blumenfeld,%20Locher%20&%20Brown%20Co.%20Progressive%20Millinery%20House%20Milwaukee%20Wisconsin%20-%20UVJGX1JfQlFSRUNX/ HTTP/1.1" 200 23 "-" "Mozilla/5.0 AppleWebKit/537.36 (KHTML, like Gecko; compatible; bingbot/2.0; +http://www.bing.com/bingbot.htm) Chrome/116.0.1938.76 Safari/537.36"
cashforcarscarrollton.com.infinitibizsol.com:443 157.55.39.50 - - [13/Jun/2025:17:28:42 +0000] "GET /Star%20Wars%20Young%20Jedi%20Adventures%20Animated%20Series%20Ep%201-19%20%20%20Shorts%20English%20Audio%20-%20UFhGWFZcQFtXQkpV/ HTTP/1.1" 200 23 "-" "Mozilla/5.0 AppleWebKit/537.36 (KHTML, like Gecko; compatible; bingbot/2.0; +http://www.bing.com/bingbot.htm) Chrome/116.0.1938.76 Safari/537.36"
cashforcarscarrollton.com.infinitibizsol.com:443 157.55.39.197 - - [13/Jun/2025:17:29:26 +0000] "GET /NOS%20Poulan%20Pro%20Link%20SM30SB%20String%20Trimmer%20Starter%20&%20Housing.%20See%20pic.%20-%20UFlEWFVWQVRYQ0ZW/ HTTP/1.1" 200 23 "-" "Mozilla/5.0 AppleWebKit/537.36 (KHTML, like Gecko; compatible; bingbot/2.0; +http://www.bing.com/bingbot.htm) Chrome/116.0.1938.76 Safari/537.36"
cashforcarscarrollton.com.infinitibizsol.com:443 157.55.39.50 - - [13/Jun/2025:17:29:32 +0000] "GET /hellmann-s-parfum-de-mayonnaise-will-levis-no-8-limited-edition-in-hand-UlRFXFdcS1pZR0NT HTTP/1.1" 200 23 "-" "Mozilla/5.0 AppleWebKit/537.36 (KHTML, like Gecko; compatible; bingbot/2.0; +http://www.bing.com/bingbot.htm) Chrome/116.0.1938.76 Safari/537.36"
cashforcarscarrollton.com.infinitibizsol.com:443 207.46.13.160 - - [13/Jun/2025:17:30:26 +0000] "GET /%201.0mm/67mm%20bore%20Oversize%20Piston%20Kit%20For%20Yamaha%20Blaster%20200%20YFS200%201988-2006%20-%20UVdFUVJfS1NWQUpS/ HTTP/1.1" 200 23 "-" "Mozilla/5.0 AppleWebKit/537.36 (KHTML, like Gecko; compatible; bingbot/2.0; +http://www.bing.com/bingbot.htm) Chrome/116.0.1938.76 Safari/537.36"
cashforcarscarrollton.com.infinitibizsol.com:443 208.110.64.178 - - [13/Jun/2025:17:31:08 +0000] "GET /wp-content/install.php HTTP/1.1" 200 16 "https://cashforcarscarrollton.com/wp-content/install.php" "Mozilla/5.0 (Windows NT 10.0; Win64; x64) AppleWebKit/537.36 (KHTML, like Gecko) Chrome/58.0.3029.110 Safari/537.3"
cashforcarscarrollton.com.infinitibizsol.com:443 52.167.144.163 - - [13/Jun/2025:17:31:09 +0000] "GET /1.14%20Ct%20Natural%20White%20Diamond%20Square%20Cut%20VVS1%20D%20Grade%20GDGL%20Certified%20C68%20-%20UFBGUFFZSlBZQEJQ/ HTTP/1.1" 200 23 "-" "Mozilla/5.0 AppleWebKit/537.36 (KHTML, like Gecko; compatible; bingbot/2.0; +http://www.bing.com/bingbot.htm) Chrome/116.0.1938.76 Safari/537.36"
cashforcarscarrollton.com.infinitibizsol.com:443 52.167.144.231 - - [13/Jun/2025:17:32:25 +0000] "GET /12Ah%20DCB609-2%20For%20DEWALT%20DCB606%2020V/60V%20MAX%20FLEXVOLT%20%20Li-Ion%20Battery%20-%20UFdGWlZcSlpWQUZQ/ HTTP/1.1" 200 23 "-" "Mozilla/5.0 AppleWebKit/537.36 (KHTML, like Gecko; compatible; bingbot/2.0; +http://www.bing.com/bingbot.htm) Chrome/116.0.1938.76 Safari/537.36"
cashforcarscarrollton.com.infinitibizsol.com:443 52.167.144.231 - - [13/Jun/2025:17:32:45 +0000] "GET /VTG%20Burma%20Bibas%20Men%20Shirt%20L%20Silk%2090%E2%80%99s%20Abstract%20Night%20Club%20Disco%20Artsy%20Korea%20Made%20-%20UlBFW1FXR1FTS0tb/ HTTP/1.1" 200 23 "-" "Mozilla/5.0 AppleWebKit/537.36 (KHTML, like Gecko; compatible; bingbot/2.0; +http://www.bing.com/bingbot.htm) Chrome/116.0.1938.76 Safari/537.36"
cashforcarscarrollton.com.infinitibizsol.com:443 52.167.144.231 - - [13/Jun/2025:17:32:46 +0000] "GET /Matco%20Tools%201/2&/ HTTP/1.1" 200 23 "-" "Mozilla/5.0 AppleWebKit/537.36 (KHTML, like Gecko; compatible; bingbot/2.0; +http://www.bing.com/bingbot.htm) Chrome/116.0.1938.76 Safari/537.36"
cashforcarscarrollton.com.infinitibizsol.com:443 157.55.39.197 - - [13/Jun/2025:17:33:17 +0000] "GET /Healifty%20Truss%20Rod%20Cover%20Professional%20Metal%20Star%20Flower%20Triangle%20Guitar...%20%20-%20UVlGUVFXRFtVREZV/ HTTP/1.1" 200 23 "-" "Mozilla/5.0 AppleWebKit/537.36 (KHTML, like Gecko; compatible; bingbot/2.0; +http://www.bing.com/bingbot.htm) Chrome/116.0.1938.76 Safari/537.36"
cashforcarscarrollton.com.infinitibizsol.com:443 157.55.39.197 - - [13/Jun/2025:17:34:08 +0000] "GET /The%20Wild%20Edge%20of%20Sorrow%20Rituals%20of%20Renewal%20and%20the%20Sacred%20Work%20of%20Grief%20-%20UlRFXFFdSlRYQ0Vb/ HTTP/1.1" 200 23 "-" "Mozilla/5.0 AppleWebKit/537.36 (KHTML, like Gecko; compatible; bingbot/2.0; +http://www.bing.com/bingbot.htm) Chrome/116.0.1938.76 Safari/537.36"
cashforcarscarrollton.com.infinitibizsol.com:443 52.167.144.231 - - [13/Jun/2025:17:34:37 +0000] "GET /Huepar%20Green%20Laser%20Level%20DIY%20Cross%20Line%20Laser%20Self%20Leveling%209011G%20Bright%20Green%20-%20UFJHW1NYQFJQSkJT/ HTTP/1.1" 200 23 "-" "Mozilla/5.0 AppleWebKit/537.36 (KHTML, like Gecko; compatible; bingbot/2.0; +http://www.bing.com/bingbot.htm) Chrome/116.0.1938.76 Safari/537.36"
cashforcarscarrollton.com.infinitibizsol.com:80 43.128.67.187 - - [13/Jun/2025:17:35:40 +0000] "GET / HTTP/1.1" 500 5 "-" "Mozilla/5.0 (iPhone; CPU iPhone OS 13_2_3 like Mac OS X) AppleWebKit/605.1.15 (KHTML, like Gecko) Version/13.0.3 Mobile/15E148 Safari/604.1"
cashforcarscarrollton.com.infinitibizsol.com:443 207.46.13.124 - - [13/Jun/2025:17:37:32 +0000] "GET /GRAINGER%20APPROVED%2011R412%20Shipping%20Box,18x12x8%20in%2011R412%20PK%2025%20-%20UVlFWFBZSlJURkRb/ HTTP/1.1" 200 23 "-" "Mozilla/5.0 AppleWebKit/537.36 (KHTML, like Gecko; compatible; bingbot/2.0; +http://www.bing.com/bingbot.htm) Chrome/116.0.1938.76 Safari/537.36"
cashforcarscarrollton.com.infinitibizsol.com:443 157.55.39.205 - - [13/Jun/2025:17:37:59 +0000] "GET /RARE%20Galaxy%20S24%20Ultra%20Dbrand%20Grip%20Case:%20Case%20Hardened%20Blue%20Gem%20Skin%20-%20UFdGWVVWQVJVSkVR/ HTTP/1.1" 200 23 "-" "Mozilla/5.0 AppleWebKit/537.36 (KHTML, like Gecko; compatible; bingbot/2.0; +http://www.bing.com/bingbot.htm) Chrome/116.0.1938.76 Safari/537.36"
cashforcarscarrollton.com.infinitibizsol.com:443 69.197.135.226 - - [13/Jun/2025:17:38:00 +0000] "GET /wp-content/install.php HTTP/1.1" 200 16 "https://cashforcarscarrollton.com/wp-content/install.php" "Mozilla/5.0 (Windows NT 10.0; Win64; x64) AppleWebKit/537.36 (KHTML, like Gecko) Chrome/58.0.3029.110 Safari/537.3"
cashforcarscarrollton.com.infinitibizsol.com:443 207.46.13.124 - - [13/Jun/2025:17:38:34 +0000] "GET /Adopt%20A%20pet%20from%20Me%20-%20Neon%20Headless%20horse%20-%20*SAME%20DAY%20DELIVERY*%20-%20UFdGWV9ZS1dWRktU/ HTTP/1.1" 200 23 "-" "Mozilla/5.0 AppleWebKit/537.36 (KHTML, like Gecko; compatible; bingbot/2.0; +http://www.bing.com/bingbot.htm) Chrome/116.0.1938.76 Safari/537.36"
cashforcarscarrollton.com.infinitibizsol.com:443 207.46.13.124 - - [13/Jun/2025:17:39:45 +0000] "GET /Armor%20All%202.5%20Gallon%202%20Peak%20HP%20Wet%20Dry%20Vacuum%20Set,%20VOM205P%200901%20-%20UFhGXlBbSlVRQEdR/ HTTP/1.1" 200 23 "-" "Mozilla/5.0 AppleWebKit/537.36 (KHTML, like Gecko; compatible; bingbot/2.0; +http://www.bing.com/bingbot.htm) Chrome/116.0.1938.76 Safari/537.36"
cashforcarscarrollton.com.infinitibizsol.com:443 207.46.13.124 - - [13/Jun/2025:17:41:25 +0000] "GET /Nike%20Air%20Jordan%20Sweatshirt%20Size%20Small%20Crew%20Youth%20L%20%5B12yr-13yr%5D%20-%20UFFGWVJXRFNVSkJS/ HTTP/1.1" 200 23 "-" "Mozilla/5.0 AppleWebKit/537.36 (KHTML, like Gecko; compatible; bingbot/2.0; +http://www.bing.com/bingbot.htm) Chrome/116.0.1938.76 Safari/537.36"
cashforcarscarrollton.com.infinitibizsol.com:443 157.55.39.205 - - [13/Jun/2025:17:41:30 +0000] "GET /3D%20Abstract%20Art%20Tree%20G3984%20Wallpaper%20Wall%20Murals%20Removable%20Self-adhesive%20Honey%20-%20UlNFXF5ZQVZWR0BX/ HTTP/1.1" 200 23 "-" "Mozilla/5.0 AppleWebKit/537.36 (KHTML, like Gecko; compatible; bingbot/2.0; +http://www.bing.com/bingbot.htm) Chrome/116.0.1938.76 Safari/537.36"
cashforcarscarrollton.com.infinitibizsol.com:443 52.167.144.231 - - [13/Jun/2025:17:41:46 +0000] "GET /La%20Cappella%20Sassetti%20Nella%20Chiesa%20Do%20Santa%20Trinita%20Enrica%20Cassarino%201996%20-%20UVNFW1JeRFFVSkVb/ HTTP/1.1" 200 23 "-" "Mozilla/5.0 AppleWebKit/537.36 (KHTML, like Gecko; compatible; bingbot/2.0; +http://www.bing.com/bingbot.htm) Chrome/116.0.1938.76 Safari/537.36"
cashforcarscarrollton.com.infinitibizsol.com:443 157.55.39.194 - - [13/Jun/2025:17:42:16 +0000] "GET /Submersible%20Water%20Pump%201/3%20HP%202450GPH%20ThermoplasticUtility%20Pump%20Thermoplastic%20-%20UFhGXFNaR1ZRQEVW/ HTTP/1.1" 200 23 "-" "Mozilla/5.0 AppleWebKit/537.36 (KHTML, like Gecko; compatible; bingbot/2.0; +http://www.bing.com/bingbot.htm) Chrome/116.0.1938.76 Safari/537.36"
cashforcarscarrollton.com.infinitibizsol.com:443 52.167.144.231 - - [13/Jun/2025:17:42:27 +0000] "GET /we03x23881-dryer-lint-screen-filter-assembly-for-ge-dryer-ps11763056-eap11763056-UFdDXldYQFVXQkVV HTTP/1.1" 200 23 "-" "Mozilla/5.0 AppleWebKit/537.36 (KHTML, like Gecko; compatible; bingbot/2.0; +http://www.bing.com/bingbot.htm) Chrome/116.0.1938.76 Safari/537.36"
cashforcarscarrollton.com.infinitibizsol.com:443 157.55.39.194 - - [13/Jun/2025:17:43:06 +0000] "GET /Apple%20Engineering%20Prototype%20DVT%20Lightning%20To%203.5mm%20Bidirectional%201.2M%204Ft%20Cable%20-%20UVJGUFZXSlJVQ0RT/ HTTP/1.1" 200 23 "-" "Mozilla/5.0 AppleWebKit/537.36 (KHTML, like Gecko; compatible; bingbot/2.0; +http://www.bing.com/bingbot.htm) Chrome/116.0.1938.76 Safari/537.36"
cashforcarscarrollton.com.infinitibizsol.com:443 40.77.167.159 - - [13/Jun/2025:17:43:08 +0000] "GET /Werner,%20Bilderfolge%20f%C3%BCr%20unseren%20Liebling.%20-%20UVNFW1BeS1NUQUZT/ HTTP/1.1" 200 23 "-" "Mozilla/5.0 AppleWebKit/537.36 (KHTML, like Gecko; compatible; bingbot/2.0; +http://www.bing.com/bingbot.htm) Chrome/116.0.1938.76 Safari/537.36"
cashforcarscarrollton.com.infinitibizsol.com:443 157.55.39.194 - - [13/Jun/2025:17:44:07 +0000] "GET /33pc%20Adult%20Sensitive%20Orgasm%20Thin%20Latex%20Condoms%20Dotted%20Ribbed%20Stimulate%20Vaginal%20-%20UFlEWlBXQlNZREtS/ HTTP/1.1" 200 23 "-" "Mozilla/5.0 AppleWebKit/537.36 (KHTML, like Gecko; compatible; bingbot/2.0; +http://www.bing.com/bingbot.htm) Chrome/116.0.1938.76 Safari/537.36"
cashforcarscarrollton.com.infinitibizsol.com:443 157.55.39.194 - - [13/Jun/2025:17:44:38 +0000] "GET /Fourteen%20Iron%20Set%20TC-770%20FORGED%205S%20Flex%20S%206I,%207I,%208I,%209I,%20PW%20-%20UldEWFRbRlJZRUNb/ HTTP/1.1" 200 23 "-" "Mozilla/5.0 AppleWebKit/537.36 (KHTML, like Gecko; compatible; bingbot/2.0; +http://www.bing.com/bingbot.htm) Chrome/116.0.1938.76 Safari/537.36"
cashforcarscarrollton.com.infinitibizsol.com:443 157.55.39.205 - - [13/Jun/2025:17:44:42 +0000] "GET /NAP%20Thunderhead%20Replacement%20Broadhead%20Blades%20-%20100gr.%20-%2018%20Blades%20-%2060-151%20-%20UFFHX1VcQ1tUS0pQ/ HTTP/1.1" 200 13 "-" "Mozilla/5.0 AppleWebKit/537.36 (KHTML, like Gecko; compatible; bingbot/2.0; +http://www.bing.com/bingbot.htm) Chrome/116.0.1938.76 Safari/537.36"
cashforcarscarrollton.com.infinitibizsol.com:443 198.98.50.39 - - [13/Jun/2025:17:47:07 +0000] "GET /wp-login.php HTTP/1.1" 500 5 "-" "Mozilla/5.0 (X11; Linux x86_64) AppleWebKit/537.36 (KHTML, like Gecko) Chrome/36.0.1985.143 Safari/537.36"
cashforcarscarrollton.com.infinitibizsol.com:443 157.55.39.194 - - [13/Jun/2025:17:48:49 +0000] "GET /Carp%20Fishing%20Bombarda%20Floats%20Inline%20Surface%20Float%20Cat%20Fishing%20Terminal%20Tackle.%20-%20UlhFXlBdQlNUQ0VS/ HTTP/1.1" 200 23 "-" "Mozilla/5.0 AppleWebKit/537.36 (KHTML, like Gecko; compatible; bingbot/2.0; +http://www.bing.com/bingbot.htm) Chrome/116.0.1938.76 Safari/537.36"
cashforcarscarrollton.com.infinitibizsol.com:443 40.77.167.53 - - [13/Jun/2025:17:49:59 +0000] "GET /Atlas%20Homewares%20By%20Top%20Knobs%20351-FG%20Shelley%20Pull%20French%20Gold%20-%20UlVGXldXRFRSSkpQ/ HTTP/1.1" 200 23 "-" "Mozilla/5.0 AppleWebKit/537.36 (KHTML, like Gecko; compatible; bingbot/2.0; +http://www.bing.com/bingbot.htm) Chrome/116.0.1938.76 Safari/537.36"
cashforcarscarrollton.com.infinitibizsol.com:443 69.197.135.226 - - [13/Jun/2025:17:50:46 +0000] "GET /wp-content/install.php HTTP/1.1" 200 16 "https://cashforcarscarrollton.com/wp-content/install.php" "Mozilla/5.0 (Windows NT 10.0; Win64; x64) AppleWebKit/537.36 (KHTML, like Gecko) Chrome/58.0.3029.110 Safari/537.3"
cashforcarscarrollton.com.infinitibizsol.com:443 157.55.39.194 - - [13/Jun/2025:17:52:32 +0000] "GET /40K%20Space%20Marines%20Legion%20Mark%20III/VI%20Command%20Heads%20Bare%20Head%20Bits%203%20Bitz%20-%20UlhFX1JZQFNWQkBQ/ HTTP/1.1" 200 23 "-" "Mozilla/5.0 AppleWebKit/537.36 (KHTML, like Gecko; compatible; bingbot/2.0; +http://www.bing.com/bingbot.htm) Chrome/116.0.1938.76 Safari/537.36"
cashforcarscarrollton.com.infinitibizsol.com:443 52.167.144.147 - - [13/Jun/2025:17:55:29 +0000] "GET /Set%20of%202%20C%20Shaped%20End%20Side%20Snack%20%20Table%20for%20Sofa%20Couch%20Slide%20Under%20Living%20Room%20-%20UVlHWFVYRlBWQkJS/ HTTP/1.1" 200 23 "-" "Mozilla/5.0 AppleWebKit/537.36 (KHTML, like Gecko; compatible; bingbot/2.0; +http://www.bing.com/bingbot.htm) Chrome/116.0.1938.76 Safari/537.36"
cashforcarscarrollton.com.infinitibizsol.com:443 157.55.39.13 - - [13/Jun/2025:17:56:44 +0000] "GET /Reptile%20Arboreal%2010%20Gallon%20Front%20Opening%20Enclosure,%20Terrariums,%20Tarantula,Gecko%20-%20UlVGUFBZRVRZQERU/ HTTP/1.1" 200 23 "-" "Mozilla/5.0 AppleWebKit/537.36 (KHTML, like Gecko; compatible; bingbot/2.0; +http://www.bing.com/bingbot.htm) Chrome/116.0.1938.76 Safari/537.36"
cashforcarscarrollton.com.infinitibizsol.com:443 157.55.39.13 - - [13/Jun/2025:17:58:45 +0000] "GET /RARE%20Chinese%20Teapot%20Famille%20Rose%20Peony%20Porcelain%20Qing%20Period%20Yongzheng%201723-1735%20-%20UlBFW1VaR1RVREdb/ HTTP/1.1" 200 23 "-" "Mozilla/5.0 AppleWebKit/537.36 (KHTML, like Gecko; compatible; bingbot/2.0; +http://www.bing.com/bingbot.htm) Chrome/116.0.1938.76 Safari/537.36"
cashforcarscarrollton.com.infinitibizsol.com:443 52.167.144.147 - - [13/Jun/2025:17:59:33 +0000] "GET /8.5X11%20Document%20Picture%20Frame,%20Black%20-%20UFBGUFRaR1ZXS0JV/ HTTP/1.1" 200 23 "-" "Mozilla/5.0 AppleWebKit/537.36 (KHTML, like Gecko; compatible; bingbot/2.0; +http://www.bing.com/bingbot.htm) Chrome/116.0.1938.76 Safari/537.36"
cashforcarscarrollton.com.infinitibizsol.com:443 52.167.144.147 - - [13/Jun/2025:17:59:58 +0000] "GET /DUCT%20TAPE%20IT%20CANT%20FIX%20STUPID%20Tactical%20Morale%20Patch%20Hook%20and%20Loop%20-%20UVNFW1ZbS1pTQkVV/ HTTP/1.1" 200 23 "-" "Mozilla/5.0 AppleWebKit/537.36 (KHTML, like Gecko; compatible; bingbot/2.0; +http://www.bing.com/bingbot.htm) Chrome/116.0.1938.76 Safari/537.36"
cashforcarscarrollton.com.infinitibizsol.com:443 157.55.39.12 - - [13/Jun/2025:18:00:07 +0000] "GET /THK%20SR30SB1SS-GK%20Linear%20Slide%20Bearing%20NEW%20-%20UFNGW1ZdQldSREtW/ HTTP/1.1" 200 23 "-" "Mozilla/5.0 AppleWebKit/537.36 (KHTML, like Gecko; compatible; bingbot/2.0; +http://www.bing.com/bingbot.htm) Chrome/116.0.1938.76 Safari/537.36"
cashforcarscarrollton.com.infinitibizsol.com:443 52.167.144.147 - - [13/Jun/2025:18:00:38 +0000] "GET /Roomark%203600%20PSI%20Gas%20Pressure%20Washer%205%20Nozzles%20Gas%20Powered%20Washer%202.6%20GPM%20210cc%20-%20UlZFXVJaRFRXREBU/ HTTP/1.1" 200 23 "-" "Mozilla/5.0 AppleWebKit/537.36 (KHTML, like Gecko; compatible; bingbot/2.0; +http://www.bing.com/bingbot.htm) Chrome/116.0.1938.76 Safari/537.36"
cashforcarscarrollton.com.infinitibizsol.com:443 157.55.39.12 - - [13/Jun/2025:18:01:17 +0000] "GET /Comics%20Since%201945%20by%20Walker,%20Brian%20Hardback%20Book%20The%20Fast%20Free%20Shipping%20-%20UFFGX1VdQ1FSQ0dU/ HTTP/1.1" 200 23 "-" "Mozilla/5.0 AppleWebKit/537.36 (KHTML, like Gecko; compatible; bingbot/2.0; +http://www.bing.com/bingbot.htm) Chrome/116.0.1938.76 Safari/537.36"
cashforcarscarrollton.com.infinitibizsol.com:443 208.110.64.178 - - [13/Jun/2025:18:02:55 +0000] "GET /wp-content/install.php HTTP/1.1" 200 16 "https://cashforcarscarrollton.com/wp-content/install.php" "Mozilla/5.0 (Windows NT 10.0; Win64; x64) AppleWebKit/537.36 (KHTML, like Gecko) Chrome/58.0.3029.110 Safari/537.3"
cashforcarscarrollton.com.infinitibizsol.com:443 157.55.39.12 - - [13/Jun/2025:18:03:47 +0000] "GET /MASSIVE%20GREEN%20TRANSFERWARE%20STAFFORDSHIRE%20PLATTER.%20MAMMALIA%20ELIJAH%20JONES%20C1830%20-%20UFJGXlVWSltXS0VX/ HTTP/1.1" 200 23 "-" "Mozilla/5.0 AppleWebKit/537.36 (KHTML, like Gecko; compatible; bingbot/2.0; +http://www.bing.com/bingbot.htm) Chrome/116.0.1938.76 Safari/537.36"
cashforcarscarrollton.com.infinitibizsol.com:443 207.46.13.124 - - [13/Jun/2025:18:04:50 +0000] "GET /Davante%20Adams%202014%20%20Rookie%20Team%20Logo%20Prizm%20PSA%2010%20POP%203%20%2014/50%20show%20stopper%20-%20UlhFX1VdRFBVREZV/ HTTP/1.1" 200 23 "-" "Mozilla/5.0 AppleWebKit/537.36 (KHTML, like Gecko; compatible; bingbot/2.0; +http://www.bing.com/bingbot.htm) Chrome/116.0.1938.76 Safari/537.36"
cashforcarscarrollton.com.infinitibizsol.com:443 207.46.13.124 - - [13/Jun/2025:18:04:51 +0000] "GET /Green%20Arrow%20(DC,%201988%20series)%20/ HTTP/1.1" 200 23 "-" "Mozilla/5.0 AppleWebKit/537.36 (KHTML, like Gecko; compatible; bingbot/2.0; +http://www.bing.com/bingbot.htm) Chrome/116.0.1938.76 Safari/537.36"
cashforcarscarrollton.com.infinitibizsol.com:443 157.55.39.12 - - [13/Jun/2025:18:05:27 +0000] "GET /AM3A851-79320%20Belt%20-%20Air%20Conditioner%20Compressor%20AM3A851-79320-ABL%20-%20UVJGXlVWQFZQRERR/ HTTP/1.1" 200 23 "-" "Mozilla/5.0 AppleWebKit/537.36 (KHTML, like Gecko; compatible; bingbot/2.0; +http://www.bing.com/bingbot.htm) Chrome/116.0.1938.76 Safari/537.36"
cashforcarscarrollton.com.infinitibizsol.com:443 52.167.144.140 - - [13/Jun/2025:18:05:32 +0000] "GET /VAISALA%20SENSOR%20SYS%20C11F0A6B0%20/%20C11F0A6B0%20(BRAND%20NEW)%20-%20UlJGW1dZS1BWQEZR/ HTTP/1.1" 200 23 "-" "Mozilla/5.0 AppleWebKit/537.36 (KHTML, like Gecko; compatible; bingbot/2.0; +http://www.bing.com/bingbot.htm) Chrome/116.0.1938.76 Safari/537.36"
cashforcarscarrollton.com.infinitibizsol.com:443 52.167.144.140 - - [13/Jun/2025:18:05:33 +0000] "GET /Found%204X6%20PHOTO%20of%20Sexy%20Young%20Beautiful%20EMMA%20WATSON%20Hollywood%20Actor%20&%20Model%20-%20UVdFXFJfRVFUREZW/ HTTP/1.1" 200 23 "-" "Mozilla/5.0 AppleWebKit/537.36 (KHTML, like Gecko; compatible; bingbot/2.0; +http://www.bing.com/bingbot.htm) Chrome/116.0.1938.76 Safari/537.36"
cashforcarscarrollton.com.infinitibizsol.com:443 207.46.13.124 - - [13/Jun/2025:18:08:31 +0000] "GET /Snoopy%20Kanagawa%20Chuo%20Kotsu%20Bus%20Common%20Card%201100%20CAS11%200321%20-%20UFJGXlNeQlNTQkRW/ HTTP/1.1" 200 23 "-" "Mozilla/5.0 AppleWebKit/537.36 (KHTML, like Gecko; compatible; bingbot/2.0; +http://www.bing.com/bingbot.htm) Chrome/116.0.1938.76 Safari/537.36"
cashforcarscarrollton.com.infinitibizsol.com:443 157.55.39.12 - - [13/Jun/2025:18:08:58 +0000] "GET /SIEMENS%206SE7031-6EB87-2DA1%20Braking%20Unit%20Input%20Dc%20510v-650v.%20%20(1D-31)%20-%20UlRFWlZZQ1FZQkRW/ HTTP/1.1" 200 23 "-" "Mozilla/5.0 AppleWebKit/537.36 (KHTML, like Gecko; compatible; bingbot/2.0; +http://www.bing.com/bingbot.htm) Chrome/116.0.1938.76 Safari/537.36"
cashforcarscarrollton.com.infinitibizsol.com:443 157.55.39.12 - - [13/Jun/2025:18:09:08 +0000] "GET /University%20Of%20Auburn%20Beaded%20Statement%20Earrings%20-%20UVdFUVFcQVBUS0pU/ HTTP/1.1" 200 23 "-" "Mozilla/5.0 AppleWebKit/537.36 (KHTML, like Gecko; compatible; bingbot/2.0; +http://www.bing.com/bingbot.htm) Chrome/116.0.1938.76 Safari/537.36"
cashforcarscarrollton.com.infinitibizsol.com:443 207.46.13.124 - - [13/Jun/2025:18:10:53 +0000] "GET /PHOTO%20MARSEILLE%20Portrait%20homme%20avec%20canotier%20sur%20le%20vieux%20port%20-%20UVZFX1dcQVdRQkNa/ HTTP/1.1" 200 23 "-" "Mozilla/5.0 AppleWebKit/537.36 (KHTML, like Gecko; compatible; bingbot/2.0; +http://www.bing.com/bingbot.htm) Chrome/116.0.1938.76 Safari/537.36"
cashforcarscarrollton.com.infinitibizsol.com:443 52.167.144.140 - - [13/Jun/2025:18:11:03 +0000] "GET /3.7-Amp%2020-Inch%20Electric%20Hedge%20Trimmer%20HT21-401-002-02%20-%20UlNFXVdcRVpTQkda/ HTTP/1.1" 200 23 "-" "Mozilla/5.0 AppleWebKit/537.36 (KHTML, like Gecko; compatible; bingbot/2.0; +http://www.bing.com/bingbot.htm) Chrome/116.0.1938.76 Safari/537.36"
cashforcarscarrollton.com.infinitibizsol.com:443 207.46.13.124 - - [13/Jun/2025:18:11:23 +0000] "GET /On%20the%20Great%20Plains:%20Agriculture%20and%20Environment%20-%20UFdGWFVeQVJVS0dQ/ HTTP/1.1" 200 23 "-" "Mozilla/5.0 AppleWebKit/537.36 (KHTML, like Gecko; compatible; bingbot/2.0; +http://www.bing.com/bingbot.htm) Chrome/116.0.1938.76 Safari/537.36"
cashforcarscarrollton.com.infinitibizsol.com:443 207.46.13.124 - - [13/Jun/2025:18:11:54 +0000] "GET /The%20Boy%20Who%20Drew%20Birds:%20A%20Story%20of%20John%20James%20Audubon%20%5BOutstanding%20Science%20Trade%20-%20UFBGXl5WQ1VTRkdb/ HTTP/1.1" 200 23 "-" "Mozilla/5.0 AppleWebKit/537.36 (KHTML, like Gecko; compatible; bingbot/2.0; +http://www.bing.com/bingbot.htm) Chrome/116.0.1938.76 Safari/537.36"
cashforcarscarrollton.com.infinitibizsol.com:443 52.167.144.140 - - [13/Jun/2025:18:12:09 +0000] "GET /Microscale%20MI-9%20Micro%20Kristal%20Klear%201oz%20-%20US%20Fast%20Ship%20100%25%20Genuine%20-%20UllGW1RWRlFYSkFb/ HTTP/1.1" 200 23 "-" "Mozilla/5.0 AppleWebKit/537.36 (KHTML, like Gecko; compatible; bingbot/2.0; +http://www.bing.com/bingbot.htm) Chrome/116.0.1938.76 Safari/537.36"
cashforcarscarrollton.com.infinitibizsol.com:443 207.46.13.124 - - [13/Jun/2025:18:13:54 +0000] "GET /yaskawa-sgmjv-01a3a2c-100w-ac-servo-motor-w-cable-length-12-feet-UFNGX1BdR1ZQR0RX HTTP/1.1" 200 23 "-" "Mozilla/5.0 AppleWebKit/537.36 (KHTML, like Gecko; compatible; bingbot/2.0; +http://www.bing.com/bingbot.htm) Chrome/116.0.1938.76 Safari/537.36"
cashforcarscarrollton.com.infinitibizsol.com:443 20.15.133.162 - - [13/Jun/2025:18:14:08 +0000] "GET /125%20cf%20Welding%20Gas,%20Welding%20Cylinder,%20Welding%20Tank%20for%20Argon%20Nitrogen%20Argon/CO2%20-%20UVJHWlNfQFtTREBU/ HTTP/1.1" 200 23 "-" "Mozilla/5.0 AppleWebKit/537.36 (KHTML, like Gecko; compatible; bingbot/2.0; +http://www.bing.com/bingbot.htm) Chrome/116.0.1938.76 Safari/537.36"
cashforcarscarrollton.com.infinitibizsol.com:443 207.46.13.63 - - [13/Jun/2025:18:16:47 +0000] "GET /cob-led-par-light-stage-lighting-100w-dmx-dj-party-light-audience-blinder-lights-Q0dCGlRWR15SVkRb HTTP/1.1" 200 23 "-" "Mozilla/5.0 AppleWebKit/537.36 (KHTML, like Gecko; compatible; bingbot/2.0; +http://www.bing.com/bingbot.htm) Chrome/116.0.1938.76 Safari/537.36"
cashforcarscarrollton.com.infinitibizsol.com:443 40.77.167.143 - - [13/Jun/2025:18:17:01 +0000] "GET /TULALA%20El%20Horizonte%2070%20Baitcasting%20Rod%20-%20UFZGX1JXRVZZQUJX/ HTTP/1.1" 200 23 "-" "Mozilla/5.0 AppleWebKit/537.36 (KHTML, like Gecko; compatible; bingbot/2.0; +http://www.bing.com/bingbot.htm) Chrome/116.0.1938.76 Safari/537.36"
cashforcarscarrollton.com.infinitibizsol.com:443 40.77.167.143 - - [13/Jun/2025:18:18:41 +0000] "GET /Star%20Wars%20Revenge%20of%20the%20Sith%2011/60%20Clone%20Trooper%20Gunner%20(C)%20Miniature%20-%20UlRGUFBaRVpTRkBb/ HTTP/1.1" 200 23 "-" "Mozilla/5.0 AppleWebKit/537.36 (KHTML, like Gecko; compatible; bingbot/2.0; +http://www.bing.com/bingbot.htm) Chrome/116.0.1938.76 Safari/537.36"
cashforcarscarrollton.com.infinitibizsol.com:443 207.46.13.127 - - [13/Jun/2025:18:19:48 +0000] "GET /Lomonosov%20Russia%20Imperial%20Porcelain%20Factory%20cup%20&%20saucer%20Magic%20City%20Kizhi%20Church%20-%20UldFUVFZRVdSR0ZQ/ HTTP/1.1" 200 23 "-" "Mozilla/5.0 AppleWebKit/537.36 (KHTML, like Gecko; compatible; bingbot/2.0; +http://www.bing.com/bingbot.htm) Chrome/116.0.1938.76 Safari/537.36"
cashforcarscarrollton.com.infinitibizsol.com:443 38.242.146.5 - - [13/Jun/2025:18:20:02 +0000] "GET / HTTP/1.1" 500 5 "-" "Mozilla/5.0 (Windows NT 10.0; Win64; x64; rv:127.0) Gecko/20100101 Firefox/127.0"
cashforcarscarrollton.com.infinitibizsol.com:443 38.242.146.5 - - [13/Jun/2025:18:20:02 +0000] "GET /wp-login.php HTTP/1.1" 500 0 "-" "Mozilla/5.0 (Windows NT 10.0; Win64; x64; rv:127.0) Gecko/20100101 Firefox/127.0"
cashforcarscarrollton.com.infinitibizsol.com:443 40.77.167.143 - - [13/Jun/2025:18:20:10 +0000] "GET /Lamparas%20de%20mano%20recargables%20led%20linternas%20alta%20potencia%201000000%20lumens%20potente%20-%20UFhGWFNZQFNSS0Na/ HTTP/1.1" 200 23 "-" "Mozilla/5.0 AppleWebKit/537.36 (KHTML, like Gecko; compatible; bingbot/2.0; +http://www.bing.com/bingbot.htm) Chrome/116.0.1938.76 Safari/537.36"
cashforcarscarrollton.com.infinitibizsol.com:443 208.110.64.178 - - [13/Jun/2025:18:20:21 +0000] "GET /wp-content/install.php HTTP/1.1" 200 16 "https://cashforcarscarrollton.com/wp-content/install.php" "Mozilla/5.0 (Windows NT 10.0; Win64; x64) AppleWebKit/537.36 (KHTML, like Gecko) Chrome/58.0.3029.110 Safari/537.3"
cashforcarscarrollton.com.infinitibizsol.com:443 40.77.167.143 - - [13/Jun/2025:18:21:51 +0000] "GET /Innovative%20Steel%20Engine%20Motor%20Mounts%2075A%2090-93%20Acura%20Integra%20B-series%20B17%20B18%20-%20UVdAWFReS1dSSkVW/ HTTP/1.1" 200 23 "-" "Mozilla/5.0 AppleWebKit/537.36 (KHTML, like Gecko; compatible; bingbot/2.0; +http://www.bing.com/bingbot.htm) Chrome/116.0.1938.76 Safari/537.36"
cashforcarscarrollton.com.infinitibizsol.com:443 170.205.30.55 - - [13/Jun/2025:18:22:54 +0000] "POST /wp-admin HTTP/1.1" 500 5 "https://cashforcarscarrollton.com/wp-admin/" "Mozilla/5.0 (Windows NT 10.0; Win64; x64) AppleWebKit/537.36 (KHTML, like Gecko) Chrome/90.0.4430.85 Safari/537.36"
cashforcarscarrollton.com.infinitibizsol.com:443 170.205.30.55 - - [13/Jun/2025:18:22:54 +0000] "POST /wp-login.php HTTP/1.1" 500 5 "https://cashforcarscarrollton.com/wp-admin/" "Mozilla/5.0 (Windows NT 10.0; Win64; x64) AppleWebKit/537.36 (KHTML, like Gecko) Chrome/90.0.4430.85 Safari/537.36"
cashforcarscarrollton.com.infinitibizsol.com:443 170.205.30.55 - - [13/Jun/2025:18:22:54 +0000] "POST /admin HTTP/1.1" 500 0 "https://cashforcarscarrollton.com/wp-admin/" "Mozilla/5.0 (Windows NT 10.0; Win64; x64) AppleWebKit/537.36 (KHTML, like Gecko) Chrome/90.0.4430.85 Safari/537.36"
cashforcarscarrollton.com.infinitibizsol.com:443 170.205.30.55 - - [13/Jun/2025:18:22:55 +0000] "POST /user/login HTTP/1.1" 500 5 "https://cashforcarscarrollton.com/wp-admin/" "Mozilla/5.0 (Windows NT 10.0; Win64; x64) AppleWebKit/537.36 (KHTML, like Gecko) Chrome/90.0.4430.85 Safari/537.36"
cashforcarscarrollton.com.infinitibizsol.com:443 170.205.30.55 - - [13/Jun/2025:18:22:55 +0000] "POST /login HTTP/1.1" 500 5 "https://cashforcarscarrollton.com/wp-admin/" "Mozilla/5.0 (Windows NT 10.0; Win64; x64) AppleWebKit/537.36 (KHTML, like Gecko) Chrome/90.0.4430.85 Safari/537.36"
cashforcarscarrollton.com.infinitibizsol.com:443 170.205.30.55 - - [13/Jun/2025:18:22:55 +0000] "POST /dashboard HTTP/1.1" 500 5 "https://cashforcarscarrollton.com/wp-admin/" "Mozilla/5.0 (Windows NT 10.0; Win64; x64) AppleWebKit/537.36 (KHTML, like Gecko) Chrome/90.0.4430.85 Safari/537.36"
cashforcarscarrollton.com.infinitibizsol.com:443 170.205.30.55 - - [13/Jun/2025:18:22:56 +0000] "POST /cms HTTP/1.1" 500 5 "https://cashforcarscarrollton.com/wp-admin/" "Mozilla/5.0 (Windows NT 10.0; Win64; x64) AppleWebKit/537.36 (KHTML, like Gecko) Chrome/90.0.4430.85 Safari/537.36"
cashforcarscarrollton.com.infinitibizsol.com:443 170.205.30.55 - - [13/Jun/2025:18:22:56 +0000] "POST /panel HTTP/1.1" 500 5 "https://cashforcarscarrollton.com/wp-admin/" "Mozilla/5.0 (Windows NT 10.0; Win64; x64) AppleWebKit/537.36 (KHTML, like Gecko) Chrome/90.0.4430.85 Safari/537.36"
cashforcarscarrollton.com.infinitibizsol.com:443 170.205.30.55 - - [13/Jun/2025:18:22:57 +0000] "POST /backend HTTP/1.1" 500 5 "https://cashforcarscarrollton.com/wp-admin/" "Mozilla/5.0 (Windows NT 10.0; Win64; x64) AppleWebKit/537.36 (KHTML, like Gecko) Chrome/90.0.4430.85 Safari/537.36"
cashforcarscarrollton.com.infinitibizsol.com:443 40.77.167.143 - - [13/Jun/2025:18:24:12 +0000] "GET /Men%20Compression%20Undershirt%20to%20Hide%20Gynecomastia%20Moobs%20Slimming%20Body%20Shaper%20Tops%20-%20UFBBUVRZR1FTRktR/ HTTP/1.1" 200 23 "-" "Mozilla/5.0 AppleWebKit/537.36 (KHTML, like Gecko; compatible; bingbot/2.0; +http://www.bing.com/bingbot.htm) Chrome/116.0.1938.76 Safari/537.36"
cashforcarscarrollton.com.infinitibizsol.com:443 40.77.167.143 - - [13/Jun/2025:18:24:40 +0000] "GET /Evenflo%20LiteMax%2035%20Infant%20Car%20Seat%20Base%20-%20UVJGX19dSlFSQ0RT/ HTTP/1.1" 200 23 "-" "Mozilla/5.0 AppleWebKit/537.36 (KHTML, like Gecko; compatible; bingbot/2.0; +http://www.bing.com/bingbot.htm) Chrome/116.0.1938.76 Safari/537.36"
cashforcarscarrollton.com.infinitibizsol.com:443 40.77.167.143 - - [13/Jun/2025:18:25:45 +0000] "GET /BRAND%20NEW%202023%20Wilson%20Staff%20Dynapower%2022%20deg%204%20hybrid%20Graph%20regular%20%20LH%20-%20UVlFWFVfRVtVSkZQ/ HTTP/1.1" 200 23 "-" "Mozilla/5.0 AppleWebKit/537.36 (KHTML, like Gecko; compatible; bingbot/2.0; +http://www.bing.com/bingbot.htm) Chrome/116.0.1938.76 Safari/537.36"
cashforcarscarrollton.com.infinitibizsol.com:443 157.55.39.57 - - [13/Jun/2025:18:25:53 +0000] "GET /EXBEIN%20Composite%20Ver.%20Ka%20Action%20Figure%20Super%20Robot%20Wars%20Hajime%20Katoki%20USA%20Seller%20-%20UVJGXl9dSlpZQURb/ HTTP/1.1" 200 23 "-" "Mozilla/5.0 AppleWebKit/537.36 (KHTML, like Gecko; compatible; bingbot/2.0; +http://www.bing.com/bingbot.htm) Chrome/116.0.1938.76 Safari/537.36"
cashforcarscarrollton.com.infinitibizsol.com:443 157.55.39.57 - - [13/Jun/2025:18:26:24 +0000] "GET /Lot%20of%2024%20Vintage%20Railroad%20Spikes%20Blacksmithing%20Iron%202%20Dozen%20Crafting%20Art%20DIY%20-%20UVRFXlNeRFZXRkRa/ HTTP/1.1" 200 13 "-" "Mozilla/5.0 AppleWebKit/537.36 (KHTML, like Gecko; compatible; bingbot/2.0; +http://www.bing.com/bingbot.htm) Chrome/116.0.1938.76 Safari/537.36"
cashforcarscarrollton.com.infinitibizsol.com:443 157.55.39.57 - - [13/Jun/2025:18:27:34 +0000] "GET /DXN%20Reishi%20Gano%20RG%2030%20%20%20Ganocelium%20GL%2030%20Capsules%20%20%20Spirulina%20120%20Tablets%20%20-%20UFJGXlJfS1NQRUJb/ HTTP/1.1" 200 23 "-" "Mozilla/5.0 AppleWebKit/537.36 (KHTML, like Gecko; compatible; bingbot/2.0; +http://www.bing.com/bingbot.htm) Chrome/116.0.1938.76 Safari/537.36"
cashforcarscarrollton.com.infinitibizsol.com:443 157.55.39.201 - - [13/Jun/2025:18:29:23 +0000] "GET /Rock%20Revival%20Jeans%20Womens%2026%20Blue%20Denim%20Jamie%20Easy%20Boot%20Cut%20Faded%20Fits%2030x31%20-%20UFlEWV5aRlZWR0Fb/ HTTP/1.1" 200 23 "-" "Mozilla/5.0 AppleWebKit/537.36 (KHTML, like Gecko; compatible; bingbot/2.0; +http://www.bing.com/bingbot.htm) Chrome/116.0.1938.76 Safari/537.36"
cashforcarscarrollton.com.infinitibizsol.com:443 104.245.39.67 - - [13/Jun/2025:18:29:58 +0000] "GET / HTTP/1.1" 500 5 "-" "Mozilla/5.0 (Windows NT 6.2; WOW64) AppleWebKit/537.36 (KHTML, like Gecko) Chrome/56.0.2924.87 Safari/537.36"
cashforcarscarrollton.com.infinitibizsol.com:443 157.55.39.201 - - [13/Jun/2025:18:31:24 +0000] "GET /A%20Quiet%20Place:%20The%20Road%20Ahead%20-%20PlayStation%205%20-%20V1FGW1dYRlpZQkZQ/ HTTP/1.1" 200 23 "-" "Mozilla/5.0 AppleWebKit/537.36 (KHTML, like Gecko; compatible; bingbot/2.0; +http://www.bing.com/bingbot.htm) Chrome/116.0.1938.76 Safari/537.36"
cashforcarscarrollton.com.infinitibizsol.com:443 69.197.135.226 - - [13/Jun/2025:18:31:48 +0000] "GET /wp-content/install.php HTTP/1.1" 200 16 "https://cashforcarscarrollton.com/wp-content/install.php" "Mozilla/5.0 (Windows NT 10.0; Win64; x64) AppleWebKit/537.36 (KHTML, like Gecko) Chrome/58.0.3029.110 Safari/537.3"
cashforcarscarrollton.com.infinitibizsol.com:443 52.167.144.137 - - [13/Jun/2025:18:31:53 +0000] "GET /DAVID%20SYLVIAN%20%20A%20Little%20Girl%20Dreams%20Of%20Taking%20The%20Veil%20%20%20UK%2012%20inch%20%201986%20Virgin%20-%20UVhFXVZXSlFXQUpa/ HTTP/1.1" 200 13 "-" "Mozilla/5.0 AppleWebKit/537.36 (KHTML, like Gecko; compatible; bingbot/2.0; +http://www.bing.com/bingbot.htm) Chrome/116.0.1938.76 Safari/537.36"
cashforcarscarrollton.com.infinitibizsol.com:443 157.55.39.201 - - [13/Jun/2025:18:32:15 +0000] "GET /TOSHIBA%20TECRA%20C50-C%20i3-6006U%20@%202.00%20GHz,%204GB%20RAM,%20NO%20HDD/OS%20-%20UlZFXlJdQ1NZREJa/ HTTP/1.1" 200 13 "-" "Mozilla/5.0 AppleWebKit/537.36 (KHTML, like Gecko; compatible; bingbot/2.0; +http://www.bing.com/bingbot.htm) Chrome/116.0.1938.76 Safari/537.36"
cashforcarscarrollton.com.infinitibizsol.com:443 157.55.39.201 - - [13/Jun/2025:18:32:17 +0000] "GET /FUNKO%20POP!%20Television:%20Yellowstone%20S2%20-%20John%20Dutton%20%5BNew%20Toy%5D%20Vinyl%20Figure%20-%20UFhGX15eSlFYRERT/ HTTP/1.1" 200 23 "-" "Mozilla/5.0 AppleWebKit/537.36 (KHTML, like Gecko; compatible; bingbot/2.0; +http://www.bing.com/bingbot.htm) Chrome/116.0.1938.76 Safari/537.36"
cashforcarscarrollton.com.infinitibizsol.com:443 157.55.39.57 - - [13/Jun/2025:18:32:36 +0000] "GET /Vintage%20Cricket%20Graph%20Book%20by%20Jim%20Rafferty%20and%20Rich%20Norling%20-%20EE16%20-%20UVFHUVdeSlFYSkVS/ HTTP/1.1" 200 23 "-" "Mozilla/5.0 AppleWebKit/537.36 (KHTML, like Gecko; compatible; bingbot/2.0; +http://www.bing.com/bingbot.htm) Chrome/116.0.1938.76 Safari/537.36"
cashforcarscarrollton.com.infinitibizsol.com:443 157.55.39.201 - - [13/Jun/2025:18:34:47 +0000] "GET /THE%20SCREAM%20BY%20EDVARD%20MUNCH%208%20x%2010%20PRINT%20-%20UFBGWVBfQ1tZREJR/ HTTP/1.1" 200 23 "-" "Mozilla/5.0 AppleWebKit/537.36 (KHTML, like Gecko; compatible; bingbot/2.0; +http://www.bing.com/bingbot.htm) Chrome/116.0.1938.76 Safari/537.36"
cashforcarscarrollton.com.infinitibizsol.com:443 52.167.144.137 - - [13/Jun/2025:18:36:53 +0000] "GET /4%20diff%20Brewery%20Beer%20Stickers%20-%20Deschutes%20Worthy%2010%20Barrel%20-%20as%20pictured%20-%20UVFGWFBZS1tTSkdQ/ HTTP/1.1" 200 23 "-" "Mozilla/5.0 AppleWebKit/537.36 (KHTML, like Gecko; compatible; bingbot/2.0; +http://www.bing.com/bingbot.htm) Chrome/116.0.1938.76 Safari/537.36"
cashforcarscarrollton.com.infinitibizsol.com:443 52.167.144.137 - - [13/Jun/2025:18:36:54 +0000] "GET /Draw%20Cars%20%20Drawng%20Art%20Instruction%20Doug%20DuBosque1998%20Profile%20Tips%20Wild%20Collection%20-%20UFBAX19cQVNWRkdU/ HTTP/1.1" 200 23 "-" "Mozilla/5.0 AppleWebKit/537.36 (KHTML, like Gecko; compatible; bingbot/2.0; +http://www.bing.com/bingbot.htm) Chrome/116.0.1938.76 Safari/537.36"
cashforcarscarrollton.com.infinitibizsol.com:443 157.55.39.13 - - [13/Jun/2025:18:37:48 +0000] "GET /VINEYARD%20VINES%20Pink%20Whale%20Sticker%20-%20UlhGUF5bQ1JTREVW/ HTTP/1.1" 200 23 "-" "Mozilla/5.0 AppleWebKit/537.36 (KHTML, like Gecko; compatible; bingbot/2.0; +http://www.bing.com/bingbot.htm) Chrome/116.0.1938.76 Safari/537.36"
cashforcarscarrollton.com.infinitibizsol.com:443 52.167.144.16 - - [13/Jun/2025:18:38:33 +0000] "GET /Turkmenistan%201%20Manat%20P%2029a%202012%20UNC%20%20P%2029%20a%20-%20UldBWFBYQVBSRkRT/ HTTP/1.1" 200 23 "-" "Mozilla/5.0 AppleWebKit/537.36 (KHTML, like Gecko; compatible; bingbot/2.0; +http://www.bing.com/bingbot.htm) Chrome/116.0.1938.76 Safari/537.36"
cashforcarscarrollton.com.infinitibizsol.com:443 207.46.13.111 - - [13/Jun/2025:18:39:08 +0000] "GET /Lunt%20Eric%20Carle%20The%20Very%20Hungary%20Caterpillar%20Picture%20Frame%20&%20Book%20%20-%20UllFXlJaRVJSQ0pa/ HTTP/1.1" 200 23 "-" "Mozilla/5.0 AppleWebKit/537.36 (KHTML, like Gecko; compatible; bingbot/2.0; +http://www.bing.com/bingbot.htm) Chrome/116.0.1938.76 Safari/537.36"
cashforcarscarrollton.com.infinitibizsol.com:443 157.55.39.13 - - [13/Jun/2025:18:39:20 +0000] "GET /Rostra%20A541E%20TCC%20Lock-up%20Solenoid%20(/ HTTP/1.1" 200 23 "-" "Mozilla/5.0 AppleWebKit/537.36 (KHTML, like Gecko; compatible; bingbot/2.0; +http://www.bing.com/bingbot.htm) Chrome/116.0.1938.76 Safari/537.36"
cashforcarscarrollton.com.infinitibizsol.com:443 157.55.39.10 - - [13/Jun/2025:18:39:27 +0000] "GET /Peddinghaus%201/16%20Panther%20Ausf.G%20Markings%20401%20Ernst%20Barkmann%20Das%20Reich%20WWII%204262%20-%20UlZGUF5cRlpURkdV/ HTTP/1.1" 200 23 "-" "Mozilla/5.0 AppleWebKit/537.36 (KHTML, like Gecko; compatible; bingbot/2.0; +http://www.bing.com/bingbot.htm) Chrome/116.0.1938.76 Safari/537.36"
cashforcarscarrollton.com.infinitibizsol.com:443 52.167.144.16 - - [13/Jun/2025:18:39:42 +0000] "GET /CYSM%20Ultra%20Cinturilla%20Termica%20Ajustable%20Small%20%20Ref%208007%20-%20UllGXldYQFJVREBa/ HTTP/1.1" 200 23 "-" "Mozilla/5.0 AppleWebKit/537.36 (KHTML, like Gecko; compatible; bingbot/2.0; +http://www.bing.com/bingbot.htm) Chrome/116.0.1938.76 Safari/537.36"
cashforcarscarrollton.com.infinitibizsol.com:443 157.55.39.13 - - [13/Jun/2025:18:39:49 +0000] "GET /beyerdynamic%20Screwable%20Headphone%20Adapter,%20M8%20-%20UlNFXF5fSlBXQEJR/ HTTP/1.1" 200 23 "-" "Mozilla/5.0 AppleWebKit/537.36 (KHTML, like Gecko; compatible; bingbot/2.0; +http://www.bing.com/bingbot.htm) Chrome/116.0.1938.76 Safari/537.36"
cashforcarscarrollton.com.infinitibizsol.com:443 108.181.202.211 - - [13/Jun/2025:18:40:08 +0000] "GET /wp-content/install.php HTTP/1.1" 200 16 "https://cashforcarscarrollton.com/wp-content/install.php" "Mozilla/4.0 (compatible; MSIE 7.0; Windows NT 6.0; SLCC1; .NET CLR 2.0.50727; Media Center PC 5.0; .NET CLR 3.0.04506)"
cashforcarscarrollton.com.infinitibizsol.com:443 173.208.153.154 - - [13/Jun/2025:18:42:20 +0000] "GET /wp-content/install.php HTTP/1.1" 200 16 "https://cashforcarscarrollton.com/wp-content/install.php" "Mozilla/5.0 (Windows NT 5.1) AppleWebKit/534.30 (KHTML, like Gecko) Chrome/12.0.742.122 Safari/534.30 ChromePlus/1.6.3.1"
cashforcarscarrollton.com.infinitibizsol.com:443 157.55.39.13 - - [13/Jun/2025:18:44:02 +0000] "GET /Farrah%20Fawcett%20Red%20Swimsuit%20High%20Quality%20Metal%20Magnet%203x4%20inches%208904%20-%20UVNGUVRfSldTQUVS/ HTTP/1.1" 200 13 "-" "Mozilla/5.0 AppleWebKit/537.36 (KHTML, like Gecko; compatible; bingbot/2.0; +http://www.bing.com/bingbot.htm) Chrome/116.0.1938.76 Safari/537.36"
cashforcarscarrollton.com.infinitibizsol.com:443 207.46.13.116 - - [13/Jun/2025:18:45:29 +0000] "GET /Mute%20Box%20Condensate%20Pump%20for%20Mini%20Split%20Ductless%20Air%20Conditioners,%20Multi%20Voltage%20-%20UlJHUVZaRlNVR0dQ/ HTTP/1.1" 200 23 "-" "Mozilla/5.0 AppleWebKit/537.36 (KHTML, like Gecko; compatible; bingbot/2.0; +http://www.bing.com/bingbot.htm) Chrome/116.0.1938.76 Safari/537.36"
cashforcarscarrollton.com.infinitibizsol.com:443 157.55.39.13 - - [13/Jun/2025:18:45:33 +0000] "GET /788086%20Denver%20And%20Rio%20Grande%20Western%20EMD%20SD-50%20No.%205514%20Helper%20Utah%20U.S.A.%20A3%20W%20-%20V1FHXFRZQFpZQEZQ/ HTTP/1.1" 200 23 "-" "Mozilla/5.0 AppleWebKit/537.36 (KHTML, like Gecko; compatible; bingbot/2.0; +http://www.bing.com/bingbot.htm) Chrome/116.0.1938.76 Safari/537.36"
cashforcarscarrollton.com.infinitibizsol.com:443 52.167.144.16 - - [13/Jun/2025:18:47:04 +0000] "GET /ELECOM%20EX-G%20Right-Handed%20Trackball%20Mouse,%202.4GHz%20Wireless,%20Thumb%20Control%20-%20UlJGWlZWQVZUSkBU/ HTTP/1.1" 200 23 "-" "Mozilla/5.0 AppleWebKit/537.36 (KHTML, like Gecko; compatible; bingbot/2.0; +http://www.bing.com/bingbot.htm) Chrome/116.0.1938.76 Safari/537.36"
cashforcarscarrollton.com.infinitibizsol.com:443 207.46.13.116 - - [13/Jun/2025:18:47:10 +0000] "GET /Sparco%20for%20Steering%20Wheel%20R383%20Champion%20Black%20Leather%20/%20Black%20Stitching%20-%20UFNFWl5eRFFYRUpT/ HTTP/1.1" 200 23 "-" "Mozilla/5.0 AppleWebKit/537.36 (KHTML, like Gecko; compatible; bingbot/2.0; +http://www.bing.com/bingbot.htm) Chrome/116.0.1938.76 Safari/537.36"
cashforcarscarrollton.com.infinitibizsol.com:443 207.46.13.116 - - [13/Jun/2025:18:48:10 +0000] "GET /Lor%20De%20Seraphine%20x%20LORI%20WEITZNER%20-%20KIKU%2017%20Candle%20MATCHA%20&%20LEMONGRASS%20%2017%20OZ%20NIB%20-%20UlNFXlddRltTS0tS/ HTTP/1.1" 200 23 "-" "Mozilla/5.0 AppleWebKit/537.36 (KHTML, like Gecko; compatible; bingbot/2.0; +http://www.bing.com/bingbot.htm) Chrome/116.0.1938.76 Safari/537.36"
cashforcarscarrollton.com.infinitibizsol.com:443 69.197.135.226 - - [13/Jun/2025:18:49:13 +0000] "GET /wp-content/install.php HTTP/1.1" 200 16 "https://cashforcarscarrollton.com/wp-content/install.php" "Mozilla/5.0 (Windows NT 10.0; Win64; x64) AppleWebKit/537.36 (KHTML, like Gecko) Chrome/58.0.3029.110 Safari/537.3"
cashforcarscarrollton.com.infinitibizsol.com:80 159.203.30.247 - - [13/Jun/2025:18:51:16 +0000] "GET /%C3%AF%C2%BB%C2%BFx.php HTTP/1.1" 500 5 "-" "Mozilla/5.0 (Windows NT 10.0; Win64; x64) AppleWebKit/537.36 (KHTML, like Gecko) Chrome/85.0.4183.102 Safari/537.36"
cashforcarscarrollton.com.infinitibizsol.com:80 159.203.30.247 - - [13/Jun/2025:18:51:17 +0000] "GET /wso.php HTTP/1.1" 500 5 "-" "Mozilla/5.0 (Windows NT 10.0; Win64; x64) AppleWebKit/537.36 (KHTML, like Gecko) Chrome/85.0.4183.102 Safari/537.36"
cashforcarscarrollton.com.infinitibizsol.com:80 159.203.30.247 - - [13/Jun/2025:18:51:18 +0000] "GET /srx.php HTTP/1.1" 500 5 "-" "Mozilla/5.0 (Windows NT 10.0; Win64; x64) AppleWebKit/537.36 (KHTML, like Gecko) Chrome/85.0.4183.102 Safari/537.36"
cashforcarscarrollton.com.infinitibizsol.com:80 159.203.30.247 - - [13/Jun/2025:18:51:19 +0000] "GET /1337.php HTTP/1.1" 500 5 "-" "Mozilla/5.0 (Windows NT 10.0; Win64; x64) AppleWebKit/537.36 (KHTML, like Gecko) Chrome/85.0.4183.102 Safari/537.36"
cashforcarscarrollton.com.infinitibizsol.com:80 159.203.30.247 - - [13/Jun/2025:18:51:20 +0000] "GET /xx.php HTTP/1.1" 500 5 "-" "Mozilla/5.0 (Windows NT 10.0; Win64; x64) AppleWebKit/537.36 (KHTML, like Gecko) Chrome/85.0.4183.102 Safari/537.36"
cashforcarscarrollton.com.infinitibizsol.com:80 159.203.30.247 - - [13/Jun/2025:18:51:20 +0000] "GET /chosen.php HTTP/1.1" 500 5 "-" "Mozilla/5.0 (Windows NT 10.0; Win64; x64) AppleWebKit/537.36 (KHTML, like Gecko) Chrome/85.0.4183.102 Safari/537.36"
cashforcarscarrollton.com.infinitibizsol.com:80 159.203.30.247 - - [13/Jun/2025:18:51:21 +0000] "GET /we.php HTTP/1.1" 500 5 "-" "Mozilla/5.0 (Windows NT 10.0; Win64; x64) AppleWebKit/537.36 (KHTML, like Gecko) Chrome/85.0.4183.102 Safari/537.36"
cashforcarscarrollton.com.infinitibizsol.com:80 159.203.30.247 - - [13/Jun/2025:18:51:22 +0000] "GET /atomlib.php HTTP/1.1" 500 5 "-" "Mozilla/5.0 (Windows NT 10.0; Win64; x64) AppleWebKit/537.36 (KHTML, like Gecko) Chrome/85.0.4183.102 Safari/537.36"
cashforcarscarrollton.com.infinitibizsol.com:80 159.203.30.247 - - [13/Jun/2025:18:51:22 +0000] "GET /wp-trackback.php HTTP/1.1" 500 5 "-" "Mozilla/5.0 (Windows NT 10.0; Win64; x64) AppleWebKit/537.36 (KHTML, like Gecko) Chrome/85.0.4183.102 Safari/537.36"
cashforcarscarrollton.com.infinitibizsol.com:80 159.203.30.247 - - [13/Jun/2025:18:51:24 +0000] "GET /autoload_classmap.php HTTP/1.1" 500 5 "-" "Mozilla/5.0 (Windows NT 10.0; Win64; x64) AppleWebKit/537.36 (KHTML, like Gecko) Chrome/85.0.4183.102 Safari/537.36"
cashforcarscarrollton.com.infinitibizsol.com:80 159.203.30.247 - - [13/Jun/2025:18:51:24 +0000] "GET /nov.php HTTP/1.1" 500 5 "-" "Mozilla/5.0 (Windows NT 10.0; Win64; x64) AppleWebKit/537.36 (KHTML, like Gecko) Chrome/85.0.4183.102 Safari/537.36"
cashforcarscarrollton.com.infinitibizsol.com:80 159.203.30.247 - - [13/Jun/2025:18:51:25 +0000] "GET /myfilexxx.php HTTP/1.1" 500 5 "-" "Mozilla/5.0 (Windows NT 10.0; Win64; x64) AppleWebKit/537.36 (KHTML, like Gecko) Chrome/85.0.4183.102 Safari/537.36"
cashforcarscarrollton.com.infinitibizsol.com:80 159.203.30.247 - - [13/Jun/2025:18:51:27 +0000] "GET /f35.php HTTP/1.1" 500 5 "-" "Mozilla/5.0 (Windows NT 10.0; Win64; x64) AppleWebKit/537.36 (KHTML, like Gecko) Chrome/85.0.4183.102 Safari/537.36"
cashforcarscarrollton.com.infinitibizsol.com:80 159.203.30.247 - - [13/Jun/2025:18:51:28 +0000] "GET /wp-set.php HTTP/1.1" 500 5 "-" "Mozilla/5.0 (Windows NT 10.0; Win64; x64) AppleWebKit/537.36 (KHTML, like Gecko) Chrome/85.0.4183.102 Safari/537.36"
cashforcarscarrollton.com.infinitibizsol.com:80 159.203.30.247 - - [13/Jun/2025:18:51:29 +0000] "GET /33.php HTTP/1.1" 500 5 "-" "Mozilla/5.0 (Windows NT 10.0; Win64; x64) AppleWebKit/537.36 (KHTML, like Gecko) Chrome/85.0.4183.102 Safari/537.36"
cashforcarscarrollton.com.infinitibizsol.com:80 159.203.30.247 - - [13/Jun/2025:18:51:30 +0000] "GET /oxse.php HTTP/1.1" 500 5 "-" "Mozilla/5.0 (Windows NT 10.0; Win64; x64) AppleWebKit/537.36 (KHTML, like Gecko) Chrome/85.0.4183.102 Safari/537.36"
cashforcarscarrollton.com.infinitibizsol.com:80 159.203.30.247 - - [13/Jun/2025:18:51:31 +0000] "GET /xczsxdh.php HTTP/1.1" 500 5 "-" "Mozilla/5.0 (Windows NT 10.0; Win64; x64) AppleWebKit/537.36 (KHTML, like Gecko) Chrome/85.0.4183.102 Safari/537.36"
