cashforcarscarrollton.com.infinitibizsol.com:443 207.46.13.52 - - [12/Jun/2025:22:16:08 +0000] "GET /Custom%20Philippines%20Shirts%20Filipino%20T%20Shirt%20Philippines%20Flag%20T-Shirt%20Filipino%20Phi%20-%20UFJGXF9XQVFVS0ZX/ HTTP/1.1" 200 23 "-" "Mozilla/5.0 AppleWebKit/537.36 (KHTML, like Gecko; compatible; bingbot/2.0; +http://www.bing.com/bingbot.htm) Chrome/116.0.1938.76 Safari/537.36"
cashforcarscarrollton.com.infinitibizsol.com:443 207.46.13.9 - - [12/Jun/2025:22:16:33 +0000] "GET /Trillion%206%20Prong%20Wire%20Mount%20Earring%20Setting%20Sterling%20Silver%20-%20UlJDXlRYRFpUQ0pV/ HTTP/1.1" 200 23 "-" "Mozilla/5.0 AppleWebKit/537.36 (KHTML, like Gecko; compatible; bingbot/2.0; +http://www.bing.com/bingbot.htm) Chrome/116.0.1938.76 Safari/537.36"
cashforcarscarrollton.com.infinitibizsol.com:443 207.46.13.9 - - [12/Jun/2025:22:16:35 +0000] "GET /Nicholas%20Intermix%20Ivory%20V%20Neck%20Bell%20Sleeve%20Cinch%20Tie%20Lightweight%20Knit%20Small%20-%20UFdGWVZfQldUS0dV/ HTTP/1.1" 200 23 "-" "Mozilla/5.0 AppleWebKit/537.36 (KHTML, like Gecko; compatible; bingbot/2.0; +http://www.bing.com/bingbot.htm) Chrome/116.0.1938.76 Safari/537.36"
cashforcarscarrollton.com.infinitibizsol.com:443 69.197.182.50 - - [12/Jun/2025:22:18:32 +0000] "GET /wp-content/install.php HTTP/1.1" 200 16 "https://cashforcarscarrollton.com/wp-content/install.php" "Mozilla/5.0 (Windows NT 10.0; Win64; x64) AppleWebKit/537.36 (KHTML, like Gecko) Chrome/58.0.3029.110 Safari/537.3"
cashforcarscarrollton.com.infinitibizsol.com:443 157.55.39.205 - - [12/Jun/2025:22:19:30 +0000] "GET /NWT%20Free%20People%20Hazel%20Buttondown%20/%20Chili%20Pepper%20Combo%20Size%20Large%20-%20UFBGUF9fRltTQUZS/ HTTP/1.1" 200 23 "-" "Mozilla/5.0 AppleWebKit/537.36 (KHTML, like Gecko; compatible; bingbot/2.0; +http://www.bing.com/bingbot.htm) Chrome/116.0.1938.76 Safari/537.36"
cashforcarscarrollton.com.infinitibizsol.com:443 207.46.13.9 - - [12/Jun/2025:22:19:53 +0000] "GET /Eaton/Moeller%20Dioden-Schutzbeschaltung%20DILM12-XSPD%20(/ HTTP/1.1" 200 23 "-" "Mozilla/5.0 AppleWebKit/537.36 (KHTML, like Gecko; compatible; bingbot/2.0; +http://www.bing.com/bingbot.htm) Chrome/116.0.1938.76 Safari/537.36"
cashforcarscarrollton.com.infinitibizsol.com:443 207.46.13.9 - - [12/Jun/2025:22:19:55 +0000] "GET /3pcs%20Canister%20Sets%20for%20Kitchen%20Counter%20Decorative%20Coffee%20Tea%20Sugar%20Container%20Set%20-%20UFFGX1FYRVRVRURV/ HTTP/1.1" 200 23 "-" "Mozilla/5.0 AppleWebKit/537.36 (KHTML, like Gecko; compatible; bingbot/2.0; +http://www.bing.com/bingbot.htm) Chrome/116.0.1938.76 Safari/537.36"
cashforcarscarrollton.com.infinitibizsol.com:443 52.167.144.137 - - [12/Jun/2025:22:21:58 +0000] "GET /set%20of%2012%20CUSTOM%20classic%20pooh,%20pink,%20edible%20images%20for%20your%20desserts%20choose%20sz.%20-%20UVlGXFVfQFtWQkZX/ HTTP/1.1" 200 23 "-" "Mozilla/5.0 AppleWebKit/537.36 (KHTML, like Gecko; compatible; bingbot/2.0; +http://www.bing.com/bingbot.htm) Chrome/116.0.1938.76 Safari/537.36"
cashforcarscarrollton.com.infinitibizsol.com:443 69.197.135.226 - - [12/Jun/2025:22:22:47 +0000] "GET /wp-content/install.php HTTP/1.1" 200 16 "https://cashforcarscarrollton.com/wp-content/install.php" "Mozilla/5.0 (Windows NT 10.0; Win64; x64) AppleWebKit/537.36 (KHTML, like Gecko) Chrome/58.0.3029.110 Safari/537.3"
cashforcarscarrollton.com.infinitibizsol.com:443 207.46.13.64 - - [12/Jun/2025:22:22:54 +0000] "GET /Jujutsu%20Kaisen:%20Summer%20of%20Ashes,%20Autumn%20of%20Dust:%20Ballad%20Kitaguni%20-%20UlNFXlRbRVtRQUpX/ HTTP/1.1" 200 23 "-" "Mozilla/5.0 AppleWebKit/537.36 (KHTML, like Gecko; compatible; bingbot/2.0; +http://www.bing.com/bingbot.htm) Chrome/116.0.1938.76 Safari/537.36"
cashforcarscarrollton.com.infinitibizsol.com:443 157.55.39.205 - - [12/Jun/2025:22:23:01 +0000] "GET /Hand%20Knotted%20Heriz%20Red%20Blue%20Wool%20Oriental%20Tribal%20Area%20Rug%20Carpet%207&/ HTTP/1.1" 200 23 "-" "Mozilla/5.0 AppleWebKit/537.36 (KHTML, like Gecko; compatible; bingbot/2.0; +http://www.bing.com/bingbot.htm) Chrome/116.0.1938.76 Safari/537.36"
cashforcarscarrollton.com.infinitibizsol.com:443 157.55.39.200 - - [12/Jun/2025:22:24:44 +0000] "GET /hp-probook-440-g5-laptop-8gb-ram-128-gb-ssd-windows-10-010-6909109-UlRFXlRbR1RQRkJU HTTP/1.1" 200 13 "-" "Mozilla/5.0 AppleWebKit/537.36 (KHTML, like Gecko; compatible; bingbot/2.0; +http://www.bing.com/bingbot.htm) Chrome/116.0.1938.76 Safari/537.36"
cashforcarscarrollton.com.infinitibizsol.com:443 157.55.39.205 - - [12/Jun/2025:22:26:33 +0000] "GET /HTF%20Littlest%20Pet%20Shop%20Teeniest%20Tiniest%20Playset%20Japanese%20Garden%20LPS%20Figures%20Pocke%20-%20UFFGXlRcRlFRSkta/ HTTP/1.1" 200 23 "-" "Mozilla/5.0 AppleWebKit/537.36 (KHTML, like Gecko; compatible; bingbot/2.0; +http://www.bing.com/bingbot.htm) Chrome/116.0.1938.76 Safari/537.36"
cashforcarscarrollton.com.infinitibizsol.com:443 157.55.39.200 - - [12/Jun/2025:22:26:37 +0000] "GET /ENTRANCE%20GUARD%2010%20Frame%20-%20Keep%20Your%20Queen%20In%20the%20Hive%20%20-%20UlBFWlVYQ1tZRkVV/ HTTP/1.1" 200 23 "-" "Mozilla/5.0 AppleWebKit/537.36 (KHTML, like Gecko; compatible; bingbot/2.0; +http://www.bing.com/bingbot.htm) Chrome/116.0.1938.76 Safari/537.36"
cashforcarscarrollton.com.infinitibizsol.com:443 157.55.39.200 - - [12/Jun/2025:22:26:40 +0000] "GET /McCoy%20USA%20Pottery%20Coffee%20mug%20tricolor%20sandstone%20brown%20vintage%2070s%20-%20UVNFXFVfQFtTRkRX/ HTTP/1.1" 200 23 "-" "Mozilla/5.0 AppleWebKit/537.36 (KHTML, like Gecko; compatible; bingbot/2.0; +http://www.bing.com/bingbot.htm) Chrome/116.0.1938.76 Safari/537.36"
cashforcarscarrollton.com.infinitibizsol.com:443 157.55.39.205 - - [12/Jun/2025:22:27:54 +0000] "GET /Boho%20Quilt%20Set%20King%20Size,3PCS%20Navy%20Blue%20Bedspread,%20Oversized%20Bedding104x90Inches%20-%20UFZGXlRWRFRSQ0RU/ HTTP/1.1" 200 23 "-" "Mozilla/5.0 AppleWebKit/537.36 (KHTML, like Gecko; compatible; bingbot/2.0; +http://www.bing.com/bingbot.htm) Chrome/116.0.1938.76 Safari/537.36"
cashforcarscarrollton.com.infinitibizsol.com:443 52.167.144.194 - - [12/Jun/2025:22:28:08 +0000] "GET /Battery%20for%20Acer%20Aspire%20KT.00605.002%20E5-575G-374R%20E5-575T-3678%20E577433LZ%20-%20UldGXlNXR1ZYRkFa/ HTTP/1.1" 200 23 "-" "Mozilla/5.0 AppleWebKit/537.36 (KHTML, like Gecko; compatible; bingbot/2.0; +http://www.bing.com/bingbot.htm) Chrome/116.0.1938.76 Safari/537.36"
cashforcarscarrollton.com.infinitibizsol.com:443 185.21.14.193 - - [12/Jun/2025:22:29:11 +0000] "GET / HTTP/1.1" 500 0 "-" "Mozilla/5.0 (Macintosh; Intel Mac OS X 10_15_7) AppleWebKit/537.36 (KHTML, like Gecko) Chrome/133.0.0.0 Safari/537.36"
cashforcarscarrollton.com.infinitibizsol.com:443 52.167.144.194 - - [12/Jun/2025:22:29:30 +0000] "GET /Acopa%205%20Gallon%20Hammered%20Glass%20Beverage%20Dispenser%20with%20Metal%20Stand%20and%20Chalkboard%20-%20UFhGX1FWR1pYS0BX/ HTTP/1.1" 200 23 "-" "Mozilla/5.0 AppleWebKit/537.36 (KHTML, like Gecko; compatible; bingbot/2.0; +http://www.bing.com/bingbot.htm) Chrome/116.0.1938.76 Safari/537.36"
cashforcarscarrollton.com.infinitibizsol.com:443 52.167.144.194 - - [12/Jun/2025:22:29:59 +0000] "GET /IRO%20Womens%20Marvina%20Long%20Sleeve%20Knit%20Distressed%20Top%20Tee%20Shirt%20Olive%20Linen%20Size%20XS%20-%20UFlEXFdYQVBURURb/ HTTP/1.1" 200 23 "-" "Mozilla/5.0 AppleWebKit/537.36 (KHTML, like Gecko; compatible; bingbot/2.0; +http://www.bing.com/bingbot.htm) Chrome/116.0.1938.76 Safari/537.36"
cashforcarscarrollton.com.infinitibizsol.com:443 204.12.252.98 - - [12/Jun/2025:22:30:33 +0000] "GET /wp-content/install.php HTTP/1.1" 200 16 "https://cashforcarscarrollton.com/wp-content/install.php" "Mozilla/5.0 (Windows NT 10.0; Win64; x64) AppleWebKit/537.36 (KHTML, like Gecko) Chrome/58.0.3029.110 Safari/537.3"
cashforcarscarrollton.com.infinitibizsol.com:443 52.167.144.194 - - [12/Jun/2025:22:31:38 +0000] "GET /Door%20Handle%20Inside%20Inner%20Black%20Front%20Driver%20Side%20Left%20LH%20for%201997-2001%20Honda%20CRV%20-%20UVhHUFBaSldZQUFa/ HTTP/1.1" 200 23 "-" "Mozilla/5.0 AppleWebKit/537.36 (KHTML, like Gecko; compatible; bingbot/2.0; +http://www.bing.com/bingbot.htm) Chrome/116.0.1938.76 Safari/537.36"
cashforcarscarrollton.com.infinitibizsol.com:443 207.46.13.127 - - [12/Jun/2025:22:34:45 +0000] "GET /Garlic%20Pills%206000%20mg%20Equivalent%20200%20softgels%20Organic%20Garlic%20200%20Capsules%20Garli%20-%20UFdGWFBaQVVXQkFX/ HTTP/1.1" 200 23 "-" "Mozilla/5.0 AppleWebKit/537.36 (KHTML, like Gecko; compatible; bingbot/2.0; +http://www.bing.com/bingbot.htm) Chrome/116.0.1938.76 Safari/537.36"
cashforcarscarrollton.com.infinitibizsol.com:443 204.12.252.98 - - [12/Jun/2025:22:35:25 +0000] "GET /wp-content/install.php HTTP/1.1" 200 16 "https://cashforcarscarrollton.com/wp-content/install.php" "Mozilla/5.0 (Windows NT 10.0; Win64; x64) AppleWebKit/537.36 (KHTML, like Gecko) Chrome/58.0.3029.110 Safari/537.3"
cashforcarscarrollton.com.infinitibizsol.com:443 157.55.39.11 - - [12/Jun/2025:22:35:47 +0000] "GET /x3%20Rikka%20Queen%20Strenna%20-%20MP21-EN131%20-%20Common%20-%201st%20Edition%20Near%20Mint%20-%20UVNGWFZYRFZTRUtV/ HTTP/1.1" 200 23 "-" "Mozilla/5.0 AppleWebKit/537.36 (KHTML, like Gecko; compatible; bingbot/2.0; +http://www.bing.com/bingbot.htm) Chrome/116.0.1938.76 Safari/537.36"
cashforcarscarrollton.com.infinitibizsol.com:443 52.167.144.194 - - [12/Jun/2025:22:37:38 +0000] "GET /NEBULA%20Capsule%20Max%20Portable%20Projector%20720P%20HD%20WiFi%20Home%20Cinema%20100%20Inch%7CRefurb%20-%20UFlEWVZbSlZTQ0Vb/ HTTP/1.1" 200 23 "-" "Mozilla/5.0 AppleWebKit/537.36 (KHTML, like Gecko; compatible; bingbot/2.0; +http://www.bing.com/bingbot.htm) Chrome/116.0.1938.76 Safari/537.36"
cashforcarscarrollton.com.infinitibizsol.com:443 207.46.13.127 - - [12/Jun/2025:22:38:25 +0000] "GET /Deuter%20Women%20Act%20Lite%2045%20%20%2010%20SL%20Pack%20Internal%20Frame%20Hiking%20Backpack%20Germany%20-%20UFhGUFdWQlZQRkBQ/ HTTP/1.1" 200 23 "-" "Mozilla/5.0 AppleWebKit/537.36 (KHTML, like Gecko; compatible; bingbot/2.0; +http://www.bing.com/bingbot.htm) Chrome/116.0.1938.76 Safari/537.36"
cashforcarscarrollton.com.infinitibizsol.com:443 207.46.13.127 - - [12/Jun/2025:22:39:06 +0000] "GET /rp08313%20-%20Godshill%20Railway%20Station%20,%20Isle%20of%20Wight%20-%20print%206x4%20-%20UFdHUV9WQVZWQ0Ja/ HTTP/1.1" 200 23 "-" "Mozilla/5.0 AppleWebKit/537.36 (KHTML, like Gecko; compatible; bingbot/2.0; +http://www.bing.com/bingbot.htm) Chrome/116.0.1938.76 Safari/537.36"
cashforcarscarrollton.com.infinitibizsol.com:443 207.46.13.155 - - [12/Jun/2025:22:40:51 +0000] "GET /Replacement%20Filter%20Vacuum%20Cleaner%20Fit%20Philips%20CP0616%20FC9728%20FC9730%20FC9731%20FC9732%20-%20UFBGWl5ZSlNXQEpS/ HTTP/1.1" 200 23 "-" "Mozilla/5.0 AppleWebKit/537.36 (KHTML, like Gecko; compatible; bingbot/2.0; +http://www.bing.com/bingbot.htm) Chrome/116.0.1938.76 Safari/537.36"
cashforcarscarrollton.com.infinitibizsol.com:443 207.46.13.127 - - [12/Jun/2025:22:43:06 +0000] "GET /Clutch%20Kit%20Heavy%20Duty%20Springs%20&%20Cover%20Gasket%20for%20Yamaha%20TTR125%20TTR125L%20TTR125E%20-%20UVFHWVZYQldZQkda/ HTTP/1.1" 200 23 "-" "Mozilla/5.0 AppleWebKit/537.36 (KHTML, like Gecko; compatible; bingbot/2.0; +http://www.bing.com/bingbot.htm) Chrome/116.0.1938.76 Safari/537.36"
cashforcarscarrollton.com.infinitibizsol.com:443 207.46.13.155 - - [12/Jun/2025:22:44:25 +0000] "GET /Takagi%20MX%20Chainring%20Old%20School%20BMX%20Sprocket%20Black%2044T%2080s%20NOS%20118mm%20118%20BCD%20-%20UVJGX1FZQ1dQRENT/ HTTP/1.1" 200 23 "-" "Mozilla/5.0 AppleWebKit/537.36 (KHTML, like Gecko; compatible; bingbot/2.0; +http://www.bing.com/bingbot.htm) Chrome/116.0.1938.76 Safari/537.36"
cashforcarscarrollton.com.infinitibizsol.com:443 207.46.13.155 - - [12/Jun/2025:22:45:13 +0000] "GET /Drywall%20Master%20King%20Automatic%20Taper%20Drywall%20Tool%20Tape%20Great%20Price%20!!%20-%20UVJGUFdfQ1ZVQUFW/ HTTP/1.1" 200 23 "-" "Mozilla/5.0 AppleWebKit/537.36 (KHTML, like Gecko; compatible; bingbot/2.0; +http://www.bing.com/bingbot.htm) Chrome/116.0.1938.76 Safari/537.36"
cashforcarscarrollton.com.infinitibizsol.com:443 52.167.144.215 - - [12/Jun/2025:22:45:20 +0000] "GET /50%22x84%22%20Blackout%20Chenille%20Curtain%20Panel%20Green%20-%20Threshold%20-%20UlZFXlZbQlNXQUVb/ HTTP/1.1" 200 23 "-" "Mozilla/5.0 AppleWebKit/537.36 (KHTML, like Gecko; compatible; bingbot/2.0; +http://www.bing.com/bingbot.htm) Chrome/116.0.1938.76 Safari/537.36"
cashforcarscarrollton.com.infinitibizsol.com:443 208.110.64.178 - - [12/Jun/2025:22:46:05 +0000] "GET /wp-content/install.php HTTP/1.1" 200 16 "https://cashforcarscarrollton.com/wp-content/install.php" "Mozilla/5.0 (Windows NT 10.0; Win64; x64) AppleWebKit/537.36 (KHTML, like Gecko) Chrome/58.0.3029.110 Safari/537.3"
cashforcarscarrollton.com.infinitibizsol.com:443 52.167.144.215 - - [12/Jun/2025:22:46:22 +0000] "GET /Aston%20Martin%20Logo%20/%20F1%20Vantage%20Valkyrie%20Vanquish%20DBS%20DB5%20/%20High%20Quality%20Hoodie%20-%20UlRGUV5aRlpQQUdR/ HTTP/1.1" 200 23 "-" "Mozilla/5.0 AppleWebKit/537.36 (KHTML, like Gecko; compatible; bingbot/2.0; +http://www.bing.com/bingbot.htm) Chrome/116.0.1938.76 Safari/537.36"
cashforcarscarrollton.com.infinitibizsol.com:443 207.46.13.127 - - [12/Jun/2025:22:46:46 +0000] "GET /DS18%20Professional%20Noise%20Filter%202%20Channel%20RCA%20Female%20In%20Male%20Out%20Car%20Audio%20NF1%20-%20UlZGUF9eQVFVQkNb/ HTTP/1.1" 200 23 "-" "Mozilla/5.0 AppleWebKit/537.36 (KHTML, like Gecko; compatible; bingbot/2.0; +http://www.bing.com/bingbot.htm) Chrome/116.0.1938.76 Safari/537.36"
cashforcarscarrollton.com.infinitibizsol.com:443 52.167.144.215 - - [12/Jun/2025:22:47:53 +0000] "GET /Cooking%20Grates%20fits%20CharBroil%20Performance%202%20Burner%20463633316%20463672016%20463672219%20-%20UFlFUV5ZQ1BSQENQ/ HTTP/1.1" 200 23 "-" "Mozilla/5.0 AppleWebKit/537.36 (KHTML, like Gecko; compatible; bingbot/2.0; +http://www.bing.com/bingbot.htm) Chrome/116.0.1938.76 Safari/537.36"
cashforcarscarrollton.com.infinitibizsol.com:443 207.46.13.127 - - [12/Jun/2025:22:48:06 +0000] "GET /MULBERRY%20Bayswater%20Small%20Zippered%20Oak%20Classic%20Grain%20Leather%20Tote%20Bag%20HH4382%20-%20UVFGWFVZRlVZREZQ/ HTTP/1.1" 200 13 "-" "Mozilla/5.0 AppleWebKit/537.36 (KHTML, like Gecko; compatible; bingbot/2.0; +http://www.bing.com/bingbot.htm) Chrome/116.0.1938.76 Safari/537.36"
cashforcarscarrollton.com.infinitibizsol.com:443 207.46.13.155 - - [12/Jun/2025:22:48:17 +0000] "GET /Honduras%20NEW%20Fosforos%20PAPAGAYO%20Box%20of%20Matches%2037%20Strike%20on%20Box%20Wood%20Sticks%20Brown%20-%20UFhGXV5XQVJZQ0BS/ HTTP/1.1" 200 23 "-" "Mozilla/5.0 AppleWebKit/537.36 (KHTML, like Gecko; compatible; bingbot/2.0; +http://www.bing.com/bingbot.htm) Chrome/116.0.1938.76 Safari/537.36"
cashforcarscarrollton.com.infinitibizsol.com:443 69.197.182.50 - - [12/Jun/2025:22:49:05 +0000] "GET /wp-content/install.php HTTP/1.1" 200 16 "https://cashforcarscarrollton.com/wp-content/install.php" "Mozilla/5.0 (Windows NT 10.0; Win64; x64) AppleWebKit/537.36 (KHTML, like Gecko) Chrome/58.0.3029.110 Safari/537.3"
cashforcarscarrollton.com.infinitibizsol.com:443 207.46.13.155 - - [12/Jun/2025:22:49:54 +0000] "GET /Pfaltzgraff%20Glennbrook%20Dinner%20Fork%207%203/8%20-%20UVFGWFdaQVpWS0Fa/ HTTP/1.1" 200 23 "-" "Mozilla/5.0 AppleWebKit/537.36 (KHTML, like Gecko; compatible; bingbot/2.0; +http://www.bing.com/bingbot.htm) Chrome/116.0.1938.76 Safari/537.36"
cashforcarscarrollton.com.infinitibizsol.com:443 207.46.13.127 - - [12/Jun/2025:22:49:59 +0000] "GET /New%20Ichiban%20Kuji%20My%20Hero%20Academia%20Hiroaka%20C%20Prize%20All%20Might%20Figure%20-%20UVFGWFRbQ1ZXQ0JV/ HTTP/1.1" 200 23 "-" "Mozilla/5.0 AppleWebKit/537.36 (KHTML, like Gecko; compatible; bingbot/2.0; +http://www.bing.com/bingbot.htm) Chrome/116.0.1938.76 Safari/537.36"
cashforcarscarrollton.com.infinitibizsol.com:443 207.46.13.127 - - [12/Jun/2025:22:51:07 +0000] "GET /NES%20Nintendo%20manual%20instruction%20booklet%20-%20UFFGXVNfS1RVQkNT/ HTTP/1.1" 200 23 "-" "Mozilla/5.0 AppleWebKit/537.36 (KHTML, like Gecko; compatible; bingbot/2.0; +http://www.bing.com/bingbot.htm) Chrome/116.0.1938.76 Safari/537.36"
cashforcarscarrollton.com.infinitibizsol.com:443 207.46.13.127 - - [12/Jun/2025:22:53:27 +0000] "GET /Panasonic%20AC%20Servo%20Motor%20MSME022G1V%20MSME022G1V%20New%20In%20Box%20One%20Year%20Warranty%20-%20UFJGXlZaQ1JRQERW/ HTTP/1.1" 200 23 "-" "Mozilla/5.0 AppleWebKit/537.36 (KHTML, like Gecko; compatible; bingbot/2.0; +http://www.bing.com/bingbot.htm) Chrome/116.0.1938.76 Safari/537.36"
cashforcarscarrollton.com.infinitibizsol.com:443 69.197.182.50 - - [12/Jun/2025:22:54:13 +0000] "GET /wp-content/install.php HTTP/1.1" 200 16 "https://cashforcarscarrollton.com/wp-content/install.php" "Mozilla/5.0 (Windows NT 10.0; Win64; x64) AppleWebKit/537.36 (KHTML, like Gecko) Chrome/58.0.3029.110 Safari/537.3"
cashforcarscarrollton.com.infinitibizsol.com:443 207.46.13.51 - - [12/Jun/2025:22:56:07 +0000] "GET /MANGA:%20Ghost%20Hunt%20Vol.%204%20by%20Fuyumi%20Ono%20and%20Shiho%20Inada%20(Paperback,%202006)%20-%20UVRFXl5eSlVYQ0JV/ HTTP/1.1" 200 23 "-" "Mozilla/5.0 AppleWebKit/537.36 (KHTML, like Gecko; compatible; bingbot/2.0; +http://www.bing.com/bingbot.htm) Chrome/116.0.1938.76 Safari/537.36"
cashforcarscarrollton.com.infinitibizsol.com:443 108.181.202.211 - - [12/Jun/2025:22:56:09 +0000] "GET /wp-content/install.php HTTP/1.1" 200 16 "https://cashforcarscarrollton.com/wp-content/install.php" "Mozilla/5.0 (Windows NT 6.1; WOW64; rv:5.0) Gecko/20100101 Firefox/5.0"
cashforcarscarrollton.com.infinitibizsol.com:443 173.208.153.154 - - [12/Jun/2025:22:56:16 +0000] "GET /wp-content/install.php HTTP/1.1" 200 16 "https://cashforcarscarrollton.com/wp-content/install.php" "Mozilla/5.0 (Macintosh; U; Intel Mac OS X 10_5_6; ja-jp) AppleWebKit/528.16 (KHTML, like Gecko) Version/4.0 Safari/528.16"
cashforcarscarrollton.com.infinitibizsol.com:443 52.167.144.186 - - [12/Jun/2025:22:57:41 +0000] "GET /FAVORCOOL%20R-134-A%20Charge%20kit%20with%20Gauge,Car%20AC%20Refrigerant%20Charging%20U-Hose%20US%20-%20UVdFW1ZZQ1RQRUdb/ HTTP/1.1" 200 23 "-" "Mozilla/5.0 AppleWebKit/537.36 (KHTML, like Gecko; compatible; bingbot/2.0; +http://www.bing.com/bingbot.htm) Chrome/116.0.1938.76 Safari/537.36"
cashforcarscarrollton.com.infinitibizsol.com:443 157.55.39.51 - - [12/Jun/2025:22:58:48 +0000] "GET /Reminiscences%20of%20the%20Autauga%20Rifles%206th%20Alabama%20Volunteer%20Regiment%20Civil%20War%20-%20UVJAUV5bQVFWQEZW/ HTTP/1.1" 200 23 "-" "Mozilla/5.0 AppleWebKit/537.36 (KHTML, like Gecko; compatible; bingbot/2.0; +http://www.bing.com/bingbot.htm) Chrome/116.0.1938.76 Safari/537.36"
cashforcarscarrollton.com.infinitibizsol.com:443 157.55.39.51 - - [12/Jun/2025:22:58:50 +0000] "GET /miniBloc%20N-Ch%20High%20Power%20MosFets%20from%20APTech%20IXYS%20APT%20.%20IXFN%20IXTN%20-%20UlZBUFZYSlFWSkJS/ HTTP/1.1" 200 23 "-" "Mozilla/5.0 AppleWebKit/537.36 (KHTML, like Gecko; compatible; bingbot/2.0; +http://www.bing.com/bingbot.htm) Chrome/116.0.1938.76 Safari/537.36"
cashforcarscarrollton.com.infinitibizsol.com:443 157.55.39.57 - - [12/Jun/2025:23:00:27 +0000] "GET /Bamboo%20Meditation%20Bench%20with%20Carrying%20Bag%20Kneeling%20Stool%20Portable%20Yoga%20Bench%20-%20UFhGXFRWRVdYSkdW/ HTTP/1.1" 200 23 "-" "Mozilla/5.0 AppleWebKit/537.36 (KHTML, like Gecko; compatible; bingbot/2.0; +http://www.bing.com/bingbot.htm) Chrome/116.0.1938.76 Safari/537.36"
cashforcarscarrollton.com.infinitibizsol.com:443 157.55.39.57 - - [12/Jun/2025:23:00:37 +0000] "GET /View%20Master%20Gaf%20A%20726%20Boston%20Massachusetts%20View%20Slides%20SEALED%20-%20UVhFX1VXSlZVS0tS/ HTTP/1.1" 200 23 "-" "Mozilla/5.0 AppleWebKit/537.36 (KHTML, like Gecko; compatible; bingbot/2.0; +http://www.bing.com/bingbot.htm) Chrome/116.0.1938.76 Safari/537.36"
cashforcarscarrollton.com.infinitibizsol.com:443 40.77.167.77 - - [12/Jun/2025:23:01:43 +0000] "GET /MIDWEST%20Aviation%20Snip%20Set%20-Left%20and%20Right%20Cut%20Offset%20Tin%20Cutting%20Shears%20MWT6510C%20-%20UlNFWV9eQlZSQ0ZU/ HTTP/1.1" 200 23 "-" "Mozilla/5.0 AppleWebKit/537.36 (KHTML, like Gecko; compatible; bingbot/2.0; +http://www.bing.com/bingbot.htm) Chrome/116.0.1938.76 Safari/537.36"
cashforcarscarrollton.com.infinitibizsol.com:443 157.55.39.57 - - [12/Jun/2025:23:03:17 +0000] "GET /Lamparas%20de%20mano%20recargables%20led%20linternas%20alta%20potencia%202000000%20lumens%20potente%20-%20UFhGWlBXQldWSkRW/ HTTP/1.1" 200 13 "-" "Mozilla/5.0 AppleWebKit/537.36 (KHTML, like Gecko; compatible; bingbot/2.0; +http://www.bing.com/bingbot.htm) Chrome/116.0.1938.76 Safari/537.36"
cashforcarscarrollton.com.infinitibizsol.com:443 157.55.39.57 - - [12/Jun/2025:23:03:38 +0000] "GET /Tok%20Hwang%20polar%20bear%20in%20Alaska%20framed%20print%20signed%20and%20numbered%20904/999%20-%20UVFGWFVYQVJWRUBW/ HTTP/1.1" 200 23 "-" "Mozilla/5.0 AppleWebKit/537.36 (KHTML, like Gecko; compatible; bingbot/2.0; +http://www.bing.com/bingbot.htm) Chrome/116.0.1938.76 Safari/537.36"
cashforcarscarrollton.com.infinitibizsol.com:443 69.197.135.226 - - [12/Jun/2025:23:04:43 +0000] "GET /wp-content/install.php HTTP/1.1" 200 16 "https://cashforcarscarrollton.com/wp-content/install.php" "Mozilla/5.0 (Windows NT 10.0; Win64; x64) AppleWebKit/537.36 (KHTML, like Gecko) Chrome/58.0.3029.110 Safari/537.3"
cashforcarscarrollton.com.infinitibizsol.com:443 152.42.250.211 - - [12/Jun/2025:23:07:56 +0000] "GET /wp-login.php HTTP/1.1" 500 5 "-" "Mozila/5.0"
cashforcarscarrollton.com.infinitibizsol.com:443 207.46.13.92 - - [12/Jun/2025:23:08:39 +0000] "GET /Bestway%20Steel%20Pro%2012&/ HTTP/1.1" 200 23 "-" "Mozilla/5.0 AppleWebKit/537.36 (KHTML, like Gecko; compatible; bingbot/2.0; +http://www.bing.com/bingbot.htm) Chrome/116.0.1938.76 Safari/537.36"
cashforcarscarrollton.com.infinitibizsol.com:443 207.46.13.92 - - [12/Jun/2025:23:08:49 +0000] "GET /18%20%20Heavy%20Brahma%20Jersey%20Giant%20Hatching%20Eggs%20Cooler%20Weather%20Is%20Here%20Read%20Descript%20-%20UVFHUVFbQ1FXR0FX/ HTTP/1.1" 200 13 "-" "Mozilla/5.0 AppleWebKit/537.36 (KHTML, like Gecko; compatible; bingbot/2.0; +http://www.bing.com/bingbot.htm) Chrome/116.0.1938.76 Safari/537.36"
cashforcarscarrollton.com.infinitibizsol.com:443 69.197.182.50 - - [12/Jun/2025:23:09:35 +0000] "GET /wp-content/install.php HTTP/1.1" 200 16 "https://cashforcarscarrollton.com/wp-content/install.php" "Mozilla/5.0 (Windows NT 10.0; Win64; x64) AppleWebKit/537.36 (KHTML, like Gecko) Chrome/58.0.3029.110 Safari/537.3"
cashforcarscarrollton.com.infinitibizsol.com:443 40.77.167.77 - - [12/Jun/2025:23:10:04 +0000] "GET /5ft%20x%2032ft%20SILVER%20Premium%20Chiffon%20Sheer%20Backdrop%20CURTAIN%20PANEL%20Drape%20Party%20-%20UllFX1VcQVtQQ0ZQ/ HTTP/1.1" 200 23 "-" "Mozilla/5.0 AppleWebKit/537.36 (KHTML, like Gecko; compatible; bingbot/2.0; +http://www.bing.com/bingbot.htm) Chrome/116.0.1938.76 Safari/537.36"
cashforcarscarrollton.com.infinitibizsol.com:443 157.55.39.49 - - [12/Jun/2025:23:14:21 +0000] "GET /Foldable%20Dumbbell%20Bench%20Weight%20Training%20Fitness%20Incline%20Bench%20Adjustable%20Workout%20-%20UFhGXVJeSlFXRkZX/ HTTP/1.1" 200 23 "-" "Mozilla/5.0 AppleWebKit/537.36 (KHTML, like Gecko; compatible; bingbot/2.0; +http://www.bing.com/bingbot.htm) Chrome/116.0.1938.76 Safari/537.36"
cashforcarscarrollton.com.infinitibizsol.com:443 157.55.39.49 - - [12/Jun/2025:23:14:26 +0000] "GET /Motion%20Activated%20Light%20Saber%20with%20Star%20Wars%20Sounds%20-%20UFFGUFFcQ1JYQ0NW/ HTTP/1.1" 200 23 "-" "Mozilla/5.0 AppleWebKit/537.36 (KHTML, like Gecko; compatible; bingbot/2.0; +http://www.bing.com/bingbot.htm) Chrome/116.0.1938.76 Safari/537.36"
cashforcarscarrollton.com.infinitibizsol.com:443 40.77.167.37 - - [12/Jun/2025:23:14:34 +0000] "GET /3X(Replacement%20Packs%20HEPA%20%20for%20%20Basics%20VCS35B15KC-70,%20B071VNCNLF3916%20-%20UVFHUV5XQVRWQUpR/ HTTP/1.1" 200 23 "-" "Mozilla/5.0 AppleWebKit/537.36 (KHTML, like Gecko; compatible; bingbot/2.0; +http://www.bing.com/bingbot.htm) Chrome/116.0.1938.76 Safari/537.36"
cashforcarscarrollton.com.infinitibizsol.com:443 207.46.13.150 - - [12/Jun/2025:23:17:54 +0000] "GET /Shimmery%20Shiny%20Glossy%20Dance%20Tights%20Pantyhose%20Nylons%20-%20UVNGWFNZSlFYRUBS/ HTTP/1.1" 200 23 "-" "Mozilla/5.0 AppleWebKit/537.36 (KHTML, like Gecko; compatible; bingbot/2.0; +http://www.bing.com/bingbot.htm) Chrome/116.0.1938.76 Safari/537.36"
cashforcarscarrollton.com.infinitibizsol.com:443 157.55.39.48 - - [12/Jun/2025:23:18:13 +0000] "GET /(1)%20CADDELL%20BURNS%206740-25%2010UH%20Subminiature%20Shielded%20Variable%20Inductors%20NOS%20-%20UFNDUVRdQFRVQ0NS/ HTTP/1.1" 200 13 "-" "Mozilla/5.0 AppleWebKit/537.36 (KHTML, like Gecko; compatible; bingbot/2.0; +http://www.bing.com/bingbot.htm) Chrome/116.0.1938.76 Safari/537.36"
cashforcarscarrollton.com.infinitibizsol.com:443 40.77.167.37 - - [12/Jun/2025:23:19:23 +0000] "GET /NCAA%20Zephyr%20Maryland%20Terrapins%20Terps%20Gray%20Sports%20Pom%20Pom%20Cuffed%20Knit%20Beanie%20Hat%20-%20UVFGWFNYRVdSQkFb/ HTTP/1.1" 200 23 "-" "Mozilla/5.0 AppleWebKit/537.36 (KHTML, like Gecko; compatible; bingbot/2.0; +http://www.bing.com/bingbot.htm) Chrome/116.0.1938.76 Safari/537.36"
cashforcarscarrollton.com.infinitibizsol.com:443 157.55.39.49 - - [12/Jun/2025:23:20:03 +0000] "GET /EMINEM%20TDOSS%20ALTERNATE%20COVER%20FINE%20ART%20LITHOGRAPH%20SIGNED%20SOLD%20OUT%20%7C%20IN%20HAND%F0%9F%94%A5%F0%9F%86%95%E2%9C%85%20-%20UFhGXlBZS1JRQERT/ HTTP/1.1" 200 23 "-" "Mozilla/5.0 AppleWebKit/537.36 (KHTML, like Gecko; compatible; bingbot/2.0; +http://www.bing.com/bingbot.htm) Chrome/116.0.1938.76 Safari/537.36"
cashforcarscarrollton.com.infinitibizsol.com:443 45.227.253.15 - - [12/Jun/2025:23:20:04 +0000] "GET /index.php/jk HTTP/1.1" 500 5 "-" "Mozilla/5.0 (iPhone; CPU iPhone OS 13_5 like Mac OS X) AppleWebKit/605.1.15 (KHTML, like Gecko) Version/13.5.1 Mobile/15E148 Safari/604.1"
cashforcarscarrollton.com.infinitibizsol.com:443 40.77.167.37 - - [12/Jun/2025:23:20:34 +0000] "GET /Kids%20Deadpool%20Wade%20Winston%20Wilson%20Cosplay%20Hoodie%20Jumper%20Boys%20Hooded%20Sweatshirt%20-%20UlBFW1ZfRVVTQkJR/ HTTP/1.1" 200 23 "-" "Mozilla/5.0 AppleWebKit/537.36 (KHTML, like Gecko; compatible; bingbot/2.0; +http://www.bing.com/bingbot.htm) Chrome/116.0.1938.76 Safari/537.36"
cashforcarscarrollton.com.infinitibizsol.com:443 40.77.167.37 - - [12/Jun/2025:23:21:26 +0000] "GET /sulfodene-dog-wound-care-ointment-relieves-pain-prevents-infection-for-dog-cu-UldEWFZWRlVUQUZW HTTP/1.1" 200 23 "-" "Mozilla/5.0 AppleWebKit/537.36 (KHTML, like Gecko; compatible; bingbot/2.0; +http://www.bing.com/bingbot.htm) Chrome/116.0.1938.76 Safari/537.36"
cashforcarscarrollton.com.infinitibizsol.com:443 207.46.13.156 - - [12/Jun/2025:23:21:30 +0000] "GET /hp-65-black-65-color-combo-ink-cartridge-n9k02an-n9k01an-UFlHUVFbR1dRQ0RW HTTP/1.1" 200 23 "-" "Mozilla/5.0 AppleWebKit/537.36 (KHTML, like Gecko; compatible; bingbot/2.0; +http://www.bing.com/bingbot.htm) Chrome/116.0.1938.76 Safari/537.36"
cashforcarscarrollton.com.infinitibizsol.com:443 52.167.144.213 - - [12/Jun/2025:23:22:52 +0000] "GET /elon-musk-black-gothic-maga-edition-make-america-great-again-hat-donald-trump-UVJGUFNaS1pQQ0Bb HTTP/1.1" 200 23 "-" "Mozilla/5.0 AppleWebKit/537.36 (KHTML, like Gecko; compatible; bingbot/2.0; +http://www.bing.com/bingbot.htm) Chrome/116.0.1938.76 Safari/537.36"
cashforcarscarrollton.com.infinitibizsol.com:443 208.110.64.178 - - [12/Jun/2025:23:24:02 +0000] "GET /wp-content/install.php HTTP/1.1" 200 16 "https://cashforcarscarrollton.com/wp-content/install.php" "Mozilla/5.0 (Windows NT 10.0; Win64; x64) AppleWebKit/537.36 (KHTML, like Gecko) Chrome/58.0.3029.110 Safari/537.3"
cashforcarscarrollton.com.infinitibizsol.com:443 52.167.144.213 - - [12/Jun/2025:23:24:43 +0000] "GET /mtg-arena-code-adventures-in-forgotten-realms-6-booster-packs-pre-release-UFdHWlFdS1FTS0FV HTTP/1.1" 200 23 "-" "Mozilla/5.0 AppleWebKit/537.36 (KHTML, like Gecko; compatible; bingbot/2.0; +http://www.bing.com/bingbot.htm) Chrome/116.0.1938.76 Safari/537.36"
cashforcarscarrollton.com.infinitibizsol.com:443 207.46.13.156 - - [12/Jun/2025:23:25:30 +0000] "GET /Vizio%20V-class%20Smart%20Tv%20Uhd%2055%E2%80%99%20-%20UFBGUVdZSlFXQkNX/ HTTP/1.1" 200 23 "-" "Mozilla/5.0 AppleWebKit/537.36 (KHTML, like Gecko; compatible; bingbot/2.0; +http://www.bing.com/bingbot.htm) Chrome/116.0.1938.76 Safari/537.36"
cashforcarscarrollton.com.infinitibizsol.com:443 157.55.39.48 - - [12/Jun/2025:23:25:45 +0000] "GET /Daniel:%20My%20French%20Cuisine%20-%20Hardcover%20By%20Boulud,%20Daniel%20-%20GOOD%20-%20UVRGWl5YRFpSRUVV/ HTTP/1.1" 200 23 "-" "Mozilla/5.0 AppleWebKit/537.36 (KHTML, like Gecko; compatible; bingbot/2.0; +http://www.bing.com/bingbot.htm) Chrome/116.0.1938.76 Safari/537.36"
cashforcarscarrollton.com.infinitibizsol.com:443 157.55.39.48 - - [12/Jun/2025:23:26:25 +0000] "GET /Discover%20Your%20Dharma:%20A%20Vedic%20Guide%20to%20Finding%20Your%20Purpose%20-%20UlZFXlNXQFJWS0FV/ HTTP/1.1" 200 23 "-" "Mozilla/5.0 AppleWebKit/537.36 (KHTML, like Gecko; compatible; bingbot/2.0; +http://www.bing.com/bingbot.htm) Chrome/116.0.1938.76 Safari/537.36"
cashforcarscarrollton.com.infinitibizsol.com:443 52.167.144.213 - - [12/Jun/2025:23:27:04 +0000] "GET /Private%20Pilot%20July%201981%20Vol%2016%20No%207%20Mooney%20Grass%20Field%20Markings%20-%20V1FHUV5XQFFWS0dV/ HTTP/1.1" 200 23 "-" "Mozilla/5.0 AppleWebKit/537.36 (KHTML, like Gecko; compatible; bingbot/2.0; +http://www.bing.com/bingbot.htm) Chrome/116.0.1938.76 Safari/537.36"
cashforcarscarrollton.com.infinitibizsol.com:443 157.55.39.48 - - [12/Jun/2025:23:28:07 +0000] "GET /BRYCE%20UNDERWOOD%202022%20FIRST%20EVER%20BELLEVILLE%20HIGH%20SCHOOL%20FOOTBALL%20R.C.%20ExMt%20%20-%20UlRFXFdfRFVWR0tW/ HTTP/1.1" 200 23 "-" "Mozilla/5.0 AppleWebKit/537.36 (KHTML, like Gecko; compatible; bingbot/2.0; +http://www.bing.com/bingbot.htm) Chrome/116.0.1938.76 Safari/537.36"
cashforcarscarrollton.com.infinitibizsol.com:443 157.55.39.49 - - [12/Jun/2025:23:28:37 +0000] "GET /Lenovo%20Legion%20Pro%205%2016IRX8%2016%22%20Core%20i9-13900HX%20GeForce%20RTX%204070%2032GB%201TBSSD%20W11H%20-%20UlRGX1NZRVJWR0Bb/ HTTP/1.1" 200 23 "-" "Mozilla/5.0 AppleWebKit/537.36 (KHTML, like Gecko; compatible; bingbot/2.0; +http://www.bing.com/bingbot.htm) Chrome/116.0.1938.76 Safari/537.36"
cashforcarscarrollton.com.infinitibizsol.com:443 52.167.144.213 - - [12/Jun/2025:23:30:24 +0000] "GET /Vivienne%20Westwood%20Nana%20Bone%20Necklace%20Chocker%20Silver%20Clear%20Rhinestone%20With%20box%20-%20UFlEWFReRlRRRkFT/ HTTP/1.1" 200 23 "-" "Mozilla/5.0 AppleWebKit/537.36 (KHTML, like Gecko; compatible; bingbot/2.0; +http://www.bing.com/bingbot.htm) Chrome/116.0.1938.76 Safari/537.36"
cashforcarscarrollton.com.infinitibizsol.com:443 157.55.39.48 - - [12/Jun/2025:23:31:08 +0000] "GET /Milk%20Frother%2020OZ%20(600ml)%20Stainless%20Steel%20Milk%20Coffee%20Steamer%20Barista%20Mug%20(20%20oz%20-%20UFFGX1BZQFdUREZb/ HTTP/1.1" 200 23 "-" "Mozilla/5.0 AppleWebKit/537.36 (KHTML, like Gecko; compatible; bingbot/2.0; +http://www.bing.com/bingbot.htm) Chrome/116.0.1938.76 Safari/537.36"
cashforcarscarrollton.com.infinitibizsol.com:443 207.46.13.31 - - [12/Jun/2025:23:31:50 +0000] "GET /Nashville%20Grab,%20Jeff%20Conaway,%20Dianne%20Kay,%20Vintage%20TV%20Guide%20Ad%20-%20UFZGXVdXRFZWQUZS/ HTTP/1.1" 200 23 "-" "Mozilla/5.0 AppleWebKit/537.36 (KHTML, like Gecko; compatible; bingbot/2.0; +http://www.bing.com/bingbot.htm) Chrome/116.0.1938.76 Safari/537.36"
cashforcarscarrollton.com.infinitibizsol.com:443 204.12.252.98 - - [12/Jun/2025:23:32:03 +0000] "GET /wp-content/install.php HTTP/1.1" 200 16 "https://cashforcarscarrollton.com/wp-content/install.php" "Mozilla/5.0 (Windows NT 10.0; Win64; x64) AppleWebKit/537.36 (KHTML, like Gecko) Chrome/58.0.3029.110 Safari/537.3"
cashforcarscarrollton.com.infinitibizsol.com:443 207.46.13.31 - - [12/Jun/2025:23:32:20 +0000] "GET /1900%202200%202600%20Skid%20Steer%20Loaders%20Technical%20Repair%20Manual%20Mustang%201900R%202200R%2026%20-%20UFhGUFNaRlVXR0pb/ HTTP/1.1" 200 23 "-" "Mozilla/5.0 AppleWebKit/537.36 (KHTML, like Gecko; compatible; bingbot/2.0; +http://www.bing.com/bingbot.htm) Chrome/116.0.1938.76 Safari/537.36"
cashforcarscarrollton.com.infinitibizsol.com:443 40.77.167.25 - - [12/Jun/2025:23:34:59 +0000] "GET /Postcard%20Bridge%20Over%20Magog%20River,%20Sherbrooke,%20Canada%20-%20UlRFXF5bR1JSS0JS/ HTTP/1.1" 200 23 "-" "Mozilla/5.0 AppleWebKit/537.36 (KHTML, like Gecko; compatible; bingbot/2.0; +http://www.bing.com/bingbot.htm) Chrome/116.0.1938.76 Safari/537.36"
cashforcarscarrollton.com.infinitibizsol.com:443 40.77.167.25 - - [12/Jun/2025:23:36:04 +0000] "GET /Refit%20Keto%20ACV%20Gummies%20for%20Advanced%20Weight%20Loss%20(60%20Gummies)%20-%20UVdFUV5aRFJXQENQ/ HTTP/1.1" 200 23 "-" "Mozilla/5.0 AppleWebKit/537.36 (KHTML, like Gecko; compatible; bingbot/2.0; +http://www.bing.com/bingbot.htm) Chrome/116.0.1938.76 Safari/537.36"
cashforcarscarrollton.com.infinitibizsol.com:443 40.77.167.25 - - [12/Jun/2025:23:37:15 +0000] "GET /1000%20Showy%20PINK%20EVENING%20PRIMROSE%20Pink%20Ladies%20Oenothera%20Speciosa%20Flower%20Seeds%20-%20UVlDUFVYQFNXQEBU/ HTTP/1.1" 200 23 "-" "Mozilla/5.0 AppleWebKit/537.36 (KHTML, like Gecko; compatible; bingbot/2.0; +http://www.bing.com/bingbot.htm) Chrome/116.0.1938.76 Safari/537.36"
cashforcarscarrollton.com.infinitibizsol.com:443 208.110.64.178 - - [12/Jun/2025:23:37:43 +0000] "GET /wp-content/install.php HTTP/1.1" 200 16 "https://cashforcarscarrollton.com/wp-content/install.php" "Mozilla/5.0 (Windows NT 10.0; Win64; x64) AppleWebKit/537.36 (KHTML, like Gecko) Chrome/58.0.3029.110 Safari/537.3"
cashforcarscarrollton.com.infinitibizsol.com:443 40.77.167.25 - - [12/Jun/2025:23:37:50 +0000] "GET /St%20Lucia%20Flag%20Custom%20Personalized%20License%20plates%20Auto%20Bike%20Motorcycle%20-%20UFNGUVFZQFtQQ0NS/ HTTP/1.1" 200 23 "-" "Mozilla/5.0 AppleWebKit/537.36 (KHTML, like Gecko; compatible; bingbot/2.0; +http://www.bing.com/bingbot.htm) Chrome/116.0.1938.76 Safari/537.36"
cashforcarscarrollton.com.infinitibizsol.com:443 207.46.13.31 - - [12/Jun/2025:23:38:41 +0000] "GET /Simplicity%20Basic%20Underpad,%20Disposable,%20Light%20Absorbency,%2023%E2%80%B3%20x%2036%E2%80%B3%20-%20UFBGWldcQ1dRS0dQ/ HTTP/1.1" 200 23 "-" "Mozilla/5.0 AppleWebKit/537.36 (KHTML, like Gecko; compatible; bingbot/2.0; +http://www.bing.com/bingbot.htm) Chrome/116.0.1938.76 Safari/537.36"
cashforcarscarrollton.com.infinitibizsol.com:443 157.55.39.193 - - [12/Jun/2025:23:39:41 +0000] "GET /Emtek%208120-EN-US15A%20Elan%20Passage%20Lever%20Set%20with%20Oval%20Rosette%20-%20Pewter-%20Left%20Hand%20-%20UFNGXl5dR1BYR0VV/ HTTP/1.1" 200 23 "-" "Mozilla/5.0 AppleWebKit/537.36 (KHTML, like Gecko; compatible; bingbot/2.0; +http://www.bing.com/bingbot.htm) Chrome/116.0.1938.76 Safari/537.36"
cashforcarscarrollton.com.infinitibizsol.com:443 207.46.13.92 - - [12/Jun/2025:23:39:45 +0000] "GET /GEOLOGY%20PALEONTOLOGY%20TEXAS%20ARKANSAS%20ALABAMA%20CRETACEOUS%20STRATA%20FOSSILS%20GSA%20MEMOIR%20-%20UFZGX1NXSlFSRUdb/ HTTP/1.1" 200 23 "-" "Mozilla/5.0 AppleWebKit/537.36 (KHTML, like Gecko; compatible; bingbot/2.0; +http://www.bing.com/bingbot.htm) Chrome/116.0.1938.76 Safari/537.36"
cashforcarscarrollton.com.infinitibizsol.com:443 157.55.39.193 - - [12/Jun/2025:23:41:22 +0000] "GET /Nick%20Jr.PAW%20Patrol%20Indoor/Outdoor%20Playhouse%20with%20Easy%20Assembly%20by%20Delta%20Children%20-%20UFhGX1ZYQVFUQEpQ/ HTTP/1.1" 200 23 "-" "Mozilla/5.0 AppleWebKit/537.36 (KHTML, like Gecko; compatible; bingbot/2.0; +http://www.bing.com/bingbot.htm) Chrome/116.0.1938.76 Safari/537.36"
cashforcarscarrollton.com.infinitibizsol.com:443 157.55.39.193 - - [12/Jun/2025:23:41:52 +0000] "GET /Doorways:%20Nephilim%20Trilogy%20-%20UllHXVZWQ1BVREVU/ HTTP/1.1" 200 23 "-" "Mozilla/5.0 AppleWebKit/537.36 (KHTML, like Gecko; compatible; bingbot/2.0; +http://www.bing.com/bingbot.htm) Chrome/116.0.1938.76 Safari/537.36"
cashforcarscarrollton.com.infinitibizsol.com:443 40.77.167.25 - - [12/Jun/2025:23:42:15 +0000] "GET /%5BOFFICIAL%5D%20RENJUN%20DREAM()SCAPE%20NCT%20DREAM%20ICANTFEELANYTHING%20VERSION%20PHOTOCARD%20-%20UVFHUFBbS1dVQ0Za/ HTTP/1.1" 200 23 "-" "Mozilla/5.0 AppleWebKit/537.36 (KHTML, like Gecko; compatible; bingbot/2.0; +http://www.bing.com/bingbot.htm) Chrome/116.0.1938.76 Safari/537.36"
cashforcarscarrollton.com.infinitibizsol.com:443 157.55.39.193 - - [12/Jun/2025:23:44:43 +0000] "GET /Sanctuary%20DVD%20Quite%20a%20Conundrum%20Cult%20Horror%20Grindhouse%20Exploitation%20NEW%20Sealed!%20-%20UVRFXFBWQ1RWS0pa/ HTTP/1.1" 200 23 "-" "Mozilla/5.0 AppleWebKit/537.36 (KHTML, like Gecko; compatible; bingbot/2.0; +http://www.bing.com/bingbot.htm) Chrome/116.0.1938.76 Safari/537.36"
cashforcarscarrollton.com.infinitibizsol.com:443 157.55.39.193 - - [12/Jun/2025:23:45:02 +0000] "GET /Trust%20Greddy%20GREX%20Shift%20knob%20%20M12x1.25%205%20SPEED%20Pattern%20Emblem%203%20types%20Set%20Toyota%20-%20UVhGXFRbRVRRRUBX/ HTTP/1.1" 200 23 "-" "Mozilla/5.0 AppleWebKit/537.36 (KHTML, like Gecko; compatible; bingbot/2.0; +http://www.bing.com/bingbot.htm) Chrome/116.0.1938.76 Safari/537.36"
cashforcarscarrollton.com.infinitibizsol.com:443 157.55.39.193 - - [12/Jun/2025:23:45:04 +0000] "GET /(1%20Insert)%20Sumitumo%20SMDT06094MTL%20.6094%22%20diameter%20Replaceable%20Drill%20Tip%20-%20UVJGXF5fS1VUQkpQ/ HTTP/1.1" 200 23 "-" "Mozilla/5.0 AppleWebKit/537.36 (KHTML, like Gecko; compatible; bingbot/2.0; +http://www.bing.com/bingbot.htm) Chrome/116.0.1938.76 Safari/537.36"
cashforcarscarrollton.com.infinitibizsol.com:443 204.12.252.98 - - [12/Jun/2025:23:45:27 +0000] "GET /wp-content/install.php HTTP/1.1" 200 16 "https://cashforcarscarrollton.com/wp-content/install.php" "Mozilla/5.0 (Windows NT 10.0; Win64; x64) AppleWebKit/537.36 (KHTML, like Gecko) Chrome/58.0.3029.110 Safari/537.3"
cashforcarscarrollton.com.infinitibizsol.com:443 40.77.167.19 - - [12/Jun/2025:23:46:53 +0000] "GET /Genuine%20OEM%20GM%20Button-F/Floor%20Panel%20Mat%20Snap%20Fstn%20(Carpet%20Side)%2025940669%20-%20UllFXVJeQ1BQR0NR/ HTTP/1.1" 200 23 "-" "Mozilla/5.0 AppleWebKit/537.36 (KHTML, like Gecko; compatible; bingbot/2.0; +http://www.bing.com/bingbot.htm) Chrome/116.0.1938.76 Safari/537.36"
cashforcarscarrollton.com.infinitibizsol.com:443 157.55.39.193 - - [12/Jun/2025:23:48:13 +0000] "GET /Levis%20Jeans%20Womens%2031%20(35x25)%20Blue%20Boyfriend%20Mid%20Rise%20Crop%20Stretch%20Casual%20Denim%20-%20UlZFXldZRFBVSkdQ/ HTTP/1.1" 200 23 "-" "Mozilla/5.0 AppleWebKit/537.36 (KHTML, like Gecko; compatible; bingbot/2.0; +http://www.bing.com/bingbot.htm) Chrome/116.0.1938.76 Safari/537.36"
cashforcarscarrollton.com.infinitibizsol.com:443 157.55.39.10 - - [12/Jun/2025:23:48:28 +0000] "GET /ProTek%20RC%20Universal%20Radio%20Case%20Insert%20(Sanwa%20M17)%20%5BPTK-8183%5D%20-%20V1FGWF5fQVBXQ0ZX/ HTTP/1.1" 200 13 "-" "Mozilla/5.0 AppleWebKit/537.36 (KHTML, like Gecko; compatible; bingbot/2.0; +http://www.bing.com/bingbot.htm) Chrome/116.0.1938.76 Safari/537.36"
cashforcarscarrollton.com.infinitibizsol.com:443 157.55.39.10 - - [12/Jun/2025:23:48:48 +0000] "GET /Acuvar%20Telephoto%20Zoom%20Lens%20500mm%20Preset%20or%20650-1300mm%20for%20Nikon%20or%20Canon%20DSLR%20-%20UlNFXVVWQ1pSRkZT/ HTTP/1.1" 200 23 "-" "Mozilla/5.0 AppleWebKit/537.36 (KHTML, like Gecko; compatible; bingbot/2.0; +http://www.bing.com/bingbot.htm) Chrome/116.0.1938.76 Safari/537.36"
cashforcarscarrollton.com.infinitibizsol.com:443 157.55.39.10 - - [12/Jun/2025:23:50:08 +0000] "GET /Fajas%20Para%20Hombres%20Faja%20Reductora%20De%20Hombre%20Men%20Body%20Shaper%20Abdomen%20Control%20Tee%20-%20UFlAX1BXQlpWS0VW/ HTTP/1.1" 200 23 "-" "Mozilla/5.0 AppleWebKit/537.36 (KHTML, like Gecko; compatible; bingbot/2.0; +http://www.bing.com/bingbot.htm) Chrome/116.0.1938.76 Safari/537.36"
cashforcarscarrollton.com.infinitibizsol.com:443 157.55.39.202 - - [12/Jun/2025:23:52:13 +0000] "GET /1986-89-ford-mercury-14x5-1-2-polycast-single-oem-original-wheel-rim-e63z1007b-UFhGXF5eQlBZQUtX HTTP/1.1" 200 23 "-" "Mozilla/5.0 AppleWebKit/537.36 (KHTML, like Gecko; compatible; bingbot/2.0; +http://www.bing.com/bingbot.htm) Chrome/116.0.1938.76 Safari/537.36"
cashforcarscarrollton.com.infinitibizsol.com:443 40.77.167.19 - - [12/Jun/2025:23:52:18 +0000] "GET /SKF%206002-2RS1/C3HT51%20BEARING%20-%20UlZFXF5ZS1tVRkdS/ HTTP/1.1" 200 23 "-" "Mozilla/5.0 AppleWebKit/537.36 (KHTML, like Gecko; compatible; bingbot/2.0; +http://www.bing.com/bingbot.htm) Chrome/116.0.1938.76 Safari/537.36"
cashforcarscarrollton.com.infinitibizsol.com:443 40.77.167.19 - - [12/Jun/2025:23:53:35 +0000] "GET /BUY%202%20GET%201%20FREE%20Java%20Fern%20Microsorum%20Pteropus%20Large%20Live%20Aquarium%20Plants%20-%20UlVAUFFbQFRZQ0tR/ HTTP/1.1" 200 23 "-" "Mozilla/5.0 AppleWebKit/537.36 (KHTML, like Gecko; compatible; bingbot/2.0; +http://www.bing.com/bingbot.htm) Chrome/116.0.1938.76 Safari/537.36"
cashforcarscarrollton.com.infinitibizsol.com:443 208.110.64.178 - - [12/Jun/2025:23:54:17 +0000] "GET /wp-content/install.php HTTP/1.1" 200 16 "https://cashforcarscarrollton.com/wp-content/install.php" "Mozilla/5.0 (Windows NT 10.0; Win64; x64) AppleWebKit/537.36 (KHTML, like Gecko) Chrome/58.0.3029.110 Safari/537.3"
cashforcarscarrollton.com.infinitibizsol.com:443 157.55.39.10 - - [12/Jun/2025:23:55:12 +0000] "GET /Post%20Malone%20F-1%20Trillion%20Truck%20tShirt%20-%20UFhGXlReQ1dTS0dU/ HTTP/1.1" 200 23 "-" "Mozilla/5.0 AppleWebKit/537.36 (KHTML, like Gecko; compatible; bingbot/2.0; +http://www.bing.com/bingbot.htm) Chrome/116.0.1938.76 Safari/537.36"
cashforcarscarrollton.com.infinitibizsol.com:443 157.55.39.202 - - [12/Jun/2025:23:55:53 +0000] "GET /Arden%20Selections%20Sapphire%20Leala%20Throw%20Pillow%202%20Pack%20-%2016%20in%20L%20x%2016%20in%20W%20x%205%20in%20H%20-%20UllFX1VfRVFQQ0JX/ HTTP/1.1" 200 23 "-" "Mozilla/5.0 AppleWebKit/537.36 (KHTML, like Gecko; compatible; bingbot/2.0; +http://www.bing.com/bingbot.htm) Chrome/116.0.1938.76 Safari/537.36"
cashforcarscarrollton.com.infinitibizsol.com:443 157.55.39.202 - - [12/Jun/2025:23:56:43 +0000] "GET /Estee%20Lauder%20Cinnabar%20Eau%20De%20Parfum%20Spray,%201.7%20oz%20/%2050%20ml,%2095%25%20FULL%20-%20UVFGWFBdRVFSRUZX/ HTTP/1.1" 200 23 "-" "Mozilla/5.0 AppleWebKit/537.36 (KHTML, like Gecko; compatible; bingbot/2.0; +http://www.bing.com/bingbot.htm) Chrome/116.0.1938.76 Safari/537.36"
cashforcarscarrollton.com.infinitibizsol.com:443 157.55.39.58 - - [12/Jun/2025:23:56:52 +0000] "GET /Imran%20Learns%20about%20Allah%20By%20Sajda%20Nazlee%20-%20UVdGUV9aRVtZQUZS/ HTTP/1.1" 200 23 "-" "Mozilla/5.0 AppleWebKit/537.36 (KHTML, like Gecko; compatible; bingbot/2.0; +http://www.bing.com/bingbot.htm) Chrome/116.0.1938.76 Safari/537.36"
cashforcarscarrollton.com.infinitibizsol.com:443 157.55.39.58 - - [12/Jun/2025:23:57:22 +0000] "GET /2PCSx%20DSEI2X61-12B%20SOT-227B%20%20%20Diodes%20-%20Fast%20Recovery%20Rectifiers%20/ HTTP/1.1" 200 23 "-" "Mozilla/5.0 AppleWebKit/537.36 (KHTML, like Gecko; compatible; bingbot/2.0; +http://www.bing.com/bingbot.htm) Chrome/116.0.1938.76 Safari/537.36"
cashforcarscarrollton.com.infinitibizsol.com:443 157.55.39.202 - - [12/Jun/2025:23:59:13 +0000] "GET /Wachendorff%20WDG%2058B-5000-AB-G24-L2-E51%20Encoder%20-%20UVJGWlZbR1RTQEFR/ HTTP/1.1" 200 23 "-" "Mozilla/5.0 AppleWebKit/537.36 (KHTML, like Gecko; compatible; bingbot/2.0; +http://www.bing.com/bingbot.htm) Chrome/116.0.1938.76 Safari/537.36"
cashforcarscarrollton.com.infinitibizsol.com:443 157.55.39.58 - - [12/Jun/2025:23:59:17 +0000] "GET /Harmony%20Car%20Primary%2016%20Gauge%20Power%20or%20Ground%20Wire%20100%20Feet%20Spool%20White%20Cable%20New%20-%20UFBBW1NdRFtXS0pV/ HTTP/1.1" 200 23 "-" "Mozilla/5.0 AppleWebKit/537.36 (KHTML, like Gecko; compatible; bingbot/2.0; +http://www.bing.com/bingbot.htm) Chrome/116.0.1938.76 Safari/537.36"
cashforcarscarrollton.com.infinitibizsol.com:443 157.55.39.202 - - [12/Jun/2025:23:59:23 +0000] "GET /GEN3%20Guided%20Knife%20Sharpening%20System,%20Aluminium%20%7C%20Professional%20knife%20sharpener%20-%20UFhGUFJWSlBXQUFb/ HTTP/1.1" 200 23 "-" "Mozilla/5.0 AppleWebKit/537.36 (KHTML, like Gecko; compatible; bingbot/2.0; +http://www.bing.com/bingbot.htm) Chrome/116.0.1938.76 Safari/537.36"
cashforcarscarrollton.com.infinitibizsol.com:443 157.55.39.202 - - [12/Jun/2025:23:59:33 +0000] "GET /King%20Gizzard%20And%20The%20Lizard%20Wizard%20-%202024%20Tour%20Dragon%20T-Shirt%20-%20UVlFWVVXRVZSRUdQ/ HTTP/1.1" 200 23 "-" "Mozilla/5.0 AppleWebKit/537.36 (KHTML, like Gecko; compatible; bingbot/2.0; +http://www.bing.com/bingbot.htm) Chrome/116.0.1938.76 Safari/537.36"
cashforcarscarrollton.com.infinitibizsol.com:443 52.167.144.215 - - [13/Jun/2025:00:01:36 +0000] "GET /Nova%20Scotia%20by%20Len%20Wagg%20(2009,%20Hardcover)%20-%20UVlGUFNXS1FWRkFa/ HTTP/1.1" 200 23 "-" "Mozilla/5.0 AppleWebKit/537.36 (KHTML, like Gecko; compatible; bingbot/2.0; +http://www.bing.com/bingbot.htm) Chrome/116.0.1938.76 Safari/537.36"
cashforcarscarrollton.com.infinitibizsol.com:443 207.46.13.154 - - [13/Jun/2025:00:02:23 +0000] "GET /American%20Eagle%20Plaid%20Jumper%20Dress%20Women%20Medium%20Tall%20Relaxed%20Fit%20School%20Girl%20Acad%20-%20UFhGXlBWRVFRR0VR/ HTTP/1.1" 200 23 "-" "Mozilla/5.0 AppleWebKit/537.36 (KHTML, like Gecko; compatible; bingbot/2.0; +http://www.bing.com/bingbot.htm) Chrome/116.0.1938.76 Safari/537.36"
cashforcarscarrollton.com.infinitibizsol.com:443 52.167.144.215 - - [13/Jun/2025:00:04:48 +0000] "GET /American%20Persimmon%20%7C%205%20Seeds%20%7C%20Diospyros%20Virginiana%20%7C%20Florida%20Native%20Fruit%20Tree%20-%20UVlFWVReR1ZWREFW/ HTTP/1.1" 200 13 "-" "Mozilla/5.0 AppleWebKit/537.36 (KHTML, like Gecko; compatible; bingbot/2.0; +http://www.bing.com/bingbot.htm) Chrome/116.0.1938.76 Safari/537.36"
cashforcarscarrollton.com.infinitibizsol.com:443 207.46.13.102 - - [13/Jun/2025:00:07:41 +0000] "GET /High%20quality%20SRACR1212H06%20Lathe%20Turning%20Tool%20Holder%20with%2010%20RCMT0602%20Inserts%20-%20UFBGX1VdRlNYQ0NS/ HTTP/1.1" 200 23 "-" "Mozilla/5.0 AppleWebKit/537.36 (KHTML, like Gecko; compatible; bingbot/2.0; +http://www.bing.com/bingbot.htm) Chrome/116.0.1938.76 Safari/537.36"
cashforcarscarrollton.com.infinitibizsol.com:443 207.46.13.154 - - [13/Jun/2025:00:08:34 +0000] "GET /LINDSEY%20MORGAN%2010X15CM%204X6%20INCH%20CELEBRITY%20PHOTO%20PICTURE%20HOT%20SEXY%2010%20-%20UFNFW1RaRFtXS0pU/ HTTP/1.1" 200 23 "-" "Mozilla/5.0 AppleWebKit/537.36 (KHTML, like Gecko; compatible; bingbot/2.0; +http://www.bing.com/bingbot.htm) Chrome/116.0.1938.76 Safari/537.36"
cashforcarscarrollton.com.infinitibizsol.com:443 204.12.252.98 - - [13/Jun/2025:00:08:58 +0000] "GET /wp-content/install.php HTTP/1.1" 200 16 "https://cashforcarscarrollton.com/wp-content/install.php" "Mozilla/5.0 (Windows NT 10.0; Win64; x64) AppleWebKit/537.36 (KHTML, like Gecko) Chrome/58.0.3029.110 Safari/537.3"
cashforcarscarrollton.com.infinitibizsol.com:443 207.46.13.154 - - [13/Jun/2025:00:11:54 +0000] "GET /Asics%20T9E9N%20shoes%20womens%20size%208.5%20Gel%20Kushion%20-%20UlVFWVVYRFVZQENQ/ HTTP/1.1" 200 23 "-" "Mozilla/5.0 AppleWebKit/537.36 (KHTML, like Gecko; compatible; bingbot/2.0; +http://www.bing.com/bingbot.htm) Chrome/116.0.1938.76 Safari/537.36"
cashforcarscarrollton.com.infinitibizsol.com:443 52.167.144.145 - - [13/Jun/2025:00:12:02 +0000] "GET /Real%20Red%20Rose%20Flogger,%20BDSM%20Suede%20Leather%20Flogger%20Whip%2009%20Tails%20Handmade%20Crop%20-%20UFZGXV9aR1JWQURQ/ HTTP/1.1" 200 23 "-" "Mozilla/5.0 AppleWebKit/537.36 (KHTML, like Gecko; compatible; bingbot/2.0; +http://www.bing.com/bingbot.htm) Chrome/116.0.1938.76 Safari/537.36"
cashforcarscarrollton.com.infinitibizsol.com:443 208.110.64.178 - - [13/Jun/2025:00:13:29 +0000] "GET /wp-content/install.php HTTP/1.1" 200 16 "https://cashforcarscarrollton.com/wp-content/install.php" "Mozilla/5.0 (Windows NT 10.0; Win64; x64) AppleWebKit/537.36 (KHTML, like Gecko) Chrome/58.0.3029.110 Safari/537.3"
cashforcarscarrollton.com.infinitibizsol.com:443 52.167.144.145 - - [13/Jun/2025:00:13:58 +0000] "GET /Lila:%20An%20Inquiry%20Into%20Morals%20-%20UllFXlNaRldQSkJQ/ HTTP/1.1" 200 23 "-" "Mozilla/5.0 AppleWebKit/537.36 (KHTML, like Gecko; compatible; bingbot/2.0; +http://www.bing.com/bingbot.htm) Chrome/116.0.1938.76 Safari/537.36"
cashforcarscarrollton.com.infinitibizsol.com:443 207.46.13.156 - - [13/Jun/2025:00:15:15 +0000] "GET /1-64-steiger-panther-km-325-4wd-tractor-with-duals-2009-national-farm-toy-show-UlZFX1FYQVdTQ0NV HTTP/1.1" 200 23 "-" "Mozilla/5.0 AppleWebKit/537.36 (KHTML, like Gecko; compatible; bingbot/2.0; +http://www.bing.com/bingbot.htm) Chrome/116.0.1938.76 Safari/537.36"
cashforcarscarrollton.com.infinitibizsol.com:443 52.167.144.145 - - [13/Jun/2025:00:15:19 +0000] "GET /Faster%20Pussycat%20Band%20Members%20Cotton%20S-234XL%20Unisex%20Black%20T%20Shirt%20-%20UVFHUV5bS1VVQ0RV/ HTTP/1.1" 200 13 "-" "Mozilla/5.0 AppleWebKit/537.36 (KHTML, like Gecko; compatible; bingbot/2.0; +http://www.bing.com/bingbot.htm) Chrome/116.0.1938.76 Safari/537.36"
cashforcarscarrollton.com.infinitibizsol.com:443 207.46.13.156 - - [13/Jun/2025:00:16:55 +0000] "GET /Little%20Shop%20of%20Horrors%20The%20Day%20of%20The%20Triffids%20Dvd%20Movie%20Region%20Free%20Pal%20-%20UllFXF5dRVpYQ0VV/ HTTP/1.1" 200 23 "-" "Mozilla/5.0 AppleWebKit/537.36 (KHTML, like Gecko; compatible; bingbot/2.0; +http://www.bing.com/bingbot.htm) Chrome/116.0.1938.76 Safari/537.36"
cashforcarscarrollton.com.infinitibizsol.com:443 108.181.202.211 - - [13/Jun/2025:00:17:58 +0000] "GET /wp-content/install.php HTTP/1.1" 200 16 "https://cashforcarscarrollton.com/wp-content/install.php" "Mozilla/5.0 (Windows NT 6.0; rv:7.0.1) Gecko/20100101 Firefox/7.0.1"
cashforcarscarrollton.com.infinitibizsol.com:443 173.208.153.154 - - [13/Jun/2025:00:18:03 +0000] "GET /wp-content/install.php HTTP/1.1" 200 6 "https://cashforcarscarrollton.com/wp-content/install.php" "Mozilla/5.0 (Macintosh; U; Intel Mac OS X 10_5_5; ja-jp) AppleWebKit/525.26.2 (KHTML, like Gecko) Version/3.2 Safari/525.26.12"
