cashforcarscarrollton.com.infinitibizsol.com:443 207.46.13.92 - - [11/Jun/2025:23:31:40 +0000] "GET /forr-toyota-land-cruiser-lexus-gx460-genuine-front-television-camera-86790-60200-UFlEXlBcRFZZRkBa HTTP/1.1" 200 23 "-" "Mozilla/5.0 AppleWebKit/537.36 (KHTML, like Gecko; compatible; bingbot/2.0; +http://www.bing.com/bingbot.htm) Chrome/116.0.1938.76 Safari/537.36"
cashforcarscarrollton.com.infinitibizsol.com:443 207.46.13.92 - - [11/Jun/2025:23:35:21 +0000] "GET /Brake%20Master%20Cylinder%20with%20Reservoir%20For%20Toyota%20Tundra%203.4L%204.0L%204.7L%202000-2006%20-%20UlRFWVRfRFpTQUNa/ HTTP/1.1" 200 23 "-" "Mozilla/5.0 AppleWebKit/537.36 (KHTML, like Gecko; compatible; bingbot/2.0; +http://www.bing.com/bingbot.htm) Chrome/116.0.1938.76 Safari/537.36"
cashforcarscarrollton.com.infinitibizsol.com:443 69.197.135.226 - - [11/Jun/2025:23:36:44 +0000] "GET /wp-content/install.php HTTP/1.1" 200 16 "https://cashforcarscarrollton.com/wp-content/install.php" "Mozilla/5.0 (Windows NT 10.0; Win64; x64) AppleWebKit/537.36 (KHTML, like Gecko) Chrome/58.0.3029.110 Safari/537.3"
cashforcarscarrollton.com.infinitibizsol.com:443 52.167.144.170 - - [11/Jun/2025:23:39:04 +0000] "GET /Royal%20Worcester%20Wrendale%20Designs%20Bauble%20-%20Buh%20Humbug%20-%20UlNFXlFeQlpQSkZU/ HTTP/1.1" 200 23 "-" "Mozilla/5.0 AppleWebKit/537.36 (KHTML, like Gecko; compatible; bingbot/2.0; +http://www.bing.com/bingbot.htm) Chrome/116.0.1938.76 Safari/537.36"
cashforcarscarrollton.com.infinitibizsol.com:443 204.12.252.98 - - [11/Jun/2025:23:40:49 +0000] "GET /wp-content/install.php HTTP/1.1" 200 16 "https://cashforcarscarrollton.com/wp-content/install.php" "Mozilla/5.0 (Windows NT 10.0; Win64; x64) AppleWebKit/537.36 (KHTML, like Gecko) Chrome/58.0.3029.110 Safari/537.3"
cashforcarscarrollton.com.infinitibizsol.com:443 52.167.144.170 - - [11/Jun/2025:23:40:52 +0000] "GET /39715298%20-%208783%20Morlesau%20Hotel%20Pension%20Noeth%20Ort%20handschriftlich%20Foto%20Original%20-%20UlVFWVVbRFtRSkBV/ HTTP/1.1" 200 23 "-" "Mozilla/5.0 AppleWebKit/537.36 (KHTML, like Gecko; compatible; bingbot/2.0; +http://www.bing.com/bingbot.htm) Chrome/116.0.1938.76 Safari/537.36"
cashforcarscarrollton.com.infinitibizsol.com:443 157.55.39.205 - - [11/Jun/2025:23:42:23 +0000] "GET /Akahada%20Ware%20Tea%20Set%20Sencha%20Made%20By%20Shozan%20Oshio%20Teapot%20-%20UVJGUFdbRFVUR0ZR/ HTTP/1.1" 200 23 "-" "Mozilla/5.0 AppleWebKit/537.36 (KHTML, like Gecko; compatible; bingbot/2.0; +http://www.bing.com/bingbot.htm) Chrome/116.0.1938.76 Safari/537.36"
cashforcarscarrollton.com.infinitibizsol.com:443 157.55.39.205 - - [11/Jun/2025:23:44:37 +0000] "GET /Mexican%20National%20Flags%20All%20Weather%20Polyester%20with%20Brass%20Grommets%203%20X%205%20Ft%20-%20UFJBXl9fRltZR0VQ/ HTTP/1.1" 200 23 "-" "Mozilla/5.0 AppleWebKit/537.36 (KHTML, like Gecko; compatible; bingbot/2.0; +http://www.bing.com/bingbot.htm) Chrome/116.0.1938.76 Safari/537.36"
cashforcarscarrollton.com.infinitibizsol.com:443 157.55.39.192 - - [11/Jun/2025:23:45:52 +0000] "GET /Brake%20Master%20Cylinder%20for%20Ford%20Mustang%203.8%20L%2099-04%20M390518%20MC390518%2013-3019%20%20-%20UlVCUVJbR1RYS0BR/ HTTP/1.1" 200 23 "-" "Mozilla/5.0 AppleWebKit/537.36 (KHTML, like Gecko; compatible; bingbot/2.0; +http://www.bing.com/bingbot.htm) Chrome/116.0.1938.76 Safari/537.36"
cashforcarscarrollton.com.infinitibizsol.com:443 157.55.39.192 - - [11/Jun/2025:23:47:02 +0000] "GET /Outdoor%20Survival%20Stainless%20Steel%20Multi%20Tool%20Plier%209%20In%201%20Portable%20Compact%20Red%20-%20UFlCX1NZQlZURkpS/ HTTP/1.1" 200 23 "-" "Mozilla/5.0 AppleWebKit/537.36 (KHTML, like Gecko; compatible; bingbot/2.0; +http://www.bing.com/bingbot.htm) Chrome/116.0.1938.76 Safari/537.36"
cashforcarscarrollton.com.infinitibizsol.com:443 207.46.13.102 - - [11/Jun/2025:23:47:48 +0000] "GET /disney-doorables-series-1-5-UlVHXV5WS1pURUNU HTTP/1.1" 200 23 "-" "Mozilla/5.0 AppleWebKit/537.36 (KHTML, like Gecko; compatible; bingbot/2.0; +http://www.bing.com/bingbot.htm) Chrome/116.0.1938.76 Safari/537.36"
cashforcarscarrollton.com.infinitibizsol.com:443 199.195.249.49 - - [11/Jun/2025:23:48:02 +0000] "GET /wp-login.php HTTP/1.1" 500 5 "-" "Mozilla/5.0 (X11; Linux x86_64) AppleWebKit/537.36 (KHTML, like Gecko) Chrome/36.0.1985.143 Safari/537.36"
cashforcarscarrollton.com.infinitibizsol.com:443 157.55.39.192 - - [11/Jun/2025:23:48:12 +0000] "GET /collectible-omega-deville-80micron-quartz-cal-1365-swiss-mens-watch-UlNFXl9fQFVTRUpW HTTP/1.1" 200 23 "-" "Mozilla/5.0 AppleWebKit/537.36 (KHTML, like Gecko; compatible; bingbot/2.0; +http://www.bing.com/bingbot.htm) Chrome/116.0.1938.76 Safari/537.36"
cashforcarscarrollton.com.infinitibizsol.com:80 195.82.146.211 - - [11/Jun/2025:23:49:20 +0000] "GET / HTTP/1.0" 500 0 "http://cashforcarscarrollton.com/" "Mozilla/5.0 (Windows NT 10.0; Win64; x64) AppleWebKit/537.36 (KHTML, like Gecko) Chrome/129.0.0.0 Safari/537.36"
cashforcarscarrollton.com.infinitibizsol.com:443 207.46.13.154 - - [11/Jun/2025:23:49:52 +0000] "GET /Mermaid%20Sticker%20Ocean%20Waves%20Waterproof%20-%20Buy%20Any%204%20For%20$1.75%20Each%20Storewide!%20-%20UVlHUFZXR1tRS0da/ HTTP/1.1" 200 13 "-" "Mozilla/5.0 AppleWebKit/537.36 (KHTML, like Gecko; compatible; bingbot/2.0; +http://www.bing.com/bingbot.htm) Chrome/116.0.1938.76 Safari/537.36"
cashforcarscarrollton.com.infinitibizsol.com:443 69.197.182.50 - - [11/Jun/2025:23:52:34 +0000] "GET /wp-content/install.php HTTP/1.1" 200 16 "https://cashforcarscarrollton.com/wp-content/install.php" "Mozilla/5.0 (Windows NT 10.0; Win64; x64) AppleWebKit/537.36 (KHTML, like Gecko) Chrome/58.0.3029.110 Safari/537.3"
cashforcarscarrollton.com.infinitibizsol.com:443 108.181.202.211 - - [11/Jun/2025:23:53:22 +0000] "GET /wp-content/install.php HTTP/1.1" 200 16 "https://cashforcarscarrollton.com/wp-content/install.php" "Mozilla/5.0 (Macintosh; U; PPC Mac OS X 10_4_11; ja-jp) AppleWebKit/525.18 (KHTML, like Gecko) Version/3.1.2 Safari/525.22"
cashforcarscarrollton.com.infinitibizsol.com:443 157.55.39.63 - - [11/Jun/2025:23:56:13 +0000] "GET /-NEW-%20ITP%20610MM%20x%20850MM%20x%204%20Blade%20x%2050MM%20Bore,%20RH,%20NiBrAl%20Propeller,%20Azimut%2042%20-%20UFlEWl9WQ1VTQ0BU/ HTTP/1.1" 200 23 "-" "Mozilla/5.0 AppleWebKit/537.36 (KHTML, like Gecko; compatible; bingbot/2.0; +http://www.bing.com/bingbot.htm) Chrome/116.0.1938.76 Safari/537.36"
cashforcarscarrollton.com.infinitibizsol.com:443 69.197.182.50 - - [11/Jun/2025:23:57:12 +0000] "GET /wp-content/install.php HTTP/1.1" 200 16 "https://cashforcarscarrollton.com/wp-content/install.php" "Mozilla/5.0 (Windows NT 10.0; Win64; x64) AppleWebKit/537.36 (KHTML, like Gecko) Chrome/58.0.3029.110 Safari/537.3"
cashforcarscarrollton.com.infinitibizsol.com:443 157.55.39.63 - - [11/Jun/2025:23:58:23 +0000] "GET /Yellow%20CF502A%20202A%20Toner%20fit%20for%20HP%20Color%20LaserJet%20Pro%20M280nw%20M281fdn%20M281dw%20MFP%20-%20UFdHUVFbRVNQQkRW/ HTTP/1.1" 200 23 "-" "Mozilla/5.0 AppleWebKit/537.36 (KHTML, like Gecko; compatible; bingbot/2.0; +http://www.bing.com/bingbot.htm) Chrome/116.0.1938.76 Safari/537.36"
cashforcarscarrollton.com.infinitibizsol.com:443 207.46.13.154 - - [11/Jun/2025:23:59:13 +0000] "GET /NEW%20Apple%20iPhone%2014%20256GB%20(GSM%20CDMA)%20Fully%20Unlocked%20-%20UFZGXldWRFBQQUtT/ HTTP/1.1" 200 23 "-" "Mozilla/5.0 AppleWebKit/537.36 (KHTML, like Gecko; compatible; bingbot/2.0; +http://www.bing.com/bingbot.htm) Chrome/116.0.1938.76 Safari/537.36"
cashforcarscarrollton.com.infinitibizsol.com:443 157.55.39.63 - - [12/Jun/2025:00:00:32 +0000] "GET /Dynasty%20Warriors%205%20%5BPlayStation%202%20PS2%20Koei%20Strategy%20Guan%20Yu%20Lei%20Bei%20Lu%20Bu%5D%20New%20-%20UFNHUFJcQ1VXREdR/ HTTP/1.1" 200 23 "-" "Mozilla/5.0 AppleWebKit/537.36 (KHTML, like Gecko; compatible; bingbot/2.0; +http://www.bing.com/bingbot.htm) Chrome/116.0.1938.76 Safari/537.36"
cashforcarscarrollton.com.infinitibizsol.com:443 40.77.167.159 - - [12/Jun/2025:00:01:27 +0000] "GET /NEW%20Anderson%20SB50,%20%2050%20Amp%20Yellow%20Housing,%20%2010/12%20AWG%20Contacts%20-%20UldGUFRXQFJWREdW/ HTTP/1.1" 200 23 "-" "Mozilla/5.0 AppleWebKit/537.36 (KHTML, like Gecko; compatible; bingbot/2.0; +http://www.bing.com/bingbot.htm) Chrome/116.0.1938.76 Safari/537.36"
cashforcarscarrollton.com.infinitibizsol.com:443 157.55.39.63 - - [12/Jun/2025:00:02:13 +0000] "GET /NIKE%20AIR%20MAX%2090%20HYPERFUSE%20HYP%20SOLAR%20RED%20PINK%20SZ%209.5%20%5B653603-992%5D%20-%20UFZGWF9bQ1pUQUJR/ HTTP/1.1" 200 23 "-" "Mozilla/5.0 AppleWebKit/537.36 (KHTML, like Gecko; compatible; bingbot/2.0; +http://www.bing.com/bingbot.htm) Chrome/116.0.1938.76 Safari/537.36"
cashforcarscarrollton.com.infinitibizsol.com:443 157.55.39.16 - - [12/Jun/2025:00:05:34 +0000] "GET /XB4BW33B5%20%E2%80%93%20Green%20flush%20complete%20illum%20PUSHBUTTON%20%C3%9822%20spring%20return%201NO%201NC%2024V%20-%20UFBGX1VcSlFXRkRV/ HTTP/1.1" 200 23 "-" "Mozilla/5.0 AppleWebKit/537.36 (KHTML, like Gecko; compatible; bingbot/2.0; +http://www.bing.com/bingbot.htm) Chrome/116.0.1938.76 Safari/537.36"
cashforcarscarrollton.com.infinitibizsol.com:443 52.167.144.21 - - [12/Jun/2025:00:06:26 +0000] "GET /Dirigibles%20Gloster%20Aircraft%20Co.%20Biplane%201930%20Airways%20rare%20pictorial%20aviation%20mag%20-%20UlNFXF9dRVpWRUZS/ HTTP/1.1" 200 23 "-" "Mozilla/5.0 AppleWebKit/537.36 (KHTML, like Gecko; compatible; bingbot/2.0; +http://www.bing.com/bingbot.htm) Chrome/116.0.1938.76 Safari/537.36"
cashforcarscarrollton.com.infinitibizsol.com:443 208.110.64.178 - - [12/Jun/2025:00:07:17 +0000] "GET /wp-content/install.php HTTP/1.1" 200 16 "https://cashforcarscarrollton.com/wp-content/install.php" "Mozilla/5.0 (Windows NT 10.0; Win64; x64) AppleWebKit/537.36 (KHTML, like Gecko) Chrome/58.0.3029.110 Safari/537.3"
cashforcarscarrollton.com.infinitibizsol.com:443 173.208.153.154 - - [12/Jun/2025:00:08:48 +0000] "GET /wp-content/install.php HTTP/1.1" 200 16 "https://cashforcarscarrollton.com/wp-content/install.php" "Mozilla/5.0 (Macintosh; Intel Mac OS X 10.6; rv:6.0.2) Gecko/20100101 Firefox/6.0.2"
cashforcarscarrollton.com.infinitibizsol.com:443 207.46.13.155 - - [12/Jun/2025:00:09:56 +0000] "GET /Sakai%20Takayuki/KUROKAGE%20VG-10%20Hammered%20Gyuto%20Black%20Wenge%20Handle%20-%20UllFX1JaQ1JWQURW/ HTTP/1.1" 200 23 "-" "Mozilla/5.0 AppleWebKit/537.36 (KHTML, like Gecko; compatible; bingbot/2.0; +http://www.bing.com/bingbot.htm) Chrome/116.0.1938.76 Safari/537.36"
cashforcarscarrollton.com.infinitibizsol.com:443 52.167.144.21 - - [12/Jun/2025:00:12:07 +0000] "GET /marvel%20legends%20bastion%20Has%20lab%20-%20UFBGUFJaRFBTS0Nb/ HTTP/1.1" 200 23 "-" "Mozilla/5.0 AppleWebKit/537.36 (KHTML, like Gecko; compatible; bingbot/2.0; +http://www.bing.com/bingbot.htm) Chrome/116.0.1938.76 Safari/537.36"
cashforcarscarrollton.com.infinitibizsol.com:443 52.167.144.21 - - [12/Jun/2025:00:12:08 +0000] "GET /Johannes%20Janssonius%20-%20Fossa%20Eugeniana%20canal%201638%20-%20Old%20map%20Dutch%20Spanish%20War%20-%20UVlGUV9eQVpTRENV/ HTTP/1.1" 200 23 "-" "Mozilla/5.0 AppleWebKit/537.36 (KHTML, like Gecko; compatible; bingbot/2.0; +http://www.bing.com/bingbot.htm) Chrome/116.0.1938.76 Safari/537.36"
cashforcarscarrollton.com.infinitibizsol.com:443 52.167.144.21 - - [12/Jun/2025:00:13:15 +0000] "GET /RADIO%20STATION%20CDs%20-%2097.3%20KBCO%20STUDIO%20CD,%20VOL.%2021,%2023,%2028%20%20(Colorado)%20%203%20CD%20LOT%20-%20UVJGX1daRVtVSkBX/ HTTP/1.1" 200 23 "-" "Mozilla/5.0 AppleWebKit/537.36 (KHTML, like Gecko; compatible; bingbot/2.0; +http://www.bing.com/bingbot.htm) Chrome/116.0.1938.76 Safari/537.36"
cashforcarscarrollton.com.infinitibizsol.com:443 52.167.144.21 - - [12/Jun/2025:00:13:42 +0000] "GET /STAR%20WARS%20KENNER%201979%20BOBA%20FETT%20LIGHT%20BLUE%20PAINTED%20HEAD%20COO%20TAIWAN%20-%20UFdGWVdbQlNYQ0Nb/ HTTP/1.1" 200 23 "-" "Mozilla/5.0 AppleWebKit/537.36 (KHTML, like Gecko; compatible; bingbot/2.0; +http://www.bing.com/bingbot.htm) Chrome/116.0.1938.76 Safari/537.36"
cashforcarscarrollton.com.infinitibizsol.com:443 52.167.144.21 - - [12/Jun/2025:00:16:12 +0000] "GET /40Inch%20Computer%20Desk%20Study%20Writing%20Desk%20Work%20Table%20w/Storage%20Bag%20for%20Home%20Office%20-%20UFdGWVdbQlJSRENa/ HTTP/1.1" 200 23 "-" "Mozilla/5.0 AppleWebKit/537.36 (KHTML, like Gecko; compatible; bingbot/2.0; +http://www.bing.com/bingbot.htm) Chrome/116.0.1938.76 Safari/537.36"
cashforcarscarrollton.com.infinitibizsol.com:80 92.112.168.225 - - [12/Jun/2025:00:18:54 +0000] "POST /xmlrpc.php HTTP/1.1" 500 5 "-" "Mozilla/5.0 (Macintosh; Intel Mac OS X 10_15_8) AppleWebKit/538.39 (KHTML, like Gecko111) Chrome/94.1 Safari/539.33"
cashforcarscarrollton.com.infinitibizsol.com:443 168.199.227.161 - - [12/Jun/2025:00:18:54 +0000] "POST /xmlrpc.php HTTP/1.1" 500 5 "-" "Mozilla/5.0 (Macintosh; Intel Mac OS X 10_15_3) AppleWebKit/535.39 (KHTML, like Gecko111) Chrome/92.4 Safari/532.31"
cashforcarscarrollton.com.infinitibizsol.com:443 157.55.39.6 - - [12/Jun/2025:00:19:45 +0000] "GET /Leather%20Embossing%20Wheel%20Square%20Maze%208091-02%20-%20UldGX1NaQVJWQkNR/ HTTP/1.1" 200 13 "-" "Mozilla/5.0 AppleWebKit/537.36 (KHTML, like Gecko; compatible; bingbot/2.0; +http://www.bing.com/bingbot.htm) Chrome/116.0.1938.76 Safari/537.36"
cashforcarscarrollton.com.infinitibizsol.com:443 69.197.135.226 - - [12/Jun/2025:00:21:59 +0000] "GET /wp-content/install.php HTTP/1.1" 200 16 "https://cashforcarscarrollton.com/wp-content/install.php" "Mozilla/5.0 (Windows NT 10.0; Win64; x64) AppleWebKit/537.36 (KHTML, like Gecko) Chrome/58.0.3029.110 Safari/537.3"
cashforcarscarrollton.com.infinitibizsol.com:443 40.77.167.55 - - [12/Jun/2025:00:22:57 +0000] "GET /Seaguar%20Premier%20Fluorocarbon%20Leader%2050yd%20Spool%20-%20UFdGWVBXRVpSS0RX/ HTTP/1.1" 200 23 "-" "Mozilla/5.0 AppleWebKit/537.36 (KHTML, like Gecko; compatible; bingbot/2.0; +http://www.bing.com/bingbot.htm) Chrome/116.0.1938.76 Safari/537.36"
cashforcarscarrollton.com.infinitibizsol.com:80 45.61.162.29 - - [12/Jun/2025:00:25:19 +0000] "GET /wp-content/plugins/init-help/init.php HTTP/1.1" 200 309 "www.google.com" "Mozilla/5.0 (Linux; Android 7.0; SM-G892A Build/NRD90M; wv) AppleWebKit/537.36 (KHTML, like Gecko) Version/4.0 Chrome/60.0.3112.107 Mobile Safari/537.36"
cashforcarscarrollton.com.infinitibizsol.com:443 69.197.135.226 - - [12/Jun/2025:00:32:46 +0000] "GET /wp-content/install.php HTTP/1.1" 200 16 "https://cashforcarscarrollton.com/wp-content/install.php" "Mozilla/5.0 (Windows NT 10.0; Win64; x64) AppleWebKit/537.36 (KHTML, like Gecko) Chrome/58.0.3029.110 Safari/537.3"
cashforcarscarrollton.com.infinitibizsol.com:443 157.55.39.63 - - [12/Jun/2025:00:32:56 +0000] "GET /Circle%20Jerks%20Golden%20Shower%20Of%20Hits%20Vinyl%20Lp%20Record%20Punk%20Black%20Flag%20Germs%20Off!%20-%20UldEWFReS1BQS0ZV/ HTTP/1.1" 200 23 "-" "Mozilla/5.0 AppleWebKit/537.36 (KHTML, like Gecko; compatible; bingbot/2.0; +http://www.bing.com/bingbot.htm) Chrome/116.0.1938.76 Safari/537.36"
cashforcarscarrollton.com.infinitibizsol.com:443 40.77.167.30 - - [12/Jun/2025:00:34:30 +0000] "GET /2013%20Press%20Pass%20Amy%20Poehler%20Parks%20Rec%20Recreation%20Autograph%20Auto%20Pawnee%20AP2%20PSA%209%20-%20UlNFWVRWRlBVRUdT/ HTTP/1.1" 200 23 "-" "Mozilla/5.0 AppleWebKit/537.36 (KHTML, like Gecko; compatible; bingbot/2.0; +http://www.bing.com/bingbot.htm) Chrome/116.0.1938.76 Safari/537.36"
cashforcarscarrollton.com.infinitibizsol.com:443 207.46.13.154 - - [12/Jun/2025:00:36:06 +0000] "GET /1Pcs%20New%20SA3-4010D%203-Phase%20Solid%20State%20Relay%2040-530VAC%2010A%20-%20UVlGX1JdQVBXSkZa/ HTTP/1.1" 200 23 "-" "Mozilla/5.0 AppleWebKit/537.36 (KHTML, like Gecko; compatible; bingbot/2.0; +http://www.bing.com/bingbot.htm) Chrome/116.0.1938.76 Safari/537.36"
cashforcarscarrollton.com.infinitibizsol.com:443 40.77.167.30 - - [12/Jun/2025:00:36:30 +0000] "GET /Extreme%20Trout%20Rod%20Tulala%20Truite%20Clerus%20810MH%20(Baitcasting%20Irregular%202%20Piece)%20-%20UlJGWVRbS1dYRUJa/ HTTP/1.1" 200 23 "-" "Mozilla/5.0 AppleWebKit/537.36 (KHTML, like Gecko; compatible; bingbot/2.0; +http://www.bing.com/bingbot.htm) Chrome/116.0.1938.76 Safari/537.36"
cashforcarscarrollton.com.infinitibizsol.com:443 207.46.13.116 - - [12/Jun/2025:00:37:04 +0000] "GET /japanese-imperial-navy-warship-yakumo-rppc-japan-wwi-c1910s-UFlEX19XQVpSR0NQ HTTP/1.1" 200 23 "-" "Mozilla/5.0 AppleWebKit/537.36 (KHTML, like Gecko; compatible; bingbot/2.0; +http://www.bing.com/bingbot.htm) Chrome/116.0.1938.76 Safari/537.36"
cashforcarscarrollton.com.infinitibizsol.com:443 204.12.252.98 - - [12/Jun/2025:00:38:38 +0000] "GET /wp-content/install.php HTTP/1.1" 200 16 "https://cashforcarscarrollton.com/wp-content/install.php" "Mozilla/5.0 (Windows NT 10.0; Win64; x64) AppleWebKit/537.36 (KHTML, like Gecko) Chrome/58.0.3029.110 Safari/537.3"
cashforcarscarrollton.com.infinitibizsol.com:443 40.77.167.159 - - [12/Jun/2025:00:41:10 +0000] "GET /100%20Assorted%20Pendulum%20Rod%20Suspension%20Springs%20German%20Clock%20Repair%20-%20UVJGXlNYRVdYQ0tR/ HTTP/1.1" 200 13 "-" "Mozilla/5.0 AppleWebKit/537.36 (KHTML, like Gecko; compatible; bingbot/2.0; +http://www.bing.com/bingbot.htm) Chrome/116.0.1938.76 Safari/537.36"
cashforcarscarrollton.com.infinitibizsol.com:443 207.46.13.154 - - [12/Jun/2025:00:41:16 +0000] "GET /Assa%20Abloy%20KP-200%20Dustproof%20&%20Waterproof%20Backlit%20Digital%20Keypad%20-%20UVZFW1dWQFdQS0RV/ HTTP/1.1" 200 23 "-" "Mozilla/5.0 AppleWebKit/537.36 (KHTML, like Gecko; compatible; bingbot/2.0; +http://www.bing.com/bingbot.htm) Chrome/116.0.1938.76 Safari/537.36"
cashforcarscarrollton.com.infinitibizsol.com:443 207.46.13.111 - - [12/Jun/2025:00:41:35 +0000] "GET /Pro%20Goleem%20Elephant%20Security%20Blanket,%2016%20Inch%20(Pack%20of%201),%20A%20Grey%20%20-%20UFhGX1ReQFFURUdT/ HTTP/1.1" 200 23 "-" "Mozilla/5.0 AppleWebKit/537.36 (KHTML, like Gecko; compatible; bingbot/2.0; +http://www.bing.com/bingbot.htm) Chrome/116.0.1938.76 Safari/537.36"
cashforcarscarrollton.com.infinitibizsol.com:443 207.46.13.154 - - [12/Jun/2025:00:42:07 +0000] "GET /Bandai%20S.H.%20Figuarts%20Freeza%20Fourth%20Form%20(%20problem%20with%20left%20leg%20peg%20hole)%20-%20UVFGWFJeQVBQQkRX/ HTTP/1.1" 200 23 "-" "Mozilla/5.0 AppleWebKit/537.36 (KHTML, like Gecko; compatible; bingbot/2.0; +http://www.bing.com/bingbot.htm) Chrome/116.0.1938.76 Safari/537.36"
cashforcarscarrollton.com.infinitibizsol.com:443 207.46.13.92 - - [12/Jun/2025:00:43:46 +0000] "GET /New%20US%20Lenovo%20Flex%205-15ARE05%205-15ALC05%205-15IIL05%205-15ITL05%20Backlit%20Keyboard%20-%20UlBGUV5cQFpZR0dQ/ HTTP/1.1" 200 23 "-" "Mozilla/5.0 AppleWebKit/537.36 (KHTML, like Gecko; compatible; bingbot/2.0; +http://www.bing.com/bingbot.htm) Chrome/116.0.1938.76 Safari/537.36"
cashforcarscarrollton.com.infinitibizsol.com:443 207.46.13.111 - - [12/Jun/2025:00:49:27 +0000] "GET /MARY%20MAGDALENE%20/%20RISEN%20CHRIST%20Medal,%20silver,%20cast%20from%2019th%20c.%20French%20original%20-%20UlRCUVZdQlBZQURW/ HTTP/1.1" 200 23 "-" "Mozilla/5.0 AppleWebKit/537.36 (KHTML, like Gecko; compatible; bingbot/2.0; +http://www.bing.com/bingbot.htm) Chrome/116.0.1938.76 Safari/537.36"
cashforcarscarrollton.com.infinitibizsol.com:443 69.197.135.226 - - [12/Jun/2025:00:49:52 +0000] "GET /wp-content/install.php HTTP/1.1" 200 16 "https://cashforcarscarrollton.com/wp-content/install.php" "Mozilla/5.0 (Windows NT 10.0; Win64; x64) AppleWebKit/537.36 (KHTML, like Gecko) Chrome/58.0.3029.110 Safari/537.3"
cashforcarscarrollton.com.infinitibizsol.com:443 207.46.13.51 - - [12/Jun/2025:00:50:07 +0000] "GET /Stephan%20Combi%20Cut%20Batch%20Mixer%20TC300%202009%20VCM%20large%20batch%20mixer%20-%20UlVGX1RYQVFRRUZb/ HTTP/1.1" 200 23 "-" "Mozilla/5.0 AppleWebKit/537.36 (KHTML, like Gecko; compatible; bingbot/2.0; +http://www.bing.com/bingbot.htm) Chrome/116.0.1938.76 Safari/537.36"
cashforcarscarrollton.com.infinitibizsol.com:443 40.77.167.3 - - [12/Jun/2025:00:50:33 +0000] "GET /new-mario-kart-8-deluxe-gold-mario-nintendo-switch-mcdonalds-aus-release-2024-UFBGUVdaRFtQR0BW HTTP/1.1" 200 23 "-" "Mozilla/5.0 AppleWebKit/537.36 (KHTML, like Gecko; compatible; bingbot/2.0; +http://www.bing.com/bingbot.htm) Chrome/116.0.1938.76 Safari/537.36"
cashforcarscarrollton.com.infinitibizsol.com:443 157.55.39.58 - - [12/Jun/2025:00:52:28 +0000] "GET /Graduation%20Decorations%20Class%20of%202024,Gold%20Themed%20Graduation%20Decorations%20Set,Clas%20-%20V1FGWFRXRlBTS0Za/ HTTP/1.1" 200 23 "-" "Mozilla/5.0 AppleWebKit/537.36 (KHTML, like Gecko; compatible; bingbot/2.0; +http://www.bing.com/bingbot.htm) Chrome/116.0.1938.76 Safari/537.36"
cashforcarscarrollton.com.infinitibizsol.com:80 118.89.233.234 - - [12/Jun/2025:00:53:20 +0000] "GET / HTTP/1.1" 500 5 "-" "Mozilla/5.0 (iPhone; CPU iPhone OS 13_2_3 like Mac OS X) AppleWebKit/605.1.15 (KHTML, like Gecko) Version/13.0.3 Mobile/15E148 Safari/604.1"
cashforcarscarrollton.com.infinitibizsol.com:443 207.46.13.51 - - [12/Jun/2025:00:54:08 +0000] "GET /Olympus%20Has%20Fallen%20(Two%20Disc%20Combo:%20Blu-%20Blu-ray%20-%20UlhGWF9aSlZUS0VX/ HTTP/1.1" 200 23 "-" "Mozilla/5.0 AppleWebKit/537.36 (KHTML, like Gecko; compatible; bingbot/2.0; +http://www.bing.com/bingbot.htm) Chrome/116.0.1938.76 Safari/537.36"
cashforcarscarrollton.com.infinitibizsol.com:443 157.55.39.58 - - [12/Jun/2025:00:57:08 +0000] "GET /GLAMORGAN%20DRAGONS%20V%20GLOUCESTERSHIRE%20GLADIATORS%20FPT%20@%20RHOS-ON-SEA%2010TH%20JUNE%202007%20-%20UVRFXl5ZSlNXQkNa/ HTTP/1.1" 200 23 "-" "Mozilla/5.0 AppleWebKit/537.36 (KHTML, like Gecko; compatible; bingbot/2.0; +http://www.bing.com/bingbot.htm) Chrome/116.0.1938.76 Safari/537.36"
cashforcarscarrollton.com.infinitibizsol.com:443 157.55.39.58 - - [12/Jun/2025:00:59:19 +0000] "GET /1PCS%20New%20Siemens%206ED1%20055-1NB10-0BA2%206ED1055-1NB10-0BA2%20In%20Box%20Fast%20Ship%20-%20UFRHUFJdRVFVS0pS/ HTTP/1.1" 200 23 "-" "Mozilla/5.0 AppleWebKit/537.36 (KHTML, like Gecko; compatible; bingbot/2.0; +http://www.bing.com/bingbot.htm) Chrome/116.0.1938.76 Safari/537.36"
cashforcarscarrollton.com.infinitibizsol.com:443 157.55.39.11 - - [12/Jun/2025:01:00:59 +0000] "GET /apple-iphone-16-pro-max-256gb-factory-unlocked-physical-sim-card-traysealed-UFNFW1ReRFtVRkdT HTTP/1.1" 200 23 "-" "Mozilla/5.0 AppleWebKit/537.36 (KHTML, like Gecko; compatible; bingbot/2.0; +http://www.bing.com/bingbot.htm) Chrome/116.0.1938.76 Safari/537.36"
cashforcarscarrollton.com.infinitibizsol.com:443 40.77.167.151 - - [12/Jun/2025:01:01:21 +0000] "GET /LED%205W%20(Eq%20to%2050W)%20470LM%20Dimmable%20MR16%20High%20Power%20Lamp%20-%20UlBFWlZZS1FYQUBV/ HTTP/1.1" 200 23 "-" "Mozilla/5.0 AppleWebKit/537.36 (KHTML, like Gecko; compatible; bingbot/2.0; +http://www.bing.com/bingbot.htm) Chrome/116.0.1938.76 Safari/537.36"
cashforcarscarrollton.com.infinitibizsol.com:443 207.46.13.92 - - [12/Jun/2025:01:02:30 +0000] "GET /On%20Pluto:%20Inside%20the%20Mind%20of%20Alzheimer&/ HTTP/1.1" 200 23 "-" "Mozilla/5.0 AppleWebKit/537.36 (KHTML, like Gecko; compatible; bingbot/2.0; +http://www.bing.com/bingbot.htm) Chrome/116.0.1938.76 Safari/537.36"
cashforcarscarrollton.com.infinitibizsol.com:443 40.77.167.151 - - [12/Jun/2025:01:03:01 +0000] "GET /Pokemon%20TCG%20Japanese%20Drednaw%20V%20102/100%20SR%20Infinity%20Zone%20s3%20Full%20Art%20NM/Mint%20-%20UlBFWlFXQFBSQUFR/ HTTP/1.1" 200 23 "-" "Mozilla/5.0 AppleWebKit/537.36 (KHTML, like Gecko; compatible; bingbot/2.0; +http://www.bing.com/bingbot.htm) Chrome/116.0.1938.76 Safari/537.36"
cashforcarscarrollton.com.infinitibizsol.com:443 208.110.64.178 - - [12/Jun/2025:01:03:45 +0000] "GET /wp-content/install.php HTTP/1.1" 200 16 "https://cashforcarscarrollton.com/wp-content/install.php" "Mozilla/5.0 (Windows NT 10.0; Win64; x64) AppleWebKit/537.36 (KHTML, like Gecko) Chrome/58.0.3029.110 Safari/537.3"
cashforcarscarrollton.com.infinitibizsol.com:443 207.46.13.92 - - [12/Jun/2025:01:04:30 +0000] "GET /professor-ivy-trainers-goddess-story-custom-foil-textured-tcg-collectible-waifu-UVdFXV5aR1JXR0JW HTTP/1.1" 200 23 "-" "Mozilla/5.0 AppleWebKit/537.36 (KHTML, like Gecko; compatible; bingbot/2.0; +http://www.bing.com/bingbot.htm) Chrome/116.0.1938.76 Safari/537.36"
cashforcarscarrollton.com.infinitibizsol.com:443 207.46.13.92 - - [12/Jun/2025:01:05:31 +0000] "GET /POWER%20RANGERS%20Super%20Megaforce%20Gokaiger%20DX%20GokaiOh%20Legendary%20Megazord%20BANDAI%20-%20UFdGWlZeR1RWRUBa/ HTTP/1.1" 200 23 "-" "Mozilla/5.0 AppleWebKit/537.36 (KHTML, like Gecko; compatible; bingbot/2.0; +http://www.bing.com/bingbot.htm) Chrome/116.0.1938.76 Safari/537.36"
cashforcarscarrollton.com.infinitibizsol.com:443 45.227.253.15 - - [12/Jun/2025:01:07:23 +0000] "GET /index.php/jk HTTP/1.1" 500 5 "-" "Mozilla/5.0 (Windows NT 10.0; Win64; x64) AppleWebKit/537.36 (KHTML, like Gecko) Chrome/84.0.4183.83 Safari/537.36"
cashforcarscarrollton.com.infinitibizsol.com:443 207.46.13.92 - - [12/Jun/2025:01:08:32 +0000] "GET /ETNIES%204107000550%20023%20METAL%20MULISHA%20KINGPIN%202%20Mns%20(Medium)Dark%20Grey%20Leather%20Ska%20-%20UFFGUFBYSlFYQ0NT/ HTTP/1.1" 200 23 "-" "Mozilla/5.0 AppleWebKit/537.36 (KHTML, like Gecko; compatible; bingbot/2.0; +http://www.bing.com/bingbot.htm) Chrome/116.0.1938.76 Safari/537.36"
cashforcarscarrollton.com.infinitibizsol.com:443 207.46.13.92 - - [12/Jun/2025:01:09:41 +0000] "GET /Littlest%20Pet%20Shop%20(LPS)%20Pia%20Pudley%20&%20Pabla%20Pudley%20MOC%20Hasbro%202004%20-%20UFdGWFFbSlJRRktQ/ HTTP/1.1" 200 23 "-" "Mozilla/5.0 AppleWebKit/537.36 (KHTML, like Gecko; compatible; bingbot/2.0; +http://www.bing.com/bingbot.htm) Chrome/116.0.1938.76 Safari/537.36"
cashforcarscarrollton.com.infinitibizsol.com:443 40.77.167.151 - - [12/Jun/2025:01:09:48 +0000] "GET /The%20Happening%20DVD%20Widescreen%20Mark%20Wahlberg%202008%20Movie%20(NEW/SEALED)%20-%20UVNFW1dXQ1dTRkRR/ HTTP/1.1" 200 23 "-" "Mozilla/5.0 AppleWebKit/537.36 (KHTML, like Gecko; compatible; bingbot/2.0; +http://www.bing.com/bingbot.htm) Chrome/116.0.1938.76 Safari/537.36"
cashforcarscarrollton.com.infinitibizsol.com:443 54.217.83.13 - - [12/Jun/2025:01:10:10 +0000] "GET / HTTP/1.1" 500 5 "-" "Mozilla/5.0 (Macintosh; U; Intel Mac OS X 10_6_7; en-us) AppleWebKit/534.16+ (KHTML, like Gecko) Version/5.0.3 Safari/533.19.4"
cashforcarscarrollton.com.infinitibizsol.com:443 54.217.83.13 - - [12/Jun/2025:01:10:10 +0000] "GET / HTTP/1.1" 500 5 "-" "Mozilla/5.0 (Macintosh; U; Intel Mac OS X 10_6_7; en-us) AppleWebKit/534.16+ (KHTML, like Gecko) Version/5.0.3 Safari/533.19.4"
cashforcarscarrollton.com.infinitibizsol.com:443 54.217.83.13 - - [12/Jun/2025:01:10:12 +0000] "GET / HTTP/1.1" 500 5 "-" "Mozilla/5.0 (Macintosh; U; Intel Mac OS X 10_6_7; en-us) AppleWebKit/534.16+ (KHTML, like Gecko) Version/5.0.3 Safari/533.19.4"
cashforcarscarrollton.com.infinitibizsol.com:443 207.46.13.92 - - [12/Jun/2025:01:10:22 +0000] "GET /Eugene%20PHILASTRE%20(1828-1886)%20Landscape%201833%20Dead%20Soissons%20Museum%20Louisiana%20USA-%20-%20UlBGXVNeQlFWSkFW/ HTTP/1.1" 200 23 "-" "Mozilla/5.0 AppleWebKit/537.36 (KHTML, like Gecko; compatible; bingbot/2.0; +http://www.bing.com/bingbot.htm) Chrome/116.0.1938.76 Safari/537.36"
cashforcarscarrollton.com.infinitibizsol.com:443 207.46.13.111 - - [12/Jun/2025:01:11:50 +0000] "GET /Pill%20Cutter%20Splitter%20with%20Stainless%20Steel%20Blade%20and%20Guard,%20Storage%20by%20easycare%20-%20UlZGUFddS1tVS0FQ/ HTTP/1.1" 200 23 "-" "Mozilla/5.0 AppleWebKit/537.36 (KHTML, like Gecko; compatible; bingbot/2.0; +http://www.bing.com/bingbot.htm) Chrome/116.0.1938.76 Safari/537.36"
cashforcarscarrollton.com.infinitibizsol.com:443 207.46.13.92 - - [12/Jun/2025:01:12:12 +0000] "GET /ComfiLife%20Memory%20Foam%20Lumbar%20Pillow%20with%203D%20Mesh%20and%20Adjustable%20Strap%20Gray%20-%20UFlEW1BdSlBVREZR/ HTTP/1.1" 200 23 "-" "Mozilla/5.0 AppleWebKit/537.36 (KHTML, like Gecko; compatible; bingbot/2.0; +http://www.bing.com/bingbot.htm) Chrome/116.0.1938.76 Safari/537.36"
cashforcarscarrollton.com.infinitibizsol.com:443 207.46.13.111 - - [12/Jun/2025:01:13:10 +0000] "GET /Nordic%20Pure%2016x30x1%20(15_3/4x29_11/16)%20Pleated%20MERV%2013%20Air%20Filters%204%20Pack%20-%20UVdFUVddQVZSQUZa/ HTTP/1.1" 200 23 "-" "Mozilla/5.0 AppleWebKit/537.36 (KHTML, like Gecko; compatible; bingbot/2.0; +http://www.bing.com/bingbot.htm) Chrome/116.0.1938.76 Safari/537.36"
cashforcarscarrollton.com.infinitibizsol.com:443 69.197.135.226 - - [12/Jun/2025:01:13:49 +0000] "GET /wp-content/install.php HTTP/1.1" 200 16 "https://cashforcarscarrollton.com/wp-content/install.php" "Mozilla/5.0 (Windows NT 10.0; Win64; x64) AppleWebKit/537.36 (KHTML, like Gecko) Chrome/58.0.3029.110 Safari/537.3"
cashforcarscarrollton.com.infinitibizsol.com:443 207.46.13.52 - - [12/Jun/2025:01:13:52 +0000] "GET /coxo-c-puma-dental-electric-micromotor-led-handpiece-1-5-contra-angle-nsk-ti-max-UVNFXFFYQlVTRkZR HTTP/1.1" 200 23 "-" "Mozilla/5.0 AppleWebKit/537.36 (KHTML, like Gecko; compatible; bingbot/2.0; +http://www.bing.com/bingbot.htm) Chrome/116.0.1938.76 Safari/537.36"
cashforcarscarrollton.com.infinitibizsol.com:443 207.46.13.52 - - [12/Jun/2025:01:16:12 +0000] "GET /X-Shot%20Insanity%20Series%201%20Mad%20Mega%20Barrel%20Blaster%20-%20UllFWVFWQVRRR0ZR/ HTTP/1.1" 200 23 "-" "Mozilla/5.0 AppleWebKit/537.36 (KHTML, like Gecko; compatible; bingbot/2.0; +http://www.bing.com/bingbot.htm) Chrome/116.0.1938.76 Safari/537.36"
cashforcarscarrollton.com.infinitibizsol.com:443 207.46.13.52 - - [12/Jun/2025:01:16:23 +0000] "GET /Recumbent%20Exercise%20Bike%20Fitness%20Stationary%20Bicycle%20Cardio%20Workout%20Bike%20Cycling%20-%20UFlFWF5dQlZWQ0BX/ HTTP/1.1" 200 23 "-" "Mozilla/5.0 AppleWebKit/537.36 (KHTML, like Gecko; compatible; bingbot/2.0; +http://www.bing.com/bingbot.htm) Chrome/116.0.1938.76 Safari/537.36"
cashforcarscarrollton.com.infinitibizsol.com:443 207.46.13.52 - - [12/Jun/2025:01:18:34 +0000] "GET /1651%20Map%20of%20Peloponnese%20Greece%20%20By%20Pieter%20van%20den%20Keere%20From%20Atlas%20Minor%20-%20UVdEWFVeQlpZQ0VS/ HTTP/1.1" 200 23 "-" "Mozilla/5.0 AppleWebKit/537.36 (KHTML, like Gecko; compatible; bingbot/2.0; +http://www.bing.com/bingbot.htm) Chrome/116.0.1938.76 Safari/537.36"
cashforcarscarrollton.com.infinitibizsol.com:443 40.77.167.74 - - [12/Jun/2025:01:20:03 +0000] "GET /DVD%20%20Blowout%20Sale%20%20$1.00%20Each%20%20All%20%20are%20Disc%20Only%20No%20Case%20,%20Horror,%20Comedy,%20More%20-%20UFNFW1ZZRFFSS0Nb/ HTTP/1.1" 200 23 "-" "Mozilla/5.0 AppleWebKit/537.36 (KHTML, like Gecko; compatible; bingbot/2.0; +http://www.bing.com/bingbot.htm) Chrome/116.0.1938.76 Safari/537.36"
cashforcarscarrollton.com.infinitibizsol.com:443 40.77.167.74 - - [12/Jun/2025:01:21:48 +0000] "GET /orient-man-s-watch-automatic-multi-year-calendar-all-s-s-ceuaa002kw-UVZFX19aSldWS0JW HTTP/1.1" 200 23 "-" "Mozilla/5.0 AppleWebKit/537.36 (KHTML, like Gecko; compatible; bingbot/2.0; +http://www.bing.com/bingbot.htm) Chrome/116.0.1938.76 Safari/537.36"
cashforcarscarrollton.com.infinitibizsol.com:443 207.46.13.155 - - [12/Jun/2025:01:22:11 +0000] "GET /new-endress-hauser-digital-pressure-transmitter-pmp75-sbc1s61tddaa-closeout-UVNGW1VbRVRZS0ZT HTTP/1.1" 200 13 "-" "Mozilla/5.0 AppleWebKit/537.36 (KHTML, like Gecko; compatible; bingbot/2.0; +http://www.bing.com/bingbot.htm) Chrome/116.0.1938.76 Safari/537.36"
cashforcarscarrollton.com.infinitibizsol.com:443 52.167.144.182 - - [12/Jun/2025:01:22:36 +0000] "GET /Plastic%20Buckle%20Clips%20for%201%20Inch%20Straps%204%20Pack%201%22%20Quick%20Side%20Release%20Buckles%20for%20-%20UlZGUVNWSlRWREBQ/ HTTP/1.1" 200 13 "-" "Mozilla/5.0 AppleWebKit/537.36 (KHTML, like Gecko; compatible; bingbot/2.0; +http://www.bing.com/bingbot.htm) Chrome/116.0.1938.76 Safari/537.36"
cashforcarscarrollton.com.infinitibizsol.com:443 207.46.13.155 - - [12/Jun/2025:01:23:21 +0000] "GET /TEKNO%20RC%20LLC%20M6%20CV%20Rebuild%20Kit%20for%206851-2X1951X2210XSCT410%20TKR6856%20Elec%20-%20UFJGXlRcQFNYR0tS/ HTTP/1.1" 200 23 "-" "Mozilla/5.0 AppleWebKit/537.36 (KHTML, like Gecko; compatible; bingbot/2.0; +http://www.bing.com/bingbot.htm) Chrome/116.0.1938.76 Safari/537.36"
cashforcarscarrollton.com.infinitibizsol.com:443 207.46.13.155 - - [12/Jun/2025:01:25:31 +0000] "GET /DM%20EV-7%20Penrose%20173%20grams%20-%20UVlFWVddQFZQQEFQ/ HTTP/1.1" 200 23 "-" "Mozilla/5.0 AppleWebKit/537.36 (KHTML, like Gecko; compatible; bingbot/2.0; +http://www.bing.com/bingbot.htm) Chrome/116.0.1938.76 Safari/537.36"
cashforcarscarrollton.com.infinitibizsol.com:443 52.167.144.182 - - [12/Jun/2025:01:26:48 +0000] "GET /Car%20Body%20Dent%20Puller%20Hammer%20Bridge%20Lifter%20Tool%20Paintless%20Hail%20Remover%20Repair%20Kit%20-%20UFhGXVdZQ1pQRENQ/ HTTP/1.1" 200 13 "-" "Mozilla/5.0 AppleWebKit/537.36 (KHTML, like Gecko; compatible; bingbot/2.0; +http://www.bing.com/bingbot.htm) Chrome/116.0.1938.76 Safari/537.36"
cashforcarscarrollton.com.infinitibizsol.com:443 157.55.39.194 - - [12/Jun/2025:01:27:25 +0000] "GET /Kapibara%20Directional%20Curtain%20Packing%20Tape%20Keiyo%20Line%20205%20Series%20Side%20Train%20Goods%20-%20UlJGWlZYR1dVQktW/ HTTP/1.1" 200 23 "-" "Mozilla/5.0 AppleWebKit/537.36 (KHTML, like Gecko; compatible; bingbot/2.0; +http://www.bing.com/bingbot.htm) Chrome/116.0.1938.76 Safari/537.36"
cashforcarscarrollton.com.infinitibizsol.com:443 157.55.39.194 - - [12/Jun/2025:01:28:36 +0000] "GET /9900000LM%20Commercial%20Solar%20Street%20Light%20Dusk-to-Dawn%20IP67%20Parking%20Road%20Lamp%20Pole%20-%20UFdAX1ZcSlVSQ0Fb/ HTTP/1.1" 200 23 "-" "Mozilla/5.0 AppleWebKit/537.36 (KHTML, like Gecko; compatible; bingbot/2.0; +http://www.bing.com/bingbot.htm) Chrome/116.0.1938.76 Safari/537.36"
cashforcarscarrollton.com.infinitibizsol.com:443 157.55.39.194 - - [12/Jun/2025:01:33:07 +0000] "GET /SONY%20PLAY%20STATION1%20PS1%20Memory%20Card%20SCPH-1020%20-%20UFNFWVNXS1JURUpS/ HTTP/1.1" 200 23 "-" "Mozilla/5.0 AppleWebKit/537.36 (KHTML, like Gecko; compatible; bingbot/2.0; +http://www.bing.com/bingbot.htm) Chrome/116.0.1938.76 Safari/537.36"
cashforcarscarrollton.com.infinitibizsol.com:443 157.55.39.194 - - [12/Jun/2025:01:33:56 +0000] "GET /varivas-p-e-line-new-avani-max-power-casting-x8-300m-p-e-1-5-28-6lb-8555-UlJGXFZZQlVVQUNU HTTP/1.1" 200 23 "-" "Mozilla/5.0 AppleWebKit/537.36 (KHTML, like Gecko; compatible; bingbot/2.0; +http://www.bing.com/bingbot.htm) Chrome/116.0.1938.76 Safari/537.36"
cashforcarscarrollton.com.infinitibizsol.com:443 157.55.39.6 - - [12/Jun/2025:01:34:02 +0000] "GET /New%20York%20or%20Nowhere%20Yankees%20NYON%20Signature%20New%20Era%20Adjustable%20%20Baseball%20Cap%20-%20UFZGX1JdRVtSQ0ZX/ HTTP/1.1" 200 23 "-" "Mozilla/5.0 AppleWebKit/537.36 (KHTML, like Gecko; compatible; bingbot/2.0; +http://www.bing.com/bingbot.htm) Chrome/116.0.1938.76 Safari/537.36"
cashforcarscarrollton.com.infinitibizsol.com:443 157.55.39.194 - - [12/Jun/2025:01:34:07 +0000] "GET /Showa%20460%20Waterproof%20PVC%20Coated%20Thermal%20Insulated%20Cold%20Weather%20Winter%20WORK%20GLOVE%20-%20UVJHUFFcQ1VSQUBW/ HTTP/1.1" 200 23 "-" "Mozilla/5.0 AppleWebKit/537.36 (KHTML, like Gecko; compatible; bingbot/2.0; +http://www.bing.com/bingbot.htm) Chrome/116.0.1938.76 Safari/537.36"
cashforcarscarrollton.com.infinitibizsol.com:443 69.197.182.50 - - [12/Jun/2025:01:34:16 +0000] "GET /wp-content/install.php HTTP/1.1" 200 16 "https://cashforcarscarrollton.com/wp-content/install.php" "Mozilla/5.0 (Windows NT 10.0; Win64; x64) AppleWebKit/537.36 (KHTML, like Gecko) Chrome/58.0.3029.110 Safari/537.3"
cashforcarscarrollton.com.infinitibizsol.com:443 157.55.39.6 - - [12/Jun/2025:01:34:22 +0000] "GET /Anti-Diet%20:%20Reclaim%20Your%20Time,%20Money,%20Well-Being,%20and%20Happiness%20Through%20Intui...%20-%20UFdHW19dR1dXSkNT/ HTTP/1.1" 200 23 "-" "Mozilla/5.0 AppleWebKit/537.36 (KHTML, like Gecko; compatible; bingbot/2.0; +http://www.bing.com/bingbot.htm) Chrome/116.0.1938.76 Safari/537.36"
cashforcarscarrollton.com.infinitibizsol.com:443 40.77.167.151 - - [12/Jun/2025:01:34:49 +0000] "GET /AVerMedia%20Live%20Gamer%20ULTRA%20%20-%20UVRFXlNXQVtRS0NT/ HTTP/1.1" 200 13 "-" "Mozilla/5.0 AppleWebKit/537.36 (KHTML, like Gecko; compatible; bingbot/2.0; +http://www.bing.com/bingbot.htm) Chrome/116.0.1938.76 Safari/537.36"
cashforcarscarrollton.com.infinitibizsol.com:443 157.55.39.194 - - [12/Jun/2025:01:35:27 +0000] "GET /USAF%2011th%20AIR%20REFUELING%20SQUADRON%202.5%20inch%20patch%20-%20UFZGXlJaRVBUR0pS/ HTTP/1.1" 200 13 "-" "Mozilla/5.0 AppleWebKit/537.36 (KHTML, like Gecko; compatible; bingbot/2.0; +http://www.bing.com/bingbot.htm) Chrome/116.0.1938.76 Safari/537.36"
cashforcarscarrollton.com.infinitibizsol.com:443 108.181.202.211 - - [12/Jun/2025:01:35:57 +0000] "GET /wp-content/install.php HTTP/1.1" 200 16 "https://cashforcarscarrollton.com/wp-content/install.php" "Mozilla/4.0 (compatible; MSIE 8.0; Windows NT 5.1; Trident/4.0; .NET CLR 2.0.50727; InfoPath.1"
cashforcarscarrollton.com.infinitibizsol.com:80 185.30.35.19 - - [12/Jun/2025:01:36:18 +0000] "GET / HTTP/1.1" 500 5 "-" "Chrome"
cashforcarscarrollton.com.infinitibizsol.com:443 157.55.39.194 - - [12/Jun/2025:01:38:57 +0000] "GET /See%20the%20USA%20the%20Easy%20Way%20(Reader&/ HTTP/1.1" 200 23 "-" "Mozilla/5.0 AppleWebKit/537.36 (KHTML, like Gecko; compatible; bingbot/2.0; +http://www.bing.com/bingbot.htm) Chrome/116.0.1938.76 Safari/537.36"
cashforcarscarrollton.com.infinitibizsol.com:443 157.55.39.6 - - [12/Jun/2025:01:39:03 +0000] "GET /%E2%9C%85%20OEM%20BMW%20F13%20F02%20F10%20F01%20N63%20Engine%20Cover%20Head%20Cylinder%20Ignition%20Coil%20Covering*%20-%20UVNGXl5WR1ZQREFU/ HTTP/1.1" 200 23 "-" "Mozilla/5.0 AppleWebKit/537.36 (KHTML, like Gecko; compatible; bingbot/2.0; +http://www.bing.com/bingbot.htm) Chrome/116.0.1938.76 Safari/537.36"
cashforcarscarrollton.com.infinitibizsol.com:443 157.55.39.6 - - [12/Jun/2025:01:40:13 +0000] "GET /Growing%20up%20Female:%20A%20Personal%20Photojournal%20by%20Abigail%20Heyman%201974%20Feminism%20-%20UVFHUVBXRlNWS0JR/ HTTP/1.1" 200 23 "-" "Mozilla/5.0 AppleWebKit/537.36 (KHTML, like Gecko; compatible; bingbot/2.0; +http://www.bing.com/bingbot.htm) Chrome/116.0.1938.76 Safari/537.36"
cashforcarscarrollton.com.infinitibizsol.com:443 40.77.167.151 - - [12/Jun/2025:01:40:40 +0000] "GET /The%20Bull%2061/100%20Fireworks%202024%20Kakawow%20Phantom%20WB%20100th%20Anniversary%20-%20UlBFW1FXS1tZQUFR/ HTTP/1.1" 200 23 "-" "Mozilla/5.0 AppleWebKit/537.36 (KHTML, like Gecko; compatible; bingbot/2.0; +http://www.bing.com/bingbot.htm) Chrome/116.0.1938.76 Safari/537.36"
cashforcarscarrollton.com.infinitibizsol.com:443 157.55.39.6 - - [12/Jun/2025:01:41:12 +0000] "GET /Replacement%20Vinyl%20Obi%20Wan%20Kenobi%20Cape/Repro%20Star%20Wars%20-%20UVRFXVFZRlBYQ0pb/ HTTP/1.1" 200 23 "-" "Mozilla/5.0 AppleWebKit/537.36 (KHTML, like Gecko; compatible; bingbot/2.0; +http://www.bing.com/bingbot.htm) Chrome/116.0.1938.76 Safari/537.36"
cashforcarscarrollton.com.infinitibizsol.com:443 157.55.39.194 - - [12/Jun/2025:01:44:08 +0000] "GET /Profane%20Memento%201x%20MtG%202015%20m15%20Core%20Edition%20SP/NM%20-%20UVZFXlFbS1NUR0Jb/ HTTP/1.1" 200 23 "-" "Mozilla/5.0 AppleWebKit/537.36 (KHTML, like Gecko; compatible; bingbot/2.0; +http://www.bing.com/bingbot.htm) Chrome/116.0.1938.76 Safari/537.36"
cashforcarscarrollton.com.infinitibizsol.com:443 157.55.39.6 - - [12/Jun/2025:01:44:33 +0000] "GET /20oz-100-pure-castor-oil-cold-pressed-unrefined-hexane-free-bpa-free-plas-UFFFWFddSlFUQUNR HTTP/1.1" 200 23 "-" "Mozilla/5.0 AppleWebKit/537.36 (KHTML, like Gecko; compatible; bingbot/2.0; +http://www.bing.com/bingbot.htm) Chrome/116.0.1938.76 Safari/537.36"
cashforcarscarrollton.com.infinitibizsol.com:443 173.208.153.154 - - [12/Jun/2025:01:44:53 +0000] "GET /wp-content/install.php HTTP/1.1" 200 16 "https://cashforcarscarrollton.com/wp-content/install.php" "Mozilla/5.0 (Macintosh; U; PPC Mac OS X; ja-jp) AppleWebKit/522.11.1 (KHTML, like Gecko) Version/3.0.3 Safari/522.12.1"
cashforcarscarrollton.com.infinitibizsol.com:443 204.12.252.98 - - [12/Jun/2025:01:45:55 +0000] "GET /wp-content/install.php HTTP/1.1" 200 16 "https://cashforcarscarrollton.com/wp-content/install.php" "Mozilla/5.0 (Windows NT 10.0; Win64; x64) AppleWebKit/537.36 (KHTML, like Gecko) Chrome/58.0.3029.110 Safari/537.3"
cashforcarscarrollton.com.infinitibizsol.com:443 52.167.144.163 - - [12/Jun/2025:01:46:57 +0000] "GET /Mikron%20CrazyDrill%201.80mm%202%20Flute%20Carbide%20Drill%202.PD.01800.090%20(LOC2593A)%20-%20UVRGWl5cQlJYRUpW/ HTTP/1.1" 200 13 "-" "Mozilla/5.0 AppleWebKit/537.36 (KHTML, like Gecko; compatible; bingbot/2.0; +http://www.bing.com/bingbot.htm) Chrome/116.0.1938.76 Safari/537.36"
cashforcarscarrollton.com.infinitibizsol.com:443 52.167.144.163 - - [12/Jun/2025:01:47:16 +0000] "GET /genuine-oem-original-microsoft-x804675-003-xbox-360-20gb-hard-drive-gray-hdd-UFJGX1BfQVtSSkpR HTTP/1.1" 200 13 "-" "Mozilla/5.0 AppleWebKit/537.36 (KHTML, like Gecko; compatible; bingbot/2.0; +http://www.bing.com/bingbot.htm) Chrome/116.0.1938.76 Safari/537.36"
cashforcarscarrollton.com.infinitibizsol.com:443 157.55.39.6 - - [12/Jun/2025:01:47:33 +0000] "GET /twice-2025-season-s-greetings-collector-official-photocard-id-photo-message-card-UVFGWVFcQVtQRkVb HTTP/1.1" 200 23 "-" "Mozilla/5.0 AppleWebKit/537.36 (KHTML, like Gecko; compatible; bingbot/2.0; +http://www.bing.com/bingbot.htm) Chrome/116.0.1938.76 Safari/537.36"
cashforcarscarrollton.com.infinitibizsol.com:443 52.167.144.163 - - [12/Jun/2025:01:47:49 +0000] "GET /Millhouse%20Gina%20Carano%20Curly%20Cut%20Tabacco%20Card%20/ HTTP/1.1" 200 23 "-" "Mozilla/5.0 AppleWebKit/537.36 (KHTML, like Gecko; compatible; bingbot/2.0; +http://www.bing.com/bingbot.htm) Chrome/116.0.1938.76 Safari/537.36"
cashforcarscarrollton.com.infinitibizsol.com:443 52.167.144.163 - - [12/Jun/2025:01:48:46 +0000] "GET /Diary%20of%20a%20Wimpy%20Kid,%20Book%201%20-%20hardcover,%200810993139,%20Jeff%20Kinney%20-%20UVhGXVFWQlpTQURa/ HTTP/1.1" 200 23 "-" "Mozilla/5.0 AppleWebKit/537.36 (KHTML, like Gecko; compatible; bingbot/2.0; +http://www.bing.com/bingbot.htm) Chrome/116.0.1938.76 Safari/537.36"
cashforcarscarrollton.com.infinitibizsol.com:443 157.55.39.6 - - [12/Jun/2025:01:49:03 +0000] "GET /ACC%20Atlantic%20Coast%20Conference%20Mini%20Pennant%20League%20Set%20All%2017%20Teams%20New%20for%202024%20-%20UFdHUVFeQlRXQkFU/ HTTP/1.1" 200 13 "-" "Mozilla/5.0 AppleWebKit/537.36 (KHTML, like Gecko; compatible; bingbot/2.0; +http://www.bing.com/bingbot.htm) Chrome/116.0.1938.76 Safari/537.36"
cashforcarscarrollton.com.infinitibizsol.com:443 52.167.144.163 - - [12/Jun/2025:01:49:15 +0000] "GET /Blue%20Point%20SDM40%20Magnetic%201/4%E2%80%9D%20Finger%20Bit%20Driver%20Apex%20Hex%20Bit%20Knurled%20Silver%20USA%20-%20UVJGUFZYQlpZS0BS/ HTTP/1.1" 200 23 "-" "Mozilla/5.0 AppleWebKit/537.36 (KHTML, like Gecko; compatible; bingbot/2.0; +http://www.bing.com/bingbot.htm) Chrome/116.0.1938.76 Safari/537.36"
cashforcarscarrollton.com.infinitibizsol.com:443 157.55.39.200 - - [12/Jun/2025:01:50:54 +0000] "GET /Vallejo%20Xpress%20Color%2072.467%20Camouflage%20Green%2018ml%20-%20UFZGWV9YSlRZQEBW/ HTTP/1.1" 200 23 "-" "Mozilla/5.0 AppleWebKit/537.36 (KHTML, like Gecko; compatible; bingbot/2.0; +http://www.bing.com/bingbot.htm) Chrome/116.0.1938.76 Safari/537.36"
cashforcarscarrollton.com.infinitibizsol.com:443 157.55.39.200 - - [12/Jun/2025:01:51:53 +0000] "GET /Yellow%20AMASS%20XT90%20XT90E-F%20Anti-Dirt%20Cap%20Mountable%20Connector%20Plug%20Cable%20for%20Drone%20-%20UVJGXVFZRVdXR0RV/ HTTP/1.1" 200 23 "-" "Mozilla/5.0 AppleWebKit/537.36 (KHTML, like Gecko; compatible; bingbot/2.0; +http://www.bing.com/bingbot.htm) Chrome/116.0.1938.76 Safari/537.36"
cashforcarscarrollton.com.infinitibizsol.com:443 157.55.39.11 - - [12/Jun/2025:01:52:00 +0000] "GET /FAT%20QUARTER%20HARRY%20POTTER%20HOGWARTS%2018&/ HTTP/1.1" 200 23 "-" "Mozilla/5.0 AppleWebKit/537.36 (KHTML, like Gecko; compatible; bingbot/2.0; +http://www.bing.com/bingbot.htm) Chrome/116.0.1938.76 Safari/537.36"
cashforcarscarrollton.com.infinitibizsol.com:443 52.167.144.163 - - [12/Jun/2025:01:52:05 +0000] "GET /46-in-x-17-in-rectangle-outdoor-bench-cushion-in-stone-grey-leala-UFFHXlNXQ1ZVREJQ HTTP/1.1" 200 23 "-" "Mozilla/5.0 AppleWebKit/537.36 (KHTML, like Gecko; compatible; bingbot/2.0; +http://www.bing.com/bingbot.htm) Chrome/116.0.1938.76 Safari/537.36"
cashforcarscarrollton.com.infinitibizsol.com:443 52.167.144.163 - - [12/Jun/2025:01:52:51 +0000] "GET /cm-model-mclaren-senna-gtr-black-limited-edition-1-64-UllFUFBWRlFRQUZb HTTP/1.1" 200 23 "-" "Mozilla/5.0 AppleWebKit/537.36 (KHTML, like Gecko; compatible; bingbot/2.0; +http://www.bing.com/bingbot.htm) Chrome/116.0.1938.76 Safari/537.36"
cashforcarscarrollton.com.infinitibizsol.com:443 52.167.144.163 - - [12/Jun/2025:01:53:07 +0000] "GET /SmartStudy%20Baby%20Shark%20Grandpa%20Shark%20mens%20short%20sleeve%20t-shirt%20XXL%20in%20green%20-%20UlRFXFRfRFtYREVa/ HTTP/1.1" 200 23 "-" "Mozilla/5.0 AppleWebKit/537.36 (KHTML, like Gecko; compatible; bingbot/2.0; +http://www.bing.com/bingbot.htm) Chrome/116.0.1938.76 Safari/537.36"
cashforcarscarrollton.com.infinitibizsol.com:443 157.55.39.11 - - [12/Jun/2025:01:53:19 +0000] "GET /NECA%20TMNT%20Punk%20Turtles%20*Skateboard%20Only*%20Haulathon%202024%20-%20UFdGWVVdRVVSQkFT/ HTTP/1.1" 200 23 "-" "Mozilla/5.0 AppleWebKit/537.36 (KHTML, like Gecko; compatible; bingbot/2.0; +http://www.bing.com/bingbot.htm) Chrome/116.0.1938.76 Safari/537.36"
cashforcarscarrollton.com.infinitibizsol.com:443 52.167.144.163 - - [12/Jun/2025:01:53:37 +0000] "GET /Certan%20B402%20-%20Controls%20Wax%20Worm%20Larvae%20in%20Stored%20Honeybee%20Comb%20Frames%20(5%20oz)%20-%20UFhBUVdYSlBVRkRT/ HTTP/1.1" 200 23 "-" "Mozilla/5.0 AppleWebKit/537.36 (KHTML, like Gecko; compatible; bingbot/2.0; +http://www.bing.com/bingbot.htm) Chrome/116.0.1938.76 Safari/537.36"
cashforcarscarrollton.com.infinitibizsol.com:443 69.197.182.50 - - [12/Jun/2025:01:56:32 +0000] "GET /wp-content/install.php HTTP/1.1" 200 16 "https://cashforcarscarrollton.com/wp-content/install.php" "Mozilla/5.0 (Windows NT 10.0; Win64; x64) AppleWebKit/537.36 (KHTML, like Gecko) Chrome/58.0.3029.110 Safari/537.3"
cashforcarscarrollton.com.infinitibizsol.com:443 207.46.13.63 - - [12/Jun/2025:02:01:22 +0000] "GET /d-w-112-043-0011-d-w-navistar-international-egr-exhaust-gas-recirculation-UVhFUFJYQlpYQ0pb HTTP/1.1" 200 13 "-" "Mozilla/5.0 AppleWebKit/537.36 (KHTML, like Gecko; compatible; bingbot/2.0; +http://www.bing.com/bingbot.htm) Chrome/116.0.1938.76 Safari/537.36"
cashforcarscarrollton.com.infinitibizsol.com:443 40.77.167.59 - - [12/Jun/2025:02:03:36 +0000] "GET /Ed%20Hardy%20Gift%20Set%20For%20Women%20Fragance%20Mist%20Body%20Lotion%20Body%20Wash%20-%20UFNFW1ZeQVtRRUNR/ HTTP/1.1" 200 23 "-" "Mozilla/5.0 AppleWebKit/537.36 (KHTML, like Gecko; compatible; bingbot/2.0; +http://www.bing.com/bingbot.htm) Chrome/116.0.1938.76 Safari/537.36"
cashforcarscarrollton.com.infinitibizsol.com:443 207.46.13.160 - - [12/Jun/2025:02:05:45 +0000] "GET /Charizard%20SM158%20Team%20Up%20Prerelease%20Sgc%208.5%20NmMINT%20-%20UFhGXVZZSldQS0BW/ HTTP/1.1" 200 23 "-" "Mozilla/5.0 AppleWebKit/537.36 (KHTML, like Gecko; compatible; bingbot/2.0; +http://www.bing.com/bingbot.htm) Chrome/116.0.1938.76 Safari/537.36"
cashforcarscarrollton.com.infinitibizsol.com:443 207.46.13.127 - - [12/Jun/2025:02:06:45 +0000] "GET /traxxas-2925x-7-2v-1200mah-2-3a-nimh-battery-w-id-connector-1-16-slash-2wd-4wd-RkJEFlVZR1FVWUNa HTTP/1.1" 200 23 "-" "Mozilla/5.0 AppleWebKit/537.36 (KHTML, like Gecko; compatible; bingbot/2.0; +http://www.bing.com/bingbot.htm) Chrome/116.0.1938.76 Safari/537.36"
cashforcarscarrollton.com.infinitibizsol.com:443 207.46.13.63 - - [12/Jun/2025:02:07:22 +0000] "GET /8000M%20650NM%20Long%20Range%20Blue%20Laser%20Pointer%20Adjustable%20Focus%20Beam%20Dot%20Light%20Kit%20-%20UllFXlZYRFFZQ0JV/ HTTP/1.1" 200 23 "-" "Mozilla/5.0 AppleWebKit/537.36 (KHTML, like Gecko; compatible; bingbot/2.0; +http://www.bing.com/bingbot.htm) Chrome/116.0.1938.76 Safari/537.36"
cashforcarscarrollton.com.infinitibizsol.com:443 207.46.13.160 - - [12/Jun/2025:02:11:25 +0000] "GET /GENUINE%20NINTENDO%20WII%20STAND%20BASE%20SILVER%20RVL-019%20WITH%20CLEAR%20ROUND%20BASE%20RVL-017%20-%20UFJHUV9XQFJVQENT/ HTTP/1.1" 200 23 "-" "Mozilla/5.0 AppleWebKit/537.36 (KHTML, like Gecko; compatible; bingbot/2.0; +http://www.bing.com/bingbot.htm) Chrome/116.0.1938.76 Safari/537.36"
cashforcarscarrollton.com.infinitibizsol.com:443 207.46.13.160 - - [12/Jun/2025:02:11:56 +0000] "GET /retro-yamanote-line-keiyo-shonan-shinjuku-pin-badge-various-shinkansen-key-chain-UlRFXlRXRVRTQkJS HTTP/1.1" 200 23 "-" "Mozilla/5.0 AppleWebKit/537.36 (KHTML, like Gecko; compatible; bingbot/2.0; +http://www.bing.com/bingbot.htm) Chrome/116.0.1938.76 Safari/537.36"
cashforcarscarrollton.com.infinitibizsol.com:443 157.55.39.11 - - [12/Jun/2025:02:12:02 +0000] "GET /hdpe-pp-pe-butt-fusion-welding-machine-manual-piping-pipe-fusion-welder-tool-UlNFUF5bQlVVQERQ HTTP/1.1" 200 23 "-" "Mozilla/5.0 AppleWebKit/537.36 (KHTML, like Gecko; compatible; bingbot/2.0; +http://www.bing.com/bingbot.htm) Chrome/116.0.1938.76 Safari/537.36"
cashforcarscarrollton.com.infinitibizsol.com:443 157.55.39.11 - - [12/Jun/2025:02:12:04 +0000] "GET /Revlon%20So%20Fierce!%20Waterproof%20Vinyl%20Gel%20Eyeliner%20Pencil,%20860%20Midnight%20Mystery%20-%20UFdGWVdbQlpZSktV/ HTTP/1.1" 200 23 "-" "Mozilla/5.0 AppleWebKit/537.36 (KHTML, like Gecko; compatible; bingbot/2.0; +http://www.bing.com/bingbot.htm) Chrome/116.0.1938.76 Safari/537.36"
cashforcarscarrollton.com.infinitibizsol.com:443 207.46.13.154 - - [12/Jun/2025:02:15:23 +0000] "GET /Eddie%20Rabbitt%20and%20Ross%20Shafer%20at%20Harrah&/ HTTP/1.1" 200 23 "-" "Mozilla/5.0 AppleWebKit/537.36 (KHTML, like Gecko; compatible; bingbot/2.0; +http://www.bing.com/bingbot.htm) Chrome/116.0.1938.76 Safari/537.36"
cashforcarscarrollton.com.infinitibizsol.com:443 204.12.252.98 - - [12/Jun/2025:02:15:58 +0000] "GET /wp-content/install.php HTTP/1.1" 200 6 "https://cashforcarscarrollton.com/wp-content/install.php" "Mozilla/5.0 (Windows NT 10.0; Win64; x64) AppleWebKit/537.36 (KHTML, like Gecko) Chrome/58.0.3029.110 Safari/537.3"
