cashforcarscarrollton.com.infinitibizsol.com:443 207.46.13.156 - - [13/Jun/2025:00:18:25 +0000] "GET /WHITE%20MOUNTAIN%20Lois%20Sutton%20Holiday%20Stamps%20Collage%20Jigsaw%20Puzzle%20-%20UldFUVBbSlVZREVa/ HTTP/1.1" 200 23 "-" "Mozilla/5.0 AppleWebKit/537.36 (KHTML, like Gecko; compatible; bingbot/2.0; +http://www.bing.com/bingbot.htm) Chrome/116.0.1938.76 Safari/537.36"
cashforcarscarrollton.com.infinitibizsol.com:443 207.46.13.116 - - [13/Jun/2025:00:18:54 +0000] "GET /FMU90-R11CA131AA1A%20%7C%20Endress%20%20%20Hauser%20%7C%20Ultrasonic%20Level%20Transmitter,%20Used%20-%20UVFGWFZWR1ZYQUJS/ HTTP/1.1" 200 23 "-" "Mozilla/5.0 AppleWebKit/537.36 (KHTML, like Gecko; compatible; bingbot/2.0; +http://www.bing.com/bingbot.htm) Chrome/116.0.1938.76 Safari/537.36"
cashforcarscarrollton.com.infinitibizsol.com:443 40.77.167.254 - - [13/Jun/2025:00:18:59 +0000] "GET /Drillforce%2010PCS%207/64%22%20Titanium%20Drill%20Bits%20Set%20HSS%20Metal%20Woodworking%20Drill%20Bit%20-%20UVFAWFZWS1FWQUFU/ HTTP/1.1" 200 13 "-" "Mozilla/5.0 AppleWebKit/537.36 (KHTML, like Gecko; compatible; bingbot/2.0; +http://www.bing.com/bingbot.htm) Chrome/116.0.1938.76 Safari/537.36"
cashforcarscarrollton.com.infinitibizsol.com:443 204.12.252.98 - - [13/Jun/2025:00:20:49 +0000] "GET /wp-content/install.php HTTP/1.1" 200 16 "https://cashforcarscarrollton.com/wp-content/install.php" "Mozilla/5.0 (Windows NT 10.0; Win64; x64) AppleWebKit/537.36 (KHTML, like Gecko) Chrome/58.0.3029.110 Safari/537.3"
cashforcarscarrollton.com.infinitibizsol.com:443 207.46.13.156 - - [13/Jun/2025:00:21:06 +0000] "GET /Persien%20Flag%20And%20Traditional%20Clothing%20German%20Advertising%20Trading%20Card%20Antique%20-%20UFdHUFNdR1FXQ0BS/ HTTP/1.1" 200 23 "-" "Mozilla/5.0 AppleWebKit/537.36 (KHTML, like Gecko; compatible; bingbot/2.0; +http://www.bing.com/bingbot.htm) Chrome/116.0.1938.76 Safari/537.36"
cashforcarscarrollton.com.infinitibizsol.com:443 207.46.13.116 - - [13/Jun/2025:00:21:10 +0000] "GET /CollectA%20NIP%20*%20Suffolk%20Sheep%20*%2088636%20Breyer%20Model%20Toy%20Figurine%20-%20UlRGWldfQFJXQUtV/ HTTP/1.1" 200 23 "-" "Mozilla/5.0 AppleWebKit/537.36 (KHTML, like Gecko; compatible; bingbot/2.0; +http://www.bing.com/bingbot.htm) Chrome/116.0.1938.76 Safari/537.36"
cashforcarscarrollton.com.infinitibizsol.com:443 207.46.13.156 - - [13/Jun/2025:00:21:36 +0000] "GET /%F0%9F%86%95%20Moen%20Verso%20220C3EPBG%208-Spray%207%22%20Rain%20Head%20&%20Hand%20Shower%20Combo%20-%20Brushed%20Gold%20-%20UVRFXl9bRldZQEVX/ HTTP/1.1" 200 23 "-" "Mozilla/5.0 AppleWebKit/537.36 (KHTML, like Gecko; compatible; bingbot/2.0; +http://www.bing.com/bingbot.htm) Chrome/116.0.1938.76 Safari/537.36"
cashforcarscarrollton.com.infinitibizsol.com:443 207.46.13.156 - - [13/Jun/2025:00:22:25 +0000] "GET /Bulette%20Patchisaur%20Figure%20Vintage%20Ultraman%20Gabora%20Kaiju%20Gygax%20Hong%20Kong%20-%20UFlEWV5XS1NTS0pQ/ HTTP/1.1" 200 23 "-" "Mozilla/5.0 AppleWebKit/537.36 (KHTML, like Gecko; compatible; bingbot/2.0; +http://www.bing.com/bingbot.htm) Chrome/116.0.1938.76 Safari/537.36"
cashforcarscarrollton.com.infinitibizsol.com:443 207.46.13.116 - - [13/Jun/2025:00:26:08 +0000] "GET /Team%20III%20Gasser%20ET%2015%20Inch%20Wheel-15x4.5,%205%20on%204.75,%202.5%20In.%20BS%20-%20UlJHX1JZQlJRRURX/ HTTP/1.1" 200 23 "-" "Mozilla/5.0 AppleWebKit/537.36 (KHTML, like Gecko; compatible; bingbot/2.0; +http://www.bing.com/bingbot.htm) Chrome/116.0.1938.76 Safari/537.36"
cashforcarscarrollton.com.infinitibizsol.com:443 40.77.167.78 - - [13/Jun/2025:00:29:02 +0000] "GET /Official%20Genshin%20Impact%20NYC%20Summer%20Festival%20Merch%20Bag,%20Event%20Exclusive%20-%20UVZFWlBdQ1JVQERW/ HTTP/1.1" 200 23 "-" "Mozilla/5.0 AppleWebKit/537.36 (KHTML, like Gecko; compatible; bingbot/2.0; +http://www.bing.com/bingbot.htm) Chrome/116.0.1938.76 Safari/537.36"
cashforcarscarrollton.com.infinitibizsol.com:443 40.77.167.78 - - [13/Jun/2025:00:29:49 +0000] "GET /New%20Siemens%206AV2124-0QC02-0AX0%20Smart%20Panel%20HMI%20%206AV21240QC020AX0%20-%20UlZFXldWQFdXQ0Na/ HTTP/1.1" 200 23 "-" "Mozilla/5.0 AppleWebKit/537.36 (KHTML, like Gecko; compatible; bingbot/2.0; +http://www.bing.com/bingbot.htm) Chrome/116.0.1938.76 Safari/537.36"
cashforcarscarrollton.com.infinitibizsol.com:443 40.77.167.78 - - [13/Jun/2025:00:31:49 +0000] "GET /dune-part-one-blu-ray-timothee-chalamet-zendaya-jason-momoa-brand-new-UVZFX1ddQVFZQEZU HTTP/1.1" 200 23 "-" "Mozilla/5.0 AppleWebKit/537.36 (KHTML, like Gecko; compatible; bingbot/2.0; +http://www.bing.com/bingbot.htm) Chrome/116.0.1938.76 Safari/537.36"
cashforcarscarrollton.com.infinitibizsol.com:443 40.77.167.78 - - [13/Jun/2025:00:34:29 +0000] "GET /Lot%20of%203%20S.O.%20Labs%20METICORE%20Weight%20Loss%20Metabolism%20Support%2060ea.%20Capsules%2012/26%20-%20UFJGXVNaS1VSRkVS/ HTTP/1.1" 200 23 "-" "Mozilla/5.0 AppleWebKit/537.36 (KHTML, like Gecko; compatible; bingbot/2.0; +http://www.bing.com/bingbot.htm) Chrome/116.0.1938.76 Safari/537.36"
cashforcarscarrollton.com.infinitibizsol.com:443 207.46.13.31 - - [13/Jun/2025:00:36:30 +0000] "GET /Hoyoverse%20Honkai%20Star%20Rail%20Sunright%20Tea%20Collaboration%20Kafka%20Promotional%20Flyer%20-%20UVlGXFZcQ1pXS0dV/ HTTP/1.1" 200 23 "-" "Mozilla/5.0 AppleWebKit/537.36 (KHTML, like Gecko; compatible; bingbot/2.0; +http://www.bing.com/bingbot.htm) Chrome/116.0.1938.76 Safari/537.36"
cashforcarscarrollton.com.infinitibizsol.com:443 40.77.167.78 - - [13/Jun/2025:00:37:00 +0000] "GET /Water%20Pump%20For%201988-1991%20Buick%20Reatta%203.8L%20V6%20GAS%201990%201989%20KP524DP%20-%20UldEWFZYRFJQQkVU/ HTTP/1.1" 200 23 "-" "Mozilla/5.0 AppleWebKit/537.36 (KHTML, like Gecko; compatible; bingbot/2.0; +http://www.bing.com/bingbot.htm) Chrome/116.0.1938.76 Safari/537.36"
cashforcarscarrollton.com.infinitibizsol.com:443 69.197.182.50 - - [13/Jun/2025:00:37:49 +0000] "GET /wp-content/install.php HTTP/1.1" 200 16 "https://cashforcarscarrollton.com/wp-content/install.php" "Mozilla/5.0 (Windows NT 10.0; Win64; x64) AppleWebKit/537.36 (KHTML, like Gecko) Chrome/58.0.3029.110 Safari/537.3"
cashforcarscarrollton.com.infinitibizsol.com:443 157.55.39.205 - - [13/Jun/2025:00:42:05 +0000] "GET /Japanese%20SHINTO%20OFUDA%20Fushimi%20Inari%20Taisha%20shrine%20KAMIDANA%20Home%20safety%20TORII%20-%20UFBGWVddRlRSQ0VW/ HTTP/1.1" 200 23 "-" "Mozilla/5.0 AppleWebKit/537.36 (KHTML, like Gecko; compatible; bingbot/2.0; +http://www.bing.com/bingbot.htm) Chrome/116.0.1938.76 Safari/537.36"
cashforcarscarrollton.com.infinitibizsol.com:443 52.167.144.158 - - [13/Jun/2025:00:42:32 +0000] "GET /Secrets%20of%20Mary%20Magdalene:%20The%20Untold%20Story%20of%20Historys%20Most%20Misundersto%20-%20GOOD%20-%20UVdFXVdZQlRURkVU/ HTTP/1.1" 200 23 "-" "Mozilla/5.0 AppleWebKit/537.36 (KHTML, like Gecko; compatible; bingbot/2.0; +http://www.bing.com/bingbot.htm) Chrome/116.0.1938.76 Safari/537.36"
cashforcarscarrollton.com.infinitibizsol.com:443 52.167.144.158 - - [13/Jun/2025:00:43:41 +0000] "GET /Rockabye%20Baby!%20Lullaby%20Renditions%20of%20Weezer%20%20-%20Acceptable%20-%20UFhGXldbQldSSktT/ HTTP/1.1" 200 23 "-" "Mozilla/5.0 AppleWebKit/537.36 (KHTML, like Gecko; compatible; bingbot/2.0; +http://www.bing.com/bingbot.htm) Chrome/116.0.1938.76 Safari/537.36"
cashforcarscarrollton.com.infinitibizsol.com:443 157.55.39.205 - - [13/Jun/2025:00:44:09 +0000] "GET /Qualatex%20Pioneer%20260Q%20Carnival%20Modelling%20Balloons%201x100pk%20-%20UlVFWF9ZQ1BRREVb/ HTTP/1.1" 200 23 "-" "Mozilla/5.0 AppleWebKit/537.36 (KHTML, like Gecko; compatible; bingbot/2.0; +http://www.bing.com/bingbot.htm) Chrome/116.0.1938.76 Safari/537.36"
cashforcarscarrollton.com.infinitibizsol.com:443 157.55.39.205 - - [13/Jun/2025:00:44:10 +0000] "GET /Solid%20Color%20Nylon%20BMX%20Pad%20Sets%20by%20Flite%20-%20UlhGXVRXS1ZWRERS/ HTTP/1.1" 200 23 "-" "Mozilla/5.0 AppleWebKit/537.36 (KHTML, like Gecko; compatible; bingbot/2.0; +http://www.bing.com/bingbot.htm) Chrome/116.0.1938.76 Safari/537.36"
cashforcarscarrollton.com.infinitibizsol.com:443 52.167.144.158 - - [13/Jun/2025:00:44:23 +0000] "GET /Dolce%20Gusto%20Senso%20Nocturno%20HAZELNUT%20CAPPUCCINO%20pods%20SHIPS%20FREE%20-%20UlVHUF5ZS1ZXRERR/ HTTP/1.1" 200 23 "-" "Mozilla/5.0 AppleWebKit/537.36 (KHTML, like Gecko; compatible; bingbot/2.0; +http://www.bing.com/bingbot.htm) Chrome/116.0.1938.76 Safari/537.36"
cashforcarscarrollton.com.infinitibizsol.com:443 207.46.13.51 - - [13/Jun/2025:00:45:38 +0000] "GET /SONIC%20THE%20HEDGEHOG%20SAGA%20SERIES%20vol.%206%20-%20MOGUL%20RISING%20%20%20(2014)%20ARCHIE%20COMICS%20-%20UFNFW1dWRVpUREFW/ HTTP/1.1" 200 13 "-" "Mozilla/5.0 AppleWebKit/537.36 (KHTML, like Gecko; compatible; bingbot/2.0; +http://www.bing.com/bingbot.htm) Chrome/116.0.1938.76 Safari/537.36"
cashforcarscarrollton.com.infinitibizsol.com:443 52.167.144.158 - - [13/Jun/2025:00:46:00 +0000] "GET /Jeuwith%20243MM%20BLACK%20UNISEX%20ROLLERBLADES%20Size%2011%20-12%20-%20UFlEXVNeSlVWS0dX/ HTTP/1.1" 200 23 "-" "Mozilla/5.0 AppleWebKit/537.36 (KHTML, like Gecko; compatible; bingbot/2.0; +http://www.bing.com/bingbot.htm) Chrome/116.0.1938.76 Safari/537.36"
cashforcarscarrollton.com.infinitibizsol.com:443 52.167.144.158 - - [13/Jun/2025:00:47:21 +0000] "GET /in-stock-the-disastrous-life-of-saiki-k-saiki-kusuo-plush-doll-20cm-toy-gift-UVlHXFNcRFdSQkFW HTTP/1.1" 200 23 "-" "Mozilla/5.0 AppleWebKit/537.36 (KHTML, like Gecko; compatible; bingbot/2.0; +http://www.bing.com/bingbot.htm) Chrome/116.0.1938.76 Safari/537.36"
cashforcarscarrollton.com.infinitibizsol.com:443 52.167.144.158 - - [13/Jun/2025:00:49:01 +0000] "GET /Genuine%20OEM%20Honda%20Acura%2014310-RBC-003%20VTC%20Intake%20Cam%20Timing%20Actuator%20Sprocket%20-%20UVJAXVNWQFVSR0JQ/ HTTP/1.1" 200 23 "-" "Mozilla/5.0 AppleWebKit/537.36 (KHTML, like Gecko; compatible; bingbot/2.0; +http://www.bing.com/bingbot.htm) Chrome/116.0.1938.76 Safari/537.36"
cashforcarscarrollton.com.infinitibizsol.com:443 157.55.39.205 - - [13/Jun/2025:00:51:07 +0000] "GET /Silent%20Hill%202%20Tourist%20Information%20pamphlet%20Tokyo%20Game%20Show%20TGS%202024%20-%20UlZFXlZbQVtQR0ZX/ HTTP/1.1" 200 13 "-" "Mozilla/5.0 AppleWebKit/537.36 (KHTML, like Gecko; compatible; bingbot/2.0; +http://www.bing.com/bingbot.htm) Chrome/116.0.1938.76 Safari/537.36"
cashforcarscarrollton.com.infinitibizsol.com:443 204.12.252.98 - - [13/Jun/2025:00:51:17 +0000] "GET /wp-content/install.php HTTP/1.1" 200 16 "https://cashforcarscarrollton.com/wp-content/install.php" "Mozilla/5.0 (Windows NT 10.0; Win64; x64) AppleWebKit/537.36 (KHTML, like Gecko) Chrome/58.0.3029.110 Safari/537.3"
cashforcarscarrollton.com.infinitibizsol.com:443 207.46.13.156 - - [13/Jun/2025:00:52:07 +0000] "GET /TP-LINK%20Ac1900%20Wireless%20Dual%20Band%20Gigabit%20Router%20Archer%20C9%20TPLINK%20AC%201900%20White%20-%20UFlEW1JfRVVVQEJT/ HTTP/1.1" 200 23 "-" "Mozilla/5.0 AppleWebKit/537.36 (KHTML, like Gecko; compatible; bingbot/2.0; +http://www.bing.com/bingbot.htm) Chrome/116.0.1938.76 Safari/537.36"
cashforcarscarrollton.com.infinitibizsol.com:443 207.46.13.156 - - [13/Jun/2025:00:53:11 +0000] "GET /X4%20Black%20Car%20Door%20Scuff%20Sill%20Cover%20Panel%20Step%20Protector%20For%20Cadillac%20Accessories%20-%20UldFUVFYRltWSkRU/ HTTP/1.1" 200 23 "-" "Mozilla/5.0 AppleWebKit/537.36 (KHTML, like Gecko; compatible; bingbot/2.0; +http://www.bing.com/bingbot.htm) Chrome/116.0.1938.76 Safari/537.36"
cashforcarscarrollton.com.infinitibizsol.com:443 207.46.13.156 - - [13/Jun/2025:00:54:17 +0000] "GET /U.S.%20NAVY%20%22BROTHERS%20OF%20THE%20PHIN%22%20SUBMARINE%20BADGE%20/%20INSIGNIA%20(ANTIQUE%20GOLD)%20-%20UVNFWlNdSlpYSkdX/ HTTP/1.1" 200 23 "-" "Mozilla/5.0 AppleWebKit/537.36 (KHTML, like Gecko; compatible; bingbot/2.0; +http://www.bing.com/bingbot.htm) Chrome/116.0.1938.76 Safari/537.36"
cashforcarscarrollton.com.infinitibizsol.com:443 207.46.13.156 - - [13/Jun/2025:00:54:49 +0000] "GET /warhammer-40k-ork-bits-kommando-comms-boy-radio-rucksack-39-UFBGUFFfSlZTREdS HTTP/1.1" 200 23 "-" "Mozilla/5.0 AppleWebKit/537.36 (KHTML, like Gecko; compatible; bingbot/2.0; +http://www.bing.com/bingbot.htm) Chrome/116.0.1938.76 Safari/537.36"
cashforcarscarrollton.com.infinitibizsol.com:443 208.110.64.178 - - [13/Jun/2025:00:54:55 +0000] "GET /wp-content/install.php HTTP/1.1" 200 16 "https://cashforcarscarrollton.com/wp-content/install.php" "Mozilla/5.0 (Windows NT 10.0; Win64; x64) AppleWebKit/537.36 (KHTML, like Gecko) Chrome/58.0.3029.110 Safari/537.3"
cashforcarscarrollton.com.infinitibizsol.com:443 52.167.144.204 - - [13/Jun/2025:00:55:11 +0000] "GET /Betop%20ASURA%203S%20Wireless%20Gamepad%20Game%20Controller%20For%20Windows%20PC%20Android%20TV%20-%20UVNGWFFaRFFUS0dV/ HTTP/1.1" 200 23 "-" "Mozilla/5.0 AppleWebKit/537.36 (KHTML, like Gecko; compatible; bingbot/2.0; +http://www.bing.com/bingbot.htm) Chrome/116.0.1938.76 Safari/537.36"
cashforcarscarrollton.com.infinitibizsol.com:443 52.167.144.204 - - [13/Jun/2025:00:56:12 +0000] "GET /Georgia%20Bulldogs%20Black%20Status%20Polyester%20Fleece%20Open%20Bottom%20Athletic%20Pants%20-%20UVRFWlRYSlpXRURa/ HTTP/1.1" 200 23 "-" "Mozilla/5.0 AppleWebKit/537.36 (KHTML, like Gecko; compatible; bingbot/2.0; +http://www.bing.com/bingbot.htm) Chrome/116.0.1938.76 Safari/537.36"
cashforcarscarrollton.com.infinitibizsol.com:443 52.167.144.204 - - [13/Jun/2025:00:56:14 +0000] "GET /Solgar%20Formula%20VM-75%20Iron-Free%20%20180%20Tablets%20-%20UVlHXlFfQ1pUR0dX/ HTTP/1.1" 200 23 "-" "Mozilla/5.0 AppleWebKit/537.36 (KHTML, like Gecko; compatible; bingbot/2.0; +http://www.bing.com/bingbot.htm) Chrome/116.0.1938.76 Safari/537.36"
cashforcarscarrollton.com.infinitibizsol.com:443 207.46.13.156 - - [13/Jun/2025:00:57:27 +0000] "GET /4x%20MG90s%209g%20TREX%20450%20Mini%20Servo%20Motor%20%20RC%20Helicopter%20rc%20Car%20rc%20Airplane%20rc%20boat%20-%20UlZHXlReS1VURkdS/ HTTP/1.1" 200 23 "-" "Mozilla/5.0 AppleWebKit/537.36 (KHTML, like Gecko; compatible; bingbot/2.0; +http://www.bing.com/bingbot.htm) Chrome/116.0.1938.76 Safari/537.36"
cashforcarscarrollton.com.infinitibizsol.com:443 157.55.39.202 - - [13/Jun/2025:00:59:00 +0000] "GET /Spider%20Farmer%2040W%20UV%20IR%20LED%20Grow%20Light%20Bars%20Hydroponics%20Indoor%20Plants%202Pcs%20-%20UVJHUVZWQFJZSkpa/ HTTP/1.1" 200 23 "-" "Mozilla/5.0 AppleWebKit/537.36 (KHTML, like Gecko; compatible; bingbot/2.0; +http://www.bing.com/bingbot.htm) Chrome/116.0.1938.76 Safari/537.36"
cashforcarscarrollton.com.infinitibizsol.com:443 207.46.13.156 - - [13/Jun/2025:01:00:57 +0000] "GET /Large%20Cast%20Iron%20Dinner%20Bell%20Farmhouse%20Church%20School%20Farm%20Antique%20Vintage%20Style%20-%20UFdGWVdaSlVSRUZa/ HTTP/1.1" 200 23 "-" "Mozilla/5.0 AppleWebKit/537.36 (KHTML, like Gecko; compatible; bingbot/2.0; +http://www.bing.com/bingbot.htm) Chrome/116.0.1938.76 Safari/537.36"
cashforcarscarrollton.com.infinitibizsol.com:443 207.46.13.156 - - [13/Jun/2025:01:01:37 +0000] "GET /Atari%20Gamestation%20Pro%20My%20Arcade%20POG%20Asteroids%20Centipede%20Missile%20Command%20%20200%20-%20UFRGW1FZQFNQQ0JR/ HTTP/1.1" 200 23 "-" "Mozilla/5.0 AppleWebKit/537.36 (KHTML, like Gecko; compatible; bingbot/2.0; +http://www.bing.com/bingbot.htm) Chrome/116.0.1938.76 Safari/537.36"
cashforcarscarrollton.com.infinitibizsol.com:443 207.46.13.156 - - [13/Jun/2025:01:01:57 +0000] "GET /High%20Quality%20High%20Speed%201800%20Watt%20Profesional%20Blender%20-%20UFlEW1RZS1RWRkJT/ HTTP/1.1" 200 23 "-" "Mozilla/5.0 AppleWebKit/537.36 (KHTML, like Gecko; compatible; bingbot/2.0; +http://www.bing.com/bingbot.htm) Chrome/116.0.1938.76 Safari/537.36"
cashforcarscarrollton.com.infinitibizsol.com:443 157.55.39.202 - - [13/Jun/2025:01:03:00 +0000] "GET /353056%20Xray%20XB8%20Alu%20Rear%20Shock%20Tower%20for%20Semi-Split%20Bulkhead%20(4mm)%20-%20UlNFXl5XQVBZQUZU/ HTTP/1.1" 200 23 "-" "Mozilla/5.0 AppleWebKit/537.36 (KHTML, like Gecko; compatible; bingbot/2.0; +http://www.bing.com/bingbot.htm) Chrome/116.0.1938.76 Safari/537.36"
cashforcarscarrollton.com.infinitibizsol.com:443 40.77.167.77 - - [13/Jun/2025:01:04:04 +0000] "GET /Dragon%20Ball%20Super%20TCG%20-%20Fusion%20World%20-%20Starter%20Deck%20-%20Bardock%20-%20FS05%20-%20UVlFWFRbQFtSS0dX/ HTTP/1.1" 200 23 "-" "Mozilla/5.0 AppleWebKit/537.36 (KHTML, like Gecko; compatible; bingbot/2.0; +http://www.bing.com/bingbot.htm) Chrome/116.0.1938.76 Safari/537.36"
cashforcarscarrollton.com.infinitibizsol.com:443 157.55.39.202 - - [13/Jun/2025:01:04:49 +0000] "GET /Memories%20for%20My%20Grandchild%20%5BCloth%20Bound,%20Deluxe%20Edition%5D%20-%20UlJGWVNbSldZS0VW/ HTTP/1.1" 200 23 "-" "Mozilla/5.0 AppleWebKit/537.36 (KHTML, like Gecko; compatible; bingbot/2.0; +http://www.bing.com/bingbot.htm) Chrome/116.0.1938.76 Safari/537.36"
cashforcarscarrollton.com.infinitibizsol.com:443 157.55.39.202 - - [13/Jun/2025:01:05:29 +0000] "GET /LED%20strips%20for%20LG%2050LB650V%2050LB650V%2050LB5610%2050LB653V%2050LF5800%2050LB6300%2050LB561V%20-%20UFhGWFZaRFtYRkNX/ HTTP/1.1" 200 23 "-" "Mozilla/5.0 AppleWebKit/537.36 (KHTML, like Gecko; compatible; bingbot/2.0; +http://www.bing.com/bingbot.htm) Chrome/116.0.1938.76 Safari/537.36"
cashforcarscarrollton.com.infinitibizsol.com:443 40.77.167.77 - - [13/Jun/2025:01:05:53 +0000] "GET /New%20Allen%20Bradley%2022F-D6P0N103%20PowerFlex%204M-2.2%20kW%203%20HP%20AC%20Drive%20-%20UFFGX1ddQVtQQEdQ/ HTTP/1.1" 200 23 "-" "Mozilla/5.0 AppleWebKit/537.36 (KHTML, like Gecko; compatible; bingbot/2.0; +http://www.bing.com/bingbot.htm) Chrome/116.0.1938.76 Safari/537.36"
cashforcarscarrollton.com.infinitibizsol.com:443 45.227.253.15 - - [13/Jun/2025:01:06:15 +0000] "GET /index.php/jk HTTP/1.1" 500 5 "-" "Mozilla/5.0 (iPhone; CPU iPhone OS 13_6 like Mac OS X) AppleWebKit/605.1.15 (KHTML, like Gecko) Version/13.6 Mobile/15E148 Safari/604.1"
cashforcarscarrollton.com.infinitibizsol.com:443 157.55.39.202 - - [13/Jun/2025:01:07:00 +0000] "GET /Harddrive%20L24-0436CRLED%20-%20UlVFWF9fQ1FTREpS/ HTTP/1.1" 200 23 "-" "Mozilla/5.0 AppleWebKit/537.36 (KHTML, like Gecko; compatible; bingbot/2.0; +http://www.bing.com/bingbot.htm) Chrome/116.0.1938.76 Safari/537.36"
cashforcarscarrollton.com.infinitibizsol.com:443 207.46.13.111 - - [13/Jun/2025:01:07:51 +0000] "GET /yaskawa-sgmjv-01a3a2c-100w-ac-servo-motor-w-cable-length-12-feet-UFNGX1BdR1ZQR0RX HTTP/1.1" 200 23 "-" "Mozilla/5.0 AppleWebKit/537.36 (KHTML, like Gecko; compatible; bingbot/2.0; +http://www.bing.com/bingbot.htm) Chrome/116.0.1938.76 Safari/537.36"
cashforcarscarrollton.com.infinitibizsol.com:443 207.46.13.111 - - [13/Jun/2025:01:08:30 +0000] "GET /New%20TRONAIR%20INC,%20Connector%20Female%2043A13905%20&%20Connector%20Male%2043A13906%20-%20UlRFWl5bSlRZQkBb/ HTTP/1.1" 200 23 "-" "Mozilla/5.0 AppleWebKit/537.36 (KHTML, like Gecko; compatible; bingbot/2.0; +http://www.bing.com/bingbot.htm) Chrome/116.0.1938.76 Safari/537.36"
cashforcarscarrollton.com.infinitibizsol.com:443 157.55.39.197 - - [13/Jun/2025:01:11:21 +0000] "GET /COMMON%20COLLECTIBLES%20MM2%20%7C%20CHEAP%20&%20RARE%20KNIVES%20&%20GUNS%20MURDER%20MYSTERY%202%20-%20UVNGX1BZR1BRQUJb/ HTTP/1.1" 200 23 "-" "Mozilla/5.0 AppleWebKit/537.36 (KHTML, like Gecko; compatible; bingbot/2.0; +http://www.bing.com/bingbot.htm) Chrome/116.0.1938.76 Safari/537.36"
cashforcarscarrollton.com.infinitibizsol.com:443 157.55.39.197 - - [13/Jun/2025:01:12:21 +0000] "GET /Garden%20Hose%20Sidetracker%20Reel%20100%20Feet%20Capacity%20Wall%20Mounted%20Outdoor%20Heavy%20Duty%20-%20UFJGXlddR1FUQEVT/ HTTP/1.1" 200 23 "-" "Mozilla/5.0 AppleWebKit/537.36 (KHTML, like Gecko; compatible; bingbot/2.0; +http://www.bing.com/bingbot.htm) Chrome/116.0.1938.76 Safari/537.36"
cashforcarscarrollton.com.infinitibizsol.com:443 40.77.167.255 - - [13/Jun/2025:01:12:48 +0000] "GET /Crabtree%20&%20Evelyn%20Nantucket%20Briar%20Soothing%20Body%20Mist%208.1%20oz%20-%20UVJGWVFaQ1pZQEZU/ HTTP/1.1" 200 23 "-" "Mozilla/5.0 AppleWebKit/537.36 (KHTML, like Gecko; compatible; bingbot/2.0; +http://www.bing.com/bingbot.htm) Chrome/116.0.1938.76 Safari/537.36"
cashforcarscarrollton.com.infinitibizsol.com:443 157.55.39.197 - - [13/Jun/2025:01:14:11 +0000] "GET /Tovolo%20Gingerbread%20House%20Cookie%20cutters%206%20Unique%20Designs%20Cut%20&%20Press%20-%20UVhGUF9XRFVYRkNR/ HTTP/1.1" 200 23 "-" "Mozilla/5.0 AppleWebKit/537.36 (KHTML, like Gecko; compatible; bingbot/2.0; +http://www.bing.com/bingbot.htm) Chrome/116.0.1938.76 Safari/537.36"
cashforcarscarrollton.com.infinitibizsol.com:443 69.197.135.226 - - [13/Jun/2025:01:14:24 +0000] "GET /wp-content/install.php HTTP/1.1" 200 16 "https://cashforcarscarrollton.com/wp-content/install.php" "Mozilla/5.0 (Windows NT 10.0; Win64; x64) AppleWebKit/537.36 (KHTML, like Gecko) Chrome/58.0.3029.110 Safari/537.3"
cashforcarscarrollton.com.infinitibizsol.com:443 208.110.64.178 - - [13/Jun/2025:01:16:52 +0000] "GET /wp-content/install.php HTTP/1.1" 200 16 "https://cashforcarscarrollton.com/wp-content/install.php" "Mozilla/5.0 (Windows NT 10.0; Win64; x64) AppleWebKit/537.36 (KHTML, like Gecko) Chrome/58.0.3029.110 Safari/537.3"
cashforcarscarrollton.com.infinitibizsol.com:443 40.77.167.255 - - [13/Jun/2025:01:17:03 +0000] "GET /Intuitive%20Surgical%20Da%20Vinci%20REF%20428054%205mm%20Suction%20Irrigator%20-%20UFlAUVdYRFRWQktV/ HTTP/1.1" 200 23 "-" "Mozilla/5.0 AppleWebKit/537.36 (KHTML, like Gecko; compatible; bingbot/2.0; +http://www.bing.com/bingbot.htm) Chrome/116.0.1938.76 Safari/537.36"
cashforcarscarrollton.com.infinitibizsol.com:443 40.77.167.255 - - [13/Jun/2025:01:18:04 +0000] "GET /CAT%20Hose%209B-4179%20OEM%20Catipiller%20Part%20-%20UVhFXV9dSlFWQUBS/ HTTP/1.1" 200 13 "-" "Mozilla/5.0 AppleWebKit/537.36 (KHTML, like Gecko; compatible; bingbot/2.0; +http://www.bing.com/bingbot.htm) Chrome/116.0.1938.76 Safari/537.36"
cashforcarscarrollton.com.infinitibizsol.com:443 40.77.167.255 - - [13/Jun/2025:01:18:59 +0000] "GET /Dragon%20Ball%20Z%20Budokai%20Tenkaichi%20(PS2,%202005)%20Disc%20Only%20-%20UlhFXlRdQVpZSkZV/ HTTP/1.1" 200 23 "-" "Mozilla/5.0 AppleWebKit/537.36 (KHTML, like Gecko; compatible; bingbot/2.0; +http://www.bing.com/bingbot.htm) Chrome/116.0.1938.76 Safari/537.36"
cashforcarscarrollton.com.infinitibizsol.com:443 40.77.167.255 - - [13/Jun/2025:01:19:53 +0000] "GET /6-coin-set-2024-morgan-peace-silver-dollars-ngc-ms-pf-rp-70-fdoi-1st-in-hand-UFBFWFJaRFFSQ0VR HTTP/1.1" 200 23 "-" "Mozilla/5.0 AppleWebKit/537.36 (KHTML, like Gecko; compatible; bingbot/2.0; +http://www.bing.com/bingbot.htm) Chrome/116.0.1938.76 Safari/537.36"
cashforcarscarrollton.com.infinitibizsol.com:443 207.46.13.124 - - [13/Jun/2025:01:20:02 +0000] "GET /Milton%20EX0500P%20Pistol%20Grip%20Analog%20Inflator%20Gauge%20-%201EA%20-%20UVdFXFReQFtSR0BQ/ HTTP/1.1" 200 23 "-" "Mozilla/5.0 AppleWebKit/537.36 (KHTML, like Gecko; compatible; bingbot/2.0; +http://www.bing.com/bingbot.htm) Chrome/116.0.1938.76 Safari/537.36"
cashforcarscarrollton.com.infinitibizsol.com:443 207.46.13.124 - - [13/Jun/2025:01:21:01 +0000] "GET /Listo%20162%20Marking%20Pencils%20Refill%20-%20White%20Box%20of%2072%20-%20China%20Marking%20Wax%20Pencils%20-%20UlNFXlBXQFVXRUtU/ HTTP/1.1" 200 23 "-" "Mozilla/5.0 AppleWebKit/537.36 (KHTML, like Gecko; compatible; bingbot/2.0; +http://www.bing.com/bingbot.htm) Chrome/116.0.1938.76 Safari/537.36"
cashforcarscarrollton.com.infinitibizsol.com:443 207.46.13.124 - - [13/Jun/2025:01:22:21 +0000] "GET /Custom%20Made%20MODS%20Watch%20Daytona%20Style%20Black%20Dial%20Date%20Day%20GMT%20JB%20Bracelet%20B%20Bezel%20-%20UVNGUFNXR1JTQENb/ HTTP/1.1" 200 23 "-" "Mozilla/5.0 AppleWebKit/537.36 (KHTML, like Gecko; compatible; bingbot/2.0; +http://www.bing.com/bingbot.htm) Chrome/116.0.1938.76 Safari/537.36"
cashforcarscarrollton.com.infinitibizsol.com:443 207.46.13.124 - - [13/Jun/2025:01:23:12 +0000] "GET /100W%20LED%20Corn%20Light%20E39%20Mogul%20Base%205000K%20Warehouse%20Industrial%20Lighting%2014000Lm%20-%20UVJGX19dRVVTQEdX/ HTTP/1.1" 200 23 "-" "Mozilla/5.0 AppleWebKit/537.36 (KHTML, like Gecko; compatible; bingbot/2.0; +http://www.bing.com/bingbot.htm) Chrome/116.0.1938.76 Safari/537.36"
cashforcarscarrollton.com.infinitibizsol.com:80 45.61.162.29 - - [13/Jun/2025:01:23:47 +0000] "GET /blurbs.php HTTP/1.1" 500 5 "-" "Mozlila/5.0 (Linux; Android 7.0; SM-G892A Bulid/NRD90M; wv) AppleWebKit/537.36 (KHTML, like Gecko) Version/4.0 Chrome/60.0.3112.107 Moblie Safari/537.36"
cashforcarscarrollton.com.infinitibizsol.com:443 52.167.144.204 - - [13/Jun/2025:01:24:28 +0000] "GET /Fujikura%20Motore%20Speeder%20VC%205.0%20Extra%20Flex%20Golf%20Shaft%20w/Taylormade%20Adaptor%2044%201/4%20-%20UlZFW1JWS1BTQkNa/ HTTP/1.1" 200 23 "-" "Mozilla/5.0 AppleWebKit/537.36 (KHTML, like Gecko; compatible; bingbot/2.0; +http://www.bing.com/bingbot.htm) Chrome/116.0.1938.76 Safari/537.36"
cashforcarscarrollton.com.infinitibizsol.com:443 207.46.13.92 - - [13/Jun/2025:01:25:07 +0000] "GET /Flight%20Suit%20Nomex%20Coveralls%20Sage%20Green%20CWU-27P%20Major%20Rank%20Standard%20USGI%20-%20Used%20-%20UldFUF9bQlpWRUdR/ HTTP/1.1" 200 23 "-" "Mozilla/5.0 AppleWebKit/537.36 (KHTML, like Gecko; compatible; bingbot/2.0; +http://www.bing.com/bingbot.htm) Chrome/116.0.1938.76 Safari/537.36"
cashforcarscarrollton.com.infinitibizsol.com:443 207.46.13.124 - - [13/Jun/2025:01:27:42 +0000] "GET /Window%20Mount%20Comaptible%20with%20Wyze%20Cam%20OG,%20Strong%20Adhesive%20Mounting%20Bracket,%20Wind%20-%20UFBGUVZaRFBWREFV/ HTTP/1.1" 200 23 "-" "Mozilla/5.0 AppleWebKit/537.36 (KHTML, like Gecko; compatible; bingbot/2.0; +http://www.bing.com/bingbot.htm) Chrome/116.0.1938.76 Safari/537.36"
cashforcarscarrollton.com.infinitibizsol.com:443 45.227.253.15 - - [13/Jun/2025:01:29:06 +0000] "GET /836659-juejiang/?ARRAY=7o2230223n313734393738313833362p2231223n22687474703n5p2s5p2s3230342r31322r3233382r37345p2s3s6p633q7068705s636s64655s6n6326743q313734393737383233362q3530386439356639626265316230393036333564383032613863656134393565222p2232223n226138396461653834356330303433353232653737306138636639663931383838222p2233223n223032623832383666613964616438643064623861303630393930663139393437222p2262696r675s70617373223n2232382q33392q35312q36352q37322q38342q3838227q HTTP/1.1" 500 5 "-" "Mozilla/5.0 (Windows NT 10.0; Win64; x64; rv:83.0) Gecko/20100101 Firefox/83.0"
cashforcarscarrollton.com.infinitibizsol.com:443 207.46.13.92 - - [13/Jun/2025:01:29:18 +0000] "GET /Josef%20Kihlberg%20Box%20of%202,500%20Staples%20-%20JK561-18%20Carton%20Staple%20-%20UVNFWFZeQlRTREZS/ HTTP/1.1" 200 23 "-" "Mozilla/5.0 AppleWebKit/537.36 (KHTML, like Gecko; compatible; bingbot/2.0; +http://www.bing.com/bingbot.htm) Chrome/116.0.1938.76 Safari/537.36"
cashforcarscarrollton.com.infinitibizsol.com:443 207.46.13.92 - - [13/Jun/2025:01:31:09 +0000] "GET /burndy-pat750li-hydraulic-battery-12-ton-u-die-type-crimper-crimping-tool-demo-UVdEWFNdRlBYQkZU HTTP/1.1" 200 23 "-" "Mozilla/5.0 AppleWebKit/537.36 (KHTML, like Gecko; compatible; bingbot/2.0; +http://www.bing.com/bingbot.htm) Chrome/116.0.1938.76 Safari/537.36"
cashforcarscarrollton.com.infinitibizsol.com:443 157.55.39.12 - - [13/Jun/2025:01:31:32 +0000] "GET /Bachmann%20Trains%2094657%20G%20Scale%20Brass%20Track%20Brass%20Rail%20Joiners%20(Pack%20of%2024)%20-%20UFZGWFRdS1BSS0VQ/ HTTP/1.1" 200 23 "-" "Mozilla/5.0 AppleWebKit/537.36 (KHTML, like Gecko; compatible; bingbot/2.0; +http://www.bing.com/bingbot.htm) Chrome/116.0.1938.76 Safari/537.36"
cashforcarscarrollton.com.infinitibizsol.com:443 52.167.144.204 - - [13/Jun/2025:01:33:34 +0000] "GET /Yerloa%20Dual%20Mode%20Control%20Dinosaurs%20%20Building%20Block%20Toy%20B%20One%20Per%20Box%20Ages%206%20%20BB8%20-%20UVlFWVVeRltWRUVb/ HTTP/1.1" 200 23 "-" "Mozilla/5.0 AppleWebKit/537.36 (KHTML, like Gecko; compatible; bingbot/2.0; +http://www.bing.com/bingbot.htm) Chrome/116.0.1938.76 Safari/537.36"
cashforcarscarrollton.com.infinitibizsol.com:443 52.167.144.189 - - [13/Jun/2025:01:34:46 +0000] "GET /QTSQD48078%201:48%20Quinta%20Studio%20Interior%203D%20Decal%20-%20Fi-156%20Storch%20(TAM%20kit)%20-%20UllFWVJdRVBXQURa/ HTTP/1.1" 200 23 "-" "Mozilla/5.0 AppleWebKit/537.36 (KHTML, like Gecko; compatible; bingbot/2.0; +http://www.bing.com/bingbot.htm) Chrome/116.0.1938.76 Safari/537.36"
cashforcarscarrollton.com.infinitibizsol.com:443 207.46.13.125 - - [13/Jun/2025:01:36:41 +0000] "GET /professor-ivy-trainers-goddess-story-custom-foil-textured-tcg-collectible-waifu-UVdFXV5aR1JXR0JW HTTP/1.1" 200 23 "-" "Mozilla/5.0 AppleWebKit/537.36 (KHTML, like Gecko; compatible; bingbot/2.0; +http://www.bing.com/bingbot.htm) Chrome/116.0.1938.76 Safari/537.36"
cashforcarscarrollton.com.infinitibizsol.com:443 69.197.182.50 - - [13/Jun/2025:01:38:01 +0000] "GET /wp-content/install.php HTTP/1.1" 200 16 "https://cashforcarscarrollton.com/wp-content/install.php" "Mozilla/5.0 (Windows NT 10.0; Win64; x64) AppleWebKit/537.36 (KHTML, like Gecko) Chrome/58.0.3029.110 Safari/537.3"
cashforcarscarrollton.com.infinitibizsol.com:80 43.156.156.96 - - [13/Jun/2025:01:38:08 +0000] "GET / HTTP/1.1" 500 5 "-" "Mozilla/5.0 (iPhone; CPU iPhone OS 13_2_3 like Mac OS X) AppleWebKit/605.1.15 (KHTML, like Gecko) Version/13.0.3 Mobile/15E148 Safari/604.1"
cashforcarscarrollton.com.infinitibizsol.com:443 52.167.144.189 - - [13/Jun/2025:01:38:57 +0000] "GET /Mesmerized%20:%20Powers%20of%20Mind%20in%20Victorian%20Britain%20by%20Alison%20Winter%20-%20UVdFUFBZQVVZSkVU/ HTTP/1.1" 200 23 "-" "Mozilla/5.0 AppleWebKit/537.36 (KHTML, like Gecko; compatible; bingbot/2.0; +http://www.bing.com/bingbot.htm) Chrome/116.0.1938.76 Safari/537.36"
cashforcarscarrollton.com.infinitibizsol.com:443 108.181.202.211 - - [13/Jun/2025:01:40:40 +0000] "GET /wp-content/install.php HTTP/1.1" 200 16 "https://cashforcarscarrollton.com/wp-content/install.php" "Mozilla/5.0 (compatible; MSIE 10.0; Windows NT 6.2; Win64; x64; Trident/6.0)"
cashforcarscarrollton.com.infinitibizsol.com:443 173.208.153.154 - - [13/Jun/2025:01:40:46 +0000] "GET /wp-content/install.php HTTP/1.1" 200 16 "https://cashforcarscarrollton.com/wp-content/install.php" "Mozilla/5.0 (Macintosh; Intel Mac OS X 10_6_8) AppleWebKit/534.24 (KHTML, like Gecko) Iron/11.0.700.2 Chrome/11.0.700.2 Safari/534.24"
cashforcarscarrollton.com.infinitibizsol.com:443 52.167.144.189 - - [13/Jun/2025:01:41:21 +0000] "GET /Home%20Brew%20Ohio%20Spelt%20Grain%205lb%20-%20UlRFWVFbQFpSQktR/ HTTP/1.1" 200 23 "-" "Mozilla/5.0 AppleWebKit/537.36 (KHTML, like Gecko; compatible; bingbot/2.0; +http://www.bing.com/bingbot.htm) Chrome/116.0.1938.76 Safari/537.36"
cashforcarscarrollton.com.infinitibizsol.com:443 207.46.13.102 - - [13/Jun/2025:01:41:43 +0000] "GET /motive-ai-dash-cam-dual-facing-for-fleet-vehicles-dc-54-820-00000008-001-UlZFX19fQVtTQkVU HTTP/1.1" 200 23 "-" "Mozilla/5.0 AppleWebKit/537.36 (KHTML, like Gecko; compatible; bingbot/2.0; +http://www.bing.com/bingbot.htm) Chrome/116.0.1938.76 Safari/537.36"
cashforcarscarrollton.com.infinitibizsol.com:443 207.46.13.102 - - [13/Jun/2025:01:42:24 +0000] "GET /BRIGHT%20SHOWERS%20Rain%20Shower%20Head%20with%20Handheld%20Combination%20Set%20PSS1807-06%20-%20UlRHUVRZR1pXR0pT/ HTTP/1.1" 200 23 "-" "Mozilla/5.0 AppleWebKit/537.36 (KHTML, like Gecko; compatible; bingbot/2.0; +http://www.bing.com/bingbot.htm) Chrome/116.0.1938.76 Safari/537.36"
cashforcarscarrollton.com.infinitibizsol.com:443 204.12.252.98 - - [13/Jun/2025:01:44:55 +0000] "GET /wp-content/install.php HTTP/1.1" 200 16 "https://cashforcarscarrollton.com/wp-content/install.php" "Mozilla/5.0 (Windows NT 10.0; Win64; x64) AppleWebKit/537.36 (KHTML, like Gecko) Chrome/58.0.3029.110 Safari/537.3"
cashforcarscarrollton.com.infinitibizsol.com:443 52.167.144.189 - - [13/Jun/2025:01:45:06 +0000] "GET /46-in-x-17-in-rectangle-outdoor-bench-cushion-in-stone-grey-leala-UFFHXlNXQ1ZVREJQ HTTP/1.1" 200 13 "-" "Mozilla/5.0 AppleWebKit/537.36 (KHTML, like Gecko; compatible; bingbot/2.0; +http://www.bing.com/bingbot.htm) Chrome/116.0.1938.76 Safari/537.36"
cashforcarscarrollton.com.infinitibizsol.com:443 207.46.13.102 - - [13/Jun/2025:01:45:44 +0000] "GET /Guatemala%2020%20Quetzales%20P%20127%20New%202021%20UNC%20Commemorative%20200%20Years%20Independence%20-%20UldGWF5YQ1JTSkdX/ HTTP/1.1" 200 23 "-" "Mozilla/5.0 AppleWebKit/537.36 (KHTML, like Gecko; compatible; bingbot/2.0; +http://www.bing.com/bingbot.htm) Chrome/116.0.1938.76 Safari/537.36"
cashforcarscarrollton.com.infinitibizsol.com:443 207.46.13.102 - - [13/Jun/2025:01:47:04 +0000] "GET /New!%20Siemens%206SE6420-2UD21-1AA1%20Micromaster%20420%20(/ HTTP/1.1" 200 23 "-" "Mozilla/5.0 AppleWebKit/537.36 (KHTML, like Gecko; compatible; bingbot/2.0; +http://www.bing.com/bingbot.htm) Chrome/116.0.1938.76 Safari/537.36"
cashforcarscarrollton.com.infinitibizsol.com:443 40.77.167.5 - - [13/Jun/2025:01:48:37 +0000] "GET /atlas-grand-prix-legends-1-43-brabham-bt-49c-nelson-piquet-1981-UlBFXFJbR1JYQUpT HTTP/1.1" 200 23 "-" "Mozilla/5.0 AppleWebKit/537.36 (KHTML, like Gecko; compatible; bingbot/2.0; +http://www.bing.com/bingbot.htm) Chrome/116.0.1938.76 Safari/537.36"
cashforcarscarrollton.com.infinitibizsol.com:443 40.77.167.5 - - [13/Jun/2025:01:49:16 +0000] "GET /General%20Signal%20HS10F750A%20Hevi-Duty%20Transformer%20Pri:%20600%20Sec:%20120/240%20-%20UVdFWVRcQVJURUdS/ HTTP/1.1" 200 23 "-" "Mozilla/5.0 AppleWebKit/537.36 (KHTML, like Gecko; compatible; bingbot/2.0; +http://www.bing.com/bingbot.htm) Chrome/116.0.1938.76 Safari/537.36"
cashforcarscarrollton.com.infinitibizsol.com:443 40.77.167.5 - - [13/Jun/2025:01:49:18 +0000] "GET /Lila:%20An%20Inquiry%20Into%20Morals%20-%20UllFXlNaRldQSkJQ/ HTTP/1.1" 200 23 "-" "Mozilla/5.0 AppleWebKit/537.36 (KHTML, like Gecko; compatible; bingbot/2.0; +http://www.bing.com/bingbot.htm) Chrome/116.0.1938.76 Safari/537.36"
cashforcarscarrollton.com.infinitibizsol.com:443 207.46.13.107 - - [13/Jun/2025:01:49:31 +0000] "GET /Driftsun%20Heated%20Extra%20Wide%20Stadium%20Seats%20with%20Back%20Support,%20Heated%20Bleacher%20-%20UFJGXlJfS1JSQUZa/ HTTP/1.1" 200 23 "-" "Mozilla/5.0 AppleWebKit/537.36 (KHTML, like Gecko; compatible; bingbot/2.0; +http://www.bing.com/bingbot.htm) Chrome/116.0.1938.76 Safari/537.36"
cashforcarscarrollton.com.infinitibizsol.com:443 40.77.167.5 - - [13/Jun/2025:01:50:37 +0000] "GET /Innova%20Star%20Destroyer%204x%20Champion%20Paul%20McBeth%20173%20grams%20disc%20golf%20Blue%20-%20UlRFXFBZRVtTQUpb/ HTTP/1.1" 200 23 "-" "Mozilla/5.0 AppleWebKit/537.36 (KHTML, like Gecko; compatible; bingbot/2.0; +http://www.bing.com/bingbot.htm) Chrome/116.0.1938.76 Safari/537.36"
cashforcarscarrollton.com.infinitibizsol.com:443 40.77.167.5 - - [13/Jun/2025:01:50:38 +0000] "GET /Samsonite%20Armage%20II%20Carry-On%20Spinner%2019%E2%80%9D%20-%20UFNFWlRfR1RZS0Na/ HTTP/1.1" 200 23 "-" "Mozilla/5.0 AppleWebKit/537.36 (KHTML, like Gecko; compatible; bingbot/2.0; +http://www.bing.com/bingbot.htm) Chrome/116.0.1938.76 Safari/537.36"
cashforcarscarrollton.com.infinitibizsol.com:443 207.46.13.107 - - [13/Jun/2025:01:51:03 +0000] "GET /8819103%20Sanden%20SD510HD%20Compressor,%20w/%202%20Groove%20Clutch%20-%20Fits%20Steiger%20-%20UVJGXFVaQ1RVQ0dT/ HTTP/1.1" 200 23 "-" "Mozilla/5.0 AppleWebKit/537.36 (KHTML, like Gecko; compatible; bingbot/2.0; +http://www.bing.com/bingbot.htm) Chrome/116.0.1938.76 Safari/537.36"
cashforcarscarrollton.com.infinitibizsol.com:443 207.46.13.107 - - [13/Jun/2025:01:51:54 +0000] "GET /Skin%20Tightening%20Machine%20Cool%20Compress%20Radio%20Frequency%20Technology%20Glowing%20Skin%20-%20UlNFW1ReQVNYS0BV/ HTTP/1.1" 200 23 "-" "Mozilla/5.0 AppleWebKit/537.36 (KHTML, like Gecko; compatible; bingbot/2.0; +http://www.bing.com/bingbot.htm) Chrome/116.0.1938.76 Safari/537.36"
cashforcarscarrollton.com.infinitibizsol.com:443 207.46.13.92 - - [13/Jun/2025:01:52:05 +0000] "GET /xls-camera-sls-v2-4-ghost-hunting-the-only-one-w-real-time-3d-mapping-V1FHUVNYS1ZRRENR HTTP/1.1" 200 23 "-" "Mozilla/5.0 AppleWebKit/537.36 (KHTML, like Gecko; compatible; bingbot/2.0; +http://www.bing.com/bingbot.htm) Chrome/116.0.1938.76 Safari/537.36"
cashforcarscarrollton.com.infinitibizsol.com:443 207.46.13.107 - - [13/Jun/2025:01:52:18 +0000] "GET /Because%20Premium%20Overnight%20Plus,%20Small,%2080ct,%20Pull%20Up%20Underwear%20-%20Unisex%20-%20UlVFWVVeQVJUR0dX/ HTTP/1.1" 200 23 "-" "Mozilla/5.0 AppleWebKit/537.36 (KHTML, like Gecko; compatible; bingbot/2.0; +http://www.bing.com/bingbot.htm) Chrome/116.0.1938.76 Safari/537.36"
cashforcarscarrollton.com.infinitibizsol.com:443 207.46.13.107 - - [13/Jun/2025:01:53:07 +0000] "GET /liquid-iv-hydration-multiplier-seaberry-acai-berry-32-ct-56-oz-stick-UFlEX15bR1tXRUVT HTTP/1.1" 200 23 "-" "Mozilla/5.0 AppleWebKit/537.36 (KHTML, like Gecko; compatible; bingbot/2.0; +http://www.bing.com/bingbot.htm) Chrome/116.0.1938.76 Safari/537.36"
cashforcarscarrollton.com.infinitibizsol.com:443 40.77.167.5 - - [13/Jun/2025:01:54:18 +0000] "GET /TURBO%20Ford%20Focus%201%20Hatchback%201.8%2016V%20(EYDB)%202000%207064991SNDA00162A%20-%20UVRFXFJbQlJQQkBR/ HTTP/1.1" 200 23 "-" "Mozilla/5.0 AppleWebKit/537.36 (KHTML, like Gecko; compatible; bingbot/2.0; +http://www.bing.com/bingbot.htm) Chrome/116.0.1938.76 Safari/537.36"
cashforcarscarrollton.com.infinitibizsol.com:443 40.77.167.5 - - [13/Jun/2025:01:55:58 +0000] "GET /UnSelfie:%20Why%20Empathetic%20Kids%20Succeed%20in%20Our%20All-About-Me%20World%20-%20VERY%20GOOD%20-%20UVRHXFBfRFRSREVT/ HTTP/1.1" 200 23 "-" "Mozilla/5.0 AppleWebKit/537.36 (KHTML, like Gecko; compatible; bingbot/2.0; +http://www.bing.com/bingbot.htm) Chrome/116.0.1938.76 Safari/537.36"
cashforcarscarrollton.com.infinitibizsol.com:443 207.46.13.107 - - [13/Jun/2025:01:56:17 +0000] "GET /electric-jar-opener-automatic-jars-and-bottles-opener-battery-operated-UllFWVdWS1JZQ0ZU HTTP/1.1" 200 23 "-" "Mozilla/5.0 AppleWebKit/537.36 (KHTML, like Gecko; compatible; bingbot/2.0; +http://www.bing.com/bingbot.htm) Chrome/116.0.1938.76 Safari/537.36"
cashforcarscarrollton.com.infinitibizsol.com:443 52.167.144.158 - - [13/Jun/2025:01:57:29 +0000] "GET /YAMAKA%20CHINA%20Occupied%20Japan%20BAMBOO%20Sugar%20Bowl%20with%20Lid%20-%20UlRFXF5aR1BXREdT/ HTTP/1.1" 200 13 "-" "Mozilla/5.0 AppleWebKit/537.36 (KHTML, like Gecko; compatible; bingbot/2.0; +http://www.bing.com/bingbot.htm) Chrome/116.0.1938.76 Safari/537.36"
cashforcarscarrollton.com.infinitibizsol.com:443 207.46.13.92 - - [13/Jun/2025:01:58:34 +0000] "GET /Ubiquiti%20EdgeRouter%20X%20SFP%20-%20ER-X-SFP%20-%20QUANTITY%20AVAILABLE%20-%20UVdFX19WRVpYRkVQ/ HTTP/1.1" 200 23 "-" "Mozilla/5.0 AppleWebKit/537.36 (KHTML, like Gecko; compatible; bingbot/2.0; +http://www.bing.com/bingbot.htm) Chrome/116.0.1938.76 Safari/537.36"
cashforcarscarrollton.com.infinitibizsol.com:443 204.12.252.98 - - [13/Jun/2025:01:58:37 +0000] "GET /wp-content/install.php HTTP/1.1" 200 16 "https://cashforcarscarrollton.com/wp-content/install.php" "Mozilla/5.0 (Windows NT 10.0; Win64; x64) AppleWebKit/537.36 (KHTML, like Gecko) Chrome/58.0.3029.110 Safari/537.3"
cashforcarscarrollton.com.infinitibizsol.com:443 52.167.144.158 - - [13/Jun/2025:01:59:39 +0000] "GET /OMBRE%20CONFETTI%20METALLIC%20Onyx%20Black%20Quilt%20Fabric%2010807-222M%20by%201/2%20Yard%20-%20UFJAW1RfQVtRR0BT/ HTTP/1.1" 200 23 "-" "Mozilla/5.0 AppleWebKit/537.36 (KHTML, like Gecko; compatible; bingbot/2.0; +http://www.bing.com/bingbot.htm) Chrome/116.0.1938.76 Safari/537.36"
cashforcarscarrollton.com.infinitibizsol.com:443 207.46.13.92 - - [13/Jun/2025:02:00:25 +0000] "GET /Jouef%20Porsche%20Carrera%20Turbo%20Slot%20Car%20-%201:43%20scale%20-%20UVlGX1FfS1dQQ0dW/ HTTP/1.1" 200 23 "-" "Mozilla/5.0 AppleWebKit/537.36 (KHTML, like Gecko; compatible; bingbot/2.0; +http://www.bing.com/bingbot.htm) Chrome/116.0.1938.76 Safari/537.36"
cashforcarscarrollton.com.infinitibizsol.com:443 207.46.13.92 - - [13/Jun/2025:02:00:56 +0000] "GET /WHITE%20MOUNTAIN%20Lois%20Sutton%20Holiday%20Stamps%20Collage%20Jigsaw%20Puzzle%20-%20UldFUVBbSlVZREVa/ HTTP/1.1" 200 23 "-" "Mozilla/5.0 AppleWebKit/537.36 (KHTML, like Gecko; compatible; bingbot/2.0; +http://www.bing.com/bingbot.htm) Chrome/116.0.1938.76 Safari/537.36"
cashforcarscarrollton.com.infinitibizsol.com:443 52.167.144.158 - - [13/Jun/2025:02:01:29 +0000] "GET /inside-out-disgust-funko-pop-out-of-box-oob-134-UFRFW1NaQVZWSkFT HTTP/1.1" 200 23 "-" "Mozilla/5.0 AppleWebKit/537.36 (KHTML, like Gecko; compatible; bingbot/2.0; +http://www.bing.com/bingbot.htm) Chrome/116.0.1938.76 Safari/537.36"
cashforcarscarrollton.com.infinitibizsol.com:443 207.46.13.111 - - [13/Jun/2025:02:03:05 +0000] "GET /Jeffrey%20&%20Dara%20by%20Linda%20Hutley%20Woven%20Fringe%20Cowl%20Neck%20Midi%20Dress%20Sz%207/8%20Belted%20-%20UllFW1FWSlFYS0RV/ HTTP/1.1" 200 23 "-" "Mozilla/5.0 AppleWebKit/537.36 (KHTML, like Gecko; compatible; bingbot/2.0; +http://www.bing.com/bingbot.htm) Chrome/116.0.1938.76 Safari/537.36"
cashforcarscarrollton.com.infinitibizsol.com:443 52.167.144.158 - - [13/Jun/2025:02:04:39 +0000] "GET /JOUEF%20HJ2451S%20Scale%20Ho%20Set%204%20Unit%20Tgv%20Duplex%20Carmillon%20SNCF%20Age%20VI%20With%20Sound%20-%20UVZFXVBXQVNZR0FS/ HTTP/1.1" 200 23 "-" "Mozilla/5.0 AppleWebKit/537.36 (KHTML, like Gecko; compatible; bingbot/2.0; +http://www.bing.com/bingbot.htm) Chrome/116.0.1938.76 Safari/537.36"
cashforcarscarrollton.com.infinitibizsol.com:443 207.46.13.92 - - [13/Jun/2025:02:05:12 +0000] "GET /Skinceuticals%20Glycolic%20Renewal%20Cleanser%20Gel%20150ml%205oz%20-%20UVNGUFBcQVJQREVT/ HTTP/1.1" 200 23 "-" "Mozilla/5.0 AppleWebKit/537.36 (KHTML, like Gecko; compatible; bingbot/2.0; +http://www.bing.com/bingbot.htm) Chrome/116.0.1938.76 Safari/537.36"
cashforcarscarrollton.com.infinitibizsol.com:443 45.61.184.107 - - [13/Jun/2025:02:06:12 +0000] "GET /wp-login.php HTTP/1.1" 500 5 "-" "Mozilla/5.0 (Macintosh; Intel Mac OS X 10_9_2) AppleWebKit/537.36 (KHTML, like Gecko) Chrome/36.0.1985.125 Safari/537.36"
cashforcarscarrollton.com.infinitibizsol.com:443 207.46.13.92 - - [13/Jun/2025:02:07:32 +0000] "GET /Adidas%20Champions%20League%202024%20London%20Final%20Official%20Match%20Ball%20With%20BOX%20-%20UFNHXF5XQlBRQENV/ HTTP/1.1" 200 23 "-" "Mozilla/5.0 AppleWebKit/537.36 (KHTML, like Gecko; compatible; bingbot/2.0; +http://www.bing.com/bingbot.htm) Chrome/116.0.1938.76 Safari/537.36"
cashforcarscarrollton.com.infinitibizsol.com:443 207.46.13.92 - - [13/Jun/2025:02:07:34 +0000] "GET /transformers-thundercracker-siege-war-for-cybertron-figure-hasbro-official-UVhGUFdbRlRRQkNS HTTP/1.1" 200 23 "-" "Mozilla/5.0 AppleWebKit/537.36 (KHTML, like Gecko; compatible; bingbot/2.0; +http://www.bing.com/bingbot.htm) Chrome/116.0.1938.76 Safari/537.36"
cashforcarscarrollton.com.infinitibizsol.com:443 207.46.13.92 - - [13/Jun/2025:02:08:03 +0000] "GET /NEW%201PC%20ATIC39-B4%20A2C08350%20AT1C39-B4%20ST%20Encapsulation:HQFP-64%20IC%20Chip%20-%20UlNFXl9eRVpZREFT/ HTTP/1.1" 200 23 "-" "Mozilla/5.0 AppleWebKit/537.36 (KHTML, like Gecko; compatible; bingbot/2.0; +http://www.bing.com/bingbot.htm) Chrome/116.0.1938.76 Safari/537.36"
cashforcarscarrollton.com.infinitibizsol.com:443 40.77.167.22 - - [13/Jun/2025:02:10:50 +0000] "GET /1756-IRT8I%20%20%20ControlLogix%208%20Point%20RTD/Thermocouple%20In%20%20%201756-IRT8I%20-%20UVhFXV5aRFVZRURS/ HTTP/1.1" 200 23 "-" "Mozilla/5.0 AppleWebKit/537.36 (KHTML, like Gecko; compatible; bingbot/2.0; +http://www.bing.com/bingbot.htm) Chrome/116.0.1938.76 Safari/537.36"
cashforcarscarrollton.com.infinitibizsol.com:443 207.46.13.111 - - [13/Jun/2025:02:12:16 +0000] "GET /BRAND%20NEW%202023%20Wilson%20Staff%20Dynapower%2021%20deg%207%20wood%20%20Graph%20Senior%20%20RH%20-%20UVJGX1VcQVNSR0RX/ HTTP/1.1" 200 23 "-" "Mozilla/5.0 AppleWebKit/537.36 (KHTML, like Gecko; compatible; bingbot/2.0; +http://www.bing.com/bingbot.htm) Chrome/116.0.1938.76 Safari/537.36"
cashforcarscarrollton.com.infinitibizsol.com:443 40.77.167.22 - - [13/Jun/2025:02:13:20 +0000] "GET /NEW%20Sealed%20Bedgear%20Ver-Tex%20Technology%20Cool%20Touch%20Sheets%20Split%20Cal%20King%20-%20UFlEXVNWQlpTS0Ra/ HTTP/1.1" 200 23 "-" "Mozilla/5.0 AppleWebKit/537.36 (KHTML, like Gecko; compatible; bingbot/2.0; +http://www.bing.com/bingbot.htm) Chrome/116.0.1938.76 Safari/537.36"
cashforcarscarrollton.com.infinitibizsol.com:443 207.46.13.92 - - [13/Jun/2025:02:13:40 +0000] "GET /TOREAD%20PCC130%20Pool%20Filter%20Replaces%20Pentair%20CCP520,%20R173578,%20PCC130,%20Ultral-A7...%20-%20UVJGXlJaQldVSkpV/ HTTP/1.1" 200 23 "-" "Mozilla/5.0 AppleWebKit/537.36 (KHTML, like Gecko; compatible; bingbot/2.0; +http://www.bing.com/bingbot.htm) Chrome/116.0.1938.76 Safari/537.36"
cashforcarscarrollton.com.infinitibizsol.com:443 157.55.39.194 - - [13/Jun/2025:02:15:36 +0000] "GET /TP-Link%20Omada%20N300%20Gigabit%20Wireless%20Outdoor%20Access%20Point%20-%20UldFUVVfR1BUQkFU/ HTTP/1.1" 200 23 "-" "Mozilla/5.0 AppleWebKit/537.36 (KHTML, like Gecko; compatible; bingbot/2.0; +http://www.bing.com/bingbot.htm) Chrome/116.0.1938.76 Safari/537.36"
cashforcarscarrollton.com.infinitibizsol.com:443 207.46.13.92 - - [13/Jun/2025:02:15:55 +0000] "GET /240W%20LED%20Floodlight%20Outdoor%2033600LM%20Work%20Lights%20Security%20Sport%20Court%20Lighting%20-%20UVRGWVNZSlNYQkJV/ HTTP/1.1" 200 23 "-" "Mozilla/5.0 AppleWebKit/537.36 (KHTML, like Gecko; compatible; bingbot/2.0; +http://www.bing.com/bingbot.htm) Chrome/116.0.1938.76 Safari/537.36"
cashforcarscarrollton.com.infinitibizsol.com:443 157.55.39.194 - - [13/Jun/2025:02:19:17 +0000] "GET /Huggies%20Little%20Snugglers%20Diapers%20-%20Size%203%20-%20156ct%20-%20UlZGXVNfSlpUQ0BW/ HTTP/1.1" 200 23 "-" "Mozilla/5.0 AppleWebKit/537.36 (KHTML, like Gecko; compatible; bingbot/2.0; +http://www.bing.com/bingbot.htm) Chrome/116.0.1938.76 Safari/537.36"
cashforcarscarrollton.com.infinitibizsol.com:443 157.55.39.194 - - [13/Jun/2025:02:19:47 +0000] "GET /NEW%20LARGE%20CHUNKY%20NATURAL%20RED%20SELENITE%20SATIN%20SPAR%20CRYSTAL%20PALM%20STONE--MEDITATION%20-%20UFlEW1BXRVFVRERR/ HTTP/1.1" 200 23 "-" "Mozilla/5.0 AppleWebKit/537.36 (KHTML, like Gecko; compatible; bingbot/2.0; +http://www.bing.com/bingbot.htm) Chrome/116.0.1938.76 Safari/537.36"
cashforcarscarrollton.com.infinitibizsol.com:443 207.46.13.92 - - [13/Jun/2025:02:23:08 +0000] "GET /Sanrong%201/72%20China%20modern%20pilot%202-person%20group%20finished%20soldier%20scene%20decoration%20-%20UlVHXlBcRVdQS0tS/ HTTP/1.1" 200 23 "-" "Mozilla/5.0 AppleWebKit/537.36 (KHTML, like Gecko; compatible; bingbot/2.0; +http://www.bing.com/bingbot.htm) Chrome/116.0.1938.76 Safari/537.36"
cashforcarscarrollton.com.infinitibizsol.com:443 69.197.182.50 - - [13/Jun/2025:02:23:17 +0000] "GET /wp-content/install.php HTTP/1.1" 200 16 "https://cashforcarscarrollton.com/wp-content/install.php" "Mozilla/5.0 (Windows NT 10.0; Win64; x64) AppleWebKit/537.36 (KHTML, like Gecko) Chrome/58.0.3029.110 Safari/537.3"
cashforcarscarrollton.com.infinitibizsol.com:443 52.167.144.209 - - [13/Jun/2025:02:25:42 +0000] "GET /Mythic%20Legions%20Figura%20Obscura%20Anubis%20From%20Four%20Horsemen%20Studio%20-%20UVJGX1VeRVFQQkZV/ HTTP/1.1" 200 13 "-" "Mozilla/5.0 AppleWebKit/537.36 (KHTML, like Gecko; compatible; bingbot/2.0; +http://www.bing.com/bingbot.htm) Chrome/116.0.1938.76 Safari/537.36"
cashforcarscarrollton.com.infinitibizsol.com:443 207.46.13.150 - - [13/Jun/2025:02:25:57 +0000] "GET /BlendJet%202%20the%20Original%20Portable%20Blender,%2020%20oz,%20White%20-%20UlZFXlVdRVVQR0JR/ HTTP/1.1" 200 23 "-" "Mozilla/5.0 AppleWebKit/537.36 (KHTML, like Gecko; compatible; bingbot/2.0; +http://www.bing.com/bingbot.htm) Chrome/116.0.1938.76 Safari/537.36"
cashforcarscarrollton.com.infinitibizsol.com:443 178.128.213.191 - - [13/Jun/2025:02:27:04 +0000] "GET /wp-login.php HTTP/1.1" 500 5 "-" "Mozila/5.0"
cashforcarscarrollton.com.infinitibizsol.com:443 52.167.144.209 - - [13/Jun/2025:02:28:02 +0000] "GET /POPMART%2017cm%20Monster%20LABUBU%20Dress%20up%20Baby%20Cowboy%20hat%20%20%20suspenders%20No%20toys%20-%20UFZGXlNdRFpZS0dS/ HTTP/1.1" 200 23 "-" "Mozilla/5.0 AppleWebKit/537.36 (KHTML, like Gecko; compatible; bingbot/2.0; +http://www.bing.com/bingbot.htm) Chrome/116.0.1938.76 Safari/537.36"
cashforcarscarrollton.com.infinitibizsol.com:443 207.46.13.150 - - [13/Jun/2025:02:28:27 +0000] "GET /warhorse-toys-falcon-cyberpunk-techgear-deluxe-version-1-6-figure-UVJGUFdXQVdQRUZW HTTP/1.1" 200 23 "-" "Mozilla/5.0 AppleWebKit/537.36 (KHTML, like Gecko; compatible; bingbot/2.0; +http://www.bing.com/bingbot.htm) Chrome/116.0.1938.76 Safari/537.36"
cashforcarscarrollton.com.infinitibizsol.com:443 207.46.13.150 - - [13/Jun/2025:02:33:29 +0000] "GET /mobile-fidelity-dcc-mfsl-replacement-lift-lock-jewel-case-used-w-light-scratches-UlZFX1RaRlJWQEpQ HTTP/1.1" 200 23 "-" "Mozilla/5.0 AppleWebKit/537.36 (KHTML, like Gecko; compatible; bingbot/2.0; +http://www.bing.com/bingbot.htm) Chrome/116.0.1938.76 Safari/537.36"
cashforcarscarrollton.com.infinitibizsol.com:443 69.197.182.50 - - [13/Jun/2025:02:33:35 +0000] "GET /wp-content/install.php HTTP/1.1" 200 16 "https://cashforcarscarrollton.com/wp-content/install.php" "Mozilla/5.0 (Windows NT 10.0; Win64; x64) AppleWebKit/537.36 (KHTML, like Gecko) Chrome/58.0.3029.110 Safari/537.3"
cashforcarscarrollton.com.infinitibizsol.com:443 157.55.39.51 - - [13/Jun/2025:02:35:23 +0000] "GET /Bauernbund-Kalender%201966%20-%20Unseren%20Bauernb%C3%BCndlern%20gewidmet%20vom%20Nieder%C3%B6sterreichi%20-%20UlhFW1BaS1NWRUNa/ HTTP/1.1" 200 23 "-" "Mozilla/5.0 AppleWebKit/537.36 (KHTML, like Gecko; compatible; bingbot/2.0; +http://www.bing.com/bingbot.htm) Chrome/116.0.1938.76 Safari/537.36"
cashforcarscarrollton.com.infinitibizsol.com:443 207.46.13.153 - - [13/Jun/2025:02:37:08 +0000] "GET /TAYLORMADE%20AERO%20BURNER%2015%20DEG.%203%20WOOD,%20TAYLORMADE%2060g%20REGULAR%20FLEX%20GRAPH.%20SHAFT%20-%20UlRFXF5dQ1RZR0dV/ HTTP/1.1" 200 23 "-" "Mozilla/5.0 AppleWebKit/537.36 (KHTML, like Gecko; compatible; bingbot/2.0; +http://www.bing.com/bingbot.htm) Chrome/116.0.1938.76 Safari/537.36"
cashforcarscarrollton.com.infinitibizsol.com:443 40.77.167.23 - - [13/Jun/2025:02:38:06 +0000] "GET /ONN%2075%22%20inch%204K%20Roku%20Smart%20TV%20LED%20HDR%20Ultra%20HD%20Frameless%20%5B2%20Day%20Ship%5D%20-%20UVNFXFddS1dZQ0FQ/ HTTP/1.1" 200 23 "-" "Mozilla/5.0 AppleWebKit/537.36 (KHTML, like Gecko; compatible; bingbot/2.0; +http://www.bing.com/bingbot.htm) Chrome/116.0.1938.76 Safari/537.36"
