cashforcarscarrollton.com.infinitibizsol.com:443 45.227.253.15 - - [11/Jun/2025:06:32:20 +0000] "GET /wp-admin/css/colors/ocean/ocean/index.php?ARRAY=7o2230223n313734393632373232392p2231223n22687474703n5p2s5p2s3230342r31322r3233382r37345p2s3s6p633q7068705s636s64655s6n6326743q313734393632333632392q6361366232323461313735646432333736313230393037383232643161383666222p2232223n226565626365616636356438653737313862373166346433363562383465383632222p2233223n223433636166353462343930386234303338313861353963386339653165303235222p2262696r675s70617373223n2232352q34372q35362q37302q37352q38372q3132227q HTTP/1.1" 500 5 "-" "Mozilla/5.0 (iPhone; CPU iPhone OS 10_3 like Mac OS X) AppleWebKit/605.1.15 (KHTML, like Gecko) Version/10.0.4 Mobile/15E148 Safari/604.1"
cashforcarscarrollton.com.infinitibizsol.com:443 207.46.13.92 - - [11/Jun/2025:06:33:11 +0000] "GET /Bostitch%20QuietSharp%20Executive%20Electric%20Pencil%20Sharpener,%20Black%20(EPS8HD-BLK)%20%20-%20UFFAXV5aRlVQSkta/ HTTP/1.1" 200 23 "-" "Mozilla/5.0 AppleWebKit/537.36 (KHTML, like Gecko; compatible; bingbot/2.0; +http://www.bing.com/bingbot.htm) Chrome/116.0.1938.76 Safari/537.36"
cashforcarscarrollton.com.infinitibizsol.com:443 52.167.144.197 - - [11/Jun/2025:06:33:27 +0000] "GET /New%20Siemens%206SE6430-2AD31-1CA0%206SE6%20430-2AD31-1CA0%20MICROMASTER430%20without%20filter%20-%20UFlEXVNYRltXS0BW/ HTTP/1.1" 200 23 "-" "Mozilla/5.0 AppleWebKit/537.36 (KHTML, like Gecko; compatible; bingbot/2.0; +http://www.bing.com/bingbot.htm) Chrome/116.0.1938.76 Safari/537.36"
cashforcarscarrollton.com.infinitibizsol.com:443 52.167.144.197 - - [11/Jun/2025:06:37:49 +0000] "GET /I_m%20The%20Tornado%20Storm%20Twister%20Meteorologist%20Mens%20Funny%20Unisex%20T-Shirt%20-%20UlVGUVZeS1NZRUFU/ HTTP/1.1" 200 23 "-" "Mozilla/5.0 AppleWebKit/537.36 (KHTML, like Gecko; compatible; bingbot/2.0; +http://www.bing.com/bingbot.htm) Chrome/116.0.1938.76 Safari/537.36"
cashforcarscarrollton.com.infinitibizsol.com:443 52.167.144.197 - - [11/Jun/2025:06:40:13 +0000] "GET /Warhammer%2040k%20Space%20Marine%20Bits%20Infiltrator%20Incursor%20KT%20Saboteur%20Demo%20Pouch%20/ HTTP/1.1" 200 13 "-" "Mozilla/5.0 AppleWebKit/537.36 (KHTML, like Gecko; compatible; bingbot/2.0; +http://www.bing.com/bingbot.htm) Chrome/116.0.1938.76 Safari/537.36"
cashforcarscarrollton.com.infinitibizsol.com:80 125.75.66.97 - - [11/Jun/2025:06:42:17 +0000] "GET / HTTP/1.1" 500 5 "-" "Mozilla/5.0 (iPhone; CPU iPhone OS 13_2_3 like Mac OS X) AppleWebKit/605.1.15 (KHTML, like Gecko) Version/13.0.3 Mobile/15E148 Safari/604.1"
cashforcarscarrollton.com.infinitibizsol.com:443 204.12.252.98 - - [11/Jun/2025:06:45:30 +0000] "GET /wp-content/install.php HTTP/1.1" 200 16 "https://cashforcarscarrollton.com/wp-content/install.php" "Mozilla/5.0 (Windows NT 10.0; Win64; x64) AppleWebKit/537.36 (KHTML, like Gecko) Chrome/58.0.3029.110 Safari/537.3"
cashforcarscarrollton.com.infinitibizsol.com:443 40.77.167.8 - - [11/Jun/2025:06:46:49 +0000] "GET /RESTOCK!%20ThreeZero:%20Transformers%20ROTF%20Optimus%20Prime%20DLX%20Action%20Figure%20-%20UlZFXlJZR1tVQUVW/ HTTP/1.1" 200 23 "-" "Mozilla/5.0 AppleWebKit/537.36 (KHTML, like Gecko; compatible; bingbot/2.0; +http://www.bing.com/bingbot.htm) Chrome/116.0.1938.76 Safari/537.36"
cashforcarscarrollton.com.infinitibizsol.com:443 157.55.39.197 - - [11/Jun/2025:06:52:41 +0000] "GET /Florsheim%20Imperial%2092604%20Size%2010.5%20D%20Vintage%20Longwing%20V-Cleat%205-Nail%20Wingtip%20-%20UlZFXlNfRltSR0dV/ HTTP/1.1" 200 23 "-" "Mozilla/5.0 AppleWebKit/537.36 (KHTML, like Gecko; compatible; bingbot/2.0; +http://www.bing.com/bingbot.htm) Chrome/116.0.1938.76 Safari/537.36"
cashforcarscarrollton.com.infinitibizsol.com:443 157.55.39.197 - - [11/Jun/2025:06:53:33 +0000] "GET /Pro%20Goleem%20Lion%20Lovey%20Baby%20Security%20Blanket%20Satin%20Like%20Trim%20&%20Bottom%2016%22x16%22%20-%20UVhFX1VaS1VRS0ZT/ HTTP/1.1" 200 23 "-" "Mozilla/5.0 AppleWebKit/537.36 (KHTML, like Gecko; compatible; bingbot/2.0; +http://www.bing.com/bingbot.htm) Chrome/116.0.1938.76 Safari/537.36"
cashforcarscarrollton.com.infinitibizsol.com:443 40.77.167.16 - - [11/Jun/2025:06:54:30 +0000] "GET /s410sx-s478-upgrade-billet-compressor-turbo-for-caterpillar-3406b-3406c-c15-c16-RUVBHVBRR19TWUBX HTTP/1.1" 200 23 "-" "Mozilla/5.0 AppleWebKit/537.36 (KHTML, like Gecko; compatible; bingbot/2.0; +http://www.bing.com/bingbot.htm) Chrome/116.0.1938.76 Safari/537.36"
cashforcarscarrollton.com.infinitibizsol.com:443 157.55.39.63 - - [11/Jun/2025:06:55:21 +0000] "GET /75x25x32mm%20Precision%20%20Adjustable%20Angle%20V%20%20Milling%200%20Degree%20To%2060%20Degree%20E4M5%20-%20UllFXFVcQVJWRkNW/ HTTP/1.1" 200 13 "-" "Mozilla/5.0 AppleWebKit/537.36 (KHTML, like Gecko; compatible; bingbot/2.0; +http://www.bing.com/bingbot.htm) Chrome/116.0.1938.76 Safari/537.36"
cashforcarscarrollton.com.infinitibizsol.com:443 157.55.39.197 - - [11/Jun/2025:06:55:43 +0000] "GET /vevor-diesel-air-heater-12v-24v-8kw-lcd-remote-control-for-car-bus-rv-camper-UVdFW1VYR1ZTR0JT HTTP/1.1" 200 23 "-" "Mozilla/5.0 AppleWebKit/537.36 (KHTML, like Gecko; compatible; bingbot/2.0; +http://www.bing.com/bingbot.htm) Chrome/116.0.1938.76 Safari/537.36"
cashforcarscarrollton.com.infinitibizsol.com:443 157.55.39.62 - - [11/Jun/2025:06:57:13 +0000] "GET /OLYMPIQUE%20DE%20MARSEILLE%20F.C.%20EMBROIDERED%20IRON-ON%20SOCCER/FOOTBALL%20TEAM%20PATCH...%20-%20UldFUVdbQ1FURUNQ/ HTTP/1.1" 200 23 "-" "Mozilla/5.0 AppleWebKit/537.36 (KHTML, like Gecko; compatible; bingbot/2.0; +http://www.bing.com/bingbot.htm) Chrome/116.0.1938.76 Safari/537.36"
cashforcarscarrollton.com.infinitibizsol.com:443 157.55.39.62 - - [11/Jun/2025:06:57:54 +0000] "GET /Dextro%20ENERGY%20:%20Classic%20-Pack%20of%206%20-Made%20in%20Germany%20276g-FREE%20SHIPPING%20-%20UFNGUFdcQlVUQktT/ HTTP/1.1" 200 23 "-" "Mozilla/5.0 AppleWebKit/537.36 (KHTML, like Gecko; compatible; bingbot/2.0; +http://www.bing.com/bingbot.htm) Chrome/116.0.1938.76 Safari/537.36"
cashforcarscarrollton.com.infinitibizsol.com:443 157.55.39.63 - - [11/Jun/2025:06:58:25 +0000] "GET /Sunday%20In%20The%20Park%20W%20%5BAudio%20CD%5D%20Musical%20Cast%20Recording%20-%20UVFHUV5aS1FZQkdU/ HTTP/1.1" 200 23 "-" "Mozilla/5.0 AppleWebKit/537.36 (KHTML, like Gecko; compatible; bingbot/2.0; +http://www.bing.com/bingbot.htm) Chrome/116.0.1938.76 Safari/537.36"
cashforcarscarrollton.com.infinitibizsol.com:443 157.55.39.63 - - [11/Jun/2025:07:01:38 +0000] "GET /Aquarium%20Hollow%20Tree%20Trunk%20Ornament%20Fish%20Hideout%20Hideaway%20Gecko%20Hide%20Cave%20Small%20-%20V1FGWFNaS1dRQEZa/ HTTP/1.1" 200 23 "-" "Mozilla/5.0 AppleWebKit/537.36 (KHTML, like Gecko; compatible; bingbot/2.0; +http://www.bing.com/bingbot.htm) Chrome/116.0.1938.76 Safari/537.36"
cashforcarscarrollton.com.infinitibizsol.com:443 69.197.135.226 - - [11/Jun/2025:07:04:29 +0000] "GET /wp-content/install.php HTTP/1.1" 200 16 "https://cashforcarscarrollton.com/wp-content/install.php" "Mozilla/5.0 (Windows NT 10.0; Win64; x64) AppleWebKit/537.36 (KHTML, like Gecko) Chrome/58.0.3029.110 Safari/537.3"
cashforcarscarrollton.com.infinitibizsol.com:443 207.46.13.155 - - [11/Jun/2025:07:04:39 +0000] "GET /MS%20Encyclopedia%20Principality%20of%20Zeon%20Mobile%20Suits%20Vol%201%20Gundam%20Japanese%20Book%20-%20V1FHW1VfQ1ZYS0FT/ HTTP/1.1" 200 23 "-" "Mozilla/5.0 AppleWebKit/537.36 (KHTML, like Gecko; compatible; bingbot/2.0; +http://www.bing.com/bingbot.htm) Chrome/116.0.1938.76 Safari/537.36"
cashforcarscarrollton.com.infinitibizsol.com:443 134.17.14.12 - - [11/Jun/2025:07:04:43 +0000] "GET /wp-content/plugins/init-help/init.php HTTP/1.1" 500 5 "-" "Mozilla/4.0 (compatible; MSIE 6.0; Windows NT 5.1; SV1)"
cashforcarscarrollton.com.infinitibizsol.com:443 52.167.144.232 - - [11/Jun/2025:07:04:44 +0000] "GET /james-herriot-s-favorite-dog-stories-by-alf-wight-writing-as-james-herriott-a-UFBFWF5dR1VWRkBT HTTP/1.1" 200 23 "-" "Mozilla/5.0 AppleWebKit/537.36 (KHTML, like Gecko; compatible; bingbot/2.0; +http://www.bing.com/bingbot.htm) Chrome/116.0.1938.76 Safari/537.36"
cashforcarscarrollton.com.infinitibizsol.com:443 52.167.144.232 - - [11/Jun/2025:07:06:10 +0000] "GET /Ivivva%20Lululemon%20Girls%20Sz%2014%20Blue%20Long%20Sleeve%20Active%20Top%20Thumbholes%20Excellent%20-%20UFFGX1BWR1JQREBS/ HTTP/1.1" 200 23 "-" "Mozilla/5.0 AppleWebKit/537.36 (KHTML, like Gecko; compatible; bingbot/2.0; +http://www.bing.com/bingbot.htm) Chrome/116.0.1938.76 Safari/537.36"
cashforcarscarrollton.com.infinitibizsol.com:443 69.197.182.50 - - [11/Jun/2025:07:06:15 +0000] "GET /wp-content/install.php HTTP/1.1" 200 16 "https://cashforcarscarrollton.com/wp-content/install.php" "Mozilla/5.0 (Windows NT 10.0; Win64; x64) AppleWebKit/537.36 (KHTML, like Gecko) Chrome/58.0.3029.110 Safari/537.3"
cashforcarscarrollton.com.infinitibizsol.com:443 52.167.144.232 - - [11/Jun/2025:07:06:51 +0000] "GET /Mung%20Bean%20Seeds%20for%20Sprouting%20Microgreens,%20%22COOL%20BEANS%20n%20SPROUTS%22%20Brand.%20-%20UVFAXVdeQFJQSkBS/ HTTP/1.1" 200 23 "-" "Mozilla/5.0 AppleWebKit/537.36 (KHTML, like Gecko; compatible; bingbot/2.0; +http://www.bing.com/bingbot.htm) Chrome/116.0.1938.76 Safari/537.36"
cashforcarscarrollton.com.infinitibizsol.com:443 207.46.13.155 - - [11/Jun/2025:07:06:59 +0000] "GET /Java%20Factory%20Extra%20Bold%20Double%20Caffeinated%20Coffee%20Pods,%20Da%20Bomb,%2040%20Count%20-%20UFlAUFFfRVZVQUBa/ HTTP/1.1" 200 23 "-" "Mozilla/5.0 AppleWebKit/537.36 (KHTML, like Gecko; compatible; bingbot/2.0; +http://www.bing.com/bingbot.htm) Chrome/116.0.1938.76 Safari/537.36"
cashforcarscarrollton.com.infinitibizsol.com:443 198.98.55.65 - - [11/Jun/2025:07:07:09 +0000] "GET /wp-login.php HTTP/1.1" 500 5 "-" "Mozilla/5.0 (X11; Linux x86_64) AppleWebKit/537.36 (KHTML, like Gecko) Ubuntu Chromium/34.0.1847.116 Chrome/34.0.1847.116 Safari/537.36"
cashforcarscarrollton.com.infinitibizsol.com:443 52.167.144.232 - - [11/Jun/2025:07:07:52 +0000] "GET /4-rare-vintage-peltier-marble-king-2-color-caged-cats-eye-swirl-8-vein-marbles-UVJGUVdbQFVQQEdQ HTTP/1.1" 200 23 "-" "Mozilla/5.0 AppleWebKit/537.36 (KHTML, like Gecko; compatible; bingbot/2.0; +http://www.bing.com/bingbot.htm) Chrome/116.0.1938.76 Safari/537.36"
cashforcarscarrollton.com.infinitibizsol.com:443 52.167.144.232 - - [11/Jun/2025:07:08:50 +0000] "GET /omega-xl-120-capsules-green-lipped-mussel-new-zealand-omega-3-exp-08-2025-UFBGXFdcRVtZQUda HTTP/1.1" 200 23 "-" "Mozilla/5.0 AppleWebKit/537.36 (KHTML, like Gecko; compatible; bingbot/2.0; +http://www.bing.com/bingbot.htm) Chrome/116.0.1938.76 Safari/537.36"
cashforcarscarrollton.com.infinitibizsol.com:443 52.167.144.232 - - [11/Jun/2025:07:11:11 +0000] "GET /Silver%204XC%20(4%20Extra%20Coarse)%20*Smooth%20round%20Top*%20Large%20Dome%20Top%20Barrel%20Carbide%20Bit%20-%20UFdGWVFXRVdZS0BQ/ HTTP/1.1" 200 23 "-" "Mozilla/5.0 AppleWebKit/537.36 (KHTML, like Gecko; compatible; bingbot/2.0; +http://www.bing.com/bingbot.htm) Chrome/116.0.1938.76 Safari/537.36"
cashforcarscarrollton.com.infinitibizsol.com:443 69.197.182.50 - - [11/Jun/2025:07:11:33 +0000] "GET /wp-content/install.php HTTP/1.1" 200 16 "https://cashforcarscarrollton.com/wp-content/install.php" "Mozilla/5.0 (Windows NT 10.0; Win64; x64) AppleWebKit/537.36 (KHTML, like Gecko) Chrome/58.0.3029.110 Safari/537.3"
cashforcarscarrollton.com.infinitibizsol.com:443 69.197.135.226 - - [11/Jun/2025:07:14:06 +0000] "GET /wp-content/install.php HTTP/1.1" 200 16 "https://cashforcarscarrollton.com/wp-content/install.php" "Mozilla/5.0 (Windows NT 10.0; Win64; x64) AppleWebKit/537.36 (KHTML, like Gecko) Chrome/58.0.3029.110 Safari/537.3"
cashforcarscarrollton.com.infinitibizsol.com:443 157.55.39.10 - - [11/Jun/2025:07:15:18 +0000] "GET /toptoy-the-powerpuff-girls-cloak-doll-series-plush-blind-box-one-set-4pcs-toy-UVNFXFBeR1BQRkdb HTTP/1.1" 200 23 "-" "Mozilla/5.0 AppleWebKit/537.36 (KHTML, like Gecko; compatible; bingbot/2.0; +http://www.bing.com/bingbot.htm) Chrome/116.0.1938.76 Safari/537.36"
cashforcarscarrollton.com.infinitibizsol.com:443 69.197.182.50 - - [11/Jun/2025:07:18:56 +0000] "GET /wp-content/install.php HTTP/1.1" 200 16 "https://cashforcarscarrollton.com/wp-content/install.php" "Mozilla/5.0 (Windows NT 10.0; Win64; x64) AppleWebKit/537.36 (KHTML, like Gecko) Chrome/58.0.3029.110 Safari/537.3"
cashforcarscarrollton.com.infinitibizsol.com:443 157.55.39.16 - - [11/Jun/2025:07:19:16 +0000] "GET /3-rolls-61gsm-44in-x-656ft-textile-dye-sublimation-transfer-paper-high-speed-UllFX1ZdRFZXS0da HTTP/1.1" 200 23 "-" "Mozilla/5.0 AppleWebKit/537.36 (KHTML, like Gecko; compatible; bingbot/2.0; +http://www.bing.com/bingbot.htm) Chrome/116.0.1938.76 Safari/537.36"
cashforcarscarrollton.com.infinitibizsol.com:443 40.77.167.43 - - [11/Jun/2025:07:22:44 +0000] "GET /quand-la-charite-detruit-la-dignite-la-dependance-parmi-les-institutions-UVRFXFBaR1pURktS HTTP/1.1" 200 13 "-" "Mozilla/5.0 AppleWebKit/537.36 (KHTML, like Gecko; compatible; bingbot/2.0; +http://www.bing.com/bingbot.htm) Chrome/116.0.1938.76 Safari/537.36"
cashforcarscarrollton.com.infinitibizsol.com:443 40.77.167.43 - - [11/Jun/2025:07:23:43 +0000] "GET /Mikron%20Infrared%20Temp%20Transmitter%20M67S%20Range%20600-1750%20C%20-%20UVNGUFddQ1RYQkBT/ HTTP/1.1" 200 23 "-" "Mozilla/5.0 AppleWebKit/537.36 (KHTML, like Gecko; compatible; bingbot/2.0; +http://www.bing.com/bingbot.htm) Chrome/116.0.1938.76 Safari/537.36"
cashforcarscarrollton.com.infinitibizsol.com:443 69.197.182.50 - - [11/Jun/2025:07:25:00 +0000] "GET /wp-content/install.php HTTP/1.1" 200 16 "https://cashforcarscarrollton.com/wp-content/install.php" "Mozilla/5.0 (Windows NT 10.0; Win64; x64) AppleWebKit/537.36 (KHTML, like Gecko) Chrome/58.0.3029.110 Safari/537.3"
cashforcarscarrollton.com.infinitibizsol.com:443 208.110.64.178 - - [11/Jun/2025:07:28:19 +0000] "GET /wp-content/install.php HTTP/1.1" 200 16 "https://cashforcarscarrollton.com/wp-content/install.php" "Mozilla/5.0 (Windows NT 10.0; Win64; x64) AppleWebKit/537.36 (KHTML, like Gecko) Chrome/58.0.3029.110 Safari/537.3"
cashforcarscarrollton.com.infinitibizsol.com:443 157.55.39.14 - - [11/Jun/2025:07:29:10 +0000] "GET /Ping%20Rapture%20V2%20%20%20-%207%20Iron%20%20-%20AWT%20%20SR%20Senior%20Flex%20Steel%20%20%20/ HTTP/1.1" 200 23 "-" "Mozilla/5.0 AppleWebKit/537.36 (KHTML, like Gecko; compatible; bingbot/2.0; +http://www.bing.com/bingbot.htm) Chrome/116.0.1938.76 Safari/537.36"
cashforcarscarrollton.com.infinitibizsol.com:443 204.12.252.98 - - [11/Jun/2025:07:30:41 +0000] "GET /wp-content/install.php HTTP/1.1" 200 16 "https://cashforcarscarrollton.com/wp-content/install.php" "Mozilla/5.0 (Windows NT 10.0; Win64; x64) AppleWebKit/537.36 (KHTML, like Gecko) Chrome/58.0.3029.110 Safari/537.3"
cashforcarscarrollton.com.infinitibizsol.com:443 157.55.39.14 - - [11/Jun/2025:07:31:40 +0000] "GET /Pomegranate%20And%20Fig%20Tree%20-%20Fruit%20Trees%20Live%20Plant%20-%20Easy%20Plant%20-%20LOWEST%20PRICE%20!!%20-%20UVZFXlNZSlVZSktT/ HTTP/1.1" 200 23 "-" "Mozilla/5.0 AppleWebKit/537.36 (KHTML, like Gecko; compatible; bingbot/2.0; +http://www.bing.com/bingbot.htm) Chrome/116.0.1938.76 Safari/537.36"
cashforcarscarrollton.com.infinitibizsol.com:443 204.12.252.98 - - [11/Jun/2025:07:35:04 +0000] "GET /wp-content/install.php HTTP/1.1" 200 16 "https://cashforcarscarrollton.com/wp-content/install.php" "Mozilla/5.0 (Windows NT 10.0; Win64; x64) AppleWebKit/537.36 (KHTML, like Gecko) Chrome/58.0.3029.110 Safari/537.3"
cashforcarscarrollton.com.infinitibizsol.com:443 157.55.39.197 - - [11/Jun/2025:07:37:21 +0000] "GET /Microscale%20Industries%20MI-1%20Micro%20Set%20Solution%20for%20Decals%201%20Ounce%20Bottle%20-%20UFlEW1ZdQlpZSkVV/ HTTP/1.1" 200 23 "-" "Mozilla/5.0 AppleWebKit/537.36 (KHTML, like Gecko; compatible; bingbot/2.0; +http://www.bing.com/bingbot.htm) Chrome/116.0.1938.76 Safari/537.36"
cashforcarscarrollton.com.infinitibizsol.com:443 52.167.144.222 - - [11/Jun/2025:07:37:44 +0000] "GET /Citadel%20Technical:%20Blood%20For%20The%20Blood%20God%20-%20UllFWl9bRlFXR0Za/ HTTP/1.1" 200 23 "-" "Mozilla/5.0 AppleWebKit/537.36 (KHTML, like Gecko; compatible; bingbot/2.0; +http://www.bing.com/bingbot.htm) Chrome/116.0.1938.76 Safari/537.36"
cashforcarscarrollton.com.infinitibizsol.com:443 204.12.252.98 - - [11/Jun/2025:07:40:44 +0000] "GET /wp-content/install.php HTTP/1.1" 200 16 "https://cashforcarscarrollton.com/wp-content/install.php" "Mozilla/5.0 (Windows NT 10.0; Win64; x64) AppleWebKit/537.36 (KHTML, like Gecko) Chrome/58.0.3029.110 Safari/537.3"
cashforcarscarrollton.com.infinitibizsol.com:443 157.55.39.200 - - [11/Jun/2025:07:41:57 +0000] "GET /SEALED%20NEW%20ALLEN%20BRADLEY%20872C-DH4NP12-E2%20/D%20INDUCTIVE%20PROXIITY%20SENSOR%20-%20UlVGXlRaS1VZQ0JV/ HTTP/1.1" 200 23 "-" "Mozilla/5.0 AppleWebKit/537.36 (KHTML, like Gecko; compatible; bingbot/2.0; +http://www.bing.com/bingbot.htm) Chrome/116.0.1938.76 Safari/537.36"
cashforcarscarrollton.com.infinitibizsol.com:443 208.110.64.178 - - [11/Jun/2025:07:42:46 +0000] "GET /wp-content/install.php HTTP/1.1" 200 16 "https://cashforcarscarrollton.com/wp-content/install.php" "Mozilla/5.0 (Windows NT 10.0; Win64; x64) AppleWebKit/537.36 (KHTML, like Gecko) Chrome/58.0.3029.110 Safari/537.3"
cashforcarscarrollton.com.infinitibizsol.com:443 208.110.64.178 - - [11/Jun/2025:07:48:44 +0000] "GET /wp-content/install.php HTTP/1.1" 200 16 "https://cashforcarscarrollton.com/wp-content/install.php" "Mozilla/5.0 (Windows NT 10.0; Win64; x64) AppleWebKit/537.36 (KHTML, like Gecko) Chrome/58.0.3029.110 Safari/537.3"
cashforcarscarrollton.com.infinitibizsol.com:443 69.197.182.50 - - [11/Jun/2025:07:50:43 +0000] "GET /wp-content/install.php HTTP/1.1" 200 16 "https://cashforcarscarrollton.com/wp-content/install.php" "Mozilla/5.0 (Windows NT 10.0; Win64; x64) AppleWebKit/537.36 (KHTML, like Gecko) Chrome/58.0.3029.110 Safari/537.3"
cashforcarscarrollton.com.infinitibizsol.com:443 157.55.39.16 - - [11/Jun/2025:07:52:18 +0000] "GET /COMPLETE%20Skylander%20SWAP%20FORCE%20Game%20Figures%20Lot%20Legendary%20Dark%20Variant%20Swappables%20-%20UlhFX1NXR1dWQUpQ/ HTTP/1.1" 200 23 "-" "Mozilla/5.0 AppleWebKit/537.36 (KHTML, like Gecko; compatible; bingbot/2.0; +http://www.bing.com/bingbot.htm) Chrome/116.0.1938.76 Safari/537.36"
cashforcarscarrollton.com.infinitibizsol.com:443 108.181.202.211 - - [11/Jun/2025:07:53:17 +0000] "GET /wp-content/install.php HTTP/1.1" 200 16 "https://cashforcarscarrollton.com/wp-content/install.php" "Mozilla/5.0 (Windows NT 5.1; rv:6.0) Gecko/20100101 Firefox/6.0"
cashforcarscarrollton.com.infinitibizsol.com:443 157.55.39.63 - - [11/Jun/2025:07:54:42 +0000] "GET /iconic-replicas-1-64-peterbilt-579-sleeper-trailer-w-car-hauler-cartrans-UlJGWVNZRlZWQkNS HTTP/1.1" 200 23 "-" "Mozilla/5.0 AppleWebKit/537.36 (KHTML, like Gecko; compatible; bingbot/2.0; +http://www.bing.com/bingbot.htm) Chrome/116.0.1938.76 Safari/537.36"
cashforcarscarrollton.com.infinitibizsol.com:443 66.249.74.5 - - [11/Jun/2025:07:55:41 +0000] "GET /search.php?sitemap821.xml HTTP/1.1" 200 557804 "-" "Mozilla/5.0 (compatible; Googlebot/2.1; +http://www.google.com/bot.html)"
cashforcarscarrollton.com.infinitibizsol.com:443 208.110.64.178 - - [11/Jun/2025:07:57:32 +0000] "GET /wp-content/install.php HTTP/1.1" 200 16 "https://cashforcarscarrollton.com/wp-content/install.php" "Mozilla/5.0 (Windows NT 10.0; Win64; x64) AppleWebKit/537.36 (KHTML, like Gecko) Chrome/58.0.3029.110 Safari/537.3"
cashforcarscarrollton.com.infinitibizsol.com:443 208.110.64.178 - - [11/Jun/2025:08:00:15 +0000] "GET /wp-content/install.php HTTP/1.1" 200 6 "https://cashforcarscarrollton.com/wp-content/install.php" "Mozilla/5.0 (Windows NT 10.0; Win64; x64) AppleWebKit/537.36 (KHTML, like Gecko) Chrome/58.0.3029.110 Safari/537.3"
cashforcarscarrollton.com.infinitibizsol.com:443 52.167.144.186 - - [11/Jun/2025:08:05:06 +0000] "GET /scalextric-slot-car-ford-boss-mustang-1970-transam-1-32-nos-9-coca-cola-1-5000-V1FGWVdZRFpXREZa HTTP/1.1" 200 23 "-" "Mozilla/5.0 AppleWebKit/537.36 (KHTML, like Gecko; compatible; bingbot/2.0; +http://www.bing.com/bingbot.htm) Chrome/116.0.1938.76 Safari/537.36"
cashforcarscarrollton.com.infinitibizsol.com:443 69.197.135.226 - - [11/Jun/2025:08:05:39 +0000] "GET /wp-content/install.php HTTP/1.1" 200 16 "https://cashforcarscarrollton.com/wp-content/install.php" "Mozilla/5.0 (Windows NT 10.0; Win64; x64) AppleWebKit/537.36 (KHTML, like Gecko) Chrome/58.0.3029.110 Safari/537.3"
cashforcarscarrollton.com.infinitibizsol.com:443 157.55.39.10 - - [11/Jun/2025:08:07:13 +0000] "GET /Lacoste%20Eyeglasses%20Frames%20L2250%20714%20Tortoise%20Gold%20Aviator%20Full%20Rim%2052-19-145%20-%20UVRFXlVfSlZXRkVS/ HTTP/1.1" 200 23 "-" "Mozilla/5.0 AppleWebKit/537.36 (KHTML, like Gecko; compatible; bingbot/2.0; +http://www.bing.com/bingbot.htm) Chrome/116.0.1938.76 Safari/537.36"
cashforcarscarrollton.com.infinitibizsol.com:443 52.167.144.186 - - [11/Jun/2025:08:07:17 +0000] "GET /480v-80w-led-corn-light-bulb-e39-mogul-base-5000k-high-bay-parking-lot-lighting-UFlEX1JcRlJSRUZT HTTP/1.1" 200 23 "-" "Mozilla/5.0 AppleWebKit/537.36 (KHTML, like Gecko; compatible; bingbot/2.0; +http://www.bing.com/bingbot.htm) Chrome/116.0.1938.76 Safari/537.36"
cashforcarscarrollton.com.infinitibizsol.com:443 208.110.64.178 - - [11/Jun/2025:08:08:49 +0000] "GET /wp-content/install.php HTTP/1.1" 200 16 "https://cashforcarscarrollton.com/wp-content/install.php" "Mozilla/5.0 (Windows NT 10.0; Win64; x64) AppleWebKit/537.36 (KHTML, like Gecko) Chrome/58.0.3029.110 Safari/537.3"
cashforcarscarrollton.com.infinitibizsol.com:443 157.55.39.197 - - [11/Jun/2025:08:09:51 +0000] "GET /1PC%20YASKAWA%20AC%20SERVO%20MOTOR%20SGMJV-A5ADA2C%20NEW%20ORIGINAL%20FREE%20EXPEDITED%20SHIPPING%20-%20UFBAXF9fS1JUREta/ HTTP/1.1" 200 23 "-" "Mozilla/5.0 AppleWebKit/537.36 (KHTML, like Gecko; compatible; bingbot/2.0; +http://www.bing.com/bingbot.htm) Chrome/116.0.1938.76 Safari/537.36"
cashforcarscarrollton.com.infinitibizsol.com:443 45.227.253.15 - - [11/Jun/2025:08:13:48 +0000] "GET /index.php/jk HTTP/1.1" 500 5 "-" "Mozilla/5.0 (Macintosh; Intel Mac OS X 10.11; rv:103.0) Gecko/20100101 Firefox/102.0"
cashforcarscarrollton.com.infinitibizsol.com:443 204.12.252.98 - - [11/Jun/2025:08:14:06 +0000] "GET /wp-content/install.php HTTP/1.1" 200 16 "https://cashforcarscarrollton.com/wp-content/install.php" "Mozilla/5.0 (Windows NT 10.0; Win64; x64) AppleWebKit/537.36 (KHTML, like Gecko) Chrome/58.0.3029.110 Safari/537.3"
cashforcarscarrollton.com.infinitibizsol.com:443 207.46.13.31 - - [11/Jun/2025:08:17:05 +0000] "GET /for-lenovo-legion-5-pro-16irx8-16arx8-speaker-5sb0s32007-pk230012qg0-pk230012rg0-UFRGUFVcQFNTQkpa HTTP/1.1" 200 23 "-" "Mozilla/5.0 AppleWebKit/537.36 (KHTML, like Gecko; compatible; bingbot/2.0; +http://www.bing.com/bingbot.htm) Chrome/116.0.1938.76 Safari/537.36"
cashforcarscarrollton.com.infinitibizsol.com:443 204.12.252.98 - - [11/Jun/2025:08:17:18 +0000] "GET /wp-content/install.php HTTP/1.1" 200 16 "https://cashforcarscarrollton.com/wp-content/install.php" "Mozilla/5.0 (Windows NT 10.0; Win64; x64) AppleWebKit/537.36 (KHTML, like Gecko) Chrome/58.0.3029.110 Safari/537.3"
cashforcarscarrollton.com.infinitibizsol.com:443 207.46.13.31 - - [11/Jun/2025:08:17:26 +0000] "GET /Liqui%20Moly%202041%20Synthoil%20Premium%20SAE%205W-40,%205%20Liter%20-%20UFFGUFBeQFZXQUVV/ HTTP/1.1" 200 23 "-" "Mozilla/5.0 AppleWebKit/537.36 (KHTML, like Gecko; compatible; bingbot/2.0; +http://www.bing.com/bingbot.htm) Chrome/116.0.1938.76 Safari/537.36"
cashforcarscarrollton.com.infinitibizsol.com:443 157.55.39.52 - - [11/Jun/2025:08:18:21 +0000] "GET /EASTERLING%20ARMY%20HOST!%2030%2028mm%20MTO%20lord%20of%20the%20rings%20warhammer%20ProPainted%20MESBG%20-%20UFBGUFBfR1tSQERQ/ HTTP/1.1" 200 23 "-" "Mozilla/5.0 AppleWebKit/537.36 (KHTML, like Gecko; compatible; bingbot/2.0; +http://www.bing.com/bingbot.htm) Chrome/116.0.1938.76 Safari/537.36"
cashforcarscarrollton.com.infinitibizsol.com:443 157.55.39.52 - - [11/Jun/2025:08:18:51 +0000] "GET /Kumamon%20BT7-021%20C%20Digimon%20CCG%20%7C%20Next%20Adventure%20Near%20Mint%20English%20-%20UllGUF9fS1tXQ0Bb/ HTTP/1.1" 200 23 "-" "Mozilla/5.0 AppleWebKit/537.36 (KHTML, like Gecko; compatible; bingbot/2.0; +http://www.bing.com/bingbot.htm) Chrome/116.0.1938.76 Safari/537.36"
cashforcarscarrollton.com.infinitibizsol.com:443 157.55.39.52 - - [11/Jun/2025:08:20:41 +0000] "GET /fenix-e03r-v2-0-500-lumen-rechargeable-keychain-flashlight-with-red-led-UFJGXlFbQVdTR0FQ HTTP/1.1" 200 23 "-" "Mozilla/5.0 AppleWebKit/537.36 (KHTML, like Gecko; compatible; bingbot/2.0; +http://www.bing.com/bingbot.htm) Chrome/116.0.1938.76 Safari/537.36"
cashforcarscarrollton.com.infinitibizsol.com:443 157.55.39.52 - - [11/Jun/2025:08:22:02 +0000] "GET /4-burnt-tip-stainless-steel-exhaust-catback-system-for-01-05-altezza-is300-xe10-UFhBWVdbSlZQRENT HTTP/1.1" 200 23 "-" "Mozilla/5.0 AppleWebKit/537.36 (KHTML, like Gecko; compatible; bingbot/2.0; +http://www.bing.com/bingbot.htm) Chrome/116.0.1938.76 Safari/537.36"
cashforcarscarrollton.com.infinitibizsol.com:443 69.197.135.226 - - [11/Jun/2025:08:22:59 +0000] "GET /wp-content/install.php HTTP/1.1" 200 16 "https://cashforcarscarrollton.com/wp-content/install.php" "Mozilla/5.0 (Windows NT 10.0; Win64; x64) AppleWebKit/537.36 (KHTML, like Gecko) Chrome/58.0.3029.110 Safari/537.3"
cashforcarscarrollton.com.infinitibizsol.com:443 156.242.39.123 - - [11/Jun/2025:08:27:30 +0000] "GET /wp-json/wp/v2/users HTTP/1.1" 200 313 "https://www.google.com" "Mozilla/5.0 (X11; Linux x86_64) AppleWebKit/537.36 (KHTML, like Gecko) Chrome/119.0.0.0 Safari/537.36"
cashforcarscarrollton.com.infinitibizsol.com:443 156.242.39.123 - - [11/Jun/2025:08:27:32 +0000] "GET /?author=1 HTTP/1.1" 200 311 "https://www.google.com" "Mozilla/5.0 (X11; Linux x86_64) AppleWebKit/537.36 (KHTML, like Gecko) Chrome/119.0.0.0 Safari/537.36"
cashforcarscarrollton.com.infinitibizsol.com:443 156.242.39.123 - - [11/Jun/2025:08:27:33 +0000] "GET /wp-login.php HTTP/1.1" 200 313 "https://www.google.com" "Mozilla/5.0 (X11; Linux x86_64) AppleWebKit/537.36 (KHTML, like Gecko) Chrome/119.0.0.0 Safari/537.36"
cashforcarscarrollton.com.infinitibizsol.com:443 156.242.39.123 - - [11/Jun/2025:08:27:35 +0000] "GET /wp-login.php HTTP/1.1" 200 313 "https://www.google.com" "Mozilla/5.0 (X11; Linux x86_64) AppleWebKit/537.36 (KHTML, like Gecko) Chrome/119.0.0.0 Safari/537.36"
cashforcarscarrollton.com.infinitibizsol.com:443 156.242.39.123 - - [11/Jun/2025:08:27:36 +0000] "GET /wp-login.php HTTP/1.1" 200 313 "https://www.google.com" "Mozilla/5.0 (X11; Linux x86_64) AppleWebKit/537.36 (KHTML, like Gecko) Chrome/119.0.0.0 Safari/537.36"
cashforcarscarrollton.com.infinitibizsol.com:443 208.110.64.178 - - [11/Jun/2025:08:28:51 +0000] "GET /wp-content/install.php HTTP/1.1" 200 16 "https://cashforcarscarrollton.com/wp-content/install.php" "Mozilla/5.0 (Windows NT 10.0; Win64; x64) AppleWebKit/537.36 (KHTML, like Gecko) Chrome/58.0.3029.110 Safari/537.3"
cashforcarscarrollton.com.infinitibizsol.com:443 207.46.13.155 - - [11/Jun/2025:08:30:56 +0000] "GET /BLUE%20CRAB%20Unique%20Door%20Knocker%20MICHAEL%20HEALY%20DESIGNS%20Brass%20NEW%20with%20Free%20Shipping%20-%20UVFHUV9ZRVNSRUZR/ HTTP/1.1" 200 23 "-" "Mozilla/5.0 AppleWebKit/537.36 (KHTML, like Gecko; compatible; bingbot/2.0; +http://www.bing.com/bingbot.htm) Chrome/116.0.1938.76 Safari/537.36"
cashforcarscarrollton.com.infinitibizsol.com:443 69.197.182.50 - - [11/Jun/2025:08:33:22 +0000] "GET /wp-content/install.php HTTP/1.1" 200 16 "https://cashforcarscarrollton.com/wp-content/install.php" "Mozilla/5.0 (Windows NT 10.0; Win64; x64) AppleWebKit/537.36 (KHTML, like Gecko) Chrome/58.0.3029.110 Safari/537.3"
cashforcarscarrollton.com.infinitibizsol.com:443 157.55.39.11 - - [11/Jun/2025:08:33:46 +0000] "GET /PHOENIX%20CONTACT%20ST-OE2-24DC/48DC/100%202911692%2024VDC%20NSNP%20-%20UlRFXF5aS1pTQUZW/ HTTP/1.1" 200 23 "-" "Mozilla/5.0 AppleWebKit/537.36 (KHTML, like Gecko; compatible; bingbot/2.0; +http://www.bing.com/bingbot.htm) Chrome/116.0.1938.76 Safari/537.36"
cashforcarscarrollton.com.infinitibizsol.com:443 207.46.13.127 - - [11/Jun/2025:08:35:06 +0000] "GET /life-sentence-the-brief-and-tragic-career-of-baltimores-deadliest-gang-leader-RkVBGlNZQ1xTX0RU HTTP/1.1" 200 23 "-" "Mozilla/5.0 AppleWebKit/537.36 (KHTML, like Gecko; compatible; bingbot/2.0; +http://www.bing.com/bingbot.htm) Chrome/116.0.1938.76 Safari/537.36"
cashforcarscarrollton.com.infinitibizsol.com:443 208.110.64.178 - - [11/Jun/2025:08:35:38 +0000] "GET /wp-content/install.php HTTP/1.1" 200 16 "https://cashforcarscarrollton.com/wp-content/install.php" "Mozilla/5.0 (Windows NT 10.0; Win64; x64) AppleWebKit/537.36 (KHTML, like Gecko) Chrome/58.0.3029.110 Safari/537.3"
cashforcarscarrollton.com.infinitibizsol.com:443 69.197.182.50 - - [11/Jun/2025:08:41:32 +0000] "GET /wp-content/install.php HTTP/1.1" 200 16 "https://cashforcarscarrollton.com/wp-content/install.php" "Mozilla/5.0 (Windows NT 10.0; Win64; x64) AppleWebKit/537.36 (KHTML, like Gecko) Chrome/58.0.3029.110 Safari/537.3"
cashforcarscarrollton.com.infinitibizsol.com:443 208.110.64.178 - - [11/Jun/2025:08:45:10 +0000] "GET /wp-content/install.php HTTP/1.1" 200 16 "https://cashforcarscarrollton.com/wp-content/install.php" "Mozilla/5.0 (Windows NT 10.0; Win64; x64) AppleWebKit/537.36 (KHTML, like Gecko) Chrome/58.0.3029.110 Safari/537.3"
cashforcarscarrollton.com.infinitibizsol.com:443 66.249.74.5 - - [11/Jun/2025:08:45:14 +0000] "GET /products/29wv40878 HTTP/1.1" 200 124359 "-" "Mozilla/5.0 (Linux; Android 6.0.1; Nexus 5X Build/MMB29P) AppleWebKit/537.36 (KHTML, like Gecko) Chrome/136.0.7103.113 Mobile Safari/537.36 (compatible; GoogleOther)"
cashforcarscarrollton.com.infinitibizsol.com:443 157.55.39.62 - - [11/Jun/2025:08:46:44 +0000] "GET /Chinese%20Communist%20Espionage:%20An%20Intelligence%20Primer%20HC%20Peter%20Mattis%202019%20-%20UFBGX1VcSlBSRUFR/ HTTP/1.1" 200 23 "-" "Mozilla/5.0 AppleWebKit/537.36 (KHTML, like Gecko; compatible; bingbot/2.0; +http://www.bing.com/bingbot.htm) Chrome/116.0.1938.76 Safari/537.36"
cashforcarscarrollton.com.infinitibizsol.com:443 40.77.167.71 - - [11/Jun/2025:08:47:41 +0000] "GET /Odor%20Eliminator%20for%20Strong%20Odor%20Charcoal%20Absorber%20Flatulence%20Deodorizer%2015%20Piece%20-%20UllFXlVYQlJTQEpR/ HTTP/1.1" 200 23 "-" "Mozilla/5.0 AppleWebKit/537.36 (KHTML, like Gecko; compatible; bingbot/2.0; +http://www.bing.com/bingbot.htm) Chrome/116.0.1938.76 Safari/537.36"
cashforcarscarrollton.com.infinitibizsol.com:443 157.55.39.11 - - [11/Jun/2025:08:50:08 +0000] "GET /US%20Forge%20Propane%20for%20Knifemaking%20Blacksmith%202%20YRS%20WARRANTY%20-%20UldAXV5bRltVRUJW/ HTTP/1.1" 200 23 "-" "Mozilla/5.0 AppleWebKit/537.36 (KHTML, like Gecko; compatible; bingbot/2.0; +http://www.bing.com/bingbot.htm) Chrome/116.0.1938.76 Safari/537.36"
cashforcarscarrollton.com.infinitibizsol.com:443 40.77.167.71 - - [11/Jun/2025:08:50:31 +0000] "GET /cast-iron-5-single-groove-belt-b-section-5l-pulley-w-1-3-16-sheave-bushing-UVhFX1NdSlRSS0tV HTTP/1.1" 200 23 "-" "Mozilla/5.0 AppleWebKit/537.36 (KHTML, like Gecko; compatible; bingbot/2.0; +http://www.bing.com/bingbot.htm) Chrome/116.0.1938.76 Safari/537.36"
cashforcarscarrollton.com.infinitibizsol.com:443 69.197.135.226 - - [11/Jun/2025:08:52:13 +0000] "GET /wp-content/install.php HTTP/1.1" 200 16 "https://cashforcarscarrollton.com/wp-content/install.php" "Mozilla/5.0 (Windows NT 10.0; Win64; x64) AppleWebKit/537.36 (KHTML, like Gecko) Chrome/58.0.3029.110 Safari/537.3"
cashforcarscarrollton.com.infinitibizsol.com:443 52.167.144.188 - - [11/Jun/2025:08:54:13 +0000] "GET /nothing-cmf-phone-1-a015-256gb-8gb-ram-factory-unlocked-6-67-50mp-global-UVNFWlBaRFZYRUJa HTTP/1.1" 200 23 "-" "Mozilla/5.0 AppleWebKit/537.36 (KHTML, like Gecko; compatible; bingbot/2.0; +http://www.bing.com/bingbot.htm) Chrome/116.0.1938.76 Safari/537.36"
cashforcarscarrollton.com.infinitibizsol.com:443 66.249.74.3 - - [11/Jun/2025:08:55:15 +0000] "GET /items/quehh52/26282?key=solid HTTP/1.1" 200 142914 "-" "Mozilla/5.0 (Linux; Android 6.0.1; Nexus 5X Build/MMB29P) AppleWebKit/537.36 (KHTML, like Gecko) Chrome/136.0.7103.113 Mobile Safari/537.36 (compatible; GoogleOther)"
cashforcarscarrollton.com.infinitibizsol.com:443 157.55.39.202 - - [11/Jun/2025:08:55:55 +0000] "GET /OLAPLEX%20No.%203%20Hair%20Perfector%203.3%20oz%20Hair%20Care%20-%20Brand%20New%20(Sealed)%20Authentic%20-%20UVRFXFZYQlJZR0BS/ HTTP/1.1" 200 23 "-" "Mozilla/5.0 AppleWebKit/537.36 (KHTML, like Gecko; compatible; bingbot/2.0; +http://www.bing.com/bingbot.htm) Chrome/116.0.1938.76 Safari/537.36"
cashforcarscarrollton.com.infinitibizsol.com:443 157.55.39.201 - - [11/Jun/2025:08:59:15 +0000] "GET /Lot%20of%20100%20TINY%20Seashells%20-%20Over%208%20Types%20-%20Under%201/2%22%20-%20Sanibel%20Island%20FL%20-%20UVdEWFVWQltZRkBQ/ HTTP/1.1" 200 23 "-" "Mozilla/5.0 AppleWebKit/537.36 (KHTML, like Gecko; compatible; bingbot/2.0; +http://www.bing.com/bingbot.htm) Chrome/116.0.1938.76 Safari/537.36"
cashforcarscarrollton.com.infinitibizsol.com:443 69.197.182.50 - - [11/Jun/2025:08:59:38 +0000] "GET /wp-content/install.php HTTP/1.1" 200 16 "https://cashforcarscarrollton.com/wp-content/install.php" "Mozilla/5.0 (Windows NT 10.0; Win64; x64) AppleWebKit/537.36 (KHTML, like Gecko) Chrome/58.0.3029.110 Safari/537.3"
cashforcarscarrollton.com.infinitibizsol.com:443 208.110.64.178 - - [11/Jun/2025:09:01:05 +0000] "GET /wp-content/install.php HTTP/1.1" 200 16 "https://cashforcarscarrollton.com/wp-content/install.php" "Mozilla/5.0 (Windows NT 10.0; Win64; x64) AppleWebKit/537.36 (KHTML, like Gecko) Chrome/58.0.3029.110 Safari/537.3"
cashforcarscarrollton.com.infinitibizsol.com:443 157.55.39.201 - - [11/Jun/2025:09:04:46 +0000] "GET /5PC%20Front%20Rear%20Cargo%20Liner%20Semi%20Custom%20Heavy%20Duty%20Rubber%20Floor%20Mats%20Carpet%20Black%20-%20UFFHW1dcRlJXQkZW/ HTTP/1.1" 200 23 "-" "Mozilla/5.0 AppleWebKit/537.36 (KHTML, like Gecko; compatible; bingbot/2.0; +http://www.bing.com/bingbot.htm) Chrome/116.0.1938.76 Safari/537.36"
cashforcarscarrollton.com.infinitibizsol.com:443 157.55.39.201 - - [11/Jun/2025:09:07:06 +0000] "GET /dragon-1-350-scale-uss-arleigh-burke-ddg-51-model-kit-partially-built-up-UlZFX1BcSlVRQ0BX HTTP/1.1" 200 23 "-" "Mozilla/5.0 AppleWebKit/537.36 (KHTML, like Gecko; compatible; bingbot/2.0; +http://www.bing.com/bingbot.htm) Chrome/116.0.1938.76 Safari/537.36"
cashforcarscarrollton.com.infinitibizsol.com:443 66.249.74.5 - - [11/Jun/2025:09:07:37 +0000] "GET /items/zbuvl153/32179?key=tendency HTTP/1.1" 200 120782 "-" "Mozilla/5.0 (Linux; Android 6.0.1; Nexus 5X Build/MMB29P) AppleWebKit/537.36 (KHTML, like Gecko) Chrome/136.0.7103.113 Mobile Safari/537.36 (compatible; GoogleOther)"
cashforcarscarrollton.com.infinitibizsol.com:443 69.197.135.226 - - [11/Jun/2025:09:07:56 +0000] "GET /wp-content/install.php HTTP/1.1" 200 16 "https://cashforcarscarrollton.com/wp-content/install.php" "Mozilla/5.0 (Windows NT 10.0; Win64; x64) AppleWebKit/537.36 (KHTML, like Gecko) Chrome/58.0.3029.110 Safari/537.3"
cashforcarscarrollton.com.infinitibizsol.com:443 157.55.39.201 - - [11/Jun/2025:09:08:36 +0000] "GET /Roux%20Fanci-Full%20Instant%20Temporary%20Hair%20Color%20Rinse%20/ HTTP/1.1" 200 23 "-" "Mozilla/5.0 AppleWebKit/537.36 (KHTML, like Gecko; compatible; bingbot/2.0; +http://www.bing.com/bingbot.htm) Chrome/116.0.1938.76 Safari/537.36"
cashforcarscarrollton.com.infinitibizsol.com:443 80.85.245.5 - - [11/Jun/2025:09:11:24 +0000] "GET / HTTP/1.1" 500 0 "-" "Mozilla/5.0 (Macintosh; Intel Mac OS X 10_15_7) AppleWebKit/537.36 (KHTML, like Gecko) Chrome/133.0.0.0 Safari/537.36"
cashforcarscarrollton.com.infinitibizsol.com:443 157.55.39.11 - - [11/Jun/2025:09:12:00 +0000] "GET /mercedes%20w202%20wood%20center,astray%20and%20storage%20-%20UVRFWVdfQVFXSktb/ HTTP/1.1" 200 23 "-" "Mozilla/5.0 AppleWebKit/537.36 (KHTML, like Gecko; compatible; bingbot/2.0; +http://www.bing.com/bingbot.htm) Chrome/116.0.1938.76 Safari/537.36"
cashforcarscarrollton.com.infinitibizsol.com:443 66.249.74.3 - - [11/Jun/2025:09:14:39 +0000] "GET /items/wsncb246/35980?key=fraction HTTP/1.1" 200 163013 "-" "Mozilla/5.0 (Linux; Android 6.0.1; Nexus 5X Build/MMB29P) AppleWebKit/537.36 (KHTML, like Gecko) Chrome/136.0.7103.113 Mobile Safari/537.36 (compatible; GoogleOther)"
cashforcarscarrollton.com.infinitibizsol.com:443 208.110.64.178 - - [11/Jun/2025:09:17:58 +0000] "GET /wp-content/install.php HTTP/1.1" 200 16 "https://cashforcarscarrollton.com/wp-content/install.php" "Mozilla/5.0 (Windows NT 10.0; Win64; x64) AppleWebKit/537.36 (KHTML, like Gecko) Chrome/58.0.3029.110 Safari/537.3"
cashforcarscarrollton.com.infinitibizsol.com:443 52.167.144.194 - - [11/Jun/2025:09:18:43 +0000] "GET /DISCIPLINE%20AT%20EVERY%20WORKPLACE%20%20SOVIET%20CONSTRUCTIVISM%20BOLSHEVIKS%20FINE%20ARTS%20POSTER%20-%20UFBGUFRbQFtTSkZS/ HTTP/1.1" 200 23 "-" "Mozilla/5.0 AppleWebKit/537.36 (KHTML, like Gecko; compatible; bingbot/2.0; +http://www.bing.com/bingbot.htm) Chrome/116.0.1938.76 Safari/537.36"
cashforcarscarrollton.com.infinitibizsol.com:443 69.197.135.226 - - [11/Jun/2025:09:21:07 +0000] "GET /wp-content/install.php HTTP/1.1" 200 16 "https://cashforcarscarrollton.com/wp-content/install.php" "Mozilla/5.0 (Windows NT 10.0; Win64; x64) AppleWebKit/537.36 (KHTML, like Gecko) Chrome/58.0.3029.110 Safari/537.3"
cashforcarscarrollton.com.infinitibizsol.com:443 207.46.13.150 - - [11/Jun/2025:09:22:38 +0000] "GET /neca-tmnt-fodder-female-head-ultimate-april-o-neil-blindfolded-2023-haulathon-UVFGWldaQlBTR0RX HTTP/1.1" 200 23 "-" "Mozilla/5.0 AppleWebKit/537.36 (KHTML, like Gecko; compatible; bingbot/2.0; +http://www.bing.com/bingbot.htm) Chrome/116.0.1938.76 Safari/537.36"
cashforcarscarrollton.com.infinitibizsol.com:443 207.46.13.150 - - [11/Jun/2025:09:22:47 +0000] "GET /TOMIX%20Ngauge%20E233-1000%20Keihin%20Tohoku%20Line%20Hematopoiesis%204-Car%20Set%20II%2092350%20-%20UVlFWVVWQlNXQEda/ HTTP/1.1" 200 23 "-" "Mozilla/5.0 AppleWebKit/537.36 (KHTML, like Gecko; compatible; bingbot/2.0; +http://www.bing.com/bingbot.htm) Chrome/116.0.1938.76 Safari/537.36"
cashforcarscarrollton.com.infinitibizsol.com:443 52.167.144.194 - - [11/Jun/2025:09:22:54 +0000] "GET /aesthetics-of-the-moment-the-poet-as-overcomer-of-time-from-goethe-to-h-V1FGXFdfQVRRSkVV HTTP/1.1" 200 23 "-" "Mozilla/5.0 AppleWebKit/537.36 (KHTML, like Gecko; compatible; bingbot/2.0; +http://www.bing.com/bingbot.htm) Chrome/116.0.1938.76 Safari/537.36"
cashforcarscarrollton.com.infinitibizsol.com:443 69.197.182.50 - - [11/Jun/2025:09:26:09 +0000] "GET /wp-content/install.php HTTP/1.1" 200 16 "https://cashforcarscarrollton.com/wp-content/install.php" "Mozilla/5.0 (Windows NT 10.0; Win64; x64) AppleWebKit/537.36 (KHTML, like Gecko) Chrome/58.0.3029.110 Safari/537.3"
cashforcarscarrollton.com.infinitibizsol.com:443 207.46.13.150 - - [11/Jun/2025:09:27:28 +0000] "GET /geprc-mark4-lr7-analog-tbsnanorx-7-inch-fpv-drone-kit-rad-5-8g-1-6w-vtx-drone-UFdHXlVaRFRSREpU HTTP/1.1" 200 13 "-" "Mozilla/5.0 AppleWebKit/537.36 (KHTML, like Gecko; compatible; bingbot/2.0; +http://www.bing.com/bingbot.htm) Chrome/116.0.1938.76 Safari/537.36"
cashforcarscarrollton.com.infinitibizsol.com:80 43.166.136.24 - - [11/Jun/2025:09:29:03 +0000] "GET / HTTP/1.1" 500 5 "-" "Mozilla/5.0 (iPhone; CPU iPhone OS 13_2_3 like Mac OS X) AppleWebKit/605.1.15 (KHTML, like Gecko) Version/13.0.3 Mobile/15E148 Safari/604.1"
cashforcarscarrollton.com.infinitibizsol.com:443 207.46.13.52 - - [11/Jun/2025:09:29:52 +0000] "GET /Rifts%20Worldbook%207.:%20Rifts%20Undersea%20by%20C.%20J.%20Carella%20and%20Kevin%20Siembieda%20(1995)%20-%20UFFGUFBXQVRWREZT/ HTTP/1.1" 200 23 "-" "Mozilla/5.0 AppleWebKit/537.36 (KHTML, like Gecko; compatible; bingbot/2.0; +http://www.bing.com/bingbot.htm) Chrome/116.0.1938.76 Safari/537.36"
cashforcarscarrollton.com.infinitibizsol.com:443 207.46.13.52 - - [11/Jun/2025:09:30:32 +0000] "GET /New%20replacement%20WG320240B0-TFHTZ%205.7inch%20320*240%20LCD%20Panel%2090%20days%20warranty%20-%20UVFHXl5aS1ZQRUZV/ HTTP/1.1" 200 23 "-" "Mozilla/5.0 AppleWebKit/537.36 (KHTML, like Gecko; compatible; bingbot/2.0; +http://www.bing.com/bingbot.htm) Chrome/116.0.1938.76 Safari/537.36"
cashforcarscarrollton.com.infinitibizsol.com:443 187.19.225.231 - - [11/Jun/2025:09:30:39 +0000] "POST /xmlrpc.php HTTP/1.1" 500 5 "-" "Mozilla/5.0 (Windows NT 10.0; Win64; x64) AppleWebKit/537.36 (KHTML, like Gecko) Chrome/91.0.4472.124 Safari/537.36"
cashforcarscarrollton.com.infinitibizsol.com:443 40.77.167.51 - - [11/Jun/2025:09:33:14 +0000] "GET /Garden%20Weasel%20Rotary%20Cultivator%20with%20Detachable%20Tines%20-%20Long%20Handle%20%7C%20Aerate%20-%20UFhGUFNXQlZZQUtR/ HTTP/1.1" 200 23 "-" "Mozilla/5.0 AppleWebKit/537.36 (KHTML, like Gecko; compatible; bingbot/2.0; +http://www.bing.com/bingbot.htm) Chrome/116.0.1938.76 Safari/537.36"
cashforcarscarrollton.com.infinitibizsol.com:443 108.181.202.211 - - [11/Jun/2025:09:33:50 +0000] "GET /wp-content/install.php HTTP/1.1" 200 16 "https://cashforcarscarrollton.com/wp-content/install.php" "Mozilla/5.0 (Macintosh; Intel Mac OS X 10_6_8) AppleWebKit/534.30 (KHTML, like Gecko) Chrome/12.0.742.112 Safari/534.30"
cashforcarscarrollton.com.infinitibizsol.com:443 207.46.13.52 - - [11/Jun/2025:09:33:52 +0000] "GET /5X%20200W%20UFO%20LED%20High%20Bay%20Light%20Factory%20Warehouse%20Industrial%20Workshop%20Shed%20Mall%20-%20UldFUVNeQ1pSRUpQ/ HTTP/1.1" 200 23 "-" "Mozilla/5.0 AppleWebKit/537.36 (KHTML, like Gecko; compatible; bingbot/2.0; +http://www.bing.com/bingbot.htm) Chrome/116.0.1938.76 Safari/537.36"
cashforcarscarrollton.com.infinitibizsol.com:443 207.46.13.52 - - [11/Jun/2025:09:34:12 +0000] "GET /capacitor-contactor-7-5kvar-1z-1r-230v-ac-cp-cem7-5cn-11-230v-50hz-004643800-UFhFWF5aSlNXQkFV HTTP/1.1" 200 23 "-" "Mozilla/5.0 AppleWebKit/537.36 (KHTML, like Gecko; compatible; bingbot/2.0; +http://www.bing.com/bingbot.htm) Chrome/116.0.1938.76 Safari/537.36"
cashforcarscarrollton.com.infinitibizsol.com:443 208.110.64.178 - - [11/Jun/2025:09:34:27 +0000] "GET /wp-content/install.php HTTP/1.1" 200 16 "https://cashforcarscarrollton.com/wp-content/install.php" "Mozilla/5.0 (Windows NT 10.0; Win64; x64) AppleWebKit/537.36 (KHTML, like Gecko) Chrome/58.0.3029.110 Safari/537.3"
cashforcarscarrollton.com.infinitibizsol.com:443 207.46.13.52 - - [11/Jun/2025:09:34:32 +0000] "GET /The%20Forbes%20Family%20-%20A%20Forbes%20Family%20Treasury,%20Vol.%202%20%5BNew%20CD%5D%20-%20UFdCXFdcQ1tRQEdS/ HTTP/1.1" 200 13 "-" "Mozilla/5.0 AppleWebKit/537.36 (KHTML, like Gecko; compatible; bingbot/2.0; +http://www.bing.com/bingbot.htm) Chrome/116.0.1938.76 Safari/537.36"
cashforcarscarrollton.com.infinitibizsol.com:443 69.197.182.50 - - [11/Jun/2025:09:38:12 +0000] "GET /wp-content/install.php HTTP/1.1" 200 16 "https://cashforcarscarrollton.com/wp-content/install.php" "Mozilla/5.0 (Windows NT 10.0; Win64; x64) AppleWebKit/537.36 (KHTML, like Gecko) Chrome/58.0.3029.110 Safari/537.3"
cashforcarscarrollton.com.infinitibizsol.com:443 66.249.74.4 - - [11/Jun/2025:09:45:58 +0000] "GET /items/anikf160/36554?key=projection HTTP/1.1" 200 126512 "-" "Mozilla/5.0 (Linux; Android 6.0.1; Nexus 5X Build/MMB29P) AppleWebKit/537.36 (KHTML, like Gecko) Chrome/136.0.7103.113 Mobile Safari/537.36 (compatible; GoogleOther)"
cashforcarscarrollton.com.infinitibizsol.com:443 204.12.252.98 - - [11/Jun/2025:09:47:23 +0000] "GET /wp-content/install.php HTTP/1.1" 200 16 "https://cashforcarscarrollton.com/wp-content/install.php" "Mozilla/5.0 (Windows NT 10.0; Win64; x64) AppleWebKit/537.36 (KHTML, like Gecko) Chrome/58.0.3029.110 Safari/537.3"
cashforcarscarrollton.com.infinitibizsol.com:443 66.249.74.5 - - [11/Jun/2025:09:48:59 +0000] "GET /products/110ho4093 HTTP/1.1" 200 116346 "-" "Mozilla/5.0 (Linux; Android 6.0.1; Nexus 5X Build/MMB29P) AppleWebKit/537.36 (KHTML, like Gecko) Chrome/136.0.7103.113 Mobile Safari/537.36 (compatible; GoogleOther)"
cashforcarscarrollton.com.infinitibizsol.com:80 124.226.222.66 - - [11/Jun/2025:09:49:33 +0000] "GET / HTTP/1.1" 500 5 "-" "Mozilla/5.0 (iPhone; CPU iPhone OS 13_2_3 like Mac OS X) AppleWebKit/605.1.15 (KHTML, like Gecko) Version/13.0.3 Mobile/15E148 Safari/604.1"
cashforcarscarrollton.com.infinitibizsol.com:443 207.46.13.150 - - [11/Jun/2025:09:51:04 +0000] "GET /45rpm-ccr-good-golly-miss-molly-vg-cover-rec-rare-french-press-UVJGX1dfQVNTR0RS HTTP/1.1" 200 23 "-" "Mozilla/5.0 AppleWebKit/537.36 (KHTML, like Gecko; compatible; bingbot/2.0; +http://www.bing.com/bingbot.htm) Chrome/116.0.1938.76 Safari/537.36"
cashforcarscarrollton.com.infinitibizsol.com:443 207.46.13.150 - - [11/Jun/2025:09:51:44 +0000] "GET /Professional%20Electrotherapy%20Physical%20StressRelief%20Therapy%20Machine%204%20channel%20unit%20-%20UllHWl9eSldSR0VW/ HTTP/1.1" 200 23 "-" "Mozilla/5.0 AppleWebKit/537.36 (KHTML, like Gecko; compatible; bingbot/2.0; +http://www.bing.com/bingbot.htm) Chrome/116.0.1938.76 Safari/537.36"
cashforcarscarrollton.com.infinitibizsol.com:443 66.249.74.4 - - [11/Jun/2025:09:52:22 +0000] "GET /items/gcksd19/26873?key=mathematics HTTP/1.1" 200 140033 "-" "Mozilla/5.0 (Linux; Android 6.0.1; Nexus 5X Build/MMB29P) AppleWebKit/537.36 (KHTML, like Gecko) Chrome/136.0.7103.113 Mobile Safari/537.36 (compatible; GoogleOther)"
cashforcarscarrollton.com.infinitibizsol.com:443 207.46.13.150 - - [11/Jun/2025:09:53:00 +0000] "GET /international-farmall-a-av-b-bn-super-a-tractor-service-repair-shop-manual-book-UllAW19YQVBWQURX HTTP/1.1" 200 23 "-" "Mozilla/5.0 AppleWebKit/537.36 (KHTML, like Gecko; compatible; bingbot/2.0; +http://www.bing.com/bingbot.htm) Chrome/116.0.1938.76 Safari/537.36"
cashforcarscarrollton.com.infinitibizsol.com:443 69.197.182.50 - - [11/Jun/2025:09:54:06 +0000] "GET /wp-content/install.php HTTP/1.1" 200 16 "https://cashforcarscarrollton.com/wp-content/install.php" "Mozilla/5.0 (Windows NT 10.0; Win64; x64) AppleWebKit/537.36 (KHTML, like Gecko) Chrome/58.0.3029.110 Safari/537.3"
cashforcarscarrollton.com.infinitibizsol.com:443 66.249.74.5 - - [11/Jun/2025:09:55:37 +0000] "GET /items/nbnky212/49398?key=angle HTTP/1.1" 200 132553 "-" "Mozilla/5.0 (Linux; Android 6.0.1; Nexus 5X Build/MMB29P) AppleWebKit/537.36 (KHTML, like Gecko) Chrome/136.0.7103.113 Mobile Safari/537.36 (compatible; GoogleOther)"
cashforcarscarrollton.com.infinitibizsol.com:443 207.46.13.150 - - [11/Jun/2025:09:59:15 +0000] "GET /Puss%20in%20Boots%20The%20Last%20Wish%20Blu-ray%20%20%20Dvd%20%20%20Digital%20,%20Collector%20%20Edition%20%20Antoni%20-%20UFZGWV9eR1dZSkNW/ HTTP/1.1" 200 23 "-" "Mozilla/5.0 AppleWebKit/537.36 (KHTML, like Gecko; compatible; bingbot/2.0; +http://www.bing.com/bingbot.htm) Chrome/116.0.1938.76 Safari/537.36"
cashforcarscarrollton.com.infinitibizsol.com:443 40.77.167.47 - - [11/Jun/2025:09:59:19 +0000] "GET /Yugioh%20Number%20107:%20Galaxy-Eyes%20Tachyon%20Dragon%20DP29-JP011%20Quarter%20Century%20Japan%20-%20UVlGUFFaS1RXREVV/ HTTP/1.1" 200 23 "-" "Mozilla/5.0 AppleWebKit/537.36 (KHTML, like Gecko; compatible; bingbot/2.0; +http://www.bing.com/bingbot.htm) Chrome/116.0.1938.76 Safari/537.36"
cashforcarscarrollton.com.infinitibizsol.com:443 207.46.13.92 - - [11/Jun/2025:10:04:12 +0000] "GET /VEVOR%20Pool%20Cover%20Pump%20Submersible%20Swimming%201/10%20HP%2075W%20540%20GPH%20with%2025%20ft%20Cord%20-%20V1FHW15bQ1pYQkdb/ HTTP/1.1" 200 23 "-" "Mozilla/5.0 AppleWebKit/537.36 (KHTML, like Gecko; compatible; bingbot/2.0; +http://www.bing.com/bingbot.htm) Chrome/116.0.1938.76 Safari/537.36"
cashforcarscarrollton.com.infinitibizsol.com:443 207.46.13.92 - - [11/Jun/2025:10:05:02 +0000] "GET /Rusk%20Thickr%20Thickening%20Hairspray%20for%20Fine%20Hair%2010.6%20Oz%20-%20UVNFWlVaQ1VVQkRa/ HTTP/1.1" 200 23 "-" "Mozilla/5.0 AppleWebKit/537.36 (KHTML, like Gecko; compatible; bingbot/2.0; +http://www.bing.com/bingbot.htm) Chrome/116.0.1938.76 Safari/537.36"
cashforcarscarrollton.com.infinitibizsol.com:443 40.77.167.47 - - [11/Jun/2025:10:05:20 +0000] "GET /annie-blu-ray-disc-1981-30th-anniversary-sing-along-edition-UVhFUVRWQVtYRkBa HTTP/1.1" 200 23 "-" "Mozilla/5.0 AppleWebKit/537.36 (KHTML, like Gecko; compatible; bingbot/2.0; +http://www.bing.com/bingbot.htm) Chrome/116.0.1938.76 Safari/537.36"
cashforcarscarrollton.com.infinitibizsol.com:443 69.197.182.50 - - [11/Jun/2025:10:05:35 +0000] "GET /wp-content/install.php HTTP/1.1" 200 16 "https://cashforcarscarrollton.com/wp-content/install.php" "Mozilla/5.0 (Windows NT 10.0; Win64; x64) AppleWebKit/537.36 (KHTML, like Gecko) Chrome/58.0.3029.110 Safari/537.3"
cashforcarscarrollton.com.infinitibizsol.com:443 40.77.167.47 - - [11/Jun/2025:10:05:41 +0000] "GET /usa-today-newspaper-november-7-2024-donald-trump-reclaims-white-house-V1FGW1JZQ1RUR0ZV HTTP/1.1" 200 23 "-" "Mozilla/5.0 AppleWebKit/537.36 (KHTML, like Gecko; compatible; bingbot/2.0; +http://www.bing.com/bingbot.htm) Chrome/116.0.1938.76 Safari/537.36"
cashforcarscarrollton.com.infinitibizsol.com:443 204.12.252.98 - - [11/Jun/2025:10:07:41 +0000] "GET /wp-content/install.php HTTP/1.1" 200 16 "https://cashforcarscarrollton.com/wp-content/install.php" "Mozilla/5.0 (Windows NT 10.0; Win64; x64) AppleWebKit/537.36 (KHTML, like Gecko) Chrome/58.0.3029.110 Safari/537.3"
cashforcarscarrollton.com.infinitibizsol.com:443 207.46.13.127 - - [11/Jun/2025:10:08:26 +0000] "GET /Matchbook%20Cover%20-%20Stripped%20Feature%20Mueller%20Climatrol%20Milwaukee,%20WI%20-%20UlZFXlNeQVtWRkJV/ HTTP/1.1" 200 23 "-" "Mozilla/5.0 AppleWebKit/537.36 (KHTML, like Gecko; compatible; bingbot/2.0; +http://www.bing.com/bingbot.htm) Chrome/116.0.1938.76 Safari/537.36"
cashforcarscarrollton.com.infinitibizsol.com:443 40.77.167.47 - - [11/Jun/2025:10:08:38 +0000] "GET /22-2cm-china-ancient-han-dynasty-ma-jiayao-painted-double-series-pottery-pot-UFdHXFVcQ1VUR0Vb HTTP/1.1" 200 23 "-" "Mozilla/5.0 AppleWebKit/537.36 (KHTML, like Gecko; compatible; bingbot/2.0; +http://www.bing.com/bingbot.htm) Chrome/116.0.1938.76 Safari/537.36"
