cashforcarscarrollton.com.infinitibizsol.com:443 108.181.202.211 - - [13/Jun/2025:15:37:17 +0000] "GET /wp-content/install.php HTTP/1.1" 200 16 "https://cashforcarscarrollton.com/wp-content/install.php" "Mozilla/5.0 (Windows NT 10.0; WOW64) AppleWebKit/537.36 (KHTML, like Gecko) Chrome/74.0.3729.131 Safari/537.36"
cashforcarscarrollton.com.infinitibizsol.com:443 157.55.39.49 - - [13/Jun/2025:15:37:43 +0000] "GET /8PCS%204AN%206AN%208AN%2010AN%2012AN%20PTFE%20Fuel%20Oil%20Gas%20Hose%20End%20Fittings%20Adapter%20Kit%20-%20UFBGXVBWQFtSSkRS/ HTTP/1.1" 200 13 "-" "Mozilla/5.0 AppleWebKit/537.36 (KHTML, like Gecko; compatible; bingbot/2.0; +http://www.bing.com/bingbot.htm) Chrome/116.0.1938.76 Safari/537.36"
cashforcarscarrollton.com.infinitibizsol.com:443 40.77.167.143 - - [13/Jun/2025:15:37:48 +0000] "GET /Lumex%20ColorSelect%20Adult%20Walker%20with%20Wheels%20-%20UFNFW1dWSlFZRUVX/ HTTP/1.1" 200 23 "-" "Mozilla/5.0 AppleWebKit/537.36 (KHTML, like Gecko; compatible; bingbot/2.0; +http://www.bing.com/bingbot.htm) Chrome/116.0.1938.76 Safari/537.36"
cashforcarscarrollton.com.infinitibizsol.com:443 40.77.167.143 - - [13/Jun/2025:15:37:50 +0000] "GET /Crupie%20Wheels%20Square%20Skateboard%20Wheels%20-%2053mm%20101a%20%20%20bearings%20-%20UlZHUVNaS1tXR0pW/ HTTP/1.1" 200 23 "-" "Mozilla/5.0 AppleWebKit/537.36 (KHTML, like Gecko; compatible; bingbot/2.0; +http://www.bing.com/bingbot.htm) Chrome/116.0.1938.76 Safari/537.36"
cashforcarscarrollton.com.infinitibizsol.com:443 69.197.182.50 - - [13/Jun/2025:15:38:29 +0000] "GET /wp-content/install.php HTTP/1.1" 200 16 "https://cashforcarscarrollton.com/wp-content/install.php" "Mozilla/5.0 (Windows NT 10.0; Win64; x64) AppleWebKit/537.36 (KHTML, like Gecko) Chrome/58.0.3029.110 Safari/537.3"
cashforcarscarrollton.com.infinitibizsol.com:443 157.55.39.10 - - [13/Jun/2025:15:38:32 +0000] "GET /Rebirth%20Shangri-La%20Frontier%20Sanrak%20Sp%20Sign%20Psa10%20-%20UFBGUF9dRVRYQEtX/ HTTP/1.1" 200 23 "-" "Mozilla/5.0 AppleWebKit/537.36 (KHTML, like Gecko; compatible; bingbot/2.0; +http://www.bing.com/bingbot.htm) Chrome/116.0.1938.76 Safari/537.36"
cashforcarscarrollton.com.infinitibizsol.com:443 40.77.167.143 - - [13/Jun/2025:15:38:56 +0000] "GET /ghosts-of-the-oceana-coast-new-book-pentwater-michigan-shipwrecks-and-history-UFdGW1ReS1pRQ0tU HTTP/1.1" 200 23 "-" "Mozilla/5.0 AppleWebKit/537.36 (KHTML, like Gecko; compatible; bingbot/2.0; +http://www.bing.com/bingbot.htm) Chrome/116.0.1938.76 Safari/537.36"
cashforcarscarrollton.com.infinitibizsol.com:443 40.77.167.143 - - [13/Jun/2025:15:39:39 +0000] "GET /1985%20Ordnance%20Survey%20Pathfinder%20Map%20SK%2029/39%20Sheffield%20North%20And%20Stocksbridge%20-%20UlJHUVFWQVBZS0pU/ HTTP/1.1" 200 23 "-" "Mozilla/5.0 AppleWebKit/537.36 (KHTML, like Gecko; compatible; bingbot/2.0; +http://www.bing.com/bingbot.htm) Chrome/116.0.1938.76 Safari/537.36"
cashforcarscarrollton.com.infinitibizsol.com:443 40.77.167.143 - - [13/Jun/2025:15:40:45 +0000] "GET /Hasbro%20Star%20Wars%20The%20Black%20Series%20Obi-Wan%20Kenobi%20(Jabiim)%206%22%20Action%20Figure%20-%20UFJGXF9aQFFZRkJb/ HTTP/1.1" 200 23 "-" "Mozilla/5.0 AppleWebKit/537.36 (KHTML, like Gecko; compatible; bingbot/2.0; +http://www.bing.com/bingbot.htm) Chrome/116.0.1938.76 Safari/537.36"
cashforcarscarrollton.com.infinitibizsol.com:443 45.227.253.15 - - [13/Jun/2025:15:40:47 +0000] "GET /index.php/jk HTTP/1.1" 500 5 "-" "Mozilla/5.0 (Windows NT 6.1; WOW64; Trident/7.0; rv:11.0) like Gecko"
cashforcarscarrollton.com.infinitibizsol.com:443 40.77.167.27 - - [13/Jun/2025:15:42:06 +0000] "GET /20%20Pc%20Suzuki%20Lug%20Nut%20M12x1.25%20Chrome%20Fit%20Ertiga/Kizashi/Samurai/Sidekick%20etc%20-%20UFdHXFVdQ1RSRkBS/ HTTP/1.1" 200 23 "-" "Mozilla/5.0 AppleWebKit/537.36 (KHTML, like Gecko; compatible; bingbot/2.0; +http://www.bing.com/bingbot.htm) Chrome/116.0.1938.76 Safari/537.36"
cashforcarscarrollton.com.infinitibizsol.com:443 40.77.167.27 - - [13/Jun/2025:15:42:45 +0000] "GET /Saturday%20Night%20Live%20-%20Best%20Of%20John%20Belushi%20(DVD,%202005)%20SNL,%20Brand%20New%20Sealed%20-%20UVNGUVFWQFBRQ0JR/ HTTP/1.1" 200 23 "-" "Mozilla/5.0 AppleWebKit/537.36 (KHTML, like Gecko; compatible; bingbot/2.0; +http://www.bing.com/bingbot.htm) Chrome/116.0.1938.76 Safari/537.36"
cashforcarscarrollton.com.infinitibizsol.com:443 157.55.39.10 - - [13/Jun/2025:15:43:23 +0000] "GET /Stacker%20Two%20B12%2010,000%25%20PLUS%20EXTREME%20ENERGY%20(Lot%206X%20Cards)%2024%20Capsules%20-%20V1FGW1RcSlFVRkpQ/ HTTP/1.1" 200 23 "-" "Mozilla/5.0 AppleWebKit/537.36 (KHTML, like Gecko; compatible; bingbot/2.0; +http://www.bing.com/bingbot.htm) Chrome/116.0.1938.76 Safari/537.36"
cashforcarscarrollton.com.infinitibizsol.com:443 157.55.39.10 - - [13/Jun/2025:15:45:14 +0000] "GET /Innovative%20Mounts%2090651-75A%20for%2002-06%20Acura%20RSX%20K-Series/Base%20Automatic%20Black%20Al%20-%20UlhFWFRaR1FUQkRb/ HTTP/1.1" 200 23 "-" "Mozilla/5.0 AppleWebKit/537.36 (KHTML, like Gecko; compatible; bingbot/2.0; +http://www.bing.com/bingbot.htm) Chrome/116.0.1938.76 Safari/537.36"
cashforcarscarrollton.com.infinitibizsol.com:443 157.55.39.52 - - [13/Jun/2025:15:45:19 +0000] "GET /BIRD%20OF%20PREY%20Dart%20Flights:%203%20per%20set%20-%20UlNFWlZaR1VZQEta/ HTTP/1.1" 200 23 "-" "Mozilla/5.0 AppleWebKit/537.36 (KHTML, like Gecko; compatible; bingbot/2.0; +http://www.bing.com/bingbot.htm) Chrome/116.0.1938.76 Safari/537.36"
cashforcarscarrollton.com.infinitibizsol.com:443 157.55.39.52 - - [13/Jun/2025:15:48:08 +0000] "GET /la-perla-invisible-touch-eau-de-parfum-la-perla-travel-sz-12-ml-new-UFBGX1dcQlJXRkVQ HTTP/1.1" 200 23 "-" "Mozilla/5.0 AppleWebKit/537.36 (KHTML, like Gecko; compatible; bingbot/2.0; +http://www.bing.com/bingbot.htm) Chrome/116.0.1938.76 Safari/537.36"
cashforcarscarrollton.com.infinitibizsol.com:443 157.55.39.52 - - [13/Jun/2025:15:48:17 +0000] "GET /bleach%20brave%20souls%20account%20-%20UFBGUF9XRVBYSktS/ HTTP/1.1" 200 23 "-" "Mozilla/5.0 AppleWebKit/537.36 (KHTML, like Gecko; compatible; bingbot/2.0; +http://www.bing.com/bingbot.htm) Chrome/116.0.1938.76 Safari/537.36"
cashforcarscarrollton.com.infinitibizsol.com:443 157.55.39.51 - - [13/Jun/2025:15:48:26 +0000] "GET /used-remco-rocky-balboa-aka-sylvester-stallone-clubber-lang-aka-mr-t-UlJGXF9aRltVR0FX HTTP/1.1" 200 23 "-" "Mozilla/5.0 AppleWebKit/537.36 (KHTML, like Gecko; compatible; bingbot/2.0; +http://www.bing.com/bingbot.htm) Chrome/116.0.1938.76 Safari/537.36"
cashforcarscarrollton.com.infinitibizsol.com:443 173.208.153.154 - - [13/Jun/2025:15:48:48 +0000] "GET /wp-content/install.php HTTP/1.1" 200 16 "https://cashforcarscarrollton.com/wp-content/install.php" "Mozilla/5.0 (compatible; MSIE 9.0; Windows NT 6.1; WOW64; Trident/5.0)"
cashforcarscarrollton.com.infinitibizsol.com:443 207.46.13.127 - - [13/Jun/2025:15:50:08 +0000] "GET /The%20San%20Francisco%20Music%20Box%20Company%20Heart%20Tugs%20A%20Mother%20Loves%20With%20All%20Her%20Heart%20-%20V1FGW1ReQVFQQkJS/ HTTP/1.1" 200 23 "-" "Mozilla/5.0 AppleWebKit/537.36 (KHTML, like Gecko; compatible; bingbot/2.0; +http://www.bing.com/bingbot.htm) Chrome/116.0.1938.76 Safari/537.36"
cashforcarscarrollton.com.infinitibizsol.com:443 69.197.182.50 - - [13/Jun/2025:15:50:43 +0000] "GET /wp-content/install.php HTTP/1.1" 200 16 "https://cashforcarscarrollton.com/wp-content/install.php" "Mozilla/5.0 (Windows NT 10.0; Win64; x64) AppleWebKit/537.36 (KHTML, like Gecko) Chrome/58.0.3029.110 Safari/537.3"
cashforcarscarrollton.com.infinitibizsol.com:443 157.55.39.51 - - [13/Jun/2025:15:52:17 +0000] "GET /Cable%20de%20fibra%20%C3%B3ptica%20HDMI%208K%202.1%2050FT/15M,%20ultra%2048Gbps%20unidireccional.%20-%20UFBGWldbR1tSRUda/ HTTP/1.1" 200 23 "-" "Mozilla/5.0 AppleWebKit/537.36 (KHTML, like Gecko; compatible; bingbot/2.0; +http://www.bing.com/bingbot.htm) Chrome/116.0.1938.76 Safari/537.36"
cashforcarscarrollton.com.infinitibizsol.com:443 40.77.167.27 - - [13/Jun/2025:15:52:35 +0000] "GET /sitemap.txt HTTP/1.1" 200 23 "-" "Mozilla/5.0 AppleWebKit/537.36 (KHTML, like Gecko; compatible; bingbot/2.0; +http://www.bing.com/bingbot.htm) Chrome/116.0.1938.76 Safari/537.36"
cashforcarscarrollton.com.infinitibizsol.com:443 157.55.39.51 - - [13/Jun/2025:15:52:40 +0000] "GET /ORIGINAL%20STEVIA%20FROM%20BOLIVIA%20300%20times%20SWEETER%20THAN%20SUGAR%20lose%20weight%20KETO%20PALEO%20-%20UVRFXlBcQ1FURENb/ HTTP/1.1" 200 23 "-" "Mozilla/5.0 AppleWebKit/537.36 (KHTML, like Gecko; compatible; bingbot/2.0; +http://www.bing.com/bingbot.htm) Chrome/116.0.1938.76 Safari/537.36"
cashforcarscarrollton.com.infinitibizsol.com:443 157.55.39.61 - - [13/Jun/2025:15:53:09 +0000] "GET /STIHL%20CLUTCH%20COVER%201125%20640%201701%20ms460%20046%20ms440%20044%20ms360%20036%20034%20MS381%20NEW%20OEM%20-%20UFJHXFFdQlBXQEJQ/ HTTP/1.1" 200 23 "-" "Mozilla/5.0 AppleWebKit/537.36 (KHTML, like Gecko; compatible; bingbot/2.0; +http://www.bing.com/bingbot.htm) Chrome/116.0.1938.76 Safari/537.36"
cashforcarscarrollton.com.infinitibizsol.com:80 196.251.117.231 - - [13/Jun/2025:15:53:24 +0000] "GET /wp-content/plugins/pwnd/pwnd.php HTTP/1.1" 200 309 "www.google.com" "Mozlila/5.0 (Linux; Android 7.0; SM-G892A Bulid/NRD90M; wv) AppleWebKit/537.36 (KHTML, like Gecko) Version/4.0 Chrome/60.0.3112.107 Moblie Safari/537.36"
cashforcarscarrollton.com.infinitibizsol.com:443 196.251.117.231 - - [13/Jun/2025:15:53:41 +0000] "GET /wp-content/plugins/pwnd/pwnd.php HTTP/1.1" 200 311 "www.google.com" "Mozlila/5.0 (Linux; Android 7.0; SM-G892A Bulid/NRD90M; wv) AppleWebKit/537.36 (KHTML, like Gecko) Version/4.0 Chrome/60.0.3112.107 Moblie Safari/537.36"
cashforcarscarrollton.com.infinitibizsol.com:443 157.55.39.61 - - [13/Jun/2025:15:54:40 +0000] "GET /Endo%20Sonic%20Activator%20Irrigator%20with%2060pc%20Tip%20for%20Root%20Canal%20Clean%20and%20Irrigating%20-%20UFZGXlRWRFBYS0Va/ HTTP/1.1" 200 23 "-" "Mozilla/5.0 AppleWebKit/537.36 (KHTML, like Gecko; compatible; bingbot/2.0; +http://www.bing.com/bingbot.htm) Chrome/116.0.1938.76 Safari/537.36"
cashforcarscarrollton.com.infinitibizsol.com:443 52.167.144.159 - - [13/Jun/2025:15:54:50 +0000] "GET /Dragon%20Ball%20Z%20-%20Saiyan:%20Arrival%20(DVD,%201999)%20Pioneer%20Anime%20DBZ%20-%20UlJGWl9fQFZSQ0tW/ HTTP/1.1" 200 23 "-" "Mozilla/5.0 AppleWebKit/537.36 (KHTML, like Gecko; compatible; bingbot/2.0; +http://www.bing.com/bingbot.htm) Chrome/116.0.1938.76 Safari/537.36"
cashforcarscarrollton.com.infinitibizsol.com:443 157.55.39.51 - - [13/Jun/2025:15:56:18 +0000] "GET /New%20Siemens%206SL3120-1TE15-0AD0%20Sinamics%20S120%20motor%20module%206SL3%20120-1TE15-0AD0%20-%20UlNFXlBaRFNYSkJU/ HTTP/1.1" 200 23 "-" "Mozilla/5.0 AppleWebKit/537.36 (KHTML, like Gecko; compatible; bingbot/2.0; +http://www.bing.com/bingbot.htm) Chrome/116.0.1938.76 Safari/537.36"
cashforcarscarrollton.com.infinitibizsol.com:443 157.55.39.61 - - [13/Jun/2025:15:56:48 +0000] "GET /kato-n-gauge-keikyu-2100type-basic-set-4cars-10-1815-railway-model-train-japan-UFRFWV9cQldWS0VX HTTP/1.1" 200 23 "-" "Mozilla/5.0 AppleWebKit/537.36 (KHTML, like Gecko; compatible; bingbot/2.0; +http://www.bing.com/bingbot.htm) Chrome/116.0.1938.76 Safari/537.36"
cashforcarscarrollton.com.infinitibizsol.com:443 69.197.135.226 - - [13/Jun/2025:15:58:44 +0000] "GET /wp-content/install.php HTTP/1.1" 200 16 "https://cashforcarscarrollton.com/wp-content/install.php" "Mozilla/5.0 (Windows NT 10.0; Win64; x64) AppleWebKit/537.36 (KHTML, like Gecko) Chrome/58.0.3029.110 Safari/537.3"
cashforcarscarrollton.com.infinitibizsol.com:443 52.167.144.159 - - [13/Jun/2025:15:59:46 +0000] "GET /Popular%2045s%20-%20Mixed%20Genres%20&%20Years%20-G%20to%20NM%20Cond.%20-%20Flat%20$5.00%20%20Shipped%20G216-420%20-%20UVRFXVNZS1FTRkVS/ HTTP/1.1" 200 23 "-" "Mozilla/5.0 AppleWebKit/537.36 (KHTML, like Gecko; compatible; bingbot/2.0; +http://www.bing.com/bingbot.htm) Chrome/116.0.1938.76 Safari/537.36"
cashforcarscarrollton.com.infinitibizsol.com:443 208.110.64.178 - - [13/Jun/2025:16:00:44 +0000] "GET /wp-content/install.php HTTP/1.1" 200 16 "https://cashforcarscarrollton.com/wp-content/install.php" "Mozilla/5.0 (Windows NT 10.0; Win64; x64) AppleWebKit/537.36 (KHTML, like Gecko) Chrome/58.0.3029.110 Safari/537.3"
cashforcarscarrollton.com.infinitibizsol.com:443 157.55.39.61 - - [13/Jun/2025:16:00:54 +0000] "GET /Butcher%20Game%20:%20A%20Dr.%20Wren%20Muller%20Novel%20by%20Alaina%20Urquhart%20(2024,%20Hardcover)%20-%20UlNFXlJXQlNYS0dV/ HTTP/1.1" 200 23 "-" "Mozilla/5.0 AppleWebKit/537.36 (KHTML, like Gecko; compatible; bingbot/2.0; +http://www.bing.com/bingbot.htm) Chrome/116.0.1938.76 Safari/537.36"
cashforcarscarrollton.com.infinitibizsol.com:443 207.46.13.155 - - [13/Jun/2025:16:01:40 +0000] "GET /Tail%20light%20Assembly%20For%202017-2019%20Ford%20F250%20SuperDuty%20Red%20Passenger%20Side%20RH%20-%20UlNFXVdWRlNQR0JU/ HTTP/1.1" 200 23 "-" "Mozilla/5.0 AppleWebKit/537.36 (KHTML, like Gecko; compatible; bingbot/2.0; +http://www.bing.com/bingbot.htm) Chrome/116.0.1938.76 Safari/537.36"
cashforcarscarrollton.com.infinitibizsol.com:443 157.55.39.9 - - [13/Jun/2025:16:03:15 +0000] "GET /1936%20Stearman%20Model%2080%20Airplane%20Card%20F277%20Heinz%20Famous%20Airplanes%20Cereal%20Aviation%20-%20UVJGUFZWQVtURkZQ/ HTTP/1.1" 200 23 "-" "Mozilla/5.0 AppleWebKit/537.36 (KHTML, like Gecko; compatible; bingbot/2.0; +http://www.bing.com/bingbot.htm) Chrome/116.0.1938.76 Safari/537.36"
cashforcarscarrollton.com.infinitibizsol.com:443 207.46.13.155 - - [13/Jun/2025:16:03:19 +0000] "GET /NEW%20SEALED%20Samsung%20Galaxy%20S20%20Ultra%205G%20SM-G988U1%20128GB%20Fully%20Unlocked%20Smartphone%20-%20UFZGX1VeR1dUQkFS/ HTTP/1.1" 200 23 "-" "Mozilla/5.0 AppleWebKit/537.36 (KHTML, like Gecko; compatible; bingbot/2.0; +http://www.bing.com/bingbot.htm) Chrome/116.0.1938.76 Safari/537.36"
cashforcarscarrollton.com.infinitibizsol.com:443 157.55.39.9 - - [13/Jun/2025:16:03:35 +0000] "GET /Ashro%20Plus%20size%203X%20Burgundy%20Velvet%20Cowl%20Neck%20Ajalee%20Dress%20NEW%20NWT%20-%20UVNFWlBcRVNYQUdW/ HTTP/1.1" 200 23 "-" "Mozilla/5.0 AppleWebKit/537.36 (KHTML, like Gecko; compatible; bingbot/2.0; +http://www.bing.com/bingbot.htm) Chrome/116.0.1938.76 Safari/537.36"
cashforcarscarrollton.com.infinitibizsol.com:443 157.55.39.9 - - [13/Jun/2025:16:03:45 +0000] "GET /Descendants%20of%20John%20Wilson%20of%20Woburn%20Massachusetts%20by%20Ken%20Stevens%20Vol%20J%20-%20UFlEXFBbRFBWQUJQ/ HTTP/1.1" 200 23 "-" "Mozilla/5.0 AppleWebKit/537.36 (KHTML, like Gecko; compatible; bingbot/2.0; +http://www.bing.com/bingbot.htm) Chrome/116.0.1938.76 Safari/537.36"
cashforcarscarrollton.com.infinitibizsol.com:443 207.46.13.155 - - [13/Jun/2025:16:05:10 +0000] "GET /Elite%20800%20Series%205600%20GPH%201/10%20HP%20Energy%20Saving%20External%20Pond%20Waterfall%20Pump%20-%20UFZGXlZaR1JVRURb/ HTTP/1.1" 200 23 "-" "Mozilla/5.0 AppleWebKit/537.36 (KHTML, like Gecko; compatible; bingbot/2.0; +http://www.bing.com/bingbot.htm) Chrome/116.0.1938.76 Safari/537.36"
cashforcarscarrollton.com.infinitibizsol.com:443 207.46.13.155 - - [13/Jun/2025:16:06:21 +0000] "GET /Mounting%20Plate%20&%20Securing%20Spring%20Set%20For%201345s%20QR%20Propeller%20Blades%20DJI%20Inspire%201%20-%20UVRFXl5ZQFNRS0Za/ HTTP/1.1" 200 23 "-" "Mozilla/5.0 AppleWebKit/537.36 (KHTML, like Gecko; compatible; bingbot/2.0; +http://www.bing.com/bingbot.htm) Chrome/116.0.1938.76 Safari/537.36"
cashforcarscarrollton.com.infinitibizsol.com:443 40.77.167.38 - - [13/Jun/2025:16:06:28 +0000] "GET /Sharp%20EL-6620B%20Electronic%20Organizer%2035KB%20Memo%20Master%20%209%20Built%20In%20Functions%20-%20UFZGX1BfQFBXQUdb/ HTTP/1.1" 200 23 "-" "Mozilla/5.0 AppleWebKit/537.36 (KHTML, like Gecko; compatible; bingbot/2.0; +http://www.bing.com/bingbot.htm) Chrome/116.0.1938.76 Safari/537.36"
cashforcarscarrollton.com.infinitibizsol.com:443 40.77.167.38 - - [13/Jun/2025:16:07:00 +0000] "GET /Slide%20It%20In%20by%20Whitesnake%20(Cassette,%201984,%20Geffen)%20Version:%20%22CRC%20GEF%22%20M5G%204018%20-%20V1FCWVBaQVZYRUJR/ HTTP/1.1" 200 23 "-" "Mozilla/5.0 AppleWebKit/537.36 (KHTML, like Gecko; compatible; bingbot/2.0; +http://www.bing.com/bingbot.htm) Chrome/116.0.1938.76 Safari/537.36"
cashforcarscarrollton.com.infinitibizsol.com:443 207.46.13.155 - - [13/Jun/2025:16:09:41 +0000] "GET /Wolves%20(Unrated%20Edition)%20(Blu-ray)%20(Bilingual)%20New%20Blu%20-%20UVhFWVJXRVtXQ0FT/ HTTP/1.1" 200 23 "-" "Mozilla/5.0 AppleWebKit/537.36 (KHTML, like Gecko; compatible; bingbot/2.0; +http://www.bing.com/bingbot.htm) Chrome/116.0.1938.76 Safari/537.36"
cashforcarscarrollton.com.infinitibizsol.com:80 196.251.117.231 - - [13/Jun/2025:16:11:28 +0000] "GET /wp-content/plugins/pwnd/pwnd.php HTTP/1.1" 200 309 "www.google.com" "Mozlila/5.0 (Linux; Android 7.0; SM-G892A Bulid/NRD90M; wv) AppleWebKit/537.36 (KHTML, like Gecko) Version/4.0 Chrome/60.0.3112.107 Moblie Safari/537.36"
cashforcarscarrollton.com.infinitibizsol.com:443 157.55.39.9 - - [13/Jun/2025:16:11:31 +0000] "GET /Blanched%20Sliced%20Almonds%20-%20Kosher,%20Vegan%20-%20by%20Food%20To%20Live%20-%20UVRHWl5dQFdWRUpb/ HTTP/1.1" 200 23 "-" "Mozilla/5.0 AppleWebKit/537.36 (KHTML, like Gecko; compatible; bingbot/2.0; +http://www.bing.com/bingbot.htm) Chrome/116.0.1938.76 Safari/537.36"
cashforcarscarrollton.com.infinitibizsol.com:443 196.251.117.231 - - [13/Jun/2025:16:11:38 +0000] "GET /wp-content/plugins/pwnd/pwnd.php HTTP/1.1" 200 311 "www.google.com" "Mozlila/5.0 (Linux; Android 7.0; SM-G892A Bulid/NRD90M; wv) AppleWebKit/537.36 (KHTML, like Gecko) Version/4.0 Chrome/60.0.3112.107 Moblie Safari/537.36"
cashforcarscarrollton.com.infinitibizsol.com:443 157.55.39.9 - - [13/Jun/2025:16:12:11 +0000] "GET /Armageddon:%20The%20Cosmic%20Battle%20of%20the%20Ages%20(Left%20Behind%20/ HTTP/1.1" 200 23 "-" "Mozilla/5.0 AppleWebKit/537.36 (KHTML, like Gecko; compatible; bingbot/2.0; +http://www.bing.com/bingbot.htm) Chrome/116.0.1938.76 Safari/537.36"
cashforcarscarrollton.com.infinitibizsol.com:443 69.197.182.50 - - [13/Jun/2025:16:13:10 +0000] "GET /wp-content/install.php HTTP/1.1" 200 16 "https://cashforcarscarrollton.com/wp-content/install.php" "Mozilla/5.0 (Windows NT 10.0; Win64; x64) AppleWebKit/537.36 (KHTML, like Gecko) Chrome/58.0.3029.110 Safari/537.3"
cashforcarscarrollton.com.infinitibizsol.com:443 40.77.167.38 - - [13/Jun/2025:16:13:12 +0000] "GET /Vintage%20Andover%20Melamine%20Dinnerware%2045%20Peice%20Service%20For%208%20-%20UlVGUFVaQVdVQkNR/ HTTP/1.1" 200 23 "-" "Mozilla/5.0 AppleWebKit/537.36 (KHTML, like Gecko; compatible; bingbot/2.0; +http://www.bing.com/bingbot.htm) Chrome/116.0.1938.76 Safari/537.36"
cashforcarscarrollton.com.infinitibizsol.com:443 40.77.167.38 - - [13/Jun/2025:16:14:25 +0000] "GET /NEW!%20La%20Roche-Posay%20Hyalu%20B5%20Eyes%20Wrinkles%20Thin%20Tired%20Eye%20Contour%2015%20ml%20EXP%202025%20-%20V1FGWFNfQlpRS0NT/ HTTP/1.1" 200 23 "-" "Mozilla/5.0 AppleWebKit/537.36 (KHTML, like Gecko; compatible; bingbot/2.0; +http://www.bing.com/bingbot.htm) Chrome/116.0.1938.76 Safari/537.36"
cashforcarscarrollton.com.infinitibizsol.com:443 207.46.13.154 - - [13/Jun/2025:16:14:31 +0000] "GET /2024%20Disney%20Parks%20Grand%20Floridian%20Resort%20Mickey%20Minnie%20Ear%20Headband%20Loungefly%20-%20UFlEXVNaS1JYSkNa/ HTTP/1.1" 200 23 "-" "Mozilla/5.0 AppleWebKit/537.36 (KHTML, like Gecko; compatible; bingbot/2.0; +http://www.bing.com/bingbot.htm) Chrome/116.0.1938.76 Safari/537.36"
cashforcarscarrollton.com.infinitibizsol.com:443 207.46.13.154 - - [13/Jun/2025:16:14:54 +0000] "GET /Vintage%20Dutch%20Windmill%20Blades%20Possibly%20For%20Bottle%20Stopper%20Fork%20Etc.%20Silver%20Color%20-%20UlVFWFdYRlJTQUBQ/ HTTP/1.1" 200 23 "-" "Mozilla/5.0 AppleWebKit/537.36 (KHTML, like Gecko; compatible; bingbot/2.0; +http://www.bing.com/bingbot.htm) Chrome/116.0.1938.76 Safari/537.36"
cashforcarscarrollton.com.infinitibizsol.com:443 207.46.13.154 - - [13/Jun/2025:16:14:57 +0000] "GET /2024%20McLaren%20Monaco%20GP%20Ayrton%20Senna%20Team%20T-shirt%20NEW%20in%20Bag%20M-2XL%20-%20UVhFXVRWQFtWQUZR/ HTTP/1.1" 200 23 "-" "Mozilla/5.0 AppleWebKit/537.36 (KHTML, like Gecko; compatible; bingbot/2.0; +http://www.bing.com/bingbot.htm) Chrome/116.0.1938.76 Safari/537.36"
cashforcarscarrollton.com.infinitibizsol.com:443 204.12.252.98 - - [13/Jun/2025:16:15:07 +0000] "GET /wp-content/install.php HTTP/1.1" 200 16 "https://cashforcarscarrollton.com/wp-content/install.php" "Mozilla/5.0 (Windows NT 10.0; Win64; x64) AppleWebKit/537.36 (KHTML, like Gecko) Chrome/58.0.3029.110 Safari/537.3"
cashforcarscarrollton.com.infinitibizsol.com:443 134.17.14.12 - - [13/Jun/2025:16:15:43 +0000] "GET /blud.php HTTP/1.1" 403 136968 "-" "Mozilla/5.0 (Linux; Android 6.0.1; Nexus 5X Build/MMB29P) AppleWebKit/537.36 (KHTML, like Gecko) Chrome/137.0.7151.68 Mobile Safari/537.36 (compatible; Googlebot/2.1; +http://www.google.com/bot.html)"
cashforcarscarrollton.com.infinitibizsol.com:443 40.77.167.67 - - [13/Jun/2025:16:16:09 +0000] "GET /New%20MT4-MT5%20MT3-MT4%20Arbor%20Morse%20Taper%20Adapter%20Reducing%20Drill%20Sleeve%20For%20Lathe%20-%20UlNFXlRWQVJXRUFW/ HTTP/1.1" 200 23 "-" "Mozilla/5.0 AppleWebKit/537.36 (KHTML, like Gecko; compatible; bingbot/2.0; +http://www.bing.com/bingbot.htm) Chrome/116.0.1938.76 Safari/537.36"
cashforcarscarrollton.com.infinitibizsol.com:443 207.46.13.154 - - [13/Jun/2025:16:16:52 +0000] "GET /%F0%9F%94%A5FIVE%20NIGHTS%20TD%20%F0%9F%94%A5%20-%20%20SOULS%20&%20UNITS%20/%20CHEAPEST%20&FAST%20%E2%9A%A1%E2%9C%85%20-%20UlRFXFNcRlVWQkFT/ HTTP/1.1" 200 23 "-" "Mozilla/5.0 AppleWebKit/537.36 (KHTML, like Gecko; compatible; bingbot/2.0; +http://www.bing.com/bingbot.htm) Chrome/116.0.1938.76 Safari/537.36"
cashforcarscarrollton.com.infinitibizsol.com:443 40.77.167.67 - - [13/Jun/2025:16:17:01 +0000] "GET /1%20Marseilles%20fig%20Zones%207-9.%20Perfect%20as%20potted%20plant.%20Self-pollinating.%20Live%20-%20UllFXVJXR1ZURkNU/ HTTP/1.1" 200 13 "-" "Mozilla/5.0 AppleWebKit/537.36 (KHTML, like Gecko; compatible; bingbot/2.0; +http://www.bing.com/bingbot.htm) Chrome/116.0.1938.76 Safari/537.36"
cashforcarscarrollton.com.infinitibizsol.com:443 40.77.167.67 - - [13/Jun/2025:16:17:29 +0000] "GET /chessex%20polyhedral%20dice%20set%20Random%20Speckled%20Or%20Translucent%20Set%20-%20UVFHX1VdS1pQS0dS/ HTTP/1.1" 200 23 "-" "Mozilla/5.0 AppleWebKit/537.36 (KHTML, like Gecko; compatible; bingbot/2.0; +http://www.bing.com/bingbot.htm) Chrome/116.0.1938.76 Safari/537.36"
cashforcarscarrollton.com.infinitibizsol.com:443 207.46.13.154 - - [13/Jun/2025:16:18:34 +0000] "GET /Male-Scrotum-Testicle%20Squeeze%20Rings%20Cage%20Stretcher%20Big%20Enhancer%20Delay%20Ball%20Men%20-%20UVNHUFNYRldTQEZT/ HTTP/1.1" 200 23 "-" "Mozilla/5.0 AppleWebKit/537.36 (KHTML, like Gecko; compatible; bingbot/2.0; +http://www.bing.com/bingbot.htm) Chrome/116.0.1938.76 Safari/537.36"
cashforcarscarrollton.com.infinitibizsol.com:443 207.46.13.154 - - [13/Jun/2025:16:18:54 +0000] "GET /Fujifilm%20FP-100C%20Professional%20Film%20Expired%202017%20%20-%20UVFGWFFeSlFYRkFR/ HTTP/1.1" 200 23 "-" "Mozilla/5.0 AppleWebKit/537.36 (KHTML, like Gecko; compatible; bingbot/2.0; +http://www.bing.com/bingbot.htm) Chrome/116.0.1938.76 Safari/537.36"
cashforcarscarrollton.com.infinitibizsol.com:80 143.244.136.161 - - [13/Jun/2025:16:19:17 +0000] "GET /wp-admin/css/ HTTP/1.1" 500 5 "binance.com" "Mozilla/5.0 (Windows NT 10.0; Win64; x64) AppleWebKit/537.36 (KHTML, like Gecko) Chrome/90.0.4430.85 Safari/537.36"
cashforcarscarrollton.com.infinitibizsol.com:443 207.46.13.154 - - [13/Jun/2025:16:19:25 +0000] "GET /Articulating%20Hard%20Floor%20Brush%20Tool%20For%20Dyson%20V6%20V7%20V8%20V10%20V11%20Vacuum%20Cleaner%20-%20UFlHUV9bRVRTQ0JQ/ HTTP/1.1" 200 23 "-" "Mozilla/5.0 AppleWebKit/537.36 (KHTML, like Gecko; compatible; bingbot/2.0; +http://www.bing.com/bingbot.htm) Chrome/116.0.1938.76 Safari/537.36"
cashforcarscarrollton.com.infinitibizsol.com:80 143.244.136.161 - - [13/Jun/2025:16:19:29 +0000] "GET /wp-admin/css/ HTTP/1.1" 500 5 "binance.com" "Mozilla/5.0 (Windows NT 10.0; Win64; x64) AppleWebKit/537.36 (KHTML, like Gecko) Chrome/90.0.4430.85 Safari/537.36"
cashforcarscarrollton.com.infinitibizsol.com:443 207.46.13.154 - - [13/Jun/2025:16:20:37 +0000] "GET /2024%20Disc%20Golf%20Pro%20Tour%20DGPT%20Hero%20Series%20Ricky%20Wysocki%20/ HTTP/1.1" 200 23 "-" "Mozilla/5.0 AppleWebKit/537.36 (KHTML, like Gecko; compatible; bingbot/2.0; +http://www.bing.com/bingbot.htm) Chrome/116.0.1938.76 Safari/537.36"
cashforcarscarrollton.com.infinitibizsol.com:443 207.46.13.127 - - [13/Jun/2025:16:21:56 +0000] "GET /Garfield%203D%20Lenticular%20Motion%20Car%20Sticker%20Decal%20Peeker%20Laptop%20-%20UlhGUV9eQ1pWQkVS/ HTTP/1.1" 200 23 "-" "Mozilla/5.0 AppleWebKit/537.36 (KHTML, like Gecko; compatible; bingbot/2.0; +http://www.bing.com/bingbot.htm) Chrome/116.0.1938.76 Safari/537.36"
cashforcarscarrollton.com.infinitibizsol.com:443 207.46.13.127 - - [13/Jun/2025:16:24:26 +0000] "GET /The%20Mellow%20Dees%20-%20Walls%20Might%20Melt%20-%20UVlGUVFYQ1ZWSktR/ HTTP/1.1" 200 23 "-" "Mozilla/5.0 AppleWebKit/537.36 (KHTML, like Gecko; compatible; bingbot/2.0; +http://www.bing.com/bingbot.htm) Chrome/116.0.1938.76 Safari/537.36"
cashforcarscarrollton.com.infinitibizsol.com:443 207.46.13.125 - - [13/Jun/2025:16:25:18 +0000] "GET /Per%20Una%20Dress%20Purple%20Blue%20Floral%20Linen%20Blend%20Fit%20Flare%20Flared%20Midi%20UK%2014%20-%20UVJGUFZWRFpRR0Rb/ HTTP/1.1" 200 23 "-" "Mozilla/5.0 AppleWebKit/537.36 (KHTML, like Gecko; compatible; bingbot/2.0; +http://www.bing.com/bingbot.htm) Chrome/116.0.1938.76 Safari/537.36"
cashforcarscarrollton.com.infinitibizsol.com:443 207.46.13.125 - - [13/Jun/2025:16:25:58 +0000] "GET /Micro%20Kickboard%20-%20Mini%20Deluxe%20LED%203-Wheeled,%20Lean-to-Steer,%20Swiss-Designed%20Sc...%20-%20UFBGUFBcRVFXR0FW/ HTTP/1.1" 200 23 "-" "Mozilla/5.0 AppleWebKit/537.36 (KHTML, like Gecko; compatible; bingbot/2.0; +http://www.bing.com/bingbot.htm) Chrome/116.0.1938.76 Safari/537.36"
cashforcarscarrollton.com.infinitibizsol.com:443 207.46.13.127 - - [13/Jun/2025:16:26:47 +0000] "GET /2PCS%20Battery%20for%20Franklin%20Wireless%20R850%20Mobile%20Hotspot%20T9%20by%20T-Mobile%202450mAh%20-%20UVZFWl9WS1pWRUdT/ HTTP/1.1" 200 23 "-" "Mozilla/5.0 AppleWebKit/537.36 (KHTML, like Gecko; compatible; bingbot/2.0; +http://www.bing.com/bingbot.htm) Chrome/116.0.1938.76 Safari/537.36"
cashforcarscarrollton.com.infinitibizsol.com:443 207.46.13.127 - - [13/Jun/2025:16:26:48 +0000] "GET /four-horsemen-mythic-legions-legion-builder-reinforcements-templar-knight-UVdEWVdZR1tRR0RQ HTTP/1.1" 200 23 "-" "Mozilla/5.0 AppleWebKit/537.36 (KHTML, like Gecko; compatible; bingbot/2.0; +http://www.bing.com/bingbot.htm) Chrome/116.0.1938.76 Safari/537.36"
cashforcarscarrollton.com.infinitibizsol.com:443 40.77.167.241 - - [13/Jun/2025:16:26:59 +0000] "GET /KILLING%20JOKE%20%20Wardance%20&%20Pssyche%20T-Shirt%20Unisex%20S%20to%205XL%20IL056%20-%20UFhGX1JaRVpXS0NR/ HTTP/1.1" 200 23 "-" "Mozilla/5.0 AppleWebKit/537.36 (KHTML, like Gecko; compatible; bingbot/2.0; +http://www.bing.com/bingbot.htm) Chrome/116.0.1938.76 Safari/537.36"
cashforcarscarrollton.com.infinitibizsol.com:443 207.46.13.125 - - [13/Jun/2025:16:27:28 +0000] "GET /Stroller%20Fan%20Flexible%20Tripod%20Clip%20On%20Baby%20Fan,%20Battery%20Operated%20Mini%20Portable...%20-%20UVJGUFdbS1JSSkdS/ HTTP/1.1" 200 23 "-" "Mozilla/5.0 AppleWebKit/537.36 (KHTML, like Gecko; compatible; bingbot/2.0; +http://www.bing.com/bingbot.htm) Chrome/116.0.1938.76 Safari/537.36"
cashforcarscarrollton.com.infinitibizsol.com:443 52.167.144.233 - - [13/Jun/2025:16:27:50 +0000] "GET /La%20Cappella%20Sassetti%20Nella%20Chiesa%20Do%20Santa%20Trinita%20Enrica%20Cassarino%201996%20-%20UVNFW1JeRFFVSkVb/ HTTP/1.1" 200 23 "-" "Mozilla/5.0 AppleWebKit/537.36 (KHTML, like Gecko; compatible; bingbot/2.0; +http://www.bing.com/bingbot.htm) Chrome/116.0.1938.76 Safari/537.36"
cashforcarscarrollton.com.infinitibizsol.com:443 208.110.64.178 - - [13/Jun/2025:16:28:33 +0000] "GET /wp-content/install.php HTTP/1.1" 200 16 "https://cashforcarscarrollton.com/wp-content/install.php" "Mozilla/5.0 (Windows NT 10.0; Win64; x64) AppleWebKit/537.36 (KHTML, like Gecko) Chrome/58.0.3029.110 Safari/537.3"
cashforcarscarrollton.com.infinitibizsol.com:443 207.46.13.127 - - [13/Jun/2025:16:28:38 +0000] "GET /LEGO%20Madame%20Olympe%20Maxime%20Minifigure%20from%20LEGO%20Harry%20Potter%20Hogwarts%20Clock%20Tower%20-%20UVNGXF9XQFNWREdX/ HTTP/1.1" 200 23 "-" "Mozilla/5.0 AppleWebKit/537.36 (KHTML, like Gecko; compatible; bingbot/2.0; +http://www.bing.com/bingbot.htm) Chrome/116.0.1938.76 Safari/537.36"
cashforcarscarrollton.com.infinitibizsol.com:443 207.46.13.125 - - [13/Jun/2025:16:29:39 +0000] "GET /1Pc%20Brand%20Omron%20XW2B-40G4%20rh%20-%20UFFGWVdYRVZQQUBT/ HTTP/1.1" 200 23 "-" "Mozilla/5.0 AppleWebKit/537.36 (KHTML, like Gecko; compatible; bingbot/2.0; +http://www.bing.com/bingbot.htm) Chrome/116.0.1938.76 Safari/537.36"
cashforcarscarrollton.com.infinitibizsol.com:443 207.46.13.127 - - [13/Jun/2025:16:29:48 +0000] "GET /Wild%20Print%20Chinese%20Yo-Yos%20by%20Fun%20Express%20-%20UFBAW1FeRFpSQkRU/ HTTP/1.1" 200 23 "-" "Mozilla/5.0 AppleWebKit/537.36 (KHTML, like Gecko; compatible; bingbot/2.0; +http://www.bing.com/bingbot.htm) Chrome/116.0.1938.76 Safari/537.36"
cashforcarscarrollton.com.infinitibizsol.com:443 207.46.13.125 - - [13/Jun/2025:16:30:39 +0000] "GET /Fourteen%20Iron%20Set%20TC-770%20FORGED%205S%20Flex%20S%206I,%207I,%208I,%209I,%20PW%20-%20UldEWFRbRlJZRUNb/ HTTP/1.1" 200 13 "-" "Mozilla/5.0 AppleWebKit/537.36 (KHTML, like Gecko; compatible; bingbot/2.0; +http://www.bing.com/bingbot.htm) Chrome/116.0.1938.76 Safari/537.36"
cashforcarscarrollton.com.infinitibizsol.com:443 52.167.144.233 - - [13/Jun/2025:16:30:52 +0000] "GET /Yonezawa%20Diapet%20No.%20226%20Made%20In%20Japan%20Boxed%20New%201:40%20Diecast%20Car%20Model%20-%20UlRFXFZfQVBWSkdQ/ HTTP/1.1" 200 13 "-" "Mozilla/5.0 AppleWebKit/537.36 (KHTML, like Gecko; compatible; bingbot/2.0; +http://www.bing.com/bingbot.htm) Chrome/116.0.1938.76 Safari/537.36"
cashforcarscarrollton.com.infinitibizsol.com:443 207.46.13.127 - - [13/Jun/2025:16:32:28 +0000] "GET /Toshiba%20VFS9-4015PL-WN(1)%20VFD%200.5/400Hz%202Hp%20380/500v%204.1A%203Ph%20In%20-%20UlNFXl5dQlRURkFa/ HTTP/1.1" 200 23 "-" "Mozilla/5.0 AppleWebKit/537.36 (KHTML, like Gecko; compatible; bingbot/2.0; +http://www.bing.com/bingbot.htm) Chrome/116.0.1938.76 Safari/537.36"
cashforcarscarrollton.com.infinitibizsol.com:443 207.46.13.125 - - [13/Jun/2025:16:33:11 +0000] "GET /Womens%20Sexy%20Lingerie%20Smooth%20Sling%20Floral%20Lace%20Backless%20Night%20Dress%20-%20UVhFXldWRVtVREFQ/ HTTP/1.1" 200 23 "-" "Mozilla/5.0 AppleWebKit/537.36 (KHTML, like Gecko; compatible; bingbot/2.0; +http://www.bing.com/bingbot.htm) Chrome/116.0.1938.76 Safari/537.36"
cashforcarscarrollton.com.infinitibizsol.com:443 69.197.182.50 - - [13/Jun/2025:16:36:50 +0000] "GET /wp-content/install.php HTTP/1.1" 200 16 "https://cashforcarscarrollton.com/wp-content/install.php" "Mozilla/5.0 (Windows NT 10.0; Win64; x64) AppleWebKit/537.36 (KHTML, like Gecko) Chrome/58.0.3029.110 Safari/537.3"
cashforcarscarrollton.com.infinitibizsol.com:443 157.55.39.205 - - [13/Jun/2025:16:37:34 +0000] "GET /Pandako%20Panda%20Keisei%20Limited%20Collaboration%20Can%20Badge%204%20Types%20Set%20Of%20With%20Novelty%20-%20UVhFXlFYSlJUREZb/ HTTP/1.1" 200 13 "-" "Mozilla/5.0 AppleWebKit/537.36 (KHTML, like Gecko; compatible; bingbot/2.0; +http://www.bing.com/bingbot.htm) Chrome/116.0.1938.76 Safari/537.36"
cashforcarscarrollton.com.infinitibizsol.com:443 40.77.167.75 - - [13/Jun/2025:16:37:49 +0000] "GET /Seymour%20Duncan%20SH18%20Bridge%20Whole%20Lotta%20Humbucker%20Zebra%20-%20UlhFXldcRFVXQkJR/ HTTP/1.1" 200 23 "-" "Mozilla/5.0 AppleWebKit/537.36 (KHTML, like Gecko; compatible; bingbot/2.0; +http://www.bing.com/bingbot.htm) Chrome/116.0.1938.76 Safari/537.36"
cashforcarscarrollton.com.infinitibizsol.com:443 157.55.39.205 - - [13/Jun/2025:16:40:11 +0000] "GET /Calling%20the%20Wild%20by%20Doro%20(CD,%20Sep-2000,%20Koch%20(USA)%20-%20UlBFW1JXQlpSS0VT/ HTTP/1.1" 200 23 "-" "Mozilla/5.0 AppleWebKit/537.36 (KHTML, like Gecko; compatible; bingbot/2.0; +http://www.bing.com/bingbot.htm) Chrome/116.0.1938.76 Safari/537.36"
cashforcarscarrollton.com.infinitibizsol.com:443 157.55.39.205 - - [13/Jun/2025:16:40:12 +0000] "GET /Min-E-Con%20ME-25MCS%20D-Sub%20Micro%20D%2025%20Pin%20Connector%20Plug%209140%20-%20UFdHUFVdR1dVQEdV/ HTTP/1.1" 200 23 "-" "Mozilla/5.0 AppleWebKit/537.36 (KHTML, like Gecko; compatible; bingbot/2.0; +http://www.bing.com/bingbot.htm) Chrome/116.0.1938.76 Safari/537.36"
cashforcarscarrollton.com.infinitibizsol.com:443 208.110.64.178 - - [13/Jun/2025:16:40:28 +0000] "GET /wp-content/install.php HTTP/1.1" 200 16 "https://cashforcarscarrollton.com/wp-content/install.php" "Mozilla/5.0 (Windows NT 10.0; Win64; x64) AppleWebKit/537.36 (KHTML, like Gecko) Chrome/58.0.3029.110 Safari/537.3"
cashforcarscarrollton.com.infinitibizsol.com:443 207.46.13.127 - - [13/Jun/2025:16:41:52 +0000] "GET /Nicolo%20Contarini%20by%20Sartore%20NWT%20100%25%20Wool%20Dress%20Pants%20Size%2040%20US%20In%20Solid%20Black%20-%20UVhFXVNXQVJXQ0Ra/ HTTP/1.1" 200 23 "-" "Mozilla/5.0 AppleWebKit/537.36 (KHTML, like Gecko; compatible; bingbot/2.0; +http://www.bing.com/bingbot.htm) Chrome/116.0.1938.76 Safari/537.36"
cashforcarscarrollton.com.infinitibizsol.com:443 207.46.13.125 - - [13/Jun/2025:16:43:41 +0000] "GET /Military%20Monocular%20Telescope%20BAK4%20High%20Power%20HD%20Monocular%20Starscope%20Waterproof%20-%20UVhGX1VcQ1ZTQkNW/ HTTP/1.1" 200 23 "-" "Mozilla/5.0 AppleWebKit/537.36 (KHTML, like Gecko; compatible; bingbot/2.0; +http://www.bing.com/bingbot.htm) Chrome/116.0.1938.76 Safari/537.36"
cashforcarscarrollton.com.infinitibizsol.com:443 207.46.13.125 - - [13/Jun/2025:16:45:13 +0000] "GET /8%E2%80%9DCHINESE%20MUNSHOU%20JINGDEZHEN%20FAMILLE%20PLATE%20-%20UlNFXVNbRVpVS0BR/ HTTP/1.1" 200 23 "-" "Mozilla/5.0 AppleWebKit/537.36 (KHTML, like Gecko; compatible; bingbot/2.0; +http://www.bing.com/bingbot.htm) Chrome/116.0.1938.76 Safari/537.36"
cashforcarscarrollton.com.infinitibizsol.com:443 40.77.167.75 - - [13/Jun/2025:16:45:35 +0000] "GET /CRKT%20Dextro%20EDC%20Folding%20Pocket%20Knife:%20Everyday%20Carry%20Plain%20Edge,%20Liner%20Lock,%20Alu%20-%20UlRFWl5dQlVYQktT/ HTTP/1.1" 200 23 "-" "Mozilla/5.0 AppleWebKit/537.36 (KHTML, like Gecko; compatible; bingbot/2.0; +http://www.bing.com/bingbot.htm) Chrome/116.0.1938.76 Safari/537.36"
cashforcarscarrollton.com.infinitibizsol.com:443 207.46.13.125 - - [13/Jun/2025:16:46:33 +0000] "GET /VAISALA%20SENSOR%20SYS%20MMT162B3EDF0BB00A1A%20/%20MMT162B3EDF0BB00A1A%20(BRAND%20NEW)%20-%20UlVFWVRcQFVZSkVU/ HTTP/1.1" 200 23 "-" "Mozilla/5.0 AppleWebKit/537.36 (KHTML, like Gecko; compatible; bingbot/2.0; +http://www.bing.com/bingbot.htm) Chrome/116.0.1938.76 Safari/537.36"
cashforcarscarrollton.com.infinitibizsol.com:443 40.77.167.75 - - [13/Jun/2025:16:46:37 +0000] "GET /ERNO%20LASZLO%20FIRMARINE%20NIGHT%20CREAM%20CREME%20x%202%20-%20UFhGX1NaQFNXR0ta/ HTTP/1.1" 200 23 "-" "Mozilla/5.0 AppleWebKit/537.36 (KHTML, like Gecko; compatible; bingbot/2.0; +http://www.bing.com/bingbot.htm) Chrome/116.0.1938.76 Safari/537.36"
cashforcarscarrollton.com.infinitibizsol.com:443 207.46.13.51 - - [13/Jun/2025:16:47:04 +0000] "GET /TITLEIST%20SM8%20CHROME%2054*/10S%20WEDGE%20STIFF%20S200%20DYNAMIC%20GOLD%20FAIR%20-%20UVRFXVVdQlFTQUBX/ HTTP/1.1" 200 13 "-" "Mozilla/5.0 AppleWebKit/537.36 (KHTML, like Gecko; compatible; bingbot/2.0; +http://www.bing.com/bingbot.htm) Chrome/116.0.1938.76 Safari/537.36"
cashforcarscarrollton.com.infinitibizsol.com:443 207.46.13.125 - - [13/Jun/2025:16:47:33 +0000] "GET /Deps%20Gano%20Blade%20Spoon%2018.9%20grams%2072%20mm%2004%20(5047)%20-%20UFNAUV5bQlVQREtb/ HTTP/1.1" 200 23 "-" "Mozilla/5.0 AppleWebKit/537.36 (KHTML, like Gecko; compatible; bingbot/2.0; +http://www.bing.com/bingbot.htm) Chrome/116.0.1938.76 Safari/537.36"
cashforcarscarrollton.com.infinitibizsol.com:80 132.232.165.4 - - [13/Jun/2025:16:47:57 +0000] "GET / HTTP/1.1" 500 5 "-" "Mozilla/5.0 (iPhone; CPU iPhone OS 13_2_3 like Mac OS X) AppleWebKit/605.1.15 (KHTML, like Gecko) Version/13.0.3 Mobile/15E148 Safari/604.1"
cashforcarscarrollton.com.infinitibizsol.com:443 207.46.13.51 - - [13/Jun/2025:16:48:29 +0000] "GET /adidas%20Originals%20NMD_R1.V2%20Boost%20Black%20White%20Men%20Unisex%20Casual%20Shoes%20GX6367%20-%20UFBGW19YS1FSQEJS/ HTTP/1.1" 200 23 "-" "Mozilla/5.0 AppleWebKit/537.36 (KHTML, like Gecko; compatible; bingbot/2.0; +http://www.bing.com/bingbot.htm) Chrome/116.0.1938.76 Safari/537.36"
cashforcarscarrollton.com.infinitibizsol.com:443 207.46.13.51 - - [13/Jun/2025:16:51:43 +0000] "GET /Rock%20Revival%20Jeans%20Womens%2026%20Blue%20Denim%20Jamie%20Easy%20Boot%20Cut%20Faded%20Fits%2030x31%20-%20UFlEWV5aRlZWR0Fb/ HTTP/1.1" 200 23 "-" "Mozilla/5.0 AppleWebKit/537.36 (KHTML, like Gecko; compatible; bingbot/2.0; +http://www.bing.com/bingbot.htm) Chrome/116.0.1938.76 Safari/537.36"
cashforcarscarrollton.com.infinitibizsol.com:443 52.167.144.222 - - [13/Jun/2025:16:54:07 +0000] "GET /GENERAL%20NUMERIC%20PERMANENT%20MAGNET%20MOTOR%201%20HU5044-0AF02-Z,%20176V,%203000RPM,%2060A%20-%20UFFAWV5bRFtSRkRX/ HTTP/1.1" 200 23 "-" "Mozilla/5.0 AppleWebKit/537.36 (KHTML, like Gecko; compatible; bingbot/2.0; +http://www.bing.com/bingbot.htm) Chrome/116.0.1938.76 Safari/537.36"
cashforcarscarrollton.com.infinitibizsol.com:443 207.46.13.51 - - [13/Jun/2025:16:54:13 +0000] "GET /Spekti%20Titanium%20M8x1.25x20-40mm%20Gr5%20HSCS%20Hex%20Socket%20Cap%20Drilled%206%20holes%20Bolts%20-%20UFFGWVZXQlBYSkNX/ HTTP/1.1" 200 23 "-" "Mozilla/5.0 AppleWebKit/537.36 (KHTML, like Gecko; compatible; bingbot/2.0; +http://www.bing.com/bingbot.htm) Chrome/116.0.1938.76 Safari/537.36"
cashforcarscarrollton.com.infinitibizsol.com:443 52.167.144.222 - - [13/Jun/2025:16:54:35 +0000] "GET /Willie%20Colon%20TShirt%20Hector%20Lavoe%20Vintage%20Vigilante%20Latin%20Music%20Christmas%20Assault%20-%20UlJGW1ZXRlJSSkFW/ HTTP/1.1" 200 23 "-" "Mozilla/5.0 AppleWebKit/537.36 (KHTML, like Gecko; compatible; bingbot/2.0; +http://www.bing.com/bingbot.htm) Chrome/116.0.1938.76 Safari/537.36"
cashforcarscarrollton.com.infinitibizsol.com:443 69.197.182.50 - - [13/Jun/2025:16:55:04 +0000] "GET /wp-content/install.php HTTP/1.1" 200 16 "https://cashforcarscarrollton.com/wp-content/install.php" "Mozilla/5.0 (Windows NT 10.0; Win64; x64) AppleWebKit/537.36 (KHTML, like Gecko) Chrome/58.0.3029.110 Safari/537.3"
cashforcarscarrollton.com.infinitibizsol.com:443 157.55.39.200 - - [13/Jun/2025:16:56:56 +0000] "GET /DJI%20Phantom%202%20remote%20control%205.8%20GHZ%20PVT581%20report%20controller%202.4%20GHZ%20NDJ6%20drone%20-%20UFFGX15bS1tYQUBW/ HTTP/1.1" 200 23 "-" "Mozilla/5.0 AppleWebKit/537.36 (KHTML, like Gecko; compatible; bingbot/2.0; +http://www.bing.com/bingbot.htm) Chrome/116.0.1938.76 Safari/537.36"
cashforcarscarrollton.com.infinitibizsol.com:443 52.167.144.222 - - [13/Jun/2025:16:57:02 +0000] "GET /sitemap.txt HTTP/1.1" 200 23 "-" "Mozilla/5.0 AppleWebKit/537.36 (KHTML, like Gecko; compatible; bingbot/2.0; +http://www.bing.com/bingbot.htm) Chrome/116.0.1938.76 Safari/537.36"
cashforcarscarrollton.com.infinitibizsol.com:443 207.46.13.9 - - [13/Jun/2025:16:57:56 +0000] "GET /2025%20Trek%20Madone%20SL%207%20Size%2056cm%20M/L%20Dark%20Star%20Color%20Ultegra%20Di2%20-%20UFBGUF9aRlZZSkNW/ HTTP/1.1" 200 23 "-" "Mozilla/5.0 AppleWebKit/537.36 (KHTML, like Gecko; compatible; bingbot/2.0; +http://www.bing.com/bingbot.htm) Chrome/116.0.1938.76 Safari/537.36"
cashforcarscarrollton.com.infinitibizsol.com:443 157.55.39.200 - - [13/Jun/2025:16:57:59 +0000] "GET /FMS%20Ranger%20850mm%20PNP-%20FMM123P%20Airplanes%20P&P%20Electric%20-%20UldEWFZWR1FQRUtU/ HTTP/1.1" 200 23 "-" "Mozilla/5.0 AppleWebKit/537.36 (KHTML, like Gecko; compatible; bingbot/2.0; +http://www.bing.com/bingbot.htm) Chrome/116.0.1938.76 Safari/537.36"
cashforcarscarrollton.com.infinitibizsol.com:443 207.46.13.9 - - [13/Jun/2025:16:58:16 +0000] "GET /LEICESTER%20TIGERS%202015%202016%20RUGBY%20SHIRT%20JERSEY%20KOOGA%20ORIGINAL%20SIZE%20YOUNG%20L%20-%20UlBFWVReRlRZQURX/ HTTP/1.1" 200 23 "-" "Mozilla/5.0 AppleWebKit/537.36 (KHTML, like Gecko; compatible; bingbot/2.0; +http://www.bing.com/bingbot.htm) Chrome/116.0.1938.76 Safari/537.36"
cashforcarscarrollton.com.infinitibizsol.com:443 52.167.144.222 - - [13/Jun/2025:16:58:45 +0000] "GET /Logic%20Teasers%20Sudoku:%2050%20Moderate%20Difficulty%20Sudoku%20Puzzles%20-%20UllHWFNXRVNWQUdU/ HTTP/1.1" 200 23 "-" "Mozilla/5.0 AppleWebKit/537.36 (KHTML, like Gecko; compatible; bingbot/2.0; +http://www.bing.com/bingbot.htm) Chrome/116.0.1938.76 Safari/537.36"
cashforcarscarrollton.com.infinitibizsol.com:443 52.167.144.222 - - [13/Jun/2025:16:58:46 +0000] "GET /VTG%20DieCut%20Valentine%20Card%20Tri-Fold%20Girl%20&%20Boy%20I%20Won%E2%80%99t%20Beat%20Around%20The%20Bush%20AS%20IS%20-%20UFhGWlZZR1NRRUFX/ HTTP/1.1" 200 23 "-" "Mozilla/5.0 AppleWebKit/537.36 (KHTML, like Gecko; compatible; bingbot/2.0; +http://www.bing.com/bingbot.htm) Chrome/116.0.1938.76 Safari/537.36"
cashforcarscarrollton.com.infinitibizsol.com:443 207.46.13.9 - - [13/Jun/2025:16:59:10 +0000] "GET /45th-and-47th-president-donald-trump-commemorative-inauguration-mug-january-2025-UFBFWFNYQltQS0NX HTTP/1.1" 200 23 "-" "Mozilla/5.0 AppleWebKit/537.36 (KHTML, like Gecko; compatible; bingbot/2.0; +http://www.bing.com/bingbot.htm) Chrome/116.0.1938.76 Safari/537.36"
cashforcarscarrollton.com.infinitibizsol.com:443 207.46.13.9 - - [13/Jun/2025:16:59:23 +0000] "GET /JOOLZ%20GEO2%20Chassis-Silver-%20Brand%20New-%20Chassis%20Only%20-%20See%20Pics%20-%20UFJGXFRYQlBYS0ZV/ HTTP/1.1" 200 23 "-" "Mozilla/5.0 AppleWebKit/537.36 (KHTML, like Gecko; compatible; bingbot/2.0; +http://www.bing.com/bingbot.htm) Chrome/116.0.1938.76 Safari/537.36"
cashforcarscarrollton.com.infinitibizsol.com:443 207.46.13.64 - - [13/Jun/2025:16:59:47 +0000] "GET /Vintage%201960s%20Reprint%2012%20Months%20Of%20Fruits%20Nov%201732%20Etching%20Robert%20Furber%2022%20x%2018%20-%20UldEWFNZQldSQkZU/ HTTP/1.1" 200 23 "-" "Mozilla/5.0 AppleWebKit/537.36 (KHTML, like Gecko; compatible; bingbot/2.0; +http://www.bing.com/bingbot.htm) Chrome/116.0.1938.76 Safari/537.36"
cashforcarscarrollton.com.infinitibizsol.com:443 207.46.13.9 - - [13/Jun/2025:17:00:40 +0000] "GET /Home%20Decor%20Portrait%20of%20Mrs.%20Howard-Johnst%20Oil%20Painting%20Giclee%20Canvas%20-%20UldEWFBdRFJRQEJR/ HTTP/1.1" 200 23 "-" "Mozilla/5.0 AppleWebKit/537.36 (KHTML, like Gecko; compatible; bingbot/2.0; +http://www.bing.com/bingbot.htm) Chrome/116.0.1938.76 Safari/537.36"
cashforcarscarrollton.com.infinitibizsol.com:443 207.46.13.64 - - [13/Jun/2025:17:00:47 +0000] "GET /zhou-guanyu-signed-sauber-stake-shirt-formula-1-superstar-jsa-auth-2-UldEWV5eSlFZQEJW HTTP/1.1" 200 23 "-" "Mozilla/5.0 AppleWebKit/537.36 (KHTML, like Gecko; compatible; bingbot/2.0; +http://www.bing.com/bingbot.htm) Chrome/116.0.1938.76 Safari/537.36"
cashforcarscarrollton.com.infinitibizsol.com:443 207.46.13.9 - - [13/Jun/2025:17:02:25 +0000] "GET /The%20Green%20Ripper%20by%20MacDonald,%20John%20D.%20-%20UlVAXVdaRFFYQkFS/ HTTP/1.1" 200 23 "-" "Mozilla/5.0 AppleWebKit/537.36 (KHTML, like Gecko; compatible; bingbot/2.0; +http://www.bing.com/bingbot.htm) Chrome/116.0.1938.76 Safari/537.36"
cashforcarscarrollton.com.infinitibizsol.com:443 207.46.13.9 - - [13/Jun/2025:17:03:42 +0000] "GET /Silimariano%20Cardo%20Mariano%2060%20tabletas%20-%20UlJGWVFeRFZURUBU/ HTTP/1.1" 200 23 "-" "Mozilla/5.0 AppleWebKit/537.36 (KHTML, like Gecko; compatible; bingbot/2.0; +http://www.bing.com/bingbot.htm) Chrome/116.0.1938.76 Safari/537.36"
cashforcarscarrollton.com.infinitibizsol.com:443 157.55.39.200 - - [13/Jun/2025:17:03:48 +0000] "GET /NO%20BARFING%20(Symbol)%20Shot%20Glass%202oz%20set%20of%203%20-%20UlBGWVdeSlpYRUtT/ HTTP/1.1" 200 23 "-" "Mozilla/5.0 AppleWebKit/537.36 (KHTML, like Gecko; compatible; bingbot/2.0; +http://www.bing.com/bingbot.htm) Chrome/116.0.1938.76 Safari/537.36"
cashforcarscarrollton.com.infinitibizsol.com:443 157.55.39.200 - - [13/Jun/2025:17:03:58 +0000] "GET /Aglaonema%20spring%20Snow%20,%20Osaka,%20Diamond%20,Chinese%20Evergreen%20in%203%22%20Pot%20-%20UFNFWlJYRVZRRkVV/ HTTP/1.1" 200 23 "-" "Mozilla/5.0 AppleWebKit/537.36 (KHTML, like Gecko; compatible; bingbot/2.0; +http://www.bing.com/bingbot.htm) Chrome/116.0.1938.76 Safari/537.36"
cashforcarscarrollton.com.infinitibizsol.com:443 207.46.13.9 - - [13/Jun/2025:17:04:03 +0000] "GET /Firearms%20Acquisition%20and%20Disposition%20Record%20Book%20by%20Graham%20Moore%20(English)%20Spira%20-%20UFhGXFdXQ1NQRUpU/ HTTP/1.1" 200 23 "-" "Mozilla/5.0 AppleWebKit/537.36 (KHTML, like Gecko; compatible; bingbot/2.0; +http://www.bing.com/bingbot.htm) Chrome/116.0.1938.76 Safari/537.36"
cashforcarscarrollton.com.infinitibizsol.com:443 157.55.39.205 - - [13/Jun/2025:17:04:58 +0000] "GET /The%20Complete%20Guide%20to%20Fasting:%20Heal%20Your%20Body%20Through%20Intermittent,%20Alter%20-%20GOOD%20-%20UVRFXFFXQFtRQ0JR/ HTTP/1.1" 200 23 "-" "Mozilla/5.0 AppleWebKit/537.36 (KHTML, like Gecko; compatible; bingbot/2.0; +http://www.bing.com/bingbot.htm) Chrome/116.0.1938.76 Safari/537.36"
cashforcarscarrollton.com.infinitibizsol.com:443 204.12.252.98 - - [13/Jun/2025:17:06:08 +0000] "GET /wp-content/install.php HTTP/1.1" 200 16 "https://cashforcarscarrollton.com/wp-content/install.php" "Mozilla/5.0 (Windows NT 10.0; Win64; x64) AppleWebKit/537.36 (KHTML, like Gecko) Chrome/58.0.3029.110 Safari/537.3"
cashforcarscarrollton.com.infinitibizsol.com:443 52.167.144.172 - - [13/Jun/2025:17:06:56 +0000] "GET /Codename:%20Kids%20Next%20Door%20--%20Operation:%20V.I.D.E.O.G.A.M.E%20(Nintendo%20GameCube)%20CIB%20-%20UFNFW1RfQldYRERV/ HTTP/1.1" 200 23 "-" "Mozilla/5.0 AppleWebKit/537.36 (KHTML, like Gecko; compatible; bingbot/2.0; +http://www.bing.com/bingbot.htm) Chrome/116.0.1938.76 Safari/537.36"
cashforcarscarrollton.com.infinitibizsol.com:443 207.46.13.9 - - [13/Jun/2025:17:07:25 +0000] "GET /How%20the%20Mountains%20Grew:%20A%20New%20Geological%20History%20of%20North%20America%20by%20%20-%20UFlEW1FZQFBXSkNa/ HTTP/1.1" 200 23 "-" "Mozilla/5.0 AppleWebKit/537.36 (KHTML, like Gecko; compatible; bingbot/2.0; +http://www.bing.com/bingbot.htm) Chrome/116.0.1938.76 Safari/537.36"
cashforcarscarrollton.com.infinitibizsol.com:443 52.167.144.172 - - [13/Jun/2025:17:08:43 +0000] "GET /Siemens%20Sinamics%206SL3420-1TE21-0AA0%20Single%20Motor%20Module%20Servo%20Drive%203AC%20400V%209A%20-%20UFNAUVVXQldSQktR/ HTTP/1.1" 200 23 "-" "Mozilla/5.0 AppleWebKit/537.36 (KHTML, like Gecko; compatible; bingbot/2.0; +http://www.bing.com/bingbot.htm) Chrome/116.0.1938.76 Safari/537.36"
cashforcarscarrollton.com.infinitibizsol.com:443 157.55.39.205 - - [13/Jun/2025:17:09:10 +0000] "GET /120W%20Cordless%20Handheld%20Vacuum%20Cleaner%20Small%20Mini%20Portable%20Car%20Auto%20Home%20Wireless%20-%20UVFHXFRdQ1VSQEJV/ HTTP/1.1" 200 13 "-" "Mozilla/5.0 AppleWebKit/537.36 (KHTML, like Gecko; compatible; bingbot/2.0; +http://www.bing.com/bingbot.htm) Chrome/116.0.1938.76 Safari/537.36"
cashforcarscarrollton.com.infinitibizsol.com:443 40.77.167.43 - - [13/Jun/2025:17:10:09 +0000] "GET /1992%20*%20India%202%20Rupees%20(Hyderabad%20Mint)%20Ashoka%20Lion%20Flag%20On%20Map%20Of%20India%206g%2026mm%20%20-%20UVlGUVJbQFNQS0VS/ HTTP/1.1" 200 23 "-" "Mozilla/5.0 AppleWebKit/537.36 (KHTML, like Gecko; compatible; bingbot/2.0; +http://www.bing.com/bingbot.htm) Chrome/116.0.1938.76 Safari/537.36"
cashforcarscarrollton.com.infinitibizsol.com:443 157.55.39.52 - - [13/Jun/2025:17:10:44 +0000] "GET /NEW%20300g%20SLOW%20PITCH%20SALTWATER%20JIG/LURE,%20GLOW%20POLKA%20DOT,%207/0%20ASSIST%20HOOK%20-%20UFdHUV9aR1dQQ0JV/ HTTP/1.1" 200 23 "-" "Mozilla/5.0 AppleWebKit/537.36 (KHTML, like Gecko; compatible; bingbot/2.0; +http://www.bing.com/bingbot.htm) Chrome/116.0.1938.76 Safari/537.36"
cashforcarscarrollton.com.infinitibizsol.com:443 157.55.39.205 - - [13/Jun/2025:17:11:40 +0000] "GET /bags%20piping%20tips%20pastry%20and%20set%20reusable%20decorating%20icing%20cake%20bag%20inch%20pcs%20kit%20-%20UFJGXVdXRFVYREta/ HTTP/1.1" 200 23 "-" "Mozilla/5.0 AppleWebKit/537.36 (KHTML, like Gecko; compatible; bingbot/2.0; +http://www.bing.com/bingbot.htm) Chrome/116.0.1938.76 Safari/537.36"
cashforcarscarrollton.com.infinitibizsol.com:443 208.110.64.178 - - [13/Jun/2025:17:12:11 +0000] "GET /wp-content/install.php HTTP/1.1" 200 16 "https://cashforcarscarrollton.com/wp-content/install.php" "Mozilla/5.0 (Windows NT 10.0; Win64; x64) AppleWebKit/537.36 (KHTML, like Gecko) Chrome/58.0.3029.110 Safari/537.3"
cashforcarscarrollton.com.infinitibizsol.com:443 157.55.39.52 - - [13/Jun/2025:17:12:25 +0000] "GET /old%20book-Brantome-the%20lives%20of%20the%20illustrious%20and%20great%20Foreign%20Captains-1740%20-%20UVFGWFZaR1JRQ0FS/ HTTP/1.1" 200 23 "-" "Mozilla/5.0 AppleWebKit/537.36 (KHTML, like Gecko; compatible; bingbot/2.0; +http://www.bing.com/bingbot.htm) Chrome/116.0.1938.76 Safari/537.36"
cashforcarscarrollton.com.infinitibizsol.com:443 173.208.153.154 - - [13/Jun/2025:17:13:12 +0000] "GET /wp-content/install.php HTTP/1.1" 200 16 "https://cashforcarscarrollton.com/wp-content/install.php" "Mozilla/4.0 (compatible; MSIE 7.0; Windows NT 6.0; SLCC1; .NET CLR 2.0.50727; Media Center PC 5.0; .NET CLR 3.0.04506; InfoPath.1)"
cashforcarscarrollton.com.infinitibizsol.com:443 108.181.202.211 - - [13/Jun/2025:17:13:14 +0000] "GET /wp-content/install.php HTTP/1.1" 200 16 "https://cashforcarscarrollton.com/wp-content/install.php" "Mozilla/4.0 (compatible; MSIE 7.0; Windows NT 5.1; .NET CLR 1.1.4322; .NET CLR 2.0.50727)"
cashforcarscarrollton.com.infinitibizsol.com:443 196.251.117.231 - - [13/Jun/2025:17:13:35 +0000] "POST /wp-login.php?wc-ajax=1 HTTP/1.1" 500 0 "https://cashforcarscarrollton.com/wp-admin/" "Mozilla/5.0 (Windows NT 10.0; Win64; x64) AppleWebKit/537.36 (KHTML, like Gecko) Chrome/90.0.4430.85 Safari/537.36"
cashforcarscarrollton.com.infinitibizsol.com:443 196.251.117.231 - - [13/Jun/2025:17:13:36 +0000] "GET /wp-admin/?wc-ajax=1 HTTP/1.1" 200 311 "www.google.com" "Mozilla/5.0 (Windows NT 10.0; Win64; x64) AppleWebKit/537.36 (KHTML, like Gecko) Chrome/90.0.4430.85 Safari/537.36"
