cashforcarscarrollton.com.infinitibizsol.com:443 207.46.13.18 - - [12/Jun/2025:13:12:50 +0000] "GET /Phineas%20and%20Ferb:%20Ride%20Again%20(Nintendo%20DS,%202010)%20Buy%201%20Get%201%2050%25%20Off%20-%20UVlFWVJeQlJZQEpT/ HTTP/1.1" 200 23 "-" "Mozilla/5.0 AppleWebKit/537.36 (KHTML, like Gecko; compatible; bingbot/2.0; +http://www.bing.com/bingbot.htm) Chrome/116.0.1938.76 Safari/537.36"
cashforcarscarrollton.com.infinitibizsol.com:443 40.77.167.38 - - [12/Jun/2025:13:14:36 +0000] "GET /Dremel%20MM422B%20Multi-Max%20Wood%20and%20Metal%20Flush%20Cut%20Blade,%203-Pack%20UPC%20080596029876%20-%20UldEWFZcRFBUREtT/ HTTP/1.1" 200 23 "-" "Mozilla/5.0 AppleWebKit/537.36 (KHTML, like Gecko; compatible; bingbot/2.0; +http://www.bing.com/bingbot.htm) Chrome/116.0.1938.76 Safari/537.36"
cashforcarscarrollton.com.infinitibizsol.com:443 208.110.64.178 - - [12/Jun/2025:13:15:31 +0000] "GET /wp-content/install.php HTTP/1.1" 200 16 "https://cashforcarscarrollton.com/wp-content/install.php" "Mozilla/5.0 (Windows NT 10.0; Win64; x64) AppleWebKit/537.36 (KHTML, like Gecko) Chrome/58.0.3029.110 Safari/537.3"
cashforcarscarrollton.com.infinitibizsol.com:443 69.197.135.226 - - [12/Jun/2025:13:18:07 +0000] "GET /wp-content/install.php HTTP/1.1" 200 16 "https://cashforcarscarrollton.com/wp-content/install.php" "Mozilla/5.0 (Windows NT 10.0; Win64; x64) AppleWebKit/537.36 (KHTML, like Gecko) Chrome/58.0.3029.110 Safari/537.3"
cashforcarscarrollton.com.infinitibizsol.com:443 157.55.39.16 - - [12/Jun/2025:13:19:48 +0000] "GET /Genuine%20Battery%20For%20Ecovacs%20Deebot%20N79%20N79S%20DN622%20Eufy%2011%2011S%2015%2015C%2015S%2025C%2030%20-%20UVlGXFBbQVNQREJU/ HTTP/1.1" 200 13 "-" "Mozilla/5.0 AppleWebKit/537.36 (KHTML, like Gecko; compatible; bingbot/2.0; +http://www.bing.com/bingbot.htm) Chrome/116.0.1938.76 Safari/537.36"
cashforcarscarrollton.com.infinitibizsol.com:443 157.55.39.16 - - [12/Jun/2025:13:21:58 +0000] "GET /LAUNCH%20X431%20CRP919E%20BT%20PRO%20Car%20Diagnostic%20Scanner%20Bidirectional%20Key%20Coding%20CANFD%20-%20UVhGWl9YQ1tURUVU/ HTTP/1.1" 200 23 "-" "Mozilla/5.0 AppleWebKit/537.36 (KHTML, like Gecko; compatible; bingbot/2.0; +http://www.bing.com/bingbot.htm) Chrome/116.0.1938.76 Safari/537.36"
cashforcarscarrollton.com.infinitibizsol.com:443 207.46.13.18 - - [12/Jun/2025:13:22:31 +0000] "GET /Beats%20by%20Dr.%20Dre%20Flex%20All-Day%20Wireless%20In-Ear%20Earphones%20Beats%20Black%20MYMC2LL/A%20-%20UlNGXVBXRVBXRENW/ HTTP/1.1" 200 23 "-" "Mozilla/5.0 AppleWebKit/537.36 (KHTML, like Gecko; compatible; bingbot/2.0; +http://www.bing.com/bingbot.htm) Chrome/116.0.1938.76 Safari/537.36"
cashforcarscarrollton.com.infinitibizsol.com:443 208.110.64.178 - - [12/Jun/2025:13:23:22 +0000] "GET /wp-content/install.php HTTP/1.1" 200 16 "https://cashforcarscarrollton.com/wp-content/install.php" "Mozilla/5.0 (Windows NT 10.0; Win64; x64) AppleWebKit/537.36 (KHTML, like Gecko) Chrome/58.0.3029.110 Safari/537.3"
cashforcarscarrollton.com.infinitibizsol.com:443 207.46.13.150 - - [12/Jun/2025:13:26:42 +0000] "GET /2-PACK%20Stainless%20Steel%20Kitchen%20Shears%20Heavy%20Duty%20Scissors%20For%20Meat%20Fish%20Chicken%20-%20UFZAUVdfS1dVS0ZQ/ HTTP/1.1" 200 23 "-" "Mozilla/5.0 AppleWebKit/537.36 (KHTML, like Gecko; compatible; bingbot/2.0; +http://www.bing.com/bingbot.htm) Chrome/116.0.1938.76 Safari/537.36"
cashforcarscarrollton.com.infinitibizsol.com:443 198.98.55.65 - - [12/Jun/2025:13:27:04 +0000] "GET /wp-login.php HTTP/1.1" 500 5 "-" "Mozilla/5.0 (Macintosh; Intel Mac OS X 10_9_0) AppleWebKit/537.36 (KHTML, like Gecko) Chrome/36.0.1985.125 Safari/537.36"
cashforcarscarrollton.com.infinitibizsol.com:443 204.12.252.98 - - [12/Jun/2025:13:27:57 +0000] "GET /wp-content/install.php HTTP/1.1" 200 16 "https://cashforcarscarrollton.com/wp-content/install.php" "Mozilla/5.0 (Windows NT 10.0; Win64; x64) AppleWebKit/537.36 (KHTML, like Gecko) Chrome/58.0.3029.110 Safari/537.3"
cashforcarscarrollton.com.infinitibizsol.com:443 157.55.39.16 - - [12/Jun/2025:13:28:18 +0000] "GET /JULIE%20CLARKE%20-%20IN%20A%20BIKINI%20AND%20ON%20ROLLERBLADES%20-%20SEXY%20POSE%20-%20BENDING%20OVER%20%20!!%20-%20UFNFWF9cRFRTQEpb/ HTTP/1.1" 200 23 "-" "Mozilla/5.0 AppleWebKit/537.36 (KHTML, like Gecko; compatible; bingbot/2.0; +http://www.bing.com/bingbot.htm) Chrome/116.0.1938.76 Safari/537.36"
cashforcarscarrollton.com.infinitibizsol.com:443 157.55.39.16 - - [12/Jun/2025:13:29:08 +0000] "GET /Children%20Kids%20Girls%20Plain%20Cotton%20Thick%20Full%20Length%20Leggings%20Party%20Pants%20All%20Ages%20-%20UllAXV5fQFRVQkVX/ HTTP/1.1" 200 23 "-" "Mozilla/5.0 AppleWebKit/537.36 (KHTML, like Gecko; compatible; bingbot/2.0; +http://www.bing.com/bingbot.htm) Chrome/116.0.1938.76 Safari/537.36"
cashforcarscarrollton.com.infinitibizsol.com:443 52.167.144.232 - - [12/Jun/2025:13:29:27 +0000] "GET /View%20Master%202125-A-B-C,%20Sweden,%203%20Reel%20Set%20-%20UFlGW1VXS1pTQUZT/ HTTP/1.1" 200 23 "-" "Mozilla/5.0 AppleWebKit/537.36 (KHTML, like Gecko; compatible; bingbot/2.0; +http://www.bing.com/bingbot.htm) Chrome/116.0.1938.76 Safari/537.36"
cashforcarscarrollton.com.infinitibizsol.com:443 52.167.144.232 - - [12/Jun/2025:13:29:48 +0000] "GET /A10254%20HEARTBREAKER%20MINIATURES%20HHG%20METAL%20OOP%20UNKNOWN%20MODEL%20-%20UlRFXFJYR1RVR0JT/ HTTP/1.1" 200 13 "-" "Mozilla/5.0 AppleWebKit/537.36 (KHTML, like Gecko; compatible; bingbot/2.0; +http://www.bing.com/bingbot.htm) Chrome/116.0.1938.76 Safari/537.36"
cashforcarscarrollton.com.infinitibizsol.com:443 207.46.13.150 - - [12/Jun/2025:13:29:52 +0000] "GET /germany-world-war-versailles-treaty-lost-territories-stolen-land-1920-UFlEX15WS1tRREtR HTTP/1.1" 200 23 "-" "Mozilla/5.0 AppleWebKit/537.36 (KHTML, like Gecko; compatible; bingbot/2.0; +http://www.bing.com/bingbot.htm) Chrome/116.0.1938.76 Safari/537.36"
cashforcarscarrollton.com.infinitibizsol.com:443 69.197.182.50 - - [12/Jun/2025:13:30:15 +0000] "GET /wp-content/install.php HTTP/1.1" 200 16 "https://cashforcarscarrollton.com/wp-content/install.php" "Mozilla/5.0 (Windows NT 10.0; Win64; x64) AppleWebKit/537.36 (KHTML, like Gecko) Chrome/58.0.3029.110 Safari/537.3"
cashforcarscarrollton.com.infinitibizsol.com:443 207.46.13.150 - - [12/Jun/2025:13:30:42 +0000] "GET /Ultra%20Colloidal%20Silver%208%20oz%20240%20%20PPM%20by%20Silver%20Mtn%20Minerals.%20Free%20Fast%20Shipping%20-%20UVdEWFdeQFNWRURb/ HTTP/1.1" 200 23 "-" "Mozilla/5.0 AppleWebKit/537.36 (KHTML, like Gecko; compatible; bingbot/2.0; +http://www.bing.com/bingbot.htm) Chrome/116.0.1938.76 Safari/537.36"
cashforcarscarrollton.com.infinitibizsol.com:443 45.227.253.15 - - [12/Jun/2025:13:32:02 +0000] "GET /index.php/jk HTTP/1.1" 500 5 "-" "Mozilla/5.0 (Windows NT 10.0; Win64; x64; rv:82.0) Gecko/20100101 Firefox/82.0"
cashforcarscarrollton.com.infinitibizsol.com:443 173.208.153.154 - - [12/Jun/2025:13:33:24 +0000] "GET /wp-content/install.php HTTP/1.1" 200 16 "https://cashforcarscarrollton.com/wp-content/install.php" "Mozilla/5.0 (compatible; MSIE 9.0; Windows NT 6.1; WOW64; Trident/5.0; SLCC2; .NET CLR 2.0.50727; .NET CLR 3.5.30729; .NET CLR 3.0.30729; Media Center PC 6.0; MAGW; .NET4.0C; Lunascape 6.5.8.24780)"
cashforcarscarrollton.com.infinitibizsol.com:443 108.181.202.211 - - [12/Jun/2025:13:33:25 +0000] "GET /wp-content/install.php HTTP/1.1" 200 6 "https://cashforcarscarrollton.com/wp-content/install.php" "Mozilla/5.0 (Macintosh; Intel Mac OS X 10_6_8) AppleWebKit/534.30 (KHTML, like Gecko) Chrome/12.0.742.112 Safari/534.30"
cashforcarscarrollton.com.infinitibizsol.com:443 208.110.64.178 - - [12/Jun/2025:13:34:17 +0000] "GET /wp-content/install.php HTTP/1.1" 200 16 "https://cashforcarscarrollton.com/wp-content/install.php" "Mozilla/5.0 (Windows NT 10.0; Win64; x64) AppleWebKit/537.36 (KHTML, like Gecko) Chrome/58.0.3029.110 Safari/537.3"
cashforcarscarrollton.com.infinitibizsol.com:443 52.167.144.232 - - [12/Jun/2025:13:34:30 +0000] "GET /14PCS%20Dip%20Powder%20Nail%20Kit%20Pink%20Glitter%20Dipping%20Powder%20Starter%20Set%20DIY%20Salon%20US%20-%20UVFHWVZbR1BYS0Bb/ HTTP/1.1" 200 23 "-" "Mozilla/5.0 AppleWebKit/537.36 (KHTML, like Gecko; compatible; bingbot/2.0; +http://www.bing.com/bingbot.htm) Chrome/116.0.1938.76 Safari/537.36"
cashforcarscarrollton.com.infinitibizsol.com:443 34.22.198.16 - - [12/Jun/2025:13:35:07 +0000] "GET / HTTP/1.1" 500 5 "-" "python-requests/2.32.4"
cashforcarscarrollton.com.infinitibizsol.com:80 35.241.157.174 - - [12/Jun/2025:13:35:10 +0000] "GET / HTTP/1.1" 500 5 "-" "python-requests/2.32.4"
cashforcarscarrollton.com.infinitibizsol.com:443 207.46.13.111 - - [12/Jun/2025:13:35:18 +0000] "GET /1920s%20East%20Lake%20Weir%20FL%20Post%20Office%20Model%20T%20Ford%20Vtg%20Photo%20Negative%203.6%20X%205.7%20G%20-%20UlNFX1NZS1VVQUBQ/ HTTP/1.1" 200 23 "-" "Mozilla/5.0 AppleWebKit/537.36 (KHTML, like Gecko; compatible; bingbot/2.0; +http://www.bing.com/bingbot.htm) Chrome/116.0.1938.76 Safari/537.36"
cashforcarscarrollton.com.infinitibizsol.com:443 52.167.144.232 - - [12/Jun/2025:13:35:22 +0000] "GET /Handgun%20Gun%20Pistol%20Revolver%20Hard%20Case%20Bag%20Box%20Storage%20Lockable%20Foam%20Insert%20Carry%20-%20UFNGWVVeSlRZRUtU/ HTTP/1.1" 200 13 "-" "Mozilla/5.0 AppleWebKit/537.36 (KHTML, like Gecko; compatible; bingbot/2.0; +http://www.bing.com/bingbot.htm) Chrome/116.0.1938.76 Safari/537.36"
cashforcarscarrollton.com.infinitibizsol.com:443 207.46.13.111 - - [12/Jun/2025:13:35:39 +0000] "GET /Premium%20Quality%20Chiffon%20Maxi%20Hijab%20Scarf%20Muslim%20Headcover%20180x70%20-%20180x85%20Cm%20-%20UFFBWlRaS1ZXQ0ZQ/ HTTP/1.1" 200 23 "-" "Mozilla/5.0 AppleWebKit/537.36 (KHTML, like Gecko; compatible; bingbot/2.0; +http://www.bing.com/bingbot.htm) Chrome/116.0.1938.76 Safari/537.36"
cashforcarscarrollton.com.infinitibizsol.com:443 157.55.39.192 - - [12/Jun/2025:13:36:53 +0000] "GET /Dental%20Endodontic%20Endo%20Memory%20Engine%20Rotary%20Root%20Canal%20NiTi%20File%2025mm%20files%20ns%20-%20UVhGUVNeR1ZWQkpW/ HTTP/1.1" 200 23 "-" "Mozilla/5.0 AppleWebKit/537.36 (KHTML, like Gecko; compatible; bingbot/2.0; +http://www.bing.com/bingbot.htm) Chrome/116.0.1938.76 Safari/537.36"
cashforcarscarrollton.com.infinitibizsol.com:443 69.197.135.226 - - [12/Jun/2025:13:40:26 +0000] "GET /wp-content/install.php HTTP/1.1" 200 16 "https://cashforcarscarrollton.com/wp-content/install.php" "Mozilla/5.0 (Windows NT 10.0; Win64; x64) AppleWebKit/537.36 (KHTML, like Gecko) Chrome/58.0.3029.110 Safari/537.3"
cashforcarscarrollton.com.infinitibizsol.com:443 157.55.39.192 - - [12/Jun/2025:13:41:03 +0000] "GET /Caity%20Baser%20(Blue%20Dress)%20Life%20Size%20Cutout%20-%20UllFXVZbRFBZSkRV/ HTTP/1.1" 200 23 "-" "Mozilla/5.0 AppleWebKit/537.36 (KHTML, like Gecko; compatible; bingbot/2.0; +http://www.bing.com/bingbot.htm) Chrome/116.0.1938.76 Safari/537.36"
cashforcarscarrollton.com.infinitibizsol.com:443 40.77.167.23 - - [12/Jun/2025:13:41:19 +0000] "GET /Apple%20iPhone%2011%20-%2064%20GB%20-%20White%20Locked%20To%20User.%20As%20Is.%20-%20UFNFWlBaQ1BVQUFU/ HTTP/1.1" 200 23 "-" "Mozilla/5.0 AppleWebKit/537.36 (KHTML, like Gecko; compatible; bingbot/2.0; +http://www.bing.com/bingbot.htm) Chrome/116.0.1938.76 Safari/537.36"
cashforcarscarrollton.com.infinitibizsol.com:443 208.110.64.178 - - [12/Jun/2025:13:44:22 +0000] "GET /wp-content/install.php HTTP/1.1" 200 16 "https://cashforcarscarrollton.com/wp-content/install.php" "Mozilla/5.0 (Windows NT 10.0; Win64; x64) AppleWebKit/537.36 (KHTML, like Gecko) Chrome/58.0.3029.110 Safari/537.3"
cashforcarscarrollton.com.infinitibizsol.com:443 157.55.39.192 - - [12/Jun/2025:13:44:44 +0000] "GET /7%20inch%2026%20mesh%20(%2015ft%20deep%20)%20630ft%20Mono%20/ HTTP/1.1" 200 23 "-" "Mozilla/5.0 AppleWebKit/537.36 (KHTML, like Gecko; compatible; bingbot/2.0; +http://www.bing.com/bingbot.htm) Chrome/116.0.1938.76 Safari/537.36"
cashforcarscarrollton.com.infinitibizsol.com:443 40.77.167.23 - - [12/Jun/2025:13:45:10 +0000] "GET /Dseap%20Pot%20Rack%20-%20Pots%20and%20Pans%20Hanging%20Rack%20Rail%20with%208%20Hooks,%20Double%20Bars,%20P...%20-%20UFhGXlZaS1dRS0pR/ HTTP/1.1" 200 23 "-" "Mozilla/5.0 AppleWebKit/537.36 (KHTML, like Gecko; compatible; bingbot/2.0; +http://www.bing.com/bingbot.htm) Chrome/116.0.1938.76 Safari/537.36"
cashforcarscarrollton.com.infinitibizsol.com:443 208.110.64.178 - - [12/Jun/2025:13:46:46 +0000] "GET /wp-content/install.php HTTP/1.1" 200 16 "https://cashforcarscarrollton.com/wp-content/install.php" "Mozilla/5.0 (Windows NT 10.0; Win64; x64) AppleWebKit/537.36 (KHTML, like Gecko) Chrome/58.0.3029.110 Safari/537.3"
cashforcarscarrollton.com.infinitibizsol.com:443 207.46.13.127 - - [12/Jun/2025:13:46:50 +0000] "GET /Pagani%20Design%20PD1701%20v3%20%20Speedmaster%20VK63%20Quartz%20Chronograph%20100M%20unworn%20-%20UllFXlFWRFtWR0dV/ HTTP/1.1" 200 23 "-" "Mozilla/5.0 AppleWebKit/537.36 (KHTML, like Gecko; compatible; bingbot/2.0; +http://www.bing.com/bingbot.htm) Chrome/116.0.1938.76 Safari/537.36"
cashforcarscarrollton.com.infinitibizsol.com:443 40.77.167.23 - - [12/Jun/2025:13:48:49 +0000] "GET /Bucket%20List%20Bars:%20Historic%20Saloons,%20Pubs,%20and%20Dives%20of%20America%20-%20VERY%20GOOD%20-%20UVZFXFZaSlFWSkVU/ HTTP/1.1" 200 23 "-" "Mozilla/5.0 AppleWebKit/537.36 (KHTML, like Gecko; compatible; bingbot/2.0; +http://www.bing.com/bingbot.htm) Chrome/116.0.1938.76 Safari/537.36"
cashforcarscarrollton.com.infinitibizsol.com:443 207.46.13.127 - - [12/Jun/2025:13:50:14 +0000] "GET /Gnomes%201976%20Hardcover%20Book%20Huygen%20Poortvliet%20Abrams%20Beautiful%20Illustrated%201st%20Ed%20-%20UFhGUFZbQFdWR0VV/ HTTP/1.1" 200 23 "-" "Mozilla/5.0 AppleWebKit/537.36 (KHTML, like Gecko; compatible; bingbot/2.0; +http://www.bing.com/bingbot.htm) Chrome/116.0.1938.76 Safari/537.36"
cashforcarscarrollton.com.infinitibizsol.com:443 40.77.167.23 - - [12/Jun/2025:13:50:29 +0000] "GET /Sun%20Quan%20%7C%20KYSG-SSR021%20%7C%20Kayou%20Sanguo%20%7C%20CGC%20Graded%20Pristine%2010%20-%20UFdGWVNaSlBVQUVR/ HTTP/1.1" 200 23 "-" "Mozilla/5.0 AppleWebKit/537.36 (KHTML, like Gecko; compatible; bingbot/2.0; +http://www.bing.com/bingbot.htm) Chrome/116.0.1938.76 Safari/537.36"
cashforcarscarrollton.com.infinitibizsol.com:443 207.46.13.127 - - [12/Jun/2025:13:51:54 +0000] "GET /Eddie%20Cochran%20In%20Person%20book%20-%20UVRFXlJaRlRQR0dV/ HTTP/1.1" 200 23 "-" "Mozilla/5.0 AppleWebKit/537.36 (KHTML, like Gecko; compatible; bingbot/2.0; +http://www.bing.com/bingbot.htm) Chrome/116.0.1938.76 Safari/537.36"
cashforcarscarrollton.com.infinitibizsol.com:443 69.197.182.50 - - [12/Jun/2025:13:52:15 +0000] "GET /wp-content/install.php HTTP/1.1" 200 16 "https://cashforcarscarrollton.com/wp-content/install.php" "Mozilla/5.0 (Windows NT 10.0; Win64; x64) AppleWebKit/537.36 (KHTML, like Gecko) Chrome/58.0.3029.110 Safari/537.3"
cashforcarscarrollton.com.infinitibizsol.com:443 207.46.13.127 - - [12/Jun/2025:13:53:24 +0000] "GET /LUAU%20BLACK%20Tanning%20Lotion%20200X%20Island%20Black%20Bronzer.%207.5oz%20Indoor%20&%20Outdoor%20Tan%20-%20UFFHXF9aQlVTRkJT/ HTTP/1.1" 200 23 "-" "Mozilla/5.0 AppleWebKit/537.36 (KHTML, like Gecko; compatible; bingbot/2.0; +http://www.bing.com/bingbot.htm) Chrome/116.0.1938.76 Safari/537.36"
cashforcarscarrollton.com.infinitibizsol.com:443 207.46.13.92 - - [12/Jun/2025:13:53:30 +0000] "GET /BETAFPV%20Cetus%20FPV%20Drone%20Kit%20with%20Controller%20and%20Goggles%20White%20Used%20%20-%20UVFGWFRWQFVSQkRR/ HTTP/1.1" 200 23 "-" "Mozilla/5.0 AppleWebKit/537.36 (KHTML, like Gecko; compatible; bingbot/2.0; +http://www.bing.com/bingbot.htm) Chrome/116.0.1938.76 Safari/537.36"
cashforcarscarrollton.com.infinitibizsol.com:443 208.110.64.178 - - [12/Jun/2025:13:54:39 +0000] "GET /wp-content/install.php HTTP/1.1" 200 16 "https://cashforcarscarrollton.com/wp-content/install.php" "Mozilla/5.0 (Windows NT 10.0; Win64; x64) AppleWebKit/537.36 (KHTML, like Gecko) Chrome/58.0.3029.110 Safari/537.3"
cashforcarscarrollton.com.infinitibizsol.com:443 207.46.13.92 - - [12/Jun/2025:13:58:11 +0000] "GET /Resilience:%2029%20Lessons%20For%20Coping%20Well%20-%20UllHWFNXQVBWSkRT/ HTTP/1.1" 200 23 "-" "Mozilla/5.0 AppleWebKit/537.36 (KHTML, like Gecko; compatible; bingbot/2.0; +http://www.bing.com/bingbot.htm) Chrome/116.0.1938.76 Safari/537.36"
cashforcarscarrollton.com.infinitibizsol.com:443 157.55.39.60 - - [12/Jun/2025:13:59:22 +0000] "GET /WAGO%20221-2401%2020pc%20Inline%20Splicing%20Wire%20Connectors%20Pack%20%7C%20Includes%20(20x)%20%7C%20221%20-%20UVFGWFBdQVpSS0VV/ HTTP/1.1" 200 23 "-" "Mozilla/5.0 AppleWebKit/537.36 (KHTML, like Gecko; compatible; bingbot/2.0; +http://www.bing.com/bingbot.htm) Chrome/116.0.1938.76 Safari/537.36"
cashforcarscarrollton.com.infinitibizsol.com:443 40.77.167.22 - - [12/Jun/2025:14:01:41 +0000] "GET /2024%20GARBAGE%20PAIL%20KIDS%20GPK%20KIDS%20AT%20PLAY%20Booger%20Green%20Connected%20Conner%2022a%20NM%20-%20UFNFW1dfQVpXR0Zb/ HTTP/1.1" 200 23 "-" "Mozilla/5.0 AppleWebKit/537.36 (KHTML, like Gecko; compatible; bingbot/2.0; +http://www.bing.com/bingbot.htm) Chrome/116.0.1938.76 Safari/537.36"
cashforcarscarrollton.com.infinitibizsol.com:443 204.12.252.98 - - [12/Jun/2025:14:01:43 +0000] "GET /wp-content/install.php HTTP/1.1" 200 16 "https://cashforcarscarrollton.com/wp-content/install.php" "Mozilla/5.0 (Windows NT 10.0; Win64; x64) AppleWebKit/537.36 (KHTML, like Gecko) Chrome/58.0.3029.110 Safari/537.3"
cashforcarscarrollton.com.infinitibizsol.com:443 157.55.39.56 - - [12/Jun/2025:14:02:55 +0000] "GET /Japan%20pins%202024%20Believe%20the%20Promise%20Pathfinder%20Camporee%20-%20UlhFX1JWQ1ZUQ0NW/ HTTP/1.1" 200 23 "-" "Mozilla/5.0 AppleWebKit/537.36 (KHTML, like Gecko; compatible; bingbot/2.0; +http://www.bing.com/bingbot.htm) Chrome/116.0.1938.76 Safari/537.36"
cashforcarscarrollton.com.infinitibizsol.com:443 204.12.252.98 - - [12/Jun/2025:14:03:28 +0000] "GET /wp-content/install.php HTTP/1.1" 200 16 "https://cashforcarscarrollton.com/wp-content/install.php" "Mozilla/5.0 (Windows NT 10.0; Win64; x64) AppleWebKit/537.36 (KHTML, like Gecko) Chrome/58.0.3029.110 Safari/537.3"
cashforcarscarrollton.com.infinitibizsol.com:443 157.55.39.56 - - [12/Jun/2025:14:03:47 +0000] "GET /Ultra-Tire%20Shine%20Solvent-Based%20Tire%20Dressing%20Combo%20-%20UVRGWlVeR1JVRkFR/ HTTP/1.1" 200 23 "-" "Mozilla/5.0 AppleWebKit/537.36 (KHTML, like Gecko; compatible; bingbot/2.0; +http://www.bing.com/bingbot.htm) Chrome/116.0.1938.76 Safari/537.36"
cashforcarscarrollton.com.infinitibizsol.com:443 207.46.13.153 - - [12/Jun/2025:14:04:22 +0000] "GET /Europe%20in%20Africa%20in%20the%20Nineteenth%20Century%20by%20E%20Latimer%201895%20HC%201st%20Ed%20VG%20Illust%20-%20UFBHUFFbS1NZSkdV/ HTTP/1.1" 200 23 "-" "Mozilla/5.0 AppleWebKit/537.36 (KHTML, like Gecko; compatible; bingbot/2.0; +http://www.bing.com/bingbot.htm) Chrome/116.0.1938.76 Safari/537.36"
cashforcarscarrollton.com.infinitibizsol.com:443 40.77.167.22 - - [12/Jun/2025:14:05:54 +0000] "GET /B%20Section%20V-Belts%20Industry%20Drive%20Belts%20Imperial%20B25%20to%20B95%20Metric%20B600%20to%20B7000%20-%20UFNGXlNcRFpQR0BT/ HTTP/1.1" 200 13 "-" "Mozilla/5.0 AppleWebKit/537.36 (KHTML, like Gecko; compatible; bingbot/2.0; +http://www.bing.com/bingbot.htm) Chrome/116.0.1938.76 Safari/537.36"
cashforcarscarrollton.com.infinitibizsol.com:443 207.46.13.153 - - [12/Jun/2025:14:07:42 +0000] "GET /Passenger%20Right%20Side%20Mirror%20Glass%208K0857536G%20For%20Audi%20A4%20Quattro%202010-2016%20-%20UFBHWVNZQVtWQkZa/ HTTP/1.1" 200 23 "-" "Mozilla/5.0 AppleWebKit/537.36 (KHTML, like Gecko; compatible; bingbot/2.0; +http://www.bing.com/bingbot.htm) Chrome/116.0.1938.76 Safari/537.36"
cashforcarscarrollton.com.infinitibizsol.com:443 80.85.246.214 - - [12/Jun/2025:14:07:47 +0000] "GET / HTTP/1.1" 500 5 "-" "Mozilla/5.0 (Macintosh; Intel Mac OS X 10_15_7) AppleWebKit/537.36 (KHTML, like Gecko) Chrome/133.0.0.0 Safari/537.36"
cashforcarscarrollton.com.infinitibizsol.com:443 40.77.167.22 - - [12/Jun/2025:14:08:14 +0000] "GET /epson-tm-u220b-m188b-c31c514a7881-dot-matrix-pos-receipt-printer-ethernet-new-UFJGXF9eQFpVQ0NQ HTTP/1.1" 200 23 "-" "Mozilla/5.0 AppleWebKit/537.36 (KHTML, like Gecko; compatible; bingbot/2.0; +http://www.bing.com/bingbot.htm) Chrome/116.0.1938.76 Safari/537.36"
cashforcarscarrollton.com.infinitibizsol.com:443 40.77.167.22 - - [12/Jun/2025:14:08:16 +0000] "GET /Vintage%20Farmhouse%20Rooster%20Cork%20Board%20Hot%20Pad%20Trivet%20-%20UlZFXlNaQ1JYREZR/ HTTP/1.1" 200 23 "-" "Mozilla/5.0 AppleWebKit/537.36 (KHTML, like Gecko; compatible; bingbot/2.0; +http://www.bing.com/bingbot.htm) Chrome/116.0.1938.76 Safari/537.36"
cashforcarscarrollton.com.infinitibizsol.com:443 157.55.39.51 - - [12/Jun/2025:14:08:36 +0000] "GET /Corningware%20Trivet%20Stand%202%20Pack%20Vintage%20Metal%20Potholders%20With%20Feet%20In%20Silver%20-%20UllFX1BfQlVYQkVV/ HTTP/1.1" 200 23 "-" "Mozilla/5.0 AppleWebKit/537.36 (KHTML, like Gecko; compatible; bingbot/2.0; +http://www.bing.com/bingbot.htm) Chrome/116.0.1938.76 Safari/537.36"
cashforcarscarrollton.com.infinitibizsol.com:443 40.77.167.22 - - [12/Jun/2025:14:09:23 +0000] "GET /4%20Mixed%20Cheese%20Slices%20Tumdee%201:12%20Scale%20Dolls%20House%20Miniatures%20Food%20Accessory%20A%20-%20UlVBWlZXRVNWQkpb/ HTTP/1.1" 200 23 "-" "Mozilla/5.0 AppleWebKit/537.36 (KHTML, like Gecko; compatible; bingbot/2.0; +http://www.bing.com/bingbot.htm) Chrome/116.0.1938.76 Safari/537.36"
cashforcarscarrollton.com.infinitibizsol.com:443 40.77.167.22 - - [12/Jun/2025:14:09:24 +0000] "GET /Thin%20Red%20Line%20Flag%203x5%20Ft%20-%20Fire%20Fighter%20Firefighter%20-Police%20American%20Law%20-%20UlRAUVVfQFRYRktW/ HTTP/1.1" 200 13 "-" "Mozilla/5.0 AppleWebKit/537.36 (KHTML, like Gecko; compatible; bingbot/2.0; +http://www.bing.com/bingbot.htm) Chrome/116.0.1938.76 Safari/537.36"
cashforcarscarrollton.com.infinitibizsol.com:443 157.55.39.51 - - [12/Jun/2025:14:09:56 +0000] "GET /Maldives%2020%20Rufiyaa%20Polymer%20Uncirculated%20Banknote%20-%20UVdEWFVdR1tVREBa/ HTTP/1.1" 200 23 "-" "Mozilla/5.0 AppleWebKit/537.36 (KHTML, like Gecko; compatible; bingbot/2.0; +http://www.bing.com/bingbot.htm) Chrome/116.0.1938.76 Safari/537.36"
cashforcarscarrollton.com.infinitibizsol.com:443 207.46.13.153 - - [12/Jun/2025:14:10:23 +0000] "GET /Pulsar%20Pulsing%20sensor%20Coil%20for%20Kawasaki%20KLF300%20Bayou300%20KEF300%20Lacota300%20-%20UlVHWl9WSlFWRUFa/ HTTP/1.1" 200 23 "-" "Mozilla/5.0 AppleWebKit/537.36 (KHTML, like Gecko; compatible; bingbot/2.0; +http://www.bing.com/bingbot.htm) Chrome/116.0.1938.76 Safari/537.36"
cashforcarscarrollton.com.infinitibizsol.com:443 208.110.64.178 - - [12/Jun/2025:14:10:43 +0000] "GET /wp-content/install.php HTTP/1.1" 200 16 "https://cashforcarscarrollton.com/wp-content/install.php" "Mozilla/5.0 (Windows NT 10.0; Win64; x64) AppleWebKit/537.36 (KHTML, like Gecko) Chrome/58.0.3029.110 Safari/537.3"
cashforcarscarrollton.com.infinitibizsol.com:443 207.46.13.153 - - [12/Jun/2025:14:11:22 +0000] "GET /Hobby%20Zone.%20HBZ7126.%20Cowl.%20Cub%20-%20UlZFXlNWRFtYS0Ra/ HTTP/1.1" 200 23 "-" "Mozilla/5.0 AppleWebKit/537.36 (KHTML, like Gecko; compatible; bingbot/2.0; +http://www.bing.com/bingbot.htm) Chrome/116.0.1938.76 Safari/537.36"
cashforcarscarrollton.com.infinitibizsol.com:443 208.110.64.178 - - [12/Jun/2025:14:14:14 +0000] "GET /wp-content/install.php HTTP/1.1" 200 16 "https://cashforcarscarrollton.com/wp-content/install.php" "Mozilla/5.0 (Windows NT 10.0; Win64; x64) AppleWebKit/537.36 (KHTML, like Gecko) Chrome/58.0.3029.110 Safari/537.3"
cashforcarscarrollton.com.infinitibizsol.com:443 40.77.167.22 - - [12/Jun/2025:14:18:32 +0000] "GET /EasyLint%20Professional%20Lint%20Remover%20Fabric%20Shaver%20Fuzz%20Pill%20Bobble%20Remover%20-%20UVRAXFFWQ1NWREBW/ HTTP/1.1" 200 23 "-" "Mozilla/5.0 AppleWebKit/537.36 (KHTML, like Gecko; compatible; bingbot/2.0; +http://www.bing.com/bingbot.htm) Chrome/116.0.1938.76 Safari/537.36"
cashforcarscarrollton.com.infinitibizsol.com:443 157.55.39.194 - - [12/Jun/2025:14:20:24 +0000] "GET /2%20PCS%20AM29F010B-120JC%20PLCC-32%20AM29F010B%20120JI%20Uniform%20Sector%20Flash%20Memory%20Chip%20-%20UFBGX1ZeQlBSR0VU/ HTTP/1.1" 200 23 "-" "Mozilla/5.0 AppleWebKit/537.36 (KHTML, like Gecko; compatible; bingbot/2.0; +http://www.bing.com/bingbot.htm) Chrome/116.0.1938.76 Safari/537.36"
cashforcarscarrollton.com.infinitibizsol.com:443 207.46.13.156 - - [12/Jun/2025:14:20:47 +0000] "GET /ND%208%2016%2032%2064%20ND256%20ND1000%20ND8PL%2016PL%2032PL%20Lens%20Filter%20for%20DJI%20AIR%203%20AIR3%20Drone%20-%20UVRFWVFaR1dZRUBR/ HTTP/1.1" 200 23 "-" "Mozilla/5.0 AppleWebKit/537.36 (KHTML, like Gecko; compatible; bingbot/2.0; +http://www.bing.com/bingbot.htm) Chrome/116.0.1938.76 Safari/537.36"
cashforcarscarrollton.com.infinitibizsol.com:443 208.110.64.178 - - [12/Jun/2025:14:22:15 +0000] "GET /wp-content/install.php HTTP/1.1" 200 16 "https://cashforcarscarrollton.com/wp-content/install.php" "Mozilla/5.0 (Windows NT 10.0; Win64; x64) AppleWebKit/537.36 (KHTML, like Gecko) Chrome/58.0.3029.110 Safari/537.3"
cashforcarscarrollton.com.infinitibizsol.com:443 40.77.167.22 - - [12/Jun/2025:14:22:22 +0000] "GET /Cooper%20Crouse-Hinds%20FLS%20SK645RG%20%2030A%20Explosion%20Proof%20Enclosed%20Disconnect%20Switch%20-%20UldFUV9XRVtRQENb/ HTTP/1.1" 200 23 "-" "Mozilla/5.0 AppleWebKit/537.36 (KHTML, like Gecko; compatible; bingbot/2.0; +http://www.bing.com/bingbot.htm) Chrome/116.0.1938.76 Safari/537.36"
cashforcarscarrollton.com.infinitibizsol.com:443 157.55.39.58 - - [12/Jun/2025:14:22:43 +0000] "GET /Golgari%20Findbroker%20%5BGuilds%20of%20Ravnica%5D%20Magic%20MTG%20-%20UFJGW1RbQlZURERb/ HTTP/1.1" 200 23 "-" "Mozilla/5.0 AppleWebKit/537.36 (KHTML, like Gecko; compatible; bingbot/2.0; +http://www.bing.com/bingbot.htm) Chrome/116.0.1938.76 Safari/537.36"
cashforcarscarrollton.com.infinitibizsol.com:443 207.46.13.9 - - [12/Jun/2025:14:23:54 +0000] "GET /AC%20100-240V%20DC%205V%20500mA%203.5mm%20*%201.35mm%20Plug%20Power%20Supply%20Adapter%20-%20UlZBW1VYRFVZR0JS/ HTTP/1.1" 200 23 "-" "Mozilla/5.0 AppleWebKit/537.36 (KHTML, like Gecko; compatible; bingbot/2.0; +http://www.bing.com/bingbot.htm) Chrome/116.0.1938.76 Safari/537.36"
cashforcarscarrollton.com.infinitibizsol.com:443 69.197.135.226 - - [12/Jun/2025:14:24:33 +0000] "GET /wp-content/install.php HTTP/1.1" 200 16 "https://cashforcarscarrollton.com/wp-content/install.php" "Mozilla/5.0 (Windows NT 10.0; Win64; x64) AppleWebKit/537.36 (KHTML, like Gecko) Chrome/58.0.3029.110 Safari/537.3"
cashforcarscarrollton.com.infinitibizsol.com:443 157.55.39.16 - - [12/Jun/2025:14:24:43 +0000] "GET /MARUMAN%20Verity%20Red-V2%20U4%20R-flex%20UT%20Utility%20Hybrid%20Golf%20Clubs%20-%20UldGUVJbS1NRR0BS/ HTTP/1.1" 200 23 "-" "Mozilla/5.0 AppleWebKit/537.36 (KHTML, like Gecko; compatible; bingbot/2.0; +http://www.bing.com/bingbot.htm) Chrome/116.0.1938.76 Safari/537.36"
cashforcarscarrollton.com.infinitibizsol.com:443 54.38.154.186 - - [12/Jun/2025:14:26:04 +0000] "GET /wp-content/plugins/incache/front/incache.js HTTP/1.1" 500 5 "-" "Mozilla/5.0 (Windows NT 10.0; Win64; x64) AppleWebKit/537.36 (KHTML, like Gecko) Chrome/127.0.0.0 Safari/537.36"
cashforcarscarrollton.com.infinitibizsol.com:443 54.38.154.186 - - [12/Jun/2025:14:26:04 +0000] "GET /wp-content/plugins/excel-like-price-change-for-woocommerce-and-wp-e-commerce-light/assets/admin.css HTTP/1.1" 500 5 "-" "Mozilla/5.0 (Windows NT 10.0; Win64; x64) AppleWebKit/537.36 (KHTML, like Gecko) Chrome/127.0.0.0 Safari/537.36"
cashforcarscarrollton.com.infinitibizsol.com:443 157.55.39.16 - - [12/Jun/2025:14:26:43 +0000] "GET /Hellmanns%20Squeeze%20Mayo%20(25%20Ounce%203%20Count)%20-%20V1FGWlNbS1FVRUJQ/ HTTP/1.1" 200 23 "-" "Mozilla/5.0 AppleWebKit/537.36 (KHTML, like Gecko; compatible; bingbot/2.0; +http://www.bing.com/bingbot.htm) Chrome/116.0.1938.76 Safari/537.36"
cashforcarscarrollton.com.infinitibizsol.com:443 157.55.39.16 - - [12/Jun/2025:14:28:24 +0000] "GET /Littelfuse%201000VDC%20350A%20Class%20J%20Photovoltaic%20Fuse%20SPFJ%20350%20-%20UFhGX1FbQVFWQEJS/ HTTP/1.1" 200 23 "-" "Mozilla/5.0 AppleWebKit/537.36 (KHTML, like Gecko; compatible; bingbot/2.0; +http://www.bing.com/bingbot.htm) Chrome/116.0.1938.76 Safari/537.36"
cashforcarscarrollton.com.infinitibizsol.com:443 157.55.39.16 - - [12/Jun/2025:14:29:04 +0000] "GET /Homco%20Porcelain%20Carousal%20Horse%20(F2)%20-%20UlNFX1NaS1FTQkpW/ HTTP/1.1" 200 23 "-" "Mozilla/5.0 AppleWebKit/537.36 (KHTML, like Gecko; compatible; bingbot/2.0; +http://www.bing.com/bingbot.htm) Chrome/116.0.1938.76 Safari/537.36"
cashforcarscarrollton.com.infinitibizsol.com:443 157.55.39.16 - - [12/Jun/2025:14:29:05 +0000] "GET /Touring%20Though%20Florida%20Orange%20Grove%20,FL%20-%20UlVHUFVXRVJUQ0dU/ HTTP/1.1" 200 23 "-" "Mozilla/5.0 AppleWebKit/537.36 (KHTML, like Gecko; compatible; bingbot/2.0; +http://www.bing.com/bingbot.htm) Chrome/116.0.1938.76 Safari/537.36"
cashforcarscarrollton.com.infinitibizsol.com:443 69.197.182.50 - - [12/Jun/2025:14:30:56 +0000] "GET /wp-content/install.php HTTP/1.1" 200 16 "https://cashforcarscarrollton.com/wp-content/install.php" "Mozilla/5.0 (Windows NT 10.0; Win64; x64) AppleWebKit/537.36 (KHTML, like Gecko) Chrome/58.0.3029.110 Safari/537.3"
cashforcarscarrollton.com.infinitibizsol.com:443 157.55.39.8 - - [12/Jun/2025:14:32:58 +0000] "GET /original-woodpecker-dental-i-led-plus-curing-light-lamp-1-second-curing-2500mw-UlJAXVNcQlZXRkRR HTTP/1.1" 200 23 "-" "Mozilla/5.0 AppleWebKit/537.36 (KHTML, like Gecko; compatible; bingbot/2.0; +http://www.bing.com/bingbot.htm) Chrome/116.0.1938.76 Safari/537.36"
cashforcarscarrollton.com.infinitibizsol.com:443 69.197.135.226 - - [12/Jun/2025:14:33:15 +0000] "GET /wp-content/install.php HTTP/1.1" 200 16 "https://cashforcarscarrollton.com/wp-content/install.php" "Mozilla/5.0 (Windows NT 10.0; Win64; x64) AppleWebKit/537.36 (KHTML, like Gecko) Chrome/58.0.3029.110 Safari/537.3"
cashforcarscarrollton.com.infinitibizsol.com:443 157.55.39.8 - - [12/Jun/2025:14:35:09 +0000] "GET /Zero%20Restriction%20Mens%20L%201/4%20Zip%20Pullover%20Performance%20Golf%20The%20Honors%20Course%20C1%20-%20UldEWFRbS1tQRUNR/ HTTP/1.1" 200 23 "-" "Mozilla/5.0 AppleWebKit/537.36 (KHTML, like Gecko; compatible; bingbot/2.0; +http://www.bing.com/bingbot.htm) Chrome/116.0.1938.76 Safari/537.36"
cashforcarscarrollton.com.infinitibizsol.com:443 157.55.39.8 - - [12/Jun/2025:14:36:09 +0000] "GET /Adidas%20Campus%2000s%20Shoes%20Originals%20Sneakers%20Core%20Black/Cloud%20White%20HQ8708%20-%20UFZGXlVeQFBWQUBS/ HTTP/1.1" 200 23 "-" "Mozilla/5.0 AppleWebKit/537.36 (KHTML, like Gecko; compatible; bingbot/2.0; +http://www.bing.com/bingbot.htm) Chrome/116.0.1938.76 Safari/537.36"
cashforcarscarrollton.com.infinitibizsol.com:443 157.55.39.8 - - [12/Jun/2025:14:37:29 +0000] "GET /2010%20Rolex%2024%20Hours%20Of%20Daytona%20Grand%20Am%20RSCS%20Poster%20ACTION%20EXPRESS%20RACING%20WIN%20-%20UlNFXVBaSlZSRERU/ HTTP/1.1" 200 23 "-" "Mozilla/5.0 AppleWebKit/537.36 (KHTML, like Gecko; compatible; bingbot/2.0; +http://www.bing.com/bingbot.htm) Chrome/116.0.1938.76 Safari/537.36"
cashforcarscarrollton.com.infinitibizsol.com:443 157.55.39.8 - - [12/Jun/2025:14:39:19 +0000] "GET /Miura%20Giken%20Km-701%20Wedge%2058%20Fujikura%20Mci-100S%20-%20UFhGUFVXQldXSkNR/ HTTP/1.1" 200 23 "-" "Mozilla/5.0 AppleWebKit/537.36 (KHTML, like Gecko; compatible; bingbot/2.0; +http://www.bing.com/bingbot.htm) Chrome/116.0.1938.76 Safari/537.36"
cashforcarscarrollton.com.infinitibizsol.com:443 157.55.39.200 - - [12/Jun/2025:14:39:55 +0000] "GET /the-penelopiad-the-myth-of-penelope-and-odysseus-myths-series-atwood-margar-UFdGW1JbRlRRRUta HTTP/1.1" 200 13 "-" "Mozilla/5.0 AppleWebKit/537.36 (KHTML, like Gecko; compatible; bingbot/2.0; +http://www.bing.com/bingbot.htm) Chrome/116.0.1938.76 Safari/537.36"
cashforcarscarrollton.com.infinitibizsol.com:443 157.55.39.200 - - [12/Jun/2025:14:41:16 +0000] "GET /Funwares%20Wooden%20Blocks%20Stacking%20Game%20Tumbling%20Tower%20and%20Balance%20Game%20Family%20&...%20-%20UlhFX1FeR1VXQ0da/ HTTP/1.1" 200 23 "-" "Mozilla/5.0 AppleWebKit/537.36 (KHTML, like Gecko; compatible; bingbot/2.0; +http://www.bing.com/bingbot.htm) Chrome/116.0.1938.76 Safari/537.36"
cashforcarscarrollton.com.infinitibizsol.com:443 157.55.39.204 - - [12/Jun/2025:14:42:49 +0000] "GET /zuru-fuggler-9-love-fugg-red-pink-valentine-s-day-funny-ugly-monster-2025-htf-UVRFX1FdS1tRQUdX HTTP/1.1" 200 23 "-" "Mozilla/5.0 AppleWebKit/537.36 (KHTML, like Gecko; compatible; bingbot/2.0; +http://www.bing.com/bingbot.htm) Chrome/116.0.1938.76 Safari/537.36"
cashforcarscarrollton.com.infinitibizsol.com:443 204.12.252.98 - - [12/Jun/2025:14:43:05 +0000] "GET /wp-content/install.php HTTP/1.1" 200 16 "https://cashforcarscarrollton.com/wp-content/install.php" "Mozilla/5.0 (Windows NT 10.0; Win64; x64) AppleWebKit/537.36 (KHTML, like Gecko) Chrome/58.0.3029.110 Safari/537.3"
cashforcarscarrollton.com.infinitibizsol.com:443 157.55.39.204 - - [12/Jun/2025:14:44:09 +0000] "GET /Easton%20Multi%20Points%20-%2017/64%20-%20100gr.%20-%20Dozen%20-%20315849%20-%20UFFHX1JZRFZXQUpW/ HTTP/1.1" 200 13 "-" "Mozilla/5.0 AppleWebKit/537.36 (KHTML, like Gecko; compatible; bingbot/2.0; +http://www.bing.com/bingbot.htm) Chrome/116.0.1938.76 Safari/537.36"
cashforcarscarrollton.com.infinitibizsol.com:443 40.77.167.42 - - [12/Jun/2025:14:44:13 +0000] "GET /ROMEO%20MUST%20JET%20LI%20HIP%20HOP%20RAP%20BRED%20CLASSIC%20RETRO%20SF%20MOVIE%20FILM%20MENS%20T%20SHIRT%20-%20UlNGUVNfSlpQRUtQ/ HTTP/1.1" 200 23 "-" "Mozilla/5.0 AppleWebKit/537.36 (KHTML, like Gecko; compatible; bingbot/2.0; +http://www.bing.com/bingbot.htm) Chrome/116.0.1938.76 Safari/537.36"
cashforcarscarrollton.com.infinitibizsol.com:80 111.90.176.235 - - [12/Jun/2025:14:44:56 +0000] "GET /vendor/htmlawed/htmlawed/htmLawedTest.php HTTP/1.1" 500 5 "-" "python-requests/2.32.3"
cashforcarscarrollton.com.infinitibizsol.com:80 111.90.176.235 - - [12/Jun/2025:14:44:57 +0000] "GET /glpi/vendor/htmlawed/htmlawed/htmLawedTest.php HTTP/1.1" 500 5 "-" "python-requests/2.32.3"
cashforcarscarrollton.com.infinitibizsol.com:443 157.55.39.204 - - [12/Jun/2025:14:45:30 +0000] "GET /demon-slayer-x-pokemon-premium-red-spicy-booster-box-trading-card-18-pack-new-us-UFlEWlJeRVpTS0pU HTTP/1.1" 200 23 "-" "Mozilla/5.0 AppleWebKit/537.36 (KHTML, like Gecko; compatible; bingbot/2.0; +http://www.bing.com/bingbot.htm) Chrome/116.0.1938.76 Safari/537.36"
cashforcarscarrollton.com.infinitibizsol.com:443 157.55.39.10 - - [12/Jun/2025:14:46:56 +0000] "GET /Joico%20Defy%20Damage%20Protective%20Masque%20%7C%20For%20Color-Treated%20Hair%20%7C%20Strengthen%20Bonds%20-%20UlZFXFNfSldTQEFV/ HTTP/1.1" 200 23 "-" "Mozilla/5.0 AppleWebKit/537.36 (KHTML, like Gecko; compatible; bingbot/2.0; +http://www.bing.com/bingbot.htm) Chrome/116.0.1938.76 Safari/537.36"
cashforcarscarrollton.com.infinitibizsol.com:443 208.110.64.178 - - [12/Jun/2025:14:49:14 +0000] "GET /wp-content/install.php HTTP/1.1" 200 16 "https://cashforcarscarrollton.com/wp-content/install.php" "Mozilla/5.0 (Windows NT 10.0; Win64; x64) AppleWebKit/537.36 (KHTML, like Gecko) Chrome/58.0.3029.110 Safari/537.3"
cashforcarscarrollton.com.infinitibizsol.com:443 52.167.144.232 - - [12/Jun/2025:14:49:55 +0000] "GET /maison-alhambra-unisex-black-origami-edp-spray-3-4-oz-fragrances-6291108730065-UldFUVBZRltWQUNR HTTP/1.1" 200 23 "-" "Mozilla/5.0 AppleWebKit/537.36 (KHTML, like Gecko; compatible; bingbot/2.0; +http://www.bing.com/bingbot.htm) Chrome/116.0.1938.76 Safari/537.36"
cashforcarscarrollton.com.infinitibizsol.com:443 52.167.144.232 - - [12/Jun/2025:14:49:56 +0000] "GET /Germ-X%20Gel%20Hand%20Sanitizer,%20Bottle%20of%20Gel%20Hand%20Sanitizer%20with%20Cap,%20Original%20Scen%20-%20UVJGXFBdR1pRRkRW/ HTTP/1.1" 200 23 "-" "Mozilla/5.0 AppleWebKit/537.36 (KHTML, like Gecko; compatible; bingbot/2.0; +http://www.bing.com/bingbot.htm) Chrome/116.0.1938.76 Safari/537.36"
cashforcarscarrollton.com.infinitibizsol.com:443 173.208.153.154 - - [12/Jun/2025:14:51:54 +0000] "GET /wp-content/install.php HTTP/1.1" 200 16 "https://cashforcarscarrollton.com/wp-content/install.php" "Mozilla/5.0 (Windows; U; Windows NT 5.1; en-US) AppleWebKit/534.16 (KHTML, like Gecko) Chrome/10.0.648.151 Safari/534.16"
cashforcarscarrollton.com.infinitibizsol.com:443 108.181.202.211 - - [12/Jun/2025:14:51:59 +0000] "GET /wp-content/install.php HTTP/1.1" 200 16 "https://cashforcarscarrollton.com/wp-content/install.php" "Mozilla/5.0 (Macintosh; U; PPC Mac OS X 10_4_11; ja-jp) AppleWebKit/525.13 (KHTML, like Gecko) Version/3.1 Safari/525.13"
cashforcarscarrollton.com.infinitibizsol.com:443 157.55.39.10 - - [12/Jun/2025:14:52:17 +0000] "GET /Gaplan%20Model%20number%20%201%20144%20HGUC%20ORX%20005%20BANDAI%20-%20UllFXlVeQldYSktV/ HTTP/1.1" 200 23 "-" "Mozilla/5.0 AppleWebKit/537.36 (KHTML, like Gecko; compatible; bingbot/2.0; +http://www.bing.com/bingbot.htm) Chrome/116.0.1938.76 Safari/537.36"
cashforcarscarrollton.com.infinitibizsol.com:443 208.110.64.178 - - [12/Jun/2025:14:53:49 +0000] "GET /wp-content/install.php HTTP/1.1" 200 16 "https://cashforcarscarrollton.com/wp-content/install.php" "Mozilla/5.0 (Windows NT 10.0; Win64; x64) AppleWebKit/537.36 (KHTML, like Gecko) Chrome/58.0.3029.110 Safari/537.3"
cashforcarscarrollton.com.infinitibizsol.com:443 157.55.39.51 - - [12/Jun/2025:14:54:10 +0000] "GET /Vigilant%20Solutions%20VSR-25-916%20License%20Plate%20Recognition%20LPR%20Camera.%20-%20UlZFXlJaQVVVR0BT/ HTTP/1.1" 200 23 "-" "Mozilla/5.0 AppleWebKit/537.36 (KHTML, like Gecko; compatible; bingbot/2.0; +http://www.bing.com/bingbot.htm) Chrome/116.0.1938.76 Safari/537.36"
cashforcarscarrollton.com.infinitibizsol.com:443 157.55.39.10 - - [12/Jun/2025:14:55:06 +0000] "GET /Mitsubishi%20MB30-SB%20Circuit%20Breaker%202.2%20Amp%20-%20UFZCUFBfSlJTR0pX/ HTTP/1.1" 200 23 "-" "Mozilla/5.0 AppleWebKit/537.36 (KHTML, like Gecko; compatible; bingbot/2.0; +http://www.bing.com/bingbot.htm) Chrome/116.0.1938.76 Safari/537.36"
cashforcarscarrollton.com.infinitibizsol.com:443 157.55.39.10 - - [12/Jun/2025:14:56:57 +0000] "GET /NEW%20BMW%20K2x%20R1200GS%20/%20R%20/%20RT%20/%20R%20nineT%207723675%20Left%20Cylinder%20Head%20Valve%20Cover%20-%20UVlFWFJfR1RQREpa/ HTTP/1.1" 200 23 "-" "Mozilla/5.0 AppleWebKit/537.36 (KHTML, like Gecko; compatible; bingbot/2.0; +http://www.bing.com/bingbot.htm) Chrome/116.0.1938.76 Safari/537.36"
cashforcarscarrollton.com.infinitibizsol.com:443 157.55.39.51 - - [12/Jun/2025:14:57:11 +0000] "GET /Callaway%20Golf%20Big%20Bertha%20Titanium%20454%20High%20Trajectory%2015*%20Driver%20S2H2%20Regular%20-%20UVlFWFNbQVRQREJQ/ HTTP/1.1" 200 23 "-" "Mozilla/5.0 AppleWebKit/537.36 (KHTML, like Gecko; compatible; bingbot/2.0; +http://www.bing.com/bingbot.htm) Chrome/116.0.1938.76 Safari/537.36"
cashforcarscarrollton.com.infinitibizsol.com:443 52.167.144.212 - - [12/Jun/2025:14:57:25 +0000] "GET /Adopt%20A%20Pet%20from%20Me%20-%20Sugar%20Axolotl%20-%20*SAME%20DAY%20DELIVERY*%20-%20UFdGWlZXR1JXQ0ZS/ HTTP/1.1" 200 23 "-" "Mozilla/5.0 AppleWebKit/537.36 (KHTML, like Gecko; compatible; bingbot/2.0; +http://www.bing.com/bingbot.htm) Chrome/116.0.1938.76 Safari/537.36"
cashforcarscarrollton.com.infinitibizsol.com:443 69.197.135.226 - - [12/Jun/2025:14:57:29 +0000] "GET /wp-content/install.php HTTP/1.1" 200 16 "https://cashforcarscarrollton.com/wp-content/install.php" "Mozilla/5.0 (Windows NT 10.0; Win64; x64) AppleWebKit/537.36 (KHTML, like Gecko) Chrome/58.0.3029.110 Safari/537.3"
cashforcarscarrollton.com.infinitibizsol.com:443 157.55.39.51 - - [12/Jun/2025:14:58:31 +0000] "GET /BURNDY%20YA-2N%202%20HOLE%20LUG%20TERMINAL,%203/0%20STR%20AWG%20N150%20%20(LOT%20OF%202)%20-%20UVlHXldbQ1tXRUFR/ HTTP/1.1" 200 23 "-" "Mozilla/5.0 AppleWebKit/537.36 (KHTML, like Gecko; compatible; bingbot/2.0; +http://www.bing.com/bingbot.htm) Chrome/116.0.1938.76 Safari/537.36"
cashforcarscarrollton.com.infinitibizsol.com:443 207.46.13.111 - - [12/Jun/2025:15:04:11 +0000] "GET /yaskawa%20servo%20motor%20SGMRS-06A2B-YR11%20refurbished%20FREE%20EXPEDITED%20SHIPPING%20-%20UllHUVJYR1VYQkVV/ HTTP/1.1" 200 23 "-" "Mozilla/5.0 AppleWebKit/537.36 (KHTML, like Gecko; compatible; bingbot/2.0; +http://www.bing.com/bingbot.htm) Chrome/116.0.1938.76 Safari/537.36"
cashforcarscarrollton.com.infinitibizsol.com:443 208.110.64.178 - - [12/Jun/2025:15:05:18 +0000] "GET /wp-content/install.php HTTP/1.1" 200 16 "https://cashforcarscarrollton.com/wp-content/install.php" "Mozilla/5.0 (Windows NT 10.0; Win64; x64) AppleWebKit/537.36 (KHTML, like Gecko) Chrome/58.0.3029.110 Safari/537.3"
cashforcarscarrollton.com.infinitibizsol.com:443 207.46.13.160 - - [12/Jun/2025:15:05:18 +0000] "GET /Suunto%20Core%20Alpha%20Stealth%20Outdoor%20Sport%20Smartwatch%20-%20UlVGUVNeRFNRRkRX/ HTTP/1.1" 200 23 "-" "Mozilla/5.0 AppleWebKit/537.36 (KHTML, like Gecko; compatible; bingbot/2.0; +http://www.bing.com/bingbot.htm) Chrome/116.0.1938.76 Safari/537.36"
cashforcarscarrollton.com.infinitibizsol.com:443 207.46.13.111 - - [12/Jun/2025:15:05:51 +0000] "GET /200%20inches%2060/40%20Tin%20Lead%20Solder%20.032%20Dia%20Low%20Melt%20Rosin%20Core%20for%20Electronics%20-%20UFhHWFVdRlNWQ0NS/ HTTP/1.1" 200 23 "-" "Mozilla/5.0 AppleWebKit/537.36 (KHTML, like Gecko; compatible; bingbot/2.0; +http://www.bing.com/bingbot.htm) Chrome/116.0.1938.76 Safari/537.36"
cashforcarscarrollton.com.infinitibizsol.com:443 207.46.13.160 - - [12/Jun/2025:15:07:48 +0000] "GET /Titan%20ControlMax%201900%20Pro%20Electric%20Stationary%20Airless%20Paint%20Sprayer%200580008%20-%20UVNFXFRXSlNSRURR/ HTTP/1.1" 200 23 "-" "Mozilla/5.0 AppleWebKit/537.36 (KHTML, like Gecko; compatible; bingbot/2.0; +http://www.bing.com/bingbot.htm) Chrome/116.0.1938.76 Safari/537.36"
cashforcarscarrollton.com.infinitibizsol.com:443 40.77.167.75 - - [12/Jun/2025:15:08:48 +0000] "GET /Gargoyles%20Novus%20Black%20Frame%20/%20Grey%20Green%20Lens%20Z87.1%20PERFORMANCE%20-%20UlJGWFVcS1dSSkVS/ HTTP/1.1" 200 23 "-" "Mozilla/5.0 AppleWebKit/537.36 (KHTML, like Gecko; compatible; bingbot/2.0; +http://www.bing.com/bingbot.htm) Chrome/116.0.1938.76 Safari/537.36"
cashforcarscarrollton.com.infinitibizsol.com:443 207.46.13.111 - - [12/Jun/2025:15:08:52 +0000] "GET /Roland%20V-Drums%20TD-17%20Gen%202%20Sound%20Module%20with%20Sample%20Import%20and%20Bluetooth%20-%20UVlGWVVfQlRTQEJa/ HTTP/1.1" 200 23 "-" "Mozilla/5.0 AppleWebKit/537.36 (KHTML, like Gecko; compatible; bingbot/2.0; +http://www.bing.com/bingbot.htm) Chrome/116.0.1938.76 Safari/537.36"
cashforcarscarrollton.com.infinitibizsol.com:443 208.110.64.178 - - [12/Jun/2025:15:09:35 +0000] "GET /wp-content/install.php HTTP/1.1" 200 16 "https://cashforcarscarrollton.com/wp-content/install.php" "Mozilla/5.0 (Windows NT 10.0; Win64; x64) AppleWebKit/537.36 (KHTML, like Gecko) Chrome/58.0.3029.110 Safari/537.3"
cashforcarscarrollton.com.infinitibizsol.com:443 157.55.39.10 - - [12/Jun/2025:15:10:32 +0000] "GET /Arbuckle%20Bros%20Coffee%20Greece%20Ruins%20Parthenon%20P430%20-%20UlZFXlJcQFdUR0tR/ HTTP/1.1" 200 23 "-" "Mozilla/5.0 AppleWebKit/537.36 (KHTML, like Gecko; compatible; bingbot/2.0; +http://www.bing.com/bingbot.htm) Chrome/116.0.1938.76 Safari/537.36"
cashforcarscarrollton.com.infinitibizsol.com:443 199.195.252.214 - - [12/Jun/2025:15:10:58 +0000] "GET /wp-login.php HTTP/1.1" 500 5 "-" "Mozilla/5.0 (Windows NT 6.3; WOW64) AppleWebKit/537.36 (KHTML, like Gecko) Chrome/36.0.1985.125 Safari/537.36"
cashforcarscarrollton.com.infinitibizsol.com:443 207.46.13.111 - - [12/Jun/2025:15:11:02 +0000] "GET /Value%20in%20Marx%20:%20The%20Persistence%20of%20Value%20in%20a%20More-Than-Capitalist%20World,%20Pap...%20-%20UllFWlFdSlJVS0NV/ HTTP/1.1" 200 23 "-" "Mozilla/5.0 AppleWebKit/537.36 (KHTML, like Gecko; compatible; bingbot/2.0; +http://www.bing.com/bingbot.htm) Chrome/116.0.1938.76 Safari/537.36"
cashforcarscarrollton.com.infinitibizsol.com:443 40.77.167.75 - - [12/Jun/2025:15:11:27 +0000] "GET /Sunrace%20SLM96%20SLM96%20Right%20Friction%20High%20Polished%20Alloy%20Lever%20And%20Clamps%20-%20UllFWVZXRFBWREpT/ HTTP/1.1" 200 23 "-" "Mozilla/5.0 AppleWebKit/537.36 (KHTML, like Gecko; compatible; bingbot/2.0; +http://www.bing.com/bingbot.htm) Chrome/116.0.1938.76 Safari/537.36"
cashforcarscarrollton.com.infinitibizsol.com:443 207.46.13.111 - - [12/Jun/2025:15:13:13 +0000] "GET /CRANKSHAFT%20FOR%20STIHL%20034%20036%20MS340%20MS360%201125%20030%200407%20-%20UlZHXFdfQ1VYQkdU/ HTTP/1.1" 200 23 "-" "Mozilla/5.0 AppleWebKit/537.36 (KHTML, like Gecko; compatible; bingbot/2.0; +http://www.bing.com/bingbot.htm) Chrome/116.0.1938.76 Safari/537.36"
cashforcarscarrollton.com.infinitibizsol.com:443 157.55.39.12 - - [12/Jun/2025:15:13:39 +0000] "GET /FT232%20FT232RL%20FTDI%20USB%203.3V%205.5V%20to%20TTL%20Serial%20Adapter%20Module%20Type-C%20/%20Mini%20USB%20-%20UVRFXVdXSlFYREpb/ HTTP/1.1" 200 23 "-" "Mozilla/5.0 AppleWebKit/537.36 (KHTML, like Gecko; compatible; bingbot/2.0; +http://www.bing.com/bingbot.htm) Chrome/116.0.1938.76 Safari/537.36"
cashforcarscarrollton.com.infinitibizsol.com:443 40.77.167.75 - - [12/Jun/2025:15:14:07 +0000] "GET /CECIL%20TAYLOR%20UNIT%20Spring%20of%20Two%20Blue-J&/ HTTP/1.1" 200 23 "-" "Mozilla/5.0 AppleWebKit/537.36 (KHTML, like Gecko; compatible; bingbot/2.0; +http://www.bing.com/bingbot.htm) Chrome/116.0.1938.76 Safari/537.36"
cashforcarscarrollton.com.infinitibizsol.com:443 208.110.64.178 - - [12/Jun/2025:15:15:16 +0000] "GET /wp-content/install.php HTTP/1.1" 200 16 "https://cashforcarscarrollton.com/wp-content/install.php" "Mozilla/5.0 (Windows NT 10.0; Win64; x64) AppleWebKit/537.36 (KHTML, like Gecko) Chrome/58.0.3029.110 Safari/537.3"
cashforcarscarrollton.com.infinitibizsol.com:443 40.77.167.75 - - [12/Jun/2025:15:17:00 +0000] "GET /Raw%20Unrefined%20Shea%20Butter,%20Cocoa%20Butter%20%201%20oz-%2020%20lbs%20-%20UlVHWVZYQ1ZVQERa/ HTTP/1.1" 200 23 "-" "Mozilla/5.0 AppleWebKit/537.36 (KHTML, like Gecko; compatible; bingbot/2.0; +http://www.bing.com/bingbot.htm) Chrome/116.0.1938.76 Safari/537.36"
cashforcarscarrollton.com.infinitibizsol.com:443 207.46.13.155 - - [12/Jun/2025:15:17:04 +0000] "GET /Sleeping%20Pad%20Ultralight%20Thicken%20Inflatable%20Sleeping%20Pad%20For%20Camping%20Builtin%20Pump%20-%20UFFGUF5eSlBWRkFV/ HTTP/1.1" 200 23 "-" "Mozilla/5.0 AppleWebKit/537.36 (KHTML, like Gecko; compatible; bingbot/2.0; +http://www.bing.com/bingbot.htm) Chrome/116.0.1938.76 Safari/537.36"
cashforcarscarrollton.com.infinitibizsol.com:443 207.46.13.154 - - [12/Jun/2025:15:18:33 +0000] "GET /R12%20to%20R134A%20Conversion%20Kit%20Quick%20Coupler%20Valve%20Adapter%20High/Low%20Pressure%20for%20AC%20-%20UFZGXVNfQlZZQUZT/ HTTP/1.1" 200 23 "-" "Mozilla/5.0 AppleWebKit/537.36 (KHTML, like Gecko; compatible; bingbot/2.0; +http://www.bing.com/bingbot.htm) Chrome/116.0.1938.76 Safari/537.36"
cashforcarscarrollton.com.infinitibizsol.com:443 157.55.39.12 - - [12/Jun/2025:15:18:59 +0000] "GET /Proof%20Print%20by%20the%20BEP%20-%20Back%20of%20$1000%20Treasury/Coin%20Note%20of%201890%20-%20UVNCWVNWQ1VTREBR/ HTTP/1.1" 200 13 "-" "Mozilla/5.0 AppleWebKit/537.36 (KHTML, like Gecko; compatible; bingbot/2.0; +http://www.bing.com/bingbot.htm) Chrome/116.0.1938.76 Safari/537.36"
cashforcarscarrollton.com.infinitibizsol.com:443 207.46.13.155 - - [12/Jun/2025:15:20:13 +0000] "GET /I&T%20Shop%20Manual%20No.%20JD-29%20For%20John%20Deere%2030,40,50-%2010%E2%80%99s%20&%2020%E2%80%99s%20-%20UldFXF5bQVRWQEJV/ HTTP/1.1" 200 23 "-" "Mozilla/5.0 AppleWebKit/537.36 (KHTML, like Gecko; compatible; bingbot/2.0; +http://www.bing.com/bingbot.htm) Chrome/116.0.1938.76 Safari/537.36"
cashforcarscarrollton.com.infinitibizsol.com:443 157.55.39.193 - - [12/Jun/2025:15:20:19 +0000] "GET /HHG%20Heartbreaker%20Hobbies:%2010%20Warzone%20Capitol%20Troops%20(oop%20metal)%20-%20V1FHUFNXS1dYREVR/ HTTP/1.1" 200 23 "-" "Mozilla/5.0 AppleWebKit/537.36 (KHTML, like Gecko; compatible; bingbot/2.0; +http://www.bing.com/bingbot.htm) Chrome/116.0.1938.76 Safari/537.36"
cashforcarscarrollton.com.infinitibizsol.com:443 157.55.39.193 - - [12/Jun/2025:15:20:22 +0000] "GET /Playlist:%20The%20Very%20Best%20Of%20Say%20Anything%20-%20UlhFXVVXRldVR0Ja/ HTTP/1.1" 200 23 "-" "Mozilla/5.0 AppleWebKit/537.36 (KHTML, like Gecko; compatible; bingbot/2.0; +http://www.bing.com/bingbot.htm) Chrome/116.0.1938.76 Safari/537.36"
cashforcarscarrollton.com.infinitibizsol.com:443 52.167.144.188 - - [12/Jun/2025:15:20:29 +0000] "GET /Craftsman%20Vehicle%20Car%20Truck%20Fender%20Protector%20Cover%2034%20x%2026%20%20CMMT14184%20-%20UVlFWF9fQlRRRURX/ HTTP/1.1" 200 13 "-" "Mozilla/5.0 AppleWebKit/537.36 (KHTML, like Gecko; compatible; bingbot/2.0; +http://www.bing.com/bingbot.htm) Chrome/116.0.1938.76 Safari/537.36"
cashforcarscarrollton.com.infinitibizsol.com:443 52.167.144.188 - - [12/Jun/2025:15:20:48 +0000] "GET /Karl%20Schmidt-Rottluff%20-%20Hans%20Diederich%20-%20Holzschnitt%201919,%20signiert%20-%20UVRFXlVdRFdTR0tR/ HTTP/1.1" 200 23 "-" "Mozilla/5.0 AppleWebKit/537.36 (KHTML, like Gecko; compatible; bingbot/2.0; +http://www.bing.com/bingbot.htm) Chrome/116.0.1938.76 Safari/537.36"
cashforcarscarrollton.com.infinitibizsol.com:443 52.167.144.188 - - [12/Jun/2025:15:21:18 +0000] "GET /Eaton%20%20800%20Amp%20Panel%20PRL4B%20MDP%20%20MCB%20480V%201PH%20WITH%20ADAPTOR%20FORR%20BA%20BREAKERS%20MCB%20-%20UllFX1ZWRFtUQENR/ HTTP/1.1" 200 23 "-" "Mozilla/5.0 AppleWebKit/537.36 (KHTML, like Gecko; compatible; bingbot/2.0; +http://www.bing.com/bingbot.htm) Chrome/116.0.1938.76 Safari/537.36"
cashforcarscarrollton.com.infinitibizsol.com:443 207.46.13.155 - - [12/Jun/2025:15:21:43 +0000] "GET /steering%20rack%20roller%20bearing%20for%20Tank%20500%20C%20U%2019D458FSTN1%2019x45x8%20mm%20(1pc)%20-%20UFhGUFVeQVNVQUdW/ HTTP/1.1" 200 23 "-" "Mozilla/5.0 AppleWebKit/537.36 (KHTML, like Gecko; compatible; bingbot/2.0; +http://www.bing.com/bingbot.htm) Chrome/116.0.1938.76 Safari/537.36"
cashforcarscarrollton.com.infinitibizsol.com:443 157.55.39.193 - - [12/Jun/2025:15:21:49 +0000] "GET /1x-pop-up-outlets-with-usb-ports-recessed-hidden-countertop-outlet-connectivit-UVNFW1VdQlZWRURW HTTP/1.1" 200 23 "-" "Mozilla/5.0 AppleWebKit/537.36 (KHTML, like Gecko; compatible; bingbot/2.0; +http://www.bing.com/bingbot.htm) Chrome/116.0.1938.76 Safari/537.36"
