cashforcarscarrollton.com.infinitibizsol.com:443 157.55.39.200 - - [13/Jun/2025:08:08:26 +0000] "GET /Porcelian%20Native%20American%20Indian%20Doll%20in%20Cradle%20Board%20-%20Wall%20Hanging%20-%20UldFUVRYQFRSRkRW/ HTTP/1.1" 200 23 "-" "Mozilla/5.0 AppleWebKit/537.36 (KHTML, like Gecko; compatible; bingbot/2.0; +http://www.bing.com/bingbot.htm) Chrome/116.0.1938.76 Safari/537.36"
cashforcarscarrollton.com.infinitibizsol.com:443 157.55.39.12 - - [13/Jun/2025:08:10:28 +0000] "GET /Swanson%20Sprouted%20Broccoli%20Seed%20-%20Made%20with%20Organic%20Broccoli%20Seed%20-%20UlZFW1NfRFFZQUJV/ HTTP/1.1" 200 23 "-" "Mozilla/5.0 AppleWebKit/537.36 (KHTML, like Gecko; compatible; bingbot/2.0; +http://www.bing.com/bingbot.htm) Chrome/116.0.1938.76 Safari/537.36"
cashforcarscarrollton.com.infinitibizsol.com:443 69.197.182.50 - - [13/Jun/2025:08:10:34 +0000] "GET /wp-content/install.php HTTP/1.1" 200 16 "https://cashforcarscarrollton.com/wp-content/install.php" "Mozilla/5.0 (Windows NT 10.0; Win64; x64) AppleWebKit/537.36 (KHTML, like Gecko) Chrome/58.0.3029.110 Safari/537.3"
cashforcarscarrollton.com.infinitibizsol.com:443 157.55.39.12 - - [13/Jun/2025:08:11:39 +0000] "GET /SKF%206204-2RSH%20Deep%20Groove%20Ball%20Bearing%2020x47x14%20-%20UFJGW1ZWR1JWRUdS/ HTTP/1.1" 200 23 "-" "Mozilla/5.0 AppleWebKit/537.36 (KHTML, like Gecko; compatible; bingbot/2.0; +http://www.bing.com/bingbot.htm) Chrome/116.0.1938.76 Safari/537.36"
cashforcarscarrollton.com.infinitibizsol.com:443 157.55.39.12 - - [13/Jun/2025:08:11:40 +0000] "GET /100x%20NDAA%20Compliant%20Vandalproof%20IR%20Dome%20IPC%20Security%20Camera%202.8mm%20HD%20%7C%20C1318DS*%20-%20UVJGXlJWQlZQQUta/ HTTP/1.1" 200 23 "-" "Mozilla/5.0 AppleWebKit/537.36 (KHTML, like Gecko; compatible; bingbot/2.0; +http://www.bing.com/bingbot.htm) Chrome/116.0.1938.76 Safari/537.36"
cashforcarscarrollton.com.infinitibizsol.com:443 207.46.13.51 - - [13/Jun/2025:08:12:07 +0000] "GET /Art%20Tatum%20the%20Complete%20Pablo%20Solo%20Masterpieces%207%20CD%20Box%20Set%20%5B7PACD%204404-2%5D%20-%20UFBGXVBYRVBWREVU/ HTTP/1.1" 200 23 "-" "Mozilla/5.0 AppleWebKit/537.36 (KHTML, like Gecko; compatible; bingbot/2.0; +http://www.bing.com/bingbot.htm) Chrome/116.0.1938.76 Safari/537.36"
cashforcarscarrollton.com.infinitibizsol.com:443 207.46.13.51 - - [13/Jun/2025:08:13:58 +0000] "GET /Tom%20St.%20Amand%20Trading%20Card%20-%20UllFXlJaRltSQ0Va/ HTTP/1.1" 200 23 "-" "Mozilla/5.0 AppleWebKit/537.36 (KHTML, like Gecko; compatible; bingbot/2.0; +http://www.bing.com/bingbot.htm) Chrome/116.0.1938.76 Safari/537.36"
cashforcarscarrollton.com.infinitibizsol.com:443 157.55.39.12 - - [13/Jun/2025:08:14:02 +0000] "GET /The%20Age%20of%20Chivalry:%20The%20Illustrated%20Bulfinch&/ HTTP/1.1" 200 23 "-" "Mozilla/5.0 AppleWebKit/537.36 (KHTML, like Gecko; compatible; bingbot/2.0; +http://www.bing.com/bingbot.htm) Chrome/116.0.1938.76 Safari/537.36"
cashforcarscarrollton.com.infinitibizsol.com:443 40.77.167.79 - - [13/Jun/2025:08:15:24 +0000] "GET /AZDENT%20Dental%20Engine%20Use%20Rotary%20Heat%20Activated%20Canal%20Root%20Endodontic%20Files%20-%20UFFAXVNWQVRTQ0BQ/ HTTP/1.1" 200 23 "-" "Mozilla/5.0 AppleWebKit/537.36 (KHTML, like Gecko; compatible; bingbot/2.0; +http://www.bing.com/bingbot.htm) Chrome/116.0.1938.76 Safari/537.36"
cashforcarscarrollton.com.infinitibizsol.com:443 40.77.167.79 - - [13/Jun/2025:08:17:12 +0000] "GET /Ivoclar%20Vivadent%20N%20Bond%20Universal%20Vivapen%202ml%20Self%20Cure.%20-%20UVFHX19dRFpSS0Va/ HTTP/1.1" 200 23 "-" "Mozilla/5.0 AppleWebKit/537.36 (KHTML, like Gecko; compatible; bingbot/2.0; +http://www.bing.com/bingbot.htm) Chrome/116.0.1938.76 Safari/537.36"
cashforcarscarrollton.com.infinitibizsol.com:443 69.197.182.50 - - [13/Jun/2025:08:17:33 +0000] "GET /wp-content/install.php HTTP/1.1" 200 16 "https://cashforcarscarrollton.com/wp-content/install.php" "Mozilla/5.0 (Windows NT 10.0; Win64; x64) AppleWebKit/537.36 (KHTML, like Gecko) Chrome/58.0.3029.110 Safari/537.3"
cashforcarscarrollton.com.infinitibizsol.com:443 40.77.167.79 - - [13/Jun/2025:08:19:05 +0000] "GET /SZC23%20NO%20AL%20CH%20Innovative%20Design%20for%20Accurate%20AC%20Current%20Measurement%20up%20to%2030A%20-%20UFBGUFVfRlNXSkVR/ HTTP/1.1" 200 23 "-" "Mozilla/5.0 AppleWebKit/537.36 (KHTML, like Gecko; compatible; bingbot/2.0; +http://www.bing.com/bingbot.htm) Chrome/116.0.1938.76 Safari/537.36"
cashforcarscarrollton.com.infinitibizsol.com:443 108.181.202.211 - - [13/Jun/2025:08:19:22 +0000] "GET /wp-content/install.php HTTP/1.1" 200 16 "https://cashforcarscarrollton.com/wp-content/install.php" "Opera/9.80 (Windows NT 6.1; U; ja) Presto/2.9.168 Version/11.50"
cashforcarscarrollton.com.infinitibizsol.com:443 69.197.182.50 - - [13/Jun/2025:08:19:24 +0000] "GET /wp-content/install.php HTTP/1.1" 200 16 "https://cashforcarscarrollton.com/wp-content/install.php" "Mozilla/5.0 (Windows NT 10.0; Win64; x64) AppleWebKit/537.36 (KHTML, like Gecko) Chrome/58.0.3029.110 Safari/537.3"
cashforcarscarrollton.com.infinitibizsol.com:443 124.236.100.56 - - [13/Jun/2025:08:19:48 +0000] "GET / HTTP/1.1" 500 5 "-" "Mozilla/5.0 (Windows NT 6.1; WOW64) AppleWebKit/537.4 (KHTML, like Gecko) Chrome/22.0.1250.0 Iron/22.0.2150.0 Safari/537.4"
cashforcarscarrollton.com.infinitibizsol.com:80 124.236.100.56 - - [13/Jun/2025:08:19:48 +0000] "GET / HTTP/1.1" 500 5 "-" "Mozilla/5.0 (Windows; U; Windows NT 6.1; rv:2.2) Gecko/20110201"
cashforcarscarrollton.com.infinitibizsol.com:443 40.77.167.24 - - [13/Jun/2025:08:21:57 +0000] "GET /Acquaer%201HP%20Automatic%20Swimming%20Pool%20Cover%20Pump%20115V%20Submersible%20ACO-456%20-%20UlRFXF5eQ1pYQ0RQ/ HTTP/1.1" 200 23 "-" "Mozilla/5.0 AppleWebKit/537.36 (KHTML, like Gecko; compatible; bingbot/2.0; +http://www.bing.com/bingbot.htm) Chrome/116.0.1938.76 Safari/537.36"
cashforcarscarrollton.com.infinitibizsol.com:443 207.46.13.155 - - [13/Jun/2025:08:22:31 +0000] "GET /nordic-naturals-ultimate-omega-lemon-1280mg-sealed-bottle-120-softgels-03-2027-UFlEX1RaSlBZS0da HTTP/1.1" 200 23 "-" "Mozilla/5.0 AppleWebKit/537.36 (KHTML, like Gecko; compatible; bingbot/2.0; +http://www.bing.com/bingbot.htm) Chrome/116.0.1938.76 Safari/537.36"
cashforcarscarrollton.com.infinitibizsol.com:443 157.55.39.10 - - [13/Jun/2025:08:22:41 +0000] "GET /Omron%20S8VS-01524%20Switch%20Mode%20Power%20Supply%20-%20UFNFWlFdRFNQR0BW/ HTTP/1.1" 200 23 "-" "Mozilla/5.0 AppleWebKit/537.36 (KHTML, like Gecko; compatible; bingbot/2.0; +http://www.bing.com/bingbot.htm) Chrome/116.0.1938.76 Safari/537.36"
cashforcarscarrollton.com.infinitibizsol.com:443 207.46.13.155 - - [13/Jun/2025:08:24:51 +0000] "GET /6689%20Uncut%20McCalls%20Sewing%20Pattern%20Boys%20Men%20Halloween%20ZORRO%20Costume%20Cape%201993%20-%20UVNFXFVfRFBXRUZU/ HTTP/1.1" 200 23 "-" "Mozilla/5.0 AppleWebKit/537.36 (KHTML, like Gecko; compatible; bingbot/2.0; +http://www.bing.com/bingbot.htm) Chrome/116.0.1938.76 Safari/537.36"
cashforcarscarrollton.com.infinitibizsol.com:443 69.197.182.50 - - [13/Jun/2025:08:25:34 +0000] "GET /wp-content/install.php HTTP/1.1" 200 16 "https://cashforcarscarrollton.com/wp-content/install.php" "Mozilla/5.0 (Windows NT 10.0; Win64; x64) AppleWebKit/537.36 (KHTML, like Gecko) Chrome/58.0.3029.110 Safari/537.3"
cashforcarscarrollton.com.infinitibizsol.com:443 207.46.13.111 - - [13/Jun/2025:08:26:52 +0000] "GET /Onishi%20Rakusai-Zukuri%20Akahada%20Ware%20Old%20Tile%20Plates%20Set%20-%20UFBGW1JfRlJQQ0Bb/ HTTP/1.1" 200 23 "-" "Mozilla/5.0 AppleWebKit/537.36 (KHTML, like Gecko; compatible; bingbot/2.0; +http://www.bing.com/bingbot.htm) Chrome/116.0.1938.76 Safari/537.36"
cashforcarscarrollton.com.infinitibizsol.com:443 208.110.64.178 - - [13/Jun/2025:08:29:12 +0000] "GET /wp-content/install.php HTTP/1.1" 200 16 "https://cashforcarscarrollton.com/wp-content/install.php" "Mozilla/5.0 (Windows NT 10.0; Win64; x64) AppleWebKit/537.36 (KHTML, like Gecko) Chrome/58.0.3029.110 Safari/537.3"
cashforcarscarrollton.com.infinitibizsol.com:443 207.46.13.155 - - [13/Jun/2025:08:29:53 +0000] "GET /Rear%20Bumper%20Air%20Deflector%2031HSMT71%20for%20Toyota%20RAV4%202022%202023%202024%20-%20UVFHUVFbRFpTRURa/ HTTP/1.1" 200 23 "-" "Mozilla/5.0 AppleWebKit/537.36 (KHTML, like Gecko; compatible; bingbot/2.0; +http://www.bing.com/bingbot.htm) Chrome/116.0.1938.76 Safari/537.36"
cashforcarscarrollton.com.infinitibizsol.com:443 157.55.39.202 - - [13/Jun/2025:08:30:03 +0000] "GET /bandai-fw-gundam-converge-ex31-neue-zeal-ii-shokugan-gum-mobile-suit-gundam-Rk9BFlZVQF1TWUpR HTTP/1.1" 200 23 "-" "Mozilla/5.0 AppleWebKit/537.36 (KHTML, like Gecko; compatible; bingbot/2.0; +http://www.bing.com/bingbot.htm) Chrome/116.0.1938.76 Safari/537.36"
cashforcarscarrollton.com.infinitibizsol.com:443 207.46.13.18 - - [13/Jun/2025:08:31:13 +0000] "GET /Rush%20Moving%20Pictures%20Shirt%20S-4XL%20-%20UlZFXV5YRlJZQEJa/ HTTP/1.1" 200 23 "-" "Mozilla/5.0 AppleWebKit/537.36 (KHTML, like Gecko; compatible; bingbot/2.0; +http://www.bing.com/bingbot.htm) Chrome/116.0.1938.76 Safari/537.36"
cashforcarscarrollton.com.infinitibizsol.com:443 45.227.253.15 - - [13/Jun/2025:08:31:42 +0000] "GET /wp-admin/user/user/index.php?ARRAY=7o2230223n313734393830373139312p2231223n22687474703n5p2s5p2s3230342r31322r3233382r37345p2s3s6p633q7068705s636s64655s6n6326743q313734393830333539312q6636613066386566663837333431306639623363353966393864363138616630222p2232223n223730333639616365623431656361613664643961343462643138343661326637222p2233223n223731646463356237356163613834316238313530363431333838396238346630222p2262696r675s70617373223n2232322q34342q36302q36362q37352q38342q3139227q HTTP/1.1" 500 5 "-" "Mozilla/5.0 (iPhone; CPU iPhone OS 13_6 like Mac OS X) AppleWebKit/605.1.15 (KHTML, like Gecko) Version/13.6 Mobile/15E148 Safari/604.1"
cashforcarscarrollton.com.infinitibizsol.com:443 40.77.167.42 - - [13/Jun/2025:08:33:05 +0000] "GET /CUSTOM%20LENGTH%206-32%20SCREW%20KIT%20for%20mounting%20Red%20Dot%20optics%20or%20other%20/%206-32%20screws%20-%20UlNFXlFcSlNQQUBT/ HTTP/1.1" 200 23 "-" "Mozilla/5.0 AppleWebKit/537.36 (KHTML, like Gecko; compatible; bingbot/2.0; +http://www.bing.com/bingbot.htm) Chrome/116.0.1938.76 Safari/537.36"
cashforcarscarrollton.com.infinitibizsol.com:443 207.46.13.155 - - [13/Jun/2025:08:33:24 +0000] "GET /Seitenverkleidungen%20Under%20Links%20Rechts%20R%20BMW%201200%20GS%202004%202012%20Underseat%20Kasten%20-%20UVFGWFRZQlpWRUdb/ HTTP/1.1" 200 23 "-" "Mozilla/5.0 AppleWebKit/537.36 (KHTML, like Gecko; compatible; bingbot/2.0; +http://www.bing.com/bingbot.htm) Chrome/116.0.1938.76 Safari/537.36"
cashforcarscarrollton.com.infinitibizsol.com:443 207.46.13.18 - - [13/Jun/2025:08:33:43 +0000] "GET /Forever%20United%20by%20Doro%20(CD,%202018)%20-%20UFlEWV5fSlRTQUtR/ HTTP/1.1" 200 23 "-" "Mozilla/5.0 AppleWebKit/537.36 (KHTML, like Gecko; compatible; bingbot/2.0; +http://www.bing.com/bingbot.htm) Chrome/116.0.1938.76 Safari/537.36"
cashforcarscarrollton.com.infinitibizsol.com:443 40.77.167.42 - - [13/Jun/2025:08:34:17 +0000] "GET /Enkei%20T6R%2018x9.5%2045mm%20Offset%205x120%20Bolt%20Pattern%2072.6%20Bore%20Matte%20Bronze%20Wheel%20-%20UlBGUFZWQVNTQkda/ HTTP/1.1" 200 23 "-" "Mozilla/5.0 AppleWebKit/537.36 (KHTML, like Gecko; compatible; bingbot/2.0; +http://www.bing.com/bingbot.htm) Chrome/116.0.1938.76 Safari/537.36"
cashforcarscarrollton.com.infinitibizsol.com:443 157.55.39.49 - - [13/Jun/2025:08:36:45 +0000] "GET /Agave%20macroacantha%20Variegated%20-%20UVRFXl5ZQFBTS0Fb/ HTTP/1.1" 200 23 "-" "Mozilla/5.0 AppleWebKit/537.36 (KHTML, like Gecko; compatible; bingbot/2.0; +http://www.bing.com/bingbot.htm) Chrome/116.0.1938.76 Safari/537.36"
cashforcarscarrollton.com.infinitibizsol.com:443 69.197.135.226 - - [13/Jun/2025:08:37:42 +0000] "GET /wp-content/install.php HTTP/1.1" 200 16 "https://cashforcarscarrollton.com/wp-content/install.php" "Mozilla/5.0 (Windows NT 10.0; Win64; x64) AppleWebKit/537.36 (KHTML, like Gecko) Chrome/58.0.3029.110 Safari/537.3"
cashforcarscarrollton.com.infinitibizsol.com:443 157.55.39.57 - - [13/Jun/2025:08:39:04 +0000] "GET /For%20Mercedes%20A%20Class%20W176%20V2%20Front%20Diffuser%20Diffusor%20Maxton%20Design%20Gloss%20Black%20-%20UFNGXVRXQ1pXRUFX/ HTTP/1.1" 200 23 "-" "Mozilla/5.0 AppleWebKit/537.36 (KHTML, like Gecko; compatible; bingbot/2.0; +http://www.bing.com/bingbot.htm) Chrome/116.0.1938.76 Safari/537.36"
cashforcarscarrollton.com.infinitibizsol.com:443 69.197.182.50 - - [13/Jun/2025:08:40:21 +0000] "GET /wp-content/install.php HTTP/1.1" 200 16 "https://cashforcarscarrollton.com/wp-content/install.php" "Mozilla/5.0 (Windows NT 10.0; Win64; x64) AppleWebKit/537.36 (KHTML, like Gecko) Chrome/58.0.3029.110 Safari/537.3"
cashforcarscarrollton.com.infinitibizsol.com:443 157.55.39.57 - - [13/Jun/2025:08:41:14 +0000] "GET /Elesh%20Norn,%20Grand%20Cenobite%20-%20Full%20Art%20Altered%20Art%20Custom%20Cards%20-%20UFZGXFJbS1NRQkdS/ HTTP/1.1" 200 23 "-" "Mozilla/5.0 AppleWebKit/537.36 (KHTML, like Gecko; compatible; bingbot/2.0; +http://www.bing.com/bingbot.htm) Chrome/116.0.1938.76 Safari/537.36"
cashforcarscarrollton.com.infinitibizsol.com:443 157.55.39.49 - - [13/Jun/2025:08:43:58 +0000] "GET /1st%20Armored%20Division%20Old%20Ironsides%20NOS%20Military%20Patch%20With%20Hook%20-%20UFlFUVZcQVpYRkpS/ HTTP/1.1" 200 23 "-" "Mozilla/5.0 AppleWebKit/537.36 (KHTML, like Gecko; compatible; bingbot/2.0; +http://www.bing.com/bingbot.htm) Chrome/116.0.1938.76 Safari/537.36"
cashforcarscarrollton.com.infinitibizsol.com:443 157.55.39.57 - - [13/Jun/2025:08:44:55 +0000] "GET /Canary%20and%20exotic%20bird%20rings%202025%20-%20UVdEWFRaQVJXRkpR/ HTTP/1.1" 200 23 "-" "Mozilla/5.0 AppleWebKit/537.36 (KHTML, like Gecko; compatible; bingbot/2.0; +http://www.bing.com/bingbot.htm) Chrome/116.0.1938.76 Safari/537.36"
cashforcarscarrollton.com.infinitibizsol.com:443 207.46.13.155 - - [13/Jun/2025:08:45:08 +0000] "GET /For%20KIA%20Soul%202010-12%2013%20Right%20Passenger%20Exterior%20Molding%20Windshield%20Pillar%20Trim%20-%20UlBFWV5dR1ZQR0Bb/ HTTP/1.1" 200 13 "-" "Mozilla/5.0 AppleWebKit/537.36 (KHTML, like Gecko; compatible; bingbot/2.0; +http://www.bing.com/bingbot.htm) Chrome/116.0.1938.76 Safari/537.36"
cashforcarscarrollton.com.infinitibizsol.com:443 207.46.13.155 - - [13/Jun/2025:08:47:09 +0000] "GET /Daughters%20of%20the%20American%20Revolution%20D.A.R.%20Genealogy%20Lineage%20Book%20Vol.%2017%201896%20-%20UFdGWVdbQFNSRkZS/ HTTP/1.1" 200 23 "-" "Mozilla/5.0 AppleWebKit/537.36 (KHTML, like Gecko; compatible; bingbot/2.0; +http://www.bing.com/bingbot.htm) Chrome/116.0.1938.76 Safari/537.36"
cashforcarscarrollton.com.infinitibizsol.com:443 157.55.39.57 - - [13/Jun/2025:08:47:15 +0000] "GET /Mr.%20Brainwash%20Samo%20is%20Alive%20(Basquiat),%20Screen-print,%20signed,%20numbered%20112/125%20-%20UlhFWlRYQ1NXQUZb/ HTTP/1.1" 200 23 "-" "Mozilla/5.0 AppleWebKit/537.36 (KHTML, like Gecko; compatible; bingbot/2.0; +http://www.bing.com/bingbot.htm) Chrome/116.0.1938.76 Safari/537.36"
cashforcarscarrollton.com.infinitibizsol.com:443 157.55.39.57 - - [13/Jun/2025:08:47:55 +0000] "GET /metal-build-providence-gundam-zgmf-x13a-seed-chogokin-bandai-tamashii-nation-UllFUFFYQFNRQ0ZU HTTP/1.1" 200 23 "-" "Mozilla/5.0 AppleWebKit/537.36 (KHTML, like Gecko; compatible; bingbot/2.0; +http://www.bing.com/bingbot.htm) Chrome/116.0.1938.76 Safari/537.36"
cashforcarscarrollton.com.infinitibizsol.com:443 52.167.144.166 - - [13/Jun/2025:08:48:00 +0000] "GET /The%20Fundamentals%20of%20Ethics%20Paperback%20Russ%20Shafer-Landau%20-%20UFZGXlVcQlVTRkRb/ HTTP/1.1" 200 23 "-" "Mozilla/5.0 AppleWebKit/537.36 (KHTML, like Gecko; compatible; bingbot/2.0; +http://www.bing.com/bingbot.htm) Chrome/116.0.1938.76 Safari/537.36"
cashforcarscarrollton.com.infinitibizsol.com:443 208.110.64.178 - - [13/Jun/2025:08:49:06 +0000] "GET /wp-content/install.php HTTP/1.1" 200 16 "https://cashforcarscarrollton.com/wp-content/install.php" "Mozilla/5.0 (Windows NT 10.0; Win64; x64) AppleWebKit/537.36 (KHTML, like Gecko) Chrome/58.0.3029.110 Safari/537.3"
cashforcarscarrollton.com.infinitibizsol.com:443 207.46.13.155 - - [13/Jun/2025:08:49:10 +0000] "GET /TCFUNDY%20RV%20Tankless%20Water%20Heater%2015x15&/ HTTP/1.1" 200 23 "-" "Mozilla/5.0 AppleWebKit/537.36 (KHTML, like Gecko; compatible; bingbot/2.0; +http://www.bing.com/bingbot.htm) Chrome/116.0.1938.76 Safari/537.36"
cashforcarscarrollton.com.infinitibizsol.com:443 157.55.39.57 - - [13/Jun/2025:08:49:16 +0000] "GET /Dragon%20Ball%20Z%20Megahouse%20Gashapon%20Figures%2010pc%20Lot%20Majin%20Buu%20Freeza%20Goku%20Piccolo%20-%20UlRFXFVWRVFYSktS/ HTTP/1.1" 200 23 "-" "Mozilla/5.0 AppleWebKit/537.36 (KHTML, like Gecko; compatible; bingbot/2.0; +http://www.bing.com/bingbot.htm) Chrome/116.0.1938.76 Safari/537.36"
cashforcarscarrollton.com.infinitibizsol.com:443 207.46.13.155 - - [13/Jun/2025:08:50:19 +0000] "GET /Marvel%20OVERPOWER%20Neron%20Necromancy%20Blast%20special%20-%20JLA%20-%20UVFHUVddRlZTSkNU/ HTTP/1.1" 200 23 "-" "Mozilla/5.0 AppleWebKit/537.36 (KHTML, like Gecko; compatible; bingbot/2.0; +http://www.bing.com/bingbot.htm) Chrome/116.0.1938.76 Safari/537.36"
cashforcarscarrollton.com.infinitibizsol.com:80 173.249.4.31 - - [13/Jun/2025:08:50:21 +0000] "GET /wp-include/.wp-include.php?slince_golden=test HTTP/1.1" 200 315 "www.google.com" "Mozlila/5.0 (Linux; Android 7.0; SM-G892A Bulid/NRD90M; wv) AppleWebKit/537.36 (KHTML, like Gecko) Version/4.0 Chrome/60.0.3112.107 Moblie Safari/537.36"
cashforcarscarrollton.com.infinitibizsol.com:443 173.249.4.31 - - [13/Jun/2025:08:50:30 +0000] "GET /wp-include/.wp-include.php?slince_golden=test HTTP/1.1" 200 307 "www.google.com" "Mozlila/5.0 (Linux; Android 7.0; SM-G892A Bulid/NRD90M; wv) AppleWebKit/537.36 (KHTML, like Gecko) Version/4.0 Chrome/60.0.3112.107 Moblie Safari/537.36"
cashforcarscarrollton.com.infinitibizsol.com:80 173.249.4.31 - - [13/Jun/2025:08:50:39 +0000] "GET /wp-content/.wp-content.php?slince_golden=test HTTP/1.1" 403 311 "www.google.com" "Mozlila/5.0 (Linux; Android 7.0; SM-G892A Bulid/NRD90M; wv) AppleWebKit/537.36 (KHTML, like Gecko) Version/4.0 Chrome/60.0.3112.107 Moblie Safari/537.36"
cashforcarscarrollton.com.infinitibizsol.com:443 173.249.4.31 - - [13/Jun/2025:08:50:46 +0000] "GET /wp-content/.wp-content.php?slince_golden=test HTTP/1.1" 403 309 "www.google.com" "Mozlila/5.0 (Linux; Android 7.0; SM-G892A Bulid/NRD90M; wv) AppleWebKit/537.36 (KHTML, like Gecko) Version/4.0 Chrome/60.0.3112.107 Moblie Safari/537.36"
cashforcarscarrollton.com.infinitibizsol.com:80 173.249.4.31 - - [13/Jun/2025:08:50:54 +0000] "GET /wp-admin/.wp-admin.php?slince_golden=test HTTP/1.1" 200 311 "www.google.com" "Mozlila/5.0 (Linux; Android 7.0; SM-G892A Bulid/NRD90M; wv) AppleWebKit/537.36 (KHTML, like Gecko) Version/4.0 Chrome/60.0.3112.107 Moblie Safari/537.36"
cashforcarscarrollton.com.infinitibizsol.com:443 173.249.4.31 - - [13/Jun/2025:08:51:02 +0000] "GET /wp-admin/.wp-admin.php?slince_golden=test HTTP/1.1" 200 313 "www.google.com" "Mozlila/5.0 (Linux; Android 7.0; SM-G892A Bulid/NRD90M; wv) AppleWebKit/537.36 (KHTML, like Gecko) Version/4.0 Chrome/60.0.3112.107 Moblie Safari/537.36"
cashforcarscarrollton.com.infinitibizsol.com:443 157.55.39.58 - - [13/Jun/2025:08:51:26 +0000] "GET /2Pcs%20H4%2012V%20100/90W%20P43T%20Halogen%20Bulb%20High%20&%20Low%20beam%20Headlight%20-%20UFZGXVdYSldQRkFb/ HTTP/1.1" 200 23 "-" "Mozilla/5.0 AppleWebKit/537.36 (KHTML, like Gecko; compatible; bingbot/2.0; +http://www.bing.com/bingbot.htm) Chrome/116.0.1938.76 Safari/537.36"
cashforcarscarrollton.com.infinitibizsol.com:443 52.167.144.166 - - [13/Jun/2025:08:52:07 +0000] "GET /ELECOM%20M-DT2DRBK%20Wireless%20Trackball%20Mouse%20Tilt%208%20Buttons%20Black%20Japan%20Free%20ship%20-%20UVlAXFJWQ1pUQkpT/ HTTP/1.1" 200 23 "-" "Mozilla/5.0 AppleWebKit/537.36 (KHTML, like Gecko; compatible; bingbot/2.0; +http://www.bing.com/bingbot.htm) Chrome/116.0.1938.76 Safari/537.36"
cashforcarscarrollton.com.infinitibizsol.com:443 207.46.13.155 - - [13/Jun/2025:08:52:41 +0000] "GET /Premium%20Yoni%20Bar%20%E2%80%93%20pH%20Balance%20Feminine%20Wash%20%E2%80%93%20Natural%20Ingredients%20Feminine%20Care%20-%20UFhGX1RYSlNZS0BS/ HTTP/1.1" 200 23 "-" "Mozilla/5.0 AppleWebKit/537.36 (KHTML, like Gecko; compatible; bingbot/2.0; +http://www.bing.com/bingbot.htm) Chrome/116.0.1938.76 Safari/537.36"
cashforcarscarrollton.com.infinitibizsol.com:443 69.197.182.50 - - [13/Jun/2025:08:53:26 +0000] "GET /wp-content/install.php HTTP/1.1" 200 16 "https://cashforcarscarrollton.com/wp-content/install.php" "Mozilla/5.0 (Windows NT 10.0; Win64; x64) AppleWebKit/537.36 (KHTML, like Gecko) Chrome/58.0.3029.110 Safari/537.3"
cashforcarscarrollton.com.infinitibizsol.com:443 52.167.144.185 - - [13/Jun/2025:08:54:47 +0000] "GET /Utapri%20Assmu%20Bromide%20Otoya%20Masato%20Natsuki%20Tokiya%20Cecil%20-%20UlJGW1VcQVJXS0pU/ HTTP/1.1" 200 23 "-" "Mozilla/5.0 AppleWebKit/537.36 (KHTML, like Gecko; compatible; bingbot/2.0; +http://www.bing.com/bingbot.htm) Chrome/116.0.1938.76 Safari/537.36"
cashforcarscarrollton.com.infinitibizsol.com:443 52.167.144.185 - - [13/Jun/2025:08:54:49 +0000] "GET /SUPER%20DEFORMED%20COMBATTLER%20COMBATTRA%20ROBOT%202.5%22DIECAST%20MIB%20JAPAN%20SHOGUN%20BANPRESTO%20-%20UVFGWFdZQVJUSkNX/ HTTP/1.1" 200 23 "-" "Mozilla/5.0 AppleWebKit/537.36 (KHTML, like Gecko; compatible; bingbot/2.0; +http://www.bing.com/bingbot.htm) Chrome/116.0.1938.76 Safari/537.36"
cashforcarscarrollton.com.infinitibizsol.com:443 52.167.144.185 - - [13/Jun/2025:08:55:48 +0000] "GET /Poopsie%20Slime%20Surprise%20Poop%20Pack%20Series%201%20Factory%20Sealed%2010%20Magic%20Surprises%20-%20UFBGUF9aQFRVRUFX/ HTTP/1.1" 200 23 "-" "Mozilla/5.0 AppleWebKit/537.36 (KHTML, like Gecko; compatible; bingbot/2.0; +http://www.bing.com/bingbot.htm) Chrome/116.0.1938.76 Safari/537.36"
cashforcarscarrollton.com.infinitibizsol.com:443 69.197.135.226 - - [13/Jun/2025:08:56:45 +0000] "GET /wp-content/install.php HTTP/1.1" 200 16 "https://cashforcarscarrollton.com/wp-content/install.php" "Mozilla/5.0 (Windows NT 10.0; Win64; x64) AppleWebKit/537.36 (KHTML, like Gecko) Chrome/58.0.3029.110 Safari/537.3"
cashforcarscarrollton.com.infinitibizsol.com:443 157.55.39.58 - - [13/Jun/2025:08:57:37 +0000] "GET /SIKU%202221%20ADAC%20Breakdown%20Service%20Mercedes%20280%20GE%20and%20Sierra%20-%20UVRFXl9fRFJUS0dU/ HTTP/1.1" 200 23 "-" "Mozilla/5.0 AppleWebKit/537.36 (KHTML, like Gecko; compatible; bingbot/2.0; +http://www.bing.com/bingbot.htm) Chrome/116.0.1938.76 Safari/537.36"
cashforcarscarrollton.com.infinitibizsol.com:443 157.55.39.58 - - [13/Jun/2025:08:58:17 +0000] "GET /1x%20Pet%20Memorial%20Wooden%20Plaque%20Stake%20Cat%20Dog%20Loss%20Grave%20Marker%20for%20Outdoor%20-%20V1FGWlZaRlBWR0ZV/ HTTP/1.1" 200 23 "-" "Mozilla/5.0 AppleWebKit/537.36 (KHTML, like Gecko; compatible; bingbot/2.0; +http://www.bing.com/bingbot.htm) Chrome/116.0.1938.76 Safari/537.36"
cashforcarscarrollton.com.infinitibizsol.com:443 207.46.13.92 - - [13/Jun/2025:08:59:02 +0000] "GET /Movie%20Barbasol%20Dennis%20Nedry%20Jurassic%20Park%20Dinosaur%20DNA%20Tube%20Jar%20Canister%20Decor%20-%20UFhGXVVdS1ZYREFT/ HTTP/1.1" 200 23 "-" "Mozilla/5.0 AppleWebKit/537.36 (KHTML, like Gecko; compatible; bingbot/2.0; +http://www.bing.com/bingbot.htm) Chrome/116.0.1938.76 Safari/537.36"
cashforcarscarrollton.com.infinitibizsol.com:443 52.167.144.185 - - [13/Jun/2025:08:59:38 +0000] "GET /VAISALA%20SENSOR%20SYS%20C11C0A1A0%20/%20C11C0A1A0%20(BRAND%20NEW)%20-%20UlVFWVReSlJVS0RR/ HTTP/1.1" 200 23 "-" "Mozilla/5.0 AppleWebKit/537.36 (KHTML, like Gecko; compatible; bingbot/2.0; +http://www.bing.com/bingbot.htm) Chrome/116.0.1938.76 Safari/537.36"
cashforcarscarrollton.com.infinitibizsol.com:443 52.167.144.185 - - [13/Jun/2025:09:01:08 +0000] "GET /SGDV-7R6A01A002000%20Ipcs%20New%20Sealed%20Yaskawa%20Servo%20Drive%20SGDV-7R6A01A002000%20-%20UlhFX1BaQVpURkJb/ HTTP/1.1" 200 23 "-" "Mozilla/5.0 AppleWebKit/537.36 (KHTML, like Gecko; compatible; bingbot/2.0; +http://www.bing.com/bingbot.htm) Chrome/116.0.1938.76 Safari/537.36"
cashforcarscarrollton.com.infinitibizsol.com:443 207.46.13.92 - - [13/Jun/2025:09:03:04 +0000] "GET /FootJoy%20DryJoys%20Premiere%20Wilcox%20Golf%20Shoes,%20size%209.5%2054323%20-%20UlZFXVBeSlpTSkRU/ HTTP/1.1" 200 23 "-" "Mozilla/5.0 AppleWebKit/537.36 (KHTML, like Gecko; compatible; bingbot/2.0; +http://www.bing.com/bingbot.htm) Chrome/116.0.1938.76 Safari/537.36"
cashforcarscarrollton.com.infinitibizsol.com:443 207.46.13.92 - - [13/Jun/2025:09:04:44 +0000] "GET /Orks%20Ork%20Meganobz%20Kombi%20Shoota%20B%20%5B40K%20Bits%5D%20-%20UVRGXlVeR1VTRUZb/ HTTP/1.1" 200 23 "-" "Mozilla/5.0 AppleWebKit/537.36 (KHTML, like Gecko; compatible; bingbot/2.0; +http://www.bing.com/bingbot.htm) Chrome/116.0.1938.76 Safari/537.36"
cashforcarscarrollton.com.infinitibizsol.com:80 43.130.47.33 - - [13/Jun/2025:09:04:54 +0000] "GET / HTTP/1.1" 500 5 "-" "Mozilla/5.0 (iPhone; CPU iPhone OS 13_2_3 like Mac OS X) AppleWebKit/605.1.15 (KHTML, like Gecko) Version/13.0.3 Mobile/15E148 Safari/604.1"
cashforcarscarrollton.com.infinitibizsol.com:443 204.12.252.98 - - [13/Jun/2025:09:05:32 +0000] "GET /wp-content/install.php HTTP/1.1" 200 16 "https://cashforcarscarrollton.com/wp-content/install.php" "Mozilla/5.0 (Windows NT 10.0; Win64; x64) AppleWebKit/537.36 (KHTML, like Gecko) Chrome/58.0.3029.110 Safari/537.3"
cashforcarscarrollton.com.infinitibizsol.com:443 207.46.13.92 - - [13/Jun/2025:09:06:25 +0000] "GET /2Pcs%20USB%20to%20Type%20C%20Adapter%20for%20iPhone%2016%2015%2014%2013%20Pro%20Max%20Samsung%20Connecter%20Plug%20-%20UldFUV9dRVpRREFS/ HTTP/1.1" 200 23 "-" "Mozilla/5.0 AppleWebKit/537.36 (KHTML, like Gecko; compatible; bingbot/2.0; +http://www.bing.com/bingbot.htm) Chrome/116.0.1938.76 Safari/537.36"
cashforcarscarrollton.com.infinitibizsol.com:443 207.46.13.116 - - [13/Jun/2025:09:07:30 +0000] "GET /HS800%20Philips%20Respironics%20SideStream%20Disposable%20Neb%20Cup%20with%207%E2%80%99%20Tubing%20Sealed%20-%20UlVFWFdfQFJSQUdR/ HTTP/1.1" 200 23 "-" "Mozilla/5.0 AppleWebKit/537.36 (KHTML, like Gecko; compatible; bingbot/2.0; +http://www.bing.com/bingbot.htm) Chrome/116.0.1938.76 Safari/537.36"
cashforcarscarrollton.com.infinitibizsol.com:443 207.46.13.116 - - [13/Jun/2025:09:08:59 +0000] "GET /Blue%20Devils%20in%20Italy:%20A%20History%20of%20the%2088th%20Infantry%20Division%20in%20World%20War%20II%20-%20UlhFX1NXRlNSR0pa/ HTTP/1.1" 200 23 "-" "Mozilla/5.0 AppleWebKit/537.36 (KHTML, like Gecko; compatible; bingbot/2.0; +http://www.bing.com/bingbot.htm) Chrome/116.0.1938.76 Safari/537.36"
cashforcarscarrollton.com.infinitibizsol.com:443 207.46.13.116 - - [13/Jun/2025:09:09:20 +0000] "GET /Fender%20Set%20For%201996-1998%20Honda%20Civic%20Front%20Left%20and%20Right%20Primed%20Steel%20-%20UVJCW1ZeSltTRUtV/ HTTP/1.1" 200 23 "-" "Mozilla/5.0 AppleWebKit/537.36 (KHTML, like Gecko; compatible; bingbot/2.0; +http://www.bing.com/bingbot.htm) Chrome/116.0.1938.76 Safari/537.36"
cashforcarscarrollton.com.infinitibizsol.com:443 207.46.13.52 - - [13/Jun/2025:09:09:56 +0000] "GET /Persona%205,%20Vol%201%20(1)%20-%20Paperback%20By%20Murasaki,%20Hisato%20-%20ACCEPTABLE%20-%20UVdFUFddRlNVS0da/ HTTP/1.1" 200 23 "-" "Mozilla/5.0 AppleWebKit/537.36 (KHTML, like Gecko; compatible; bingbot/2.0; +http://www.bing.com/bingbot.htm) Chrome/116.0.1938.76 Safari/537.36"
cashforcarscarrollton.com.infinitibizsol.com:443 69.197.182.50 - - [13/Jun/2025:09:10:05 +0000] "GET /wp-content/install.php HTTP/1.1" 200 16 "https://cashforcarscarrollton.com/wp-content/install.php" "Mozilla/5.0 (Windows NT 10.0; Win64; x64) AppleWebKit/537.36 (KHTML, like Gecko) Chrome/58.0.3029.110 Safari/537.3"
cashforcarscarrollton.com.infinitibizsol.com:443 207.46.13.116 - - [13/Jun/2025:09:10:40 +0000] "GET /Mr%20Beams%20MB710-WHT%20Battery%20Powered%20Motion%20Sensing%2015%20Lumen%20LED%20Night%20Light%201%20Pk%20-%20UVZFXl5bQ1tVRUBb/ HTTP/1.1" 200 23 "-" "Mozilla/5.0 AppleWebKit/537.36 (KHTML, like Gecko; compatible; bingbot/2.0; +http://www.bing.com/bingbot.htm) Chrome/116.0.1938.76 Safari/537.36"
cashforcarscarrollton.com.infinitibizsol.com:80 34.168.229.168 - - [13/Jun/2025:09:11:09 +0000] "GET /media/system/js/core.js HTTP/1.1" 500 5 "-" "Mozilla/5.0 (Macintosh; Intel Mac OS X 10_10_1) AppleWebKit/537.36 (KHTML, like Gecko) Chrome/39.0.2171.95 Safari/537.36"
cashforcarscarrollton.com.infinitibizsol.com:80 34.168.229.168 - - [13/Jun/2025:09:11:11 +0000] "GET /wp-includes/js/jquery/jquery.js HTTP/1.1" 500 0 "-" "Mozilla/5.0 (Macintosh; Intel Mac OS X 10_10_1) AppleWebKit/537.36 (KHTML, like Gecko) Chrome/39.0.2171.95 Safari/537.36"
cashforcarscarrollton.com.infinitibizsol.com:443 207.46.13.153 - - [13/Jun/2025:09:11:50 +0000] "GET /VIVO%20Single%20Ultrawide%20Monitor%20Tall%20Desk%20Mount,%20Fits%20Screens%20up%20to%2049%22%20-%20UFlEW19YRFBRQEta/ HTTP/1.1" 200 23 "-" "Mozilla/5.0 AppleWebKit/537.36 (KHTML, like Gecko; compatible; bingbot/2.0; +http://www.bing.com/bingbot.htm) Chrome/116.0.1938.76 Safari/537.36"
cashforcarscarrollton.com.infinitibizsol.com:443 207.46.13.52 - - [13/Jun/2025:09:12:06 +0000] "GET /HONEYWELL%20W7100A1053%2024V%2050/60%20HZ%2012%20VA%20CLASS%202%20-%20Used%20-%20Untested%20-%20UVdFXl5fS1VQS0pS/ HTTP/1.1" 200 23 "-" "Mozilla/5.0 AppleWebKit/537.36 (KHTML, like Gecko; compatible; bingbot/2.0; +http://www.bing.com/bingbot.htm) Chrome/116.0.1938.76 Safari/537.36"
cashforcarscarrollton.com.infinitibizsol.com:443 207.46.13.153 - - [13/Jun/2025:09:13:30 +0000] "GET /2-pack-nestle-nido-fortificada-powdered-drink-mix-dry-whole-milk-powder-UFFFWFZaRlpXQUJa HTTP/1.1" 200 23 "-" "Mozilla/5.0 AppleWebKit/537.36 (KHTML, like Gecko; compatible; bingbot/2.0; +http://www.bing.com/bingbot.htm) Chrome/116.0.1938.76 Safari/537.36"
cashforcarscarrollton.com.infinitibizsol.com:443 207.46.13.153 - - [13/Jun/2025:09:16:01 +0000] "GET /trader-sams-grog-grotto-inspired-hand-carved-wooden-tiki-mask-red-16-x-8-UFlEWlJbRFFSS0VT HTTP/1.1" 200 23 "-" "Mozilla/5.0 AppleWebKit/537.36 (KHTML, like Gecko; compatible; bingbot/2.0; +http://www.bing.com/bingbot.htm) Chrome/116.0.1938.76 Safari/537.36"
cashforcarscarrollton.com.infinitibizsol.com:443 204.12.252.98 - - [13/Jun/2025:09:18:06 +0000] "GET /wp-content/install.php HTTP/1.1" 200 16 "https://cashforcarscarrollton.com/wp-content/install.php" "Mozilla/5.0 (Windows NT 10.0; Win64; x64) AppleWebKit/537.36 (KHTML, like Gecko) Chrome/58.0.3029.110 Safari/537.3"
cashforcarscarrollton.com.infinitibizsol.com:443 207.46.13.154 - - [13/Jun/2025:09:18:19 +0000] "GET /Levis%20501%20%E2%80%9893%20Premium%20Blue%20Denim%20Jeans%20Sz%2031%20Hemmed%20San%20Francisco%20Medium%20Wash%20-%20UVlHUFJdQVdSQUJa/ HTTP/1.1" 200 23 "-" "Mozilla/5.0 AppleWebKit/537.36 (KHTML, like Gecko; compatible; bingbot/2.0; +http://www.bing.com/bingbot.htm) Chrome/116.0.1938.76 Safari/537.36"
cashforcarscarrollton.com.infinitibizsol.com:443 207.46.13.154 - - [13/Jun/2025:09:18:48 +0000] "GET /ProTaper%2011-074A%20Twister%20Throttle%20Tube%20-%20UVJAWlRcRFtZQUBb/ HTTP/1.1" 200 23 "-" "Mozilla/5.0 AppleWebKit/537.36 (KHTML, like Gecko; compatible; bingbot/2.0; +http://www.bing.com/bingbot.htm) Chrome/116.0.1938.76 Safari/537.36"
cashforcarscarrollton.com.infinitibizsol.com:443 52.167.144.195 - - [13/Jun/2025:09:19:29 +0000] "GET /9-0ah-battery-for-ego-56v-ba1400-power-lithium-ion-ba2240-ba2800t-ba5600t-UFBFWFJZQ1tVQUZT HTTP/1.1" 200 23 "-" "Mozilla/5.0 AppleWebKit/537.36 (KHTML, like Gecko; compatible; bingbot/2.0; +http://www.bing.com/bingbot.htm) Chrome/116.0.1938.76 Safari/537.36"
cashforcarscarrollton.com.infinitibizsol.com:443 207.46.13.153 - - [13/Jun/2025:09:21:02 +0000] "GET /Live%20En%20Studio%20Crampe%20En%20Masse%20(Audio%20CD)%20-%20UVNHXlRfR1RVR0RX/ HTTP/1.1" 200 23 "-" "Mozilla/5.0 AppleWebKit/537.36 (KHTML, like Gecko; compatible; bingbot/2.0; +http://www.bing.com/bingbot.htm) Chrome/116.0.1938.76 Safari/537.36"
cashforcarscarrollton.com.infinitibizsol.com:443 207.46.13.154 - - [13/Jun/2025:09:21:19 +0000] "GET /Astrodyne%20ASD50-48S15%20DC/DC%20Converter%2025-50W%20-%20UVdFUVZcQFVSQUpS/ HTTP/1.1" 200 23 "-" "Mozilla/5.0 AppleWebKit/537.36 (KHTML, like Gecko; compatible; bingbot/2.0; +http://www.bing.com/bingbot.htm) Chrome/116.0.1938.76 Safari/537.36"
cashforcarscarrollton.com.infinitibizsol.com:443 207.46.13.154 - - [13/Jun/2025:09:21:39 +0000] "GET /IXYS%20MCC56-16I01B%20MODULE%20Thyristor%20Modules%20/Diode%20-%20UlhAUVJcRFNZQURX/ HTTP/1.1" 200 23 "-" "Mozilla/5.0 AppleWebKit/537.36 (KHTML, like Gecko; compatible; bingbot/2.0; +http://www.bing.com/bingbot.htm) Chrome/116.0.1938.76 Safari/537.36"
cashforcarscarrollton.com.infinitibizsol.com:443 207.46.13.154 - - [13/Jun/2025:09:22:20 +0000] "GET /Preparation%20H%20Hemorrhoid%20Treatment%20Soothing%20Relief%20Cleansing%20and%20Cooling%20Wipes,%20%20-%20UldFX1NXSlNWR0BX/ HTTP/1.1" 200 23 "-" "Mozilla/5.0 AppleWebKit/537.36 (KHTML, like Gecko; compatible; bingbot/2.0; +http://www.bing.com/bingbot.htm) Chrome/116.0.1938.76 Safari/537.36"
cashforcarscarrollton.com.infinitibizsol.com:443 52.167.144.195 - - [13/Jun/2025:09:22:58 +0000] "GET /Bratz%20Slumber%20Party%20Sasha%20Wave%202%202003%20MGA%20Entertainment%20Incomplete%20Vintage%20-%20UVJGUFdbRVpVREZb/ HTTP/1.1" 200 23 "-" "Mozilla/5.0 AppleWebKit/537.36 (KHTML, like Gecko; compatible; bingbot/2.0; +http://www.bing.com/bingbot.htm) Chrome/116.0.1938.76 Safari/537.36"
cashforcarscarrollton.com.infinitibizsol.com:443 204.12.252.98 - - [13/Jun/2025:09:23:15 +0000] "GET /wp-content/install.php HTTP/1.1" 200 16 "https://cashforcarscarrollton.com/wp-content/install.php" "Mozilla/5.0 (Windows NT 10.0; Win64; x64) AppleWebKit/537.36 (KHTML, like Gecko) Chrome/58.0.3029.110 Safari/537.3"
cashforcarscarrollton.com.infinitibizsol.com:443 207.46.13.116 - - [13/Jun/2025:09:23:33 +0000] "GET /Saia-burgess%20CXG201M4N%2010-30v-dc%20Counter%20-%20UFFGUFJfR1BZQUVb/ HTTP/1.1" 200 23 "-" "Mozilla/5.0 AppleWebKit/537.36 (KHTML, like Gecko; compatible; bingbot/2.0; +http://www.bing.com/bingbot.htm) Chrome/116.0.1938.76 Safari/537.36"
cashforcarscarrollton.com.infinitibizsol.com:443 207.46.13.116 - - [13/Jun/2025:09:24:42 +0000] "GET /NWOT%20Duluth%20Trading%20Buck%20Naked%20Bullpen%20Underwear%20Boxer%20Briefs%202XL%20Mens%20Black%20-%20UFFGX1RYQlRSR0FS/ HTTP/1.1" 200 23 "-" "Mozilla/5.0 AppleWebKit/537.36 (KHTML, like Gecko; compatible; bingbot/2.0; +http://www.bing.com/bingbot.htm) Chrome/116.0.1938.76 Safari/537.36"
cashforcarscarrollton.com.infinitibizsol.com:443 207.46.13.154 - - [13/Jun/2025:09:25:20 +0000] "GET /BITS%20SPACE%20MARINE%20PRIMARIS%20INFILTRATORS%20INCURSORS%20SQUAD%20WARHAMMER%2040,000%20BITZ%20-%20UFNHXVRbRVBQRUVW/ HTTP/1.1" 200 23 "-" "Mozilla/5.0 AppleWebKit/537.36 (KHTML, like Gecko; compatible; bingbot/2.0; +http://www.bing.com/bingbot.htm) Chrome/116.0.1938.76 Safari/537.36"
cashforcarscarrollton.com.infinitibizsol.com:443 52.167.144.195 - - [13/Jun/2025:09:26:00 +0000] "GET /WJSN%20Last%20Sequence%20Album%20&%20PC%20bundle%20-%20UFNFW1dfS1ZXRkFR/ HTTP/1.1" 200 23 "-" "Mozilla/5.0 AppleWebKit/537.36 (KHTML, like Gecko; compatible; bingbot/2.0; +http://www.bing.com/bingbot.htm) Chrome/116.0.1938.76 Safari/537.36"
cashforcarscarrollton.com.infinitibizsol.com:443 207.46.13.116 - - [13/Jun/2025:09:26:05 +0000] "GET /Josef%20Originals%20Age%201%20Birthday%20Girl%20Angel%20with%20Label%20-%20UFlEW1FZQVtRQkpW/ HTTP/1.1" 200 23 "-" "Mozilla/5.0 AppleWebKit/537.36 (KHTML, like Gecko; compatible; bingbot/2.0; +http://www.bing.com/bingbot.htm) Chrome/116.0.1938.76 Safari/537.36"
cashforcarscarrollton.com.infinitibizsol.com:443 52.167.144.195 - - [13/Jun/2025:09:27:42 +0000] "GET /Unter%20Dem%20Halbmond%20-%20UllGXFVZQ1RUR0BT/ HTTP/1.1" 200 23 "-" "Mozilla/5.0 AppleWebKit/537.36 (KHTML, like Gecko; compatible; bingbot/2.0; +http://www.bing.com/bingbot.htm) Chrome/116.0.1938.76 Safari/537.36"
cashforcarscarrollton.com.infinitibizsol.com:443 40.77.167.74 - - [13/Jun/2025:09:28:24 +0000] "GET /Tibetan%20Thangka%20-%20Late%20%2020th%20Century%20Guru%20Rinpoche%20Padmasambhava%20-%20UFZGX1JZQ1FZREpT/ HTTP/1.1" 200 23 "-" "Mozilla/5.0 AppleWebKit/537.36 (KHTML, like Gecko; compatible; bingbot/2.0; +http://www.bing.com/bingbot.htm) Chrome/116.0.1938.76 Safari/537.36"
cashforcarscarrollton.com.infinitibizsol.com:443 69.197.135.226 - - [13/Jun/2025:09:30:48 +0000] "GET /wp-content/install.php HTTP/1.1" 200 16 "https://cashforcarscarrollton.com/wp-content/install.php" "Mozilla/5.0 (Windows NT 10.0; Win64; x64) AppleWebKit/537.36 (KHTML, like Gecko) Chrome/58.0.3029.110 Safari/537.3"
cashforcarscarrollton.com.infinitibizsol.com:443 207.46.13.116 - - [13/Jun/2025:09:31:14 +0000] "GET /Hobby%20Master%201:72%20Su-57%20Felon%20Russian%20Air%20Force%20Blue%20056%20w/KH-31%20Krypton%20-%20UVhFW15XQ1VQR0Ra/ HTTP/1.1" 200 23 "-" "Mozilla/5.0 AppleWebKit/537.36 (KHTML, like Gecko; compatible; bingbot/2.0; +http://www.bing.com/bingbot.htm) Chrome/116.0.1938.76 Safari/537.36"
cashforcarscarrollton.com.infinitibizsol.com:443 40.77.167.74 - - [13/Jun/2025:09:31:51 +0000] "GET /asus-zenscreen-mb16ace-15-6-full-hd-ips-led-portable-monitor-dark-gray-UldEWVRbSlBZRkFW HTTP/1.1" 200 23 "-" "Mozilla/5.0 AppleWebKit/537.36 (KHTML, like Gecko; compatible; bingbot/2.0; +http://www.bing.com/bingbot.htm) Chrome/116.0.1938.76 Safari/537.36"
cashforcarscarrollton.com.infinitibizsol.com:443 207.46.13.150 - - [13/Jun/2025:09:31:55 +0000] "GET /Tomorrow%20x%20Together%20TXT%20K-pop%20Official%20Light%20Stick%20Ver.%202%20-%20UFhGUFJWQ1ZRQ0dR/ HTTP/1.1" 200 23 "-" "Mozilla/5.0 AppleWebKit/537.36 (KHTML, like Gecko; compatible; bingbot/2.0; +http://www.bing.com/bingbot.htm) Chrome/116.0.1938.76 Safari/537.36"
cashforcarscarrollton.com.infinitibizsol.com:443 208.110.64.178 - - [13/Jun/2025:09:34:32 +0000] "GET /wp-content/install.php HTTP/1.1" 200 16 "https://cashforcarscarrollton.com/wp-content/install.php" "Mozilla/5.0 (Windows NT 10.0; Win64; x64) AppleWebKit/537.36 (KHTML, like Gecko) Chrome/58.0.3029.110 Safari/537.3"
cashforcarscarrollton.com.infinitibizsol.com:443 40.77.167.74 - - [13/Jun/2025:09:35:21 +0000] "GET /new-siemens-6ed1052-1fb08-0ba0-6ed1-052-1fb08-0ba0-logo-230rce-logic-module-UldEWlNbQlFUQkRT HTTP/1.1" 200 23 "-" "Mozilla/5.0 AppleWebKit/537.36 (KHTML, like Gecko; compatible; bingbot/2.0; +http://www.bing.com/bingbot.htm) Chrome/116.0.1938.76 Safari/537.36"
cashforcarscarrollton.com.infinitibizsol.com:443 157.55.39.197 - - [13/Jun/2025:09:35:55 +0000] "GET /oat-bran-tablets-100-tablets-x-1-000-mg-per-tablet-oat-fiber-tablets-solub-UFhGXl5cRFJYQEpV HTTP/1.1" 200 23 "-" "Mozilla/5.0 AppleWebKit/537.36 (KHTML, like Gecko; compatible; bingbot/2.0; +http://www.bing.com/bingbot.htm) Chrome/116.0.1938.76 Safari/537.36"
cashforcarscarrollton.com.infinitibizsol.com:443 66.249.64.230 - - [13/Jun/2025:09:36:13 +0000] "GET /search.php?sitemap821.xml HTTP/1.1" 200 557781 "-" "Mozilla/5.0 (compatible; Googlebot/2.1; +http://www.google.com/bot.html)"
cashforcarscarrollton.com.infinitibizsol.com:443 40.77.167.74 - - [13/Jun/2025:09:37:00 +0000] "GET /The%20Science%20of%20Superstition:%20How%20the%20Developing%20Brain%20Creates%20Super%20-%20ACCEPTABLE%20-%20UVdFXVdZQlVZR0Jb/ HTTP/1.1" 200 23 "-" "Mozilla/5.0 AppleWebKit/537.36 (KHTML, like Gecko; compatible; bingbot/2.0; +http://www.bing.com/bingbot.htm) Chrome/116.0.1938.76 Safari/537.36"
cashforcarscarrollton.com.infinitibizsol.com:443 40.77.167.74 - - [13/Jun/2025:09:37:24 +0000] "GET /Funko%2080-618%20Talking%20Turbo%20Man%20Jingle%20All%20The%20Way%20Action%20Figure%20SEE%20DESCRIPTION%20-%20UVlFWVdXS1ZUR0RU/ HTTP/1.1" 200 23 "-" "Mozilla/5.0 AppleWebKit/537.36 (KHTML, like Gecko; compatible; bingbot/2.0; +http://www.bing.com/bingbot.htm) Chrome/116.0.1938.76 Safari/537.36"
cashforcarscarrollton.com.infinitibizsol.com:443 40.77.167.74 - - [13/Jun/2025:09:37:45 +0000] "GET /M24%20X%203.%20304%20Stainless%20Steel%20Threaded%20Rod,%207%22%204%20PCS.%2028%22%20TOTAL%20-%20UVNHUFZcRVRUSkpV/ HTTP/1.1" 200 23 "-" "Mozilla/5.0 AppleWebKit/537.36 (KHTML, like Gecko; compatible; bingbot/2.0; +http://www.bing.com/bingbot.htm) Chrome/116.0.1938.76 Safari/537.36"
cashforcarscarrollton.com.infinitibizsol.com:443 207.46.13.160 - - [13/Jun/2025:09:39:46 +0000] "GET /2007%20P%20Montana%20State%20Quarter.%20%20Uncirculated%20From%20US%20Mint%20roll.%20-%20UVdFUFRXQlZQQEVW/ HTTP/1.1" 200 23 "-" "Mozilla/5.0 AppleWebKit/537.36 (KHTML, like Gecko; compatible; bingbot/2.0; +http://www.bing.com/bingbot.htm) Chrome/116.0.1938.76 Safari/537.36"
cashforcarscarrollton.com.infinitibizsol.com:443 157.55.39.197 - - [13/Jun/2025:09:42:56 +0000] "GET /Set%20Of%20(3)%20ONKYO%20Surround%20Speakers%20%20(2)%20SKF-240F%20%20(1)%20SKC-240C/TESTED,%20-%20UFJGXldeQVJTQURV/ HTTP/1.1" 200 23 "-" "Mozilla/5.0 AppleWebKit/537.36 (KHTML, like Gecko; compatible; bingbot/2.0; +http://www.bing.com/bingbot.htm) Chrome/116.0.1938.76 Safari/537.36"
cashforcarscarrollton.com.infinitibizsol.com:443 69.197.135.226 - - [13/Jun/2025:09:43:17 +0000] "GET /wp-content/install.php HTTP/1.1" 200 16 "https://cashforcarscarrollton.com/wp-content/install.php" "Mozilla/5.0 (Windows NT 10.0; Win64; x64) AppleWebKit/537.36 (KHTML, like Gecko) Chrome/58.0.3029.110 Safari/537.3"
cashforcarscarrollton.com.infinitibizsol.com:443 52.167.144.203 - - [13/Jun/2025:09:43:52 +0000] "GET /Neso%20Portable%20Beach%20Table%20with%20Cup%20Holders,%20Cell%20Phone%20Pockets,%20Lightweight%20-%20UFBGXlFbR1pTR0dX/ HTTP/1.1" 200 13 "-" "Mozilla/5.0 AppleWebKit/537.36 (KHTML, like Gecko; compatible; bingbot/2.0; +http://www.bing.com/bingbot.htm) Chrome/116.0.1938.76 Safari/537.36"
cashforcarscarrollton.com.infinitibizsol.com:443 157.55.39.197 - - [13/Jun/2025:09:43:57 +0000] "GET /Air%20Filter%20Spark%20Plug%20Kit%20For%20Stihl%20MS180%20017%20018%20MS180C%20MS170%20170C%2011301240800%20-%20UFBGW19XRlZQREVT/ HTTP/1.1" 200 23 "-" "Mozilla/5.0 AppleWebKit/537.36 (KHTML, like Gecko; compatible; bingbot/2.0; +http://www.bing.com/bingbot.htm) Chrome/116.0.1938.76 Safari/537.36"
cashforcarscarrollton.com.infinitibizsol.com:443 157.55.39.197 - - [13/Jun/2025:09:43:59 +0000] "GET /Glasfloss%20GDS%2014x25x1%20Disposable%20Fiberglass%20Panel%20Air%20Filters.%2012%20Pack%20-%20UVRFXVJWQVBUQUdX/ HTTP/1.1" 200 23 "-" "Mozilla/5.0 AppleWebKit/537.36 (KHTML, like Gecko; compatible; bingbot/2.0; +http://www.bing.com/bingbot.htm) Chrome/116.0.1938.76 Safari/537.36"
cashforcarscarrollton.com.infinitibizsol.com:443 57.141.4.2 - - [13/Jun/2025:09:43:59 +0000] "GET /index.html HTTP/1.1" 500 5 "-" "meta-externalagent/1.1 (+https://developers.facebook.com/docs/sharing/webmasters/crawler)"
cashforcarscarrollton.com.infinitibizsol.com:443 52.167.144.203 - - [13/Jun/2025:09:44:11 +0000] "GET /Archimedes%20by%20Jeanne%20Bendick%20%20-%20UlZFXVNaQFJUR0FU/ HTTP/1.1" 200 23 "-" "Mozilla/5.0 AppleWebKit/537.36 (KHTML, like Gecko; compatible; bingbot/2.0; +http://www.bing.com/bingbot.htm) Chrome/116.0.1938.76 Safari/537.36"
cashforcarscarrollton.com.infinitibizsol.com:443 157.55.39.197 - - [13/Jun/2025:09:44:37 +0000] "GET /garmin-epix-gen-2-premium-active-smartwatch-sapphire-edition-47mm-white-titanium-UFNGXFdZQVZQR0ZV HTTP/1.1" 200 23 "-" "Mozilla/5.0 AppleWebKit/537.36 (KHTML, like Gecko; compatible; bingbot/2.0; +http://www.bing.com/bingbot.htm) Chrome/116.0.1938.76 Safari/537.36"
cashforcarscarrollton.com.infinitibizsol.com:443 52.167.144.203 - - [13/Jun/2025:09:44:52 +0000] "GET /12%20mil%20Heavy%20Duty%20Canopy%20Tarp%20Rain%203X%20Coated%20UV%20Sun%20Shade%20SILVER%20-%20UFRHWFVcR1pYR0Jb/ HTTP/1.1" 200 13 "-" "Mozilla/5.0 AppleWebKit/537.36 (KHTML, like Gecko; compatible; bingbot/2.0; +http://www.bing.com/bingbot.htm) Chrome/116.0.1938.76 Safari/537.36"
cashforcarscarrollton.com.infinitibizsol.com:443 157.55.39.9 - - [13/Jun/2025:09:45:38 +0000] "GET /Stamp%20Germany%20Bohemia%20B&M%20Mi%20132%20Sc%20B21%20Block%201943%20WWII%20Reich%20Red%20Cross%20MNH%20-%20UFdHWV5XQVdVRkVU/ HTTP/1.1" 200 23 "-" "Mozilla/5.0 AppleWebKit/537.36 (KHTML, like Gecko; compatible; bingbot/2.0; +http://www.bing.com/bingbot.htm) Chrome/116.0.1938.76 Safari/537.36"
cashforcarscarrollton.com.infinitibizsol.com:443 157.55.39.9 - - [13/Jun/2025:09:45:58 +0000] "GET /YY%20Perfect%20Playlist%20Dance,%20Volume%20Two%20LIKE%20NEW%20CONDITION%20CD%20-%20UVdFX15eS1RXRUpU/ HTTP/1.1" 200 23 "-" "Mozilla/5.0 AppleWebKit/537.36 (KHTML, like Gecko; compatible; bingbot/2.0; +http://www.bing.com/bingbot.htm) Chrome/116.0.1938.76 Safari/537.36"
cashforcarscarrollton.com.infinitibizsol.com:443 157.55.39.9 - - [13/Jun/2025:09:47:48 +0000] "GET /ANMEATE%20Baby%20Monitor%20with%20Remote%20Pan-Tilt-Zoom%20Camera,Large%20Display%20Video%20Bab...%20-%20UlhFXldXQFRZSkNV/ HTTP/1.1" 200 23 "-" "Mozilla/5.0 AppleWebKit/537.36 (KHTML, like Gecko; compatible; bingbot/2.0; +http://www.bing.com/bingbot.htm) Chrome/116.0.1938.76 Safari/537.36"
cashforcarscarrollton.com.infinitibizsol.com:443 207.46.13.92 - - [13/Jun/2025:09:48:48 +0000] "GET /Phoenix%201:400%20Norwegian%20787-8%20EI-LNG%20Edvard%20Munch%20Boeing%20B787-8%20Dreamliner%20-%20UlNFXlNYRlNXQ0tT/ HTTP/1.1" 200 23 "-" "Mozilla/5.0 AppleWebKit/537.36 (KHTML, like Gecko; compatible; bingbot/2.0; +http://www.bing.com/bingbot.htm) Chrome/116.0.1938.76 Safari/537.36"
cashforcarscarrollton.com.infinitibizsol.com:443 207.46.13.92 - - [13/Jun/2025:09:49:18 +0000] "GET /Fresh-Aire%20UV%20Blue-Tube%20UV%20TUV-BTER2%2018-32%20VAC,%202-Year%20UV%20Lamp%20-%20UldHWF9YQlRZSkFU/ HTTP/1.1" 200 23 "-" "Mozilla/5.0 AppleWebKit/537.36 (KHTML, like Gecko; compatible; bingbot/2.0; +http://www.bing.com/bingbot.htm) Chrome/116.0.1938.76 Safari/537.36"
cashforcarscarrollton.com.infinitibizsol.com:443 157.55.39.9 - - [13/Jun/2025:09:49:39 +0000] "GET /Andis%20(74000)%20Cordless%20T-Outliner%20Li%20Trimmer%20-%20Gray%20-%20UFNGUV5XS1RYSkpa/ HTTP/1.1" 200 23 "-" "Mozilla/5.0 AppleWebKit/537.36 (KHTML, like Gecko; compatible; bingbot/2.0; +http://www.bing.com/bingbot.htm) Chrome/116.0.1938.76 Safari/537.36"
cashforcarscarrollton.com.infinitibizsol.com:443 157.55.39.9 - - [13/Jun/2025:09:50:09 +0000] "GET /XENA%20%20WARRIOR%20PRINCESS%20THE%20OFFICIAL%20MAGAZINE%20renee%20oconnor%20sept%202000%2010%20-%20UlNFX1JaQFRQQkZQ/ HTTP/1.1" 200 23 "-" "Mozilla/5.0 AppleWebKit/537.36 (KHTML, like Gecko; compatible; bingbot/2.0; +http://www.bing.com/bingbot.htm) Chrome/116.0.1938.76 Safari/537.36"
cashforcarscarrollton.com.infinitibizsol.com:443 208.110.64.178 - - [13/Jun/2025:09:51:03 +0000] "GET /wp-content/install.php HTTP/1.1" 200 16 "https://cashforcarscarrollton.com/wp-content/install.php" "Mozilla/5.0 (Windows NT 10.0; Win64; x64) AppleWebKit/537.36 (KHTML, like Gecko) Chrome/58.0.3029.110 Safari/537.3"
cashforcarscarrollton.com.infinitibizsol.com:443 207.46.13.92 - - [13/Jun/2025:09:51:28 +0000] "GET /European%20Union%20International%20Flag%20Sticker%20Decal%20F158%20-%20UVRFXFZaS1FQQkBS/ HTTP/1.1" 200 23 "-" "Mozilla/5.0 AppleWebKit/537.36 (KHTML, like Gecko; compatible; bingbot/2.0; +http://www.bing.com/bingbot.htm) Chrome/116.0.1938.76 Safari/537.36"
cashforcarscarrollton.com.infinitibizsol.com:443 207.46.13.92 - - [13/Jun/2025:09:51:58 +0000] "GET /100/200/300/400%20Pack%20Velvet%20Hangers%20Flocked%20Non-Slip%20Clothes%20Hangers%20Swivel%20Hook%20-%20UVRFW1JWQVpXR0NT/ HTTP/1.1" 200 23 "-" "Mozilla/5.0 AppleWebKit/537.36 (KHTML, like Gecko; compatible; bingbot/2.0; +http://www.bing.com/bingbot.htm) Chrome/116.0.1938.76 Safari/537.36"
cashforcarscarrollton.com.infinitibizsol.com:443 57.129.137.191 - - [13/Jun/2025:09:54:15 +0000] "GET / HTTP/1.1" 400 650 "-" "Mozilla/5.0 (X11; Linux x86_64) AppleWebKit/537.36 (KHTML, like Gecko) Chrome/92.0.4515.107 Safari/537.36"
cashforcarscarrollton.com.infinitibizsol.com:80 57.129.137.191 - - [13/Jun/2025:09:54:16 +0000] "GET / HTTP/1.1" 500 5 "-" "Mozilla/5.0 (Windows NT 10.0; Win64; x64; rv:89.0) Gecko/20100101 Firefox/89.0"
cashforcarscarrollton.com.infinitibizsol.com:443 57.129.137.191 - - [13/Jun/2025:09:54:16 +0000] "GET / HTTP/1.1" 500 5 "-" "Mozilla/5.0 (X11; Linux x86_64) AppleWebKit/537.36 (KHTML, like Gecko) Chrome/92.0.4515.107 Safari/537.36"
cashforcarscarrollton.com.infinitibizsol.com:80 57.129.137.191 - - [13/Jun/2025:09:54:16 +0000] "GET / HTTP/1.1" 500 5 "-" "Mozilla/5.0 (X11; Linux x86_64) AppleWebKit/537.36 (KHTML, like Gecko) Chrome/92.0.4515.107 Safari/537.36"
cashforcarscarrollton.com.infinitibizsol.com:443 57.129.137.191 - - [13/Jun/2025:09:54:16 +0000] "GET / HTTP/1.1" 400 650 "-" "Mozilla/5.0 (Windows NT 10.0; Win64; x64) AppleWebKit/537.36 (KHTML, like Gecko) Chrome/91.0.4472.124 Safari/537.36"
cashforcarscarrollton.com.infinitibizsol.com:443 57.129.137.191 - - [13/Jun/2025:09:54:16 +0000] "GET / HTTP/1.1" 500 5 "-" "Mozilla/5.0 (Macintosh; Intel Mac OS X 10_15_7) AppleWebKit/605.1.15 (KHTML, like Gecko) Version/14.1.1 Safari/605.1.15"
cashforcarscarrollton.com.infinitibizsol.com:443 207.46.13.92 - - [13/Jun/2025:09:55:09 +0000] "GET /NEIKO%2002435A,%2022%20Piece,%201/4%20Socket%20Set,%20Standard%203/16%E2%80%9D%20%E2%80%93%209/16%E2%80%9D%20SAE,%20Deep%20and%20to%20-%20UVFGWFBcRFRWR0RU/ HTTP/1.1" 200 23 "-" "Mozilla/5.0 AppleWebKit/537.36 (KHTML, like Gecko; compatible; bingbot/2.0; +http://www.bing.com/bingbot.htm) Chrome/116.0.1938.76 Safari/537.36"
cashforcarscarrollton.com.infinitibizsol.com:443 207.46.13.92 - - [13/Jun/2025:09:55:11 +0000] "GET /Physicians%20Formula%20Bronze%20Booster%20Highlight%20&%20Contour%20Powder%20Palette,%20Matte%20S...%20-%20UVdEWFRZS1NYQUJQ/ HTTP/1.1" 200 23 "-" "Mozilla/5.0 AppleWebKit/537.36 (KHTML, like Gecko; compatible; bingbot/2.0; +http://www.bing.com/bingbot.htm) Chrome/116.0.1938.76 Safari/537.36"
cashforcarscarrollton.com.infinitibizsol.com:443 208.110.64.178 - - [13/Jun/2025:09:55:16 +0000] "GET /wp-content/install.php HTTP/1.1" 200 16 "https://cashforcarscarrollton.com/wp-content/install.php" "Mozilla/5.0 (Windows NT 10.0; Win64; x64) AppleWebKit/537.36 (KHTML, like Gecko) Chrome/58.0.3029.110 Safari/537.3"
