cashforcarscarrollton.com.infinitibizsol.com:443 157.55.39.52 - - [12/Jun/2025:05:11:19 +0000] "GET /Goryeo%20Celadon%20National%20Treasure%20No.68%20Handmade%20Reproduction%2012%20Century%20Style%20-%20UVdFXFVdSlJUS0BX/ HTTP/1.1" 200 23 "-" "Mozilla/5.0 AppleWebKit/537.36 (KHTML, like Gecko; compatible; bingbot/2.0; +http://www.bing.com/bingbot.htm) Chrome/116.0.1938.76 Safari/537.36"
cashforcarscarrollton.com.infinitibizsol.com:443 157.55.39.52 - - [12/Jun/2025:05:12:00 +0000] "GET /new-orbit-white-peppermint-sugar-free-chewing-gum-value-pack-120-ct-bag-free-V1FGXFFaQVRXR0VQ HTTP/1.1" 200 23 "-" "Mozilla/5.0 AppleWebKit/537.36 (KHTML, like Gecko; compatible; bingbot/2.0; +http://www.bing.com/bingbot.htm) Chrome/116.0.1938.76 Safari/537.36"
cashforcarscarrollton.com.infinitibizsol.com:443 208.110.64.178 - - [12/Jun/2025:05:12:25 +0000] "GET /wp-content/install.php HTTP/1.1" 200 16 "https://cashforcarscarrollton.com/wp-content/install.php" "Mozilla/5.0 (Windows NT 10.0; Win64; x64) AppleWebKit/537.36 (KHTML, like Gecko) Chrome/58.0.3029.110 Safari/537.3"
cashforcarscarrollton.com.infinitibizsol.com:443 157.55.39.8 - - [12/Jun/2025:05:13:13 +0000] "GET /Good%20Sense%20Grande%20Denture%20Brush%20%203%20Pack%20-%20UVFGWFJZRFZRQkJT/ HTTP/1.1" 200 23 "-" "Mozilla/5.0 AppleWebKit/537.36 (KHTML, like Gecko; compatible; bingbot/2.0; +http://www.bing.com/bingbot.htm) Chrome/116.0.1938.76 Safari/537.36"
cashforcarscarrollton.com.infinitibizsol.com:443 157.55.39.52 - - [12/Jun/2025:05:13:20 +0000] "GET /Womens%20Blue%20Kaftan%20Gold%20Brocade%20Embroidery%20Size%201%20Small%20Made%20in%20Greece%20-%20UVhFX1NXQVFYQUpa/ HTTP/1.1" 200 23 "-" "Mozilla/5.0 AppleWebKit/537.36 (KHTML, like Gecko; compatible; bingbot/2.0; +http://www.bing.com/bingbot.htm) Chrome/116.0.1938.76 Safari/537.36"
cashforcarscarrollton.com.infinitibizsol.com:443 157.55.39.8 - - [12/Jun/2025:05:14:43 +0000] "GET /anker-240w-usb-c-to-usb-c-cable-6ft-bio-based-charging-cable-for-macbook-samsung-UVNGW1FXQFtXSkRW HTTP/1.1" 200 23 "-" "Mozilla/5.0 AppleWebKit/537.36 (KHTML, like Gecko; compatible; bingbot/2.0; +http://www.bing.com/bingbot.htm) Chrome/116.0.1938.76 Safari/537.36"
cashforcarscarrollton.com.infinitibizsol.com:443 157.55.39.52 - - [12/Jun/2025:05:15:00 +0000] "GET /body-gold-liqua-soothe-mouth-spray-oral-care-formula-for-occasional-dry-mouth-UFlEXlZdS1tVQ0pa HTTP/1.1" 200 23 "-" "Mozilla/5.0 AppleWebKit/537.36 (KHTML, like Gecko; compatible; bingbot/2.0; +http://www.bing.com/bingbot.htm) Chrome/116.0.1938.76 Safari/537.36"
cashforcarscarrollton.com.infinitibizsol.com:443 157.55.39.8 - - [12/Jun/2025:05:19:14 +0000] "GET /daily-omega-3-6-9-plus-turmeric-epa-dha-supports-heart-joint-health-UldFUV9cQ1ZZR0pX HTTP/1.1" 200 23 "-" "Mozilla/5.0 AppleWebKit/537.36 (KHTML, like Gecko; compatible; bingbot/2.0; +http://www.bing.com/bingbot.htm) Chrome/116.0.1938.76 Safari/537.36"
cashforcarscarrollton.com.infinitibizsol.com:443 40.77.167.32 - - [12/Jun/2025:05:19:35 +0000] "GET /SNJHM%20Cash%20Vault%20Wooden%20Savings%20Box%2010000%20The%20Challenge%20Piggy%20Bank%20Cash%20Box%20-%20UVFHUF9eQFtURUFR/ HTTP/1.1" 200 23 "-" "Mozilla/5.0 AppleWebKit/537.36 (KHTML, like Gecko; compatible; bingbot/2.0; +http://www.bing.com/bingbot.htm) Chrome/116.0.1938.76 Safari/537.36"
cashforcarscarrollton.com.infinitibizsol.com:443 207.46.13.150 - - [12/Jun/2025:05:19:45 +0000] "GET /Italy%201942%20WWII%20censor%20cover%20Rebucci%20Reparto%205060c%20Posta%20Militaire%2045%20to%20Bologna%20-%20UVFAWlNZQVFWR0pa/ HTTP/1.1" 200 23 "-" "Mozilla/5.0 AppleWebKit/537.36 (KHTML, like Gecko; compatible; bingbot/2.0; +http://www.bing.com/bingbot.htm) Chrome/116.0.1938.76 Safari/537.36"
cashforcarscarrollton.com.infinitibizsol.com:443 40.77.167.32 - - [12/Jun/2025:05:19:57 +0000] "GET /launch-x431-crp919x-bt-pro-elite-bidirectional-car-diagnostic-scanner-k-coding-UVZFXlNdS1dSSktb HTTP/1.1" 200 23 "-" "Mozilla/5.0 AppleWebKit/537.36 (KHTML, like Gecko; compatible; bingbot/2.0; +http://www.bing.com/bingbot.htm) Chrome/116.0.1938.76 Safari/537.36"
cashforcarscarrollton.com.infinitibizsol.com:443 40.77.167.32 - - [12/Jun/2025:05:19:59 +0000] "GET /Digi-Sense%20Thermistor%20Thermometer%2020250-93%20-%20UVlFWFBfQFBRQkRW/ HTTP/1.1" 200 23 "-" "Mozilla/5.0 AppleWebKit/537.36 (KHTML, like Gecko; compatible; bingbot/2.0; +http://www.bing.com/bingbot.htm) Chrome/116.0.1938.76 Safari/537.36"
cashforcarscarrollton.com.infinitibizsol.com:443 40.77.167.32 - - [12/Jun/2025:05:20:29 +0000] "GET /Hairball%20Remedy%20Plus%20Salmon%20Flavored%20Paste%20for%20Cats%20and%20Kittens%20-%20UlNFXlRWRlRWRURX/ HTTP/1.1" 200 23 "-" "Mozilla/5.0 AppleWebKit/537.36 (KHTML, like Gecko; compatible; bingbot/2.0; +http://www.bing.com/bingbot.htm) Chrome/116.0.1938.76 Safari/537.36"
cashforcarscarrollton.com.infinitibizsol.com:443 157.55.39.11 - - [12/Jun/2025:05:21:42 +0000] "GET /UGG%20Leala%20Womens%207%20Slip-On%20Sneaker%20Black%20White%20Sherpa%20Sheepskin%20Lined%20Laceless%20-%20UVZFXlBXRFtUSkVT/ HTTP/1.1" 200 23 "-" "Mozilla/5.0 AppleWebKit/537.36 (KHTML, like Gecko; compatible; bingbot/2.0; +http://www.bing.com/bingbot.htm) Chrome/116.0.1938.76 Safari/537.36"
cashforcarscarrollton.com.infinitibizsol.com:443 52.167.144.146 - - [12/Jun/2025:05:24:59 +0000] "GET /Ralph%20Carter-Young%20And%20In%20Love%20(Expanded)%20**Reissue%20CD%20with%20Bonus%20Material***%20-%20UlVGWFBfQFFZQ0Fb/ HTTP/1.1" 200 23 "-" "Mozilla/5.0 AppleWebKit/537.36 (KHTML, like Gecko; compatible; bingbot/2.0; +http://www.bing.com/bingbot.htm) Chrome/116.0.1938.76 Safari/537.36"
cashforcarscarrollton.com.infinitibizsol.com:443 157.55.39.12 - - [12/Jun/2025:05:26:22 +0000] "GET /New%20$195%20Ralph%20Lauren%20Lacota%20Mens%2038R%20Gray%20Herringbone%20Sport%20Coat%20Blazer%20-%20UlhFW1RZQ1BSRkBS/ HTTP/1.1" 200 23 "-" "Mozilla/5.0 AppleWebKit/537.36 (KHTML, like Gecko; compatible; bingbot/2.0; +http://www.bing.com/bingbot.htm) Chrome/116.0.1938.76 Safari/537.36"
cashforcarscarrollton.com.infinitibizsol.com:443 157.55.39.12 - - [12/Jun/2025:05:27:02 +0000] "GET /Male-Female%20BREAST%20ENHANCEMENT%20ENLARGEMENT%20CREAM%20real%20BREAST%20GROWTH%20Permanent%20-%20UlJHWV5dRlRQS0ZV/ HTTP/1.1" 200 23 "-" "Mozilla/5.0 AppleWebKit/537.36 (KHTML, like Gecko; compatible; bingbot/2.0; +http://www.bing.com/bingbot.htm) Chrome/116.0.1938.76 Safari/537.36"
cashforcarscarrollton.com.infinitibizsol.com:443 207.46.13.150 - - [12/Jun/2025:05:28:14 +0000] "GET /Aerodynamics%20for%20Engineering%20Students%20by%20Houghton%20and%20Brock%201960%201st%20Edition%20-%20UVRFXl9WQFFZRkZS/ HTTP/1.1" 200 23 "-" "Mozilla/5.0 AppleWebKit/537.36 (KHTML, like Gecko; compatible; bingbot/2.0; +http://www.bing.com/bingbot.htm) Chrome/116.0.1938.76 Safari/537.36"
cashforcarscarrollton.com.infinitibizsol.com:443 52.167.144.146 - - [12/Jun/2025:05:30:37 +0000] "GET /Good%20Smile%20Company%20FGO%20Fate/Grand%20Order%20Altria%20Pendragon%20Racing%20Ver.%201/7%20Figure%20-%20UFdGWVZaSlpZR0ZW/ HTTP/1.1" 200 23 "-" "Mozilla/5.0 AppleWebKit/537.36 (KHTML, like Gecko; compatible; bingbot/2.0; +http://www.bing.com/bingbot.htm) Chrome/116.0.1938.76 Safari/537.36"
cashforcarscarrollton.com.infinitibizsol.com:443 157.55.39.200 - - [12/Jun/2025:05:33:45 +0000] "GET /Erno%20Laszlo%20Firmarine%20Moisturizer%20SPF%2030%201.7%20oz50%20ml.%20Facial%20Moisturizer%20-%20UFBGWFBWQ1JWRUZV/ HTTP/1.1" 200 23 "-" "Mozilla/5.0 AppleWebKit/537.36 (KHTML, like Gecko; compatible; bingbot/2.0; +http://www.bing.com/bingbot.htm) Chrome/116.0.1938.76 Safari/537.36"
cashforcarscarrollton.com.infinitibizsol.com:443 52.167.144.146 - - [12/Jun/2025:05:35:17 +0000] "GET /marshall-b220k-linear-full-size-24mm-pcb-mount-pot-knurled-split-shaft-UFJHWFVbRFZSRktS HTTP/1.1" 200 23 "-" "Mozilla/5.0 AppleWebKit/537.36 (KHTML, like Gecko; compatible; bingbot/2.0; +http://www.bing.com/bingbot.htm) Chrome/116.0.1938.76 Safari/537.36"
cashforcarscarrollton.com.infinitibizsol.com:443 207.46.13.64 - - [12/Jun/2025:05:38:06 +0000] "GET /8GB%20Dell%20Mobile%20Workstation%207710%20DDR4%202133MHz%20Sodimm%20BytecRAM%20Memory%20-%20UVhGX1dXRlNTS0JS/ HTTP/1.1" 200 23 "-" "Mozilla/5.0 AppleWebKit/537.36 (KHTML, like Gecko; compatible; bingbot/2.0; +http://www.bing.com/bingbot.htm) Chrome/116.0.1938.76 Safari/537.36"
cashforcarscarrollton.com.infinitibizsol.com:443 207.46.13.102 - - [12/Jun/2025:05:38:22 +0000] "GET /New%20Greenery%20NEW%20ENGLAND%20BOXWOOD%20GREEN%20GARLAND%20Swag%20Flexible%20Vine%206ft.%20-%20UFNGUFVaQVNWRkdR/ HTTP/1.1" 200 23 "-" "Mozilla/5.0 AppleWebKit/537.36 (KHTML, like Gecko; compatible; bingbot/2.0; +http://www.bing.com/bingbot.htm) Chrome/116.0.1938.76 Safari/537.36"
cashforcarscarrollton.com.infinitibizsol.com:443 207.46.13.102 - - [12/Jun/2025:05:39:33 +0000] "GET /U.S.%20MILITARY%20VIETNAM%20ERA%20M-7%20BAYONET%20%20US%20M8%20SCABBARD%20-%20UlBFW1daS1RTRUVQ/ HTTP/1.1" 200 23 "-" "Mozilla/5.0 AppleWebKit/537.36 (KHTML, like Gecko; compatible; bingbot/2.0; +http://www.bing.com/bingbot.htm) Chrome/116.0.1938.76 Safari/537.36"
cashforcarscarrollton.com.infinitibizsol.com:443 157.55.39.200 - - [12/Jun/2025:05:40:26 +0000] "GET /Clear%20Reclosable%20Zip%20Seal%202-Mil%20Plastic%20Bags%20Jewelry%20Storage%20Top%20Lock%20Baggies%20-%20UVlGUFFfSlNTQkRb/ HTTP/1.1" 200 23 "-" "Mozilla/5.0 AppleWebKit/537.36 (KHTML, like Gecko; compatible; bingbot/2.0; +http://www.bing.com/bingbot.htm) Chrome/116.0.1938.76 Safari/537.36"
cashforcarscarrollton.com.infinitibizsol.com:443 207.46.13.102 - - [12/Jun/2025:05:40:43 +0000] "GET /NEW%20CERUS%20MRD-22bS%20%20CONTACTOR%201NO1NC%20S325%20-%20UFhGUFVaSlZXRUJX/ HTTP/1.1" 200 23 "-" "Mozilla/5.0 AppleWebKit/537.36 (KHTML, like Gecko; compatible; bingbot/2.0; +http://www.bing.com/bingbot.htm) Chrome/116.0.1938.76 Safari/537.36"
cashforcarscarrollton.com.infinitibizsol.com:443 52.167.144.22 - - [12/Jun/2025:05:41:17 +0000] "GET /Akaishi%20Womens%20S%2010%20Black%20Suede%203%20Inch%20Heel%20Platform%20Sandals%20Adjustable%20Strap%20-%20UllFX1VZQ1FRS0NQ/ HTTP/1.1" 200 13 "-" "Mozilla/5.0 AppleWebKit/537.36 (KHTML, like Gecko; compatible; bingbot/2.0; +http://www.bing.com/bingbot.htm) Chrome/116.0.1938.76 Safari/537.36"
cashforcarscarrollton.com.infinitibizsol.com:443 45.227.253.15 - - [12/Jun/2025:05:42:25 +0000] "GET /index.php/jk HTTP/1.1" 500 5 "-" "Mozilla/5.0 (Macintosh; Intel Mac OS X 10.15; rv:103.0) Gecko/20100101 Firefox/102.0"
cashforcarscarrollton.com.infinitibizsol.com:443 52.167.144.22 - - [12/Jun/2025:05:45:00 +0000] "GET /IAMS%20Proactive%20Health%20Indoor%20Weight%20&%20Hairball%20Care%20Adult%20Dry%20Cat%20Food%20with%20Chic%20-%20UlhFX1JeQlNWSktT/ HTTP/1.1" 200 13 "-" "Mozilla/5.0 AppleWebKit/537.36 (KHTML, like Gecko; compatible; bingbot/2.0; +http://www.bing.com/bingbot.htm) Chrome/116.0.1938.76 Safari/537.36"
cashforcarscarrollton.com.infinitibizsol.com:443 207.46.13.156 - - [12/Jun/2025:05:45:57 +0000] "GET /Chara-Forme%20Plus%20No.%20003%20Saber%20Altria%20Pendragon%20From%20Fate/Grand%20Order%20Figure%20-%20UlBFW1VZRFRUR0JR/ HTTP/1.1" 200 23 "-" "Mozilla/5.0 AppleWebKit/537.36 (KHTML, like Gecko; compatible; bingbot/2.0; +http://www.bing.com/bingbot.htm) Chrome/116.0.1938.76 Safari/537.36"
cashforcarscarrollton.com.infinitibizsol.com:443 207.46.13.156 - - [12/Jun/2025:05:45:59 +0000] "GET /forgery-sheet-of-werner-s-forgery-replica-of-saudi-arabia-1905-hejaz-railway-UldEWlRWS1ZTR0tV HTTP/1.1" 200 23 "-" "Mozilla/5.0 AppleWebKit/537.36 (KHTML, like Gecko; compatible; bingbot/2.0; +http://www.bing.com/bingbot.htm) Chrome/116.0.1938.76 Safari/537.36"
cashforcarscarrollton.com.infinitibizsol.com:443 207.46.13.156 - - [12/Jun/2025:05:46:17 +0000] "GET /Amazon%20Kindle%20(SY69JL)%206%22%20-%204GB%20Wi-Fi%208th%20Generation%20Gen%20Black%20eReader%20-%20UFZGX1JYRVRTQEdW/ HTTP/1.1" 200 23 "-" "Mozilla/5.0 AppleWebKit/537.36 (KHTML, like Gecko; compatible; bingbot/2.0; +http://www.bing.com/bingbot.htm) Chrome/116.0.1938.76 Safari/537.36"
cashforcarscarrollton.com.infinitibizsol.com:443 207.46.13.156 - - [12/Jun/2025:05:48:07 +0000] "GET /Disneyland%202023%20Disney%20100%20Years%20of%20Wonder%20Little%20Mermaid%20Ariel%20Coin%20Medallion%20-%20UFdGWV5dQlBZS0pa/ HTTP/1.1" 200 23 "-" "Mozilla/5.0 AppleWebKit/537.36 (KHTML, like Gecko; compatible; bingbot/2.0; +http://www.bing.com/bingbot.htm) Chrome/116.0.1938.76 Safari/537.36"
cashforcarscarrollton.com.infinitibizsol.com:443 207.46.13.156 - - [12/Jun/2025:05:48:27 +0000] "GET /Longer%20RAY5%20Laser%20Engraver%20130W%20High-Precision%20Laser%20Engraving%20and%20Cutting(used)%20-%20UVlGUFdfRlJYRkJT/ HTTP/1.1" 200 23 "-" "Mozilla/5.0 AppleWebKit/537.36 (KHTML, like Gecko; compatible; bingbot/2.0; +http://www.bing.com/bingbot.htm) Chrome/116.0.1938.76 Safari/537.36"
cashforcarscarrollton.com.infinitibizsol.com:443 207.46.13.156 - - [12/Jun/2025:05:49:47 +0000] "GET /clone-196-e85-methanol-alky-conversion-jet-kit-predator-tillotson-24hrshp-usa-UlJGWVZeRVpYQENX HTTP/1.1" 200 23 "-" "Mozilla/5.0 AppleWebKit/537.36 (KHTML, like Gecko; compatible; bingbot/2.0; +http://www.bing.com/bingbot.htm) Chrome/116.0.1938.76 Safari/537.36"
cashforcarscarrollton.com.infinitibizsol.com:443 207.46.13.18 - - [12/Jun/2025:05:50:15 +0000] "GET /OLYMPIC%20SARAJEVO%201984%20KODAK,%20official%20sponsor,%20VUCKO%20wolf%20mascot%20keychain%20-%20Rare%20-%20UFhGXl5WSlZYS0Na/ HTTP/1.1" 200 23 "-" "Mozilla/5.0 AppleWebKit/537.36 (KHTML, like Gecko; compatible; bingbot/2.0; +http://www.bing.com/bingbot.htm) Chrome/116.0.1938.76 Safari/537.36"
cashforcarscarrollton.com.infinitibizsol.com:443 108.181.202.211 - - [12/Jun/2025:05:51:06 +0000] "GET /wp-content/install.php HTTP/1.1" 200 16 "https://cashforcarscarrollton.com/wp-content/install.php" "Mozilla/5.0 (Macintosh; U; Intel Mac OS X 10_6_3; ja-jp) AppleWebKit/533.16 (KHTML, like Gecko) Version/5.0 Safari/533.16"
cashforcarscarrollton.com.infinitibizsol.com:443 173.208.153.154 - - [12/Jun/2025:05:51:08 +0000] "GET /wp-content/install.php HTTP/1.1" 200 16 "https://cashforcarscarrollton.com/wp-content/install.php" "Mozilla/4.0 (compatible; MSIE 7.0; Windows NT 5.1; SV1)"
cashforcarscarrollton.com.infinitibizsol.com:443 69.197.182.50 - - [12/Jun/2025:05:53:02 +0000] "GET /wp-content/install.php HTTP/1.1" 200 16 "https://cashforcarscarrollton.com/wp-content/install.php" "Mozilla/5.0 (Windows NT 10.0; Win64; x64) AppleWebKit/537.36 (KHTML, like Gecko) Chrome/58.0.3029.110 Safari/537.3"
cashforcarscarrollton.com.infinitibizsol.com:443 207.46.13.18 - - [12/Jun/2025:05:53:14 +0000] "GET /Electric%20Milk%20Fr%20Kitchen%20Drink%20Foamer%20Mixer%20Stirrer%20Coffee%20Cappuccino%20Creamer%20Wh%20-%20UFFGX1FaRVZTQUNV/ HTTP/1.1" 200 23 "-" "Mozilla/5.0 AppleWebKit/537.36 (KHTML, like Gecko; compatible; bingbot/2.0; +http://www.bing.com/bingbot.htm) Chrome/116.0.1938.76 Safari/537.36"
cashforcarscarrollton.com.infinitibizsol.com:443 40.77.167.26 - - [12/Jun/2025:05:54:43 +0000] "GET /32ft%20LED%20Strip%20Lights%20Remote%20Control%20Bedroom%20for%20Indoor%20Outdoor%20Use%20-%20UFFHUFBYRlJVQUtS/ HTTP/1.1" 200 23 "-" "Mozilla/5.0 AppleWebKit/537.36 (KHTML, like Gecko; compatible; bingbot/2.0; +http://www.bing.com/bingbot.htm) Chrome/116.0.1938.76 Safari/537.36"
cashforcarscarrollton.com.infinitibizsol.com:443 40.77.167.26 - - [12/Jun/2025:05:54:45 +0000] "GET /illex-diving-cherry-48-f-4-8cm-7-6g-floating-lure-crankbait-new-colors-2025-UlhGWFdcR1NQS0BW HTTP/1.1" 200 23 "-" "Mozilla/5.0 AppleWebKit/537.36 (KHTML, like Gecko; compatible; bingbot/2.0; +http://www.bing.com/bingbot.htm) Chrome/116.0.1938.76 Safari/537.36"
cashforcarscarrollton.com.infinitibizsol.com:443 157.55.39.202 - - [12/Jun/2025:05:55:37 +0000] "GET /50-jumbo-saffron-crocus-sativus-corms-9-cm-size-garden-and-spice-delight-UlVFW1RfRlJUSkZa HTTP/1.1" 200 23 "-" "Mozilla/5.0 AppleWebKit/537.36 (KHTML, like Gecko; compatible; bingbot/2.0; +http://www.bing.com/bingbot.htm) Chrome/116.0.1938.76 Safari/537.36"
cashforcarscarrollton.com.infinitibizsol.com:443 40.77.167.26 - - [12/Jun/2025:05:56:41 +0000] "GET /The%20Backyardigans%20%20Pirate%20Treasure%20And%20Race%20To%20The%20Tower%20Of%20Power%20Books%20-%20UlRFXF5dRFdWREBX/ HTTP/1.1" 200 23 "-" "Mozilla/5.0 AppleWebKit/537.36 (KHTML, like Gecko; compatible; bingbot/2.0; +http://www.bing.com/bingbot.htm) Chrome/116.0.1938.76 Safari/537.36"
cashforcarscarrollton.com.infinitibizsol.com:443 52.167.144.236 - - [12/Jun/2025:05:58:32 +0000] "GET /Neon%20Genesis%20Evangelion%20Asuka%20Langley%20KNEELING%20Anime%20Figure%20Plug-Suit-about%204%22%20t%20-%20UlVFWVJdR1pUQUNa/ HTTP/1.1" 200 23 "-" "Mozilla/5.0 AppleWebKit/537.36 (KHTML, like Gecko; compatible; bingbot/2.0; +http://www.bing.com/bingbot.htm) Chrome/116.0.1938.76 Safari/537.36"
cashforcarscarrollton.com.infinitibizsol.com:443 207.46.13.18 - - [12/Jun/2025:05:58:54 +0000] "GET /Nintendo%20Gamecube%20JOY%20PAD%20CUBE%20MINI%20Metal%20Silver%20Controller%20JGC-002%20tested%20-%20UVFHX1VXS1ZVR0ZU/ HTTP/1.1" 200 23 "-" "Mozilla/5.0 AppleWebKit/537.36 (KHTML, like Gecko; compatible; bingbot/2.0; +http://www.bing.com/bingbot.htm) Chrome/116.0.1938.76 Safari/537.36"
cashforcarscarrollton.com.infinitibizsol.com:443 157.55.39.202 - - [12/Jun/2025:05:59:18 +0000] "GET /Carburetor%20Carb%20Rebuild%20Kit%20Honda%20Recon%20250%20TRX250TE%20TM%20Sportrax%20250%20TRX250EX%20%20-%20UVdGW1JbRFpTQUBW/ HTTP/1.1" 200 23 "-" "Mozilla/5.0 AppleWebKit/537.36 (KHTML, like Gecko; compatible; bingbot/2.0; +http://www.bing.com/bingbot.htm) Chrome/116.0.1938.76 Safari/537.36"
cashforcarscarrollton.com.infinitibizsol.com:443 157.55.39.51 - - [12/Jun/2025:06:03:05 +0000] "GET /Bayer%20Contour%20Microlet%20Next%20Lancing%20Device%20-%20UllGXF5dS1tXRktU/ HTTP/1.1" 200 23 "-" "Mozilla/5.0 AppleWebKit/537.36 (KHTML, like Gecko; compatible; bingbot/2.0; +http://www.bing.com/bingbot.htm) Chrome/116.0.1938.76 Safari/537.36"
cashforcarscarrollton.com.infinitibizsol.com:443 52.167.144.236 - - [12/Jun/2025:06:03:47 +0000] "GET /Silla%20Mecedora%20Columpios%20Para%20Bebes%20Electrica%20con%20Bluetooth%205%20Velocidades%20Dormir%20-%20UVhFXlVaQFtYQkBW/ HTTP/1.1" 200 23 "-" "Mozilla/5.0 AppleWebKit/537.36 (KHTML, like Gecko; compatible; bingbot/2.0; +http://www.bing.com/bingbot.htm) Chrome/116.0.1938.76 Safari/537.36"
cashforcarscarrollton.com.infinitibizsol.com:443 157.55.39.51 - - [12/Jun/2025:06:05:35 +0000] "GET /Puma%20Mercedes%20Benz%20Petronas%20F1%20Team%20T%20Shirt%20Size%20XLarge-NWT%20-%20UlhFXVZYS1RWQUdR/ HTTP/1.1" 200 23 "-" "Mozilla/5.0 AppleWebKit/537.36 (KHTML, like Gecko; compatible; bingbot/2.0; +http://www.bing.com/bingbot.htm) Chrome/116.0.1938.76 Safari/537.36"
cashforcarscarrollton.com.infinitibizsol.com:443 157.55.39.9 - - [12/Jun/2025:06:05:39 +0000] "GET /DURATECH%20Faucet%20Wrench,%20Sink%20Wrench,%208%20in%201%20Plumbing%20Wrench,%20Faucet%20Installation%20-%20UFdHUVVdS1pVQUBT/ HTTP/1.1" 200 23 "-" "Mozilla/5.0 AppleWebKit/537.36 (KHTML, like Gecko; compatible; bingbot/2.0; +http://www.bing.com/bingbot.htm) Chrome/116.0.1938.76 Safari/537.36"
cashforcarscarrollton.com.infinitibizsol.com:443 52.167.144.236 - - [12/Jun/2025:06:07:56 +0000] "GET /3%20BACTINE%20MAX%20Advanced%20Healing%20%20Scar%20Defense%20HYDROGEL%20.75oz%20first%20aid%20wound%20care%20-%20UVFHWlJYRVBRRkNa/ HTTP/1.1" 200 13 "-" "Mozilla/5.0 AppleWebKit/537.36 (KHTML, like Gecko; compatible; bingbot/2.0; +http://www.bing.com/bingbot.htm) Chrome/116.0.1938.76 Safari/537.36"
cashforcarscarrollton.com.infinitibizsol.com:443 40.77.167.78 - - [12/Jun/2025:06:10:00 +0000] "GET /Marvel%20Avengers%20Legends%20Series%20Black%20Widow%20Action%20Figure%20(Target%20Exclusive)%20NIB%20-%20UFlEWFZdRFdYQUZS/ HTTP/1.1" 200 23 "-" "Mozilla/5.0 AppleWebKit/537.36 (KHTML, like Gecko; compatible; bingbot/2.0; +http://www.bing.com/bingbot.htm) Chrome/116.0.1938.76 Safari/537.36"
cashforcarscarrollton.com.infinitibizsol.com:443 157.55.39.9 - - [12/Jun/2025:06:10:09 +0000] "GET /Diary%20Of%20A%20Young%20Naturalist%20By%20Mcanulty,%20Dara%20-%20UlJGW1ZcRlFRQUVa/ HTTP/1.1" 200 23 "-" "Mozilla/5.0 AppleWebKit/537.36 (KHTML, like Gecko; compatible; bingbot/2.0; +http://www.bing.com/bingbot.htm) Chrome/116.0.1938.76 Safari/537.36"
cashforcarscarrollton.com.infinitibizsol.com:80 43.153.102.138 - - [12/Jun/2025:06:12:15 +0000] "GET / HTTP/1.1" 500 5 "-" "Mozilla/5.0 (iPhone; CPU iPhone OS 13_2_3 like Mac OS X) AppleWebKit/605.1.15 (KHTML, like Gecko) Version/13.0.3 Mobile/15E148 Safari/604.1"
cashforcarscarrollton.com.infinitibizsol.com:443 157.55.39.9 - - [12/Jun/2025:06:12:40 +0000] "GET /Profit,%20Risk%20and%20Incentives%20under%20Socialist%20Economic%20Planning%20by%20J.%20Wilczynski%20(%20-%20UFdHX1ZeQlRRQkJS/ HTTP/1.1" 200 23 "-" "Mozilla/5.0 AppleWebKit/537.36 (KHTML, like Gecko; compatible; bingbot/2.0; +http://www.bing.com/bingbot.htm) Chrome/116.0.1938.76 Safari/537.36"
cashforcarscarrollton.com.infinitibizsol.com:443 157.55.39.10 - - [12/Jun/2025:06:14:56 +0000] "GET /Endless%20River%20by%20Pink%20Floyd%20(Record,%202014)%20-%20UFJGWldZQlZVRkZa/ HTTP/1.1" 200 23 "-" "Mozilla/5.0 AppleWebKit/537.36 (KHTML, like Gecko; compatible; bingbot/2.0; +http://www.bing.com/bingbot.htm) Chrome/116.0.1938.76 Safari/537.36"
cashforcarscarrollton.com.infinitibizsol.com:443 40.77.167.78 - - [12/Jun/2025:06:16:36 +0000] "GET /6038%20SARAH%20BRIGHTMAN%20%20%20%20%20%20NEW%20POCKET%20SONGS%20KARAOKE%20CDG%20%20%20LOT%20MI%20-%20UldFUVBZQFpTQ0VT/ HTTP/1.1" 200 23 "-" "Mozilla/5.0 AppleWebKit/537.36 (KHTML, like Gecko; compatible; bingbot/2.0; +http://www.bing.com/bingbot.htm) Chrome/116.0.1938.76 Safari/537.36"
cashforcarscarrollton.com.infinitibizsol.com:443 40.77.167.78 - - [12/Jun/2025:06:16:38 +0000] "GET /MArtinsyde%20F%20-%20MBB%20HFB%20320%20Hansa%20-%20A-Z%20/ HTTP/1.1" 200 23 "-" "Mozilla/5.0 AppleWebKit/537.36 (KHTML, like Gecko; compatible; bingbot/2.0; +http://www.bing.com/bingbot.htm) Chrome/116.0.1938.76 Safari/537.36"
cashforcarscarrollton.com.infinitibizsol.com:443 40.77.167.78 - - [12/Jun/2025:06:18:56 +0000] "GET /Rothco%20Acrylic%20Commando%20Sweater%20GI%20Style%20Military%20Sweater,%20Medium%20*BRAND%20NEW*%20-%20UVZFXlVcS1tRREZV/ HTTP/1.1" 200 23 "-" "Mozilla/5.0 AppleWebKit/537.36 (KHTML, like Gecko; compatible; bingbot/2.0; +http://www.bing.com/bingbot.htm) Chrome/116.0.1938.76 Safari/537.36"
cashforcarscarrollton.com.infinitibizsol.com:443 157.55.39.12 - - [12/Jun/2025:06:24:57 +0000] "GET /Namiki%20Nippon%20Art%20Collection%20Fountain%20Pen%20in%20Chinese%20Phoenix%20-%2014K%20Gold%20Fine%20-%20UVlGXVVZSlpZQERa/ HTTP/1.1" 200 23 "-" "Mozilla/5.0 AppleWebKit/537.36 (KHTML, like Gecko; compatible; bingbot/2.0; +http://www.bing.com/bingbot.htm) Chrome/116.0.1938.76 Safari/537.36"
cashforcarscarrollton.com.infinitibizsol.com:443 157.55.39.12 - - [12/Jun/2025:06:25:27 +0000] "GET /Credit%20Card%20Size%20Diamond%20Sharpening%20Stone%20Pocket%20Diamond%20Knife%20&%20Tool%20Sharpener%20-%20UlNGUF5YRFRVRkNQ/ HTTP/1.1" 200 23 "-" "Mozilla/5.0 AppleWebKit/537.36 (KHTML, like Gecko; compatible; bingbot/2.0; +http://www.bing.com/bingbot.htm) Chrome/116.0.1938.76 Safari/537.36"
cashforcarscarrollton.com.infinitibizsol.com:443 157.55.39.12 - - [12/Jun/2025:06:28:18 +0000] "GET /hp-elitebook-830-g7-13-3-fhd-gaming-laptop-pc-intel-core-i7-32gb-ddr4-256gb-ssd-UlZFX1JfRlVWQ0BQ HTTP/1.1" 200 23 "-" "Mozilla/5.0 AppleWebKit/537.36 (KHTML, like Gecko; compatible; bingbot/2.0; +http://www.bing.com/bingbot.htm) Chrome/116.0.1938.76 Safari/537.36"
cashforcarscarrollton.com.infinitibizsol.com:443 157.55.39.12 - - [12/Jun/2025:06:29:07 +0000] "GET /Native%20American%20Sterling%20Silver%20Navajo%20Pearl%20Saucer%20Bead%20Memory%20Bracelet%20by%20Jake%20-%20UlZFXlVZQ1VXRkVT/ HTTP/1.1" 200 23 "-" "Mozilla/5.0 AppleWebKit/537.36 (KHTML, like Gecko; compatible; bingbot/2.0; +http://www.bing.com/bingbot.htm) Chrome/116.0.1938.76 Safari/537.36"
cashforcarscarrollton.com.infinitibizsol.com:443 157.55.39.7 - - [12/Jun/2025:06:32:58 +0000] "GET /GM%20125%20,%20125C%20TRANSMISSION%20FILTER%20KIT&%20%20PAN%20GASKET%201980%20-%20UP%20(64010)%20(64300)%20-%20UlZHWl5WQVVYQEVR/ HTTP/1.1" 200 23 "-" "Mozilla/5.0 AppleWebKit/537.36 (KHTML, like Gecko; compatible; bingbot/2.0; +http://www.bing.com/bingbot.htm) Chrome/116.0.1938.76 Safari/537.36"
cashforcarscarrollton.com.infinitibizsol.com:443 157.55.39.7 - - [12/Jun/2025:06:33:58 +0000] "GET /Mineshaft%20Nights%20%20By%20Cardini,%20Leo%20-%20UlJGWVVeRFFYRkNQ/ HTTP/1.1" 200 23 "-" "Mozilla/5.0 AppleWebKit/537.36 (KHTML, like Gecko; compatible; bingbot/2.0; +http://www.bing.com/bingbot.htm) Chrome/116.0.1938.76 Safari/537.36"
cashforcarscarrollton.com.infinitibizsol.com:443 157.55.39.7 - - [12/Jun/2025:06:34:07 +0000] "GET /HYUNDAI%20IONIQ%20DASHBOARD%20CENTRE%20AIRVENT%20VENT%20RIGHT%20DRIVER%20SIDE%202019%2084740-G2910%20-%20UldFUFNdRltSR0pW/ HTTP/1.1" 200 23 "-" "Mozilla/5.0 AppleWebKit/537.36 (KHTML, like Gecko; compatible; bingbot/2.0; +http://www.bing.com/bingbot.htm) Chrome/116.0.1938.76 Safari/537.36"
cashforcarscarrollton.com.infinitibizsol.com:443 157.55.39.7 - - [12/Jun/2025:06:35:38 +0000] "GET /Ticonderoga%20Wood-Cased%20Pencils,%20Pre-Sharpened,%202%20HB%20Soft,%20Yellow,%2018%20Count%20-%20UlVGUVBaSldVRkpX/ HTTP/1.1" 200 23 "-" "Mozilla/5.0 AppleWebKit/537.36 (KHTML, like Gecko; compatible; bingbot/2.0; +http://www.bing.com/bingbot.htm) Chrome/116.0.1938.76 Safari/537.36"
cashforcarscarrollton.com.infinitibizsol.com:443 40.77.167.74 - - [12/Jun/2025:06:37:29 +0000] "GET /Beret%20Knit%20Slouchy%20Baggy%20Beanie%20Oversize%20Winter%20Hat%20Ski%20Slouchy%20Cap%20Women%20Solid%20-%20UVRAUVRWRFVSQERa/ HTTP/1.1" 200 23 "-" "Mozilla/5.0 AppleWebKit/537.36 (KHTML, like Gecko; compatible; bingbot/2.0; +http://www.bing.com/bingbot.htm) Chrome/116.0.1938.76 Safari/537.36"
cashforcarscarrollton.com.infinitibizsol.com:443 207.46.13.111 - - [12/Jun/2025:06:38:02 +0000] "GET /TECHTONGDA%201%20PC%20Stainless%20Steel%20Measuring%20Spoons%206%20Set%20Cooking%20Tool%20Hot%20Sale%20-%20UFBAWl9ZR1JYSkJT/ HTTP/1.1" 200 23 "-" "Mozilla/5.0 AppleWebKit/537.36 (KHTML, like Gecko; compatible; bingbot/2.0; +http://www.bing.com/bingbot.htm) Chrome/116.0.1938.76 Safari/537.36"
cashforcarscarrollton.com.infinitibizsol.com:443 157.55.39.7 - - [12/Jun/2025:06:38:29 +0000] "GET /smith-wesson-s-w-k-l-n-frame-target-magna-grip-screw-UlVAXlNeRVFYREBa HTTP/1.1" 200 23 "-" "Mozilla/5.0 AppleWebKit/537.36 (KHTML, like Gecko; compatible; bingbot/2.0; +http://www.bing.com/bingbot.htm) Chrome/116.0.1938.76 Safari/537.36"
cashforcarscarrollton.com.infinitibizsol.com:443 52.167.144.201 - - [12/Jun/2025:06:41:29 +0000] "GET /Pot%20Superior%20Cooker%20Chef%20Series%207.5Qt%20Slow%20Cooker%20%20%20Multifunctional%20Cooker%20-%20UlZFXlJaS1FQQUJX/ HTTP/1.1" 200 23 "-" "Mozilla/5.0 AppleWebKit/537.36 (KHTML, like Gecko; compatible; bingbot/2.0; +http://www.bing.com/bingbot.htm) Chrome/116.0.1938.76 Safari/537.36"
cashforcarscarrollton.com.infinitibizsol.com:443 207.46.13.111 - - [12/Jun/2025:06:43:12 +0000] "GET /295220%20Weslo%20Cadence%2078e%20Treadmill%20Safety%20Key%20-%20UVdHWlFXS1BYQ0pS/ HTTP/1.1" 200 23 "-" "Mozilla/5.0 AppleWebKit/537.36 (KHTML, like Gecko; compatible; bingbot/2.0; +http://www.bing.com/bingbot.htm) Chrome/116.0.1938.76 Safari/537.36"
cashforcarscarrollton.com.infinitibizsol.com:443 52.167.144.201 - - [12/Jun/2025:06:43:30 +0000] "GET /FC/SFC/GB%20Ultra%20Techniques%20&/ HTTP/1.1" 200 23 "-" "Mozilla/5.0 AppleWebKit/537.36 (KHTML, like Gecko; compatible; bingbot/2.0; +http://www.bing.com/bingbot.htm) Chrome/116.0.1938.76 Safari/537.36"
cashforcarscarrollton.com.infinitibizsol.com:443 157.55.39.60 - - [12/Jun/2025:06:47:39 +0000] "GET /Ignition%20Coil%20With%20Spark%20Plug%20For%20STHIL%20MS240%20MS260%20MS290%20MS310%20MS360%20MS360C%20-%20UFdHUVJZQVpSREZT/ HTTP/1.1" 200 23 "-" "Mozilla/5.0 AppleWebKit/537.36 (KHTML, like Gecko; compatible; bingbot/2.0; +http://www.bing.com/bingbot.htm) Chrome/116.0.1938.76 Safari/537.36"
cashforcarscarrollton.com.infinitibizsol.com:443 207.46.13.92 - - [12/Jun/2025:06:48:09 +0000] "GET /YOKOGAWA%20AMN32%20NSNP%20-%20UlRFXF5XRFdRQURS/ HTTP/1.1" 200 23 "-" "Mozilla/5.0 AppleWebKit/537.36 (KHTML, like Gecko; compatible; bingbot/2.0; +http://www.bing.com/bingbot.htm) Chrome/116.0.1938.76 Safari/537.36"
cashforcarscarrollton.com.infinitibizsol.com:443 207.46.13.92 - - [12/Jun/2025:06:48:11 +0000] "GET /John%20Deere%20210L%20EP%20Loader%20Technical%20Service%20Repair%20Manual%20-%20TM14314X19%20-%20UFBGX1FXSlpYQUpV/ HTTP/1.1" 200 23 "-" "Mozilla/5.0 AppleWebKit/537.36 (KHTML, like Gecko; compatible; bingbot/2.0; +http://www.bing.com/bingbot.htm) Chrome/116.0.1938.76 Safari/537.36"
cashforcarscarrollton.com.infinitibizsol.com:443 52.167.144.201 - - [12/Jun/2025:06:50:11 +0000] "GET /FRESH%202024%20Blue%20Oak%20Acorns%20from%20Butte%20Valley%20Foothills%20CA%20(Quercus-douglasii)%20-%20UVRFXlBfR1BQQ0RU/ HTTP/1.1" 200 23 "-" "Mozilla/5.0 AppleWebKit/537.36 (KHTML, like Gecko; compatible; bingbot/2.0; +http://www.bing.com/bingbot.htm) Chrome/116.0.1938.76 Safari/537.36"
cashforcarscarrollton.com.infinitibizsol.com:443 157.55.39.60 - - [12/Jun/2025:06:51:20 +0000] "GET /12%20Point%20Flexible%20Head%20Socket%20Wrench%208x10mm%20Metric%20Double%20Swivel%20Box%20End%20CR-V%20-%20UFJHUFBYRldWS0pT/ HTTP/1.1" 200 23 "-" "Mozilla/5.0 AppleWebKit/537.36 (KHTML, like Gecko; compatible; bingbot/2.0; +http://www.bing.com/bingbot.htm) Chrome/116.0.1938.76 Safari/537.36"
cashforcarscarrollton.com.infinitibizsol.com:443 52.167.144.197 - - [12/Jun/2025:06:52:39 +0000] "GET /Baston%20De%20Madera%20Para%20Caminar%20Baston%20De%20Madera%20Con%20Mango%20De%20Redondo%20Con%20Acabado%20-%20UVhFX1VXSlFVR0pR/ HTTP/1.1" 200 13 "-" "Mozilla/5.0 AppleWebKit/537.36 (KHTML, like Gecko; compatible; bingbot/2.0; +http://www.bing.com/bingbot.htm) Chrome/116.0.1938.76 Safari/537.36"
cashforcarscarrollton.com.infinitibizsol.com:443 207.46.13.111 - - [12/Jun/2025:06:54:53 +0000] "GET /Death%20and%20the%20Girl%20He%20Loves%20%5BDarklight,%203%5D%20-%20UFdGWFVeQlBTRkNV/ HTTP/1.1" 200 23 "-" "Mozilla/5.0 AppleWebKit/537.36 (KHTML, like Gecko; compatible; bingbot/2.0; +http://www.bing.com/bingbot.htm) Chrome/116.0.1938.76 Safari/537.36"
cashforcarscarrollton.com.infinitibizsol.com:443 159.89.127.165 - - [12/Jun/2025:06:55:33 +0000] "GET / HTTP/1.1" 500 5 "-" "-"
cashforcarscarrollton.com.infinitibizsol.com:443 159.89.127.165 - - [12/Jun/2025:06:55:35 +0000] "GET / HTTP/1.1" 500 0 "-" "Mozilla/5.0 (Linux; Android 6.0; HTC One M9 Build/MRA969554) AppleWebKit/537.36 (KHTML, like Gecko) Chrome/52.0.2717.98 Mobile Safari/537.3"
cashforcarscarrollton.com.infinitibizsol.com:443 159.89.127.165 - - [12/Jun/2025:06:55:35 +0000] "GET /@vite/env HTTP/1.1" 500 5 "-" "Go-http-client/1.1"
cashforcarscarrollton.com.infinitibizsol.com:443 159.89.127.165 - - [12/Jun/2025:06:55:36 +0000] "GET /actuator/env HTTP/1.1" 500 5 "-" "Go-http-client/1.1"
cashforcarscarrollton.com.infinitibizsol.com:443 159.89.127.165 - - [12/Jun/2025:06:55:36 +0000] "GET /server HTTP/1.1" 500 5 "-" "Go-http-client/1.1"
cashforcarscarrollton.com.infinitibizsol.com:443 159.89.127.165 - - [12/Jun/2025:06:55:36 +0000] "GET /.vscode/sftp.json HTTP/1.1" 500 5 "-" "Go-http-client/1.1"
cashforcarscarrollton.com.infinitibizsol.com:443 159.89.127.165 - - [12/Jun/2025:06:55:37 +0000] "GET /about HTTP/1.1" 500 5 "-" "Go-http-client/1.1"
cashforcarscarrollton.com.infinitibizsol.com:443 159.89.127.165 - - [12/Jun/2025:06:55:37 +0000] "GET /debug/default/view?panel=config HTTP/1.1" 500 5 "-" "Go-http-client/1.1"
cashforcarscarrollton.com.infinitibizsol.com:443 159.89.127.165 - - [12/Jun/2025:06:55:37 +0000] "GET /v2/_catalog HTTP/1.1" 500 5 "-" "Go-http-client/1.1"
cashforcarscarrollton.com.infinitibizsol.com:443 159.89.127.165 - - [12/Jun/2025:06:55:38 +0000] "GET /ecp/Current/exporttool/microsoft.exchange.ediscovery.exporttool.application HTTP/1.1" 500 5 "-" "Go-http-client/1.1"
cashforcarscarrollton.com.infinitibizsol.com:443 159.89.127.165 - - [12/Jun/2025:06:55:38 +0000] "GET /server-status HTTP/1.1" 500 5 "-" "Go-http-client/1.1"
cashforcarscarrollton.com.infinitibizsol.com:443 159.89.127.165 - - [12/Jun/2025:06:55:39 +0000] "GET /login.action HTTP/1.1" 500 5 "-" "Go-http-client/1.1"
cashforcarscarrollton.com.infinitibizsol.com:443 159.89.127.165 - - [12/Jun/2025:06:55:39 +0000] "GET /_all_dbs HTTP/1.1" 500 5 "-" "Mozilla/5.0 (l9scan/2.0.0343e2332323e203e2236313; +https://leakix.net)"
cashforcarscarrollton.com.infinitibizsol.com:443 159.89.127.165 - - [12/Jun/2025:06:55:39 +0000] "GET /.DS_Store HTTP/1.1" 500 5 "-" "Go-http-client/1.1"
cashforcarscarrollton.com.infinitibizsol.com:443 159.89.127.165 - - [12/Jun/2025:06:55:40 +0000] "GET /.env HTTP/1.1" 500 5 "-" "Go-http-client/1.1"
cashforcarscarrollton.com.infinitibizsol.com:443 159.89.127.165 - - [12/Jun/2025:06:55:40 +0000] "GET /.git/config HTTP/1.1" 500 5 "-" "Go-http-client/1.1"
cashforcarscarrollton.com.infinitibizsol.com:443 159.89.127.165 - - [12/Jun/2025:06:55:40 +0000] "GET /s/0343e2332323e203e2236313/_/;/META-INF/maven/com.atlassian.jira/jira-webapp-dist/pom.properties HTTP/1.1" 500 0 "-" "Go-http-client/1.1"
cashforcarscarrollton.com.infinitibizsol.com:443 159.89.127.165 - - [12/Jun/2025:06:55:41 +0000] "GET /config.json HTTP/1.1" 500 5 "-" "Go-http-client/1.1"
cashforcarscarrollton.com.infinitibizsol.com:443 159.89.127.165 - - [12/Jun/2025:06:55:41 +0000] "GET /telescope/requests HTTP/1.1" 500 5 "-" "Go-http-client/1.1"
cashforcarscarrollton.com.infinitibizsol.com:443 159.89.127.165 - - [12/Jun/2025:06:55:42 +0000] "GET /info.php HTTP/1.1" 500 5 "-" "Go-http-client/1.1"
cashforcarscarrollton.com.infinitibizsol.com:443 159.89.127.165 - - [12/Jun/2025:06:55:42 +0000] "GET /?rest_route=/wp/v2/users/ HTTP/1.1" 500 5 "-" "Go-http-client/1.1"
cashforcarscarrollton.com.infinitibizsol.com:443 207.46.13.116 - - [12/Jun/2025:06:55:50 +0000] "GET /Wealthy%20Choices:%20The%20Seven%20Competencies%20of%20Financial%20Success%20by%20Tzougros,%20Penelo%20-%20UlBFWlBdQ1JVRURW/ HTTP/1.1" 200 23 "-" "Mozilla/5.0 AppleWebKit/537.36 (KHTML, like Gecko; compatible; bingbot/2.0; +http://www.bing.com/bingbot.htm) Chrome/116.0.1938.76 Safari/537.36"
cashforcarscarrollton.com.infinitibizsol.com:80 222.79.104.23 - - [12/Jun/2025:06:57:45 +0000] "GET / HTTP/1.1" 500 5 "-" "Mozilla/5.0 (iPhone; CPU iPhone OS 13_2_3 like Mac OS X) AppleWebKit/605.1.15 (KHTML, like Gecko) Version/13.0.3 Mobile/15E148 Safari/604.1"
cashforcarscarrollton.com.infinitibizsol.com:443 207.46.13.116 - - [12/Jun/2025:06:59:01 +0000] "GET /10-aavid-thermalloy-max03h-high-force-80n-max-clips-for-to-247-to-274-to-3p-UlhHWFNeSlJWR0pU HTTP/1.1" 200 13 "-" "Mozilla/5.0 AppleWebKit/537.36 (KHTML, like Gecko; compatible; bingbot/2.0; +http://www.bing.com/bingbot.htm) Chrome/116.0.1938.76 Safari/537.36"
cashforcarscarrollton.com.infinitibizsol.com:443 157.55.39.193 - - [12/Jun/2025:06:59:05 +0000] "GET /Raid%C2%AE%20Concentrated%20Deep%20Reach%20Pest%20Killer,%20Fogger%20for%20Roaches%201.5%20fl%20oz,%204%20Cans%20-%20UFNFWl9cRFBZR0JS/ HTTP/1.1" 200 23 "-" "Mozilla/5.0 AppleWebKit/537.36 (KHTML, like Gecko; compatible; bingbot/2.0; +http://www.bing.com/bingbot.htm) Chrome/116.0.1938.76 Safari/537.36"
cashforcarscarrollton.com.infinitibizsol.com:443 204.12.252.98 - - [12/Jun/2025:07:02:02 +0000] "GET /wp-content/install.php HTTP/1.1" 200 16 "https://cashforcarscarrollton.com/wp-content/install.php" "Mozilla/5.0 (Windows NT 10.0; Win64; x64) AppleWebKit/537.36 (KHTML, like Gecko) Chrome/58.0.3029.110 Safari/537.3"
cashforcarscarrollton.com.infinitibizsol.com:443 157.55.39.193 - - [12/Jun/2025:07:02:04 +0000] "GET /RENDERING%20IN%20PEN%20AND%20INK%20by%20Arthur%20L.%20Guptill%2060th%20Anniversary%20Edition%20(1997,%20Pb%20-%20UlVGUVBbQ1JSRUBQ/ HTTP/1.1" 200 23 "-" "Mozilla/5.0 AppleWebKit/537.36 (KHTML, like Gecko; compatible; bingbot/2.0; +http://www.bing.com/bingbot.htm) Chrome/116.0.1938.76 Safari/537.36"
cashforcarscarrollton.com.infinitibizsol.com:443 157.55.39.193 - - [12/Jun/2025:07:02:24 +0000] "GET /Dell%2032%22%201080p%20FHD%20LED%20Curved%20Monitor%2075hz%208ms%20FreeSync%20S3222HN%20-%20UlJHWlZZRFBRR0VV/ HTTP/1.1" 200 23 "-" "Mozilla/5.0 AppleWebKit/537.36 (KHTML, like Gecko; compatible; bingbot/2.0; +http://www.bing.com/bingbot.htm) Chrome/116.0.1938.76 Safari/537.36"
cashforcarscarrollton.com.infinitibizsol.com:443 207.46.13.116 - - [12/Jun/2025:07:02:41 +0000] "GET /Jujutsu%20Kaisen%20Hg%20Series%20Capsule%20Toy%20Yuji%20Itadori%20-%20UVhFXlBWQFZZRkJR/ HTTP/1.1" 200 23 "-" "Mozilla/5.0 AppleWebKit/537.36 (KHTML, like Gecko; compatible; bingbot/2.0; +http://www.bing.com/bingbot.htm) Chrome/116.0.1938.76 Safari/537.36"
cashforcarscarrollton.com.infinitibizsol.com:443 157.55.39.193 - - [12/Jun/2025:07:03:14 +0000] "GET /The%20Amateur&/ HTTP/1.1" 200 23 "-" "Mozilla/5.0 AppleWebKit/537.36 (KHTML, like Gecko; compatible; bingbot/2.0; +http://www.bing.com/bingbot.htm) Chrome/116.0.1938.76 Safari/537.36"
cashforcarscarrollton.com.infinitibizsol.com:443 207.46.13.116 - - [12/Jun/2025:07:04:31 +0000] "GET /2016-2017%20Match%20Attax%20Set-Piece%20Specialist%20Card%20No%20392%20Dimitri%20Payet%20-%20West%20Ham%20-%20UFdAUFFXRVdUQUdS/ HTTP/1.1" 200 23 "-" "Mozilla/5.0 AppleWebKit/537.36 (KHTML, like Gecko; compatible; bingbot/2.0; +http://www.bing.com/bingbot.htm) Chrome/116.0.1938.76 Safari/537.36"
cashforcarscarrollton.com.infinitibizsol.com:443 157.55.39.193 - - [12/Jun/2025:07:06:05 +0000] "GET /The%20Black%20Widow%20The%20Coldest%20War%20(1990)%20Marvel%201st%20Edition%20Graphic%20Novel%20-%20UVFHXV9ZQFpSS0VR/ HTTP/1.1" 200 23 "-" "Mozilla/5.0 AppleWebKit/537.36 (KHTML, like Gecko; compatible; bingbot/2.0; +http://www.bing.com/bingbot.htm) Chrome/116.0.1938.76 Safari/537.36"
cashforcarscarrollton.com.infinitibizsol.com:443 157.55.39.193 - - [12/Jun/2025:07:06:54 +0000] "GET /WWF%20Divas%20Tropical%20Pleasure%202002%20VHS%20OOP%20-%20UFJGXlJZRlpRQURa/ HTTP/1.1" 200 13 "-" "Mozilla/5.0 AppleWebKit/537.36 (KHTML, like Gecko; compatible; bingbot/2.0; +http://www.bing.com/bingbot.htm) Chrome/116.0.1938.76 Safari/537.36"
cashforcarscarrollton.com.infinitibizsol.com:443 69.197.135.226 - - [12/Jun/2025:07:07:24 +0000] "GET /wp-content/install.php HTTP/1.1" 200 16 "https://cashforcarscarrollton.com/wp-content/install.php" "Mozilla/5.0 (Windows NT 10.0; Win64; x64) AppleWebKit/537.36 (KHTML, like Gecko) Chrome/58.0.3029.110 Safari/537.3"
cashforcarscarrollton.com.infinitibizsol.com:443 157.55.39.193 - - [12/Jun/2025:07:08:45 +0000] "GET /For%20Jeep%20Interior%20Screws-%20M4.2%20x%2020mm%20Long-%207mm%20Hex-%2012mm%20Washer-%2025%20screws%20/ HTTP/1.1" 200 13 "-" "Mozilla/5.0 AppleWebKit/537.36 (KHTML, like Gecko; compatible; bingbot/2.0; +http://www.bing.com/bingbot.htm) Chrome/116.0.1938.76 Safari/537.36"
cashforcarscarrollton.com.infinitibizsol.com:443 69.197.182.50 - - [12/Jun/2025:07:09:05 +0000] "GET /wp-content/install.php HTTP/1.1" 200 16 "https://cashforcarscarrollton.com/wp-content/install.php" "Mozilla/5.0 (Windows NT 10.0; Win64; x64) AppleWebKit/537.36 (KHTML, like Gecko) Chrome/58.0.3029.110 Safari/537.3"
cashforcarscarrollton.com.infinitibizsol.com:443 40.77.167.42 - - [12/Jun/2025:07:10:12 +0000] "GET /Jasper%20Johns:%20Ruler%2022x30%20Archival%20Quality%20Fine%20Art%20Print%20-%20UVJGXl5XQ1ZSR0BU/ HTTP/1.1" 200 23 "-" "Mozilla/5.0 AppleWebKit/537.36 (KHTML, like Gecko; compatible; bingbot/2.0; +http://www.bing.com/bingbot.htm) Chrome/116.0.1938.76 Safari/537.36"
cashforcarscarrollton.com.infinitibizsol.com:443 157.55.39.7 - - [12/Jun/2025:07:11:42 +0000] "GET /new-holland-tn70s-tractor-cab-electrical-system-service-repair-manual-87059387-RUJBGVVZQFFWV0BX HTTP/1.1" 200 23 "-" "Mozilla/5.0 AppleWebKit/537.36 (KHTML, like Gecko; compatible; bingbot/2.0; +http://www.bing.com/bingbot.htm) Chrome/116.0.1938.76 Safari/537.36"
cashforcarscarrollton.com.infinitibizsol.com:443 157.55.39.203 - - [12/Jun/2025:07:12:35 +0000] "GET /Kenda%20Tire%20Inner%20Tube%202.25/2.50-14%20TR-6%20Valve%20Stem%20-%20UFJGXVJdRlZTQkZW/ HTTP/1.1" 200 23 "-" "Mozilla/5.0 AppleWebKit/537.36 (KHTML, like Gecko; compatible; bingbot/2.0; +http://www.bing.com/bingbot.htm) Chrome/116.0.1938.76 Safari/537.36"
cashforcarscarrollton.com.infinitibizsol.com:443 173.208.153.154 - - [12/Jun/2025:07:14:21 +0000] "GET /wp-content/install.php HTTP/1.1" 200 16 "https://cashforcarscarrollton.com/wp-content/install.php" "Mozilla/4.0 (compatible; MSIE 7.0; Windows NT 5.1; SV1)"
cashforcarscarrollton.com.infinitibizsol.com:443 108.181.202.211 - - [12/Jun/2025:07:14:24 +0000] "GET /wp-content/install.php HTTP/1.1" 200 16 "https://cashforcarscarrollton.com/wp-content/install.php" "Mozilla/5.0 (Macintosh; U; PPC Mac OS X; ja-jp) AppleWebKit/523.12.2 (KHTML, like Gecko) Version/3.0.4 Safari/523.12.2"
cashforcarscarrollton.com.infinitibizsol.com:443 157.55.39.203 - - [12/Jun/2025:07:14:35 +0000] "GET /I-Beam%20Drop%20Axle%20for%201932%2032%20Ford%20Revell%20Kits%201/25%20-%20UFdHXVVWRVVRRkVX/ HTTP/1.1" 200 23 "-" "Mozilla/5.0 AppleWebKit/537.36 (KHTML, like Gecko; compatible; bingbot/2.0; +http://www.bing.com/bingbot.htm) Chrome/116.0.1938.76 Safari/537.36"
cashforcarscarrollton.com.infinitibizsol.com:443 69.197.135.226 - - [12/Jun/2025:07:16:01 +0000] "GET /wp-content/install.php HTTP/1.1" 200 16 "https://cashforcarscarrollton.com/wp-content/install.php" "Mozilla/5.0 (Windows NT 10.0; Win64; x64) AppleWebKit/537.36 (KHTML, like Gecko) Chrome/58.0.3029.110 Safari/537.3"
cashforcarscarrollton.com.infinitibizsol.com:443 40.77.167.23 - - [12/Jun/2025:07:16:22 +0000] "GET /50m%2030k%20Account!%20-%20UFhGXV5cS1tWRENT/ HTTP/1.1" 200 23 "-" "Mozilla/5.0 AppleWebKit/537.36 (KHTML, like Gecko; compatible; bingbot/2.0; +http://www.bing.com/bingbot.htm) Chrome/116.0.1938.76 Safari/537.36"
cashforcarscarrollton.com.infinitibizsol.com:443 207.46.13.102 - - [12/Jun/2025:07:17:12 +0000] "GET /Flowery%20Needlepoint%20Kit%20or%20Canvas%20(Floral/Nature)%20-%20UlhCWlJbQltSRENV/ HTTP/1.1" 200 23 "-" "Mozilla/5.0 AppleWebKit/537.36 (KHTML, like Gecko; compatible; bingbot/2.0; +http://www.bing.com/bingbot.htm) Chrome/116.0.1938.76 Safari/537.36"
cashforcarscarrollton.com.infinitibizsol.com:80 196.251.83.121 - - [12/Jun/2025:07:18:00 +0000] "GET / HTTP/1.1" 500 5 "-" "-"
cashforcarscarrollton.com.infinitibizsol.com:443 207.46.13.102 - - [12/Jun/2025:07:18:03 +0000] "GET /HS-1%20DET-3%20Golden%20Chariots%20Original%20Patch%20Asain%20Made%20-%20UVFHXlZaQFFUREZa/ HTTP/1.1" 200 23 "-" "Mozilla/5.0 AppleWebKit/537.36 (KHTML, like Gecko; compatible; bingbot/2.0; +http://www.bing.com/bingbot.htm) Chrome/116.0.1938.76 Safari/537.36"
cashforcarscarrollton.com.infinitibizsol.com:443 69.197.135.226 - - [12/Jun/2025:07:20:37 +0000] "GET /wp-content/install.php HTTP/1.1" 200 16 "https://cashforcarscarrollton.com/wp-content/install.php" "Mozilla/5.0 (Windows NT 10.0; Win64; x64) AppleWebKit/537.36 (KHTML, like Gecko) Chrome/58.0.3029.110 Safari/537.3"
cashforcarscarrollton.com.infinitibizsol.com:443 207.46.13.102 - - [12/Jun/2025:07:20:43 +0000] "GET /Safety%201st%20Ready,%20Set,%20Walk!%20DX%20Developmental%20Walker%20-%20UFBGUF9XS1tYR0RR/ HTTP/1.1" 200 23 "-" "Mozilla/5.0 AppleWebKit/537.36 (KHTML, like Gecko; compatible; bingbot/2.0; +http://www.bing.com/bingbot.htm) Chrome/116.0.1938.76 Safari/537.36"
cashforcarscarrollton.com.infinitibizsol.com:443 157.55.39.48 - - [12/Jun/2025:07:21:56 +0000] "GET /(1)%20AodHan%20Vacuum%20Chrome%20Center%20Cap%20Fits:DS01%20DS02%20DS03%20DS05%20DS06%20DS07%20DS08%20DS09%20-%20UFJHXFJYRFtTQ0Jb/ HTTP/1.1" 200 23 "-" "Mozilla/5.0 AppleWebKit/537.36 (KHTML, like Gecko; compatible; bingbot/2.0; +http://www.bing.com/bingbot.htm) Chrome/116.0.1938.76 Safari/537.36"
cashforcarscarrollton.com.infinitibizsol.com:443 69.197.182.50 - - [12/Jun/2025:07:23:32 +0000] "GET /wp-content/install.php HTTP/1.1" 200 16 "https://cashforcarscarrollton.com/wp-content/install.php" "Mozilla/5.0 (Windows NT 10.0; Win64; x64) AppleWebKit/537.36 (KHTML, like Gecko) Chrome/58.0.3029.110 Safari/537.3"
cashforcarscarrollton.com.infinitibizsol.com:443 207.46.13.102 - - [12/Jun/2025:07:25:03 +0000] "GET /2024%20Donruss%20NFL%20Football%20Base%20Complete%20Your%20Set%20Pick%20Card%20Who%20Do%20U%20Need%20/ HTTP/1.1" 200 23 "-" "Mozilla/5.0 AppleWebKit/537.36 (KHTML, like Gecko; compatible; bingbot/2.0; +http://www.bing.com/bingbot.htm) Chrome/116.0.1938.76 Safari/537.36"
cashforcarscarrollton.com.infinitibizsol.com:443 207.46.13.102 - - [12/Jun/2025:07:26:13 +0000] "GET /Tactical%20Scorpion%20Body%20Armor%20Plates%20Level%20III%20%203%20PE%20Polyethylene%20%7C%20Size%20Choice%20-%20UFdHWVVcQVdURkJR/ HTTP/1.1" 200 23 "-" "Mozilla/5.0 AppleWebKit/537.36 (KHTML, like Gecko; compatible; bingbot/2.0; +http://www.bing.com/bingbot.htm) Chrome/116.0.1938.76 Safari/537.36"
cashforcarscarrollton.com.infinitibizsol.com:443 40.77.167.3 - - [12/Jun/2025:07:27:43 +0000] "GET /Listed%20Artist%20Jacques%20Villon/Gaston%20Duchamp%20(1875-1963)%20Signed%20Ink%20Drawing%20-%20UVRFXl9fS1pSSkpb/ HTTP/1.1" 200 23 "-" "Mozilla/5.0 AppleWebKit/537.36 (KHTML, like Gecko; compatible; bingbot/2.0; +http://www.bing.com/bingbot.htm) Chrome/116.0.1938.76 Safari/537.36"
cashforcarscarrollton.com.infinitibizsol.com:443 157.55.39.48 - - [12/Jun/2025:07:27:48 +0000] "GET /1PCS%20Brand%20New%20RI41-0-1000ES%2021KA%20Encoder%20-%20UFNGXlJWQ1ZUR0VU/ HTTP/1.1" 200 23 "-" "Mozilla/5.0 AppleWebKit/537.36 (KHTML, like Gecko; compatible; bingbot/2.0; +http://www.bing.com/bingbot.htm) Chrome/116.0.1938.76 Safari/537.36"
cashforcarscarrollton.com.infinitibizsol.com:443 69.197.182.50 - - [12/Jun/2025:07:28:11 +0000] "GET /wp-content/install.php HTTP/1.1" 200 16 "https://cashforcarscarrollton.com/wp-content/install.php" "Mozilla/5.0 (Windows NT 10.0; Win64; x64) AppleWebKit/537.36 (KHTML, like Gecko) Chrome/58.0.3029.110 Safari/537.3"
cashforcarscarrollton.com.infinitibizsol.com:443 157.55.39.48 - - [12/Jun/2025:07:28:26 +0000] "GET /Alberto%20Makali%20Green%20Stretch%20Crepe%20Button%20Front%20Top%20Size%20Medium%20-%20UldEWFNeRFBRREtT/ HTTP/1.1" 200 23 "-" "Mozilla/5.0 AppleWebKit/537.36 (KHTML, like Gecko; compatible; bingbot/2.0; +http://www.bing.com/bingbot.htm) Chrome/116.0.1938.76 Safari/537.36"
cashforcarscarrollton.com.infinitibizsol.com:443 40.77.167.3 - - [12/Jun/2025:07:29:25 +0000] "GET /Classic%20Black%20Case%20Display%20Dragon%20Shield%20Standard%20Size%20Sleeves%20-%2010%20Packs%20-%20UllAXFdYS1FTS0pR/ HTTP/1.1" 200 23 "-" "Mozilla/5.0 AppleWebKit/537.36 (KHTML, like Gecko; compatible; bingbot/2.0; +http://www.bing.com/bingbot.htm) Chrome/116.0.1938.76 Safari/537.36"
cashforcarscarrollton.com.infinitibizsol.com:443 40.77.167.3 - - [12/Jun/2025:07:32:06 +0000] "GET /Joyce%20Chen%2011.5-in.%20Cast-Iron%20Wok%20%7C3656%20-%20UlBFWlBfRFpYQEVV/ HTTP/1.1" 200 23 "-" "Mozilla/5.0 AppleWebKit/537.36 (KHTML, like Gecko; compatible; bingbot/2.0; +http://www.bing.com/bingbot.htm) Chrome/116.0.1938.76 Safari/537.36"
cashforcarscarrollton.com.infinitibizsol.com:443 208.110.64.178 - - [12/Jun/2025:07:32:13 +0000] "GET /wp-content/install.php HTTP/1.1" 200 16 "https://cashforcarscarrollton.com/wp-content/install.php" "Mozilla/5.0 (Windows NT 10.0; Win64; x64) AppleWebKit/537.36 (KHTML, like Gecko) Chrome/58.0.3029.110 Safari/537.3"
cashforcarscarrollton.com.infinitibizsol.com:443 157.55.39.7 - - [12/Jun/2025:07:33:17 +0000] "GET /THIAGO%20Zombicide%20Game%20Night%202%20-%20UlZFWlBdSltXSktS/ HTTP/1.1" 200 23 "-" "Mozilla/5.0 AppleWebKit/537.36 (KHTML, like Gecko; compatible; bingbot/2.0; +http://www.bing.com/bingbot.htm) Chrome/116.0.1938.76 Safari/537.36"
cashforcarscarrollton.com.infinitibizsol.com:443 69.197.135.226 - - [12/Jun/2025:07:33:23 +0000] "GET /wp-content/install.php HTTP/1.1" 200 16 "https://cashforcarscarrollton.com/wp-content/install.php" "Mozilla/5.0 (Windows NT 10.0; Win64; x64) AppleWebKit/537.36 (KHTML, like Gecko) Chrome/58.0.3029.110 Safari/537.3"
cashforcarscarrollton.com.infinitibizsol.com:443 52.167.144.209 - - [12/Jun/2025:07:35:34 +0000] "GET /Taking%20Airm,%20Indian%20Maiden%20by%20L%20Goddard%20-%20UVRGUF5fS1FYQkpX/ HTTP/1.1" 200 23 "-" "Mozilla/5.0 AppleWebKit/537.36 (KHTML, like Gecko; compatible; bingbot/2.0; +http://www.bing.com/bingbot.htm) Chrome/116.0.1938.76 Safari/537.36"
cashforcarscarrollton.com.infinitibizsol.com:443 45.227.253.15 - - [12/Jun/2025:07:37:47 +0000] "GET /index.php/jk HTTP/1.1" 500 5 "-" "Mozilla/5.0 (Windows NT 6.2; WOW64) AppleWebKit/535.24 (KHTML, like Gecko) Chrome/83.0.1055.1 Safari/535.24"
cashforcarscarrollton.com.infinitibizsol.com:443 40.77.167.32 - - [12/Jun/2025:07:37:55 +0000] "GET /Oneida%20FLIGHT%20-%20Stainless%20Steel%2020pc.%20Flatware%20Set%20(Service%20for%20Four)%20-%20UVhFX1dZS1NQS0pS/ HTTP/1.1" 200 23 "-" "Mozilla/5.0 AppleWebKit/537.36 (KHTML, like Gecko; compatible; bingbot/2.0; +http://www.bing.com/bingbot.htm) Chrome/116.0.1938.76 Safari/537.36"
cashforcarscarrollton.com.infinitibizsol.com:443 69.197.182.50 - - [12/Jun/2025:07:38:58 +0000] "GET /wp-content/install.php HTTP/1.1" 200 16 "https://cashforcarscarrollton.com/wp-content/install.php" "Mozilla/5.0 (Windows NT 10.0; Win64; x64) AppleWebKit/537.36 (KHTML, like Gecko) Chrome/58.0.3029.110 Safari/537.3"
cashforcarscarrollton.com.infinitibizsol.com:443 40.77.167.32 - - [12/Jun/2025:07:39:24 +0000] "GET /Rare%20-%20TRUE%20GRIMOIRE%20by%20Stratton-Kent%20-%20Hardcover%20Magick%20Occult%20Goetia%20Verum%20-%20UlhFX1BYQ1VZR0NS/ HTTP/1.1" 200 23 "-" "Mozilla/5.0 AppleWebKit/537.36 (KHTML, like Gecko; compatible; bingbot/2.0; +http://www.bing.com/bingbot.htm) Chrome/116.0.1938.76 Safari/537.36"
cashforcarscarrollton.com.infinitibizsol.com:443 40.77.167.32 - - [12/Jun/2025:07:39:43 +0000] "GET /Opteka%20LR%201300%20HD%20650-1300mm%20Telephoto%20Zoom%20Lens%20With%20Case%20-%20UllFXl5eS1NUR0pT/ HTTP/1.1" 200 23 "-" "Mozilla/5.0 AppleWebKit/537.36 (KHTML, like Gecko; compatible; bingbot/2.0; +http://www.bing.com/bingbot.htm) Chrome/116.0.1938.76 Safari/537.36"
