enterpriseautosalesinc.com.infinitibizsol.com:443 20.171.207.108 - - [10/Jun/2025:08:18:07 +0000] "GET /editor/skull88/xw4jp-16557/ HTTP/1.1" 500 5 "-" "Mozilla/5.0 AppleWebKit/537.36 (KHTML, like Gecko; compatible; GPTBot/1.2; +https://openai.com/gptbot)"
enterpriseautosalesinc.com.infinitibizsol.com:443 66.249.64.41 - - [10/Jun/2025:08:18:09 +0000] "GET /?2051817013.shtml HTTP/1.1" 200 468017 "-" "Mozilla/5.0 (Linux; Android 6.0.1; Nexus 5X Build/MMB29P) AppleWebKit/537.36 (KHTML, like Gecko) Chrome/136.0.7103.113 Mobile Safari/537.36 (compatible; Googlebot/2.1; +http://www.google.com/bot.html)"
enterpriseautosalesinc.com.infinitibizsol.com:443 66.249.64.41 - - [10/Jun/2025:08:18:18 +0000] "GET /?overlooking/shopping/2050611125.shtml HTTP/1.1" 200 476489 "-" "Mozilla/5.0 (Linux; Android 6.0.1; Nexus 5X Build/MMB29P) AppleWebKit/537.36 (KHTML, like Gecko) Chrome/136.0.7103.113 Mobile Safari/537.36 (compatible; Googlebot/2.1; +http://www.google.com/bot.html)"
enterpriseautosalesinc.com.infinitibizsol.com:443 66.249.64.41 - - [10/Jun/2025:08:18:28 +0000] "GET /?20542405792.shtml HTTP/1.1" 200 465908 "-" "Mozilla/5.0 (Linux; Android 6.0.1; Nexus 5X Build/MMB29P) AppleWebKit/537.36 (KHTML, like Gecko) Chrome/136.0.7103.113 Mobile Safari/537.36 (compatible; Googlebot/2.1; +http://www.google.com/bot.html)"
enterpriseautosalesinc.com.infinitibizsol.com:443 66.249.64.42 - - [10/Jun/2025:08:18:33 +0000] "GET /?20553043802.shtml HTTP/1.1" 200 458177 "-" "Mozilla/5.0 (Linux; Android 6.0.1; Nexus 5X Build/MMB29P) AppleWebKit/537.36 (KHTML, like Gecko) Chrome/136.0.7103.113 Mobile Safari/537.36 (compatible; Googlebot/2.1; +http://www.google.com/bot.html)"
enterpriseautosalesinc.com.infinitibizsol.com:443 66.249.64.41 - - [10/Jun/2025:08:18:44 +0000] "GET /?20531913894.shtml HTTP/1.1" 200 475237 "-" "Mozilla/5.0 (Linux; Android 6.0.1; Nexus 5X Build/MMB29P) AppleWebKit/537.36 (KHTML, like Gecko) Chrome/136.0.7103.113 Mobile Safari/537.36 (compatible; Googlebot/2.1; +http://www.google.com/bot.html)"
enterpriseautosalesinc.com.infinitibizsol.com:443 66.249.64.42 - - [10/Jun/2025:08:19:00 +0000] "GET /?legion/item/20563331300.shtml HTTP/1.1" 200 465360 "-" "Mozilla/5.0 (Linux; Android 6.0.1; Nexus 5X Build/MMB29P) AppleWebKit/537.36 (KHTML, like Gecko) Chrome/136.0.7103.113 Mobile Safari/537.36 (compatible; Googlebot/2.1; +http://www.google.com/bot.html)"
enterpriseautosalesinc.com.infinitibizsol.com:443 208.110.64.178 - - [10/Jun/2025:08:19:04 +0000] "GET /wp-content/admin.php HTTP/1.1" 200 16 "https://enterpriseautosalesinc.com/wp-content/admin.php" "Mozilla/5.0 (Windows NT 10.0; Win64; x64) AppleWebKit/537.36 (KHTML, like Gecko) Chrome/58.0.3029.110 Safari/537.3"
enterpriseautosalesinc.com.infinitibizsol.com:443 66.249.64.42 - - [10/Jun/2025:08:19:05 +0000] "GET /?due/2051918015.shtml HTTP/1.1" 200 464770 "-" "Mozilla/5.0 (Linux; Android 6.0.1; Nexus 5X Build/MMB29P) AppleWebKit/537.36 (KHTML, like Gecko) Chrome/136.0.7103.113 Mobile Safari/537.36 (compatible; Googlebot/2.1; +http://www.google.com/bot.html)"
enterpriseautosalesinc.com.infinitibizsol.com:443 20.171.207.108 - - [10/Jun/2025:08:19:10 +0000] "GET /banker/considerably188/rpxcv-24803/ HTTP/1.1" 500 5 "-" "Mozilla/5.0 AppleWebKit/537.36 (KHTML, like Gecko; compatible; GPTBot/1.2; +https://openai.com/gptbot)"
enterpriseautosalesinc.com.infinitibizsol.com:443 66.249.64.41 - - [10/Jun/2025:08:19:12 +0000] "GET /?wilkinson/2051933144.shtml HTTP/1.1" 200 473815 "-" "Mozilla/5.0 (Linux; Android 6.0.1; Nexus 5X Build/MMB29P) AppleWebKit/537.36 (KHTML, like Gecko) Chrome/136.0.7103.113 Mobile Safari/537.36 (compatible; Googlebot/2.1; +http://www.google.com/bot.html)"
enterpriseautosalesinc.com.infinitibizsol.com:443 66.249.70.142 - - [10/Jun/2025:08:19:12 +0000] "GET /m081023881?srsltid=AfmBOojNiUWLcQtxJAlNg4_1MNkAOEiMl_urx6o19u-J-JMhwudsLt HTTP/1.1" 200 485125 "-" "Mozilla/5.0 (Linux; Android 6.0.1; Nexus 5X Build/MMB29P) AppleWebKit/537.36 (KHTML, like Gecko) Chrome/136.0.7103.113 Mobile Safari/537.36 (compatible; Googlebot/2.1; +http://www.google.com/bot.html)"
enterpriseautosalesinc.com.infinitibizsol.com:443 66.249.64.41 - - [10/Jun/2025:08:19:20 +0000] "GET /?intensive/20532083470.shtml HTTP/1.1" 200 462827 "-" "Mozilla/5.0 (Linux; Android 6.0.1; Nexus 5X Build/MMB29P) AppleWebKit/537.36 (KHTML, like Gecko) Chrome/136.0.7103.113 Mobile Safari/537.36 (compatible; Googlebot/2.1; +http://www.google.com/bot.html)"
enterpriseautosalesinc.com.infinitibizsol.com:443 66.249.64.41 - - [10/Jun/2025:08:19:37 +0000] "GET /?nominate/20542694786.shtml HTTP/1.1" 200 467765 "-" "Mozilla/5.0 (Linux; Android 6.0.1; Nexus 5X Build/MMB29P) AppleWebKit/537.36 (KHTML, like Gecko) Chrome/136.0.7103.113 Mobile Safari/537.36 (compatible; Googlebot/2.1; +http://www.google.com/bot.html)"
enterpriseautosalesinc.com.infinitibizsol.com:443 66.249.64.42 - - [10/Jun/2025:08:19:47 +0000] "GET /?massive/2051901008.shtml HTTP/1.1" 200 456504 "-" "Mozilla/5.0 (Linux; Android 6.0.1; Nexus 5X Build/MMB29P) AppleWebKit/537.36 (KHTML, like Gecko) Chrome/136.0.7103.113 Mobile Safari/537.36 (compatible; Googlebot/2.1; +http://www.google.com/bot.html)"
enterpriseautosalesinc.com.infinitibizsol.com:443 66.249.64.43 - - [10/Jun/2025:08:19:53 +0000] "GET /?playboy/20574124877.shtml HTTP/1.1" 200 479208 "-" "Mozilla/5.0 (Linux; Android 6.0.1; Nexus 5X Build/MMB29P) AppleWebKit/537.36 (KHTML, like Gecko) Chrome/136.0.7103.113 Mobile Safari/537.36 (compatible; Googlebot/2.1; +http://www.google.com/bot.html)"
enterpriseautosalesinc.com.infinitibizsol.com:443 66.249.64.43 - - [10/Jun/2025:08:19:57 +0000] "GET /?disaster/20542381388.shtml HTTP/1.1" 200 463794 "-" "Mozilla/5.0 (Linux; Android 6.0.1; Nexus 5X Build/MMB29P) AppleWebKit/537.36 (KHTML, like Gecko) Chrome/136.0.7103.113 Mobile Safari/537.36 (compatible; Googlebot/2.1; +http://www.google.com/bot.html)"
enterpriseautosalesinc.com.infinitibizsol.com:443 66.249.64.41 - - [10/Jun/2025:08:20:03 +0000] "GET /?stamped/item/20532012830.shtml HTTP/1.1" 200 456556 "-" "Mozilla/5.0 (Linux; Android 6.0.1; Nexus 5X Build/MMB29P) AppleWebKit/537.36 (KHTML, like Gecko) Chrome/136.0.7103.113 Mobile Safari/537.36 (compatible; Googlebot/2.1; +http://www.google.com/bot.html)"
enterpriseautosalesinc.com.infinitibizsol.com:443 20.171.207.108 - - [10/Jun/2025:08:20:11 +0000] "GET /consumption/dynamics129/h4zpe-8580/ HTTP/1.1" 500 5 "-" "Mozilla/5.0 AppleWebKit/537.36 (KHTML, like Gecko; compatible; GPTBot/1.2; +https://openai.com/gptbot)"
enterpriseautosalesinc.com.infinitibizsol.com:443 66.249.64.41 - - [10/Jun/2025:08:20:12 +0000] "GET /?2051895466.shtml HTTP/1.1" 200 472334 "-" "Mozilla/5.0 (Linux; Android 6.0.1; Nexus 5X Build/MMB29P) AppleWebKit/537.36 (KHTML, like Gecko) Chrome/136.0.7103.113 Mobile Safari/537.36 (compatible; Googlebot/2.1; +http://www.google.com/bot.html)"
enterpriseautosalesinc.com.infinitibizsol.com:443 66.249.64.41 - - [10/Jun/2025:08:20:18 +0000] "GET /?metaphor/products/20511133962.shtml HTTP/1.1" 200 473576 "-" "Mozilla/5.0 (Linux; Android 6.0.1; Nexus 5X Build/MMB29P) AppleWebKit/537.36 (KHTML, like Gecko) Chrome/136.0.7103.113 Mobile Safari/537.36 (compatible; Googlebot/2.1; +http://www.google.com/bot.html)"
enterpriseautosalesinc.com.infinitibizsol.com:443 66.249.64.41 - - [10/Jun/2025:08:20:23 +0000] "GET /?horses/20521361580.shtml HTTP/1.1" 200 481240 "-" "Mozilla/5.0 (Linux; Android 6.0.1; Nexus 5X Build/MMB29P) AppleWebKit/537.36 (KHTML, like Gecko) Chrome/136.0.7103.113 Mobile Safari/537.36 (compatible; Googlebot/2.1; +http://www.google.com/bot.html)"
enterpriseautosalesinc.com.infinitibizsol.com:443 66.249.64.42 - - [10/Jun/2025:08:20:38 +0000] "GET /?20553118541.shtml HTTP/1.1" 200 478722 "-" "Mozilla/5.0 (Linux; Android 6.0.1; Nexus 5X Build/MMB29P) AppleWebKit/537.36 (KHTML, like Gecko) Chrome/136.0.7103.113 Mobile Safari/537.36 (compatible; Googlebot/2.1; +http://www.google.com/bot.html)"
enterpriseautosalesinc.com.infinitibizsol.com:443 66.249.64.42 - - [10/Jun/2025:08:20:55 +0000] "GET /?2050308084.shtml HTTP/1.1" 200 463149 "-" "Mozilla/5.0 (Linux; Android 6.0.1; Nexus 5X Build/MMB29P) AppleWebKit/537.36 (KHTML, like Gecko) Chrome/136.0.7103.113 Mobile Safari/537.36 (compatible; Googlebot/2.1; +http://www.google.com/bot.html)"
enterpriseautosalesinc.com.infinitibizsol.com:443 66.249.64.42 - - [10/Jun/2025:08:21:00 +0000] "GET /?intense/20532164428.shtml HTTP/1.1" 200 469143 "-" "Mozilla/5.0 (Linux; Android 6.0.1; Nexus 5X Build/MMB29P) AppleWebKit/537.36 (KHTML, like Gecko) Chrome/136.0.7103.113 Mobile Safari/537.36 (compatible; Googlebot/2.1; +http://www.google.com/bot.html)"
enterpriseautosalesinc.com.infinitibizsol.com:443 66.249.64.42 - - [10/Jun/2025:08:21:08 +0000] "GET /?duo/2050625347.shtml HTTP/1.1" 200 470574 "-" "Mozilla/5.0 (Linux; Android 6.0.1; Nexus 5X Build/MMB29P) AppleWebKit/537.36 (KHTML, like Gecko) Chrome/136.0.7103.113 Mobile Safari/537.36 (compatible; Googlebot/2.1; +http://www.google.com/bot.html)"
enterpriseautosalesinc.com.infinitibizsol.com:443 20.171.207.108 - - [10/Jun/2025:08:21:16 +0000] "GET /department/curiosity24/nvj5e-23677/ HTTP/1.1" 500 5 "-" "Mozilla/5.0 AppleWebKit/537.36 (KHTML, like Gecko; compatible; GPTBot/1.2; +https://openai.com/gptbot)"
enterpriseautosalesinc.com.infinitibizsol.com:443 66.249.64.41 - - [10/Jun/2025:08:21:18 +0000] "GET /?20584605236.shtml HTTP/1.1" 200 461635 "-" "Mozilla/5.0 (Linux; Android 6.0.1; Nexus 5X Build/MMB29P) AppleWebKit/537.36 (KHTML, like Gecko) Chrome/136.0.7103.113 Mobile Safari/537.36 (compatible; Googlebot/2.1; +http://www.google.com/bot.html)"
enterpriseautosalesinc.com.infinitibizsol.com:443 66.249.64.41 - - [10/Jun/2025:08:21:29 +0000] "GET /?ptr/2051968532.shtml HTTP/1.1" 200 476278 "-" "Mozilla/5.0 (Linux; Android 6.0.1; Nexus 5X Build/MMB29P) AppleWebKit/537.36 (KHTML, like Gecko) Chrome/136.0.7103.113 Mobile Safari/537.36 (compatible; Googlebot/2.1; +http://www.google.com/bot.html)"
enterpriseautosalesinc.com.infinitibizsol.com:443 66.249.64.42 - - [10/Jun/2025:08:21:38 +0000] "GET /?fran/goods/2050352096.shtml HTTP/1.1" 200 473134 "-" "Mozilla/5.0 (Linux; Android 6.0.1; Nexus 5X Build/MMB29P) AppleWebKit/537.36 (KHTML, like Gecko) Chrome/136.0.7103.113 Mobile Safari/537.36 (compatible; Googlebot/2.1; +http://www.google.com/bot.html)"
enterpriseautosalesinc.com.infinitibizsol.com:443 66.249.64.41 - - [10/Jun/2025:08:21:46 +0000] "GET /?hut/auction/2051889894.shtml HTTP/1.1" 200 463910 "-" "Mozilla/5.0 (Linux; Android 6.0.1; Nexus 5X Build/MMB29P) AppleWebKit/537.36 (KHTML, like Gecko) Chrome/136.0.7103.113 Mobile Safari/537.36 (compatible; Googlebot/2.1; +http://www.google.com/bot.html)"
enterpriseautosalesinc.com.infinitibizsol.com:443 66.249.64.42 - - [10/Jun/2025:08:21:51 +0000] "GET /?dinners/2050495528.shtml HTTP/1.1" 200 467473 "-" "Mozilla/5.0 (Linux; Android 6.0.1; Nexus 5X Build/MMB29P) AppleWebKit/537.36 (KHTML, like Gecko) Chrome/136.0.7103.113 Mobile Safari/537.36 (compatible; Googlebot/2.1; +http://www.google.com/bot.html)"
enterpriseautosalesinc.com.infinitibizsol.com:443 66.249.64.42 - - [10/Jun/2025:08:22:19 +0000] "GET /?runway/20521651347.shtml HTTP/1.1" 200 464435 "-" "Mozilla/5.0 (Linux; Android 6.0.1; Nexus 5X Build/MMB29P) AppleWebKit/537.36 (KHTML, like Gecko) Chrome/136.0.7103.113 Mobile Safari/537.36 (compatible; Googlebot/2.1; +http://www.google.com/bot.html)"
enterpriseautosalesinc.com.infinitibizsol.com:443 20.171.207.108 - - [10/Jun/2025:08:22:21 +0000] "GET /celebrate/consumption196/9sy2a-503/ HTTP/1.1" 500 5 "-" "Mozilla/5.0 AppleWebKit/537.36 (KHTML, like Gecko; compatible; GPTBot/1.2; +https://openai.com/gptbot)"
enterpriseautosalesinc.com.infinitibizsol.com:443 66.249.64.42 - - [10/Jun/2025:08:22:25 +0000] "GET /?mb/goods/20563598726.shtml HTTP/1.1" 200 467851 "-" "Mozilla/5.0 (Linux; Android 6.0.1; Nexus 5X Build/MMB29P) AppleWebKit/537.36 (KHTML, like Gecko) Chrome/136.0.7103.113 Mobile Safari/537.36 (compatible; Googlebot/2.1; +http://www.google.com/bot.html)"
enterpriseautosalesinc.com.infinitibizsol.com:443 66.249.64.41 - - [10/Jun/2025:08:22:34 +0000] "GET /?inability/good/2051769048.shtml HTTP/1.1" 200 485629 "-" "Mozilla/5.0 (Linux; Android 6.0.1; Nexus 5X Build/MMB29P) AppleWebKit/537.36 (KHTML, like Gecko) Chrome/136.0.7103.113 Mobile Safari/537.36 (compatible; Googlebot/2.1; +http://www.google.com/bot.html)"
enterpriseautosalesinc.com.infinitibizsol.com:443 66.249.64.41 - - [10/Jun/2025:08:22:39 +0000] "GET /?smooth/20531921134.shtml HTTP/1.1" 200 480474 "-" "Mozilla/5.0 (Linux; Android 6.0.1; Nexus 5X Build/MMB29P) AppleWebKit/537.36 (KHTML, like Gecko) Chrome/136.0.7103.113 Mobile Safari/537.36 (compatible; Googlebot/2.1; +http://www.google.com/bot.html)"
enterpriseautosalesinc.com.infinitibizsol.com:443 66.249.64.41 - - [10/Jun/2025:08:22:47 +0000] "GET /?spinal/20532187729.shtml HTTP/1.1" 200 465253 "-" "Mozilla/5.0 (Linux; Android 6.0.1; Nexus 5X Build/MMB29P) AppleWebKit/537.36 (KHTML, like Gecko) Chrome/136.0.7103.113 Mobile Safari/537.36 (compatible; Googlebot/2.1; +http://www.google.com/bot.html)"
enterpriseautosalesinc.com.infinitibizsol.com:443 38.170.230.26 - - [10/Jun/2025:08:22:49 +0000] "GET / HTTP/1.1" 500 5 "-" "Mozilla/5.0 (Windows NT 10.0; Win64; x64) AppleWebKit/537.36 (KHTML, like Gecko) Chrome/136.0.0.0 Safari/537.36"
enterpriseautosalesinc.com.infinitibizsol.com:443 38.170.230.26 - - [10/Jun/2025:08:22:53 +0000] "GET /ads.txt HTTP/1.1" 500 5 "-" "Mozilla/5.0 (Windows NT 10.0; Win64; x64) AppleWebKit/537.36 (KHTML, like Gecko) Chrome/136.0.0.0 Safari/537.36"
enterpriseautosalesinc.com.infinitibizsol.com:443 66.249.64.41 - - [10/Jun/2025:08:22:54 +0000] "GET /?fetish/20553141486.shtml HTTP/1.1" 200 460893 "-" "Mozilla/5.0 (Linux; Android 6.0.1; Nexus 5X Build/MMB29P) AppleWebKit/537.36 (KHTML, like Gecko) Chrome/136.0.7103.113 Mobile Safari/537.36 (compatible; Googlebot/2.1; +http://www.google.com/bot.html)"
enterpriseautosalesinc.com.infinitibizsol.com:80 38.170.230.26 - - [10/Jun/2025:08:22:59 +0000] "GET / HTTP/1.1" 500 5 "-" "Mozilla/5.0 (Windows NT 10.0; Win64; x64) AppleWebKit/537.36 (KHTML, like Gecko) Chrome/136.0.0.0 Safari/537.36"
enterpriseautosalesinc.com.infinitibizsol.com:443 66.249.64.41 - - [10/Jun/2025:08:23:01 +0000] "GET /?20531812074.shtml HTTP/1.1" 200 470851 "-" "Mozilla/5.0 (Linux; Android 6.0.1; Nexus 5X Build/MMB29P) AppleWebKit/537.36 (KHTML, like Gecko) Chrome/136.0.7103.113 Mobile Safari/537.36 (compatible; Googlebot/2.1; +http://www.google.com/bot.html)"
enterpriseautosalesinc.com.infinitibizsol.com:80 38.170.230.26 - - [10/Jun/2025:08:23:03 +0000] "GET /ads.txt HTTP/1.1" 500 5 "-" "Mozilla/5.0 (Windows NT 10.0; Win64; x64) AppleWebKit/537.36 (KHTML, like Gecko) Chrome/136.0.0.0 Safari/537.36"
enterpriseautosalesinc.com.infinitibizsol.com:443 66.249.64.41 - - [10/Jun/2025:08:23:09 +0000] "GET /?20584597820.shtml HTTP/1.1" 200 464145 "-" "Mozilla/5.0 (Linux; Android 6.0.1; Nexus 5X Build/MMB29P) AppleWebKit/537.36 (KHTML, like Gecko) Chrome/136.0.7103.113 Mobile Safari/537.36 (compatible; Googlebot/2.1; +http://www.google.com/bot.html)"
enterpriseautosalesinc.com.infinitibizsol.com:443 66.249.64.41 - - [10/Jun/2025:08:23:13 +0000] "GET /?ish/20553075426.shtml HTTP/1.1" 200 459269 "-" "Mozilla/5.0 (Linux; Android 6.0.1; Nexus 5X Build/MMB29P) AppleWebKit/537.36 (KHTML, like Gecko) Chrome/136.0.7103.113 Mobile Safari/537.36 (compatible; Googlebot/2.1; +http://www.google.com/bot.html)"
enterpriseautosalesinc.com.infinitibizsol.com:443 20.171.207.108 - - [10/Jun/2025:08:23:22 +0000] "GET /exception/wonderful159/rwgsi-40730/ HTTP/1.1" 500 5 "-" "Mozilla/5.0 AppleWebKit/537.36 (KHTML, like Gecko; compatible; GPTBot/1.2; +https://openai.com/gptbot)"
enterpriseautosalesinc.com.infinitibizsol.com:443 66.249.64.42 - - [10/Jun/2025:08:23:22 +0000] "GET /?20532125070.shtml HTTP/1.1" 200 467741 "-" "Mozilla/5.0 (Linux; Android 6.0.1; Nexus 5X Build/MMB29P) AppleWebKit/537.36 (KHTML, like Gecko) Chrome/136.0.7103.113 Mobile Safari/537.36 (compatible; Googlebot/2.1; +http://www.google.com/bot.html)"
enterpriseautosalesinc.com.infinitibizsol.com:443 66.249.64.42 - - [10/Jun/2025:08:23:29 +0000] "GET /?2051773792.shtml HTTP/1.1" 200 472662 "-" "Mozilla/5.0 (Linux; Android 6.0.1; Nexus 5X Build/MMB29P) AppleWebKit/537.36 (KHTML, like Gecko) Chrome/136.0.7103.113 Mobile Safari/537.36 (compatible; Googlebot/2.1; +http://www.google.com/bot.html)"
enterpriseautosalesinc.com.infinitibizsol.com:443 66.249.64.41 - - [10/Jun/2025:08:23:35 +0000] "GET /?low/goods/20553197656.shtml HTTP/1.1" 200 465286 "-" "Mozilla/5.0 (Linux; Android 6.0.1; Nexus 5X Build/MMB29P) AppleWebKit/537.36 (KHTML, like Gecko) Chrome/136.0.7103.113 Mobile Safari/537.36 (compatible; Googlebot/2.1; +http://www.google.com/bot.html)"
enterpriseautosalesinc.com.infinitibizsol.com:443 66.249.64.41 - - [10/Jun/2025:08:23:44 +0000] "GET /?telecommunications/products/2050581392.shtml HTTP/1.1" 200 466231 "-" "Mozilla/5.0 (Linux; Android 6.0.1; Nexus 5X Build/MMB29P) AppleWebKit/537.36 (KHTML, like Gecko) Chrome/136.0.7103.113 Mobile Safari/537.36 (compatible; Googlebot/2.1; +http://www.google.com/bot.html)"
enterpriseautosalesinc.com.infinitibizsol.com:443 66.249.64.43 - - [10/Jun/2025:08:23:49 +0000] "GET /?horse/2051878655.shtml HTTP/1.1" 200 462152 "-" "Mozilla/5.0 (Linux; Android 6.0.1; Nexus 5X Build/MMB29P) AppleWebKit/537.36 (KHTML, like Gecko) Chrome/136.0.7103.113 Mobile Safari/537.36 (compatible; Googlebot/2.1; +http://www.google.com/bot.html)"
enterpriseautosalesinc.com.infinitibizsol.com:443 66.249.64.44 - - [10/Jun/2025:08:23:55 +0000] "GET /?weighs/shopping/204992785.shtml HTTP/1.1" 200 463192 "-" "Mozilla/5.0 (Linux; Android 6.0.1; Nexus 5X Build/MMB29P) AppleWebKit/537.36 (KHTML, like Gecko) Chrome/136.0.7103.113 Mobile Safari/537.36 (compatible; Googlebot/2.1; +http://www.google.com/bot.html)"
enterpriseautosalesinc.com.infinitibizsol.com:443 66.249.64.43 - - [10/Jun/2025:08:23:58 +0000] "GET /?sme/goods/20553034096.shtml HTTP/1.1" 200 463512 "-" "Mozilla/5.0 (Linux; Android 6.0.1; Nexus 5X Build/MMB29P) AppleWebKit/537.36 (KHTML, like Gecko) Chrome/136.0.7103.113 Mobile Safari/537.36 (compatible; Googlebot/2.1; +http://www.google.com/bot.html)"
enterpriseautosalesinc.com.infinitibizsol.com:443 66.249.64.41 - - [10/Jun/2025:08:24:04 +0000] "GET /?20521467200.shtml HTTP/1.1" 200 466101 "-" "Mozilla/5.0 (Linux; Android 6.0.1; Nexus 5X Build/MMB29P) AppleWebKit/537.36 (KHTML, like Gecko) Chrome/136.0.7103.113 Mobile Safari/537.36 (compatible; Googlebot/2.1; +http://www.google.com/bot.html)"
enterpriseautosalesinc.com.infinitibizsol.com:443 66.249.64.42 - - [10/Jun/2025:08:24:11 +0000] "GET /?bowman/shopdetail/2050612991.shtml HTTP/1.1" 200 490542 "-" "Mozilla/5.0 (Linux; Android 6.0.1; Nexus 5X Build/MMB29P) AppleWebKit/537.36 (KHTML, like Gecko) Chrome/136.0.7103.113 Mobile Safari/537.36 (compatible; Googlebot/2.1; +http://www.google.com/bot.html)"
enterpriseautosalesinc.com.infinitibizsol.com:443 66.249.64.41 - - [10/Jun/2025:08:24:17 +0000] "GET /?tagged/2050403104.shtml HTTP/1.1" 200 465678 "-" "Mozilla/5.0 (Linux; Android 6.0.1; Nexus 5X Build/MMB29P) AppleWebKit/537.36 (KHTML, like Gecko) Chrome/136.0.7103.113 Mobile Safari/537.36 (compatible; Googlebot/2.1; +http://www.google.com/bot.html)"
enterpriseautosalesinc.com.infinitibizsol.com:443 66.249.64.41 - - [10/Jun/2025:08:24:25 +0000] "GET /?peach/2051988950.shtml HTTP/1.1" 200 457927 "-" "Mozilla/5.0 (Linux; Android 6.0.1; Nexus 5X Build/MMB29P) AppleWebKit/537.36 (KHTML, like Gecko) Chrome/136.0.7103.113 Mobile Safari/537.36 (compatible; Googlebot/2.1; +http://www.google.com/bot.html)"
enterpriseautosalesinc.com.infinitibizsol.com:443 20.171.207.108 - - [10/Jun/2025:08:24:27 +0000] "GET /consideration/alley281/lfbpo-25794/ HTTP/1.1" 500 5 "-" "Mozilla/5.0 AppleWebKit/537.36 (KHTML, like Gecko; compatible; GPTBot/1.2; +https://openai.com/gptbot)"
enterpriseautosalesinc.com.infinitibizsol.com:443 66.249.64.41 - - [10/Jun/2025:08:24:30 +0000] "GET /?20531955072.shtml HTTP/1.1" 200 465753 "-" "Mozilla/5.0 (Linux; Android 6.0.1; Nexus 5X Build/MMB29P) AppleWebKit/537.36 (KHTML, like Gecko) Chrome/136.0.7103.113 Mobile Safari/537.36 (compatible; Googlebot/2.1; +http://www.google.com/bot.html)"
enterpriseautosalesinc.com.infinitibizsol.com:443 66.249.64.42 - - [10/Jun/2025:08:24:39 +0000] "GET /?20521225568.shtml HTTP/1.1" 200 465503 "-" "Mozilla/5.0 (Linux; Android 6.0.1; Nexus 5X Build/MMB29P) AppleWebKit/537.36 (KHTML, like Gecko) Chrome/136.0.7103.113 Mobile Safari/537.36 (compatible; Googlebot/2.1; +http://www.google.com/bot.html)"
enterpriseautosalesinc.com.infinitibizsol.com:443 66.249.64.41 - - [10/Jun/2025:08:24:43 +0000] "GET /?walking/2050220335.shtml HTTP/1.1" 200 475368 "-" "Mozilla/5.0 (Linux; Android 6.0.1; Nexus 5X Build/MMB29P) AppleWebKit/537.36 (KHTML, like Gecko) Chrome/136.0.7103.113 Mobile Safari/537.36 (compatible; Googlebot/2.1; +http://www.google.com/bot.html)"
enterpriseautosalesinc.com.infinitibizsol.com:443 66.249.64.43 - - [10/Jun/2025:08:24:49 +0000] "GET /?tears/2050683796.shtml HTTP/1.1" 200 481785 "-" "Mozilla/5.0 (Linux; Android 6.0.1; Nexus 5X Build/MMB29P) AppleWebKit/537.36 (KHTML, like Gecko) Chrome/136.0.7103.113 Mobile Safari/537.36 (compatible; Googlebot/2.1; +http://www.google.com/bot.html)"
enterpriseautosalesinc.com.infinitibizsol.com:443 66.249.64.43 - - [10/Jun/2025:08:24:54 +0000] "GET /?separately/auction/2051823834.shtml HTTP/1.1" 200 462374 "-" "Mozilla/5.0 (Linux; Android 6.0.1; Nexus 5X Build/MMB29P) AppleWebKit/537.36 (KHTML, like Gecko) Chrome/136.0.7103.113 Mobile Safari/537.36 (compatible; Googlebot/2.1; +http://www.google.com/bot.html)"
enterpriseautosalesinc.com.infinitibizsol.com:443 66.249.64.41 - - [10/Jun/2025:08:24:59 +0000] "GET /?wheat/20521644123.shtml HTTP/1.1" 200 469611 "-" "Mozilla/5.0 (Linux; Android 6.0.1; Nexus 5X Build/MMB29P) AppleWebKit/537.36 (KHTML, like Gecko) Chrome/136.0.7103.113 Mobile Safari/537.36 (compatible; Googlebot/2.1; +http://www.google.com/bot.html)"
enterpriseautosalesinc.com.infinitibizsol.com:443 66.249.64.41 - - [10/Jun/2025:08:25:09 +0000] "GET /?accommodate/20532025270.shtml HTTP/1.1" 200 467664 "-" "Mozilla/5.0 (Linux; Android 6.0.1; Nexus 5X Build/MMB29P) AppleWebKit/537.36 (KHTML, like Gecko) Chrome/136.0.7103.113 Mobile Safari/537.36 (compatible; Googlebot/2.1; +http://www.google.com/bot.html)"
enterpriseautosalesinc.com.infinitibizsol.com:443 66.249.64.41 - - [10/Jun/2025:08:25:15 +0000] "GET /?2050575201.shtml HTTP/1.1" 200 480493 "-" "Mozilla/5.0 (Linux; Android 6.0.1; Nexus 5X Build/MMB29P) AppleWebKit/537.36 (KHTML, like Gecko) Chrome/136.0.7103.113 Mobile Safari/537.36 (compatible; Googlebot/2.1; +http://www.google.com/bot.html)"
enterpriseautosalesinc.com.infinitibizsol.com:443 66.249.64.41 - - [10/Jun/2025:08:25:22 +0000] "GET /?frankly/products/2051750652.shtml HTTP/1.1" 200 472235 "-" "Mozilla/5.0 (Linux; Android 6.0.1; Nexus 5X Build/MMB29P) AppleWebKit/537.36 (KHTML, like Gecko) Chrome/136.0.7103.113 Mobile Safari/537.36 (compatible; Googlebot/2.1; +http://www.google.com/bot.html)"
enterpriseautosalesinc.com.infinitibizsol.com:443 66.249.64.41 - - [10/Jun/2025:08:25:29 +0000] "GET /?dino/20563416994.shtml HTTP/1.1" 200 467801 "-" "Mozilla/5.0 (Linux; Android 6.0.1; Nexus 5X Build/MMB29P) AppleWebKit/537.36 (KHTML, like Gecko) Chrome/136.0.7103.113 Mobile Safari/537.36 (compatible; Googlebot/2.1; +http://www.google.com/bot.html)"
enterpriseautosalesinc.com.infinitibizsol.com:443 20.171.207.108 - - [10/Jun/2025:08:25:29 +0000] "GET /institution/several226/kajbh-47893/ HTTP/1.1" 500 5 "-" "Mozilla/5.0 AppleWebKit/537.36 (KHTML, like Gecko; compatible; GPTBot/1.2; +https://openai.com/gptbot)"
enterpriseautosalesinc.com.infinitibizsol.com:443 66.249.64.42 - - [10/Jun/2025:08:25:33 +0000] "GET /?20584550336.shtml HTTP/1.1" 200 465583 "-" "Mozilla/5.0 (Linux; Android 6.0.1; Nexus 5X Build/MMB29P) AppleWebKit/537.36 (KHTML, like Gecko) Chrome/136.0.7103.113 Mobile Safari/537.36 (compatible; Googlebot/2.1; +http://www.google.com/bot.html)"
enterpriseautosalesinc.com.infinitibizsol.com:443 69.197.182.50 - - [10/Jun/2025:08:25:39 +0000] "GET /wp-content/admin.php HTTP/1.1" 200 16 "https://enterpriseautosalesinc.com/wp-content/admin.php" "Mozilla/5.0 (Windows NT 10.0; Win64; x64) AppleWebKit/537.36 (KHTML, like Gecko) Chrome/58.0.3029.110 Safari/537.3"
enterpriseautosalesinc.com.infinitibizsol.com:443 66.249.64.41 - - [10/Jun/2025:08:25:40 +0000] "GET /?oriented/commoditys/20532201449.shtml HTTP/1.1" 200 463542 "-" "Mozilla/5.0 (Linux; Android 6.0.1; Nexus 5X Build/MMB29P) AppleWebKit/537.36 (KHTML, like Gecko) Chrome/136.0.7103.113 Mobile Safari/537.36 (compatible; Googlebot/2.1; +http://www.google.com/bot.html)"
enterpriseautosalesinc.com.infinitibizsol.com:443 66.249.64.42 - - [10/Jun/2025:08:25:45 +0000] "GET /?2051968711.shtml HTTP/1.1" 200 467859 "-" "Mozilla/5.0 (Linux; Android 6.0.1; Nexus 5X Build/MMB29P) AppleWebKit/537.36 (KHTML, like Gecko) Chrome/136.0.7103.113 Mobile Safari/537.36 (compatible; Googlebot/2.1; +http://www.google.com/bot.html)"
enterpriseautosalesinc.com.infinitibizsol.com:443 66.249.64.41 - - [10/Jun/2025:08:25:53 +0000] "GET /?20521663172.shtml HTTP/1.1" 200 466654 "-" "Mozilla/5.0 (Linux; Android 6.0.1; Nexus 5X Build/MMB29P) AppleWebKit/537.36 (KHTML, like Gecko) Chrome/136.0.7103.113 Mobile Safari/537.36 (compatible; Googlebot/2.1; +http://www.google.com/bot.html)"
enterpriseautosalesinc.com.infinitibizsol.com:443 66.249.64.44 - - [10/Jun/2025:08:26:01 +0000] "GET /?darwin/good/20553185098.shtml HTTP/1.1" 200 464310 "-" "Mozilla/5.0 (Linux; Android 6.0.1; Nexus 5X Build/MMB29P) AppleWebKit/537.36 (KHTML, like Gecko) Chrome/136.0.7103.113 Mobile Safari/537.36 (compatible; Googlebot/2.1; +http://www.google.com/bot.html)"
enterpriseautosalesinc.com.infinitibizsol.com:443 66.249.64.43 - - [10/Jun/2025:08:26:05 +0000] "GET /?honey/products/20563303442.shtml HTTP/1.1" 200 464274 "-" "Mozilla/5.0 (Linux; Android 6.0.1; Nexus 5X Build/MMB29P) AppleWebKit/537.36 (KHTML, like Gecko) Chrome/136.0.7103.113 Mobile Safari/537.36 (compatible; Googlebot/2.1; +http://www.google.com/bot.html)"
enterpriseautosalesinc.com.infinitibizsol.com:443 66.249.64.42 - - [10/Jun/2025:08:26:13 +0000] "GET /?pulled/auction/20553103114.shtml HTTP/1.1" 200 463559 "-" "Mozilla/5.0 (Linux; Android 6.0.1; Nexus 5X Build/MMB29P) AppleWebKit/537.36 (KHTML, like Gecko) Chrome/136.0.7103.113 Mobile Safari/537.36 (compatible; Googlebot/2.1; +http://www.google.com/bot.html)"
enterpriseautosalesinc.com.infinitibizsol.com:443 66.249.64.42 - - [10/Jun/2025:08:26:17 +0000] "GET /?2050500669.shtml HTTP/1.1" 200 463129 "-" "Mozilla/5.0 (Linux; Android 6.0.1; Nexus 5X Build/MMB29P) AppleWebKit/537.36 (KHTML, like Gecko) Chrome/136.0.7103.113 Mobile Safari/537.36 (compatible; Googlebot/2.1; +http://www.google.com/bot.html)"
enterpriseautosalesinc.com.infinitibizsol.com:443 66.249.64.42 - - [10/Jun/2025:08:26:25 +0000] "GET /?tim/20542660226.shtml HTTP/1.1" 200 465854 "-" "Mozilla/5.0 (Linux; Android 6.0.1; Nexus 5X Build/MMB29P) AppleWebKit/537.36 (KHTML, like Gecko) Chrome/136.0.7103.113 Mobile Safari/537.36 (compatible; Googlebot/2.1; +http://www.google.com/bot.html)"
enterpriseautosalesinc.com.infinitibizsol.com:443 20.171.207.108 - - [10/Jun/2025:08:26:29 +0000] "GET /attempt/surveillance73/xrdf4-35842/ HTTP/1.1" 500 5 "-" "Mozilla/5.0 AppleWebKit/537.36 (KHTML, like Gecko; compatible; GPTBot/1.2; +https://openai.com/gptbot)"
enterpriseautosalesinc.com.infinitibizsol.com:443 66.249.64.42 - - [10/Jun/2025:08:26:33 +0000] "GET /?globes/shopping/20521494445.shtml HTTP/1.1" 200 460676 "-" "Mozilla/5.0 (Linux; Android 6.0.1; Nexus 5X Build/MMB29P) AppleWebKit/537.36 (KHTML, like Gecko) Chrome/136.0.7103.113 Mobile Safari/537.36 (compatible; Googlebot/2.1; +http://www.google.com/bot.html)"
enterpriseautosalesinc.com.infinitibizsol.com:443 66.249.64.43 - - [10/Jun/2025:08:26:40 +0000] "GET /?specifics/20552925090.shtml HTTP/1.1" 200 468808 "-" "Mozilla/5.0 (Linux; Android 6.0.1; Nexus 5X Build/MMB29P) AppleWebKit/537.36 (KHTML, like Gecko) Chrome/136.0.7103.113 Mobile Safari/537.36 (compatible; Googlebot/2.1; +http://www.google.com/bot.html)"
enterpriseautosalesinc.com.infinitibizsol.com:443 66.249.64.43 - - [10/Jun/2025:08:26:48 +0000] "GET /?20521617572.shtml HTTP/1.1" 200 462897 "-" "Mozilla/5.0 (Linux; Android 6.0.1; Nexus 5X Build/MMB29P) AppleWebKit/537.36 (KHTML, like Gecko) Chrome/136.0.7103.113 Mobile Safari/537.36 (compatible; Googlebot/2.1; +http://www.google.com/bot.html)"
enterpriseautosalesinc.com.infinitibizsol.com:443 66.249.64.44 - - [10/Jun/2025:08:26:52 +0000] "GET /?2051793769.shtml HTTP/1.1" 200 465677 "-" "Mozilla/5.0 (Linux; Android 6.0.1; Nexus 5X Build/MMB29P) AppleWebKit/537.36 (KHTML, like Gecko) Chrome/136.0.7103.113 Mobile Safari/537.36 (compatible; Googlebot/2.1; +http://www.google.com/bot.html)"
enterpriseautosalesinc.com.infinitibizsol.com:443 66.249.70.129 - - [10/Jun/2025:08:26:54 +0000] "GET /?20532014021.shtml HTTP/1.1" 200 467562 "-" "Mozilla/5.0 (Linux; Android 6.0.1; Nexus 5X Build/MMB29P) AppleWebKit/537.36 (KHTML, like Gecko) Chrome/136.0.7103.113 Mobile Safari/537.36 (compatible; Googlebot/2.1; +http://www.google.com/bot.html)"
enterpriseautosalesinc.com.infinitibizsol.com:443 66.249.64.41 - - [10/Jun/2025:08:27:03 +0000] "GET /?20532011031.shtml HTTP/1.1" 200 466205 "-" "Mozilla/5.0 (Linux; Android 6.0.1; Nexus 5X Build/MMB29P) AppleWebKit/537.36 (KHTML, like Gecko) Chrome/136.0.7103.113 Mobile Safari/537.36 (compatible; Googlebot/2.1; +http://www.google.com/bot.html)"
enterpriseautosalesinc.com.infinitibizsol.com:443 66.249.64.41 - - [10/Jun/2025:08:27:12 +0000] "GET /?middot/shopping/20553010015.shtml HTTP/1.1" 200 463826 "-" "Mozilla/5.0 (Linux; Android 6.0.1; Nexus 5X Build/MMB29P) AppleWebKit/537.36 (KHTML, like Gecko) Chrome/136.0.7103.113 Mobile Safari/537.36 (compatible; Googlebot/2.1; +http://www.google.com/bot.html)"
enterpriseautosalesinc.com.infinitibizsol.com:443 66.249.64.41 - - [10/Jun/2025:08:27:16 +0000] "GET /?ascension/20521415790.shtml HTTP/1.1" 200 492094 "-" "Mozilla/5.0 (Linux; Android 6.0.1; Nexus 5X Build/MMB29P) AppleWebKit/537.36 (KHTML, like Gecko) Chrome/136.0.7103.113 Mobile Safari/537.36 (compatible; Googlebot/2.1; +http://www.google.com/bot.html)"
enterpriseautosalesinc.com.infinitibizsol.com:443 66.249.64.41 - - [10/Jun/2025:08:27:26 +0000] "GET /?intention/commoditys/20573664549.shtml HTTP/1.1" 200 462390 "-" "Mozilla/5.0 (Linux; Android 6.0.1; Nexus 5X Build/MMB29P) AppleWebKit/537.36 (KHTML, like Gecko) Chrome/136.0.7103.113 Mobile Safari/537.36 (compatible; Googlebot/2.1; +http://www.google.com/bot.html)"
enterpriseautosalesinc.com.infinitibizsol.com:443 66.249.64.42 - - [10/Jun/2025:08:27:33 +0000] "GET /?lincolnshire/commoditys/20521351309.shtml HTTP/1.1" 200 473388 "-" "Mozilla/5.0 (Linux; Android 6.0.1; Nexus 5X Build/MMB29P) AppleWebKit/537.36 (KHTML, like Gecko) Chrome/136.0.7103.113 Mobile Safari/537.36 (compatible; Googlebot/2.1; +http://www.google.com/bot.html)"
enterpriseautosalesinc.com.infinitibizsol.com:443 20.171.207.108 - - [10/Jun/2025:08:27:34 +0000] "GET /regulation/socially158/hdnkc-27667/ HTTP/1.1" 500 5 "-" "Mozilla/5.0 AppleWebKit/537.36 (KHTML, like Gecko; compatible; GPTBot/1.2; +https://openai.com/gptbot)"
enterpriseautosalesinc.com.infinitibizsol.com:443 66.249.64.42 - - [10/Jun/2025:08:27:39 +0000] "GET /?lively/20584489539.shtml HTTP/1.1" 200 462742 "-" "Mozilla/5.0 (Linux; Android 6.0.1; Nexus 5X Build/MMB29P) AppleWebKit/537.36 (KHTML, like Gecko) Chrome/136.0.7103.113 Mobile Safari/537.36 (compatible; Googlebot/2.1; +http://www.google.com/bot.html)"
enterpriseautosalesinc.com.infinitibizsol.com:443 66.249.64.42 - - [10/Jun/2025:08:27:45 +0000] "GET /?violate/item/20552890000.shtml HTTP/1.1" 200 465283 "-" "Mozilla/5.0 (Linux; Android 6.0.1; Nexus 5X Build/MMB29P) AppleWebKit/537.36 (KHTML, like Gecko) Chrome/136.0.7103.113 Mobile Safari/537.36 (compatible; Googlebot/2.1; +http://www.google.com/bot.html)"
enterpriseautosalesinc.com.infinitibizsol.com:443 66.249.64.42 - - [10/Jun/2025:08:27:50 +0000] "GET /?mechanism/shopdetail/20542661271.shtml HTTP/1.1" 200 469267 "-" "Mozilla/5.0 (Linux; Android 6.0.1; Nexus 5X Build/MMB29P) AppleWebKit/537.36 (KHTML, like Gecko) Chrome/136.0.7103.113 Mobile Safari/537.36 (compatible; Googlebot/2.1; +http://www.google.com/bot.html)"
enterpriseautosalesinc.com.infinitibizsol.com:443 66.249.64.41 - - [10/Jun/2025:08:27:58 +0000] "GET /?vine/20574029513.shtml HTTP/1.1" 200 462381 "-" "Mozilla/5.0 (Linux; Android 6.0.1; Nexus 5X Build/MMB29P) AppleWebKit/537.36 (KHTML, like Gecko) Chrome/136.0.7103.113 Mobile Safari/537.36 (compatible; Googlebot/2.1; +http://www.google.com/bot.html)"
enterpriseautosalesinc.com.infinitibizsol.com:443 66.249.64.41 - - [10/Jun/2025:08:28:03 +0000] "GET /?light/20532157867.shtml HTTP/1.1" 200 456076 "-" "Mozilla/5.0 (Linux; Android 6.0.1; Nexus 5X Build/MMB29P) AppleWebKit/537.36 (KHTML, like Gecko) Chrome/136.0.7103.113 Mobile Safari/537.36 (compatible; Googlebot/2.1; +http://www.google.com/bot.html)"
enterpriseautosalesinc.com.infinitibizsol.com:443 66.249.64.41 - - [10/Jun/2025:08:28:13 +0000] "GET /?commission/products/2051958282.shtml HTTP/1.1" 200 471740 "-" "Mozilla/5.0 (Linux; Android 6.0.1; Nexus 5X Build/MMB29P) AppleWebKit/537.36 (KHTML, like Gecko) Chrome/136.0.7103.113 Mobile Safari/537.36 (compatible; Googlebot/2.1; +http://www.google.com/bot.html)"
enterpriseautosalesinc.com.infinitibizsol.com:443 66.249.64.41 - - [10/Jun/2025:08:28:18 +0000] "GET /?20542745185.shtml HTTP/1.1" 200 466069 "-" "Mozilla/5.0 (Linux; Android 6.0.1; Nexus 5X Build/MMB29P) AppleWebKit/537.36 (KHTML, like Gecko) Chrome/136.0.7103.113 Mobile Safari/537.36 (compatible; Googlebot/2.1; +http://www.google.com/bot.html)"
enterpriseautosalesinc.com.infinitibizsol.com:443 66.249.64.41 - - [10/Jun/2025:08:28:25 +0000] "GET /?countless/products/20531810612.shtml HTTP/1.1" 200 463180 "-" "Mozilla/5.0 (Linux; Android 6.0.1; Nexus 5X Build/MMB29P) AppleWebKit/537.36 (KHTML, like Gecko) Chrome/136.0.7103.113 Mobile Safari/537.36 (compatible; Googlebot/2.1; +http://www.google.com/bot.html)"
enterpriseautosalesinc.com.infinitibizsol.com:443 66.249.64.41 - - [10/Jun/2025:08:28:31 +0000] "GET /?ratings/20521618530.shtml HTTP/1.1" 200 473685 "-" "Mozilla/5.0 (Linux; Android 6.0.1; Nexus 5X Build/MMB29P) AppleWebKit/537.36 (KHTML, like Gecko) Chrome/136.0.7103.113 Mobile Safari/537.36 (compatible; Googlebot/2.1; +http://www.google.com/bot.html)"
enterpriseautosalesinc.com.infinitibizsol.com:443 20.171.207.108 - - [10/Jun/2025:08:28:34 +0000] "GET /precious/demonstrate54/b0wqn-21097/ HTTP/1.1" 500 5 "-" "Mozilla/5.0 AppleWebKit/537.36 (KHTML, like Gecko; compatible; GPTBot/1.2; +https://openai.com/gptbot)"
enterpriseautosalesinc.com.infinitibizsol.com:443 66.249.64.41 - - [10/Jun/2025:08:28:36 +0000] "GET /?wont/commoditys/2051868879.shtml HTTP/1.1" 200 465460 "-" "Mozilla/5.0 (Linux; Android 6.0.1; Nexus 5X Build/MMB29P) AppleWebKit/537.36 (KHTML, like Gecko) Chrome/136.0.7103.113 Mobile Safari/537.36 (compatible; Googlebot/2.1; +http://www.google.com/bot.html)"
enterpriseautosalesinc.com.infinitibizsol.com:443 66.249.64.43 - - [10/Jun/2025:08:28:44 +0000] "GET /?worthy/commoditys/20542365339.shtml HTTP/1.1" 200 472212 "-" "Mozilla/5.0 (Linux; Android 6.0.1; Nexus 5X Build/MMB29P) AppleWebKit/537.36 (KHTML, like Gecko) Chrome/136.0.7103.113 Mobile Safari/537.36 (compatible; Googlebot/2.1; +http://www.google.com/bot.html)"
enterpriseautosalesinc.com.infinitibizsol.com:443 66.249.64.43 - - [10/Jun/2025:08:28:49 +0000] "GET /?20573674177.shtml HTTP/1.1" 200 497764 "-" "Mozilla/5.0 (Linux; Android 6.0.1; Nexus 5X Build/MMB29P) AppleWebKit/537.36 (KHTML, like Gecko) Chrome/136.0.7103.113 Mobile Safari/537.36 (compatible; Googlebot/2.1; +http://www.google.com/bot.html)"
enterpriseautosalesinc.com.infinitibizsol.com:443 66.249.64.43 - - [10/Jun/2025:08:28:59 +0000] "GET /?hypotheses/20511035234.shtml HTTP/1.1" 200 473437 "-" "Mozilla/5.0 (Linux; Android 6.0.1; Nexus 5X Build/MMB29P) AppleWebKit/537.36 (KHTML, like Gecko) Chrome/136.0.7103.113 Mobile Safari/537.36 (compatible; Googlebot/2.1; +http://www.google.com/bot.html)"
enterpriseautosalesinc.com.infinitibizsol.com:443 66.249.64.43 - - [10/Jun/2025:08:29:03 +0000] "GET /?clothes/products/20553000142.shtml HTTP/1.1" 200 467390 "-" "Mozilla/5.0 (Linux; Android 6.0.1; Nexus 5X Build/MMB29P) AppleWebKit/537.36 (KHTML, like Gecko) Chrome/136.0.7103.113 Mobile Safari/537.36 (compatible; Googlebot/2.1; +http://www.google.com/bot.html)"
enterpriseautosalesinc.com.infinitibizsol.com:443 66.249.64.42 - - [10/Jun/2025:08:29:19 +0000] "GET /?20563462542.shtml HTTP/1.1" 200 469814 "-" "Mozilla/5.0 (Linux; Android 6.0.1; Nexus 5X Build/MMB29P) AppleWebKit/537.36 (KHTML, like Gecko) Chrome/136.0.7103.113 Mobile Safari/537.36 (compatible; Googlebot/2.1; +http://www.google.com/bot.html)"
enterpriseautosalesinc.com.infinitibizsol.com:443 66.249.64.41 - - [10/Jun/2025:08:29:27 +0000] "GET /?ke/2051988770.shtml HTTP/1.1" 200 462469 "-" "Mozilla/5.0 (Linux; Android 6.0.1; Nexus 5X Build/MMB29P) AppleWebKit/537.36 (KHTML, like Gecko) Chrome/136.0.7103.113 Mobile Safari/537.36 (compatible; Googlebot/2.1; +http://www.google.com/bot.html)"
enterpriseautosalesinc.com.infinitibizsol.com:443 66.249.64.41 - - [10/Jun/2025:08:29:34 +0000] "GET /?20542511245.shtml HTTP/1.1" 200 468148 "-" "Mozilla/5.0 (Linux; Android 6.0.1; Nexus 5X Build/MMB29P) AppleWebKit/537.36 (KHTML, like Gecko) Chrome/136.0.7103.113 Mobile Safari/537.36 (compatible; Googlebot/2.1; +http://www.google.com/bot.html)"
enterpriseautosalesinc.com.infinitibizsol.com:443 20.171.207.108 - - [10/Jun/2025:08:29:36 +0000] "GET /strength/capability281/xxlue-29350/ HTTP/1.1" 500 0 "-" "Mozilla/5.0 AppleWebKit/537.36 (KHTML, like Gecko; compatible; GPTBot/1.2; +https://openai.com/gptbot)"
enterpriseautosalesinc.com.infinitibizsol.com:443 66.249.64.41 - - [10/Jun/2025:08:29:39 +0000] "GET /?viability/auction/20511053124.shtml HTTP/1.1" 200 481831 "-" "Mozilla/5.0 (Linux; Android 6.0.1; Nexus 5X Build/MMB29P) AppleWebKit/537.36 (KHTML, like Gecko) Chrome/136.0.7103.113 Mobile Safari/537.36 (compatible; Googlebot/2.1; +http://www.google.com/bot.html)"
enterpriseautosalesinc.com.infinitibizsol.com:443 66.249.64.42 - - [10/Jun/2025:08:29:43 +0000] "GET /?20542571386.shtml HTTP/1.1" 200 461449 "-" "Mozilla/5.0 (Linux; Android 6.0.1; Nexus 5X Build/MMB29P) AppleWebKit/537.36 (KHTML, like Gecko) Chrome/136.0.7103.113 Mobile Safari/537.36 (compatible; Googlebot/2.1; +http://www.google.com/bot.html)"
enterpriseautosalesinc.com.infinitibizsol.com:443 66.249.64.41 - - [10/Jun/2025:08:29:46 +0000] "GET /?islam/20542482911.shtml HTTP/1.1" 200 464687 "-" "Mozilla/5.0 (Linux; Android 6.0.1; Nexus 5X Build/MMB29P) AppleWebKit/537.36 (KHTML, like Gecko) Chrome/136.0.7103.113 Mobile Safari/537.36 (compatible; Googlebot/2.1; +http://www.google.com/bot.html)"
enterpriseautosalesinc.com.infinitibizsol.com:443 66.249.64.43 - - [10/Jun/2025:08:29:54 +0000] "GET /?wonderland/auction/20552853964.shtml HTTP/1.1" 200 460842 "-" "Mozilla/5.0 (Linux; Android 6.0.1; Nexus 5X Build/MMB29P) AppleWebKit/537.36 (KHTML, like Gecko) Chrome/136.0.7103.113 Mobile Safari/537.36 (compatible; Googlebot/2.1; +http://www.google.com/bot.html)"
enterpriseautosalesinc.com.infinitibizsol.com:443 66.249.64.42 - - [10/Jun/2025:08:30:05 +0000] "GET /?funded/20584281783.shtml HTTP/1.1" 200 467897 "-" "Mozilla/5.0 (Linux; Android 6.0.1; Nexus 5X Build/MMB29P) AppleWebKit/537.36 (KHTML, like Gecko) Chrome/136.0.7103.113 Mobile Safari/537.36 (compatible; Googlebot/2.1; +http://www.google.com/bot.html)"
enterpriseautosalesinc.com.infinitibizsol.com:443 66.249.64.42 - - [10/Jun/2025:08:30:09 +0000] "GET /?20553065753.shtml HTTP/1.1" 200 465263 "-" "Mozilla/5.0 (Linux; Android 6.0.1; Nexus 5X Build/MMB29P) AppleWebKit/537.36 (KHTML, like Gecko) Chrome/136.0.7103.113 Mobile Safari/537.36 (compatible; Googlebot/2.1; +http://www.google.com/bot.html)"
enterpriseautosalesinc.com.infinitibizsol.com:443 66.249.64.41 - - [10/Jun/2025:08:30:17 +0000] "GET /?2050568040.shtml HTTP/1.1" 200 466522 "-" "Mozilla/5.0 (Linux; Android 6.0.1; Nexus 5X Build/MMB29P) AppleWebKit/537.36 (KHTML, like Gecko) Chrome/136.0.7103.113 Mobile Safari/537.36 (compatible; Googlebot/2.1; +http://www.google.com/bot.html)"
enterpriseautosalesinc.com.infinitibizsol.com:443 66.249.64.42 - - [10/Jun/2025:08:30:26 +0000] "GET /?ile/merchandises/20521567993.shtml HTTP/1.1" 200 489970 "-" "Mozilla/5.0 (Linux; Android 6.0.1; Nexus 5X Build/MMB29P) AppleWebKit/537.36 (KHTML, like Gecko) Chrome/136.0.7103.113 Mobile Safari/537.36 (compatible; Googlebot/2.1; +http://www.google.com/bot.html)"
enterpriseautosalesinc.com.infinitibizsol.com:443 66.249.64.41 - - [10/Jun/2025:08:30:29 +0000] "GET /?sexe/2050592332.shtml HTTP/1.1" 200 458886 "-" "Mozilla/5.0 (Linux; Android 6.0.1; Nexus 5X Build/MMB29P) AppleWebKit/537.36 (KHTML, like Gecko) Chrome/136.0.7103.113 Mobile Safari/537.36 (compatible; Googlebot/2.1; +http://www.google.com/bot.html)"
enterpriseautosalesinc.com.infinitibizsol.com:443 20.171.207.108 - - [10/Jun/2025:08:30:36 +0000] "GET /consumption/dynamics129/h4zpe-8580/ HTTP/1.1" 500 5 "-" "Mozilla/5.0 AppleWebKit/537.36 (KHTML, like Gecko; compatible; GPTBot/1.2; +https://openai.com/gptbot)"
enterpriseautosalesinc.com.infinitibizsol.com:443 66.249.64.41 - - [10/Jun/2025:08:30:36 +0000] "GET /?20521544810.shtml HTTP/1.1" 200 482801 "-" "Mozilla/5.0 (Linux; Android 6.0.1; Nexus 5X Build/MMB29P) AppleWebKit/537.36 (KHTML, like Gecko) Chrome/136.0.7103.113 Mobile Safari/537.36 (compatible; Googlebot/2.1; +http://www.google.com/bot.html)"
enterpriseautosalesinc.com.infinitibizsol.com:443 66.249.64.41 - - [10/Jun/2025:08:30:41 +0000] "GET /?2050421220.shtml HTTP/1.1" 200 463081 "-" "Mozilla/5.0 (Linux; Android 6.0.1; Nexus 5X Build/MMB29P) AppleWebKit/537.36 (KHTML, like Gecko) Chrome/136.0.7103.113 Mobile Safari/537.36 (compatible; Googlebot/2.1; +http://www.google.com/bot.html)"
enterpriseautosalesinc.com.infinitibizsol.com:443 66.249.64.41 - - [10/Jun/2025:08:30:49 +0000] "GET /?regularly/shopping/20521222105.shtml HTTP/1.1" 200 455736 "-" "Mozilla/5.0 (Linux; Android 6.0.1; Nexus 5X Build/MMB29P) AppleWebKit/537.36 (KHTML, like Gecko) Chrome/136.0.7103.113 Mobile Safari/537.36 (compatible; Googlebot/2.1; +http://www.google.com/bot.html)"
enterpriseautosalesinc.com.infinitibizsol.com:443 66.249.64.43 - - [10/Jun/2025:08:30:57 +0000] "GET /?fernando/merchandises/2051910303.shtml HTTP/1.1" 200 465250 "-" "Mozilla/5.0 (Linux; Android 6.0.1; Nexus 5X Build/MMB29P) AppleWebKit/537.36 (KHTML, like Gecko) Chrome/136.0.7103.113 Mobile Safari/537.36 (compatible; Googlebot/2.1; +http://www.google.com/bot.html)"
enterpriseautosalesinc.com.infinitibizsol.com:443 66.249.64.41 - - [10/Jun/2025:08:31:00 +0000] "GET /?2050303488.shtml HTTP/1.1" 200 457493 "-" "Mozilla/5.0 (Linux; Android 6.0.1; Nexus 5X Build/MMB29P) AppleWebKit/537.36 (KHTML, like Gecko) Chrome/136.0.7103.113 Mobile Safari/537.36 (compatible; Googlebot/2.1; +http://www.google.com/bot.html)"
enterpriseautosalesinc.com.infinitibizsol.com:443 66.249.64.41 - - [10/Jun/2025:08:31:08 +0000] "GET /?seasonal/commoditys/20531943119.shtml HTTP/1.1" 200 480654 "-" "Mozilla/5.0 (Linux; Android 6.0.1; Nexus 5X Build/MMB29P) AppleWebKit/537.36 (KHTML, like Gecko) Chrome/136.0.7103.113 Mobile Safari/537.36 (compatible; Googlebot/2.1; +http://www.google.com/bot.html)"
enterpriseautosalesinc.com.infinitibizsol.com:443 66.249.64.42 - - [10/Jun/2025:08:31:13 +0000] "GET /?2051999974.shtml HTTP/1.1" 200 480764 "-" "Mozilla/5.0 (Linux; Android 6.0.1; Nexus 5X Build/MMB29P) AppleWebKit/537.36 (KHTML, like Gecko) Chrome/136.0.7103.113 Mobile Safari/537.36 (compatible; Googlebot/2.1; +http://www.google.com/bot.html)"
enterpriseautosalesinc.com.infinitibizsol.com:443 204.12.252.98 - - [10/Jun/2025:08:31:18 +0000] "GET /wp-content/admin.php HTTP/1.1" 200 16 "https://enterpriseautosalesinc.com/wp-content/admin.php" "Mozilla/5.0 (Windows NT 10.0; Win64; x64) AppleWebKit/537.36 (KHTML, like Gecko) Chrome/58.0.3029.110 Safari/537.3"
enterpriseautosalesinc.com.infinitibizsol.com:443 66.249.64.41 - - [10/Jun/2025:08:31:22 +0000] "GET /?ignorance/20542549235.shtml HTTP/1.1" 200 457583 "-" "Mozilla/5.0 (Linux; Android 6.0.1; Nexus 5X Build/MMB29P) AppleWebKit/537.36 (KHTML, like Gecko) Chrome/136.0.7103.113 Mobile Safari/537.36 (compatible; Googlebot/2.1; +http://www.google.com/bot.html)"
enterpriseautosalesinc.com.infinitibizsol.com:443 66.249.64.41 - - [10/Jun/2025:08:31:27 +0000] "GET /?enemies/20584485555.shtml HTTP/1.1" 200 457702 "-" "Mozilla/5.0 (Linux; Android 6.0.1; Nexus 5X Build/MMB29P) AppleWebKit/537.36 (KHTML, like Gecko) Chrome/136.0.7103.113 Mobile Safari/537.36 (compatible; Googlebot/2.1; +http://www.google.com/bot.html)"
enterpriseautosalesinc.com.infinitibizsol.com:443 66.249.64.42 - - [10/Jun/2025:08:31:35 +0000] "GET /?medium/2050398868.shtml HTTP/1.1" 200 483048 "-" "Mozilla/5.0 (Linux; Android 6.0.1; Nexus 5X Build/MMB29P) AppleWebKit/537.36 (KHTML, like Gecko) Chrome/136.0.7103.113 Mobile Safari/537.36 (compatible; Googlebot/2.1; +http://www.google.com/bot.html)"
enterpriseautosalesinc.com.infinitibizsol.com:443 20.171.207.108 - - [10/Jun/2025:08:31:38 +0000] "GET /compromise/question243/lwqkj-38450/ HTTP/1.1" 500 0 "-" "Mozilla/5.0 AppleWebKit/537.36 (KHTML, like Gecko; compatible; GPTBot/1.2; +https://openai.com/gptbot)"
enterpriseautosalesinc.com.infinitibizsol.com:443 66.249.64.41 - - [10/Jun/2025:08:31:42 +0000] "GET /?20521223849.shtml HTTP/1.1" 200 465498 "-" "Mozilla/5.0 (Linux; Android 6.0.1; Nexus 5X Build/MMB29P) AppleWebKit/537.36 (KHTML, like Gecko) Chrome/136.0.7103.113 Mobile Safari/537.36 (compatible; Googlebot/2.1; +http://www.google.com/bot.html)"
enterpriseautosalesinc.com.infinitibizsol.com:443 66.249.64.43 - - [10/Jun/2025:08:31:48 +0000] "GET /?20573669908.shtml HTTP/1.1" 200 471766 "-" "Mozilla/5.0 (Linux; Android 6.0.1; Nexus 5X Build/MMB29P) AppleWebKit/537.36 (KHTML, like Gecko) Chrome/136.0.7103.113 Mobile Safari/537.36 (compatible; Googlebot/2.1; +http://www.google.com/bot.html)"
enterpriseautosalesinc.com.infinitibizsol.com:443 66.249.64.43 - - [10/Jun/2025:08:31:57 +0000] "GET /?salute/20552975772.shtml HTTP/1.1" 200 462894 "-" "Mozilla/5.0 (Linux; Android 6.0.1; Nexus 5X Build/MMB29P) AppleWebKit/537.36 (KHTML, like Gecko) Chrome/136.0.7103.113 Mobile Safari/537.36 (compatible; Googlebot/2.1; +http://www.google.com/bot.html)"
enterpriseautosalesinc.com.infinitibizsol.com:443 66.249.64.42 - - [10/Jun/2025:08:32:04 +0000] "GET /?mahogany/good/20542431858.shtml HTTP/1.1" 200 462745 "-" "Mozilla/5.0 (Linux; Android 6.0.1; Nexus 5X Build/MMB29P) AppleWebKit/537.36 (KHTML, like Gecko) Chrome/136.0.7103.113 Mobile Safari/537.36 (compatible; Googlebot/2.1; +http://www.google.com/bot.html)"
enterpriseautosalesinc.com.infinitibizsol.com:443 66.249.64.42 - - [10/Jun/2025:08:32:09 +0000] "GET /?picks/item/20511201480.shtml HTTP/1.1" 200 463186 "-" "Mozilla/5.0 (Linux; Android 6.0.1; Nexus 5X Build/MMB29P) AppleWebKit/537.36 (KHTML, like Gecko) Chrome/136.0.7103.113 Mobile Safari/537.36 (compatible; Googlebot/2.1; +http://www.google.com/bot.html)"
enterpriseautosalesinc.com.infinitibizsol.com:443 66.249.64.41 - - [10/Jun/2025:08:32:16 +0000] "GET /?20521262930.shtml HTTP/1.1" 200 464973 "-" "Mozilla/5.0 (Linux; Android 6.0.1; Nexus 5X Build/MMB29P) AppleWebKit/537.36 (KHTML, like Gecko) Chrome/136.0.7103.113 Mobile Safari/537.36 (compatible; Googlebot/2.1; +http://www.google.com/bot.html)"
enterpriseautosalesinc.com.infinitibizsol.com:443 66.249.64.42 - - [10/Jun/2025:08:32:24 +0000] "GET /?blockbuster/20584595496.shtml HTTP/1.1" 200 471920 "-" "Mozilla/5.0 (Linux; Android 6.0.1; Nexus 5X Build/MMB29P) AppleWebKit/537.36 (KHTML, like Gecko) Chrome/136.0.7103.113 Mobile Safari/537.36 (compatible; Googlebot/2.1; +http://www.google.com/bot.html)"
enterpriseautosalesinc.com.infinitibizsol.com:443 66.249.64.42 - - [10/Jun/2025:08:32:29 +0000] "GET /?20521482866.shtml HTTP/1.1" 200 466459 "-" "Mozilla/5.0 (Linux; Android 6.0.1; Nexus 5X Build/MMB29P) AppleWebKit/537.36 (KHTML, like Gecko) Chrome/136.0.7103.113 Mobile Safari/537.36 (compatible; Googlebot/2.1; +http://www.google.com/bot.html)"
enterpriseautosalesinc.com.infinitibizsol.com:443 66.249.64.41 - - [10/Jun/2025:08:32:33 +0000] "GET /?furnishing/shopping/20521734895.shtml HTTP/1.1" 200 465755 "-" "Mozilla/5.0 (Linux; Android 6.0.1; Nexus 5X Build/MMB29P) AppleWebKit/537.36 (KHTML, like Gecko) Chrome/136.0.7103.113 Mobile Safari/537.36 (compatible; Googlebot/2.1; +http://www.google.com/bot.html)"
enterpriseautosalesinc.com.infinitibizsol.com:443 20.171.207.108 - - [10/Jun/2025:08:32:38 +0000] "GET /usual/depth79/4xcnj-8032/ HTTP/1.1" 500 5 "-" "Mozilla/5.0 AppleWebKit/537.36 (KHTML, like Gecko; compatible; GPTBot/1.2; +https://openai.com/gptbot)"
enterpriseautosalesinc.com.infinitibizsol.com:443 66.249.64.41 - - [10/Jun/2025:08:32:44 +0000] "GET /?2050267794.shtml HTTP/1.1" 200 468699 "-" "Mozilla/5.0 (Linux; Android 6.0.1; Nexus 5X Build/MMB29P) AppleWebKit/537.36 (KHTML, like Gecko) Chrome/136.0.7103.113 Mobile Safari/537.36 (compatible; Googlebot/2.1; +http://www.google.com/bot.html)"
enterpriseautosalesinc.com.infinitibizsol.com:443 66.249.64.43 - - [10/Jun/2025:08:32:48 +0000] "GET /?corp/20521522500.shtml HTTP/1.1" 200 476185 "-" "Mozilla/5.0 (Linux; Android 6.0.1; Nexus 5X Build/MMB29P) AppleWebKit/537.36 (KHTML, like Gecko) Chrome/136.0.7103.113 Mobile Safari/537.36 (compatible; Googlebot/2.1; +http://www.google.com/bot.html)"
