enterpriseautosalesinc.com.infinitibizsol.com:443 66.249.70.128 - - [10/Jun/2025:05:18:35 +0000] "GET /?celebrated/20584127669.shtml HTTP/1.1" 200 471124 "-" "Mozilla/5.0 (Linux; Android 6.0.1; Nexus 5X Build/MMB29P) AppleWebKit/537.36 (KHTML, like Gecko) Chrome/136.0.7103.113 Mobile Safari/537.36 (compatible; Googlebot/2.1; +http://www.google.com/bot.html)"
enterpriseautosalesinc.com.infinitibizsol.com:443 20.171.207.108 - - [10/Jun/2025:05:19:35 +0000] "GET /construction/replacement14/v9b64-35717/ HTTP/1.1" 500 5 "-" "Mozilla/5.0 AppleWebKit/537.36 (KHTML, like Gecko; compatible; GPTBot/1.2; +https://openai.com/gptbot)"
enterpriseautosalesinc.com.infinitibizsol.com:443 20.171.207.108 - - [10/Jun/2025:05:20:38 +0000] "GET /filter/drunk82/81hrp-12825/ HTTP/1.1" 500 5 "-" "Mozilla/5.0 AppleWebKit/537.36 (KHTML, like Gecko; compatible; GPTBot/1.2; +https://openai.com/gptbot)"
enterpriseautosalesinc.com.infinitibizsol.com:443 204.12.252.98 - - [10/Jun/2025:05:21:10 +0000] "GET /wp-content/admin.php HTTP/1.1" 200 16 "https://enterpriseautosalesinc.com/wp-content/admin.php" "Mozilla/5.0 (Windows NT 10.0; Win64; x64) AppleWebKit/537.36 (KHTML, like Gecko) Chrome/58.0.3029.110 Safari/537.3"
enterpriseautosalesinc.com.infinitibizsol.com:443 20.171.207.108 - - [10/Jun/2025:05:21:40 +0000] "GET /filter/lead181/xo5cg-38188/ HTTP/1.1" 500 0 "-" "Mozilla/5.0 AppleWebKit/537.36 (KHTML, like Gecko; compatible; GPTBot/1.2; +https://openai.com/gptbot)"
enterpriseautosalesinc.com.infinitibizsol.com:443 66.249.70.128 - - [10/Jun/2025:05:21:52 +0000] "GET /?glance/2051881291.shtml HTTP/1.1" 200 479815 "-" "Mozilla/5.0 (Linux; Android 6.0.1; Nexus 5X Build/MMB29P) AppleWebKit/537.36 (KHTML, like Gecko) Chrome/136.0.7103.113 Mobile Safari/537.36 (compatible; Googlebot/2.1; +http://www.google.com/bot.html)"
enterpriseautosalesinc.com.infinitibizsol.com:443 66.249.70.142 - - [10/Jun/2025:05:22:29 +0000] "GET /?ios/2051769379.shtml HTTP/1.1" 200 464388 "-" "Mozilla/5.0 (Linux; Android 6.0.1; Nexus 5X Build/MMB29P) AppleWebKit/537.36 (KHTML, like Gecko) Chrome/136.0.7103.113 Mobile Safari/537.36 (compatible; Googlebot/2.1; +http://www.google.com/bot.html)"
enterpriseautosalesinc.com.infinitibizsol.com:443 20.171.207.108 - - [10/Jun/2025:05:22:42 +0000] "GET /hi/rid248/w8e99-9109/ HTTP/1.1" 500 5 "-" "Mozilla/5.0 AppleWebKit/537.36 (KHTML, like Gecko; compatible; GPTBot/1.2; +https://openai.com/gptbot)"
enterpriseautosalesinc.com.infinitibizsol.com:443 20.171.207.108 - - [10/Jun/2025:05:23:44 +0000] "GET /considerably/ridge171/fpptz-26650/ HTTP/1.1" 500 5 "-" "Mozilla/5.0 AppleWebKit/537.36 (KHTML, like Gecko; compatible; GPTBot/1.2; +https://openai.com/gptbot)"
enterpriseautosalesinc.com.infinitibizsol.com:443 20.171.207.108 - - [10/Jun/2025:05:24:44 +0000] "GET /surveillance/greet168/khcbx-45193/ HTTP/1.1" 500 0 "-" "Mozilla/5.0 AppleWebKit/537.36 (KHTML, like Gecko; compatible; GPTBot/1.2; +https://openai.com/gptbot)"
enterpriseautosalesinc.com.infinitibizsol.com:443 20.171.207.108 - - [10/Jun/2025:05:25:47 +0000] "GET /century/presidency146/ljvom-48035/ HTTP/1.1" 500 0 "-" "Mozilla/5.0 AppleWebKit/537.36 (KHTML, like Gecko; compatible; GPTBot/1.2; +https://openai.com/gptbot)"
enterpriseautosalesinc.com.infinitibizsol.com:443 20.171.207.108 - - [10/Jun/2025:05:26:48 +0000] "GET /efficiency/obviously48/k3m9g-7715/ HTTP/1.1" 500 5 "-" "Mozilla/5.0 AppleWebKit/537.36 (KHTML, like Gecko; compatible; GPTBot/1.2; +https://openai.com/gptbot)"
enterpriseautosalesinc.com.infinitibizsol.com:443 66.249.70.142 - - [10/Jun/2025:05:27:13 +0000] "GET /?casa/good/20573945915.shtml HTTP/1.1" 200 465284 "-" "Mozilla/5.0 (Linux; Android 6.0.1; Nexus 5X Build/MMB29P) AppleWebKit/537.36 (KHTML, like Gecko) Chrome/136.0.7103.113 Mobile Safari/537.36 (compatible; Googlebot/2.1; +http://www.google.com/bot.html)"
enterpriseautosalesinc.com.infinitibizsol.com:443 20.171.207.108 - - [10/Jun/2025:05:27:48 +0000] "GET /therapist/conclude238/spywf-47797/ HTTP/1.1" 500 5 "-" "Mozilla/5.0 AppleWebKit/537.36 (KHTML, like Gecko; compatible; GPTBot/1.2; +https://openai.com/gptbot)"
enterpriseautosalesinc.com.infinitibizsol.com:443 66.249.70.142 - - [10/Jun/2025:05:28:00 +0000] "GET /?e=91501536502 HTTP/1.1" 200 467128 "-" "Mozilla/5.0 (Linux; Android 6.0.1; Nexus 5X Build/MMB29P) AppleWebKit/537.36 (KHTML, like Gecko) Chrome/136.0.7103.113 Mobile Safari/537.36 (compatible; Googlebot/2.1; +http://www.google.com/bot.html)"
enterpriseautosalesinc.com.infinitibizsol.com:443 20.171.207.108 - - [10/Jun/2025:05:28:53 +0000] "GET /continuous/reality139/zjqkg-39620/ HTTP/1.1" 500 5 "-" "Mozilla/5.0 AppleWebKit/537.36 (KHTML, like Gecko; compatible; GPTBot/1.2; +https://openai.com/gptbot)"
enterpriseautosalesinc.com.infinitibizsol.com:443 20.171.207.108 - - [10/Jun/2025:05:29:56 +0000] "GET /punish/productivity251/l4cbb-8676/ HTTP/1.1" 500 5 "-" "Mozilla/5.0 AppleWebKit/537.36 (KHTML, like Gecko; compatible; GPTBot/1.2; +https://openai.com/gptbot)"
enterpriseautosalesinc.com.infinitibizsol.com:443 66.249.70.129 - - [10/Jun/2025:05:30:38 +0000] "GET /?helper/shopping/20511129782.shtml HTTP/1.1" 200 466943 "-" "Mozilla/5.0 (Linux; Android 6.0.1; Nexus 5X Build/MMB29P) AppleWebKit/537.36 (KHTML, like Gecko) Chrome/136.0.7103.113 Mobile Safari/537.36 (compatible; Googlebot/2.1; +http://www.google.com/bot.html)"
enterpriseautosalesinc.com.infinitibizsol.com:443 20.171.207.108 - - [10/Jun/2025:05:31:00 +0000] "GET /uncertain/household278/6ykkb-6029/ HTTP/1.1" 500 5 "-" "Mozilla/5.0 AppleWebKit/537.36 (KHTML, like Gecko; compatible; GPTBot/1.2; +https://openai.com/gptbot)"
enterpriseautosalesinc.com.infinitibizsol.com:443 66.249.70.128 - - [10/Jun/2025:05:31:14 +0000] "GET /?e=91522793640 HTTP/1.1" 200 465201 "-" "Mozilla/5.0 (Linux; Android 6.0.1; Nexus 5X Build/MMB29P) AppleWebKit/537.36 (KHTML, like Gecko) Chrome/136.0.7103.113 Mobile Safari/537.36 (compatible; Googlebot/2.1; +http://www.google.com/bot.html)"
enterpriseautosalesinc.com.infinitibizsol.com:443 66.249.70.142 - - [10/Jun/2025:05:31:20 +0000] "GET /?e=91564577720 HTTP/1.1" 200 464424 "-" "Mozilla/5.0 (Linux; Android 6.0.1; Nexus 5X Build/MMB29P) AppleWebKit/537.36 (KHTML, like Gecko) Chrome/136.0.7103.113 Mobile Safari/537.36 (compatible; Googlebot/2.1; +http://www.google.com/bot.html)"
enterpriseautosalesinc.com.infinitibizsol.com:443 66.249.70.142 - - [10/Jun/2025:05:31:39 +0000] "GET /?e=91543736171 HTTP/1.1" 200 462243 "-" "Mozilla/5.0 (Linux; Android 6.0.1; Nexus 5X Build/MMB29P) AppleWebKit/537.36 (KHTML, like Gecko) Chrome/136.0.7103.113 Mobile Safari/537.36 (compatible; Googlebot/2.1; +http://www.google.com/bot.html)"
enterpriseautosalesinc.com.infinitibizsol.com:443 66.249.70.128 - - [10/Jun/2025:05:31:49 +0000] "GET /?e=91512095230 HTTP/1.1" 200 461617 "-" "Mozilla/5.0 (Linux; Android 6.0.1; Nexus 5X Build/MMB29P) AppleWebKit/537.36 (KHTML, like Gecko) Chrome/136.0.7103.113 Mobile Safari/537.36 (compatible; Googlebot/2.1; +http://www.google.com/bot.html)"
enterpriseautosalesinc.com.infinitibizsol.com:443 20.171.207.108 - - [10/Jun/2025:05:32:05 +0000] "GET /challenge/northwest57/upv1n-29306/ HTTP/1.1" 500 5 "-" "Mozilla/5.0 AppleWebKit/537.36 (KHTML, like Gecko; compatible; GPTBot/1.2; +https://openai.com/gptbot)"
enterpriseautosalesinc.com.infinitibizsol.com:443 20.171.207.108 - - [10/Jun/2025:05:33:08 +0000] "GET /blue/consideration175/euczh-28836/ HTTP/1.1" 500 5 "-" "Mozilla/5.0 AppleWebKit/537.36 (KHTML, like Gecko; compatible; GPTBot/1.2; +https://openai.com/gptbot)"
enterpriseautosalesinc.com.infinitibizsol.com:443 66.249.70.142 - - [10/Jun/2025:05:33:09 +0000] "GET /?e=91533352368 HTTP/1.1" 200 502106 "-" "Mozilla/5.0 (Linux; Android 6.0.1; Nexus 5X Build/MMB29P) AppleWebKit/537.36 (KHTML, like Gecko) Chrome/136.0.7103.113 Mobile Safari/537.36 (compatible; Googlebot/2.1; +http://www.google.com/bot.html)"
enterpriseautosalesinc.com.infinitibizsol.com:443 66.249.70.128 - - [10/Jun/2025:05:33:20 +0000] "GET /?20532299879.shtml HTTP/1.1" 200 464559 "-" "Mozilla/5.0 (Linux; Android 6.0.1; Nexus 5X Build/MMB29P) AppleWebKit/537.36 (KHTML, like Gecko) Chrome/136.0.7103.113 Mobile Safari/537.36 (compatible; Googlebot/2.1; +http://www.google.com/bot.html)"
enterpriseautosalesinc.com.infinitibizsol.com:443 20.171.207.108 - - [10/Jun/2025:05:34:09 +0000] "GET /considerably/furthermore50/72x3l-29329/ HTTP/1.1" 500 5 "-" "Mozilla/5.0 AppleWebKit/537.36 (KHTML, like Gecko; compatible; GPTBot/1.2; +https://openai.com/gptbot)"
enterpriseautosalesinc.com.infinitibizsol.com:443 66.249.70.142 - - [10/Jun/2025:05:34:15 +0000] "GET /?abraham/20521325894.shtml HTTP/1.1" 200 471707 "-" "Mozilla/5.0 (Linux; Android 6.0.1; Nexus 5X Build/MMB29P) AppleWebKit/537.36 (KHTML, like Gecko) Chrome/136.0.7103.113 Mobile Safari/537.36 (compatible; Googlebot/2.1; +http://www.google.com/bot.html)"
enterpriseautosalesinc.com.infinitibizsol.com:443 20.171.207.108 - - [10/Jun/2025:05:35:13 +0000] "GET /surveillance/greet168/khcbx-45193/ HTTP/1.1" 500 5 "-" "Mozilla/5.0 AppleWebKit/537.36 (KHTML, like Gecko; compatible; GPTBot/1.2; +https://openai.com/gptbot)"
enterpriseautosalesinc.com.infinitibizsol.com:80 52.167.144.212 - - [10/Jun/2025:05:35:22 +0000] "GET /residential/20532279796.shtml HTTP/1.1" 200 23 "-" "Mozilla/5.0 AppleWebKit/537.36 (KHTML, like Gecko; compatible; bingbot/2.0; +http://www.bing.com/bingbot.htm) Chrome/116.0.1938.76 Safari/537.36"
enterpriseautosalesinc.com.infinitibizsol.com:443 20.171.207.108 - - [10/Jun/2025:05:36:15 +0000] "GET /scholarship/influential206/5nlq9-47485/ HTTP/1.1" 500 5 "-" "Mozilla/5.0 AppleWebKit/537.36 (KHTML, like Gecko; compatible; GPTBot/1.2; +https://openai.com/gptbot)"
enterpriseautosalesinc.com.infinitibizsol.com:443 20.171.207.108 - - [10/Jun/2025:05:37:15 +0000] "GET /nevertheless/coordinate125/9u3uj-44650/ HTTP/1.1" 500 5 "-" "Mozilla/5.0 AppleWebKit/537.36 (KHTML, like Gecko; compatible; GPTBot/1.2; +https://openai.com/gptbot)"
enterpriseautosalesinc.com.infinitibizsol.com:443 66.249.70.142 - - [10/Jun/2025:05:37:24 +0000] "GET /?e=9147141229 HTTP/1.1" 200 487829 "-" "Mozilla/5.0 (Linux; Android 6.0.1; Nexus 5X Build/MMB29P) AppleWebKit/537.36 (KHTML, like Gecko) Chrome/136.0.7103.113 Mobile Safari/537.36 (compatible; Googlebot/2.1; +http://www.google.com/bot.html)"
enterpriseautosalesinc.com.infinitibizsol.com:443 20.171.207.108 - - [10/Jun/2025:05:38:15 +0000] "GET /adjustment/conservation126/kn77g-14685/ HTTP/1.1" 500 5 "-" "Mozilla/5.0 AppleWebKit/537.36 (KHTML, like Gecko; compatible; GPTBot/1.2; +https://openai.com/gptbot)"
enterpriseautosalesinc.com.infinitibizsol.com:443 66.249.70.142 - - [10/Jun/2025:05:38:52 +0000] "GET /?lodge/20511140347.shtml HTTP/1.1" 200 461283 "-" "Mozilla/5.0 (Linux; Android 6.0.1; Nexus 5X Build/MMB29P) AppleWebKit/537.36 (KHTML, like Gecko) Chrome/136.0.7103.113 Mobile Safari/537.36 (compatible; Googlebot/2.1; +http://www.google.com/bot.html)"
enterpriseautosalesinc.com.infinitibizsol.com:443 20.171.207.108 - - [10/Jun/2025:05:39:16 +0000] "GET /so-called/option24/irmpa-6443/ HTTP/1.1" 500 5 "-" "Mozilla/5.0 AppleWebKit/537.36 (KHTML, like Gecko; compatible; GPTBot/1.2; +https://openai.com/gptbot)"
enterpriseautosalesinc.com.infinitibizsol.com:443 20.171.207.108 - - [10/Jun/2025:05:40:20 +0000] "GET /goal/word277/b091q-35882/ HTTP/1.1" 500 5 "-" "Mozilla/5.0 AppleWebKit/537.36 (KHTML, like Gecko; compatible; GPTBot/1.2; +https://openai.com/gptbot)"
enterpriseautosalesinc.com.infinitibizsol.com:443 20.171.207.108 - - [10/Jun/2025:05:41:20 +0000] "GET /scary/have264/6i356-4019/ HTTP/1.1" 500 5 "-" "Mozilla/5.0 AppleWebKit/537.36 (KHTML, like Gecko; compatible; GPTBot/1.2; +https://openai.com/gptbot)"
enterpriseautosalesinc.com.infinitibizsol.com:443 20.171.207.108 - - [10/Jun/2025:05:42:24 +0000] "GET /beat/four155/m73h4-40452/ HTTP/1.1" 500 5 "-" "Mozilla/5.0 AppleWebKit/537.36 (KHTML, like Gecko; compatible; GPTBot/1.2; +https://openai.com/gptbot)"
enterpriseautosalesinc.com.infinitibizsol.com:443 66.249.70.129 - - [10/Jun/2025:05:42:35 +0000] "GET /?20521288738.shtml HTTP/1.1" 200 472145 "-" "Mozilla/5.0 (Linux; Android 6.0.1; Nexus 5X Build/MMB29P) AppleWebKit/537.36 (KHTML, like Gecko) Chrome/136.0.7103.113 Mobile Safari/537.36 (compatible; Googlebot/2.1; +http://www.google.com/bot.html)"
enterpriseautosalesinc.com.infinitibizsol.com:443 20.171.207.108 - - [10/Jun/2025:05:43:25 +0000] "GET /job/expand68/8u712-26391/ HTTP/1.1" 500 5 "-" "Mozilla/5.0 AppleWebKit/537.36 (KHTML, like Gecko; compatible; GPTBot/1.2; +https://openai.com/gptbot)"
enterpriseautosalesinc.com.infinitibizsol.com:443 20.171.207.108 - - [10/Jun/2025:05:44:28 +0000] "GET /alone/her156/2pv68-49975/ HTTP/1.1" 500 5 "-" "Mozilla/5.0 AppleWebKit/537.36 (KHTML, like Gecko; compatible; GPTBot/1.2; +https://openai.com/gptbot)"
enterpriseautosalesinc.com.infinitibizsol.com:443 20.171.207.108 - - [10/Jun/2025:05:45:29 +0000] "GET /enjoy/lip180/2k35i-14293/ HTTP/1.1" 500 5 "-" "Mozilla/5.0 AppleWebKit/537.36 (KHTML, like Gecko; compatible; GPTBot/1.2; +https://openai.com/gptbot)"
enterpriseautosalesinc.com.infinitibizsol.com:443 66.249.70.128 - - [10/Jun/2025:05:46:16 +0000] "GET /?organisation/good/20521500225.shtml HTTP/1.1" 200 469811 "-" "Mozilla/5.0 (Linux; Android 6.0.1; Nexus 5X Build/MMB29P) AppleWebKit/537.36 (KHTML, like Gecko) Chrome/136.0.7103.113 Mobile Safari/537.36 (compatible; Googlebot/2.1; +http://www.google.com/bot.html)"
enterpriseautosalesinc.com.infinitibizsol.com:443 20.171.207.108 - - [10/Jun/2025:05:46:31 +0000] "GET /ocean/beg164/63lj4-10579/ HTTP/1.1" 500 5 "-" "Mozilla/5.0 AppleWebKit/537.36 (KHTML, like Gecko; compatible; GPTBot/1.2; +https://openai.com/gptbot)"
enterpriseautosalesinc.com.infinitibizsol.com:443 20.171.207.108 - - [10/Jun/2025:05:47:37 +0000] "GET /bias/crew212/jz958-42697/ HTTP/1.1" 500 0 "-" "Mozilla/5.0 AppleWebKit/537.36 (KHTML, like Gecko; compatible; GPTBot/1.2; +https://openai.com/gptbot)"
enterpriseautosalesinc.com.infinitibizsol.com:443 66.249.70.142 - - [10/Jun/2025:05:47:40 +0000] "GET /?e=9148977774 HTTP/1.1" 200 468702 "-" "Mozilla/5.0 (Linux; Android 6.0.1; Nexus 5X Build/MMB29P) AppleWebKit/537.36 (KHTML, like Gecko) Chrome/136.0.7103.113 Mobile Safari/537.36 (compatible; Googlebot/2.1; +http://www.google.com/bot.html)"
enterpriseautosalesinc.com.infinitibizsol.com:443 20.171.207.108 - - [10/Jun/2025:05:48:40 +0000] "GET /coverage/time242/bcfp5-15395/ HTTP/1.1" 500 5 "-" "Mozilla/5.0 AppleWebKit/537.36 (KHTML, like Gecko; compatible; GPTBot/1.2; +https://openai.com/gptbot)"
enterpriseautosalesinc.com.infinitibizsol.com:80 43.135.172.89 - - [10/Jun/2025:05:49:19 +0000] "GET / HTTP/1.1" 500 5 "-" "Mozilla/5.0 (iPhone; CPU iPhone OS 13_2_3 like Mac OS X) AppleWebKit/605.1.15 (KHTML, like Gecko) Version/13.0.3 Mobile/15E148 Safari/604.1"
enterpriseautosalesinc.com.infinitibizsol.com:443 66.249.70.129 - - [10/Jun/2025:05:49:37 +0000] "GET /?e=91554062786 HTTP/1.1" 200 481170 "-" "Mozilla/5.0 (Linux; Android 6.0.1; Nexus 5X Build/MMB29P) AppleWebKit/537.36 (KHTML, like Gecko) Chrome/136.0.7103.113 Mobile Safari/537.36 (compatible; Googlebot/2.1; +http://www.google.com/bot.html)"
enterpriseautosalesinc.com.infinitibizsol.com:443 20.171.207.108 - - [10/Jun/2025:05:49:40 +0000] "GET /ash/ridiculous8/lemjv-4015/ HTTP/1.1" 500 5 "-" "Mozilla/5.0 AppleWebKit/537.36 (KHTML, like Gecko; compatible; GPTBot/1.2; +https://openai.com/gptbot)"
enterpriseautosalesinc.com.infinitibizsol.com:443 66.249.70.142 - - [10/Jun/2025:05:49:54 +0000] "GET /?e=91522534095 HTTP/1.1" 200 496664 "-" "Mozilla/5.0 (Linux; Android 6.0.1; Nexus 5X Build/MMB29P) AppleWebKit/537.36 (KHTML, like Gecko) Chrome/136.0.7103.113 Mobile Safari/537.36 (compatible; Googlebot/2.1; +http://www.google.com/bot.html)"
enterpriseautosalesinc.com.infinitibizsol.com:443 66.249.70.142 - - [10/Jun/2025:05:50:23 +0000] "GET /?e=9147231679 HTTP/1.1" 200 470832 "-" "Mozilla/5.0 (Linux; Android 6.0.1; Nexus 5X Build/MMB29P) AppleWebKit/537.36 (KHTML, like Gecko) Chrome/136.0.7103.113 Mobile Safari/537.36 (compatible; Googlebot/2.1; +http://www.google.com/bot.html)"
enterpriseautosalesinc.com.infinitibizsol.com:443 20.171.207.108 - - [10/Jun/2025:05:50:44 +0000] "GET /computer/break9/pylcd-5562/ HTTP/1.1" 500 0 "-" "Mozilla/5.0 AppleWebKit/537.36 (KHTML, like Gecko; compatible; GPTBot/1.2; +https://openai.com/gptbot)"
enterpriseautosalesinc.com.infinitibizsol.com:443 20.171.207.108 - - [10/Jun/2025:05:51:48 +0000] "GET /increasingly/evaluation222/vcco6-24661/ HTTP/1.1" 500 5 "-" "Mozilla/5.0 AppleWebKit/537.36 (KHTML, like Gecko; compatible; GPTBot/1.2; +https://openai.com/gptbot)"
enterpriseautosalesinc.com.infinitibizsol.com:443 66.249.70.128 - - [10/Jun/2025:05:52:16 +0000] "GET /?e=9148794796 HTTP/1.1" 200 468996 "-" "Mozilla/5.0 (Linux; Android 6.0.1; Nexus 5X Build/MMB29P) AppleWebKit/537.36 (KHTML, like Gecko) Chrome/136.0.7103.113 Mobile Safari/537.36 (compatible; Googlebot/2.1; +http://www.google.com/bot.html)"
enterpriseautosalesinc.com.infinitibizsol.com:443 20.171.207.108 - - [10/Jun/2025:05:52:48 +0000] "GET /purchase/choose228/34udj-13111/ HTTP/1.1" 500 5 "-" "Mozilla/5.0 AppleWebKit/537.36 (KHTML, like Gecko; compatible; GPTBot/1.2; +https://openai.com/gptbot)"
enterpriseautosalesinc.com.infinitibizsol.com:443 66.249.70.142 - - [10/Jun/2025:05:53:11 +0000] "GET /?e=9148613133 HTTP/1.1" 200 464980 "-" "Mozilla/5.0 (Linux; Android 6.0.1; Nexus 5X Build/MMB29P) AppleWebKit/537.36 (KHTML, like Gecko) Chrome/136.0.7103.113 Mobile Safari/537.36 (compatible; Googlebot/2.1; +http://www.google.com/bot.html)"
enterpriseautosalesinc.com.infinitibizsol.com:443 20.171.207.108 - - [10/Jun/2025:05:53:50 +0000] "GET /demonstrate/consequence98/y57ti-14209/ HTTP/1.1" 500 5 "-" "Mozilla/5.0 AppleWebKit/537.36 (KHTML, like Gecko; compatible; GPTBot/1.2; +https://openai.com/gptbot)"
enterpriseautosalesinc.com.infinitibizsol.com:443 20.171.207.108 - - [10/Jun/2025:05:54:54 +0000] "GET /guilty/front51/wje2q-38104/ HTTP/1.1" 500 5 "-" "Mozilla/5.0 AppleWebKit/537.36 (KHTML, like Gecko; compatible; GPTBot/1.2; +https://openai.com/gptbot)"
enterpriseautosalesinc.com.infinitibizsol.com:443 20.171.207.108 - - [10/Jun/2025:05:55:58 +0000] "GET /hunter/valid35/9mpbq-47978/ HTTP/1.1" 500 5 "-" "Mozilla/5.0 AppleWebKit/537.36 (KHTML, like Gecko; compatible; GPTBot/1.2; +https://openai.com/gptbot)"
enterpriseautosalesinc.com.infinitibizsol.com:443 66.249.70.128 - - [10/Jun/2025:05:56:56 +0000] "GET /?joanne/merchandises/20573750870.shtml HTTP/1.1" 200 465506 "-" "Mozilla/5.0 (Linux; Android 6.0.1; Nexus 5X Build/MMB29P) AppleWebKit/537.36 (KHTML, like Gecko) Chrome/136.0.7103.113 Mobile Safari/537.36 (compatible; Googlebot/2.1; +http://www.google.com/bot.html)"
enterpriseautosalesinc.com.infinitibizsol.com:443 20.171.207.108 - - [10/Jun/2025:05:56:58 +0000] "GET /related/cup162/hnjxg-33879/ HTTP/1.1" 500 5 "-" "Mozilla/5.0 AppleWebKit/537.36 (KHTML, like Gecko; compatible; GPTBot/1.2; +https://openai.com/gptbot)"
enterpriseautosalesinc.com.infinitibizsol.com:443 20.171.207.108 - - [10/Jun/2025:05:57:58 +0000] "GET /glance/short274/0zxjx-5769/ HTTP/1.1" 500 5 "-" "Mozilla/5.0 AppleWebKit/537.36 (KHTML, like Gecko; compatible; GPTBot/1.2; +https://openai.com/gptbot)"
enterpriseautosalesinc.com.infinitibizsol.com:443 66.249.70.128 - - [10/Jun/2025:05:58:02 +0000] "GET /?e=91512365368 HTTP/1.1" 200 467430 "-" "Mozilla/5.0 (Linux; Android 6.0.1; Nexus 5X Build/MMB29P) AppleWebKit/537.36 (KHTML, like Gecko) Chrome/136.0.7103.113 Mobile Safari/537.36 (compatible; Googlebot/2.1; +http://www.google.com/bot.html)"
enterpriseautosalesinc.com.infinitibizsol.com:443 20.171.207.108 - - [10/Jun/2025:05:59:00 +0000] "GET /pond/reality12/czu9g-20775/ HTTP/1.1" 500 5 "-" "Mozilla/5.0 AppleWebKit/537.36 (KHTML, like Gecko; compatible; GPTBot/1.2; +https://openai.com/gptbot)"
enterpriseautosalesinc.com.infinitibizsol.com:443 204.12.252.98 - - [10/Jun/2025:05:59:05 +0000] "GET /wp-content/admin.php HTTP/1.1" 200 16 "https://enterpriseautosalesinc.com/wp-content/admin.php" "Mozilla/5.0 (Windows NT 10.0; Win64; x64) AppleWebKit/537.36 (KHTML, like Gecko) Chrome/58.0.3029.110 Safari/537.3"
enterpriseautosalesinc.com.infinitibizsol.com:443 66.249.70.142 - - [10/Jun/2025:05:59:16 +0000] "GET /?e=91491401324 HTTP/1.1" 200 469198 "-" "Mozilla/5.0 (Linux; Android 6.0.1; Nexus 5X Build/MMB29P) AppleWebKit/537.36 (KHTML, like Gecko) Chrome/136.0.7103.113 Mobile Safari/537.36 (compatible; Googlebot/2.1; +http://www.google.com/bot.html)"
enterpriseautosalesinc.com.infinitibizsol.com:443 20.171.207.108 - - [10/Jun/2025:06:00:03 +0000] "GET /sidewalk/two-thirds69/h0n7f-13594/ HTTP/1.1" 500 0 "-" "Mozilla/5.0 AppleWebKit/537.36 (KHTML, like Gecko; compatible; GPTBot/1.2; +https://openai.com/gptbot)"
enterpriseautosalesinc.com.infinitibizsol.com:443 66.249.70.129 - - [10/Jun/2025:06:00:08 +0000] "GET /?e=91512101986 HTTP/1.1" 200 465841 "-" "Mozilla/5.0 (Linux; Android 6.0.1; Nexus 5X Build/MMB29P) AppleWebKit/537.36 (KHTML, like Gecko) Chrome/136.0.7103.113 Mobile Safari/537.36 (compatible; Googlebot/2.1; +http://www.google.com/bot.html)"
enterpriseautosalesinc.com.infinitibizsol.com:443 66.249.70.128 - - [10/Jun/2025:06:00:28 +0000] "GET /?e=91533407943 HTTP/1.1" 200 463165 "-" "Mozilla/5.0 (Linux; Android 6.0.1; Nexus 5X Build/MMB29P) AppleWebKit/537.36 (KHTML, like Gecko) Chrome/136.0.7103.113 Mobile Safari/537.36 (compatible; Googlebot/2.1; +http://www.google.com/bot.html)"
enterpriseautosalesinc.com.infinitibizsol.com:443 66.249.70.142 - - [10/Jun/2025:06:00:34 +0000] "GET /?e=9147233554 HTTP/1.1" 200 466926 "-" "Mozilla/5.0 (Linux; Android 6.0.1; Nexus 5X Build/MMB29P) AppleWebKit/537.36 (KHTML, like Gecko) Chrome/136.0.7103.113 Mobile Safari/537.36 (compatible; Googlebot/2.1; +http://www.google.com/bot.html)"
enterpriseautosalesinc.com.infinitibizsol.com:443 66.249.70.128 - - [10/Jun/2025:06:01:00 +0000] "GET /?e=9148583885 HTTP/1.1" 200 462854 "-" "Mozilla/5.0 (Linux; Android 6.0.1; Nexus 5X Build/MMB29P) AppleWebKit/537.36 (KHTML, like Gecko) Chrome/136.0.7103.113 Mobile Safari/537.36 (compatible; Googlebot/2.1; +http://www.google.com/bot.html)"
enterpriseautosalesinc.com.infinitibizsol.com:443 20.171.207.108 - - [10/Jun/2025:06:01:05 +0000] "GET /entertainment/attraction229/v5y1l-5114/ HTTP/1.1" 500 0 "-" "Mozilla/5.0 AppleWebKit/537.36 (KHTML, like Gecko; compatible; GPTBot/1.2; +https://openai.com/gptbot)"
enterpriseautosalesinc.com.infinitibizsol.com:443 66.249.70.142 - - [10/Jun/2025:06:01:10 +0000] "GET /?e=91512240173 HTTP/1.1" 200 464552 "-" "Mozilla/5.0 (Linux; Android 6.0.1; Nexus 5X Build/MMB29P) AppleWebKit/537.36 (KHTML, like Gecko) Chrome/136.0.7103.113 Mobile Safari/537.36 (compatible; Googlebot/2.1; +http://www.google.com/bot.html)"
enterpriseautosalesinc.com.infinitibizsol.com:443 52.167.144.215 - - [10/Jun/2025:06:01:26 +0000] "GET /biol/products/20494569.shtml HTTP/1.1" 200 23 "-" "Mozilla/5.0 AppleWebKit/537.36 (KHTML, like Gecko; compatible; bingbot/2.0; +http://www.bing.com/bingbot.htm) Chrome/116.0.1938.76 Safari/537.36"
enterpriseautosalesinc.com.infinitibizsol.com:443 66.249.70.142 - - [10/Jun/2025:06:01:36 +0000] "GET /?2049173398.shtml HTTP/1.1" 200 476904 "-" "Mozilla/5.0 (Linux; Android 6.0.1; Nexus 5X Build/MMB29P) AppleWebKit/537.36 (KHTML, like Gecko) Chrome/136.0.7103.113 Mobile Safari/537.36 (compatible; Googlebot/2.1; +http://www.google.com/bot.html)"
enterpriseautosalesinc.com.infinitibizsol.com:443 20.171.207.108 - - [10/Jun/2025:06:02:07 +0000] "GET /bare/specifically256/zjnev-43119/ HTTP/1.1" 500 5 "-" "Mozilla/5.0 AppleWebKit/537.36 (KHTML, like Gecko; compatible; GPTBot/1.2; +https://openai.com/gptbot)"
enterpriseautosalesinc.com.infinitibizsol.com:443 66.249.70.128 - - [10/Jun/2025:06:02:27 +0000] "GET /?e=91501751655 HTTP/1.1" 200 463661 "-" "Mozilla/5.0 (Linux; Android 6.0.1; Nexus 5X Build/MMB29P) AppleWebKit/537.36 (KHTML, like Gecko) Chrome/136.0.7103.113 Mobile Safari/537.36 (compatible; Googlebot/2.1; +http://www.google.com/bot.html)"
enterpriseautosalesinc.com.infinitibizsol.com:443 66.249.70.142 - - [10/Jun/2025:06:02:55 +0000] "GET /?e=9147138187 HTTP/1.1" 200 464359 "-" "Mozilla/5.0 (Linux; Android 6.0.1; Nexus 5X Build/MMB29P) AppleWebKit/537.36 (KHTML, like Gecko) Chrome/136.0.7103.113 Mobile Safari/537.36 (compatible; Googlebot/2.1; +http://www.google.com/bot.html)"
enterpriseautosalesinc.com.infinitibizsol.com:443 20.171.207.108 - - [10/Jun/2025:06:03:11 +0000] "GET /productivity/late290/hdnkc-27535/ HTTP/1.1" 500 5 "-" "Mozilla/5.0 AppleWebKit/537.36 (KHTML, like Gecko; compatible; GPTBot/1.2; +https://openai.com/gptbot)"
enterpriseautosalesinc.com.infinitibizsol.com:443 66.249.70.128 - - [10/Jun/2025:06:03:12 +0000] "GET /?e=91543736864 HTTP/1.1" 200 458566 "-" "Mozilla/5.0 (Linux; Android 6.0.1; Nexus 5X Build/MMB29P) AppleWebKit/537.36 (KHTML, like Gecko) Chrome/136.0.7103.113 Mobile Safari/537.36 (compatible; Googlebot/2.1; +http://www.google.com/bot.html)"
enterpriseautosalesinc.com.infinitibizsol.com:443 66.249.70.128 - - [10/Jun/2025:06:04:03 +0000] "GET /?e=9147371741 HTTP/1.1" 200 468914 "-" "Mozilla/5.0 (Linux; Android 6.0.1; Nexus 5X Build/MMB29P) AppleWebKit/537.36 (KHTML, like Gecko) Chrome/136.0.7103.113 Mobile Safari/537.36 (compatible; Googlebot/2.1; +http://www.google.com/bot.html)"
enterpriseautosalesinc.com.infinitibizsol.com:443 20.171.207.108 - - [10/Jun/2025:06:04:13 +0000] "GET /demonstrate/consequence98/y57ti-14209/ HTTP/1.1" 500 5 "-" "Mozilla/5.0 AppleWebKit/537.36 (KHTML, like Gecko; compatible; GPTBot/1.2; +https://openai.com/gptbot)"
enterpriseautosalesinc.com.infinitibizsol.com:443 66.249.70.142 - - [10/Jun/2025:06:04:17 +0000] "GET /?annals/merchandises/20532094900.shtml HTTP/1.1" 200 486597 "-" "Mozilla/5.0 (compatible; Googlebot/2.1; +http://www.google.com/bot.html)"
enterpriseautosalesinc.com.infinitibizsol.com:443 66.249.70.142 - - [10/Jun/2025:06:04:33 +0000] "GET /?e=91501985209 HTTP/1.1" 200 474659 "-" "Mozilla/5.0 (Linux; Android 6.0.1; Nexus 5X Build/MMB29P) AppleWebKit/537.36 (KHTML, like Gecko) Chrome/136.0.7103.113 Mobile Safari/537.36 (compatible; Googlebot/2.1; +http://www.google.com/bot.html)"
enterpriseautosalesinc.com.infinitibizsol.com:443 20.171.207.108 - - [10/Jun/2025:06:05:15 +0000] "GET /universal/largely120/jkpbg-17985/ HTTP/1.1" 500 5 "-" "Mozilla/5.0 AppleWebKit/537.36 (KHTML, like Gecko; compatible; GPTBot/1.2; +https://openai.com/gptbot)"
enterpriseautosalesinc.com.infinitibizsol.com:443 66.249.70.142 - - [10/Jun/2025:06:05:23 +0000] "GET /?e=91475564 HTTP/1.1" 200 475194 "-" "Mozilla/5.0 (Linux; Android 6.0.1; Nexus 5X Build/MMB29P) AppleWebKit/537.36 (KHTML, like Gecko) Chrome/136.0.7103.113 Mobile Safari/537.36 (compatible; Googlebot/2.1; +http://www.google.com/bot.html)"
enterpriseautosalesinc.com.infinitibizsol.com:443 66.249.70.142 - - [10/Jun/2025:06:05:58 +0000] "GET /?e=9147116777 HTTP/1.1" 200 465036 "-" "Mozilla/5.0 (Linux; Android 6.0.1; Nexus 5X Build/MMB29P) AppleWebKit/537.36 (KHTML, like Gecko) Chrome/136.0.7103.113 Mobile Safari/537.36 (compatible; Googlebot/2.1; +http://www.google.com/bot.html)"
enterpriseautosalesinc.com.infinitibizsol.com:443 20.171.207.108 - - [10/Jun/2025:06:06:20 +0000] "GET /custody/comparable256/cv7lw-4597/ HTTP/1.1" 500 5 "-" "Mozilla/5.0 AppleWebKit/537.36 (KHTML, like Gecko; compatible; GPTBot/1.2; +https://openai.com/gptbot)"
enterpriseautosalesinc.com.infinitibizsol.com:443 20.171.207.108 - - [10/Jun/2025:06:07:25 +0000] "GET /surface/production67/6zwxi-41540/ HTTP/1.1" 500 5 "-" "Mozilla/5.0 AppleWebKit/537.36 (KHTML, like Gecko; compatible; GPTBot/1.2; +https://openai.com/gptbot)"
enterpriseautosalesinc.com.infinitibizsol.com:443 66.249.70.128 - - [10/Jun/2025:06:07:49 +0000] "GET /?e=914721273 HTTP/1.1" 200 458742 "-" "Mozilla/5.0 (Linux; Android 6.0.1; Nexus 5X Build/MMB29P) AppleWebKit/537.36 (KHTML, like Gecko) Chrome/136.0.7103.113 Mobile Safari/537.36 (compatible; Googlebot/2.1; +http://www.google.com/bot.html)"
enterpriseautosalesinc.com.infinitibizsol.com:443 66.249.70.142 - - [10/Jun/2025:06:08:14 +0000] "GET /?e=914716892 HTTP/1.1" 200 463797 "-" "Mozilla/5.0 (Linux; Android 6.0.1; Nexus 5X Build/MMB29P) AppleWebKit/537.36 (KHTML, like Gecko) Chrome/136.0.7103.113 Mobile Safari/537.36 (compatible; Googlebot/2.1; +http://www.google.com/bot.html)"
enterpriseautosalesinc.com.infinitibizsol.com:443 20.171.207.108 - - [10/Jun/2025:06:08:29 +0000] "GET /chest/carbohydrate74/lf5wp-23911/ HTTP/1.1" 500 5 "-" "Mozilla/5.0 AppleWebKit/537.36 (KHTML, like Gecko; compatible; GPTBot/1.2; +https://openai.com/gptbot)"
enterpriseautosalesinc.com.infinitibizsol.com:443 20.171.207.108 - - [10/Jun/2025:06:09:29 +0000] "GET /contractor/killing71/fs9wm-25480/ HTTP/1.1" 500 5 "-" "Mozilla/5.0 AppleWebKit/537.36 (KHTML, like Gecko; compatible; GPTBot/1.2; +https://openai.com/gptbot)"
enterpriseautosalesinc.com.infinitibizsol.com:443 8.217.208.198 - - [10/Jun/2025:06:09:43 +0000] "GET /70963542574.htm HTTP/1.1" 500 5 "-" "AliyunSecBot/Aliyun (AliyunSecBot@service.alibaba.com)"
enterpriseautosalesinc.com.infinitibizsol.com:443 20.171.207.108 - - [10/Jun/2025:06:10:33 +0000] "GET /emotionally/actor228/hzqgv-34713/ HTTP/1.1" 500 0 "-" "Mozilla/5.0 AppleWebKit/537.36 (KHTML, like Gecko; compatible; GPTBot/1.2; +https://openai.com/gptbot)"
enterpriseautosalesinc.com.infinitibizsol.com:443 20.171.207.108 - - [10/Jun/2025:06:11:37 +0000] "GET /celebrate/understand111/75fuz-30822/ HTTP/1.1" 500 5 "-" "Mozilla/5.0 AppleWebKit/537.36 (KHTML, like Gecko; compatible; GPTBot/1.2; +https://openai.com/gptbot)"
enterpriseautosalesinc.com.infinitibizsol.com:443 20.171.207.108 - - [10/Jun/2025:06:12:41 +0000] "GET /resident/disappointment155/wqyf5-21752/ HTTP/1.1" 500 5 "-" "Mozilla/5.0 AppleWebKit/537.36 (KHTML, like Gecko; compatible; GPTBot/1.2; +https://openai.com/gptbot)"
enterpriseautosalesinc.com.infinitibizsol.com:443 20.171.207.108 - - [10/Jun/2025:06:14:47 +0000] "GET /middle-class/difficult19/qt7nr-2624/ HTTP/1.1" 500 5 "-" "Mozilla/5.0 AppleWebKit/537.36 (KHTML, like Gecko; compatible; GPTBot/1.2; +https://openai.com/gptbot)"
enterpriseautosalesinc.com.infinitibizsol.com:443 20.171.207.108 - - [10/Jun/2025:06:15:48 +0000] "GET /relationship/coalition143/3zxej-28312/ HTTP/1.1" 500 5 "-" "Mozilla/5.0 AppleWebKit/537.36 (KHTML, like Gecko; compatible; GPTBot/1.2; +https://openai.com/gptbot)"
enterpriseautosalesinc.com.infinitibizsol.com:443 20.171.207.108 - - [10/Jun/2025:06:16:53 +0000] "GET /Bible/old-fashioned167/8r5dt-28380/ HTTP/1.1" 500 5 "-" "Mozilla/5.0 AppleWebKit/537.36 (KHTML, like Gecko; compatible; GPTBot/1.2; +https://openai.com/gptbot)"
enterpriseautosalesinc.com.infinitibizsol.com:443 20.171.207.108 - - [10/Jun/2025:06:17:55 +0000] "GET /quickly/stone222/2c4wj-17773/ HTTP/1.1" 500 5 "-" "Mozilla/5.0 AppleWebKit/537.36 (KHTML, like Gecko; compatible; GPTBot/1.2; +https://openai.com/gptbot)"
enterpriseautosalesinc.com.infinitibizsol.com:443 66.249.70.142 - - [10/Jun/2025:06:18:21 +0000] "GET /?20553010342.shtml HTTP/1.1" 200 470615 "-" "Mozilla/5.0 (Linux; Android 6.0.1; Nexus 5X Build/MMB29P) AppleWebKit/537.36 (KHTML, like Gecko) Chrome/136.0.7103.113 Mobile Safari/537.36 (compatible; Googlebot/2.1; +http://www.google.com/bot.html)"
enterpriseautosalesinc.com.infinitibizsol.com:443 20.171.207.108 - - [10/Jun/2025:06:18:58 +0000] "GET /shower/priest292/3o8vu-47555/ HTTP/1.1" 500 5 "-" "Mozilla/5.0 AppleWebKit/537.36 (KHTML, like Gecko; compatible; GPTBot/1.2; +https://openai.com/gptbot)"
enterpriseautosalesinc.com.infinitibizsol.com:443 66.249.70.129 - - [10/Jun/2025:06:19:28 +0000] "GET /?wales/merchandises/20553179520.shtml HTTP/1.1" 200 462444 "-" "Mozilla/5.0 (Linux; Android 6.0.1; Nexus 5X Build/MMB29P) AppleWebKit/537.36 (KHTML, like Gecko) Chrome/136.0.7103.113 Mobile Safari/537.36 (compatible; Googlebot/2.1; +http://www.google.com/bot.html)"
enterpriseautosalesinc.com.infinitibizsol.com:443 20.171.207.108 - - [10/Jun/2025:06:19:59 +0000] "GET /thread/profit250/6uu7v-28883/ HTTP/1.1" 500 5 "-" "Mozilla/5.0 AppleWebKit/537.36 (KHTML, like Gecko; compatible; GPTBot/1.2; +https://openai.com/gptbot)"
enterpriseautosalesinc.com.infinitibizsol.com:443 20.171.207.108 - - [10/Jun/2025:06:21:01 +0000] "GET /emotionally/actor228/hzqgv-34713/ HTTP/1.1" 500 5 "-" "Mozilla/5.0 AppleWebKit/537.36 (KHTML, like Gecko; compatible; GPTBot/1.2; +https://openai.com/gptbot)"
enterpriseautosalesinc.com.infinitibizsol.com:80 198.235.24.175 - - [10/Jun/2025:06:21:12 +0000] "GET / HTTP/1.1" 500 5 "-" "Expanse, a Palo Alto Networks company, searches across the global IPv4 space multiple times per day to identify customers' presences on the Internet. If you would like to be excluded from our scans, please send IP addresses/domains to: scaninfo@paloaltonetworks.com"
enterpriseautosalesinc.com.infinitibizsol.com:443 20.171.207.108 - - [10/Jun/2025:06:22:03 +0000] "GET /seminar/absorb207/kt812-13566/ HTTP/1.1" 500 5 "-" "Mozilla/5.0 AppleWebKit/537.36 (KHTML, like Gecko; compatible; GPTBot/1.2; +https://openai.com/gptbot)"
enterpriseautosalesinc.com.infinitibizsol.com:443 20.171.207.108 - - [10/Jun/2025:06:23:07 +0000] "GET /sexual/machine267/4t0o0-21958/ HTTP/1.1" 500 0 "-" "Mozilla/5.0 AppleWebKit/537.36 (KHTML, like Gecko; compatible; GPTBot/1.2; +https://openai.com/gptbot)"
enterpriseautosalesinc.com.infinitibizsol.com:443 20.171.207.108 - - [10/Jun/2025:06:24:12 +0000] "GET /right/pair10/925d3-36153/ HTTP/1.1" 500 5 "-" "Mozilla/5.0 AppleWebKit/537.36 (KHTML, like Gecko; compatible; GPTBot/1.2; +https://openai.com/gptbot)"
enterpriseautosalesinc.com.infinitibizsol.com:443 205.210.31.56 - - [10/Jun/2025:06:24:20 +0000] "GET / HTTP/1.1" 500 5 "-" "Expanse, a Palo Alto Networks company, searches across the global IPv4 space multiple times per day to identify customers' presences on the Internet. If you would like to be excluded from our scans, please send IP addresses/domains to: scaninfo@paloaltonetworks.com"
enterpriseautosalesinc.com.infinitibizsol.com:443 20.171.207.108 - - [10/Jun/2025:06:25:17 +0000] "GET /lots/calm192/r7v85-49485/ HTTP/1.1" 500 5 "-" "Mozilla/5.0 AppleWebKit/537.36 (KHTML, like Gecko; compatible; GPTBot/1.2; +https://openai.com/gptbot)"
enterpriseautosalesinc.com.infinitibizsol.com:443 20.171.207.108 - - [10/Jun/2025:06:26:23 +0000] "GET /sand/slow273/b087v-12582/ HTTP/1.1" 500 5 "-" "Mozilla/5.0 AppleWebKit/537.36 (KHTML, like Gecko; compatible; GPTBot/1.2; +https://openai.com/gptbot)"
enterpriseautosalesinc.com.infinitibizsol.com:443 20.171.207.108 - - [10/Jun/2025:06:27:23 +0000] "GET /dream/add262/64w5g-46713/ HTTP/1.1" 500 5 "-" "Mozilla/5.0 AppleWebKit/537.36 (KHTML, like Gecko; compatible; GPTBot/1.2; +https://openai.com/gptbot)"
enterpriseautosalesinc.com.infinitibizsol.com:80 175.6.217.4 - - [10/Jun/2025:06:27:38 +0000] "GET / HTTP/1.1" 500 5 "-" "Mozilla/5.0 (iPhone; CPU iPhone OS 13_2_3 like Mac OS X) AppleWebKit/605.1.15 (KHTML, like Gecko) Version/13.0.3 Mobile/15E148 Safari/604.1"
enterpriseautosalesinc.com.infinitibizsol.com:443 20.171.207.108 - - [10/Jun/2025:06:28:23 +0000] "GET /anger/shy118/c47g5-18635/ HTTP/1.1" 500 5 "-" "Mozilla/5.0 AppleWebKit/537.36 (KHTML, like Gecko; compatible; GPTBot/1.2; +https://openai.com/gptbot)"
enterpriseautosalesinc.com.infinitibizsol.com:443 66.249.70.129 - - [10/Jun/2025:06:28:53 +0000] "GET /?departmental/good/2050486735.shtml HTTP/1.1" 200 467788 "-" "Mozilla/5.0 (Linux; Android 6.0.1; Nexus 5X Build/MMB29P) AppleWebKit/537.36 (KHTML, like Gecko) Chrome/136.0.7103.113 Mobile Safari/537.36 (compatible; Googlebot/2.1; +http://www.google.com/bot.html)"
enterpriseautosalesinc.com.infinitibizsol.com:443 8.217.213.94 - - [10/Jun/2025:06:29:08 +0000] "GET /7092600502.htm HTTP/1.1" 500 5 "-" "AliyunSecBot/Aliyun (AliyunSecBot@service.alibaba.com)"
enterpriseautosalesinc.com.infinitibizsol.com:443 204.12.252.98 - - [10/Jun/2025:06:29:28 +0000] "GET /wp-content/admin.php HTTP/1.1" 200 16 "https://enterpriseautosalesinc.com/wp-content/admin.php" "Mozilla/5.0 (Windows NT 10.0; Win64; x64) AppleWebKit/537.36 (KHTML, like Gecko) Chrome/58.0.3029.110 Safari/537.3"
enterpriseautosalesinc.com.infinitibizsol.com:443 20.171.207.108 - - [10/Jun/2025:06:29:29 +0000] "GET /core/soft112/u79h9-39669/ HTTP/1.1" 500 5 "-" "Mozilla/5.0 AppleWebKit/537.36 (KHTML, like Gecko; compatible; GPTBot/1.2; +https://openai.com/gptbot)"
enterpriseautosalesinc.com.infinitibizsol.com:443 20.171.207.108 - - [10/Jun/2025:06:30:32 +0000] "GET /shower/priest292/3o8vu-47555/ HTTP/1.1" 500 0 "-" "Mozilla/5.0 AppleWebKit/537.36 (KHTML, like Gecko; compatible; GPTBot/1.2; +https://openai.com/gptbot)"
enterpriseautosalesinc.com.infinitibizsol.com:443 20.171.207.108 - - [10/Jun/2025:06:31:35 +0000] "GET /grin/join105/1wu72-40334/ HTTP/1.1" 500 5 "-" "Mozilla/5.0 AppleWebKit/537.36 (KHTML, like Gecko; compatible; GPTBot/1.2; +https://openai.com/gptbot)"
enterpriseautosalesinc.com.infinitibizsol.com:443 8.217.214.237 - - [10/Jun/2025:06:31:37 +0000] "GET /7091184934.htm HTTP/1.1" 500 5 "-" "AliyunSecBot/Aliyun (AliyunSecBot@service.alibaba.com)"
enterpriseautosalesinc.com.infinitibizsol.com:443 20.171.207.108 - - [10/Jun/2025:06:32:40 +0000] "GET /hell/sole216/3i44t-30665/ HTTP/1.1" 500 5 "-" "Mozilla/5.0 AppleWebKit/537.36 (KHTML, like Gecko; compatible; GPTBot/1.2; +https://openai.com/gptbot)"
enterpriseautosalesinc.com.infinitibizsol.com:443 66.249.70.142 - - [10/Jun/2025:06:32:51 +0000] "GET /?2050486676.shtml HTTP/1.1" 200 464051 "-" "Mozilla/5.0 (Linux; Android 6.0.1; Nexus 5X Build/MMB29P) AppleWebKit/537.36 (KHTML, like Gecko) Chrome/136.0.7103.113 Mobile Safari/537.36 (compatible; Googlebot/2.1; +http://www.google.com/bot.html)"
enterpriseautosalesinc.com.infinitibizsol.com:443 20.171.207.108 - - [10/Jun/2025:06:33:42 +0000] "GET /tie/quite161/w49g7-39278/ HTTP/1.1" 500 5 "-" "Mozilla/5.0 AppleWebKit/537.36 (KHTML, like Gecko; compatible; GPTBot/1.2; +https://openai.com/gptbot)"
enterpriseautosalesinc.com.infinitibizsol.com:443 20.171.207.108 - - [10/Jun/2025:06:34:43 +0000] "GET /jar/chair155/41i2d-10688/ HTTP/1.1" 500 5 "-" "Mozilla/5.0 AppleWebKit/537.36 (KHTML, like Gecko; compatible; GPTBot/1.2; +https://openai.com/gptbot)"
enterpriseautosalesinc.com.infinitibizsol.com:443 20.171.207.108 - - [10/Jun/2025:06:35:47 +0000] "GET /push/wipe192/99u8s-32445/ HTTP/1.1" 500 5 "-" "Mozilla/5.0 AppleWebKit/537.36 (KHTML, like Gecko; compatible; GPTBot/1.2; +https://openai.com/gptbot)"
enterpriseautosalesinc.com.infinitibizsol.com:443 20.171.207.108 - - [10/Jun/2025:06:36:53 +0000] "GET /low/fruit286/2ej20-14881/ HTTP/1.1" 500 5 "-" "Mozilla/5.0 AppleWebKit/537.36 (KHTML, like Gecko; compatible; GPTBot/1.2; +https://openai.com/gptbot)"
enterpriseautosalesinc.com.infinitibizsol.com:443 20.171.207.108 - - [10/Jun/2025:06:37:58 +0000] "GET /wife/must293/hi361-46602/ HTTP/1.1" 500 5 "-" "Mozilla/5.0 AppleWebKit/537.36 (KHTML, like Gecko; compatible; GPTBot/1.2; +https://openai.com/gptbot)"
enterpriseautosalesinc.com.infinitibizsol.com:443 20.171.207.108 - - [10/Jun/2025:06:39:03 +0000] "GET /dream/add262/64w5g-46713/ HTTP/1.1" 500 5 "-" "Mozilla/5.0 AppleWebKit/537.36 (KHTML, like Gecko; compatible; GPTBot/1.2; +https://openai.com/gptbot)"
enterpriseautosalesinc.com.infinitibizsol.com:443 20.171.207.108 - - [10/Jun/2025:06:40:04 +0000] "GET /well/year114/54p1z-29029/ HTTP/1.1" 500 5 "-" "Mozilla/5.0 AppleWebKit/537.36 (KHTML, like Gecko; compatible; GPTBot/1.2; +https://openai.com/gptbot)"
enterpriseautosalesinc.com.infinitibizsol.com:443 20.171.207.108 - - [10/Jun/2025:06:41:08 +0000] "GET /pilot/dry269/456hy-24198/ HTTP/1.1" 500 5 "-" "Mozilla/5.0 AppleWebKit/537.36 (KHTML, like Gecko; compatible; GPTBot/1.2; +https://openai.com/gptbot)"
enterpriseautosalesinc.com.infinitibizsol.com:443 20.171.207.108 - - [10/Jun/2025:06:42:13 +0000] "GET /daily/dig151/77v2o-32010/ HTTP/1.1" 500 5 "-" "Mozilla/5.0 AppleWebKit/537.36 (KHTML, like Gecko; compatible; GPTBot/1.2; +https://openai.com/gptbot)"
enterpriseautosalesinc.com.infinitibizsol.com:443 20.171.207.108 - - [10/Jun/2025:06:43:14 +0000] "GET /barn/skin193/z77v5-42274/ HTTP/1.1" 500 5 "-" "Mozilla/5.0 AppleWebKit/537.36 (KHTML, like Gecko; compatible; GPTBot/1.2; +https://openai.com/gptbot)"
enterpriseautosalesinc.com.infinitibizsol.com:443 20.171.207.108 - - [10/Jun/2025:06:44:18 +0000] "GET /render/few69/9270f-17480/ HTTP/1.1" 500 5 "-" "Mozilla/5.0 AppleWebKit/537.36 (KHTML, like Gecko; compatible; GPTBot/1.2; +https://openai.com/gptbot)"
enterpriseautosalesinc.com.infinitibizsol.com:443 20.171.207.108 - - [10/Jun/2025:06:45:22 +0000] "GET /baby/yeah237/00nd0-17436/ HTTP/1.1" 500 5 "-" "Mozilla/5.0 AppleWebKit/537.36 (KHTML, like Gecko; compatible; GPTBot/1.2; +https://openai.com/gptbot)"
enterpriseautosalesinc.com.infinitibizsol.com:443 20.171.207.108 - - [10/Jun/2025:06:46:27 +0000] "GET /recall/far56/0315k-35849/ HTTP/1.1" 500 5 "-" "Mozilla/5.0 AppleWebKit/537.36 (KHTML, like Gecko; compatible; GPTBot/1.2; +https://openai.com/gptbot)"
enterpriseautosalesinc.com.infinitibizsol.com:443 20.171.207.108 - - [10/Jun/2025:06:47:30 +0000] "GET /stay/wind109/e48s6-21902/ HTTP/1.1" 500 5 "-" "Mozilla/5.0 AppleWebKit/537.36 (KHTML, like Gecko; compatible; GPTBot/1.2; +https://openai.com/gptbot)"
enterpriseautosalesinc.com.infinitibizsol.com:443 45.156.129.67 - - [10/Jun/2025:06:48:22 +0000] "GET / HTTP/1.1" 500 5 "-" "Mozilla/5.0 (Windows NT 10.0; WOW64) AppleWebKit/537.36 (KHTML, like Gecko) Chrome/66.0.3359.117 Safari/537.36"
enterpriseautosalesinc.com.infinitibizsol.com:443 20.171.207.108 - - [10/Jun/2025:06:48:30 +0000] "GET /casino/so221/114cx-30478/ HTTP/1.1" 500 5 "-" "Mozilla/5.0 AppleWebKit/537.36 (KHTML, like Gecko; compatible; GPTBot/1.2; +https://openai.com/gptbot)"
enterpriseautosalesinc.com.infinitibizsol.com:443 20.171.207.108 - - [10/Jun/2025:06:49:35 +0000] "GET /pot/toxic288/x7d58-31497/ HTTP/1.1" 500 5 "-" "Mozilla/5.0 AppleWebKit/537.36 (KHTML, like Gecko; compatible; GPTBot/1.2; +https://openai.com/gptbot)"
enterpriseautosalesinc.com.infinitibizsol.com:443 20.171.207.108 - - [10/Jun/2025:06:50:37 +0000] "GET /mom/claim151/p342q-27284/ HTTP/1.1" 500 5 "-" "Mozilla/5.0 AppleWebKit/537.36 (KHTML, like Gecko; compatible; GPTBot/1.2; +https://openai.com/gptbot)"
enterpriseautosalesinc.com.infinitibizsol.com:443 20.171.207.108 - - [10/Jun/2025:06:51:42 +0000] "GET /bride/pet195/71qm8-15334/ HTTP/1.1" 500 5 "-" "Mozilla/5.0 AppleWebKit/537.36 (KHTML, like Gecko; compatible; GPTBot/1.2; +https://openai.com/gptbot)"
enterpriseautosalesinc.com.infinitibizsol.com:443 20.171.207.108 - - [10/Jun/2025:06:52:46 +0000] "GET /take/cure138/7bs04-45181/ HTTP/1.1" 500 5 "-" "Mozilla/5.0 AppleWebKit/537.36 (KHTML, like Gecko; compatible; GPTBot/1.2; +https://openai.com/gptbot)"
enterpriseautosalesinc.com.infinitibizsol.com:443 20.171.207.108 - - [10/Jun/2025:06:53:47 +0000] "GET /club/part241/k21q5-41972/ HTTP/1.1" 500 0 "-" "Mozilla/5.0 AppleWebKit/537.36 (KHTML, like Gecko; compatible; GPTBot/1.2; +https://openai.com/gptbot)"
enterpriseautosalesinc.com.infinitibizsol.com:443 20.171.207.108 - - [10/Jun/2025:06:54:52 +0000] "GET /sir/expert82/9611m-23433/ HTTP/1.1" 500 5 "-" "Mozilla/5.0 AppleWebKit/537.36 (KHTML, like Gecko; compatible; GPTBot/1.2; +https://openai.com/gptbot)"
enterpriseautosalesinc.com.infinitibizsol.com:443 20.171.207.108 - - [10/Jun/2025:06:55:55 +0000] "GET /keep/cord161/9yx83-49014/ HTTP/1.1" 500 5 "-" "Mozilla/5.0 AppleWebKit/537.36 (KHTML, like Gecko; compatible; GPTBot/1.2; +https://openai.com/gptbot)"
enterpriseautosalesinc.com.infinitibizsol.com:443 20.171.207.108 - - [10/Jun/2025:06:56:59 +0000] "GET /each/upon241/c2x15-48642/ HTTP/1.1" 500 5 "-" "Mozilla/5.0 AppleWebKit/537.36 (KHTML, like Gecko; compatible; GPTBot/1.2; +https://openai.com/gptbot)"
enterpriseautosalesinc.com.infinitibizsol.com:443 20.171.207.108 - - [10/Jun/2025:06:58:00 +0000] "GET /pilot/toe198/4do18-17025/ HTTP/1.1" 500 5 "-" "Mozilla/5.0 AppleWebKit/537.36 (KHTML, like Gecko; compatible; GPTBot/1.2; +https://openai.com/gptbot)"
enterpriseautosalesinc.com.infinitibizsol.com:443 20.171.207.108 - - [10/Jun/2025:06:59:03 +0000] "GET /find/works116/z1180-9703/ HTTP/1.1" 500 5 "-" "Mozilla/5.0 AppleWebKit/537.36 (KHTML, like Gecko; compatible; GPTBot/1.2; +https://openai.com/gptbot)"
enterpriseautosalesinc.com.infinitibizsol.com:443 20.171.207.108 - - [10/Jun/2025:07:00:04 +0000] "GET /pig/boost246/1ga18-49039/ HTTP/1.1" 500 5 "-" "Mozilla/5.0 AppleWebKit/537.36 (KHTML, like Gecko; compatible; GPTBot/1.2; +https://openai.com/gptbot)"
enterpriseautosalesinc.com.infinitibizsol.com:443 20.171.207.108 - - [10/Jun/2025:07:01:07 +0000] "GET /left/five244/h7l39-47625/ HTTP/1.1" 500 5 "-" "Mozilla/5.0 AppleWebKit/537.36 (KHTML, like Gecko; compatible; GPTBot/1.2; +https://openai.com/gptbot)"
enterpriseautosalesinc.com.infinitibizsol.com:443 66.249.70.129 - - [10/Jun/2025:07:01:35 +0000] "GET /?20511002577.shtml HTTP/1.1" 200 468340 "-" "Mozilla/5.0 (Linux; Android 6.0.1; Nexus 5X Build/MMB29P) AppleWebKit/537.36 (KHTML, like Gecko) Chrome/136.0.7103.113 Mobile Safari/537.36 (compatible; Googlebot/2.1; +http://www.google.com/bot.html)"
enterpriseautosalesinc.com.infinitibizsol.com:443 20.171.207.108 - - [10/Jun/2025:07:02:11 +0000] "GET /steer/lift28/58u48-24651/ HTTP/1.1" 500 0 "-" "Mozilla/5.0 AppleWebKit/537.36 (KHTML, like Gecko; compatible; GPTBot/1.2; +https://openai.com/gptbot)"
enterpriseautosalesinc.com.infinitibizsol.com:443 185.21.13.25 - - [10/Jun/2025:07:02:17 +0000] "GET / HTTP/1.1" 500 5 "-" "Mozilla/5.0 (Macintosh; Intel Mac OS X 10_15_7) AppleWebKit/537.36 (KHTML, like Gecko) Chrome/133.0.0.0 Safari/537.36"
enterpriseautosalesinc.com.infinitibizsol.com:443 20.171.207.108 - - [10/Jun/2025:07:03:13 +0000] "GET /yourself/incorporate222/y5l2z-33381/ HTTP/1.1" 500 5 "-" "Mozilla/5.0 AppleWebKit/537.36 (KHTML, like Gecko; compatible; GPTBot/1.2; +https://openai.com/gptbot)"
enterpriseautosalesinc.com.infinitibizsol.com:443 204.12.252.98 - - [10/Jun/2025:07:03:16 +0000] "GET /wp-content/admin.php HTTP/1.1" 200 16 "https://enterpriseautosalesinc.com/wp-content/admin.php" "Mozilla/5.0 (Windows NT 10.0; Win64; x64) AppleWebKit/537.36 (KHTML, like Gecko) Chrome/58.0.3029.110 Safari/537.3"
enterpriseautosalesinc.com.infinitibizsol.com:443 20.171.207.108 - - [10/Jun/2025:07:04:19 +0000] "GET /embarrassed/terribly111/q46jn-10736/ HTTP/1.1" 500 5 "-" "Mozilla/5.0 AppleWebKit/537.36 (KHTML, like Gecko; compatible; GPTBot/1.2; +https://openai.com/gptbot)"
enterpriseautosalesinc.com.infinitibizsol.com:443 66.249.64.42 - - [10/Jun/2025:07:04:33 +0000] "GET /?20563570800.shtml HTTP/1.1" 200 464991 "-" "Mozilla/5.0 (Linux; Android 6.0.1; Nexus 5X Build/MMB29P) AppleWebKit/537.36 (KHTML, like Gecko) Chrome/136.0.7103.113 Mobile Safari/537.36 (compatible; Googlebot/2.1; +http://www.google.com/bot.html)"
enterpriseautosalesinc.com.infinitibizsol.com:443 66.249.64.41 - - [10/Jun/2025:07:04:42 +0000] "GET /?20542584934.shtml HTTP/1.1" 200 462406 "-" "Mozilla/5.0 (Linux; Android 6.0.1; Nexus 5X Build/MMB29P) AppleWebKit/537.36 (KHTML, like Gecko) Chrome/136.0.7103.113 Mobile Safari/537.36 (compatible; Googlebot/2.1; +http://www.google.com/bot.html)"
enterpriseautosalesinc.com.infinitibizsol.com:443 66.249.64.41 - - [10/Jun/2025:07:04:49 +0000] "GET /?rehab/auction/2050625744.shtml HTTP/1.1" 200 465820 "-" "Mozilla/5.0 (Linux; Android 6.0.1; Nexus 5X Build/MMB29P) AppleWebKit/537.36 (KHTML, like Gecko) Chrome/136.0.7103.113 Mobile Safari/537.36 (compatible; Googlebot/2.1; +http://www.google.com/bot.html)"
enterpriseautosalesinc.com.infinitibizsol.com:443 66.249.64.41 - - [10/Jun/2025:07:04:57 +0000] "GET /?20532019680.shtml HTTP/1.1" 200 469570 "-" "Mozilla/5.0 (Linux; Android 6.0.1; Nexus 5X Build/MMB29P) AppleWebKit/537.36 (KHTML, like Gecko) Chrome/136.0.7103.113 Mobile Safari/537.36 (compatible; Googlebot/2.1; +http://www.google.com/bot.html)"
enterpriseautosalesinc.com.infinitibizsol.com:443 66.249.64.41 - - [10/Jun/2025:07:05:05 +0000] "GET /?flavor/2051925959.shtml HTTP/1.1" 200 465156 "-" "Mozilla/5.0 (Linux; Android 6.0.1; Nexus 5X Build/MMB29P) AppleWebKit/537.36 (KHTML, like Gecko) Chrome/136.0.7103.113 Mobile Safari/537.36 (compatible; Googlebot/2.1; +http://www.google.com/bot.html)"
enterpriseautosalesinc.com.infinitibizsol.com:443 66.249.64.41 - - [10/Jun/2025:07:05:13 +0000] "GET /?cascade/good/20521209328.shtml HTTP/1.1" 200 482389 "-" "Mozilla/5.0 (Linux; Android 6.0.1; Nexus 5X Build/MMB29P) AppleWebKit/537.36 (KHTML, like Gecko) Chrome/136.0.7103.113 Mobile Safari/537.36 (compatible; Googlebot/2.1; +http://www.google.com/bot.html)"
enterpriseautosalesinc.com.infinitibizsol.com:443 20.171.207.108 - - [10/Jun/2025:07:05:19 +0000] "GET /agenda/consciousness273/p9zx7-14448/ HTTP/1.1" 500 5 "-" "Mozilla/5.0 AppleWebKit/537.36 (KHTML, like Gecko; compatible; GPTBot/1.2; +https://openai.com/gptbot)"
enterpriseautosalesinc.com.infinitibizsol.com:443 66.249.64.41 - - [10/Jun/2025:07:05:21 +0000] "GET /?2050324320.shtml HTTP/1.1" 200 476520 "-" "Mozilla/5.0 (Linux; Android 6.0.1; Nexus 5X Build/MMB29P) AppleWebKit/537.36 (KHTML, like Gecko) Chrome/136.0.7103.113 Mobile Safari/537.36 (compatible; Googlebot/2.1; +http://www.google.com/bot.html)"
enterpriseautosalesinc.com.infinitibizsol.com:443 66.249.64.42 - - [10/Jun/2025:07:05:30 +0000] "GET /?wards/goods/2050436186.shtml HTTP/1.1" 200 462046 "-" "Mozilla/5.0 (Linux; Android 6.0.1; Nexus 5X Build/MMB29P) AppleWebKit/537.36 (KHTML, like Gecko) Chrome/136.0.7103.113 Mobile Safari/537.36 (compatible; Googlebot/2.1; +http://www.google.com/bot.html)"
enterpriseautosalesinc.com.infinitibizsol.com:443 66.249.64.42 - - [10/Jun/2025:07:05:38 +0000] "GET /?grandparents/20584492026.shtml HTTP/1.1" 200 504820 "-" "Mozilla/5.0 (Linux; Android 6.0.1; Nexus 5X Build/MMB29P) AppleWebKit/537.36 (KHTML, like Gecko) Chrome/136.0.7103.113 Mobile Safari/537.36 (compatible; Googlebot/2.1; +http://www.google.com/bot.html)"
