enterpriseautosalesinc.com.infinitibizsol.com:443 66.249.64.42 - - [10/Jun/2025:07:05:47 +0000] "GET /?recall/auction/20511102624.shtml HTTP/1.1" 200 463197 "-" "Mozilla/5.0 (Linux; Android 6.0.1; Nexus 5X Build/MMB29P) AppleWebKit/537.36 (KHTML, like Gecko) Chrome/136.0.7103.113 Mobile Safari/537.36 (compatible; Googlebot/2.1; +http://www.google.com/bot.html)"
enterpriseautosalesinc.com.infinitibizsol.com:443 66.249.64.43 - - [10/Jun/2025:07:06:01 +0000] "GET /?soa/20532127063.shtml HTTP/1.1" 200 458600 "-" "Mozilla/5.0 (Linux; Android 6.0.1; Nexus 5X Build/MMB29P) AppleWebKit/537.36 (KHTML, like Gecko) Chrome/136.0.7103.113 Mobile Safari/537.36 (compatible; Googlebot/2.1; +http://www.google.com/bot.html)"
enterpriseautosalesinc.com.infinitibizsol.com:443 66.249.64.41 - - [10/Jun/2025:07:06:10 +0000] "GET /?deviations/merchandises/20563331483.shtml HTTP/1.1" 200 462307 "-" "Mozilla/5.0 (Linux; Android 6.0.1; Nexus 5X Build/MMB29P) AppleWebKit/537.36 (KHTML, like Gecko) Chrome/136.0.7103.113 Mobile Safari/537.36 (compatible; Googlebot/2.1; +http://www.google.com/bot.html)"
enterpriseautosalesinc.com.infinitibizsol.com:443 66.249.64.41 - - [10/Jun/2025:07:06:21 +0000] "GET /?rachel/products/20584303462.shtml HTTP/1.1" 200 452882 "-" "Mozilla/5.0 (Linux; Android 6.0.1; Nexus 5X Build/MMB29P) AppleWebKit/537.36 (KHTML, like Gecko) Chrome/136.0.7103.113 Mobile Safari/537.36 (compatible; Googlebot/2.1; +http://www.google.com/bot.html)"
enterpriseautosalesinc.com.infinitibizsol.com:443 20.171.207.108 - - [10/Jun/2025:07:06:24 +0000] "GET /efficient/resolution173/6mba6-21110/ HTTP/1.1" 500 5 "-" "Mozilla/5.0 AppleWebKit/537.36 (KHTML, like Gecko; compatible; GPTBot/1.2; +https://openai.com/gptbot)"
enterpriseautosalesinc.com.infinitibizsol.com:443 66.249.64.41 - - [10/Jun/2025:07:06:25 +0000] "GET /?20552960303.shtml HTTP/1.1" 200 471299 "-" "Mozilla/5.0 (Linux; Android 6.0.1; Nexus 5X Build/MMB29P) AppleWebKit/537.36 (KHTML, like Gecko) Chrome/136.0.7103.113 Mobile Safari/537.36 (compatible; Googlebot/2.1; +http://www.google.com/bot.html)"
enterpriseautosalesinc.com.infinitibizsol.com:443 66.249.64.42 - - [10/Jun/2025:07:06:36 +0000] "GET /?elbow/20563549864.shtml HTTP/1.1" 200 463856 "-" "Mozilla/5.0 (Linux; Android 6.0.1; Nexus 5X Build/MMB29P) AppleWebKit/537.36 (KHTML, like Gecko) Chrome/136.0.7103.113 Mobile Safari/537.36 (compatible; Googlebot/2.1; +http://www.google.com/bot.html)"
enterpriseautosalesinc.com.infinitibizsol.com:443 66.249.64.41 - - [10/Jun/2025:07:06:44 +0000] "GET /?2051823127.shtml HTTP/1.1" 200 466299 "-" "Mozilla/5.0 (Linux; Android 6.0.1; Nexus 5X Build/MMB29P) AppleWebKit/537.36 (KHTML, like Gecko) Chrome/136.0.7103.113 Mobile Safari/537.36 (compatible; Googlebot/2.1; +http://www.google.com/bot.html)"
enterpriseautosalesinc.com.infinitibizsol.com:443 204.12.252.98 - - [10/Jun/2025:07:07:22 +0000] "GET /wp-content/admin.php HTTP/1.1" 200 16 "https://enterpriseautosalesinc.com/wp-content/admin.php" "Mozilla/5.0 (Windows NT 10.0; Win64; x64) AppleWebKit/537.36 (KHTML, like Gecko) Chrome/58.0.3029.110 Safari/537.3"
enterpriseautosalesinc.com.infinitibizsol.com:443 20.171.207.108 - - [10/Jun/2025:07:07:26 +0000] "GET /comfortable/consist85/kxw3a-29664/ HTTP/1.1" 500 5 "-" "Mozilla/5.0 AppleWebKit/537.36 (KHTML, like Gecko; compatible; GPTBot/1.2; +https://openai.com/gptbot)"
enterpriseautosalesinc.com.infinitibizsol.com:443 20.171.207.108 - - [10/Jun/2025:07:08:26 +0000] "GET /chapter/bit233/ea7ef-10644/ HTTP/1.1" 500 5 "-" "Mozilla/5.0 AppleWebKit/537.36 (KHTML, like Gecko; compatible; GPTBot/1.2; +https://openai.com/gptbot)"
enterpriseautosalesinc.com.infinitibizsol.com:443 20.171.207.108 - - [10/Jun/2025:07:09:30 +0000] "GET /eventually/substantially245/5juct-34608/ HTTP/1.1" 500 0 "-" "Mozilla/5.0 AppleWebKit/537.36 (KHTML, like Gecko; compatible; GPTBot/1.2; +https://openai.com/gptbot)"
enterpriseautosalesinc.com.infinitibizsol.com:443 69.197.182.50 - - [10/Jun/2025:07:09:30 +0000] "GET /wp-content/admin.php HTTP/1.1" 200 16 "https://enterpriseautosalesinc.com/wp-content/admin.php" "Mozilla/5.0 (Windows NT 10.0; Win64; x64) AppleWebKit/537.36 (KHTML, like Gecko) Chrome/58.0.3029.110 Safari/537.3"
enterpriseautosalesinc.com.infinitibizsol.com:443 20.171.207.108 - - [10/Jun/2025:07:10:33 +0000] "GET /weather/middle-class38/dly5b-46051/ HTTP/1.1" 500 5 "-" "Mozilla/5.0 AppleWebKit/537.36 (KHTML, like Gecko; compatible; GPTBot/1.2; +https://openai.com/gptbot)"
enterpriseautosalesinc.com.infinitibizsol.com:443 20.171.207.108 - - [10/Jun/2025:07:11:38 +0000] "GET /reluctant/substantially274/hxd17-26485/ HTTP/1.1" 500 5 "-" "Mozilla/5.0 AppleWebKit/537.36 (KHTML, like Gecko; compatible; GPTBot/1.2; +https://openai.com/gptbot)"
enterpriseautosalesinc.com.infinitibizsol.com:443 20.171.207.108 - - [10/Jun/2025:07:12:43 +0000] "GET /fate/advocate98/styyr-6641/ HTTP/1.1" 500 5 "-" "Mozilla/5.0 AppleWebKit/537.36 (KHTML, like Gecko; compatible; GPTBot/1.2; +https://openai.com/gptbot)"
enterpriseautosalesinc.com.infinitibizsol.com:443 20.171.207.108 - - [10/Jun/2025:07:13:47 +0000] "GET /trunk/African-American31/4llvm-25618/ HTTP/1.1" 500 5 "-" "Mozilla/5.0 AppleWebKit/537.36 (KHTML, like Gecko; compatible; GPTBot/1.2; +https://openai.com/gptbot)"
enterpriseautosalesinc.com.infinitibizsol.com:443 20.171.207.108 - - [10/Jun/2025:07:14:49 +0000] "GET /finding/export37/khrua-43158/ HTTP/1.1" 500 5 "-" "Mozilla/5.0 AppleWebKit/537.36 (KHTML, like Gecko; compatible; GPTBot/1.2; +https://openai.com/gptbot)"
enterpriseautosalesinc.com.infinitibizsol.com:443 20.171.207.108 - - [10/Jun/2025:07:15:50 +0000] "GET /diplomat/seek295/yfgd7-4032/ HTTP/1.1" 500 5 "-" "Mozilla/5.0 AppleWebKit/537.36 (KHTML, like Gecko; compatible; GPTBot/1.2; +https://openai.com/gptbot)"
enterpriseautosalesinc.com.infinitibizsol.com:443 69.197.135.226 - - [10/Jun/2025:07:16:22 +0000] "GET /wp-content/admin.php HTTP/1.1" 200 16 "https://enterpriseautosalesinc.com/wp-content/admin.php" "Mozilla/5.0 (Windows NT 10.0; Win64; x64) AppleWebKit/537.36 (KHTML, like Gecko) Chrome/58.0.3029.110 Safari/537.3"
enterpriseautosalesinc.com.infinitibizsol.com:443 20.171.207.108 - - [10/Jun/2025:07:16:53 +0000] "GET /minister/buck224/hwzgl-48867/ HTTP/1.1" 500 5 "-" "Mozilla/5.0 AppleWebKit/537.36 (KHTML, like Gecko; compatible; GPTBot/1.2; +https://openai.com/gptbot)"
enterpriseautosalesinc.com.infinitibizsol.com:443 20.171.207.108 - - [10/Jun/2025:07:17:58 +0000] "GET /fortunately/nice4/98jmp-2861/ HTTP/1.1" 500 5 "-" "Mozilla/5.0 AppleWebKit/537.36 (KHTML, like Gecko; compatible; GPTBot/1.2; +https://openai.com/gptbot)"
enterpriseautosalesinc.com.infinitibizsol.com:443 66.249.64.42 - - [10/Jun/2025:07:18:04 +0000] "GET /?20552897852.shtml HTTP/1.1" 200 464250 "-" "Mozilla/5.0 (Linux; Android 6.0.1; Nexus 5X Build/MMB29P) AppleWebKit/537.36 (KHTML, like Gecko) Chrome/136.0.7103.113 Mobile Safari/537.36 (compatible; Googlebot/2.1; +http://www.google.com/bot.html)"
enterpriseautosalesinc.com.infinitibizsol.com:443 66.249.64.40 - - [10/Jun/2025:07:18:07 +0000] "GET /?spectrum/product/20531901737.shtml HTTP/1.1" 200 463713 "-" "Mozilla/5.0 (Linux; Android 6.0.1; Nexus 5X Build/MMB29P) AppleWebKit/537.36 (KHTML, like Gecko) Chrome/136.0.7103.113 Mobile Safari/537.36 (compatible; Googlebot/2.1; +http://www.google.com/bot.html)"
enterpriseautosalesinc.com.infinitibizsol.com:443 66.249.64.39 - - [10/Jun/2025:07:18:16 +0000] "GET /?20521467641.shtml HTTP/1.1" 200 465517 "-" "Mozilla/5.0 (Linux; Android 6.0.1; Nexus 5X Build/MMB29P) AppleWebKit/537.36 (KHTML, like Gecko) Chrome/136.0.7103.113 Mobile Safari/537.36 (compatible; Googlebot/2.1; +http://www.google.com/bot.html)"
enterpriseautosalesinc.com.infinitibizsol.com:443 66.249.64.40 - - [10/Jun/2025:07:18:21 +0000] "GET /?20521296818.shtml HTTP/1.1" 200 464877 "-" "Mozilla/5.0 (Linux; Android 6.0.1; Nexus 5X Build/MMB29P) AppleWebKit/537.36 (KHTML, like Gecko) Chrome/136.0.7103.113 Mobile Safari/537.36 (compatible; Googlebot/2.1; +http://www.google.com/bot.html)"
enterpriseautosalesinc.com.infinitibizsol.com:443 66.249.64.40 - - [10/Jun/2025:07:18:25 +0000] "GET /?capitol/20521804614.shtml HTTP/1.1" 200 463661 "-" "Mozilla/5.0 (Linux; Android 6.0.1; Nexus 5X Build/MMB29P) AppleWebKit/537.36 (KHTML, like Gecko) Chrome/136.0.7103.113 Mobile Safari/537.36 (compatible; Googlebot/2.1; +http://www.google.com/bot.html)"
enterpriseautosalesinc.com.infinitibizsol.com:443 66.249.64.39 - - [10/Jun/2025:07:18:27 +0000] "GET /?20521551533.shtml HTTP/1.1" 200 464962 "-" "Mozilla/5.0 (Linux; Android 6.0.1; Nexus 5X Build/MMB29P) AppleWebKit/537.36 (KHTML, like Gecko) Chrome/136.0.7103.113 Mobile Safari/537.36 (compatible; Googlebot/2.1; +http://www.google.com/bot.html)"
enterpriseautosalesinc.com.infinitibizsol.com:443 66.249.64.39 - - [10/Jun/2025:07:18:34 +0000] "GET /?thereof/20584543311.shtml HTTP/1.1" 200 469688 "-" "Mozilla/5.0 (Linux; Android 6.0.1; Nexus 5X Build/MMB29P) AppleWebKit/537.36 (KHTML, like Gecko) Chrome/136.0.7103.113 Mobile Safari/537.36 (compatible; Googlebot/2.1; +http://www.google.com/bot.html)"
enterpriseautosalesinc.com.infinitibizsol.com:443 20.171.207.108 - - [10/Jun/2025:07:18:59 +0000] "GET /orbit/distance53/lrjg2-18506/ HTTP/1.1" 500 5 "-" "Mozilla/5.0 AppleWebKit/537.36 (KHTML, like Gecko; compatible; GPTBot/1.2; +https://openai.com/gptbot)"
enterpriseautosalesinc.com.infinitibizsol.com:443 69.197.135.226 - - [10/Jun/2025:07:19:51 +0000] "GET /wp-content/admin.php HTTP/1.1" 200 16 "https://enterpriseautosalesinc.com/wp-content/admin.php" "Mozilla/5.0 (Windows NT 10.0; Win64; x64) AppleWebKit/537.36 (KHTML, like Gecko) Chrome/58.0.3029.110 Safari/537.3"
enterpriseautosalesinc.com.infinitibizsol.com:443 20.171.207.108 - - [10/Jun/2025:07:20:02 +0000] "GET /virtual/legacy6/zop54-34027/ HTTP/1.1" 500 0 "-" "Mozilla/5.0 AppleWebKit/537.36 (KHTML, like Gecko; compatible; GPTBot/1.2; +https://openai.com/gptbot)"
enterpriseautosalesinc.com.infinitibizsol.com:443 20.171.207.108 - - [10/Jun/2025:07:21:03 +0000] "GET /brief/custody188/bxw3y-4267/ HTTP/1.1" 500 5 "-" "Mozilla/5.0 AppleWebKit/537.36 (KHTML, like Gecko; compatible; GPTBot/1.2; +https://openai.com/gptbot)"
enterpriseautosalesinc.com.infinitibizsol.com:443 66.249.70.142 - - [10/Jun/2025:07:21:30 +0000] "GET /?serv/product/20511093344.shtml HTTP/1.1" 200 466567 "-" "Mozilla/5.0 (Linux; Android 6.0.1; Nexus 5X Build/MMB29P) AppleWebKit/537.36 (KHTML, like Gecko) Chrome/136.0.7103.113 Mobile Safari/537.36 (compatible; Googlebot/2.1; +http://www.google.com/bot.html)"
enterpriseautosalesinc.com.infinitibizsol.com:443 20.171.207.108 - - [10/Jun/2025:07:22:07 +0000] "GET /diary/exposure40/gnnmw-46381/ HTTP/1.1" 500 5 "-" "Mozilla/5.0 AppleWebKit/537.36 (KHTML, like Gecko; compatible; GPTBot/1.2; +https://openai.com/gptbot)"
enterpriseautosalesinc.com.infinitibizsol.com:443 20.171.207.108 - - [10/Jun/2025:07:23:07 +0000] "GET /fate/advocate98/styyr-6641/ HTTP/1.1" 500 5 "-" "Mozilla/5.0 AppleWebKit/537.36 (KHTML, like Gecko; compatible; GPTBot/1.2; +https://openai.com/gptbot)"
enterpriseautosalesinc.com.infinitibizsol.com:443 20.171.207.108 - - [10/Jun/2025:07:24:12 +0000] "GET /broadcast/fun128/vpndl-37429/ HTTP/1.1" 500 5 "-" "Mozilla/5.0 AppleWebKit/537.36 (KHTML, like Gecko; compatible; GPTBot/1.2; +https://openai.com/gptbot)"
enterpriseautosalesinc.com.infinitibizsol.com:443 69.197.182.50 - - [10/Jun/2025:07:24:22 +0000] "GET /wp-content/admin.php HTTP/1.1" 200 16 "https://enterpriseautosalesinc.com/wp-content/admin.php" "Mozilla/5.0 (Windows NT 10.0; Win64; x64) AppleWebKit/537.36 (KHTML, like Gecko) Chrome/58.0.3029.110 Safari/537.3"
enterpriseautosalesinc.com.infinitibizsol.com:443 20.171.207.108 - - [10/Jun/2025:07:25:17 +0000] "GET /honor/republic155/gx9vf-4020/ HTTP/1.1" 500 5 "-" "Mozilla/5.0 AppleWebKit/537.36 (KHTML, like Gecko; compatible; GPTBot/1.2; +https://openai.com/gptbot)"
enterpriseautosalesinc.com.infinitibizsol.com:443 66.249.64.41 - - [10/Jun/2025:07:25:33 +0000] "GET /safe_search/config?return_url=product/detail/7092962125 HTTP/1.1" 200 467400 "-" "Mozilla/5.0 (Linux; Android 6.0.1; Nexus 5X Build/MMB29P) AppleWebKit/537.36 (KHTML, like Gecko) Chrome/136.0.7103.113 Mobile Safari/537.36 (compatible; Googlebot/2.1; +http://www.google.com/bot.html)"
enterpriseautosalesinc.com.infinitibizsol.com:443 204.12.252.98 - - [10/Jun/2025:07:26:17 +0000] "GET /wp-content/admin.php HTTP/1.1" 200 16 "https://enterpriseautosalesinc.com/wp-content/admin.php" "Mozilla/5.0 (Windows NT 10.0; Win64; x64) AppleWebKit/537.36 (KHTML, like Gecko) Chrome/58.0.3029.110 Safari/537.3"
enterpriseautosalesinc.com.infinitibizsol.com:443 20.171.207.108 - - [10/Jun/2025:07:26:20 +0000] "GET /dignity/cloth95/kse7l-12406/ HTTP/1.1" 500 5 "-" "Mozilla/5.0 AppleWebKit/537.36 (KHTML, like Gecko; compatible; GPTBot/1.2; +https://openai.com/gptbot)"
enterpriseautosalesinc.com.infinitibizsol.com:443 66.249.64.42 - - [10/Jun/2025:07:26:43 +0000] "GET /?20563465542.shtml HTTP/1.1" 200 463953 "-" "Mozilla/5.0 (Linux; Android 6.0.1; Nexus 5X Build/MMB29P) AppleWebKit/537.36 (KHTML, like Gecko) Chrome/136.0.7103.113 Mobile Safari/537.36 (compatible; Googlebot/2.1; +http://www.google.com/bot.html)"
enterpriseautosalesinc.com.infinitibizsol.com:443 66.249.64.42 - - [10/Jun/2025:07:26:49 +0000] "GET /?amsterdam/shopping/2051802075.shtml HTTP/1.1" 200 461267 "-" "Mozilla/5.0 (Linux; Android 6.0.1; Nexus 5X Build/MMB29P) AppleWebKit/537.36 (KHTML, like Gecko) Chrome/136.0.7103.113 Mobile Safari/537.36 (compatible; Googlebot/2.1; +http://www.google.com/bot.html)"
enterpriseautosalesinc.com.infinitibizsol.com:443 66.249.64.41 - - [10/Jun/2025:07:26:58 +0000] "GET /?vested/shopping/20542674945.shtml HTTP/1.1" 200 463994 "-" "Mozilla/5.0 (Linux; Android 6.0.1; Nexus 5X Build/MMB29P) AppleWebKit/537.36 (KHTML, like Gecko) Chrome/136.0.7103.113 Mobile Safari/537.36 (compatible; Googlebot/2.1; +http://www.google.com/bot.html)"
enterpriseautosalesinc.com.infinitibizsol.com:443 66.249.64.41 - - [10/Jun/2025:07:27:06 +0000] "GET /?devised/2051916674.shtml HTTP/1.1" 200 466007 "-" "Mozilla/5.0 (Linux; Android 6.0.1; Nexus 5X Build/MMB29P) AppleWebKit/537.36 (KHTML, like Gecko) Chrome/136.0.7103.113 Mobile Safari/537.36 (compatible; Googlebot/2.1; +http://www.google.com/bot.html)"
enterpriseautosalesinc.com.infinitibizsol.com:443 66.249.64.42 - - [10/Jun/2025:07:27:09 +0000] "GET /?bother/20542687190.shtml HTTP/1.1" 200 469871 "-" "Mozilla/5.0 (Linux; Android 6.0.1; Nexus 5X Build/MMB29P) AppleWebKit/537.36 (KHTML, like Gecko) Chrome/136.0.7103.113 Mobile Safari/537.36 (compatible; Googlebot/2.1; +http://www.google.com/bot.html)"
enterpriseautosalesinc.com.infinitibizsol.com:443 66.249.64.42 - - [10/Jun/2025:07:27:16 +0000] "GET /?appreciate/20573902085.shtml HTTP/1.1" 200 497023 "-" "Mozilla/5.0 (Linux; Android 6.0.1; Nexus 5X Build/MMB29P) AppleWebKit/537.36 (KHTML, like Gecko) Chrome/136.0.7103.113 Mobile Safari/537.36 (compatible; Googlebot/2.1; +http://www.google.com/bot.html)"
enterpriseautosalesinc.com.infinitibizsol.com:443 66.249.64.42 - - [10/Jun/2025:07:27:20 +0000] "GET /?republicans/2051965151.shtml HTTP/1.1" 200 480274 "-" "Mozilla/5.0 (Linux; Android 6.0.1; Nexus 5X Build/MMB29P) AppleWebKit/537.36 (KHTML, like Gecko) Chrome/136.0.7103.113 Mobile Safari/537.36 (compatible; Googlebot/2.1; +http://www.google.com/bot.html)"
enterpriseautosalesinc.com.infinitibizsol.com:443 20.171.207.108 - - [10/Jun/2025:07:27:25 +0000] "GET /whip/adolescent15/dafy8-9256/ HTTP/1.1" 500 5 "-" "Mozilla/5.0 AppleWebKit/537.36 (KHTML, like Gecko; compatible; GPTBot/1.2; +https://openai.com/gptbot)"
enterpriseautosalesinc.com.infinitibizsol.com:443 66.249.64.41 - - [10/Jun/2025:07:27:28 +0000] "GET /?contain/20542739954.shtml HTTP/1.1" 200 456650 "-" "Mozilla/5.0 (Linux; Android 6.0.1; Nexus 5X Build/MMB29P) AppleWebKit/537.36 (KHTML, like Gecko) Chrome/136.0.7103.113 Mobile Safari/537.36 (compatible; Googlebot/2.1; +http://www.google.com/bot.html)"
enterpriseautosalesinc.com.infinitibizsol.com:443 66.249.64.42 - - [10/Jun/2025:07:27:32 +0000] "GET /?20573772610.shtml HTTP/1.1" 200 467651 "-" "Mozilla/5.0 (Linux; Android 6.0.1; Nexus 5X Build/MMB29P) AppleWebKit/537.36 (KHTML, like Gecko) Chrome/136.0.7103.113 Mobile Safari/537.36 (compatible; Googlebot/2.1; +http://www.google.com/bot.html)"
enterpriseautosalesinc.com.infinitibizsol.com:443 66.249.75.105 - - [10/Jun/2025:07:27:36 +0000] "GET /?middot/shopping/20584270015.shtml HTTP/1.1" 200 460481 "-" "Mozilla/5.0 (Linux; Android 6.0.1; Nexus 5X Build/MMB29P) AppleWebKit/537.36 (KHTML, like Gecko) Chrome/136.0.7103.113 Mobile Safari/537.36 (compatible; Googlebot/2.1; +http://www.google.com/bot.html)"
enterpriseautosalesinc.com.infinitibizsol.com:443 66.249.64.41 - - [10/Jun/2025:07:28:11 +0000] "GET /?hiking/20521282980.shtml HTTP/1.1" 200 458721 "-" "Mozilla/5.0 (Linux; Android 6.0.1; Nexus 5X Build/MMB29P) AppleWebKit/537.36 (KHTML, like Gecko) Chrome/136.0.7103.113 Mobile Safari/537.36 (compatible; Googlebot/2.1; +http://www.google.com/bot.html)"
enterpriseautosalesinc.com.infinitibizsol.com:443 66.249.64.42 - - [10/Jun/2025:07:28:21 +0000] "GET /?enjoyable/20532147508.shtml HTTP/1.1" 200 463881 "-" "Mozilla/5.0 (Linux; Android 6.0.1; Nexus 5X Build/MMB29P) AppleWebKit/537.36 (KHTML, like Gecko) Chrome/136.0.7103.113 Mobile Safari/537.36 (compatible; Googlebot/2.1; +http://www.google.com/bot.html)"
enterpriseautosalesinc.com.infinitibizsol.com:443 66.249.64.41 - - [10/Jun/2025:07:28:25 +0000] "GET /?ministers/item/20542584450.shtml HTTP/1.1" 200 469579 "-" "Mozilla/5.0 (Linux; Android 6.0.1; Nexus 5X Build/MMB29P) AppleWebKit/537.36 (KHTML, like Gecko) Chrome/136.0.7103.113 Mobile Safari/537.36 (compatible; Googlebot/2.1; +http://www.google.com/bot.html)"
enterpriseautosalesinc.com.infinitibizsol.com:443 20.171.207.108 - - [10/Jun/2025:07:28:29 +0000] "GET /shot/practice41/zm7ks-39582/ HTTP/1.1" 500 5 "-" "Mozilla/5.0 AppleWebKit/537.36 (KHTML, like Gecko; compatible; GPTBot/1.2; +https://openai.com/gptbot)"
enterpriseautosalesinc.com.infinitibizsol.com:443 66.249.64.42 - - [10/Jun/2025:07:28:36 +0000] "GET /?hills/shopping/20563460255.shtml HTTP/1.1" 200 493352 "-" "Mozilla/5.0 (Linux; Android 6.0.1; Nexus 5X Build/MMB29P) AppleWebKit/537.36 (KHTML, like Gecko) Chrome/136.0.7103.113 Mobile Safari/537.36 (compatible; Googlebot/2.1; +http://www.google.com/bot.html)"
enterpriseautosalesinc.com.infinitibizsol.com:443 66.249.64.42 - - [10/Jun/2025:07:28:41 +0000] "GET /?softly/20532173140.shtml HTTP/1.1" 200 475399 "-" "Mozilla/5.0 (Linux; Android 6.0.1; Nexus 5X Build/MMB29P) AppleWebKit/537.36 (KHTML, like Gecko) Chrome/136.0.7103.113 Mobile Safari/537.36 (compatible; Googlebot/2.1; +http://www.google.com/bot.html)"
enterpriseautosalesinc.com.infinitibizsol.com:443 66.249.64.41 - - [10/Jun/2025:07:28:48 +0000] "GET /?determine/good/2051979168.shtml HTTP/1.1" 200 509853 "-" "Mozilla/5.0 (Linux; Android 6.0.1; Nexus 5X Build/MMB29P) AppleWebKit/537.36 (KHTML, like Gecko) Chrome/136.0.7103.113 Mobile Safari/537.36 (compatible; Googlebot/2.1; +http://www.google.com/bot.html)"
enterpriseautosalesinc.com.infinitibizsol.com:443 66.249.64.41 - - [10/Jun/2025:07:28:53 +0000] "GET /?threw/20531828167.shtml HTTP/1.1" 200 487507 "-" "Mozilla/5.0 (Linux; Android 6.0.1; Nexus 5X Build/MMB29P) AppleWebKit/537.36 (KHTML, like Gecko) Chrome/136.0.7103.113 Mobile Safari/537.36 (compatible; Googlebot/2.1; +http://www.google.com/bot.html)"
enterpriseautosalesinc.com.infinitibizsol.com:443 66.249.64.42 - - [10/Jun/2025:07:29:04 +0000] "GET /?20521389950.shtml HTTP/1.1" 200 466351 "-" "Mozilla/5.0 (Linux; Android 6.0.1; Nexus 5X Build/MMB29P) AppleWebKit/537.36 (KHTML, like Gecko) Chrome/136.0.7103.113 Mobile Safari/537.36 (compatible; Googlebot/2.1; +http://www.google.com/bot.html)"
enterpriseautosalesinc.com.infinitibizsol.com:443 66.249.64.41 - - [10/Jun/2025:07:29:18 +0000] "GET /?ohio/product/20521458937.shtml HTTP/1.1" 200 465229 "-" "Mozilla/5.0 (Linux; Android 6.0.1; Nexus 5X Build/MMB29P) AppleWebKit/537.36 (KHTML, like Gecko) Chrome/136.0.7103.113 Mobile Safari/537.36 (compatible; Googlebot/2.1; +http://www.google.com/bot.html)"
enterpriseautosalesinc.com.infinitibizsol.com:443 66.249.64.41 - - [10/Jun/2025:07:29:25 +0000] "GET /?anguilla/20552868771.shtml HTTP/1.1" 200 465749 "-" "Mozilla/5.0 (Linux; Android 6.0.1; Nexus 5X Build/MMB29P) AppleWebKit/537.36 (KHTML, like Gecko) Chrome/136.0.7103.113 Mobile Safari/537.36 (compatible; Googlebot/2.1; +http://www.google.com/bot.html)"
enterpriseautosalesinc.com.infinitibizsol.com:443 20.171.207.108 - - [10/Jun/2025:07:29:31 +0000] "GET /finally/speech251/rsvm7-4834/ HTTP/1.1" 500 5 "-" "Mozilla/5.0 AppleWebKit/537.36 (KHTML, like Gecko; compatible; GPTBot/1.2; +https://openai.com/gptbot)"
enterpriseautosalesinc.com.infinitibizsol.com:443 66.249.64.41 - - [10/Jun/2025:07:29:34 +0000] "GET /?20563565979.shtml HTTP/1.1" 200 466514 "-" "Mozilla/5.0 (Linux; Android 6.0.1; Nexus 5X Build/MMB29P) AppleWebKit/537.36 (KHTML, like Gecko) Chrome/136.0.7103.113 Mobile Safari/537.36 (compatible; Googlebot/2.1; +http://www.google.com/bot.html)"
enterpriseautosalesinc.com.infinitibizsol.com:443 66.249.64.42 - - [10/Jun/2025:07:29:38 +0000] "GET /?download/20542517573.shtml HTTP/1.1" 200 477697 "-" "Mozilla/5.0 (Linux; Android 6.0.1; Nexus 5X Build/MMB29P) AppleWebKit/537.36 (KHTML, like Gecko) Chrome/136.0.7103.113 Mobile Safari/537.36 (compatible; Googlebot/2.1; +http://www.google.com/bot.html)"
enterpriseautosalesinc.com.infinitibizsol.com:443 66.249.64.42 - - [10/Jun/2025:07:29:46 +0000] "GET /?20521221011.shtml HTTP/1.1" 200 461957 "-" "Mozilla/5.0 (Linux; Android 6.0.1; Nexus 5X Build/MMB29P) AppleWebKit/537.36 (KHTML, like Gecko) Chrome/136.0.7103.113 Mobile Safari/537.36 (compatible; Googlebot/2.1; +http://www.google.com/bot.html)"
enterpriseautosalesinc.com.infinitibizsol.com:443 66.249.64.41 - - [10/Jun/2025:07:29:50 +0000] "GET /?bladder/2050569571.shtml HTTP/1.1" 200 464764 "-" "Mozilla/5.0 (Linux; Android 6.0.1; Nexus 5X Build/MMB29P) AppleWebKit/537.36 (KHTML, like Gecko) Chrome/136.0.7103.113 Mobile Safari/537.36 (compatible; Googlebot/2.1; +http://www.google.com/bot.html)"
enterpriseautosalesinc.com.infinitibizsol.com:443 66.249.64.43 - - [10/Jun/2025:07:29:59 +0000] "GET /?20531900712.shtml HTTP/1.1" 200 466018 "-" "Mozilla/5.0 (Linux; Android 6.0.1; Nexus 5X Build/MMB29P) AppleWebKit/537.36 (KHTML, like Gecko) Chrome/136.0.7103.113 Mobile Safari/537.36 (compatible; Googlebot/2.1; +http://www.google.com/bot.html)"
enterpriseautosalesinc.com.infinitibizsol.com:443 66.249.64.41 - - [10/Jun/2025:07:30:07 +0000] "GET /?bk/20532084925.shtml HTTP/1.1" 200 464428 "-" "Mozilla/5.0 (Linux; Android 6.0.1; Nexus 5X Build/MMB29P) AppleWebKit/537.36 (KHTML, like Gecko) Chrome/136.0.7103.113 Mobile Safari/537.36 (compatible; Googlebot/2.1; +http://www.google.com/bot.html)"
enterpriseautosalesinc.com.infinitibizsol.com:443 66.249.64.41 - - [10/Jun/2025:07:30:11 +0000] "GET /?shoe/20532001528.shtml HTTP/1.1" 200 486763 "-" "Mozilla/5.0 (Linux; Android 6.0.1; Nexus 5X Build/MMB29P) AppleWebKit/537.36 (KHTML, like Gecko) Chrome/136.0.7103.113 Mobile Safari/537.36 (compatible; Googlebot/2.1; +http://www.google.com/bot.html)"
enterpriseautosalesinc.com.infinitibizsol.com:443 66.249.64.41 - - [10/Jun/2025:07:30:20 +0000] "GET /?nav/2050583779.shtml HTTP/1.1" 200 463797 "-" "Mozilla/5.0 (Linux; Android 6.0.1; Nexus 5X Build/MMB29P) AppleWebKit/537.36 (KHTML, like Gecko) Chrome/136.0.7103.113 Mobile Safari/537.36 (compatible; Googlebot/2.1; +http://www.google.com/bot.html)"
enterpriseautosalesinc.com.infinitibizsol.com:443 66.249.64.42 - - [10/Jun/2025:07:30:26 +0000] "GET /?mailer/20531852752.shtml HTTP/1.1" 200 457069 "-" "Mozilla/5.0 (Linux; Android 6.0.1; Nexus 5X Build/MMB29P) AppleWebKit/537.36 (KHTML, like Gecko) Chrome/136.0.7103.113 Mobile Safari/537.36 (compatible; Googlebot/2.1; +http://www.google.com/bot.html)"
enterpriseautosalesinc.com.infinitibizsol.com:443 20.171.207.108 - - [10/Jun/2025:07:30:34 +0000] "GET /throw/basement98/6dyrk-7231/ HTTP/1.1" 500 5 "-" "Mozilla/5.0 AppleWebKit/537.36 (KHTML, like Gecko; compatible; GPTBot/1.2; +https://openai.com/gptbot)"
enterpriseautosalesinc.com.infinitibizsol.com:443 66.249.64.41 - - [10/Jun/2025:07:30:36 +0000] "GET /?2050220913.shtml HTTP/1.1" 200 464300 "-" "Mozilla/5.0 (Linux; Android 6.0.1; Nexus 5X Build/MMB29P) AppleWebKit/537.36 (KHTML, like Gecko) Chrome/136.0.7103.113 Mobile Safari/537.36 (compatible; Googlebot/2.1; +http://www.google.com/bot.html)"
enterpriseautosalesinc.com.infinitibizsol.com:443 66.249.64.41 - - [10/Jun/2025:07:30:43 +0000] "GET /?moc/20584513680.shtml HTTP/1.1" 200 467285 "-" "Mozilla/5.0 (Linux; Android 6.0.1; Nexus 5X Build/MMB29P) AppleWebKit/537.36 (KHTML, like Gecko) Chrome/136.0.7103.113 Mobile Safari/537.36 (compatible; Googlebot/2.1; +http://www.google.com/bot.html)"
enterpriseautosalesinc.com.infinitibizsol.com:443 66.249.64.42 - - [10/Jun/2025:07:30:46 +0000] "GET /?francis/20521382400.shtml HTTP/1.1" 200 463524 "-" "Mozilla/5.0 (Linux; Android 6.0.1; Nexus 5X Build/MMB29P) AppleWebKit/537.36 (KHTML, like Gecko) Chrome/136.0.7103.113 Mobile Safari/537.36 (compatible; Googlebot/2.1; +http://www.google.com/bot.html)"
enterpriseautosalesinc.com.infinitibizsol.com:443 66.249.64.42 - - [10/Jun/2025:07:30:50 +0000] "GET /?records/20532218041.shtml HTTP/1.1" 200 491241 "-" "Mozilla/5.0 (Linux; Android 6.0.1; Nexus 5X Build/MMB29P) AppleWebKit/537.36 (KHTML, like Gecko) Chrome/136.0.7103.113 Mobile Safari/537.36 (compatible; Googlebot/2.1; +http://www.google.com/bot.html)"
enterpriseautosalesinc.com.infinitibizsol.com:443 66.249.64.44 - - [10/Jun/2025:07:30:58 +0000] "GET /?tower/merchandises/20521260853.shtml HTTP/1.1" 200 464626 "-" "Mozilla/5.0 (Linux; Android 6.0.1; Nexus 5X Build/MMB29P) AppleWebKit/537.36 (KHTML, like Gecko) Chrome/136.0.7103.113 Mobile Safari/537.36 (compatible; Googlebot/2.1; +http://www.google.com/bot.html)"
enterpriseautosalesinc.com.infinitibizsol.com:443 66.249.64.42 - - [10/Jun/2025:07:31:03 +0000] "GET /?medicinal/goods/2051853006.shtml HTTP/1.1" 200 465521 "-" "Mozilla/5.0 (Linux; Android 6.0.1; Nexus 5X Build/MMB29P) AppleWebKit/537.36 (KHTML, like Gecko) Chrome/136.0.7103.113 Mobile Safari/537.36 (compatible; Googlebot/2.1; +http://www.google.com/bot.html)"
enterpriseautosalesinc.com.infinitibizsol.com:443 66.249.64.41 - - [10/Jun/2025:07:31:12 +0000] "GET /?20573922754.shtml HTTP/1.1" 200 463330 "-" "Mozilla/5.0 (Linux; Android 6.0.1; Nexus 5X Build/MMB29P) AppleWebKit/537.36 (KHTML, like Gecko) Chrome/136.0.7103.113 Mobile Safari/537.36 (compatible; Googlebot/2.1; +http://www.google.com/bot.html)"
enterpriseautosalesinc.com.infinitibizsol.com:443 66.249.64.41 - - [10/Jun/2025:07:31:18 +0000] "GET /?20563307778.shtml HTTP/1.1" 200 469643 "-" "Mozilla/5.0 (Linux; Android 6.0.1; Nexus 5X Build/MMB29P) AppleWebKit/537.36 (KHTML, like Gecko) Chrome/136.0.7103.113 Mobile Safari/537.36 (compatible; Googlebot/2.1; +http://www.google.com/bot.html)"
enterpriseautosalesinc.com.infinitibizsol.com:443 66.249.64.42 - - [10/Jun/2025:07:31:27 +0000] "GET /?ras/goods/2050411796.shtml HTTP/1.1" 200 460474 "-" "Mozilla/5.0 (Linux; Android 6.0.1; Nexus 5X Build/MMB29P) AppleWebKit/537.36 (KHTML, like Gecko) Chrome/136.0.7103.113 Mobile Safari/537.36 (compatible; Googlebot/2.1; +http://www.google.com/bot.html)"
enterpriseautosalesinc.com.infinitibizsol.com:443 66.249.64.42 - - [10/Jun/2025:07:31:32 +0000] "GET /?locke/item/2049175090.shtml HTTP/1.1" 200 462850 "-" "Mozilla/5.0 (Linux; Android 6.0.1; Nexus 5X Build/MMB29P) AppleWebKit/537.36 (KHTML, like Gecko) Chrome/136.0.7103.113 Mobile Safari/537.36 (compatible; Googlebot/2.1; +http://www.google.com/bot.html)"
enterpriseautosalesinc.com.infinitibizsol.com:443 20.171.207.108 - - [10/Jun/2025:07:31:34 +0000] "GET /utilize/among63/1fdbw-26370/ HTTP/1.1" 500 5 "-" "Mozilla/5.0 AppleWebKit/537.36 (KHTML, like Gecko; compatible; GPTBot/1.2; +https://openai.com/gptbot)"
enterpriseautosalesinc.com.infinitibizsol.com:443 66.249.64.42 - - [10/Jun/2025:07:31:38 +0000] "GET /?hier/20584192497.shtml HTTP/1.1" 200 466691 "-" "Mozilla/5.0 (Linux; Android 6.0.1; Nexus 5X Build/MMB29P) AppleWebKit/537.36 (KHTML, like Gecko) Chrome/136.0.7103.113 Mobile Safari/537.36 (compatible; Googlebot/2.1; +http://www.google.com/bot.html)"
enterpriseautosalesinc.com.infinitibizsol.com:443 66.249.64.42 - - [10/Jun/2025:07:31:48 +0000] "GET /?early/20532078055.shtml HTTP/1.1" 200 464868 "-" "Mozilla/5.0 (Linux; Android 6.0.1; Nexus 5X Build/MMB29P) AppleWebKit/537.36 (KHTML, like Gecko) Chrome/136.0.7103.113 Mobile Safari/537.36 (compatible; Googlebot/2.1; +http://www.google.com/bot.html)"
enterpriseautosalesinc.com.infinitibizsol.com:443 66.249.64.41 - - [10/Jun/2025:07:31:59 +0000] "GET /?firmware/20532087100.shtml HTTP/1.1" 200 464292 "-" "Mozilla/5.0 (Linux; Android 6.0.1; Nexus 5X Build/MMB29P) AppleWebKit/537.36 (KHTML, like Gecko) Chrome/136.0.7103.113 Mobile Safari/537.36 (compatible; Googlebot/2.1; +http://www.google.com/bot.html)"
enterpriseautosalesinc.com.infinitibizsol.com:443 66.249.64.42 - - [10/Jun/2025:07:32:07 +0000] "GET /?2050221381.shtml HTTP/1.1" 200 465641 "-" "Mozilla/5.0 (Linux; Android 6.0.1; Nexus 5X Build/MMB29P) AppleWebKit/537.36 (KHTML, like Gecko) Chrome/136.0.7103.113 Mobile Safari/537.36 (compatible; Googlebot/2.1; +http://www.google.com/bot.html)"
enterpriseautosalesinc.com.infinitibizsol.com:443 208.110.64.178 - - [10/Jun/2025:07:32:09 +0000] "GET /wp-content/admin.php HTTP/1.1" 200 16 "https://enterpriseautosalesinc.com/wp-content/admin.php" "Mozilla/5.0 (Windows NT 10.0; Win64; x64) AppleWebKit/537.36 (KHTML, like Gecko) Chrome/58.0.3029.110 Safari/537.3"
enterpriseautosalesinc.com.infinitibizsol.com:443 66.249.64.41 - - [10/Jun/2025:07:32:20 +0000] "GET /?unesco/shopdetail/20531890421.shtml HTTP/1.1" 200 463514 "-" "Mozilla/5.0 (Linux; Android 6.0.1; Nexus 5X Build/MMB29P) AppleWebKit/537.36 (KHTML, like Gecko) Chrome/136.0.7103.113 Mobile Safari/537.36 (compatible; Googlebot/2.1; +http://www.google.com/bot.html)"
enterpriseautosalesinc.com.infinitibizsol.com:443 66.249.64.41 - - [10/Jun/2025:07:32:24 +0000] "GET /?2050546272.shtml HTTP/1.1" 200 464735 "-" "Mozilla/5.0 (Linux; Android 6.0.1; Nexus 5X Build/MMB29P) AppleWebKit/537.36 (KHTML, like Gecko) Chrome/136.0.7103.113 Mobile Safari/537.36 (compatible; Googlebot/2.1; +http://www.google.com/bot.html)"
enterpriseautosalesinc.com.infinitibizsol.com:443 66.249.64.41 - - [10/Jun/2025:07:32:26 +0000] "GET /?20573635282.shtml HTTP/1.1" 200 466101 "-" "Mozilla/5.0 (Linux; Android 6.0.1; Nexus 5X Build/MMB29P) AppleWebKit/537.36 (KHTML, like Gecko) Chrome/136.0.7103.113 Mobile Safari/537.36 (compatible; Googlebot/2.1; +http://www.google.com/bot.html)"
enterpriseautosalesinc.com.infinitibizsol.com:443 66.249.64.41 - - [10/Jun/2025:07:32:34 +0000] "GET /?204923570.shtml HTTP/1.1" 200 462782 "-" "Mozilla/5.0 (Linux; Android 6.0.1; Nexus 5X Build/MMB29P) AppleWebKit/537.36 (KHTML, like Gecko) Chrome/136.0.7103.113 Mobile Safari/537.36 (compatible; Googlebot/2.1; +http://www.google.com/bot.html)"
enterpriseautosalesinc.com.infinitibizsol.com:443 20.171.207.108 - - [10/Jun/2025:07:32:39 +0000] "GET /wonderful/empty61/3ajpt-2150/ HTTP/1.1" 500 5 "-" "Mozilla/5.0 AppleWebKit/537.36 (KHTML, like Gecko; compatible; GPTBot/1.2; +https://openai.com/gptbot)"
enterpriseautosalesinc.com.infinitibizsol.com:443 66.249.64.41 - - [10/Jun/2025:07:32:41 +0000] "GET /?2050250019.shtml HTTP/1.1" 200 471190 "-" "Mozilla/5.0 (Linux; Android 6.0.1; Nexus 5X Build/MMB29P) AppleWebKit/537.36 (KHTML, like Gecko) Chrome/136.0.7103.113 Mobile Safari/537.36 (compatible; Googlebot/2.1; +http://www.google.com/bot.html)"
enterpriseautosalesinc.com.infinitibizsol.com:443 66.249.64.42 - - [10/Jun/2025:07:32:47 +0000] "GET /?penalty/item/20532182060.shtml HTTP/1.1" 200 470202 "-" "Mozilla/5.0 (Linux; Android 6.0.1; Nexus 5X Build/MMB29P) AppleWebKit/537.36 (KHTML, like Gecko) Chrome/136.0.7103.113 Mobile Safari/537.36 (compatible; Googlebot/2.1; +http://www.google.com/bot.html)"
enterpriseautosalesinc.com.infinitibizsol.com:443 66.249.70.142 - - [10/Jun/2025:07:32:50 +0000] "GET /?20584148392.shtml HTTP/1.1" 200 474724 "-" "Mozilla/5.0 (Linux; Android 6.0.1; Nexus 5X Build/MMB29P) AppleWebKit/537.36 (KHTML, like Gecko) Chrome/136.0.7103.113 Mobile Safari/537.36 (compatible; Googlebot/2.1; +http://www.google.com/bot.html)"
enterpriseautosalesinc.com.infinitibizsol.com:443 66.249.64.41 - - [10/Jun/2025:07:32:54 +0000] "GET /?20552867018.shtml HTTP/1.1" 200 472269 "-" "Mozilla/5.0 (Linux; Android 6.0.1; Nexus 5X Build/MMB29P) AppleWebKit/537.36 (KHTML, like Gecko) Chrome/136.0.7103.113 Mobile Safari/537.36 (compatible; Googlebot/2.1; +http://www.google.com/bot.html)"
enterpriseautosalesinc.com.infinitibizsol.com:443 66.249.64.43 - - [10/Jun/2025:07:33:00 +0000] "GET /?gratuit/20532005512.shtml HTTP/1.1" 200 468562 "-" "Mozilla/5.0 (Linux; Android 6.0.1; Nexus 5X Build/MMB29P) AppleWebKit/537.36 (KHTML, like Gecko) Chrome/136.0.7103.113 Mobile Safari/537.36 (compatible; Googlebot/2.1; +http://www.google.com/bot.html)"
enterpriseautosalesinc.com.infinitibizsol.com:443 66.249.64.41 - - [10/Jun/2025:07:33:10 +0000] "GET /?west/good/20521457698.shtml HTTP/1.1" 200 464900 "-" "Mozilla/5.0 (Linux; Android 6.0.1; Nexus 5X Build/MMB29P) AppleWebKit/537.36 (KHTML, like Gecko) Chrome/136.0.7103.113 Mobile Safari/537.36 (compatible; Googlebot/2.1; +http://www.google.com/bot.html)"
enterpriseautosalesinc.com.infinitibizsol.com:443 66.249.64.42 - - [10/Jun/2025:07:33:13 +0000] "GET /?water/good/2050217588.shtml HTTP/1.1" 200 464550 "-" "Mozilla/5.0 (Linux; Android 6.0.1; Nexus 5X Build/MMB29P) AppleWebKit/537.36 (KHTML, like Gecko) Chrome/136.0.7103.113 Mobile Safari/537.36 (compatible; Googlebot/2.1; +http://www.google.com/bot.html)"
enterpriseautosalesinc.com.infinitibizsol.com:443 66.249.64.41 - - [10/Jun/2025:07:33:38 +0000] "GET /?2051804770.shtml HTTP/1.1" 200 462573 "-" "Mozilla/5.0 (Linux; Android 6.0.1; Nexus 5X Build/MMB29P) AppleWebKit/537.36 (KHTML, like Gecko) Chrome/136.0.7103.113 Mobile Safari/537.36 (compatible; Googlebot/2.1; +http://www.google.com/bot.html)"
enterpriseautosalesinc.com.infinitibizsol.com:443 20.171.207.108 - - [10/Jun/2025:07:33:43 +0000] "GET /disk/columnist72/v9yuj-40105/ HTTP/1.1" 500 5 "-" "Mozilla/5.0 AppleWebKit/537.36 (KHTML, like Gecko; compatible; GPTBot/1.2; +https://openai.com/gptbot)"
enterpriseautosalesinc.com.infinitibizsol.com:443 66.249.64.41 - - [10/Jun/2025:07:33:44 +0000] "GET /?tiava/2051831972.shtml HTTP/1.1" 200 464935 "-" "Mozilla/5.0 (Linux; Android 6.0.1; Nexus 5X Build/MMB29P) AppleWebKit/537.36 (KHTML, like Gecko) Chrome/136.0.7103.113 Mobile Safari/537.36 (compatible; Googlebot/2.1; +http://www.google.com/bot.html)"
enterpriseautosalesinc.com.infinitibizsol.com:443 66.249.64.42 - - [10/Jun/2025:07:33:51 +0000] "GET /?dds/20542372445.shtml HTTP/1.1" 200 463350 "-" "Mozilla/5.0 (Linux; Android 6.0.1; Nexus 5X Build/MMB29P) AppleWebKit/537.36 (KHTML, like Gecko) Chrome/136.0.7103.113 Mobile Safari/537.36 (compatible; Googlebot/2.1; +http://www.google.com/bot.html)"
enterpriseautosalesinc.com.infinitibizsol.com:443 66.249.64.43 - - [10/Jun/2025:07:34:01 +0000] "GET /?after/2049157404.shtml HTTP/1.1" 200 456328 "-" "Mozilla/5.0 (Linux; Android 6.0.1; Nexus 5X Build/MMB29P) AppleWebKit/537.36 (KHTML, like Gecko) Chrome/136.0.7103.113 Mobile Safari/537.36 (compatible; Googlebot/2.1; +http://www.google.com/bot.html)"
enterpriseautosalesinc.com.infinitibizsol.com:443 66.249.64.41 - - [10/Jun/2025:07:34:07 +0000] "GET /?heh/20574012125.shtml HTTP/1.1" 200 476926 "-" "Mozilla/5.0 (Linux; Android 6.0.1; Nexus 5X Build/MMB29P) AppleWebKit/537.36 (KHTML, like Gecko) Chrome/136.0.7103.113 Mobile Safari/537.36 (compatible; Googlebot/2.1; +http://www.google.com/bot.html)"
enterpriseautosalesinc.com.infinitibizsol.com:443 66.249.64.41 - - [10/Jun/2025:07:34:17 +0000] "GET /?lg/20553220776.shtml HTTP/1.1" 200 465731 "-" "Mozilla/5.0 (Linux; Android 6.0.1; Nexus 5X Build/MMB29P) AppleWebKit/537.36 (KHTML, like Gecko) Chrome/136.0.7103.113 Mobile Safari/537.36 (compatible; Googlebot/2.1; +http://www.google.com/bot.html)"
enterpriseautosalesinc.com.infinitibizsol.com:443 66.249.64.42 - - [10/Jun/2025:07:34:22 +0000] "GET /?20542538836.shtml HTTP/1.1" 200 464295 "-" "Mozilla/5.0 (Linux; Android 6.0.1; Nexus 5X Build/MMB29P) AppleWebKit/537.36 (KHTML, like Gecko) Chrome/136.0.7103.113 Mobile Safari/537.36 (compatible; Googlebot/2.1; +http://www.google.com/bot.html)"
enterpriseautosalesinc.com.infinitibizsol.com:443 66.249.64.41 - - [10/Jun/2025:07:34:24 +0000] "GET /?flowers/good/2049198658.shtml HTTP/1.1" 200 461025 "-" "Mozilla/5.0 (Linux; Android 6.0.1; Nexus 5X Build/MMB29P) AppleWebKit/537.36 (KHTML, like Gecko) Chrome/136.0.7103.113 Mobile Safari/537.36 (compatible; Googlebot/2.1; +http://www.google.com/bot.html)"
enterpriseautosalesinc.com.infinitibizsol.com:443 66.249.64.42 - - [10/Jun/2025:07:34:32 +0000] "GET /?creed/20521290072.shtml HTTP/1.1" 200 469730 "-" "Mozilla/5.0 (Linux; Android 6.0.1; Nexus 5X Build/MMB29P) AppleWebKit/537.36 (KHTML, like Gecko) Chrome/136.0.7103.113 Mobile Safari/537.36 (compatible; Googlebot/2.1; +http://www.google.com/bot.html)"
enterpriseautosalesinc.com.infinitibizsol.com:443 66.249.64.42 - - [10/Jun/2025:07:34:38 +0000] "GET /?imperative/20584532220.shtml HTTP/1.1" 200 462637 "-" "Mozilla/5.0 (Linux; Android 6.0.1; Nexus 5X Build/MMB29P) AppleWebKit/537.36 (KHTML, like Gecko) Chrome/136.0.7103.113 Mobile Safari/537.36 (compatible; Googlebot/2.1; +http://www.google.com/bot.html)"
enterpriseautosalesinc.com.infinitibizsol.com:443 66.249.64.42 - - [10/Jun/2025:07:34:46 +0000] "GET /?handset/2050548784.shtml HTTP/1.1" 200 464648 "-" "Mozilla/5.0 (Linux; Android 6.0.1; Nexus 5X Build/MMB29P) AppleWebKit/537.36 (KHTML, like Gecko) Chrome/136.0.7103.113 Mobile Safari/537.36 (compatible; Googlebot/2.1; +http://www.google.com/bot.html)"
enterpriseautosalesinc.com.infinitibizsol.com:443 20.171.207.108 - - [10/Jun/2025:07:34:49 +0000] "GET /broadcast/fun128/vpndl-37429/ HTTP/1.1" 500 5 "-" "Mozilla/5.0 AppleWebKit/537.36 (KHTML, like Gecko; compatible; GPTBot/1.2; +https://openai.com/gptbot)"
enterpriseautosalesinc.com.infinitibizsol.com:443 66.249.64.43 - - [10/Jun/2025:07:34:50 +0000] "GET /?dense/20521527024.shtml HTTP/1.1" 200 464251 "-" "Mozilla/5.0 (Linux; Android 6.0.1; Nexus 5X Build/MMB29P) AppleWebKit/537.36 (KHTML, like Gecko) Chrome/136.0.7103.113 Mobile Safari/537.36 (compatible; Googlebot/2.1; +http://www.google.com/bot.html)"
enterpriseautosalesinc.com.infinitibizsol.com:443 66.249.64.42 - - [10/Jun/2025:07:35:00 +0000] "GET /?snatch/2051713580.shtml HTTP/1.1" 200 470016 "-" "Mozilla/5.0 (Linux; Android 6.0.1; Nexus 5X Build/MMB29P) AppleWebKit/537.36 (KHTML, like Gecko) Chrome/136.0.7103.113 Mobile Safari/537.36 (compatible; Googlebot/2.1; +http://www.google.com/bot.html)"
enterpriseautosalesinc.com.infinitibizsol.com:443 66.249.64.41 - - [10/Jun/2025:07:35:08 +0000] "GET /?exile/merchandises/20584351633.shtml HTTP/1.1" 200 464287 "-" "Mozilla/5.0 (Linux; Android 6.0.1; Nexus 5X Build/MMB29P) AppleWebKit/537.36 (KHTML, like Gecko) Chrome/136.0.7103.113 Mobile Safari/537.36 (compatible; Googlebot/2.1; +http://www.google.com/bot.html)"
enterpriseautosalesinc.com.infinitibizsol.com:443 66.249.64.42 - - [10/Jun/2025:07:35:14 +0000] "GET /?cnet/20573978480.shtml HTTP/1.1" 200 463436 "-" "Mozilla/5.0 (Linux; Android 6.0.1; Nexus 5X Build/MMB29P) AppleWebKit/537.36 (KHTML, like Gecko) Chrome/136.0.7103.113 Mobile Safari/537.36 (compatible; Googlebot/2.1; +http://www.google.com/bot.html)"
enterpriseautosalesinc.com.infinitibizsol.com:443 66.249.64.41 - - [10/Jun/2025:07:35:22 +0000] "GET /?monument/20532247987.shtml HTTP/1.1" 200 463539 "-" "Mozilla/5.0 (Linux; Android 6.0.1; Nexus 5X Build/MMB29P) AppleWebKit/537.36 (KHTML, like Gecko) Chrome/136.0.7103.113 Mobile Safari/537.36 (compatible; Googlebot/2.1; +http://www.google.com/bot.html)"
enterpriseautosalesinc.com.infinitibizsol.com:443 69.197.182.50 - - [10/Jun/2025:07:35:22 +0000] "GET /wp-content/admin.php HTTP/1.1" 200 16 "https://enterpriseautosalesinc.com/wp-content/admin.php" "Mozilla/5.0 (Windows NT 10.0; Win64; x64) AppleWebKit/537.36 (KHTML, like Gecko) Chrome/58.0.3029.110 Safari/537.3"
enterpriseautosalesinc.com.infinitibizsol.com:443 66.249.64.42 - - [10/Jun/2025:07:35:27 +0000] "GET /?racial/20553044853.shtml HTTP/1.1" 200 467408 "-" "Mozilla/5.0 (Linux; Android 6.0.1; Nexus 5X Build/MMB29P) AppleWebKit/537.36 (KHTML, like Gecko) Chrome/136.0.7103.113 Mobile Safari/537.36 (compatible; Googlebot/2.1; +http://www.google.com/bot.html)"
enterpriseautosalesinc.com.infinitibizsol.com:443 66.249.64.41 - - [10/Jun/2025:07:35:29 +0000] "GET /?20511041230.shtml HTTP/1.1" 200 467242 "-" "Mozilla/5.0 (Linux; Android 6.0.1; Nexus 5X Build/MMB29P) AppleWebKit/537.36 (KHTML, like Gecko) Chrome/136.0.7103.113 Mobile Safari/537.36 (compatible; Googlebot/2.1; +http://www.google.com/bot.html)"
enterpriseautosalesinc.com.infinitibizsol.com:443 66.249.64.41 - - [10/Jun/2025:07:35:38 +0000] "GET /?chrome/product/20542723767.shtml HTTP/1.1" 200 464111 "-" "Mozilla/5.0 (Linux; Android 6.0.1; Nexus 5X Build/MMB29P) AppleWebKit/537.36 (KHTML, like Gecko) Chrome/136.0.7103.113 Mobile Safari/537.36 (compatible; Googlebot/2.1; +http://www.google.com/bot.html)"
enterpriseautosalesinc.com.infinitibizsol.com:443 66.249.64.42 - - [10/Jun/2025:07:35:45 +0000] "GET /?provision/20553160140.shtml HTTP/1.1" 200 463931 "-" "Mozilla/5.0 (Linux; Android 6.0.1; Nexus 5X Build/MMB29P) AppleWebKit/537.36 (KHTML, like Gecko) Chrome/136.0.7103.113 Mobile Safari/537.36 (compatible; Googlebot/2.1; +http://www.google.com/bot.html)"
enterpriseautosalesinc.com.infinitibizsol.com:443 20.171.207.108 - - [10/Jun/2025:07:35:49 +0000] "GET /works/auction276/ldpqt-26485/ HTTP/1.1" 500 5 "-" "Mozilla/5.0 AppleWebKit/537.36 (KHTML, like Gecko; compatible; GPTBot/1.2; +https://openai.com/gptbot)"
enterpriseautosalesinc.com.infinitibizsol.com:443 66.249.64.43 - - [10/Jun/2025:07:35:51 +0000] "GET /?2051963965.shtml HTTP/1.1" 200 486733 "-" "Mozilla/5.0 (Linux; Android 6.0.1; Nexus 5X Build/MMB29P) AppleWebKit/537.36 (KHTML, like Gecko) Chrome/136.0.7103.113 Mobile Safari/537.36 (compatible; Googlebot/2.1; +http://www.google.com/bot.html)"
enterpriseautosalesinc.com.infinitibizsol.com:443 66.249.64.41 - - [10/Jun/2025:07:36:00 +0000] "GET /?stare/shopdetail/20521595191.shtml HTTP/1.1" 200 463521 "-" "Mozilla/5.0 (Linux; Android 6.0.1; Nexus 5X Build/MMB29P) AppleWebKit/537.36 (KHTML, like Gecko) Chrome/136.0.7103.113 Mobile Safari/537.36 (compatible; Googlebot/2.1; +http://www.google.com/bot.html)"
enterpriseautosalesinc.com.infinitibizsol.com:443 66.249.64.43 - - [10/Jun/2025:07:36:06 +0000] "GET /?metropolis/20511174710.shtml HTTP/1.1" 200 482265 "-" "Mozilla/5.0 (Linux; Android 6.0.1; Nexus 5X Build/MMB29P) AppleWebKit/537.36 (KHTML, like Gecko) Chrome/136.0.7103.113 Mobile Safari/537.36 (compatible; Googlebot/2.1; +http://www.google.com/bot.html)"
enterpriseautosalesinc.com.infinitibizsol.com:443 66.249.64.41 - - [10/Jun/2025:07:36:11 +0000] "GET /?abba/20552916801.shtml HTTP/1.1" 200 463867 "-" "Mozilla/5.0 (Linux; Android 6.0.1; Nexus 5X Build/MMB29P) AppleWebKit/537.36 (KHTML, like Gecko) Chrome/136.0.7103.113 Mobile Safari/537.36 (compatible; Googlebot/2.1; +http://www.google.com/bot.html)"
enterpriseautosalesinc.com.infinitibizsol.com:443 66.249.64.41 - - [10/Jun/2025:07:36:18 +0000] "GET /?helping/2050300405.shtml HTTP/1.1" 200 464526 "-" "Mozilla/5.0 (Linux; Android 6.0.1; Nexus 5X Build/MMB29P) AppleWebKit/537.36 (KHTML, like Gecko) Chrome/136.0.7103.113 Mobile Safari/537.36 (compatible; Googlebot/2.1; +http://www.google.com/bot.html)"
enterpriseautosalesinc.com.infinitibizsol.com:443 66.249.64.42 - - [10/Jun/2025:07:36:34 +0000] "GET /?utilizing/20552907798.shtml HTTP/1.1" 200 462848 "-" "Mozilla/5.0 (Linux; Android 6.0.1; Nexus 5X Build/MMB29P) AppleWebKit/537.36 (KHTML, like Gecko) Chrome/136.0.7103.113 Mobile Safari/537.36 (compatible; Googlebot/2.1; +http://www.google.com/bot.html)"
enterpriseautosalesinc.com.infinitibizsol.com:443 66.249.64.42 - - [10/Jun/2025:07:36:41 +0000] "GET /?2051991562.shtml HTTP/1.1" 200 464318 "-" "Mozilla/5.0 (Linux; Android 6.0.1; Nexus 5X Build/MMB29P) AppleWebKit/537.36 (KHTML, like Gecko) Chrome/136.0.7103.113 Mobile Safari/537.36 (compatible; Googlebot/2.1; +http://www.google.com/bot.html)"
enterpriseautosalesinc.com.infinitibizsol.com:443 66.249.64.42 - - [10/Jun/2025:07:36:49 +0000] "GET /?2050351560.shtml HTTP/1.1" 200 465396 "-" "Mozilla/5.0 (Linux; Android 6.0.1; Nexus 5X Build/MMB29P) AppleWebKit/537.36 (KHTML, like Gecko) Chrome/136.0.7103.113 Mobile Safari/537.36 (compatible; Googlebot/2.1; +http://www.google.com/bot.html)"
enterpriseautosalesinc.com.infinitibizsol.com:443 66.249.64.43 - - [10/Jun/2025:07:36:54 +0000] "GET /?missed/20584501161.shtml HTTP/1.1" 200 463727 "-" "Mozilla/5.0 (Linux; Android 6.0.1; Nexus 5X Build/MMB29P) AppleWebKit/537.36 (KHTML, like Gecko) Chrome/136.0.7103.113 Mobile Safari/537.36 (compatible; Googlebot/2.1; +http://www.google.com/bot.html)"
enterpriseautosalesinc.com.infinitibizsol.com:443 66.249.64.43 - - [10/Jun/2025:07:36:57 +0000] "GET /?bro/20573792360.shtml HTTP/1.1" 200 463652 "-" "Mozilla/5.0 (Linux; Android 6.0.1; Nexus 5X Build/MMB29P) AppleWebKit/537.36 (KHTML, like Gecko) Chrome/136.0.7103.113 Mobile Safari/537.36 (compatible; Googlebot/2.1; +http://www.google.com/bot.html)"
enterpriseautosalesinc.com.infinitibizsol.com:443 20.171.207.108 - - [10/Jun/2025:07:36:58 +0000] "GET /unhappy/scale176/oitxz-35579/ HTTP/1.1" 500 5 "-" "Mozilla/5.0 AppleWebKit/537.36 (KHTML, like Gecko; compatible; GPTBot/1.2; +https://openai.com/gptbot)"
enterpriseautosalesinc.com.infinitibizsol.com:443 66.249.64.41 - - [10/Jun/2025:07:37:05 +0000] "GET /?oils/2050623637.shtml HTTP/1.1" 200 462181 "-" "Mozilla/5.0 (Linux; Android 6.0.1; Nexus 5X Build/MMB29P) AppleWebKit/537.36 (KHTML, like Gecko) Chrome/136.0.7103.113 Mobile Safari/537.36 (compatible; Googlebot/2.1; +http://www.google.com/bot.html)"
enterpriseautosalesinc.com.infinitibizsol.com:443 66.249.64.42 - - [10/Jun/2025:07:37:10 +0000] "GET /?20542317760.shtml HTTP/1.1" 200 459573 "-" "Mozilla/5.0 (Linux; Android 6.0.1; Nexus 5X Build/MMB29P) AppleWebKit/537.36 (KHTML, like Gecko) Chrome/136.0.7103.113 Mobile Safari/537.36 (compatible; Googlebot/2.1; +http://www.google.com/bot.html)"
enterpriseautosalesinc.com.infinitibizsol.com:443 66.249.64.41 - - [10/Jun/2025:07:37:17 +0000] "GET /?20563366770.shtml HTTP/1.1" 200 464319 "-" "Mozilla/5.0 (Linux; Android 6.0.1; Nexus 5X Build/MMB29P) AppleWebKit/537.36 (KHTML, like Gecko) Chrome/136.0.7103.113 Mobile Safari/537.36 (compatible; Googlebot/2.1; +http://www.google.com/bot.html)"
enterpriseautosalesinc.com.infinitibizsol.com:443 66.249.64.41 - - [10/Jun/2025:07:37:28 +0000] "GET /?20563357401.shtml HTTP/1.1" 200 463894 "-" "Mozilla/5.0 (Linux; Android 6.0.1; Nexus 5X Build/MMB29P) AppleWebKit/537.36 (KHTML, like Gecko) Chrome/136.0.7103.113 Mobile Safari/537.36 (compatible; Googlebot/2.1; +http://www.google.com/bot.html)"
enterpriseautosalesinc.com.infinitibizsol.com:443 208.110.64.178 - - [10/Jun/2025:07:37:28 +0000] "GET /wp-content/admin.php HTTP/1.1" 200 16 "https://enterpriseautosalesinc.com/wp-content/admin.php" "Mozilla/5.0 (Windows NT 10.0; Win64; x64) AppleWebKit/537.36 (KHTML, like Gecko) Chrome/58.0.3029.110 Safari/537.3"
enterpriseautosalesinc.com.infinitibizsol.com:443 66.249.64.42 - - [10/Jun/2025:07:37:32 +0000] "GET /?business/shopping/20521737325.shtml HTTP/1.1" 200 483996 "-" "Mozilla/5.0 (Linux; Android 6.0.1; Nexus 5X Build/MMB29P) AppleWebKit/537.36 (KHTML, like Gecko) Chrome/136.0.7103.113 Mobile Safari/537.36 (compatible; Googlebot/2.1; +http://www.google.com/bot.html)"
enterpriseautosalesinc.com.infinitibizsol.com:443 66.249.64.42 - - [10/Jun/2025:07:37:42 +0000] "GET /?investors/20573761472.shtml HTTP/1.1" 200 462837 "-" "Mozilla/5.0 (Linux; Android 6.0.1; Nexus 5X Build/MMB29P) AppleWebKit/537.36 (KHTML, like Gecko) Chrome/136.0.7103.113 Mobile Safari/537.36 (compatible; Googlebot/2.1; +http://www.google.com/bot.html)"
enterpriseautosalesinc.com.infinitibizsol.com:443 66.249.64.43 - - [10/Jun/2025:07:37:49 +0000] "GET /?204986351.shtml HTTP/1.1" 200 462890 "-" "Mozilla/5.0 (Linux; Android 6.0.1; Nexus 5X Build/MMB29P) AppleWebKit/537.36 (KHTML, like Gecko) Chrome/136.0.7103.113 Mobile Safari/537.36 (compatible; Googlebot/2.1; +http://www.google.com/bot.html)"
enterpriseautosalesinc.com.infinitibizsol.com:443 66.249.64.43 - - [10/Jun/2025:07:37:53 +0000] "GET /?mt/shopping/20532159875.shtml HTTP/1.1" 200 464807 "-" "Mozilla/5.0 (Linux; Android 6.0.1; Nexus 5X Build/MMB29P) AppleWebKit/537.36 (KHTML, like Gecko) Chrome/136.0.7103.113 Mobile Safari/537.36 (compatible; Googlebot/2.1; +http://www.google.com/bot.html)"
enterpriseautosalesinc.com.infinitibizsol.com:443 20.171.207.108 - - [10/Jun/2025:07:37:56 +0000] "GET /tragic/domain195/3levq-9872/ HTTP/1.1" 500 5 "-" "Mozilla/5.0 AppleWebKit/537.36 (KHTML, like Gecko; compatible; GPTBot/1.2; +https://openai.com/gptbot)"
enterpriseautosalesinc.com.infinitibizsol.com:443 66.249.64.43 - - [10/Jun/2025:07:38:00 +0000] "GET /?newbury/20573856377.shtml HTTP/1.1" 200 480525 "-" "Mozilla/5.0 (Linux; Android 6.0.1; Nexus 5X Build/MMB29P) AppleWebKit/537.36 (KHTML, like Gecko) Chrome/136.0.7103.113 Mobile Safari/537.36 (compatible; Googlebot/2.1; +http://www.google.com/bot.html)"
