enterpriseautosalesinc.com.infinitibizsol.com:443 66.249.64.42 - - [10/Jun/2025:07:38:06 +0000] "GET /?environment/2050698040.shtml HTTP/1.1" 200 464031 "-" "Mozilla/5.0 (Linux; Android 6.0.1; Nexus 5X Build/MMB29P) AppleWebKit/537.36 (KHTML, like Gecko) Chrome/136.0.7103.113 Mobile Safari/537.36 (compatible; Googlebot/2.1; +http://www.google.com/bot.html)"
enterpriseautosalesinc.com.infinitibizsol.com:443 66.249.64.41 - - [10/Jun/2025:07:38:15 +0000] "GET /?pushed/2049205719.shtml HTTP/1.1" 200 452648 "-" "Mozilla/5.0 (Linux; Android 6.0.1; Nexus 5X Build/MMB29P) AppleWebKit/537.36 (KHTML, like Gecko) Chrome/136.0.7103.113 Mobile Safari/537.36 (compatible; Googlebot/2.1; +http://www.google.com/bot.html)"
enterpriseautosalesinc.com.infinitibizsol.com:443 66.249.70.128 - - [10/Jun/2025:07:38:16 +0000] "GET /?email/commoditys/204936966.shtml HTTP/1.1" 200 468067 "-" "Mozilla/5.0 (Linux; Android 6.0.1; Nexus 5X Build/MMB29P) AppleWebKit/537.36 (KHTML, like Gecko) Chrome/136.0.7103.113 Mobile Safari/537.36 (compatible; Googlebot/2.1; +http://www.google.com/bot.html)"
enterpriseautosalesinc.com.infinitibizsol.com:443 66.249.64.42 - - [10/Jun/2025:07:38:20 +0000] "GET /?2050544934.shtml HTTP/1.1" 200 526313 "-" "Mozilla/5.0 (Linux; Android 6.0.1; Nexus 5X Build/MMB29P) AppleWebKit/537.36 (KHTML, like Gecko) Chrome/136.0.7103.113 Mobile Safari/537.36 (compatible; Googlebot/2.1; +http://www.google.com/bot.html)"
enterpriseautosalesinc.com.infinitibizsol.com:443 66.249.64.42 - - [10/Jun/2025:07:38:23 +0000] "GET /?20584422008.shtml HTTP/1.1" 200 469620 "-" "Mozilla/5.0 (Linux; Android 6.0.1; Nexus 5X Build/MMB29P) AppleWebKit/537.36 (KHTML, like Gecko) Chrome/136.0.7103.113 Mobile Safari/537.36 (compatible; Googlebot/2.1; +http://www.google.com/bot.html)"
enterpriseautosalesinc.com.infinitibizsol.com:443 66.249.64.41 - - [10/Jun/2025:07:38:35 +0000] "GET /?20532296334.shtml HTTP/1.1" 200 486931 "-" "Mozilla/5.0 (Linux; Android 6.0.1; Nexus 5X Build/MMB29P) AppleWebKit/537.36 (KHTML, like Gecko) Chrome/136.0.7103.113 Mobile Safari/537.36 (compatible; Googlebot/2.1; +http://www.google.com/bot.html)"
enterpriseautosalesinc.com.infinitibizsol.com:443 66.249.64.43 - - [10/Jun/2025:07:38:45 +0000] "GET /?lexus/20563306030.shtml HTTP/1.1" 200 462367 "-" "Mozilla/5.0 (Linux; Android 6.0.1; Nexus 5X Build/MMB29P) AppleWebKit/537.36 (KHTML, like Gecko) Chrome/136.0.7103.113 Mobile Safari/537.36 (compatible; Googlebot/2.1; +http://www.google.com/bot.html)"
enterpriseautosalesinc.com.infinitibizsol.com:443 91.84.111.136 - - [10/Jun/2025:07:38:49 +0000] "GET / HTTP/1.1" 500 5 "-" "Mozilla/5.0 (Macintosh; Intel Mac OS X 10_15_7) AppleWebKit/537.36 (KHTML, like Gecko) Chrome/133.0.0.0 Safari/537.36"
enterpriseautosalesinc.com.infinitibizsol.com:443 66.249.64.43 - - [10/Jun/2025:07:38:50 +0000] "GET /?danville/20563434973.shtml HTTP/1.1" 200 462248 "-" "Mozilla/5.0 (Linux; Android 6.0.1; Nexus 5X Build/MMB29P) AppleWebKit/537.36 (KHTML, like Gecko) Chrome/136.0.7103.113 Mobile Safari/537.36 (compatible; Googlebot/2.1; +http://www.google.com/bot.html)"
enterpriseautosalesinc.com.infinitibizsol.com:443 66.249.64.41 - - [10/Jun/2025:07:39:00 +0000] "GET /?landed/good/20574109338.shtml HTTP/1.1" 200 467796 "-" "Mozilla/5.0 (Linux; Android 6.0.1; Nexus 5X Build/MMB29P) AppleWebKit/537.36 (KHTML, like Gecko) Chrome/136.0.7103.113 Mobile Safari/537.36 (compatible; Googlebot/2.1; +http://www.google.com/bot.html)"
enterpriseautosalesinc.com.infinitibizsol.com:443 20.171.207.108 - - [10/Jun/2025:07:39:01 +0000] "GET /prospect/lawn126/uytfd-16985/ HTTP/1.1" 500 5 "-" "Mozilla/5.0 AppleWebKit/537.36 (KHTML, like Gecko; compatible; GPTBot/1.2; +https://openai.com/gptbot)"
enterpriseautosalesinc.com.infinitibizsol.com:443 66.249.64.43 - - [10/Jun/2025:07:39:07 +0000] "GET /?2050559955.shtml HTTP/1.1" 200 462513 "-" "Mozilla/5.0 (Linux; Android 6.0.1; Nexus 5X Build/MMB29P) AppleWebKit/537.36 (KHTML, like Gecko) Chrome/136.0.7103.113 Mobile Safari/537.36 (compatible; Googlebot/2.1; +http://www.google.com/bot.html)"
enterpriseautosalesinc.com.infinitibizsol.com:443 66.249.64.41 - - [10/Jun/2025:07:39:13 +0000] "GET /?20511185752.shtml HTTP/1.1" 200 476341 "-" "Mozilla/5.0 (Linux; Android 6.0.1; Nexus 5X Build/MMB29P) AppleWebKit/537.36 (KHTML, like Gecko) Chrome/136.0.7103.113 Mobile Safari/537.36 (compatible; Googlebot/2.1; +http://www.google.com/bot.html)"
enterpriseautosalesinc.com.infinitibizsol.com:443 66.249.64.41 - - [10/Jun/2025:07:39:16 +0000] "GET /?layer/merchandises/20521240153.shtml HTTP/1.1" 200 464082 "-" "Mozilla/5.0 (Linux; Android 6.0.1; Nexus 5X Build/MMB29P) AppleWebKit/537.36 (KHTML, like Gecko) Chrome/136.0.7103.113 Mobile Safari/537.36 (compatible; Googlebot/2.1; +http://www.google.com/bot.html)"
enterpriseautosalesinc.com.infinitibizsol.com:443 66.249.64.41 - - [10/Jun/2025:07:39:23 +0000] "GET /?20584315211.shtml HTTP/1.1" 200 469121 "-" "Mozilla/5.0 (Linux; Android 6.0.1; Nexus 5X Build/MMB29P) AppleWebKit/537.36 (KHTML, like Gecko) Chrome/136.0.7103.113 Mobile Safari/537.36 (compatible; Googlebot/2.1; +http://www.google.com/bot.html)"
enterpriseautosalesinc.com.infinitibizsol.com:443 66.249.70.128 - - [10/Jun/2025:07:39:50 +0000] "GET /merchandises/zyxwv-5352617.aspx HTTP/1.1" 200 466153 "-" "Mozilla/5.0 (Linux; Android 6.0.1; Nexus 5X Build/MMB29P) AppleWebKit/537.36 (KHTML, like Gecko) Chrome/136.0.7103.113 Mobile Safari/537.36 (compatible; Googlebot/2.1; +http://www.google.com/bot.html)"
enterpriseautosalesinc.com.infinitibizsol.com:443 66.249.64.41 - - [10/Jun/2025:07:39:54 +0000] "GET /?subsection/merchandises/2051981733.shtml HTTP/1.1" 200 465968 "-" "Mozilla/5.0 (Linux; Android 6.0.1; Nexus 5X Build/MMB29P) AppleWebKit/537.36 (KHTML, like Gecko) Chrome/136.0.7103.113 Mobile Safari/537.36 (compatible; Googlebot/2.1; +http://www.google.com/bot.html)"
enterpriseautosalesinc.com.infinitibizsol.com:443 66.249.64.43 - - [10/Jun/2025:07:40:04 +0000] "GET /?2051991451.shtml HTTP/1.1" 200 466236 "-" "Mozilla/5.0 (Linux; Android 6.0.1; Nexus 5X Build/MMB29P) AppleWebKit/537.36 (KHTML, like Gecko) Chrome/136.0.7103.113 Mobile Safari/537.36 (compatible; Googlebot/2.1; +http://www.google.com/bot.html)"
enterpriseautosalesinc.com.infinitibizsol.com:443 20.171.207.108 - - [10/Jun/2025:07:40:06 +0000] "GET /cluster/nobody24/gkfec-19003/ HTTP/1.1" 500 5 "-" "Mozilla/5.0 AppleWebKit/537.36 (KHTML, like Gecko; compatible; GPTBot/1.2; +https://openai.com/gptbot)"
enterpriseautosalesinc.com.infinitibizsol.com:443 66.249.64.42 - - [10/Jun/2025:07:40:12 +0000] "GET /?orders/product/2051998257.shtml HTTP/1.1" 200 466939 "-" "Mozilla/5.0 (Linux; Android 6.0.1; Nexus 5X Build/MMB29P) AppleWebKit/537.36 (KHTML, like Gecko) Chrome/136.0.7103.113 Mobile Safari/537.36 (compatible; Googlebot/2.1; +http://www.google.com/bot.html)"
enterpriseautosalesinc.com.infinitibizsol.com:443 66.249.64.42 - - [10/Jun/2025:07:40:14 +0000] "GET /?20542462720.shtml HTTP/1.1" 200 454859 "-" "Mozilla/5.0 (Linux; Android 6.0.1; Nexus 5X Build/MMB29P) AppleWebKit/537.36 (KHTML, like Gecko) Chrome/136.0.7103.113 Mobile Safari/537.36 (compatible; Googlebot/2.1; +http://www.google.com/bot.html)"
enterpriseautosalesinc.com.infinitibizsol.com:443 66.249.64.41 - - [10/Jun/2025:07:40:24 +0000] "GET /?remaining/item/2050440800.shtml HTTP/1.1" 200 464251 "-" "Mozilla/5.0 (Linux; Android 6.0.1; Nexus 5X Build/MMB29P) AppleWebKit/537.36 (KHTML, like Gecko) Chrome/136.0.7103.113 Mobile Safari/537.36 (compatible; Googlebot/2.1; +http://www.google.com/bot.html)"
enterpriseautosalesinc.com.infinitibizsol.com:443 66.249.64.41 - - [10/Jun/2025:07:40:28 +0000] "GET /?2051789173.shtml HTTP/1.1" 200 472657 "-" "Mozilla/5.0 (Linux; Android 6.0.1; Nexus 5X Build/MMB29P) AppleWebKit/537.36 (KHTML, like Gecko) Chrome/136.0.7103.113 Mobile Safari/537.36 (compatible; Googlebot/2.1; +http://www.google.com/bot.html)"
enterpriseautosalesinc.com.infinitibizsol.com:443 66.249.64.42 - - [10/Jun/2025:07:40:38 +0000] "GET /?20531853450.shtml HTTP/1.1" 200 471249 "-" "Mozilla/5.0 (Linux; Android 6.0.1; Nexus 5X Build/MMB29P) AppleWebKit/537.36 (KHTML, like Gecko) Chrome/136.0.7103.113 Mobile Safari/537.36 (compatible; Googlebot/2.1; +http://www.google.com/bot.html)"
enterpriseautosalesinc.com.infinitibizsol.com:443 66.249.64.42 - - [10/Jun/2025:07:40:47 +0000] "GET /?arizona/20521779312.shtml HTTP/1.1" 200 455969 "-" "Mozilla/5.0 (Linux; Android 6.0.1; Nexus 5X Build/MMB29P) AppleWebKit/537.36 (KHTML, like Gecko) Chrome/136.0.7103.113 Mobile Safari/537.36 (compatible; Googlebot/2.1; +http://www.google.com/bot.html)"
enterpriseautosalesinc.com.infinitibizsol.com:443 66.249.64.42 - - [10/Jun/2025:07:40:51 +0000] "GET /?20532187251.shtml HTTP/1.1" 200 491175 "-" "Mozilla/5.0 (Linux; Android 6.0.1; Nexus 5X Build/MMB29P) AppleWebKit/537.36 (KHTML, like Gecko) Chrome/136.0.7103.113 Mobile Safari/537.36 (compatible; Googlebot/2.1; +http://www.google.com/bot.html)"
enterpriseautosalesinc.com.infinitibizsol.com:443 66.249.64.44 - - [10/Jun/2025:07:40:54 +0000] "GET /?lett/item/20521590490.shtml HTTP/1.1" 200 463879 "-" "Mozilla/5.0 (Linux; Android 6.0.1; Nexus 5X Build/MMB29P) AppleWebKit/537.36 (KHTML, like Gecko) Chrome/136.0.7103.113 Mobile Safari/537.36 (compatible; Googlebot/2.1; +http://www.google.com/bot.html)"
enterpriseautosalesinc.com.infinitibizsol.com:443 66.249.64.43 - - [10/Jun/2025:07:41:02 +0000] "GET /?tahiti/commoditys/2051736489.shtml HTTP/1.1" 200 464512 "-" "Mozilla/5.0 (Linux; Android 6.0.1; Nexus 5X Build/MMB29P) AppleWebKit/537.36 (KHTML, like Gecko) Chrome/136.0.7103.113 Mobile Safari/537.36 (compatible; Googlebot/2.1; +http://www.google.com/bot.html)"
enterpriseautosalesinc.com.infinitibizsol.com:443 66.249.64.42 - - [10/Jun/2025:07:41:07 +0000] "GET /?coleman/2050325860.shtml HTTP/1.1" 200 468202 "-" "Mozilla/5.0 (Linux; Android 6.0.1; Nexus 5X Build/MMB29P) AppleWebKit/537.36 (KHTML, like Gecko) Chrome/136.0.7103.113 Mobile Safari/537.36 (compatible; Googlebot/2.1; +http://www.google.com/bot.html)"
enterpriseautosalesinc.com.infinitibizsol.com:443 20.171.207.108 - - [10/Jun/2025:07:41:12 +0000] "GET /exhaust/injury20/vyk9o-39437/ HTTP/1.1" 500 5 "-" "Mozilla/5.0 AppleWebKit/537.36 (KHTML, like Gecko; compatible; GPTBot/1.2; +https://openai.com/gptbot)"
enterpriseautosalesinc.com.infinitibizsol.com:443 66.249.64.42 - - [10/Jun/2025:07:41:15 +0000] "GET /?employer/merchandises/20521360363.shtml HTTP/1.1" 200 464123 "-" "Mozilla/5.0 (Linux; Android 6.0.1; Nexus 5X Build/MMB29P) AppleWebKit/537.36 (KHTML, like Gecko) Chrome/136.0.7103.113 Mobile Safari/537.36 (compatible; Googlebot/2.1; +http://www.google.com/bot.html)"
enterpriseautosalesinc.com.infinitibizsol.com:443 66.249.64.42 - - [10/Jun/2025:07:41:23 +0000] "GET /?gourmet/2050640794.shtml HTTP/1.1" 200 488742 "-" "Mozilla/5.0 (Linux; Android 6.0.1; Nexus 5X Build/MMB29P) AppleWebKit/537.36 (KHTML, like Gecko) Chrome/136.0.7103.113 Mobile Safari/537.36 (compatible; Googlebot/2.1; +http://www.google.com/bot.html)"
enterpriseautosalesinc.com.infinitibizsol.com:443 69.197.182.50 - - [10/Jun/2025:07:41:29 +0000] "GET /wp-content/admin.php HTTP/1.1" 200 16 "https://enterpriseautosalesinc.com/wp-content/admin.php" "Mozilla/5.0 (Windows NT 10.0; Win64; x64) AppleWebKit/537.36 (KHTML, like Gecko) Chrome/58.0.3029.110 Safari/537.3"
enterpriseautosalesinc.com.infinitibizsol.com:443 66.249.64.41 - - [10/Jun/2025:07:41:45 +0000] "GET /?acupuncture/product/20563371557.shtml HTTP/1.1" 200 470283 "-" "Mozilla/5.0 (Linux; Android 6.0.1; Nexus 5X Build/MMB29P) AppleWebKit/537.36 (KHTML, like Gecko) Chrome/136.0.7103.113 Mobile Safari/537.36 (compatible; Googlebot/2.1; +http://www.google.com/bot.html)"
enterpriseautosalesinc.com.infinitibizsol.com:443 66.249.64.42 - - [10/Jun/2025:07:41:51 +0000] "GET /?20542405489.shtml HTTP/1.1" 200 463429 "-" "Mozilla/5.0 (Linux; Android 6.0.1; Nexus 5X Build/MMB29P) AppleWebKit/537.36 (KHTML, like Gecko) Chrome/136.0.7103.113 Mobile Safari/537.36 (compatible; Googlebot/2.1; +http://www.google.com/bot.html)"
enterpriseautosalesinc.com.infinitibizsol.com:443 66.249.64.41 - - [10/Jun/2025:07:41:55 +0000] "GET /?haiti/products/20573865012.shtml HTTP/1.1" 200 455092 "-" "Mozilla/5.0 (Linux; Android 6.0.1; Nexus 5X Build/MMB29P) AppleWebKit/537.36 (KHTML, like Gecko) Chrome/136.0.7103.113 Mobile Safari/537.36 (compatible; Googlebot/2.1; +http://www.google.com/bot.html)"
enterpriseautosalesinc.com.infinitibizsol.com:443 66.249.64.41 - - [10/Jun/2025:07:42:01 +0000] "GET /?nf/auction/20553148414.shtml HTTP/1.1" 200 463069 "-" "Mozilla/5.0 (Linux; Android 6.0.1; Nexus 5X Build/MMB29P) AppleWebKit/537.36 (KHTML, like Gecko) Chrome/136.0.7103.113 Mobile Safari/537.36 (compatible; Googlebot/2.1; +http://www.google.com/bot.html)"
enterpriseautosalesinc.com.infinitibizsol.com:443 20.171.207.108 - - [10/Jun/2025:07:42:14 +0000] "GET /knowledge/sugar42/q5m3u-6739/ HTTP/1.1" 500 5 "-" "Mozilla/5.0 AppleWebKit/537.36 (KHTML, like Gecko; compatible; GPTBot/1.2; +https://openai.com/gptbot)"
enterpriseautosalesinc.com.infinitibizsol.com:443 66.249.64.42 - - [10/Jun/2025:07:42:15 +0000] "GET /?buffet/shopdetail/20563587401.shtml HTTP/1.1" 200 456193 "-" "Mozilla/5.0 (Linux; Android 6.0.1; Nexus 5X Build/MMB29P) AppleWebKit/537.36 (KHTML, like Gecko) Chrome/136.0.7103.113 Mobile Safari/537.36 (compatible; Googlebot/2.1; +http://www.google.com/bot.html)"
enterpriseautosalesinc.com.infinitibizsol.com:443 66.249.64.41 - - [10/Jun/2025:07:42:20 +0000] "GET /?huang/2051913110.shtml HTTP/1.1" 200 457493 "-" "Mozilla/5.0 (Linux; Android 6.0.1; Nexus 5X Build/MMB29P) AppleWebKit/537.36 (KHTML, like Gecko) Chrome/136.0.7103.113 Mobile Safari/537.36 (compatible; Googlebot/2.1; +http://www.google.com/bot.html)"
enterpriseautosalesinc.com.infinitibizsol.com:443 66.249.64.41 - - [10/Jun/2025:07:42:29 +0000] "GET /?workflow/20584166988.shtml HTTP/1.1" 200 460345 "-" "Mozilla/5.0 (Linux; Android 6.0.1; Nexus 5X Build/MMB29P) AppleWebKit/537.36 (KHTML, like Gecko) Chrome/136.0.7103.113 Mobile Safari/537.36 (compatible; Googlebot/2.1; +http://www.google.com/bot.html)"
enterpriseautosalesinc.com.infinitibizsol.com:443 66.249.64.42 - - [10/Jun/2025:07:42:37 +0000] "GET /?20531960970.shtml HTTP/1.1" 200 470408 "-" "Mozilla/5.0 (Linux; Android 6.0.1; Nexus 5X Build/MMB29P) AppleWebKit/537.36 (KHTML, like Gecko) Chrome/136.0.7103.113 Mobile Safari/537.36 (compatible; Googlebot/2.1; +http://www.google.com/bot.html)"
enterpriseautosalesinc.com.infinitibizsol.com:443 66.249.64.41 - - [10/Jun/2025:07:42:43 +0000] "GET /?twiki/20532101920.shtml HTTP/1.1" 200 493559 "-" "Mozilla/5.0 (Linux; Android 6.0.1; Nexus 5X Build/MMB29P) AppleWebKit/537.36 (KHTML, like Gecko) Chrome/136.0.7103.113 Mobile Safari/537.36 (compatible; Googlebot/2.1; +http://www.google.com/bot.html)"
enterpriseautosalesinc.com.infinitibizsol.com:443 66.249.70.129 - - [10/Jun/2025:07:43:00 +0000] "GET /?e=91543835250 HTTP/1.1" 200 466691 "-" "Mozilla/5.0 (Linux; Android 6.0.1; Nexus 5X Build/MMB29P) AppleWebKit/537.36 (KHTML, like Gecko) Chrome/136.0.7103.113 Mobile Safari/537.36 (compatible; Googlebot/2.1; +http://www.google.com/bot.html)"
enterpriseautosalesinc.com.infinitibizsol.com:443 66.249.64.43 - - [10/Jun/2025:07:43:08 +0000] "GET /?hormone/2049104493.shtml HTTP/1.1" 200 463986 "-" "Mozilla/5.0 (Linux; Android 6.0.1; Nexus 5X Build/MMB29P) AppleWebKit/537.36 (KHTML, like Gecko) Chrome/136.0.7103.113 Mobile Safari/537.36 (compatible; Googlebot/2.1; +http://www.google.com/bot.html)"
enterpriseautosalesinc.com.infinitibizsol.com:443 66.249.64.41 - - [10/Jun/2025:07:43:11 +0000] "GET /?take/item/20511157500.shtml HTTP/1.1" 200 464562 "-" "Mozilla/5.0 (Linux; Android 6.0.1; Nexus 5X Build/MMB29P) AppleWebKit/537.36 (KHTML, like Gecko) Chrome/136.0.7103.113 Mobile Safari/537.36 (compatible; Googlebot/2.1; +http://www.google.com/bot.html)"
enterpriseautosalesinc.com.infinitibizsol.com:443 66.249.64.41 - - [10/Jun/2025:07:43:18 +0000] "GET /?clicked/2051774471.shtml HTTP/1.1" 200 461906 "-" "Mozilla/5.0 (Linux; Android 6.0.1; Nexus 5X Build/MMB29P) AppleWebKit/537.36 (KHTML, like Gecko) Chrome/136.0.7103.113 Mobile Safari/537.36 (compatible; Googlebot/2.1; +http://www.google.com/bot.html)"
enterpriseautosalesinc.com.infinitibizsol.com:443 20.171.207.108 - - [10/Jun/2025:07:43:18 +0000] "GET /well-known/awareness258/u2cil-7817/ HTTP/1.1" 500 5 "-" "Mozilla/5.0 AppleWebKit/537.36 (KHTML, like Gecko; compatible; GPTBot/1.2; +https://openai.com/gptbot)"
enterpriseautosalesinc.com.infinitibizsol.com:443 66.249.64.41 - - [10/Jun/2025:07:43:23 +0000] "GET /?unspecified/item/2051730480.shtml HTTP/1.1" 200 467440 "-" "Mozilla/5.0 (Linux; Android 6.0.1; Nexus 5X Build/MMB29P) AppleWebKit/537.36 (KHTML, like Gecko) Chrome/136.0.7103.113 Mobile Safari/537.36 (compatible; Googlebot/2.1; +http://www.google.com/bot.html)"
enterpriseautosalesinc.com.infinitibizsol.com:443 66.249.64.42 - - [10/Jun/2025:07:43:31 +0000] "GET /?20574034270.shtml HTTP/1.1" 200 465292 "-" "Mozilla/5.0 (Linux; Android 6.0.1; Nexus 5X Build/MMB29P) AppleWebKit/537.36 (KHTML, like Gecko) Chrome/136.0.7103.113 Mobile Safari/537.36 (compatible; Googlebot/2.1; +http://www.google.com/bot.html)"
enterpriseautosalesinc.com.infinitibizsol.com:443 66.249.64.42 - - [10/Jun/2025:07:43:38 +0000] "GET /?20573714485.shtml HTTP/1.1" 200 458220 "-" "Mozilla/5.0 (Linux; Android 6.0.1; Nexus 5X Build/MMB29P) AppleWebKit/537.36 (KHTML, like Gecko) Chrome/136.0.7103.113 Mobile Safari/537.36 (compatible; Googlebot/2.1; +http://www.google.com/bot.html)"
enterpriseautosalesinc.com.infinitibizsol.com:443 66.249.64.42 - - [10/Jun/2025:07:43:46 +0000] "GET /?timothy/20553044496.shtml HTTP/1.1" 200 477627 "-" "Mozilla/5.0 (Linux; Android 6.0.1; Nexus 5X Build/MMB29P) AppleWebKit/537.36 (KHTML, like Gecko) Chrome/136.0.7103.113 Mobile Safari/537.36 (compatible; Googlebot/2.1; +http://www.google.com/bot.html)"
enterpriseautosalesinc.com.infinitibizsol.com:443 66.249.64.41 - - [10/Jun/2025:07:43:51 +0000] "GET /?20532136170.shtml HTTP/1.1" 200 463268 "-" "Mozilla/5.0 (Linux; Android 6.0.1; Nexus 5X Build/MMB29P) AppleWebKit/537.36 (KHTML, like Gecko) Chrome/136.0.7103.113 Mobile Safari/537.36 (compatible; Googlebot/2.1; +http://www.google.com/bot.html)"
enterpriseautosalesinc.com.infinitibizsol.com:443 66.249.64.41 - - [10/Jun/2025:07:43:59 +0000] "GET /?inns/20511063968.shtml HTTP/1.1" 200 466458 "-" "Mozilla/5.0 (Linux; Android 6.0.1; Nexus 5X Build/MMB29P) AppleWebKit/537.36 (KHTML, like Gecko) Chrome/136.0.7103.113 Mobile Safari/537.36 (compatible; Googlebot/2.1; +http://www.google.com/bot.html)"
enterpriseautosalesinc.com.infinitibizsol.com:443 66.249.64.43 - - [10/Jun/2025:07:44:04 +0000] "GET /?20521673144.shtml HTTP/1.1" 200 468406 "-" "Mozilla/5.0 (Linux; Android 6.0.1; Nexus 5X Build/MMB29P) AppleWebKit/537.36 (KHTML, like Gecko) Chrome/136.0.7103.113 Mobile Safari/537.36 (compatible; Googlebot/2.1; +http://www.google.com/bot.html)"
enterpriseautosalesinc.com.infinitibizsol.com:443 66.249.64.41 - - [10/Jun/2025:07:44:11 +0000] "GET /?vertex/auction/20521206574.shtml HTTP/1.1" 200 473837 "-" "Mozilla/5.0 (Linux; Android 6.0.1; Nexus 5X Build/MMB29P) AppleWebKit/537.36 (KHTML, like Gecko) Chrome/136.0.7103.113 Mobile Safari/537.36 (compatible; Googlebot/2.1; +http://www.google.com/bot.html)"
enterpriseautosalesinc.com.infinitibizsol.com:443 66.249.64.41 - - [10/Jun/2025:07:44:16 +0000] "GET /?sponsors/20553020475.shtml HTTP/1.1" 200 464327 "-" "Mozilla/5.0 (Linux; Android 6.0.1; Nexus 5X Build/MMB29P) AppleWebKit/537.36 (KHTML, like Gecko) Chrome/136.0.7103.113 Mobile Safari/537.36 (compatible; Googlebot/2.1; +http://www.google.com/bot.html)"
enterpriseautosalesinc.com.infinitibizsol.com:443 20.171.207.108 - - [10/Jun/2025:07:44:21 +0000] "GET /health-care/warning206/edefg-45211/ HTTP/1.1" 500 5 "-" "Mozilla/5.0 AppleWebKit/537.36 (KHTML, like Gecko; compatible; GPTBot/1.2; +https://openai.com/gptbot)"
enterpriseautosalesinc.com.infinitibizsol.com:443 66.249.64.41 - - [10/Jun/2025:07:44:25 +0000] "GET /?shit/product/20532222047.shtml HTTP/1.1" 200 469617 "-" "Mozilla/5.0 (Linux; Android 6.0.1; Nexus 5X Build/MMB29P) AppleWebKit/537.36 (KHTML, like Gecko) Chrome/136.0.7103.113 Mobile Safari/537.36 (compatible; Googlebot/2.1; +http://www.google.com/bot.html)"
enterpriseautosalesinc.com.infinitibizsol.com:443 66.249.64.41 - - [10/Jun/2025:07:44:31 +0000] "GET /?visitors/commoditys/20584339129.shtml HTTP/1.1" 200 470971 "-" "Mozilla/5.0 (Linux; Android 6.0.1; Nexus 5X Build/MMB29P) AppleWebKit/537.36 (KHTML, like Gecko) Chrome/136.0.7103.113 Mobile Safari/537.36 (compatible; Googlebot/2.1; +http://www.google.com/bot.html)"
enterpriseautosalesinc.com.infinitibizsol.com:443 66.249.64.42 - - [10/Jun/2025:07:44:36 +0000] "GET /?nba/20542761668.shtml HTTP/1.1" 200 465847 "-" "Mozilla/5.0 (Linux; Android 6.0.1; Nexus 5X Build/MMB29P) AppleWebKit/537.36 (KHTML, like Gecko) Chrome/136.0.7103.113 Mobile Safari/537.36 (compatible; Googlebot/2.1; +http://www.google.com/bot.html)"
enterpriseautosalesinc.com.infinitibizsol.com:443 66.249.64.41 - - [10/Jun/2025:07:44:43 +0000] "GET /?2051875204.shtml HTTP/1.1" 200 464779 "-" "Mozilla/5.0 (Linux; Android 6.0.1; Nexus 5X Build/MMB29P) AppleWebKit/537.36 (KHTML, like Gecko) Chrome/136.0.7103.113 Mobile Safari/537.36 (compatible; Googlebot/2.1; +http://www.google.com/bot.html)"
enterpriseautosalesinc.com.infinitibizsol.com:443 66.249.64.41 - - [10/Jun/2025:07:44:49 +0000] "GET /?ode/20573876975.shtml HTTP/1.1" 200 465241 "-" "Mozilla/5.0 (Linux; Android 6.0.1; Nexus 5X Build/MMB29P) AppleWebKit/537.36 (KHTML, like Gecko) Chrome/136.0.7103.113 Mobile Safari/537.36 (compatible; Googlebot/2.1; +http://www.google.com/bot.html)"
enterpriseautosalesinc.com.infinitibizsol.com:443 66.249.64.43 - - [10/Jun/2025:07:44:58 +0000] "GET /?20521599701.shtml HTTP/1.1" 200 468324 "-" "Mozilla/5.0 (Linux; Android 6.0.1; Nexus 5X Build/MMB29P) AppleWebKit/537.36 (KHTML, like Gecko) Chrome/136.0.7103.113 Mobile Safari/537.36 (compatible; Googlebot/2.1; +http://www.google.com/bot.html)"
enterpriseautosalesinc.com.infinitibizsol.com:443 66.249.64.42 - - [10/Jun/2025:07:45:04 +0000] "GET /?corrections/item/2051801550.shtml HTTP/1.1" 200 454064 "-" "Mozilla/5.0 (Linux; Android 6.0.1; Nexus 5X Build/MMB29P) AppleWebKit/537.36 (KHTML, like Gecko) Chrome/136.0.7103.113 Mobile Safari/537.36 (compatible; Googlebot/2.1; +http://www.google.com/bot.html)"
enterpriseautosalesinc.com.infinitibizsol.com:443 66.249.70.128 - - [10/Jun/2025:07:45:07 +0000] "GET /?hacks/merchandises/20531889790.shtml HTTP/1.1" 200 478058 "-" "Mozilla/5.0 (Linux; Android 6.0.1; Nexus 5X Build/MMB29P) AppleWebKit/537.36 (KHTML, like Gecko) Chrome/136.0.7103.113 Mobile Safari/537.36 (compatible; Googlebot/2.1; +http://www.google.com/bot.html)"
enterpriseautosalesinc.com.infinitibizsol.com:443 66.249.70.142 - - [10/Jun/2025:07:45:14 +0000] "GET /?sparks/product/2051849114.shtml HTTP/1.1" 200 489688 "-" "Mozilla/5.0 (Linux; Android 6.0.1; Nexus 5X Build/MMB29P) AppleWebKit/537.36 (KHTML, like Gecko) Chrome/136.0.7103.113 Mobile Safari/537.36 (compatible; Googlebot/2.1; +http://www.google.com/bot.html)"
enterpriseautosalesinc.com.infinitibizsol.com:443 20.171.207.108 - - [10/Jun/2025:07:45:23 +0000] "GET /yard/journalism155/999fr-6080/ HTTP/1.1" 500 5 "-" "Mozilla/5.0 AppleWebKit/537.36 (KHTML, like Gecko; compatible; GPTBot/1.2; +https://openai.com/gptbot)"
enterpriseautosalesinc.com.infinitibizsol.com:443 66.249.64.42 - - [10/Jun/2025:07:45:27 +0000] "GET /?root/20521279209.shtml HTTP/1.1" 200 464250 "-" "Mozilla/5.0 (Linux; Android 6.0.1; Nexus 5X Build/MMB29P) AppleWebKit/537.36 (KHTML, like Gecko) Chrome/136.0.7103.113 Mobile Safari/537.36 (compatible; Googlebot/2.1; +http://www.google.com/bot.html)"
enterpriseautosalesinc.com.infinitibizsol.com:443 66.249.64.41 - - [10/Jun/2025:07:45:32 +0000] "GET /?20532156096.shtml HTTP/1.1" 200 463643 "-" "Mozilla/5.0 (Linux; Android 6.0.1; Nexus 5X Build/MMB29P) AppleWebKit/537.36 (KHTML, like Gecko) Chrome/136.0.7103.113 Mobile Safari/537.36 (compatible; Googlebot/2.1; +http://www.google.com/bot.html)"
enterpriseautosalesinc.com.infinitibizsol.com:443 66.249.64.42 - - [10/Jun/2025:07:45:43 +0000] "GET /?slipknot/20573907680.shtml HTTP/1.1" 200 463399 "-" "Mozilla/5.0 (Linux; Android 6.0.1; Nexus 5X Build/MMB29P) AppleWebKit/537.36 (KHTML, like Gecko) Chrome/136.0.7103.113 Mobile Safari/537.36 (compatible; Googlebot/2.1; +http://www.google.com/bot.html)"
enterpriseautosalesinc.com.infinitibizsol.com:443 66.249.64.41 - - [10/Jun/2025:07:45:54 +0000] "GET /?bust/2051947967.shtml HTTP/1.1" 200 459025 "-" "Mozilla/5.0 (Linux; Android 6.0.1; Nexus 5X Build/MMB29P) AppleWebKit/537.36 (KHTML, like Gecko) Chrome/136.0.7103.113 Mobile Safari/537.36 (compatible; Googlebot/2.1; +http://www.google.com/bot.html)"
enterpriseautosalesinc.com.infinitibizsol.com:443 66.249.64.43 - - [10/Jun/2025:07:46:01 +0000] "GET /?incorporates/shopdetail/2050329821.shtml HTTP/1.1" 200 469422 "-" "Mozilla/5.0 (Linux; Android 6.0.1; Nexus 5X Build/MMB29P) AppleWebKit/537.36 (KHTML, like Gecko) Chrome/136.0.7103.113 Mobile Safari/537.36 (compatible; Googlebot/2.1; +http://www.google.com/bot.html)"
enterpriseautosalesinc.com.infinitibizsol.com:443 66.249.64.41 - - [10/Jun/2025:07:46:16 +0000] "GET /?2051772844.shtml HTTP/1.1" 200 464538 "-" "Mozilla/5.0 (Linux; Android 6.0.1; Nexus 5X Build/MMB29P) AppleWebKit/537.36 (KHTML, like Gecko) Chrome/136.0.7103.113 Mobile Safari/537.36 (compatible; Googlebot/2.1; +http://www.google.com/bot.html)"
enterpriseautosalesinc.com.infinitibizsol.com:443 69.197.135.226 - - [10/Jun/2025:07:46:23 +0000] "GET /wp-content/admin.php HTTP/1.1" 200 16 "https://enterpriseautosalesinc.com/wp-content/admin.php" "Mozilla/5.0 (Windows NT 10.0; Win64; x64) AppleWebKit/537.36 (KHTML, like Gecko) Chrome/58.0.3029.110 Safari/537.3"
enterpriseautosalesinc.com.infinitibizsol.com:443 66.249.64.41 - - [10/Jun/2025:07:46:23 +0000] "GET /?alle/commoditys/20573908779.shtml HTTP/1.1" 200 466429 "-" "Mozilla/5.0 (Linux; Android 6.0.1; Nexus 5X Build/MMB29P) AppleWebKit/537.36 (KHTML, like Gecko) Chrome/136.0.7103.113 Mobile Safari/537.36 (compatible; Googlebot/2.1; +http://www.google.com/bot.html)"
enterpriseautosalesinc.com.infinitibizsol.com:443 20.171.207.108 - - [10/Jun/2025:07:46:27 +0000] "GET /technology/poem257/l7d38-9994/ HTTP/1.1" 500 5 "-" "Mozilla/5.0 AppleWebKit/537.36 (KHTML, like Gecko; compatible; GPTBot/1.2; +https://openai.com/gptbot)"
enterpriseautosalesinc.com.infinitibizsol.com:443 66.249.64.42 - - [10/Jun/2025:07:46:34 +0000] "GET /?precautions/shopping/20573849625.shtml HTTP/1.1" 200 464873 "-" "Mozilla/5.0 (Linux; Android 6.0.1; Nexus 5X Build/MMB29P) AppleWebKit/537.36 (KHTML, like Gecko) Chrome/136.0.7103.113 Mobile Safari/537.36 (compatible; Googlebot/2.1; +http://www.google.com/bot.html)"
enterpriseautosalesinc.com.infinitibizsol.com:443 66.249.64.41 - - [10/Jun/2025:07:46:37 +0000] "GET /?sought/products/2050222532.shtml HTTP/1.1" 200 463926 "-" "Mozilla/5.0 (Linux; Android 6.0.1; Nexus 5X Build/MMB29P) AppleWebKit/537.36 (KHTML, like Gecko) Chrome/136.0.7103.113 Mobile Safari/537.36 (compatible; Googlebot/2.1; +http://www.google.com/bot.html)"
enterpriseautosalesinc.com.infinitibizsol.com:443 66.249.64.42 - - [10/Jun/2025:07:46:46 +0000] "GET /?20552986280.shtml HTTP/1.1" 200 464751 "-" "Mozilla/5.0 (Linux; Android 6.0.1; Nexus 5X Build/MMB29P) AppleWebKit/537.36 (KHTML, like Gecko) Chrome/136.0.7103.113 Mobile Safari/537.36 (compatible; Googlebot/2.1; +http://www.google.com/bot.html)"
enterpriseautosalesinc.com.infinitibizsol.com:443 66.249.64.43 - - [10/Jun/2025:07:46:52 +0000] "GET /?ladder/auction/20553226714.shtml HTTP/1.1" 200 455941 "-" "Mozilla/5.0 (Linux; Android 6.0.1; Nexus 5X Build/MMB29P) AppleWebKit/537.36 (KHTML, like Gecko) Chrome/136.0.7103.113 Mobile Safari/537.36 (compatible; Googlebot/2.1; +http://www.google.com/bot.html)"
enterpriseautosalesinc.com.infinitibizsol.com:443 66.249.64.42 - - [10/Jun/2025:07:46:57 +0000] "GET /?calendars/20553042819.shtml HTTP/1.1" 200 485034 "-" "Mozilla/5.0 (Linux; Android 6.0.1; Nexus 5X Build/MMB29P) AppleWebKit/537.36 (KHTML, like Gecko) Chrome/136.0.7103.113 Mobile Safari/537.36 (compatible; Googlebot/2.1; +http://www.google.com/bot.html)"
enterpriseautosalesinc.com.infinitibizsol.com:443 66.249.64.41 - - [10/Jun/2025:07:47:04 +0000] "GET /?bn/shopping/20584207825.shtml HTTP/1.1" 200 491581 "-" "Mozilla/5.0 (Linux; Android 6.0.1; Nexus 5X Build/MMB29P) AppleWebKit/537.36 (KHTML, like Gecko) Chrome/136.0.7103.113 Mobile Safari/537.36 (compatible; Googlebot/2.1; +http://www.google.com/bot.html)"
enterpriseautosalesinc.com.infinitibizsol.com:443 66.249.64.41 - - [10/Jun/2025:07:47:12 +0000] "GET /?vcd/20573747648.shtml HTTP/1.1" 200 463716 "-" "Mozilla/5.0 (Linux; Android 6.0.1; Nexus 5X Build/MMB29P) AppleWebKit/537.36 (KHTML, like Gecko) Chrome/136.0.7103.113 Mobile Safari/537.36 (compatible; Googlebot/2.1; +http://www.google.com/bot.html)"
enterpriseautosalesinc.com.infinitibizsol.com:443 66.249.64.41 - - [10/Jun/2025:07:47:19 +0000] "GET /?composite/good/20553143668.shtml HTTP/1.1" 200 467106 "-" "Mozilla/5.0 (Linux; Android 6.0.1; Nexus 5X Build/MMB29P) AppleWebKit/537.36 (KHTML, like Gecko) Chrome/136.0.7103.113 Mobile Safari/537.36 (compatible; Googlebot/2.1; +http://www.google.com/bot.html)"
enterpriseautosalesinc.com.infinitibizsol.com:443 66.249.70.128 - - [10/Jun/2025:07:47:24 +0000] "GET /?broken/20521359386.shtml HTTP/1.1" 200 465894 "-" "Mozilla/5.0 (Linux; Android 6.0.1; Nexus 5X Build/MMB29P) AppleWebKit/537.36 (KHTML, like Gecko) Chrome/136.0.7103.113 Mobile Safari/537.36 (compatible; Googlebot/2.1; +http://www.google.com/bot.html)"
enterpriseautosalesinc.com.infinitibizsol.com:443 66.249.64.42 - - [10/Jun/2025:07:47:28 +0000] "GET /?2050249995.shtml HTTP/1.1" 200 479878 "-" "Mozilla/5.0 (Linux; Android 6.0.1; Nexus 5X Build/MMB29P) AppleWebKit/537.36 (KHTML, like Gecko) Chrome/136.0.7103.113 Mobile Safari/537.36 (compatible; Googlebot/2.1; +http://www.google.com/bot.html)"
enterpriseautosalesinc.com.infinitibizsol.com:443 20.171.207.108 - - [10/Jun/2025:07:47:30 +0000] "GET /seminar/slavery226/79b59-37817/ HTTP/1.1" 500 5 "-" "Mozilla/5.0 AppleWebKit/537.36 (KHTML, like Gecko; compatible; GPTBot/1.2; +https://openai.com/gptbot)"
enterpriseautosalesinc.com.infinitibizsol.com:443 66.249.64.42 - - [10/Jun/2025:07:47:33 +0000] "GET /?20531841645.shtml HTTP/1.1" 200 464027 "-" "Mozilla/5.0 (Linux; Android 6.0.1; Nexus 5X Build/MMB29P) AppleWebKit/537.36 (KHTML, like Gecko) Chrome/136.0.7103.113 Mobile Safari/537.36 (compatible; Googlebot/2.1; +http://www.google.com/bot.html)"
enterpriseautosalesinc.com.infinitibizsol.com:443 20.171.207.108 - - [10/Jun/2025:07:48:34 +0000] "GET /approximately/tumor69/sbxnn-43720/ HTTP/1.1" 500 5 "-" "Mozilla/5.0 AppleWebKit/537.36 (KHTML, like Gecko; compatible; GPTBot/1.2; +https://openai.com/gptbot)"
enterpriseautosalesinc.com.infinitibizsol.com:443 66.249.64.43 - - [10/Jun/2025:07:48:43 +0000] "GET /?walters/item/20531994350.shtml HTTP/1.1" 200 461388 "-" "Mozilla/5.0 (Linux; Android 6.0.1; Nexus 5X Build/MMB29P) AppleWebKit/537.36 (KHTML, like Gecko) Chrome/136.0.7103.113 Mobile Safari/537.36 (compatible; Googlebot/2.1; +http://www.google.com/bot.html)"
enterpriseautosalesinc.com.infinitibizsol.com:443 66.249.64.42 - - [10/Jun/2025:07:48:56 +0000] "GET /?enforced/commoditys/20553071299.shtml HTTP/1.1" 200 459320 "-" "Mozilla/5.0 (Linux; Android 6.0.1; Nexus 5X Build/MMB29P) AppleWebKit/537.36 (KHTML, like Gecko) Chrome/136.0.7103.113 Mobile Safari/537.36 (compatible; Googlebot/2.1; +http://www.google.com/bot.html)"
enterpriseautosalesinc.com.infinitibizsol.com:443 66.249.64.41 - - [10/Jun/2025:07:49:09 +0000] "GET /?urging/20573835338.shtml HTTP/1.1" 200 457596 "-" "Mozilla/5.0 (Linux; Android 6.0.1; Nexus 5X Build/MMB29P) AppleWebKit/537.36 (KHTML, like Gecko) Chrome/136.0.7103.113 Mobile Safari/537.36 (compatible; Googlebot/2.1; +http://www.google.com/bot.html)"
enterpriseautosalesinc.com.infinitibizsol.com:443 66.249.64.41 - - [10/Jun/2025:07:49:12 +0000] "GET /?sierra/item/20584201660.shtml HTTP/1.1" 200 463224 "-" "Mozilla/5.0 (Linux; Android 6.0.1; Nexus 5X Build/MMB29P) AppleWebKit/537.36 (KHTML, like Gecko) Chrome/136.0.7103.113 Mobile Safari/537.36 (compatible; Googlebot/2.1; +http://www.google.com/bot.html)"
enterpriseautosalesinc.com.infinitibizsol.com:443 66.249.64.42 - - [10/Jun/2025:07:49:20 +0000] "GET /?bolton/item/2050587620.shtml HTTP/1.1" 200 477741 "-" "Mozilla/5.0 (Linux; Android 6.0.1; Nexus 5X Build/MMB29P) AppleWebKit/537.36 (KHTML, like Gecko) Chrome/136.0.7103.113 Mobile Safari/537.36 (compatible; Googlebot/2.1; +http://www.google.com/bot.html)"
enterpriseautosalesinc.com.infinitibizsol.com:443 66.249.64.42 - - [10/Jun/2025:07:49:26 +0000] "GET /?20584609910.shtml HTTP/1.1" 200 468448 "-" "Mozilla/5.0 (Linux; Android 6.0.1; Nexus 5X Build/MMB29P) AppleWebKit/537.36 (KHTML, like Gecko) Chrome/136.0.7103.113 Mobile Safari/537.36 (compatible; Googlebot/2.1; +http://www.google.com/bot.html)"
enterpriseautosalesinc.com.infinitibizsol.com:443 66.249.64.42 - - [10/Jun/2025:07:49:31 +0000] "GET /?wasted/20511149696.shtml HTTP/1.1" 200 463412 "-" "Mozilla/5.0 (Linux; Android 6.0.1; Nexus 5X Build/MMB29P) AppleWebKit/537.36 (KHTML, like Gecko) Chrome/136.0.7103.113 Mobile Safari/537.36 (compatible; Googlebot/2.1; +http://www.google.com/bot.html)"
enterpriseautosalesinc.com.infinitibizsol.com:443 66.249.64.41 - - [10/Jun/2025:07:49:38 +0000] "GET /?fuse/20563311082.shtml HTTP/1.1" 200 477787 "-" "Mozilla/5.0 (Linux; Android 6.0.1; Nexus 5X Build/MMB29P) AppleWebKit/537.36 (KHTML, like Gecko) Chrome/136.0.7103.113 Mobile Safari/537.36 (compatible; Googlebot/2.1; +http://www.google.com/bot.html)"
enterpriseautosalesinc.com.infinitibizsol.com:443 20.171.207.108 - - [10/Jun/2025:07:49:38 +0000] "GET /communication/heart176/vxkfl-3527/ HTTP/1.1" 500 5 "-" "Mozilla/5.0 AppleWebKit/537.36 (KHTML, like Gecko; compatible; GPTBot/1.2; +https://openai.com/gptbot)"
enterpriseautosalesinc.com.infinitibizsol.com:443 66.249.64.43 - - [10/Jun/2025:07:49:45 +0000] "GET /?express/commoditys/20511038619.shtml HTTP/1.1" 200 487526 "-" "Mozilla/5.0 (Linux; Android 6.0.1; Nexus 5X Build/MMB29P) AppleWebKit/537.36 (KHTML, like Gecko) Chrome/136.0.7103.113 Mobile Safari/537.36 (compatible; Googlebot/2.1; +http://www.google.com/bot.html)"
enterpriseautosalesinc.com.infinitibizsol.com:443 66.249.64.42 - - [10/Jun/2025:07:49:53 +0000] "GET /?20531827230.shtml HTTP/1.1" 200 464357 "-" "Mozilla/5.0 (Linux; Android 6.0.1; Nexus 5X Build/MMB29P) AppleWebKit/537.36 (KHTML, like Gecko) Chrome/136.0.7103.113 Mobile Safari/537.36 (compatible; Googlebot/2.1; +http://www.google.com/bot.html)"
enterpriseautosalesinc.com.infinitibizsol.com:443 66.249.64.41 - - [10/Jun/2025:07:50:01 +0000] "GET /?20552879774.shtml HTTP/1.1" 200 466333 "-" "Mozilla/5.0 (Linux; Android 6.0.1; Nexus 5X Build/MMB29P) AppleWebKit/537.36 (KHTML, like Gecko) Chrome/136.0.7103.113 Mobile Safari/537.36 (compatible; Googlebot/2.1; +http://www.google.com/bot.html)"
enterpriseautosalesinc.com.infinitibizsol.com:443 66.249.64.42 - - [10/Jun/2025:07:50:13 +0000] "GET /?crime/20531839264.shtml HTTP/1.1" 200 458177 "-" "Mozilla/5.0 (Linux; Android 6.0.1; Nexus 5X Build/MMB29P) AppleWebKit/537.36 (KHTML, like Gecko) Chrome/136.0.7103.113 Mobile Safari/537.36 (compatible; Googlebot/2.1; +http://www.google.com/bot.html)"
enterpriseautosalesinc.com.infinitibizsol.com:443 66.249.64.41 - - [10/Jun/2025:07:50:23 +0000] "GET /?20584478825.shtml HTTP/1.1" 200 502722 "-" "Mozilla/5.0 (Linux; Android 6.0.1; Nexus 5X Build/MMB29P) AppleWebKit/537.36 (KHTML, like Gecko) Chrome/136.0.7103.113 Mobile Safari/537.36 (compatible; Googlebot/2.1; +http://www.google.com/bot.html)"
enterpriseautosalesinc.com.infinitibizsol.com:443 69.197.135.226 - - [10/Jun/2025:07:50:23 +0000] "GET /wp-content/admin.php HTTP/1.1" 200 16 "https://enterpriseautosalesinc.com/wp-content/admin.php" "Mozilla/5.0 (Windows NT 10.0; Win64; x64) AppleWebKit/537.36 (KHTML, like Gecko) Chrome/58.0.3029.110 Safari/537.3"
enterpriseautosalesinc.com.infinitibizsol.com:443 66.249.64.41 - - [10/Jun/2025:07:50:27 +0000] "GET /?20573969020.shtml HTTP/1.1" 200 471962 "-" "Mozilla/5.0 (Linux; Android 6.0.1; Nexus 5X Build/MMB29P) AppleWebKit/537.36 (KHTML, like Gecko) Chrome/136.0.7103.113 Mobile Safari/537.36 (compatible; Googlebot/2.1; +http://www.google.com/bot.html)"
enterpriseautosalesinc.com.infinitibizsol.com:443 66.249.64.41 - - [10/Jun/2025:07:50:37 +0000] "GET /?aquatic/2051946104.shtml HTTP/1.1" 200 463679 "-" "Mozilla/5.0 (Linux; Android 6.0.1; Nexus 5X Build/MMB29P) AppleWebKit/537.36 (KHTML, like Gecko) Chrome/136.0.7103.113 Mobile Safari/537.36 (compatible; Googlebot/2.1; +http://www.google.com/bot.html)"
enterpriseautosalesinc.com.infinitibizsol.com:443 66.249.64.42 - - [10/Jun/2025:07:50:39 +0000] "GET /?input/products/2051758692.shtml HTTP/1.1" 200 476305 "-" "Mozilla/5.0 (Linux; Android 6.0.1; Nexus 5X Build/MMB29P) AppleWebKit/537.36 (KHTML, like Gecko) Chrome/136.0.7103.113 Mobile Safari/537.36 (compatible; Googlebot/2.1; +http://www.google.com/bot.html)"
enterpriseautosalesinc.com.infinitibizsol.com:443 20.171.207.108 - - [10/Jun/2025:07:50:43 +0000] "GET /behave/championship289/wzarg-1750/ HTTP/1.1" 500 5 "-" "Mozilla/5.0 AppleWebKit/537.36 (KHTML, like Gecko; compatible; GPTBot/1.2; +https://openai.com/gptbot)"
enterpriseautosalesinc.com.infinitibizsol.com:443 66.249.64.43 - - [10/Jun/2025:07:50:44 +0000] "GET /?hole/item/20511140220.shtml HTTP/1.1" 200 466430 "-" "Mozilla/5.0 (Linux; Android 6.0.1; Nexus 5X Build/MMB29P) AppleWebKit/537.36 (KHTML, like Gecko) Chrome/136.0.7103.113 Mobile Safari/537.36 (compatible; Googlebot/2.1; +http://www.google.com/bot.html)"
enterpriseautosalesinc.com.infinitibizsol.com:443 66.249.64.42 - - [10/Jun/2025:07:50:51 +0000] "GET /?interpreters/merchandises/20532052253.shtml HTTP/1.1" 200 466183 "-" "Mozilla/5.0 (Linux; Android 6.0.1; Nexus 5X Build/MMB29P) AppleWebKit/537.36 (KHTML, like Gecko) Chrome/136.0.7103.113 Mobile Safari/537.36 (compatible; Googlebot/2.1; +http://www.google.com/bot.html)"
enterpriseautosalesinc.com.infinitibizsol.com:443 66.249.64.41 - - [10/Jun/2025:07:50:56 +0000] "GET /?who/goods/20552897326.shtml HTTP/1.1" 200 456785 "-" "Mozilla/5.0 (Linux; Android 6.0.1; Nexus 5X Build/MMB29P) AppleWebKit/537.36 (KHTML, like Gecko) Chrome/136.0.7103.113 Mobile Safari/537.36 (compatible; Googlebot/2.1; +http://www.google.com/bot.html)"
enterpriseautosalesinc.com.infinitibizsol.com:443 66.249.64.41 - - [10/Jun/2025:07:51:05 +0000] "GET /?greg/20542361675.shtml HTTP/1.1" 200 462983 "-" "Mozilla/5.0 (Linux; Android 6.0.1; Nexus 5X Build/MMB29P) AppleWebKit/537.36 (KHTML, like Gecko) Chrome/136.0.7103.113 Mobile Safari/537.36 (compatible; Googlebot/2.1; +http://www.google.com/bot.html)"
enterpriseautosalesinc.com.infinitibizsol.com:443 66.249.64.42 - - [10/Jun/2025:07:51:09 +0000] "GET /?optic/20574047945.shtml HTTP/1.1" 200 460912 "-" "Mozilla/5.0 (Linux; Android 6.0.1; Nexus 5X Build/MMB29P) AppleWebKit/537.36 (KHTML, like Gecko) Chrome/136.0.7103.113 Mobile Safari/537.36 (compatible; Googlebot/2.1; +http://www.google.com/bot.html)"
enterpriseautosalesinc.com.infinitibizsol.com:443 66.249.64.41 - - [10/Jun/2025:07:51:18 +0000] "GET /?managerial/item/20532251600.shtml HTTP/1.1" 200 463481 "-" "Mozilla/5.0 (Linux; Android 6.0.1; Nexus 5X Build/MMB29P) AppleWebKit/537.36 (KHTML, like Gecko) Chrome/136.0.7103.113 Mobile Safari/537.36 (compatible; Googlebot/2.1; +http://www.google.com/bot.html)"
enterpriseautosalesinc.com.infinitibizsol.com:443 66.249.64.42 - - [10/Jun/2025:07:51:25 +0000] "GET /?assert/2050250347.shtml HTTP/1.1" 200 463294 "-" "Mozilla/5.0 (Linux; Android 6.0.1; Nexus 5X Build/MMB29P) AppleWebKit/537.36 (KHTML, like Gecko) Chrome/136.0.7103.113 Mobile Safari/537.36 (compatible; Googlebot/2.1; +http://www.google.com/bot.html)"
enterpriseautosalesinc.com.infinitibizsol.com:443 66.249.64.42 - - [10/Jun/2025:07:51:30 +0000] "GET /?ky/20542480922.shtml HTTP/1.1" 200 463091 "-" "Mozilla/5.0 (Linux; Android 6.0.1; Nexus 5X Build/MMB29P) AppleWebKit/537.36 (KHTML, like Gecko) Chrome/136.0.7103.113 Mobile Safari/537.36 (compatible; Googlebot/2.1; +http://www.google.com/bot.html)"
enterpriseautosalesinc.com.infinitibizsol.com:443 20.171.207.108 - - [10/Jun/2025:07:51:48 +0000] "GET /considerably/so-called172/gdbbk-49907/ HTTP/1.1" 500 5 "-" "Mozilla/5.0 AppleWebKit/537.36 (KHTML, like Gecko; compatible; GPTBot/1.2; +https://openai.com/gptbot)"
enterpriseautosalesinc.com.infinitibizsol.com:443 66.249.64.42 - - [10/Jun/2025:07:51:56 +0000] "GET /?lh/2051750672.shtml HTTP/1.1" 200 482263 "-" "Mozilla/5.0 (Linux; Android 6.0.1; Nexus 5X Build/MMB29P) AppleWebKit/537.36 (KHTML, like Gecko) Chrome/136.0.7103.113 Mobile Safari/537.36 (compatible; Googlebot/2.1; +http://www.google.com/bot.html)"
enterpriseautosalesinc.com.infinitibizsol.com:443 66.249.64.41 - - [10/Jun/2025:07:52:05 +0000] "GET /?nightmare/20552847030.shtml HTTP/1.1" 200 464678 "-" "Mozilla/5.0 (Linux; Android 6.0.1; Nexus 5X Build/MMB29P) AppleWebKit/537.36 (KHTML, like Gecko) Chrome/136.0.7103.113 Mobile Safari/537.36 (compatible; Googlebot/2.1; +http://www.google.com/bot.html)"
enterpriseautosalesinc.com.infinitibizsol.com:443 66.249.64.41 - - [10/Jun/2025:07:52:13 +0000] "GET /?flames/auction/20532187844.shtml HTTP/1.1" 200 483385 "-" "Mozilla/5.0 (Linux; Android 6.0.1; Nexus 5X Build/MMB29P) AppleWebKit/537.36 (KHTML, like Gecko) Chrome/136.0.7103.113 Mobile Safari/537.36 (compatible; Googlebot/2.1; +http://www.google.com/bot.html)"
enterpriseautosalesinc.com.infinitibizsol.com:443 66.249.64.41 - - [10/Jun/2025:07:52:25 +0000] "GET /?prague/20553283743.shtml HTTP/1.1" 200 491389 "-" "Mozilla/5.0 (Linux; Android 6.0.1; Nexus 5X Build/MMB29P) AppleWebKit/537.36 (KHTML, like Gecko) Chrome/136.0.7103.113 Mobile Safari/537.36 (compatible; Googlebot/2.1; +http://www.google.com/bot.html)"
enterpriseautosalesinc.com.infinitibizsol.com:443 66.249.64.42 - - [10/Jun/2025:07:52:36 +0000] "GET /?20573709445.shtml HTTP/1.1" 200 464535 "-" "Mozilla/5.0 (Linux; Android 6.0.1; Nexus 5X Build/MMB29P) AppleWebKit/537.36 (KHTML, like Gecko) Chrome/136.0.7103.113 Mobile Safari/537.36 (compatible; Googlebot/2.1; +http://www.google.com/bot.html)"
enterpriseautosalesinc.com.infinitibizsol.com:443 66.249.64.41 - - [10/Jun/2025:07:52:44 +0000] "GET /?ounces/shopdetail/2050588961.shtml HTTP/1.1" 200 469301 "-" "Mozilla/5.0 (Linux; Android 6.0.1; Nexus 5X Build/MMB29P) AppleWebKit/537.36 (KHTML, like Gecko) Chrome/136.0.7103.113 Mobile Safari/537.36 (compatible; Googlebot/2.1; +http://www.google.com/bot.html)"
enterpriseautosalesinc.com.infinitibizsol.com:443 20.171.207.108 - - [10/Jun/2025:07:52:52 +0000] "GET /divorce/ugly81/lxbnw-29154/ HTTP/1.1" 500 5 "-" "Mozilla/5.0 AppleWebKit/537.36 (KHTML, like Gecko; compatible; GPTBot/1.2; +https://openai.com/gptbot)"
enterpriseautosalesinc.com.infinitibizsol.com:443 66.249.64.43 - - [10/Jun/2025:07:53:08 +0000] "GET /?beastality/item/20542587090.shtml HTTP/1.1" 200 472293 "-" "Mozilla/5.0 (Linux; Android 6.0.1; Nexus 5X Build/MMB29P) AppleWebKit/537.36 (KHTML, like Gecko) Chrome/136.0.7103.113 Mobile Safari/537.36 (compatible; Googlebot/2.1; +http://www.google.com/bot.html)"
enterpriseautosalesinc.com.infinitibizsol.com:443 66.249.64.41 - - [10/Jun/2025:07:53:16 +0000] "GET /?20542428850.shtml HTTP/1.1" 200 466502 "-" "Mozilla/5.0 (Linux; Android 6.0.1; Nexus 5X Build/MMB29P) AppleWebKit/537.36 (KHTML, like Gecko) Chrome/136.0.7103.113 Mobile Safari/537.36 (compatible; Googlebot/2.1; +http://www.google.com/bot.html)"
enterpriseautosalesinc.com.infinitibizsol.com:443 66.249.64.41 - - [10/Jun/2025:07:53:24 +0000] "GET /?nok/20552876115.shtml HTTP/1.1" 200 465364 "-" "Mozilla/5.0 (Linux; Android 6.0.1; Nexus 5X Build/MMB29P) AppleWebKit/537.36 (KHTML, like Gecko) Chrome/136.0.7103.113 Mobile Safari/537.36 (compatible; Googlebot/2.1; +http://www.google.com/bot.html)"
enterpriseautosalesinc.com.infinitibizsol.com:443 66.249.64.42 - - [10/Jun/2025:07:53:28 +0000] "GET /?20563324116.shtml HTTP/1.1" 200 456854 "-" "Mozilla/5.0 (Linux; Android 6.0.1; Nexus 5X Build/MMB29P) AppleWebKit/537.36 (KHTML, like Gecko) Chrome/136.0.7103.113 Mobile Safari/537.36 (compatible; Googlebot/2.1; +http://www.google.com/bot.html)"
enterpriseautosalesinc.com.infinitibizsol.com:443 66.249.64.42 - - [10/Jun/2025:07:53:36 +0000] "GET /?20542339216.shtml HTTP/1.1" 200 465263 "-" "Mozilla/5.0 (Linux; Android 6.0.1; Nexus 5X Build/MMB29P) AppleWebKit/537.36 (KHTML, like Gecko) Chrome/136.0.7103.113 Mobile Safari/537.36 (compatible; Googlebot/2.1; +http://www.google.com/bot.html)"
enterpriseautosalesinc.com.infinitibizsol.com:443 66.249.64.42 - - [10/Jun/2025:07:53:49 +0000] "GET /?triangle/commoditys/20563404689.shtml HTTP/1.1" 200 463389 "-" "Mozilla/5.0 (Linux; Android 6.0.1; Nexus 5X Build/MMB29P) AppleWebKit/537.36 (KHTML, like Gecko) Chrome/136.0.7103.113 Mobile Safari/537.36 (compatible; Googlebot/2.1; +http://www.google.com/bot.html)"
enterpriseautosalesinc.com.infinitibizsol.com:443 20.171.207.108 - - [10/Jun/2025:07:53:53 +0000] "GET /flag/senior56/pwxqd-32075/ HTTP/1.1" 500 5 "-" "Mozilla/5.0 AppleWebKit/537.36 (KHTML, like Gecko; compatible; GPTBot/1.2; +https://openai.com/gptbot)"
enterpriseautosalesinc.com.infinitibizsol.com:443 20.171.207.108 - - [10/Jun/2025:07:54:58 +0000] "GET /vast/rolling68/heu0k-2495/ HTTP/1.1" 500 5 "-" "Mozilla/5.0 AppleWebKit/537.36 (KHTML, like Gecko; compatible; GPTBot/1.2; +https://openai.com/gptbot)"
enterpriseautosalesinc.com.infinitibizsol.com:443 66.249.64.41 - - [10/Jun/2025:07:55:33 +0000] "GET /?responds/2051890136.shtml HTTP/1.1" 200 464454 "-" "Mozilla/5.0 (Linux; Android 6.0.1; Nexus 5X Build/MMB29P) AppleWebKit/537.36 (KHTML, like Gecko) Chrome/136.0.7103.113 Mobile Safari/537.36 (compatible; Googlebot/2.1; +http://www.google.com/bot.html)"
enterpriseautosalesinc.com.infinitibizsol.com:443 66.249.64.42 - - [10/Jun/2025:07:55:38 +0000] "GET /?asn/shopping/20531965955.shtml HTTP/1.1" 200 477321 "-" "Mozilla/5.0 (Linux; Android 6.0.1; Nexus 5X Build/MMB29P) AppleWebKit/537.36 (KHTML, like Gecko) Chrome/136.0.7103.113 Mobile Safari/537.36 (compatible; Googlebot/2.1; +http://www.google.com/bot.html)"
enterpriseautosalesinc.com.infinitibizsol.com:443 66.249.64.41 - - [10/Jun/2025:07:55:45 +0000] "GET /?adv/20542568024.shtml HTTP/1.1" 200 494456 "-" "Mozilla/5.0 (Linux; Android 6.0.1; Nexus 5X Build/MMB29P) AppleWebKit/537.36 (KHTML, like Gecko) Chrome/136.0.7103.113 Mobile Safari/537.36 (compatible; Googlebot/2.1; +http://www.google.com/bot.html)"
enterpriseautosalesinc.com.infinitibizsol.com:443 66.249.70.129 - - [10/Jun/2025:07:55:48 +0000] "GET /m021039227?srsltid=AfmBOoKceNyRpvtKzVhTHJ_cGFVq4Ec3q_K2eQ0h9N-I-puoqHBuVg HTTP/1.1" 200 466288 "-" "Mozilla/5.0 (Linux; Android 6.0.1; Nexus 5X Build/MMB29P) AppleWebKit/537.36 (KHTML, like Gecko) Chrome/136.0.7103.113 Mobile Safari/537.36 (compatible; Googlebot/2.1; +http://www.google.com/bot.html)"
enterpriseautosalesinc.com.infinitibizsol.com:443 66.249.64.41 - - [10/Jun/2025:07:55:48 +0000] "GET /?intermediate/item/20563402280.shtml HTTP/1.1" 200 468317 "-" "Mozilla/5.0 (Linux; Android 6.0.1; Nexus 5X Build/MMB29P) AppleWebKit/537.36 (KHTML, like Gecko) Chrome/136.0.7103.113 Mobile Safari/537.36 (compatible; Googlebot/2.1; +http://www.google.com/bot.html)"
enterpriseautosalesinc.com.infinitibizsol.com:443 66.249.64.41 - - [10/Jun/2025:07:55:52 +0000] "GET /?20511028135.shtml HTTP/1.1" 200 464883 "-" "Mozilla/5.0 (Linux; Android 6.0.1; Nexus 5X Build/MMB29P) AppleWebKit/537.36 (KHTML, like Gecko) Chrome/136.0.7103.113 Mobile Safari/537.36 (compatible; Googlebot/2.1; +http://www.google.com/bot.html)"
enterpriseautosalesinc.com.infinitibizsol.com:443 20.171.207.108 - - [10/Jun/2025:07:56:03 +0000] "GET /dancing/prompt169/kmsq4-32000/ HTTP/1.1" 500 5 "-" "Mozilla/5.0 AppleWebKit/537.36 (KHTML, like Gecko; compatible; GPTBot/1.2; +https://openai.com/gptbot)"
enterpriseautosalesinc.com.infinitibizsol.com:443 66.249.64.43 - - [10/Jun/2025:07:56:05 +0000] "GET /?als/20511107456.shtml HTTP/1.1" 200 465742 "-" "Mozilla/5.0 (Linux; Android 6.0.1; Nexus 5X Build/MMB29P) AppleWebKit/537.36 (KHTML, like Gecko) Chrome/136.0.7103.113 Mobile Safari/537.36 (compatible; Googlebot/2.1; +http://www.google.com/bot.html)"
enterpriseautosalesinc.com.infinitibizsol.com:443 66.249.64.41 - - [10/Jun/2025:07:56:24 +0000] "GET /?sk/20521504968.shtml HTTP/1.1" 200 460174 "-" "Mozilla/5.0 (Linux; Android 6.0.1; Nexus 5X Build/MMB29P) AppleWebKit/537.36 (KHTML, like Gecko) Chrome/136.0.7103.113 Mobile Safari/537.36 (compatible; Googlebot/2.1; +http://www.google.com/bot.html)"
enterpriseautosalesinc.com.infinitibizsol.com:443 69.197.182.50 - - [10/Jun/2025:07:56:33 +0000] "GET /wp-content/admin.php HTTP/1.1" 200 16 "https://enterpriseautosalesinc.com/wp-content/admin.php" "Mozilla/5.0 (Windows NT 10.0; Win64; x64) AppleWebKit/537.36 (KHTML, like Gecko) Chrome/58.0.3029.110 Safari/537.3"
enterpriseautosalesinc.com.infinitibizsol.com:443 66.249.64.41 - - [10/Jun/2025:07:56:33 +0000] "GET /?her/products/20563437392.shtml HTTP/1.1" 200 466881 "-" "Mozilla/5.0 (Linux; Android 6.0.1; Nexus 5X Build/MMB29P) AppleWebKit/537.36 (KHTML, like Gecko) Chrome/136.0.7103.113 Mobile Safari/537.36 (compatible; Googlebot/2.1; +http://www.google.com/bot.html)"
enterpriseautosalesinc.com.infinitibizsol.com:443 66.249.64.42 - - [10/Jun/2025:07:56:41 +0000] "GET /?20521582784.shtml HTTP/1.1" 200 459202 "-" "Mozilla/5.0 (Linux; Android 6.0.1; Nexus 5X Build/MMB29P) AppleWebKit/537.36 (KHTML, like Gecko) Chrome/136.0.7103.113 Mobile Safari/537.36 (compatible; Googlebot/2.1; +http://www.google.com/bot.html)"
