enterpriseautosalesinc.com.infinitibizsol.com:443 66.249.64.43 - - [10/Jun/2025:08:47:01 +0000] "GET /?bacon/good/20542546848.shtml HTTP/1.1" 200 465185 "-" "Mozilla/5.0 (Linux; Android 6.0.1; Nexus 5X Build/MMB29P) AppleWebKit/537.36 (KHTML, like Gecko) Chrome/136.0.7103.113 Mobile Safari/537.36 (compatible; Googlebot/2.1; +http://www.google.com/bot.html)"
enterpriseautosalesinc.com.infinitibizsol.com:443 66.249.64.43 - - [10/Jun/2025:08:47:11 +0000] "GET /?chord/product/20584330777.shtml HTTP/1.1" 200 465261 "-" "Mozilla/5.0 (Linux; Android 6.0.1; Nexus 5X Build/MMB29P) AppleWebKit/537.36 (KHTML, like Gecko) Chrome/136.0.7103.113 Mobile Safari/537.36 (compatible; Googlebot/2.1; +http://www.google.com/bot.html)"
enterpriseautosalesinc.com.infinitibizsol.com:443 66.249.64.42 - - [10/Jun/2025:08:47:16 +0000] "GET /?discriminatory/20521715058.shtml HTTP/1.1" 200 467217 "-" "Mozilla/5.0 (Linux; Android 6.0.1; Nexus 5X Build/MMB29P) AppleWebKit/537.36 (KHTML, like Gecko) Chrome/136.0.7103.113 Mobile Safari/537.36 (compatible; Googlebot/2.1; +http://www.google.com/bot.html)"
enterpriseautosalesinc.com.infinitibizsol.com:443 66.249.64.41 - - [10/Jun/2025:08:47:25 +0000] "GET /?browse/2050697857.shtml HTTP/1.1" 200 464126 "-" "Mozilla/5.0 (Linux; Android 6.0.1; Nexus 5X Build/MMB29P) AppleWebKit/537.36 (KHTML, like Gecko) Chrome/136.0.7103.113 Mobile Safari/537.36 (compatible; Googlebot/2.1; +http://www.google.com/bot.html)"
enterpriseautosalesinc.com.infinitibizsol.com:443 20.171.207.108 - - [10/Jun/2025:08:47:28 +0000] "GET /favorable/busy136/zra7j-47999/ HTTP/1.1" 500 5 "-" "Mozilla/5.0 AppleWebKit/537.36 (KHTML, like Gecko; compatible; GPTBot/1.2; +https://openai.com/gptbot)"
enterpriseautosalesinc.com.infinitibizsol.com:443 66.249.64.42 - - [10/Jun/2025:08:47:28 +0000] "GET /?php/20542438850.shtml HTTP/1.1" 200 462268 "-" "Mozilla/5.0 (Linux; Android 6.0.1; Nexus 5X Build/MMB29P) AppleWebKit/537.36 (KHTML, like Gecko) Chrome/136.0.7103.113 Mobile Safari/537.36 (compatible; Googlebot/2.1; +http://www.google.com/bot.html)"
enterpriseautosalesinc.com.infinitibizsol.com:80 43.135.130.202 - - [10/Jun/2025:08:48:30 +0000] "GET / HTTP/1.1" 500 5 "-" "Mozilla/5.0 (iPhone; CPU iPhone OS 13_2_3 like Mac OS X) AppleWebKit/605.1.15 (KHTML, like Gecko) Version/13.0.3 Mobile/15E148 Safari/604.1"
enterpriseautosalesinc.com.infinitibizsol.com:443 20.171.207.108 - - [10/Jun/2025:08:48:31 +0000] "GET /traffic/history10/4zwp9-12229/ HTTP/1.1" 500 5 "-" "Mozilla/5.0 AppleWebKit/537.36 (KHTML, like Gecko; compatible; GPTBot/1.2; +https://openai.com/gptbot)"
enterpriseautosalesinc.com.infinitibizsol.com:443 20.171.207.108 - - [10/Jun/2025:08:49:31 +0000] "GET /migration/issue197/ln8g4-2220/ HTTP/1.1" 500 5 "-" "Mozilla/5.0 AppleWebKit/537.36 (KHTML, like Gecko; compatible; GPTBot/1.2; +https://openai.com/gptbot)"
enterpriseautosalesinc.com.infinitibizsol.com:443 20.171.207.108 - - [10/Jun/2025:08:50:33 +0000] "GET /interpretation/collective283/4abpc-4530/ HTTP/1.1" 500 5 "-" "Mozilla/5.0 AppleWebKit/537.36 (KHTML, like Gecko; compatible; GPTBot/1.2; +https://openai.com/gptbot)"
enterpriseautosalesinc.com.infinitibizsol.com:443 208.110.64.178 - - [10/Jun/2025:08:51:14 +0000] "GET /wp-content/admin.php HTTP/1.1" 200 16 "https://enterpriseautosalesinc.com/wp-content/admin.php" "Mozilla/5.0 (Windows NT 10.0; Win64; x64) AppleWebKit/537.36 (KHTML, like Gecko) Chrome/58.0.3029.110 Safari/537.3"
enterpriseautosalesinc.com.infinitibizsol.com:443 20.171.207.108 - - [10/Jun/2025:08:51:38 +0000] "GET /officially/extraordinary223/dxjal-19592/ HTTP/1.1" 500 5 "-" "Mozilla/5.0 AppleWebKit/537.36 (KHTML, like Gecko; compatible; GPTBot/1.2; +https://openai.com/gptbot)"
enterpriseautosalesinc.com.infinitibizsol.com:443 20.171.207.108 - - [10/Jun/2025:08:52:39 +0000] "GET /distribution/quarterback299/ivdia-27832/ HTTP/1.1" 500 5 "-" "Mozilla/5.0 AppleWebKit/537.36 (KHTML, like Gecko; compatible; GPTBot/1.2; +https://openai.com/gptbot)"
enterpriseautosalesinc.com.infinitibizsol.com:443 20.171.207.108 - - [10/Jun/2025:08:53:42 +0000] "GET /transportation/lawyer254/8b5zz-13609/ HTTP/1.1" 500 5 "-" "Mozilla/5.0 AppleWebKit/537.36 (KHTML, like Gecko; compatible; GPTBot/1.2; +https://openai.com/gptbot)"
enterpriseautosalesinc.com.infinitibizsol.com:443 20.171.207.108 - - [10/Jun/2025:08:54:43 +0000] "GET /investigate/technology179/wx746-6352/ HTTP/1.1" 500 5 "-" "Mozilla/5.0 AppleWebKit/537.36 (KHTML, like Gecko; compatible; GPTBot/1.2; +https://openai.com/gptbot)"
enterpriseautosalesinc.com.infinitibizsol.com:443 20.171.207.108 - - [10/Jun/2025:08:55:46 +0000] "GET /demonstration/bacteria166/vvq1l-20111/ HTTP/1.1" 500 5 "-" "Mozilla/5.0 AppleWebKit/537.36 (KHTML, like Gecko; compatible; GPTBot/1.2; +https://openai.com/gptbot)"
enterpriseautosalesinc.com.infinitibizsol.com:443 204.12.252.98 - - [10/Jun/2025:08:56:19 +0000] "GET /wp-content/admin.php HTTP/1.1" 200 16 "https://enterpriseautosalesinc.com/wp-content/admin.php" "Mozilla/5.0 (Windows NT 10.0; Win64; x64) AppleWebKit/537.36 (KHTML, like Gecko) Chrome/58.0.3029.110 Safari/537.3"
enterpriseautosalesinc.com.infinitibizsol.com:443 66.249.64.42 - - [10/Jun/2025:08:56:31 +0000] "GET /?mobiles/good/2051904858.shtml HTTP/1.1" 200 457523 "-" "Mozilla/5.0 (Linux; Android 6.0.1; Nexus 5X Build/MMB29P) AppleWebKit/537.36 (KHTML, like Gecko) Chrome/136.0.7103.113 Mobile Safari/537.36 (compatible; Googlebot/2.1; +http://www.google.com/bot.html)"
enterpriseautosalesinc.com.infinitibizsol.com:443 66.249.64.42 - - [10/Jun/2025:08:56:37 +0000] "GET /?20521620470.shtml HTTP/1.1" 200 467418 "-" "Mozilla/5.0 (Linux; Android 6.0.1; Nexus 5X Build/MMB29P) AppleWebKit/537.36 (KHTML, like Gecko) Chrome/136.0.7103.113 Mobile Safari/537.36 (compatible; Googlebot/2.1; +http://www.google.com/bot.html)"
enterpriseautosalesinc.com.infinitibizsol.com:443 66.249.64.41 - - [10/Jun/2025:08:56:42 +0000] "GET /?ctr/product/20521607617.shtml HTTP/1.1" 200 484075 "-" "Mozilla/5.0 (Linux; Android 6.0.1; Nexus 5X Build/MMB29P) AppleWebKit/537.36 (KHTML, like Gecko) Chrome/136.0.7103.113 Mobile Safari/537.36 (compatible; Googlebot/2.1; +http://www.google.com/bot.html)"
enterpriseautosalesinc.com.infinitibizsol.com:443 66.249.64.41 - - [10/Jun/2025:08:56:44 +0000] "GET /?marketplace/20542340261.shtml HTTP/1.1" 200 462118 "-" "Mozilla/5.0 (Linux; Android 6.0.1; Nexus 5X Build/MMB29P) AppleWebKit/537.36 (KHTML, like Gecko) Chrome/136.0.7103.113 Mobile Safari/537.36 (compatible; Googlebot/2.1; +http://www.google.com/bot.html)"
enterpriseautosalesinc.com.infinitibizsol.com:443 66.249.64.41 - - [10/Jun/2025:08:56:45 +0000] "GET /?trump/20521651419.shtml HTTP/1.1" 200 466314 "-" "Mozilla/5.0 (Linux; Android 6.0.1; Nexus 5X Build/MMB29P) AppleWebKit/537.36 (KHTML, like Gecko) Chrome/136.0.7103.113 Mobile Safari/537.36 (compatible; Googlebot/2.1; +http://www.google.com/bot.html)"
enterpriseautosalesinc.com.infinitibizsol.com:443 20.171.207.108 - - [10/Jun/2025:08:56:48 +0000] "GET /acid/powerful40/xxpbo-3219/ HTTP/1.1" 500 5 "-" "Mozilla/5.0 AppleWebKit/537.36 (KHTML, like Gecko; compatible; GPTBot/1.2; +https://openai.com/gptbot)"
enterpriseautosalesinc.com.infinitibizsol.com:443 66.249.64.42 - - [10/Jun/2025:08:56:51 +0000] "GET /?20521585232.shtml HTTP/1.1" 200 469115 "-" "Mozilla/5.0 (Linux; Android 6.0.1; Nexus 5X Build/MMB29P) AppleWebKit/537.36 (KHTML, like Gecko) Chrome/136.0.7103.113 Mobile Safari/537.36 (compatible; Googlebot/2.1; +http://www.google.com/bot.html)"
enterpriseautosalesinc.com.infinitibizsol.com:443 66.249.64.42 - - [10/Jun/2025:08:56:59 +0000] "GET /?treaties/item/2050291880.shtml HTTP/1.1" 200 465646 "-" "Mozilla/5.0 (Linux; Android 6.0.1; Nexus 5X Build/MMB29P) AppleWebKit/537.36 (KHTML, like Gecko) Chrome/136.0.7103.113 Mobile Safari/537.36 (compatible; Googlebot/2.1; +http://www.google.com/bot.html)"
enterpriseautosalesinc.com.infinitibizsol.com:443 66.249.64.42 - - [10/Jun/2025:08:57:07 +0000] "GET /?kicked/merchandises/2051869803.shtml HTTP/1.1" 200 465244 "-" "Mozilla/5.0 (Linux; Android 6.0.1; Nexus 5X Build/MMB29P) AppleWebKit/537.36 (KHTML, like Gecko) Chrome/136.0.7103.113 Mobile Safari/537.36 (compatible; Googlebot/2.1; +http://www.google.com/bot.html)"
enterpriseautosalesinc.com.infinitibizsol.com:443 66.249.64.41 - - [10/Jun/2025:08:57:11 +0000] "GET /?alibris/product/20542375527.shtml HTTP/1.1" 200 468383 "-" "Mozilla/5.0 (Linux; Android 6.0.1; Nexus 5X Build/MMB29P) AppleWebKit/537.36 (KHTML, like Gecko) Chrome/136.0.7103.113 Mobile Safari/537.36 (compatible; Googlebot/2.1; +http://www.google.com/bot.html)"
enterpriseautosalesinc.com.infinitibizsol.com:443 66.249.64.41 - - [10/Jun/2025:08:57:20 +0000] "GET /?determine/good/20521519168.shtml HTTP/1.1" 200 467944 "-" "Mozilla/5.0 (Linux; Android 6.0.1; Nexus 5X Build/MMB29P) AppleWebKit/537.36 (KHTML, like Gecko) Chrome/136.0.7103.113 Mobile Safari/537.36 (compatible; Googlebot/2.1; +http://www.google.com/bot.html)"
enterpriseautosalesinc.com.infinitibizsol.com:443 66.249.64.42 - - [10/Jun/2025:08:57:25 +0000] "GET /?curved/product/20542350867.shtml HTTP/1.1" 200 463453 "-" "Mozilla/5.0 (Linux; Android 6.0.1; Nexus 5X Build/MMB29P) AppleWebKit/537.36 (KHTML, like Gecko) Chrome/136.0.7103.113 Mobile Safari/537.36 (compatible; Googlebot/2.1; +http://www.google.com/bot.html)"
enterpriseautosalesinc.com.infinitibizsol.com:443 66.249.64.41 - - [10/Jun/2025:08:57:28 +0000] "GET /?explicitly/20521805805.shtml HTTP/1.1" 200 469056 "-" "Mozilla/5.0 (Linux; Android 6.0.1; Nexus 5X Build/MMB29P) AppleWebKit/537.36 (KHTML, like Gecko) Chrome/136.0.7103.113 Mobile Safari/537.36 (compatible; Googlebot/2.1; +http://www.google.com/bot.html)"
enterpriseautosalesinc.com.infinitibizsol.com:443 66.249.64.42 - - [10/Jun/2025:08:57:36 +0000] "GET /?specifications/good/20563599788.shtml HTTP/1.1" 200 463956 "-" "Mozilla/5.0 (Linux; Android 6.0.1; Nexus 5X Build/MMB29P) AppleWebKit/537.36 (KHTML, like Gecko) Chrome/136.0.7103.113 Mobile Safari/537.36 (compatible; Googlebot/2.1; +http://www.google.com/bot.html)"
enterpriseautosalesinc.com.infinitibizsol.com:443 66.249.64.42 - - [10/Jun/2025:08:57:40 +0000] "GET /?to/good/20584597258.shtml HTTP/1.1" 200 465718 "-" "Mozilla/5.0 (Linux; Android 6.0.1; Nexus 5X Build/MMB29P) AppleWebKit/537.36 (KHTML, like Gecko) Chrome/136.0.7103.113 Mobile Safari/537.36 (compatible; Googlebot/2.1; +http://www.google.com/bot.html)"
enterpriseautosalesinc.com.infinitibizsol.com:443 66.249.64.42 - - [10/Jun/2025:08:57:47 +0000] "GET /?2050247163.shtml HTTP/1.1" 200 455254 "-" "Mozilla/5.0 (Linux; Android 6.0.1; Nexus 5X Build/MMB29P) AppleWebKit/537.36 (KHTML, like Gecko) Chrome/136.0.7103.113 Mobile Safari/537.36 (compatible; Googlebot/2.1; +http://www.google.com/bot.html)"
enterpriseautosalesinc.com.infinitibizsol.com:443 66.249.64.42 - - [10/Jun/2025:08:57:53 +0000] "GET /?peacock/2050534873.shtml HTTP/1.1" 200 491422 "-" "Mozilla/5.0 (Linux; Android 6.0.1; Nexus 5X Build/MMB29P) AppleWebKit/537.36 (KHTML, like Gecko) Chrome/136.0.7103.113 Mobile Safari/537.36 (compatible; Googlebot/2.1; +http://www.google.com/bot.html)"
enterpriseautosalesinc.com.infinitibizsol.com:443 20.171.207.108 - - [10/Jun/2025:08:57:53 +0000] "GET /street/normal7/byghw-34190/ HTTP/1.1" 500 5 "-" "Mozilla/5.0 AppleWebKit/537.36 (KHTML, like Gecko; compatible; GPTBot/1.2; +https://openai.com/gptbot)"
enterpriseautosalesinc.com.infinitibizsol.com:443 66.249.64.41 - - [10/Jun/2025:08:58:01 +0000] "GET /?20542640260.shtml HTTP/1.1" 200 467237 "-" "Mozilla/5.0 (Linux; Android 6.0.1; Nexus 5X Build/MMB29P) AppleWebKit/537.36 (KHTML, like Gecko) Chrome/136.0.7103.113 Mobile Safari/537.36 (compatible; Googlebot/2.1; +http://www.google.com/bot.html)"
enterpriseautosalesinc.com.infinitibizsol.com:443 66.249.64.43 - - [10/Jun/2025:08:58:06 +0000] "GET /?vitality/good/2049193528.shtml HTTP/1.1" 200 467518 "-" "Mozilla/5.0 (Linux; Android 6.0.1; Nexus 5X Build/MMB29P) AppleWebKit/537.36 (KHTML, like Gecko) Chrome/136.0.7103.113 Mobile Safari/537.36 (compatible; Googlebot/2.1; +http://www.google.com/bot.html)"
enterpriseautosalesinc.com.infinitibizsol.com:443 66.249.64.42 - - [10/Jun/2025:08:58:13 +0000] "GET /?contaminants/shopping/20552952745.shtml HTTP/1.1" 200 464409 "-" "Mozilla/5.0 (Linux; Android 6.0.1; Nexus 5X Build/MMB29P) AppleWebKit/537.36 (KHTML, like Gecko) Chrome/136.0.7103.113 Mobile Safari/537.36 (compatible; Googlebot/2.1; +http://www.google.com/bot.html)"
enterpriseautosalesinc.com.infinitibizsol.com:443 66.249.64.42 - - [10/Jun/2025:08:58:18 +0000] "GET /?albert/product/2050482317.shtml HTTP/1.1" 200 461234 "-" "Mozilla/5.0 (Linux; Android 6.0.1; Nexus 5X Build/MMB29P) AppleWebKit/537.36 (KHTML, like Gecko) Chrome/136.0.7103.113 Mobile Safari/537.36 (compatible; Googlebot/2.1; +http://www.google.com/bot.html)"
enterpriseautosalesinc.com.infinitibizsol.com:443 66.249.64.42 - - [10/Jun/2025:08:58:34 +0000] "GET /?20542784095.shtml HTTP/1.1" 200 463128 "-" "Mozilla/5.0 (Linux; Android 6.0.1; Nexus 5X Build/MMB29P) AppleWebKit/537.36 (KHTML, like Gecko) Chrome/136.0.7103.113 Mobile Safari/537.36 (compatible; Googlebot/2.1; +http://www.google.com/bot.html)"
enterpriseautosalesinc.com.infinitibizsol.com:443 66.249.64.41 - - [10/Jun/2025:08:58:38 +0000] "GET /?polls/shopdetail/20553080851.shtml HTTP/1.1" 200 458649 "-" "Mozilla/5.0 (Linux; Android 6.0.1; Nexus 5X Build/MMB29P) AppleWebKit/537.36 (KHTML, like Gecko) Chrome/136.0.7103.113 Mobile Safari/537.36 (compatible; Googlebot/2.1; +http://www.google.com/bot.html)"
enterpriseautosalesinc.com.infinitibizsol.com:443 66.249.64.43 - - [10/Jun/2025:08:58:45 +0000] "GET /?nazi/2050228741.shtml HTTP/1.1" 200 474459 "-" "Mozilla/5.0 (Linux; Android 6.0.1; Nexus 5X Build/MMB29P) AppleWebKit/537.36 (KHTML, like Gecko) Chrome/136.0.7103.113 Mobile Safari/537.36 (compatible; Googlebot/2.1; +http://www.google.com/bot.html)"
enterpriseautosalesinc.com.infinitibizsol.com:443 66.249.64.43 - - [10/Jun/2025:08:58:50 +0000] "GET /?determine/good/20573919168.shtml HTTP/1.1" 200 461588 "-" "Mozilla/5.0 (Linux; Android 6.0.1; Nexus 5X Build/MMB29P) AppleWebKit/537.36 (KHTML, like Gecko) Chrome/136.0.7103.113 Mobile Safari/537.36 (compatible; Googlebot/2.1; +http://www.google.com/bot.html)"
enterpriseautosalesinc.com.infinitibizsol.com:443 20.171.207.108 - - [10/Jun/2025:08:58:59 +0000] "GET /basket/thirty2/xomev-18945/ HTTP/1.1" 500 5 "-" "Mozilla/5.0 AppleWebKit/537.36 (KHTML, like Gecko; compatible; GPTBot/1.2; +https://openai.com/gptbot)"
enterpriseautosalesinc.com.infinitibizsol.com:443 66.249.64.44 - - [10/Jun/2025:08:59:00 +0000] "GET /?followup/shopdetail/20553228181.shtml HTTP/1.1" 200 463064 "-" "Mozilla/5.0 (Linux; Android 6.0.1; Nexus 5X Build/MMB29P) AppleWebKit/537.36 (KHTML, like Gecko) Chrome/136.0.7103.113 Mobile Safari/537.36 (compatible; Googlebot/2.1; +http://www.google.com/bot.html)"
enterpriseautosalesinc.com.infinitibizsol.com:443 66.249.64.41 - - [10/Jun/2025:08:59:09 +0000] "GET /?bronx/20584230012.shtml HTTP/1.1" 200 463424 "-" "Mozilla/5.0 (Linux; Android 6.0.1; Nexus 5X Build/MMB29P) AppleWebKit/537.36 (KHTML, like Gecko) Chrome/136.0.7103.113 Mobile Safari/537.36 (compatible; Googlebot/2.1; +http://www.google.com/bot.html)"
enterpriseautosalesinc.com.infinitibizsol.com:443 66.249.64.41 - - [10/Jun/2025:08:59:15 +0000] "GET /?canton/20584428576.shtml HTTP/1.1" 200 477897 "-" "Mozilla/5.0 (Linux; Android 6.0.1; Nexus 5X Build/MMB29P) AppleWebKit/537.36 (KHTML, like Gecko) Chrome/136.0.7103.113 Mobile Safari/537.36 (compatible; Googlebot/2.1; +http://www.google.com/bot.html)"
enterpriseautosalesinc.com.infinitibizsol.com:443 66.249.64.41 - - [10/Jun/2025:08:59:22 +0000] "GET /?20584613360.shtml HTTP/1.1" 200 468675 "-" "Mozilla/5.0 (Linux; Android 6.0.1; Nexus 5X Build/MMB29P) AppleWebKit/537.36 (KHTML, like Gecko) Chrome/136.0.7103.113 Mobile Safari/537.36 (compatible; Googlebot/2.1; +http://www.google.com/bot.html)"
enterpriseautosalesinc.com.infinitibizsol.com:443 66.249.64.41 - - [10/Jun/2025:08:59:26 +0000] "GET /?2050506789.shtml HTTP/1.1" 200 465537 "-" "Mozilla/5.0 (Linux; Android 6.0.1; Nexus 5X Build/MMB29P) AppleWebKit/537.36 (KHTML, like Gecko) Chrome/136.0.7103.113 Mobile Safari/537.36 (compatible; Googlebot/2.1; +http://www.google.com/bot.html)"
enterpriseautosalesinc.com.infinitibizsol.com:443 66.249.64.41 - - [10/Jun/2025:08:59:31 +0000] "GET /?20521716845.shtml HTTP/1.1" 200 471207 "-" "Mozilla/5.0 (Linux; Android 6.0.1; Nexus 5X Build/MMB29P) AppleWebKit/537.36 (KHTML, like Gecko) Chrome/136.0.7103.113 Mobile Safari/537.36 (compatible; Googlebot/2.1; +http://www.google.com/bot.html)"
enterpriseautosalesinc.com.infinitibizsol.com:443 66.249.64.42 - - [10/Jun/2025:08:59:42 +0000] "GET /?mph/2050401610.shtml HTTP/1.1" 200 465827 "-" "Mozilla/5.0 (Linux; Android 6.0.1; Nexus 5X Build/MMB29P) AppleWebKit/537.36 (KHTML, like Gecko) Chrome/136.0.7103.113 Mobile Safari/537.36 (compatible; Googlebot/2.1; +http://www.google.com/bot.html)"
enterpriseautosalesinc.com.infinitibizsol.com:443 66.249.64.42 - - [10/Jun/2025:08:59:45 +0000] "GET /?borrow/products/2050568612.shtml HTTP/1.1" 200 464627 "-" "Mozilla/5.0 (Linux; Android 6.0.1; Nexus 5X Build/MMB29P) AppleWebKit/537.36 (KHTML, like Gecko) Chrome/136.0.7103.113 Mobile Safari/537.36 (compatible; Googlebot/2.1; +http://www.google.com/bot.html)"
enterpriseautosalesinc.com.infinitibizsol.com:443 66.249.64.42 - - [10/Jun/2025:08:59:47 +0000] "GET /?20532024930.shtml HTTP/1.1" 200 463868 "-" "Mozilla/5.0 (Linux; Android 6.0.1; Nexus 5X Build/MMB29P) AppleWebKit/537.36 (KHTML, like Gecko) Chrome/136.0.7103.113 Mobile Safari/537.36 (compatible; Googlebot/2.1; +http://www.google.com/bot.html)"
enterpriseautosalesinc.com.infinitibizsol.com:443 66.249.64.42 - - [10/Jun/2025:08:59:55 +0000] "GET /?extend/goods/20511081786.shtml HTTP/1.1" 200 466410 "-" "Mozilla/5.0 (Linux; Android 6.0.1; Nexus 5X Build/MMB29P) AppleWebKit/537.36 (KHTML, like Gecko) Chrome/136.0.7103.113 Mobile Safari/537.36 (compatible; Googlebot/2.1; +http://www.google.com/bot.html)"
enterpriseautosalesinc.com.infinitibizsol.com:443 66.249.64.42 - - [10/Jun/2025:08:59:59 +0000] "GET /?20542401238.shtml HTTP/1.1" 200 483080 "-" "Mozilla/5.0 (Linux; Android 6.0.1; Nexus 5X Build/MMB29P) AppleWebKit/537.36 (KHTML, like Gecko) Chrome/136.0.7103.113 Mobile Safari/537.36 (compatible; Googlebot/2.1; +http://www.google.com/bot.html)"
enterpriseautosalesinc.com.infinitibizsol.com:443 20.171.207.108 - - [10/Jun/2025:09:00:01 +0000] "GET /seminar/teenage166/nr5xp-25921/ HTTP/1.1" 500 5 "-" "Mozilla/5.0 AppleWebKit/537.36 (KHTML, like Gecko; compatible; GPTBot/1.2; +https://openai.com/gptbot)"
enterpriseautosalesinc.com.infinitibizsol.com:443 66.249.64.43 - - [10/Jun/2025:09:00:07 +0000] "GET /?pre/20521498386.shtml HTTP/1.1" 200 457979 "-" "Mozilla/5.0 (Linux; Android 6.0.1; Nexus 5X Build/MMB29P) AppleWebKit/537.36 (KHTML, like Gecko) Chrome/136.0.7103.113 Mobile Safari/537.36 (compatible; Googlebot/2.1; +http://www.google.com/bot.html)"
enterpriseautosalesinc.com.infinitibizsol.com:443 66.249.64.42 - - [10/Jun/2025:09:00:11 +0000] "GET /?puma/20574029402.shtml HTTP/1.1" 200 465090 "-" "Mozilla/5.0 (Linux; Android 6.0.1; Nexus 5X Build/MMB29P) AppleWebKit/537.36 (KHTML, like Gecko) Chrome/136.0.7103.113 Mobile Safari/537.36 (compatible; Googlebot/2.1; +http://www.google.com/bot.html)"
enterpriseautosalesinc.com.infinitibizsol.com:443 66.249.64.41 - - [10/Jun/2025:09:00:19 +0000] "GET /?20584298201.shtml HTTP/1.1" 200 463028 "-" "Mozilla/5.0 (Linux; Android 6.0.1; Nexus 5X Build/MMB29P) AppleWebKit/537.36 (KHTML, like Gecko) Chrome/136.0.7103.113 Mobile Safari/537.36 (compatible; Googlebot/2.1; +http://www.google.com/bot.html)"
enterpriseautosalesinc.com.infinitibizsol.com:443 66.249.64.41 - - [10/Jun/2025:09:00:25 +0000] "GET /?excellent/product/20521338607.shtml HTTP/1.1" 200 467634 "-" "Mozilla/5.0 (Linux; Android 6.0.1; Nexus 5X Build/MMB29P) AppleWebKit/537.36 (KHTML, like Gecko) Chrome/136.0.7103.113 Mobile Safari/537.36 (compatible; Googlebot/2.1; +http://www.google.com/bot.html)"
enterpriseautosalesinc.com.infinitibizsol.com:443 204.12.252.98 - - [10/Jun/2025:09:00:27 +0000] "GET /wp-content/admin.php HTTP/1.1" 200 16 "https://enterpriseautosalesinc.com/wp-content/admin.php" "Mozilla/5.0 (Windows NT 10.0; Win64; x64) AppleWebKit/537.36 (KHTML, like Gecko) Chrome/58.0.3029.110 Safari/537.3"
enterpriseautosalesinc.com.infinitibizsol.com:443 66.249.64.41 - - [10/Jun/2025:09:00:32 +0000] "GET /?congratulations/20574045542.shtml HTTP/1.1" 200 454779 "-" "Mozilla/5.0 (Linux; Android 6.0.1; Nexus 5X Build/MMB29P) AppleWebKit/537.36 (KHTML, like Gecko) Chrome/136.0.7103.113 Mobile Safari/537.36 (compatible; Googlebot/2.1; +http://www.google.com/bot.html)"
enterpriseautosalesinc.com.infinitibizsol.com:443 66.249.64.41 - - [10/Jun/2025:09:00:37 +0000] "GET /?wtf/2050693231.shtml HTTP/1.1" 200 467654 "-" "Mozilla/5.0 (Linux; Android 6.0.1; Nexus 5X Build/MMB29P) AppleWebKit/537.36 (KHTML, like Gecko) Chrome/136.0.7103.113 Mobile Safari/537.36 (compatible; Googlebot/2.1; +http://www.google.com/bot.html)"
enterpriseautosalesinc.com.infinitibizsol.com:443 66.249.64.41 - - [10/Jun/2025:09:00:44 +0000] "GET /?calcium/20584283733.shtml HTTP/1.1" 200 457071 "-" "Mozilla/5.0 (Linux; Android 6.0.1; Nexus 5X Build/MMB29P) AppleWebKit/537.36 (KHTML, like Gecko) Chrome/136.0.7103.113 Mobile Safari/537.36 (compatible; Googlebot/2.1; +http://www.google.com/bot.html)"
enterpriseautosalesinc.com.infinitibizsol.com:443 66.249.64.41 - - [10/Jun/2025:09:00:50 +0000] "GET /?2050391109.shtml HTTP/1.1" 200 466538 "-" "Mozilla/5.0 (Linux; Android 6.0.1; Nexus 5X Build/MMB29P) AppleWebKit/537.36 (KHTML, like Gecko) Chrome/136.0.7103.113 Mobile Safari/537.36 (compatible; Googlebot/2.1; +http://www.google.com/bot.html)"
enterpriseautosalesinc.com.infinitibizsol.com:443 66.249.64.43 - - [10/Jun/2025:09:00:58 +0000] "GET /?angels/2050362133.shtml HTTP/1.1" 200 465700 "-" "Mozilla/5.0 (Linux; Android 6.0.1; Nexus 5X Build/MMB29P) AppleWebKit/537.36 (KHTML, like Gecko) Chrome/136.0.7103.113 Mobile Safari/537.36 (compatible; Googlebot/2.1; +http://www.google.com/bot.html)"
enterpriseautosalesinc.com.infinitibizsol.com:443 20.171.207.108 - - [10/Jun/2025:09:01:01 +0000] "GET /disk/youngster294/jb5p9-47143/ HTTP/1.1" 500 5 "-" "Mozilla/5.0 AppleWebKit/537.36 (KHTML, like Gecko; compatible; GPTBot/1.2; +https://openai.com/gptbot)"
enterpriseautosalesinc.com.infinitibizsol.com:443 66.249.64.42 - - [10/Jun/2025:09:01:07 +0000] "GET /?continents/item/20542451730.shtml HTTP/1.1" 200 461632 "-" "Mozilla/5.0 (Linux; Android 6.0.1; Nexus 5X Build/MMB29P) AppleWebKit/537.36 (KHTML, like Gecko) Chrome/136.0.7103.113 Mobile Safari/537.36 (compatible; Googlebot/2.1; +http://www.google.com/bot.html)"
enterpriseautosalesinc.com.infinitibizsol.com:443 66.249.64.43 - - [10/Jun/2025:09:01:10 +0000] "GET /?20531922912.shtml HTTP/1.1" 200 466481 "-" "Mozilla/5.0 (Linux; Android 6.0.1; Nexus 5X Build/MMB29P) AppleWebKit/537.36 (KHTML, like Gecko) Chrome/136.0.7103.113 Mobile Safari/537.36 (compatible; Googlebot/2.1; +http://www.google.com/bot.html)"
enterpriseautosalesinc.com.infinitibizsol.com:443 66.249.64.41 - - [10/Jun/2025:09:01:18 +0000] "GET /?jules/item/20574113520.shtml HTTP/1.1" 200 454245 "-" "Mozilla/5.0 (Linux; Android 6.0.1; Nexus 5X Build/MMB29P) AppleWebKit/537.36 (KHTML, like Gecko) Chrome/136.0.7103.113 Mobile Safari/537.36 (compatible; Googlebot/2.1; +http://www.google.com/bot.html)"
enterpriseautosalesinc.com.infinitibizsol.com:443 66.249.64.42 - - [10/Jun/2025:09:01:25 +0000] "GET /?interval/auction/20553283414.shtml HTTP/1.1" 200 456157 "-" "Mozilla/5.0 (Linux; Android 6.0.1; Nexus 5X Build/MMB29P) AppleWebKit/537.36 (KHTML, like Gecko) Chrome/136.0.7103.113 Mobile Safari/537.36 (compatible; Googlebot/2.1; +http://www.google.com/bot.html)"
enterpriseautosalesinc.com.infinitibizsol.com:80 198.235.24.222 - - [10/Jun/2025:09:01:26 +0000] "GET / HTTP/1.1" 500 5 "-" "Expanse, a Palo Alto Networks company, searches across the global IPv4 space multiple times per day to identify customers' presences on the Internet. If you would like to be excluded from our scans, please send IP addresses/domains to: scaninfo@paloaltonetworks.com"
enterpriseautosalesinc.com.infinitibizsol.com:443 66.249.64.41 - - [10/Jun/2025:09:01:32 +0000] "GET /?percent/20531998105.shtml HTTP/1.1" 200 473263 "-" "Mozilla/5.0 (Linux; Android 6.0.1; Nexus 5X Build/MMB29P) AppleWebKit/537.36 (KHTML, like Gecko) Chrome/136.0.7103.113 Mobile Safari/537.36 (compatible; Googlebot/2.1; +http://www.google.com/bot.html)"
enterpriseautosalesinc.com.infinitibizsol.com:443 66.249.64.41 - - [10/Jun/2025:09:01:40 +0000] "GET /?sophia/20563553812.shtml HTTP/1.1" 200 469362 "-" "Mozilla/5.0 (Linux; Android 6.0.1; Nexus 5X Build/MMB29P) AppleWebKit/537.36 (KHTML, like Gecko) Chrome/136.0.7103.113 Mobile Safari/537.36 (compatible; Googlebot/2.1; +http://www.google.com/bot.html)"
enterpriseautosalesinc.com.infinitibizsol.com:443 66.249.64.42 - - [10/Jun/2025:09:01:43 +0000] "GET /?20584473506.shtml HTTP/1.1" 200 464105 "-" "Mozilla/5.0 (Linux; Android 6.0.1; Nexus 5X Build/MMB29P) AppleWebKit/537.36 (KHTML, like Gecko) Chrome/136.0.7103.113 Mobile Safari/537.36 (compatible; Googlebot/2.1; +http://www.google.com/bot.html)"
enterpriseautosalesinc.com.infinitibizsol.com:443 66.249.64.43 - - [10/Jun/2025:09:01:51 +0000] "GET /?rug/shopping/20563325465.shtml HTTP/1.1" 200 463785 "-" "Mozilla/5.0 (Linux; Android 6.0.1; Nexus 5X Build/MMB29P) AppleWebKit/537.36 (KHTML, like Gecko) Chrome/136.0.7103.113 Mobile Safari/537.36 (compatible; Googlebot/2.1; +http://www.google.com/bot.html)"
enterpriseautosalesinc.com.infinitibizsol.com:443 66.249.64.43 - - [10/Jun/2025:09:01:59 +0000] "GET /?20584588193.shtml HTTP/1.1" 200 466990 "-" "Mozilla/5.0 (Linux; Android 6.0.1; Nexus 5X Build/MMB29P) AppleWebKit/537.36 (KHTML, like Gecko) Chrome/136.0.7103.113 Mobile Safari/537.36 (compatible; Googlebot/2.1; +http://www.google.com/bot.html)"
enterpriseautosalesinc.com.infinitibizsol.com:443 66.249.64.41 - - [10/Jun/2025:09:02:05 +0000] "GET /?20584568960.shtml HTTP/1.1" 200 462522 "-" "Mozilla/5.0 (Linux; Android 6.0.1; Nexus 5X Build/MMB29P) AppleWebKit/537.36 (KHTML, like Gecko) Chrome/136.0.7103.113 Mobile Safari/537.36 (compatible; Googlebot/2.1; +http://www.google.com/bot.html)"
enterpriseautosalesinc.com.infinitibizsol.com:443 20.171.207.108 - - [10/Jun/2025:09:02:07 +0000] "GET /rocket/readily278/b3ps6-25971/ HTTP/1.1" 500 5 "-" "Mozilla/5.0 AppleWebKit/537.36 (KHTML, like Gecko; compatible; GPTBot/1.2; +https://openai.com/gptbot)"
enterpriseautosalesinc.com.infinitibizsol.com:443 66.249.64.41 - - [10/Jun/2025:09:02:11 +0000] "GET /?tracy/product/20563366247.shtml HTTP/1.1" 200 458642 "-" "Mozilla/5.0 (Linux; Android 6.0.1; Nexus 5X Build/MMB29P) AppleWebKit/537.36 (KHTML, like Gecko) Chrome/136.0.7103.113 Mobile Safari/537.36 (compatible; Googlebot/2.1; +http://www.google.com/bot.html)"
enterpriseautosalesinc.com.infinitibizsol.com:443 66.249.64.41 - - [10/Jun/2025:09:02:15 +0000] "GET /?schoolgirl/20521750926.shtml HTTP/1.1" 200 493064 "-" "Mozilla/5.0 (Linux; Android 6.0.1; Nexus 5X Build/MMB29P) AppleWebKit/537.36 (KHTML, like Gecko) Chrome/136.0.7103.113 Mobile Safari/537.36 (compatible; Googlebot/2.1; +http://www.google.com/bot.html)"
enterpriseautosalesinc.com.infinitibizsol.com:443 66.249.64.41 - - [10/Jun/2025:09:02:22 +0000] "GET /?coach/2050640380.shtml HTTP/1.1" 200 464909 "-" "Mozilla/5.0 (Linux; Android 6.0.1; Nexus 5X Build/MMB29P) AppleWebKit/537.36 (KHTML, like Gecko) Chrome/136.0.7103.113 Mobile Safari/537.36 (compatible; Googlebot/2.1; +http://www.google.com/bot.html)"
enterpriseautosalesinc.com.infinitibizsol.com:443 66.249.64.42 - - [10/Jun/2025:09:02:28 +0000] "GET /?breakout/20573935748.shtml HTTP/1.1" 200 466157 "-" "Mozilla/5.0 (Linux; Android 6.0.1; Nexus 5X Build/MMB29P) AppleWebKit/537.36 (KHTML, like Gecko) Chrome/136.0.7103.113 Mobile Safari/537.36 (compatible; Googlebot/2.1; +http://www.google.com/bot.html)"
enterpriseautosalesinc.com.infinitibizsol.com:443 66.249.64.41 - - [10/Jun/2025:09:02:35 +0000] "GET /?gowns/shopping/20584373755.shtml HTTP/1.1" 200 473336 "-" "Mozilla/5.0 (Linux; Android 6.0.1; Nexus 5X Build/MMB29P) AppleWebKit/537.36 (KHTML, like Gecko) Chrome/136.0.7103.113 Mobile Safari/537.36 (compatible; Googlebot/2.1; +http://www.google.com/bot.html)"
enterpriseautosalesinc.com.infinitibizsol.com:443 66.249.64.42 - - [10/Jun/2025:09:02:41 +0000] "GET /?nursing/auction/20531839394.shtml HTTP/1.1" 200 473494 "-" "Mozilla/5.0 (Linux; Android 6.0.1; Nexus 5X Build/MMB29P) AppleWebKit/537.36 (KHTML, like Gecko) Chrome/136.0.7103.113 Mobile Safari/537.36 (compatible; Googlebot/2.1; +http://www.google.com/bot.html)"
enterpriseautosalesinc.com.infinitibizsol.com:443 66.249.64.43 - - [10/Jun/2025:09:02:50 +0000] "GET /?perth/goods/2050304546.shtml HTTP/1.1" 200 463992 "-" "Mozilla/5.0 (Linux; Android 6.0.1; Nexus 5X Build/MMB29P) AppleWebKit/537.36 (KHTML, like Gecko) Chrome/136.0.7103.113 Mobile Safari/537.36 (compatible; Googlebot/2.1; +http://www.google.com/bot.html)"
enterpriseautosalesinc.com.infinitibizsol.com:443 66.249.64.41 - - [10/Jun/2025:09:02:56 +0000] "GET /?withdrawn/20521588002.shtml HTTP/1.1" 200 474682 "-" "Mozilla/5.0 (Linux; Android 6.0.1; Nexus 5X Build/MMB29P) AppleWebKit/537.36 (KHTML, like Gecko) Chrome/136.0.7103.113 Mobile Safari/537.36 (compatible; Googlebot/2.1; +http://www.google.com/bot.html)"
enterpriseautosalesinc.com.infinitibizsol.com:443 66.249.64.42 - - [10/Jun/2025:09:03:01 +0000] "GET /?20521426550.shtml HTTP/1.1" 200 455818 "-" "Mozilla/5.0 (Linux; Android 6.0.1; Nexus 5X Build/MMB29P) AppleWebKit/537.36 (KHTML, like Gecko) Chrome/136.0.7103.113 Mobile Safari/537.36 (compatible; Googlebot/2.1; +http://www.google.com/bot.html)"
enterpriseautosalesinc.com.infinitibizsol.com:443 20.171.207.108 - - [10/Jun/2025:09:03:07 +0000] "GET /informal/quiet257/g6xb9-45206/ HTTP/1.1" 500 5 "-" "Mozilla/5.0 AppleWebKit/537.36 (KHTML, like Gecko; compatible; GPTBot/1.2; +https://openai.com/gptbot)"
enterpriseautosalesinc.com.infinitibizsol.com:443 66.249.64.41 - - [10/Jun/2025:09:03:11 +0000] "GET /?loren/20532116476.shtml HTTP/1.1" 200 464668 "-" "Mozilla/5.0 (Linux; Android 6.0.1; Nexus 5X Build/MMB29P) AppleWebKit/537.36 (KHTML, like Gecko) Chrome/136.0.7103.113 Mobile Safari/537.36 (compatible; Googlebot/2.1; +http://www.google.com/bot.html)"
enterpriseautosalesinc.com.infinitibizsol.com:443 66.249.64.41 - - [10/Jun/2025:09:03:16 +0000] "GET /?regard/item/20511041130.shtml HTTP/1.1" 200 460577 "-" "Mozilla/5.0 (Linux; Android 6.0.1; Nexus 5X Build/MMB29P) AppleWebKit/537.36 (KHTML, like Gecko) Chrome/136.0.7103.113 Mobile Safari/537.36 (compatible; Googlebot/2.1; +http://www.google.com/bot.html)"
enterpriseautosalesinc.com.infinitibizsol.com:443 66.249.64.41 - - [10/Jun/2025:09:03:22 +0000] "GET /?20553281969.shtml HTTP/1.1" 200 476495 "-" "Mozilla/5.0 (Linux; Android 6.0.1; Nexus 5X Build/MMB29P) AppleWebKit/537.36 (KHTML, like Gecko) Chrome/136.0.7103.113 Mobile Safari/537.36 (compatible; Googlebot/2.1; +http://www.google.com/bot.html)"
enterpriseautosalesinc.com.infinitibizsol.com:443 66.249.64.41 - - [10/Jun/2025:09:03:32 +0000] "GET /?decorations/20521347864.shtml HTTP/1.1" 200 459114 "-" "Mozilla/5.0 (Linux; Android 6.0.1; Nexus 5X Build/MMB29P) AppleWebKit/537.36 (KHTML, like Gecko) Chrome/136.0.7103.113 Mobile Safari/537.36 (compatible; Googlebot/2.1; +http://www.google.com/bot.html)"
enterpriseautosalesinc.com.infinitibizsol.com:443 69.197.182.50 - - [10/Jun/2025:09:03:34 +0000] "GET /wp-content/admin.php HTTP/1.1" 200 16 "https://enterpriseautosalesinc.com/wp-content/admin.php" "Mozilla/5.0 (Windows NT 10.0; Win64; x64) AppleWebKit/537.36 (KHTML, like Gecko) Chrome/58.0.3029.110 Safari/537.3"
enterpriseautosalesinc.com.infinitibizsol.com:443 66.249.64.42 - - [10/Jun/2025:09:03:41 +0000] "GET /?handheld/20573822756.shtml HTTP/1.1" 200 468699 "-" "Mozilla/5.0 (Linux; Android 6.0.1; Nexus 5X Build/MMB29P) AppleWebKit/537.36 (KHTML, like Gecko) Chrome/136.0.7103.113 Mobile Safari/537.36 (compatible; Googlebot/2.1; +http://www.google.com/bot.html)"
enterpriseautosalesinc.com.infinitibizsol.com:443 66.249.64.42 - - [10/Jun/2025:09:03:47 +0000] "GET /?overlapping/2050234348.shtml HTTP/1.1" 200 463353 "-" "Mozilla/5.0 (Linux; Android 6.0.1; Nexus 5X Build/MMB29P) AppleWebKit/537.36 (KHTML, like Gecko) Chrome/136.0.7103.113 Mobile Safari/537.36 (compatible; Googlebot/2.1; +http://www.google.com/bot.html)"
enterpriseautosalesinc.com.infinitibizsol.com:443 66.249.64.43 - - [10/Jun/2025:09:03:53 +0000] "GET /?kyoto/auction/2050507754.shtml HTTP/1.1" 200 479238 "-" "Mozilla/5.0 (Linux; Android 6.0.1; Nexus 5X Build/MMB29P) AppleWebKit/537.36 (KHTML, like Gecko) Chrome/136.0.7103.113 Mobile Safari/537.36 (compatible; Googlebot/2.1; +http://www.google.com/bot.html)"
enterpriseautosalesinc.com.infinitibizsol.com:443 66.249.64.44 - - [10/Jun/2025:09:04:00 +0000] "GET /?rehabilitation/2049162228.shtml HTTP/1.1" 200 469735 "-" "Mozilla/5.0 (Linux; Android 6.0.1; Nexus 5X Build/MMB29P) AppleWebKit/537.36 (KHTML, like Gecko) Chrome/136.0.7103.113 Mobile Safari/537.36 (compatible; Googlebot/2.1; +http://www.google.com/bot.html)"
enterpriseautosalesinc.com.infinitibizsol.com:443 20.171.207.108 - - [10/Jun/2025:09:04:08 +0000] "GET /important/life193/md7g5-38462/ HTTP/1.1" 500 5 "-" "Mozilla/5.0 AppleWebKit/537.36 (KHTML, like Gecko; compatible; GPTBot/1.2; +https://openai.com/gptbot)"
enterpriseautosalesinc.com.infinitibizsol.com:443 66.249.64.41 - - [10/Jun/2025:09:04:09 +0000] "GET /?defend/merchandises/20521564993.shtml HTTP/1.1" 200 462857 "-" "Mozilla/5.0 (Linux; Android 6.0.1; Nexus 5X Build/MMB29P) AppleWebKit/537.36 (KHTML, like Gecko) Chrome/136.0.7103.113 Mobile Safari/537.36 (compatible; Googlebot/2.1; +http://www.google.com/bot.html)"
enterpriseautosalesinc.com.infinitibizsol.com:443 66.249.64.42 - - [10/Jun/2025:09:04:14 +0000] "GET /?20521474418.shtml HTTP/1.1" 200 463884 "-" "Mozilla/5.0 (Linux; Android 6.0.1; Nexus 5X Build/MMB29P) AppleWebKit/537.36 (KHTML, like Gecko) Chrome/136.0.7103.113 Mobile Safari/537.36 (compatible; Googlebot/2.1; +http://www.google.com/bot.html)"
enterpriseautosalesinc.com.infinitibizsol.com:443 66.249.64.42 - - [10/Jun/2025:09:04:18 +0000] "GET /?20573870662.shtml HTTP/1.1" 200 483767 "-" "Mozilla/5.0 (Linux; Android 6.0.1; Nexus 5X Build/MMB29P) AppleWebKit/537.36 (KHTML, like Gecko) Chrome/136.0.7103.113 Mobile Safari/537.36 (compatible; Googlebot/2.1; +http://www.google.com/bot.html)"
enterpriseautosalesinc.com.infinitibizsol.com:443 66.249.64.42 - - [10/Jun/2025:09:04:21 +0000] "GET /?20532024540.shtml HTTP/1.1" 200 454807 "-" "Mozilla/5.0 (Linux; Android 6.0.1; Nexus 5X Build/MMB29P) AppleWebKit/537.36 (KHTML, like Gecko) Chrome/136.0.7103.113 Mobile Safari/537.36 (compatible; Googlebot/2.1; +http://www.google.com/bot.html)"
enterpriseautosalesinc.com.infinitibizsol.com:443 66.249.64.41 - - [10/Jun/2025:09:04:27 +0000] "GET /?singers/products/20521448812.shtml HTTP/1.1" 200 460328 "-" "Mozilla/5.0 (Linux; Android 6.0.1; Nexus 5X Build/MMB29P) AppleWebKit/537.36 (KHTML, like Gecko) Chrome/136.0.7103.113 Mobile Safari/537.36 (compatible; Googlebot/2.1; +http://www.google.com/bot.html)"
enterpriseautosalesinc.com.infinitibizsol.com:443 66.249.64.42 - - [10/Jun/2025:09:04:35 +0000] "GET /?20573999896.shtml HTTP/1.1" 200 456231 "-" "Mozilla/5.0 (Linux; Android 6.0.1; Nexus 5X Build/MMB29P) AppleWebKit/537.36 (KHTML, like Gecko) Chrome/136.0.7103.113 Mobile Safari/537.36 (compatible; Googlebot/2.1; +http://www.google.com/bot.html)"
enterpriseautosalesinc.com.infinitibizsol.com:443 66.249.64.43 - - [10/Jun/2025:09:04:40 +0000] "GET /?2051903053.shtml HTTP/1.1" 200 465977 "-" "Mozilla/5.0 (Linux; Android 6.0.1; Nexus 5X Build/MMB29P) AppleWebKit/537.36 (KHTML, like Gecko) Chrome/136.0.7103.113 Mobile Safari/537.36 (compatible; Googlebot/2.1; +http://www.google.com/bot.html)"
enterpriseautosalesinc.com.infinitibizsol.com:443 66.249.64.43 - - [10/Jun/2025:09:04:48 +0000] "GET /?disorder/20521302522.shtml HTTP/1.1" 200 477122 "-" "Mozilla/5.0 (Linux; Android 6.0.1; Nexus 5X Build/MMB29P) AppleWebKit/537.36 (KHTML, like Gecko) Chrome/136.0.7103.113 Mobile Safari/537.36 (compatible; Googlebot/2.1; +http://www.google.com/bot.html)"
enterpriseautosalesinc.com.infinitibizsol.com:443 66.249.64.44 - - [10/Jun/2025:09:04:55 +0000] "GET /?rheumatoid/good/20552854828.shtml HTTP/1.1" 200 463419 "-" "Mozilla/5.0 (Linux; Android 6.0.1; Nexus 5X Build/MMB29P) AppleWebKit/537.36 (KHTML, like Gecko) Chrome/136.0.7103.113 Mobile Safari/537.36 (compatible; Googlebot/2.1; +http://www.google.com/bot.html)"
enterpriseautosalesinc.com.infinitibizsol.com:443 66.249.64.41 - - [10/Jun/2025:09:05:01 +0000] "GET /?exits/product/20563434977.shtml HTTP/1.1" 200 462165 "-" "Mozilla/5.0 (Linux; Android 6.0.1; Nexus 5X Build/MMB29P) AppleWebKit/537.36 (KHTML, like Gecko) Chrome/136.0.7103.113 Mobile Safari/537.36 (compatible; Googlebot/2.1; +http://www.google.com/bot.html)"
enterpriseautosalesinc.com.infinitibizsol.com:443 66.249.64.42 - - [10/Jun/2025:09:05:09 +0000] "GET /?yorker/item/20532276470.shtml HTTP/1.1" 200 468505 "-" "Mozilla/5.0 (Linux; Android 6.0.1; Nexus 5X Build/MMB29P) AppleWebKit/537.36 (KHTML, like Gecko) Chrome/136.0.7103.113 Mobile Safari/537.36 (compatible; Googlebot/2.1; +http://www.google.com/bot.html)"
enterpriseautosalesinc.com.infinitibizsol.com:443 20.171.207.108 - - [10/Jun/2025:09:05:14 +0000] "GET /pension/grandchild87/efbtt-19548/ HTTP/1.1" 500 5 "-" "Mozilla/5.0 AppleWebKit/537.36 (KHTML, like Gecko; compatible; GPTBot/1.2; +https://openai.com/gptbot)"
enterpriseautosalesinc.com.infinitibizsol.com:443 66.249.64.41 - - [10/Jun/2025:09:05:16 +0000] "GET /?pdf/products/20542438332.shtml HTTP/1.1" 200 468574 "-" "Mozilla/5.0 (Linux; Android 6.0.1; Nexus 5X Build/MMB29P) AppleWebKit/537.36 (KHTML, like Gecko) Chrome/136.0.7103.113 Mobile Safari/537.36 (compatible; Googlebot/2.1; +http://www.google.com/bot.html)"
enterpriseautosalesinc.com.infinitibizsol.com:443 66.249.70.128 - - [10/Jun/2025:09:05:49 +0000] "GET /?au/item/20521698807.shtml HTTP/1.1" 200 479909 "-" "Mozilla/5.0 (Linux; Android 6.0.1; Nexus 5X Build/MMB29P) AppleWebKit/537.36 (KHTML, like Gecko) Chrome/136.0.7103.113 Mobile Safari/537.36 (compatible; Googlebot/2.1; +http://www.google.com/bot.html)"
enterpriseautosalesinc.com.infinitibizsol.com:443 20.171.207.108 - - [10/Jun/2025:09:06:17 +0000] "GET /jurisdiction/reply235/avfmi-8432/ HTTP/1.1" 500 0 "-" "Mozilla/5.0 AppleWebKit/537.36 (KHTML, like Gecko; compatible; GPTBot/1.2; +https://openai.com/gptbot)"
enterpriseautosalesinc.com.infinitibizsol.com:443 20.171.207.108 - - [10/Jun/2025:09:07:20 +0000] "GET /different/republican90/ox7v3-725/ HTTP/1.1" 500 5 "-" "Mozilla/5.0 AppleWebKit/537.36 (KHTML, like Gecko; compatible; GPTBot/1.2; +https://openai.com/gptbot)"
enterpriseautosalesinc.com.infinitibizsol.com:443 20.171.207.108 - - [10/Jun/2025:09:08:24 +0000] "GET /announcement/justify41/7pv1w-25678/ HTTP/1.1" 500 5 "-" "Mozilla/5.0 AppleWebKit/537.36 (KHTML, like Gecko; compatible; GPTBot/1.2; +https://openai.com/gptbot)"
enterpriseautosalesinc.com.infinitibizsol.com:443 20.171.207.108 - - [10/Jun/2025:09:09:29 +0000] "GET /game/legislative142/cyu0s-28879/ HTTP/1.1" 500 5 "-" "Mozilla/5.0 AppleWebKit/537.36 (KHTML, like Gecko; compatible; GPTBot/1.2; +https://openai.com/gptbot)"
enterpriseautosalesinc.com.infinitibizsol.com:443 66.249.64.42 - - [10/Jun/2025:09:10:29 +0000] "GET /?2049203240.shtml HTTP/1.1" 200 469588 "-" "Mozilla/5.0 (Linux; Android 6.0.1; Nexus 5X Build/MMB29P) AppleWebKit/537.36 (KHTML, like Gecko) Chrome/136.0.7103.113 Mobile Safari/537.36 (compatible; Googlebot/2.1; +http://www.google.com/bot.html)"
enterpriseautosalesinc.com.infinitibizsol.com:443 20.171.207.108 - - [10/Jun/2025:09:10:33 +0000] "GET /send/descend23/oulmf-35540/ HTTP/1.1" 500 5 "-" "Mozilla/5.0 AppleWebKit/537.36 (KHTML, like Gecko; compatible; GPTBot/1.2; +https://openai.com/gptbot)"
enterpriseautosalesinc.com.infinitibizsol.com:443 66.249.64.42 - - [10/Jun/2025:09:10:35 +0000] "GET /?20563455126.shtml HTTP/1.1" 200 466226 "-" "Mozilla/5.0 (Linux; Android 6.0.1; Nexus 5X Build/MMB29P) AppleWebKit/537.36 (KHTML, like Gecko) Chrome/136.0.7103.113 Mobile Safari/537.36 (compatible; Googlebot/2.1; +http://www.google.com/bot.html)"
enterpriseautosalesinc.com.infinitibizsol.com:443 66.249.64.41 - - [10/Jun/2025:09:10:40 +0000] "GET /?20531958186.shtml HTTP/1.1" 200 464571 "-" "Mozilla/5.0 (Linux; Android 6.0.1; Nexus 5X Build/MMB29P) AppleWebKit/537.36 (KHTML, like Gecko) Chrome/136.0.7103.113 Mobile Safari/537.36 (compatible; Googlebot/2.1; +http://www.google.com/bot.html)"
enterpriseautosalesinc.com.infinitibizsol.com:443 66.249.64.42 - - [10/Jun/2025:09:10:48 +0000] "GET /?castro/20574109763.shtml HTTP/1.1" 200 462450 "-" "Mozilla/5.0 (Linux; Android 6.0.1; Nexus 5X Build/MMB29P) AppleWebKit/537.36 (KHTML, like Gecko) Chrome/136.0.7103.113 Mobile Safari/537.36 (compatible; Googlebot/2.1; +http://www.google.com/bot.html)"
enterpriseautosalesinc.com.infinitibizsol.com:443 66.249.64.41 - - [10/Jun/2025:09:10:52 +0000] "GET /?connected/2051860046.shtml HTTP/1.1" 200 457316 "-" "Mozilla/5.0 (Linux; Android 6.0.1; Nexus 5X Build/MMB29P) AppleWebKit/537.36 (KHTML, like Gecko) Chrome/136.0.7103.113 Mobile Safari/537.36 (compatible; Googlebot/2.1; +http://www.google.com/bot.html)"
enterpriseautosalesinc.com.infinitibizsol.com:443 66.249.64.42 - - [10/Jun/2025:09:11:00 +0000] "GET /?chair/20584139244.shtml HTTP/1.1" 200 466190 "-" "Mozilla/5.0 (Linux; Android 6.0.1; Nexus 5X Build/MMB29P) AppleWebKit/537.36 (KHTML, like Gecko) Chrome/136.0.7103.113 Mobile Safari/537.36 (compatible; Googlebot/2.1; +http://www.google.com/bot.html)"
enterpriseautosalesinc.com.infinitibizsol.com:443 66.249.64.41 - - [10/Jun/2025:09:11:08 +0000] "GET /?20532230403.shtml HTTP/1.1" 200 467807 "-" "Mozilla/5.0 (Linux; Android 6.0.1; Nexus 5X Build/MMB29P) AppleWebKit/537.36 (KHTML, like Gecko) Chrome/136.0.7103.113 Mobile Safari/537.36 (compatible; Googlebot/2.1; +http://www.google.com/bot.html)"
enterpriseautosalesinc.com.infinitibizsol.com:443 66.249.64.41 - - [10/Jun/2025:09:11:13 +0000] "GET /?xu/item/20542555320.shtml HTTP/1.1" 200 464986 "-" "Mozilla/5.0 (Linux; Android 6.0.1; Nexus 5X Build/MMB29P) AppleWebKit/537.36 (KHTML, like Gecko) Chrome/136.0.7103.113 Mobile Safari/537.36 (compatible; Googlebot/2.1; +http://www.google.com/bot.html)"
enterpriseautosalesinc.com.infinitibizsol.com:443 66.249.64.42 - - [10/Jun/2025:09:11:20 +0000] "GET /?character/item/20511138840.shtml HTTP/1.1" 200 462832 "-" "Mozilla/5.0 (Linux; Android 6.0.1; Nexus 5X Build/MMB29P) AppleWebKit/537.36 (KHTML, like Gecko) Chrome/136.0.7103.113 Mobile Safari/537.36 (compatible; Googlebot/2.1; +http://www.google.com/bot.html)"
enterpriseautosalesinc.com.infinitibizsol.com:443 66.249.64.41 - - [10/Jun/2025:09:11:29 +0000] "GET /?lac/products/20573970762.shtml HTTP/1.1" 200 473481 "-" "Mozilla/5.0 (Linux; Android 6.0.1; Nexus 5X Build/MMB29P) AppleWebKit/537.36 (KHTML, like Gecko) Chrome/136.0.7103.113 Mobile Safari/537.36 (compatible; Googlebot/2.1; +http://www.google.com/bot.html)"
enterpriseautosalesinc.com.infinitibizsol.com:443 66.249.64.41 - - [10/Jun/2025:09:11:34 +0000] "GET /?krishna/item/20532115850.shtml HTTP/1.1" 200 464299 "-" "Mozilla/5.0 (Linux; Android 6.0.1; Nexus 5X Build/MMB29P) AppleWebKit/537.36 (KHTML, like Gecko) Chrome/136.0.7103.113 Mobile Safari/537.36 (compatible; Googlebot/2.1; +http://www.google.com/bot.html)"
enterpriseautosalesinc.com.infinitibizsol.com:443 66.249.64.41 - - [10/Jun/2025:09:11:35 +0000] "GET /?utensils/20532115345.shtml HTTP/1.1" 200 461407 "-" "Mozilla/5.0 (Linux; Android 6.0.1; Nexus 5X Build/MMB29P) AppleWebKit/537.36 (KHTML, like Gecko) Chrome/136.0.7103.113 Mobile Safari/537.36 (compatible; Googlebot/2.1; +http://www.google.com/bot.html)"
enterpriseautosalesinc.com.infinitibizsol.com:443 20.171.207.108 - - [10/Jun/2025:09:11:36 +0000] "GET /stem/minister59/g9ctk-1806/ HTTP/1.1" 500 5 "-" "Mozilla/5.0 AppleWebKit/537.36 (KHTML, like Gecko; compatible; GPTBot/1.2; +https://openai.com/gptbot)"
enterpriseautosalesinc.com.infinitibizsol.com:443 66.249.64.41 - - [10/Jun/2025:09:11:43 +0000] "GET /?20521479884.shtml HTTP/1.1" 200 497591 "-" "Mozilla/5.0 (Linux; Android 6.0.1; Nexus 5X Build/MMB29P) AppleWebKit/537.36 (KHTML, like Gecko) Chrome/136.0.7103.113 Mobile Safari/537.36 (compatible; Googlebot/2.1; +http://www.google.com/bot.html)"
enterpriseautosalesinc.com.infinitibizsol.com:443 66.249.64.42 - - [10/Jun/2025:09:11:48 +0000] "GET /?jacksonville/good/20574082848.shtml HTTP/1.1" 200 455917 "-" "Mozilla/5.0 (Linux; Android 6.0.1; Nexus 5X Build/MMB29P) AppleWebKit/537.36 (KHTML, like Gecko) Chrome/136.0.7103.113 Mobile Safari/537.36 (compatible; Googlebot/2.1; +http://www.google.com/bot.html)"
enterpriseautosalesinc.com.infinitibizsol.com:443 66.249.64.44 - - [10/Jun/2025:09:11:57 +0000] "GET /?ymca/20563593730.shtml HTTP/1.1" 200 463870 "-" "Mozilla/5.0 (Linux; Android 6.0.1; Nexus 5X Build/MMB29P) AppleWebKit/537.36 (KHTML, like Gecko) Chrome/136.0.7103.113 Mobile Safari/537.36 (compatible; Googlebot/2.1; +http://www.google.com/bot.html)"
enterpriseautosalesinc.com.infinitibizsol.com:443 66.249.64.44 - - [10/Jun/2025:09:12:01 +0000] "GET /?contacting/20521206090.shtml HTTP/1.1" 200 465314 "-" "Mozilla/5.0 (Linux; Android 6.0.1; Nexus 5X Build/MMB29P) AppleWebKit/537.36 (KHTML, like Gecko) Chrome/136.0.7103.113 Mobile Safari/537.36 (compatible; Googlebot/2.1; +http://www.google.com/bot.html)"
enterpriseautosalesinc.com.infinitibizsol.com:443 69.197.182.50 - - [10/Jun/2025:09:12:06 +0000] "GET /wp-content/admin.php HTTP/1.1" 200 16 "https://enterpriseautosalesinc.com/wp-content/admin.php" "Mozilla/5.0 (Windows NT 10.0; Win64; x64) AppleWebKit/537.36 (KHTML, like Gecko) Chrome/58.0.3029.110 Safari/537.3"
enterpriseautosalesinc.com.infinitibizsol.com:443 66.249.64.42 - - [10/Jun/2025:09:12:08 +0000] "GET /?performs/20511046040.shtml HTTP/1.1" 200 459657 "-" "Mozilla/5.0 (Linux; Android 6.0.1; Nexus 5X Build/MMB29P) AppleWebKit/537.36 (KHTML, like Gecko) Chrome/136.0.7103.113 Mobile Safari/537.36 (compatible; Googlebot/2.1; +http://www.google.com/bot.html)"
enterpriseautosalesinc.com.infinitibizsol.com:443 66.249.64.42 - - [10/Jun/2025:09:12:13 +0000] "GET /?wi/product/20532059597.shtml HTTP/1.1" 200 463201 "-" "Mozilla/5.0 (Linux; Android 6.0.1; Nexus 5X Build/MMB29P) AppleWebKit/537.36 (KHTML, like Gecko) Chrome/136.0.7103.113 Mobile Safari/537.36 (compatible; Googlebot/2.1; +http://www.google.com/bot.html)"
enterpriseautosalesinc.com.infinitibizsol.com:443 66.249.64.41 - - [10/Jun/2025:09:12:21 +0000] "GET /?weapon/20584503555.shtml HTTP/1.1" 200 463869 "-" "Mozilla/5.0 (Linux; Android 6.0.1; Nexus 5X Build/MMB29P) AppleWebKit/537.36 (KHTML, like Gecko) Chrome/136.0.7103.113 Mobile Safari/537.36 (compatible; Googlebot/2.1; +http://www.google.com/bot.html)"
enterpriseautosalesinc.com.infinitibizsol.com:443 66.249.64.42 - - [10/Jun/2025:09:12:29 +0000] "GET /?delicious/20521224879.shtml HTTP/1.1" 200 457094 "-" "Mozilla/5.0 (Linux; Android 6.0.1; Nexus 5X Build/MMB29P) AppleWebKit/537.36 (KHTML, like Gecko) Chrome/136.0.7103.113 Mobile Safari/537.36 (compatible; Googlebot/2.1; +http://www.google.com/bot.html)"
enterpriseautosalesinc.com.infinitibizsol.com:443 66.249.64.41 - - [10/Jun/2025:09:12:35 +0000] "GET /?nous/2050253569.shtml HTTP/1.1" 200 464865 "-" "Mozilla/5.0 (Linux; Android 6.0.1; Nexus 5X Build/MMB29P) AppleWebKit/537.36 (KHTML, like Gecko) Chrome/136.0.7103.113 Mobile Safari/537.36 (compatible; Googlebot/2.1; +http://www.google.com/bot.html)"
enterpriseautosalesinc.com.infinitibizsol.com:443 20.171.207.108 - - [10/Jun/2025:09:12:36 +0000] "GET /elect/direct77/ifswy-21260/ HTTP/1.1" 500 5 "-" "Mozilla/5.0 AppleWebKit/537.36 (KHTML, like Gecko; compatible; GPTBot/1.2; +https://openai.com/gptbot)"
enterpriseautosalesinc.com.infinitibizsol.com:443 66.249.64.43 - - [10/Jun/2025:09:12:44 +0000] "GET /?minors/20542350299.shtml HTTP/1.1" 200 459518 "-" "Mozilla/5.0 (Linux; Android 6.0.1; Nexus 5X Build/MMB29P) AppleWebKit/537.36 (KHTML, like Gecko) Chrome/136.0.7103.113 Mobile Safari/537.36 (compatible; Googlebot/2.1; +http://www.google.com/bot.html)"
enterpriseautosalesinc.com.infinitibizsol.com:443 20.171.207.108 - - [10/Jun/2025:09:13:42 +0000] "GET /ever/overcome41/qt2ql-4604/ HTTP/1.1" 500 0 "-" "Mozilla/5.0 AppleWebKit/537.36 (KHTML, like Gecko; compatible; GPTBot/1.2; +https://openai.com/gptbot)"
enterpriseautosalesinc.com.infinitibizsol.com:443 20.171.207.108 - - [10/Jun/2025:09:14:46 +0000] "GET /twist/consist5/xvj4q-32430/ HTTP/1.1" 500 5 "-" "Mozilla/5.0 AppleWebKit/537.36 (KHTML, like Gecko; compatible; GPTBot/1.2; +https://openai.com/gptbot)"
enterpriseautosalesinc.com.infinitibizsol.com:443 208.110.64.178 - - [10/Jun/2025:09:15:11 +0000] "GET /wp-content/admin.php HTTP/1.1" 200 16 "https://enterpriseautosalesinc.com/wp-content/admin.php" "Mozilla/5.0 (Windows NT 10.0; Win64; x64) AppleWebKit/537.36 (KHTML, like Gecko) Chrome/58.0.3029.110 Safari/537.3"
enterpriseautosalesinc.com.infinitibizsol.com:443 20.171.207.108 - - [10/Jun/2025:09:15:48 +0000] "GET /distinctive/recipient187/8sabz-42268/ HTTP/1.1" 500 5 "-" "Mozilla/5.0 AppleWebKit/537.36 (KHTML, like Gecko; compatible; GPTBot/1.2; +https://openai.com/gptbot)"
enterpriseautosalesinc.com.infinitibizsol.com:443 20.171.207.108 - - [10/Jun/2025:09:16:51 +0000] "GET /enormous/successfully228/ay4ao-21715/ HTTP/1.1" 500 5 "-" "Mozilla/5.0 AppleWebKit/537.36 (KHTML, like Gecko; compatible; GPTBot/1.2; +https://openai.com/gptbot)"
