mediaeclips.infinitibizsol.com:80 101.42.117.179 - - [12/Jun/2025:23:21:51 +0000] "GET / HTTP/1.1" 404 5 "-" "Mozilla/5.0 (iPhone; CPU iPhone OS 13_2_3 like Mac OS X) AppleWebKit/605.1.15 (KHTML, like Gecko) Version/13.0.3 Mobile/15E148 Safari/604.1"
mediaeclips.infinitibizsol.com:443 162.0.223.40 - - [12/Jun/2025:23:21:53 +0000] "POST /wp-cron.php?doing_wp_cron=1749770512.0152499675750732421875 HTTP/1.1" 499 0 "-" "WordPress/6.5.5; https://mediaeclips.com"
mediaeclips.infinitibizsol.com:443 51.222.253.12 - - [12/Jun/2025:23:21:53 +0000] "GET /services/feed/ HTTP/1.1" 304 0 "-" "Mozilla/5.0 (compatible; AhrefsBot/7.0; +http://ahrefs.com/robot/)"
mediaeclips.infinitibizsol.com:443 162.0.223.40 - - [12/Jun/2025:23:31:31 +0000] "POST /wp-cron.php?doing_wp_cron=1749771090.1057751178741455078125 HTTP/1.1" 499 0 "-" "WordPress/6.5.5; https://mediaeclips.com"
mediaeclips.infinitibizsol.com:443 51.222.253.9 - - [12/Jun/2025:23:31:31 +0000] "GET /tag/what-is-seo/feed/ HTTP/1.1" 304 0 "-" "Mozilla/5.0 (compatible; AhrefsBot/7.0; +http://ahrefs.com/robot/)"
mediaeclips.infinitibizsol.com:443 66.249.64.131 - - [12/Jun/2025:23:32:05 +0000] "GET /shopdetail/62656839 HTTP/1.1" 404 5 "-" "Mozilla/5.0 (Linux; Android 6.0.1; Nexus 5X Build/MMB29P) AppleWebKit/537.36 (KHTML, like Gecko) Chrome/136.0.7103.113 Mobile Safari/537.36 (compatible; Googlebot/2.1; +http://www.google.com/bot.html)"
mediaeclips.infinitibizsol.com:80 5.161.250.15 - - [12/Jun/2025:23:35:07 +0000] "POST /wp-load.php?fa869a=45953 HTTP/1.1" 200 1748 "-" "Mozilla/5.0 (Windows NT 10.0; Win64; x64) AppleWebKit/537.36 (KHTML, like Gecko) Chrome/104.0.5112.97 Safari/537.36"
mediaeclips.infinitibizsol.com:443 162.0.223.40 - - [12/Jun/2025:23:40:48 +0000] "POST /wp-cron.php?doing_wp_cron=1749771647.7768740653991699218750 HTTP/1.1" 499 0 "-" "WordPress/6.5.5; https://mediaeclips.com"
mediaeclips.infinitibizsol.com:443 51.222.253.9 - - [12/Jun/2025:23:40:48 +0000] "GET /author/admin/feed/ HTTP/1.1" 304 0 "-" "Mozilla/5.0 (compatible; AhrefsBot/7.0; +http://ahrefs.com/robot/)"
mediaeclips.infinitibizsol.com:443 162.0.223.40 - - [12/Jun/2025:23:46:23 +0000] "POST /wp-cron.php?doing_wp_cron=1749771982.7336380481719970703125 HTTP/1.1" 499 0 "-" "WordPress/6.5.5; https://mediaeclips.com"
mediaeclips.infinitibizsol.com:443 66.249.64.128 - - [12/Jun/2025:23:46:23 +0000] "GET /shopdetail/150258039 HTTP/1.1" 404 5 "-" "Mozilla/5.0 (Linux; Android 6.0.1; Nexus 5X Build/MMB29P) AppleWebKit/537.36 (KHTML, like Gecko) Chrome/136.0.7103.113 Mobile Safari/537.36 (compatible; Googlebot/2.1; +http://www.google.com/bot.html)"
mediaeclips.infinitibizsol.com:80 139.180.180.168 - - [12/Jun/2025:23:50:15 +0000] "POST /wp-load.php?ac6869=63990 HTTP/1.1" 200 1748 "-" "Mozilla/5.0 (Windows NT 10.0; Win64; x64) AppleWebKit/537.36 (KHTML, like Gecko) Chrome/104.0.5112.97 Safari/537.36"
mediaeclips.infinitibizsol.com:443 162.0.223.40 - - [12/Jun/2025:23:51:13 +0000] "POST /wp-cron.php?doing_wp_cron=1749772272.1899750232696533203125 HTTP/1.1" 499 0 "-" "WordPress/6.5.5; https://mediaeclips.com"
mediaeclips.infinitibizsol.com:443 51.222.253.6 - - [12/Jun/2025:23:51:13 +0000] "GET /tag/use-of-ai-for-seo/feed/ HTTP/1.1" 304 0 "-" "Mozilla/5.0 (compatible; AhrefsBot/7.0; +http://ahrefs.com/robot/)"
mediaeclips.infinitibizsol.com:443 162.0.223.40 - - [13/Jun/2025:00:02:31 +0000] "POST /wp-cron.php?doing_wp_cron=1749772950.6317501068115234375000 HTTP/1.1" 499 0 "-" "WordPress/6.5.5; https://mediaeclips.com"
mediaeclips.infinitibizsol.com:443 51.222.253.15 - - [13/Jun/2025:00:02:31 +0000] "GET /tag/local-seo-plano/feed/ HTTP/1.1" 304 0 "-" "Mozilla/5.0 (compatible; AhrefsBot/7.0; +http://ahrefs.com/robot/)"
mediaeclips.infinitibizsol.com:80 178.156.128.204 - - [13/Jun/2025:00:05:15 +0000] "POST /wp-load.php?2f9116=44742 HTTP/1.1" 200 1748 "-" "Mozilla/5.0 (Windows NT 10.0; Win64; x64) AppleWebKit/537.36 (KHTML, like Gecko) Chrome/104.0.5112.97 Safari/537.36"
mediaeclips.infinitibizsol.com:443 162.0.223.40 - - [13/Jun/2025:00:11:15 +0000] "POST /wp-cron.php?doing_wp_cron=1749773474.3187649250030517578125 HTTP/1.1" 499 0 "-" "WordPress/6.5.5; https://mediaeclips.com"
mediaeclips.infinitibizsol.com:443 57.141.4.2 - - [13/Jun/2025:00:11:15 +0000] "GET /sitemap.xml HTTP/1.1" 404 5 "-" "meta-externalagent/1.1 (+https://developers.facebook.com/docs/sharing/webmasters/crawler)"
mediaeclips.infinitibizsol.com:443 162.0.223.40 - - [13/Jun/2025:00:14:48 +0000] "POST /wp-cron.php?doing_wp_cron=1749773687.0497310161590576171875 HTTP/1.1" 499 0 "-" "WordPress/6.5.5; https://mediaeclips.com"
mediaeclips.infinitibizsol.com:443 57.141.4.23 - - [13/Jun/2025:00:14:48 +0000] "GET /tag/popular-seo-trends/ HTTP/1.1" 404 47904 "-" "meta-externalagent/1.1 (+https://developers.facebook.com/docs/sharing/webmasters/crawler)"
mediaeclips.infinitibizsol.com:443 51.222.253.14 - - [13/Jun/2025:00:15:07 +0000] "GET /tag/key-components-of-it-services/feed/ HTTP/1.1" 304 0 "-" "Mozilla/5.0 (compatible; AhrefsBot/7.0; +http://ahrefs.com/robot/)"
mediaeclips.infinitibizsol.com:80 139.180.180.168 - - [13/Jun/2025:00:20:17 +0000] "POST /wp-load.php?55e4a2=25694 HTTP/1.1" 200 1748 "-" "Mozilla/5.0 (Windows NT 10.0; Win64; x64) AppleWebKit/537.36 (KHTML, like Gecko) Chrome/104.0.5112.97 Safari/537.36"
mediaeclips.infinitibizsol.com:443 111.225.149.79 - - [13/Jun/2025:00:22:01 +0000] "GET / HTTP/1.1" 404 108420 "-" "Mozilla/5.0 (Linux; Android 5.0) AppleWebKit/537.36 (KHTML, like Gecko) Mobile Safari/537.36 (compatible; Bytespider; https://zhanzhang.toutiao.com/)"
mediaeclips.infinitibizsol.com:443 111.225.149.79 - - [13/Jun/2025:00:22:01 +0000] "GET /wp-content/plugins/contact-form-7/includes/css/styles.css?ver=5.9.4 HTTP/1.1" 200 2894 "https://mediaeclips.com/" "Mozilla/5.0 (Linux; Android 5.0) AppleWebKit/537.36 (KHTML, like Gecko) Mobile Safari/537.36 (compatible; Bytespider; https://zhanzhang.toutiao.com/)"
mediaeclips.infinitibizsol.com:443 111.225.149.79 - - [13/Jun/2025:00:22:01 +0000] "GET /wp-content/themes/ziptech/style.css?ver=2023-03-20 HTTP/1.1" 200 10974 "https://mediaeclips.com/" "Mozilla/5.0 (Linux; Android 5.0) AppleWebKit/537.36 (KHTML, like Gecko) Mobile Safari/537.36 (compatible; Bytespider; https://zhanzhang.toutiao.com/)"
mediaeclips.infinitibizsol.com:443 111.225.149.74 - - [13/Jun/2025:00:22:01 +0000] "GET /wp-content/themes/ziptech/css/responsive.css?ver=6.5.5 HTTP/1.1" 200 9773 "https://mediaeclips.com/" "Mozilla/5.0 (Linux; Android 5.0) AppleWebKit/537.36 (KHTML, like Gecko) Mobile Safari/537.36 (compatible; Bytespider; https://zhanzhang.toutiao.com/)"
mediaeclips.infinitibizsol.com:443 111.225.149.62 - - [13/Jun/2025:00:22:01 +0000] "GET /wp-content/themes/ziptech/css/style-dark.css?ver=6.5.5 HTTP/1.1" 200 4282 "https://mediaeclips.com/" "Mozilla/5.0 (Linux; Android 5.0) AppleWebKit/537.36 (KHTML, like Gecko) Mobile Safari/537.36 (compatible; Bytespider; https://zhanzhang.toutiao.com/)"
mediaeclips.infinitibizsol.com:443 111.225.149.79 - - [13/Jun/2025:00:22:02 +0000] "GET /wp-content/plugins/elementor/assets/lib/eicons/css/elementor-icons.min.css?ver=5.29.0 HTTP/1.1" 200 19778 "https://mediaeclips.com/" "Mozilla/5.0 (Linux; Android 5.0) AppleWebKit/537.36 (KHTML, like Gecko) Mobile Safari/537.36 (compatible; Bytespider; https://zhanzhang.toutiao.com/)"
mediaeclips.infinitibizsol.com:443 111.225.149.62 - - [13/Jun/2025:00:22:02 +0000] "GET /wp-content/plugins/tablepress/css/build/default.css?ver=2.3.1 HTTP/1.1" 200 6087 "https://mediaeclips.com/" "Mozilla/5.0 (Linux; Android 5.0) AppleWebKit/537.36 (KHTML, like Gecko) Mobile Safari/537.36 (compatible; Bytespider; https://zhanzhang.toutiao.com/)"
mediaeclips.infinitibizsol.com:443 111.225.149.66 - - [13/Jun/2025:00:22:02 +0000] "GET /wp-content/plugins/elementskit-lite/modules/elementskit-icon-pack/assets/css/ekiticons.css?ver=3.1.3 HTTP/1.1" 200 124837 "https://mediaeclips.com/" "Mozilla/5.0 (Linux; Android 5.0) AppleWebKit/537.36 (KHTML, like Gecko) Mobile Safari/537.36 (compatible; Bytespider; https://zhanzhang.toutiao.com/)"
mediaeclips.infinitibizsol.com:443 111.225.149.79 - - [13/Jun/2025:00:22:02 +0000] "GET /wp-content/uploads/elementor/css/global.css?ver=1715183195 HTTP/1.1" 200 46618 "https://mediaeclips.com/" "Mozilla/5.0 (Linux; Android 5.0) AppleWebKit/537.36 (KHTML, like Gecko) Mobile Safari/537.36 (compatible; Bytespider; https://zhanzhang.toutiao.com/)"
mediaeclips.infinitibizsol.com:443 111.225.149.78 - - [13/Jun/2025:00:22:02 +0000] "GET /wp-content/themes/ziptech/css/style.css?ver=6.5.5 HTTP/1.1" 200 256580 "https://mediaeclips.com/" "Mozilla/5.0 (Linux; Android 5.0) AppleWebKit/537.36 (KHTML, like Gecko) Mobile Safari/537.36 (compatible; Bytespider; https://zhanzhang.toutiao.com/)"
mediaeclips.infinitibizsol.com:443 111.225.149.74 - - [13/Jun/2025:00:22:02 +0000] "GET /wp-content/plugins/elementor/assets/css/frontend-lite.min.css?ver=3.21.5 HTTP/1.1" 200 118945 "https://mediaeclips.com/" "Mozilla/5.0 (Linux; Android 5.0) AppleWebKit/537.36 (KHTML, like Gecko) Mobile Safari/537.36 (compatible; Bytespider; https://zhanzhang.toutiao.com/)"
mediaeclips.infinitibizsol.com:443 111.225.149.62 - - [13/Jun/2025:00:22:02 +0000] "GET /wp-content/plugins/elementor-pro/assets/css/frontend-lite.min.css?ver=3.19.3 HTTP/1.1" 200 11053 "https://mediaeclips.com/" "Mozilla/5.0 (Linux; Android 5.0) AppleWebKit/537.36 (KHTML, like Gecko) Mobile Safari/537.36 (compatible; Bytespider; https://zhanzhang.toutiao.com/)"
mediaeclips.infinitibizsol.com:443 111.225.149.79 - - [13/Jun/2025:00:22:02 +0000] "GET /wp-content/uploads/elementor/css/post-9.css?ver=1715183195 HTTP/1.1" 200 1168 "https://mediaeclips.com/" "Mozilla/5.0 (Linux; Android 5.0) AppleWebKit/537.36 (KHTML, like Gecko) Mobile Safari/537.36 (compatible; Bytespider; https://zhanzhang.toutiao.com/)"
mediaeclips.infinitibizsol.com:443 111.225.149.62 - - [13/Jun/2025:00:22:02 +0000] "GET /wp-content/plugins/elementor/assets/lib/swiper/v8/css/swiper.min.css?ver=8.4.5 HTTP/1.1" 200 16471 "https://mediaeclips.com/" "Mozilla/5.0 (Linux; Android 5.0) AppleWebKit/537.36 (KHTML, like Gecko) Mobile Safari/537.36 (compatible; Bytespider; https://zhanzhang.toutiao.com/)"
mediaeclips.infinitibizsol.com:443 111.225.149.79 - - [13/Jun/2025:00:22:02 +0000] "GET /wp-content/plugins/elementskit-lite/widgets/init/assets/css/widget-styles.css?ver=3.1.3 HTTP/1.1" 200 445845 "https://mediaeclips.com/" "Mozilla/5.0 (Linux; Android 5.0) AppleWebKit/537.36 (KHTML, like Gecko) Mobile Safari/537.36 (compatible; Bytespider; https://zhanzhang.toutiao.com/)"
mediaeclips.infinitibizsol.com:443 111.225.149.66 - - [13/Jun/2025:00:22:02 +0000] "GET /wp-content/uploads/elementor/css/post-107.css?ver=1715800560 HTTP/1.1" 200 30721 "https://mediaeclips.com/" "Mozilla/5.0 (Linux; Android 5.0) AppleWebKit/537.36 (KHTML, like Gecko) Mobile Safari/537.36 (compatible; Bytespider; https://zhanzhang.toutiao.com/)"
mediaeclips.infinitibizsol.com:443 111.225.149.74 - - [13/Jun/2025:00:22:02 +0000] "GET /wp-content/plugins/essential-addons-for-elementor-lite/assets/front-end/css/view/general.min.css?ver=5.9.21 HTTP/1.1" 200 3829 "https://mediaeclips.com/" "Mozilla/5.0 (Linux; Android 5.0) AppleWebKit/537.36 (KHTML, like Gecko) Mobile Safari/537.36 (compatible; Bytespider; https://zhanzhang.toutiao.com/)"
mediaeclips.infinitibizsol.com:443 111.225.149.62 - - [13/Jun/2025:00:22:02 +0000] "GET /wp-content/plugins/elementskit-lite/widgets/init/assets/css/responsive.css?ver=3.1.3 HTTP/1.1" 200 30299 "https://mediaeclips.com/" "Mozilla/5.0 (Linux; Android 5.0) AppleWebKit/537.36 (KHTML, like Gecko) Mobile Safari/537.36 (compatible; Bytespider; https://zhanzhang.toutiao.com/)"
mediaeclips.infinitibizsol.com:443 111.225.149.78 - - [13/Jun/2025:00:22:03 +0000] "GET /wp-content/plugins/elementor/assets/lib/font-awesome/css/solid.min.css?ver=5.15.3 HTTP/1.1" 200 669 "https://mediaeclips.com/" "Mozilla/5.0 (Linux; Android 5.0) AppleWebKit/537.36 (KHTML, like Gecko) Mobile Safari/537.36 (compatible; Bytespider; https://zhanzhang.toutiao.com/)"
mediaeclips.infinitibizsol.com:443 111.225.149.66 - - [13/Jun/2025:00:22:03 +0000] "GET /wp-content/plugins/elementor/assets/lib/font-awesome/css/fontawesome.min.css?ver=5.15.3 HTTP/1.1" 200 58071 "https://mediaeclips.com/" "Mozilla/5.0 (Linux; Android 5.0) AppleWebKit/537.36 (KHTML, like Gecko) Mobile Safari/537.36 (compatible; Bytespider; https://zhanzhang.toutiao.com/)"
mediaeclips.infinitibizsol.com:443 111.225.149.74 - - [13/Jun/2025:00:22:03 +0000] "GET /wp-includes/js/jquery/jquery.min.js?ver=3.7.1 HTTP/1.1" 200 87553 "https://mediaeclips.com/" "Mozilla/5.0 (Linux; Android 5.0) AppleWebKit/537.36 (KHTML, like Gecko) Mobile Safari/537.36 (compatible; Bytespider; https://zhanzhang.toutiao.com/)"
mediaeclips.infinitibizsol.com:443 111.225.149.62 - - [13/Jun/2025:00:22:03 +0000] "GET /wp-content/uploads/2024/05/imgpsh_fullsize_anim__6_-removebg-preview.webp HTTP/1.1" 206 500 "https://mediaeclips.com/" "Mozilla/5.0 (Linux; Android 5.0) AppleWebKit/537.36 (KHTML, like Gecko) Mobile Safari/537.36 (compatible; Bytespider; https://zhanzhang.toutiao.com/)"
mediaeclips.infinitibizsol.com:443 111.225.149.78 - - [13/Jun/2025:00:22:03 +0000] "GET /wp-includes/js/jquery/jquery-migrate.min.js?ver=3.4.1 HTTP/1.1" 200 13577 "https://mediaeclips.com/" "Mozilla/5.0 (Linux; Android 5.0) AppleWebKit/537.36 (KHTML, like Gecko) Mobile Safari/537.36 (compatible; Bytespider; https://zhanzhang.toutiao.com/)"
mediaeclips.infinitibizsol.com:443 162.0.223.40 - - [13/Jun/2025:00:22:07 +0000] "POST /wp-cron.php?doing_wp_cron=1749774126.0652909278869628906250 HTTP/1.1" 499 0 "-" "WordPress/6.5.5; https://mediaeclips.com"
mediaeclips.infinitibizsol.com:443 111.225.149.66 - - [13/Jun/2025:00:22:07 +0000] "GET /wp-content/themes/ziptech/framework/color.php?ver=6.5.5 HTTP/1.1" 404 5 "https://mediaeclips.com/" "Mozilla/5.0 (Linux; Android 5.0) AppleWebKit/537.36 (KHTML, like Gecko) Mobile Safari/537.36 (compatible; Bytespider; https://zhanzhang.toutiao.com/)"
mediaeclips.infinitibizsol.com:443 111.225.149.78 - - [13/Jun/2025:00:22:16 +0000] "GET /wp-content/themes/ziptech/css/bootstrap.min.css HTTP/1.1" 200 155845 "https://mediaeclips.com/wp-content/themes/ziptech/css/style.css?ver=6.5.5" "Mozilla/5.0 (Linux; Android 5.0) AppleWebKit/537.36 (KHTML, like Gecko) Mobile Safari/537.36 (compatible; Bytespider; https://zhanzhang.toutiao.com/)"
mediaeclips.infinitibizsol.com:443 111.225.149.66 - - [13/Jun/2025:00:22:16 +0000] "GET /wp-content/plugins/contact-form-7/includes/swv/js/index.js?ver=5.9.4 HTTP/1.1" 200 11513 "https://mediaeclips.com/" "Mozilla/5.0 (Linux; Android 5.0) AppleWebKit/537.36 (KHTML, like Gecko) Mobile Safari/537.36 (compatible; Bytespider; https://zhanzhang.toutiao.com/)"
mediaeclips.infinitibizsol.com:443 111.225.149.79 - - [13/Jun/2025:00:22:16 +0000] "GET /wp-content/themes/ziptech/fonts/webexbaseicon/style.css HTTP/1.1" 200 28784 "https://mediaeclips.com/wp-content/themes/ziptech/css/style.css?ver=6.5.5" "Mozilla/5.0 (Linux; Android 5.0) AppleWebKit/537.36 (KHTML, like Gecko) Mobile Safari/537.36 (compatible; Bytespider; https://zhanzhang.toutiao.com/)"
mediaeclips.infinitibizsol.com:443 111.225.149.66 - - [13/Jun/2025:00:22:16 +0000] "GET /wp-content/themes/ziptech/css/twentytwenty.css HTTP/1.1" 200 6537 "https://mediaeclips.com/wp-content/themes/ziptech/css/style.css?ver=6.5.5" "Mozilla/5.0 (Linux; Android 5.0) AppleWebKit/537.36 (KHTML, like Gecko) Mobile Safari/537.36 (compatible; Bytespider; https://zhanzhang.toutiao.com/)"
mediaeclips.infinitibizsol.com:443 111.225.149.62 - - [13/Jun/2025:00:22:16 +0000] "GET /wp-content/themes/ziptech/css/nice-select.css HTTP/1.1" 200 4007 "https://mediaeclips.com/wp-content/themes/ziptech/css/style.css?ver=6.5.5" "Mozilla/5.0 (Linux; Android 5.0) AppleWebKit/537.36 (KHTML, like Gecko) Mobile Safari/537.36 (compatible; Bytespider; https://zhanzhang.toutiao.com/)"
mediaeclips.infinitibizsol.com:443 111.225.149.74 - - [13/Jun/2025:00:22:16 +0000] "GET /wp-content/themes/ziptech/fonts/webexthemeicon/style.css HTTP/1.1" 200 7008 "https://mediaeclips.com/wp-content/themes/ziptech/css/style.css?ver=6.5.5" "Mozilla/5.0 (Linux; Android 5.0) AppleWebKit/537.36 (KHTML, like Gecko) Mobile Safari/537.36 (compatible; Bytespider; https://zhanzhang.toutiao.com/)"
mediaeclips.infinitibizsol.com:443 111.225.149.66 - - [13/Jun/2025:00:22:17 +0000] "GET /wp-content/themes/ziptech/fonts/fontawesome/css/all.css HTTP/1.1" 200 72670 "https://mediaeclips.com/wp-content/themes/ziptech/css/style.css?ver=6.5.5" "Mozilla/5.0 (Linux; Android 5.0) AppleWebKit/537.36 (KHTML, like Gecko) Mobile Safari/537.36 (compatible; Bytespider; https://zhanzhang.toutiao.com/)"
mediaeclips.infinitibizsol.com:443 111.225.149.62 - - [13/Jun/2025:00:22:17 +0000] "GET /wp-content/themes/ziptech/css/magnific-popup.css HTTP/1.1" 200 6951 "https://mediaeclips.com/wp-content/themes/ziptech/css/style.css?ver=6.5.5" "Mozilla/5.0 (Linux; Android 5.0) AppleWebKit/537.36 (KHTML, like Gecko) Mobile Safari/537.36 (compatible; Bytespider; https://zhanzhang.toutiao.com/)"
mediaeclips.infinitibizsol.com:443 111.225.149.66 - - [13/Jun/2025:00:22:17 +0000] "GET /wp-content/themes/ziptech/css/kursor.css HTTP/1.1" 200 6346 "https://mediaeclips.com/wp-content/themes/ziptech/css/style.css?ver=6.5.5" "Mozilla/5.0 (Linux; Android 5.0) AppleWebKit/537.36 (KHTML, like Gecko) Mobile Safari/537.36 (compatible; Bytespider; https://zhanzhang.toutiao.com/)"
mediaeclips.infinitibizsol.com:443 111.225.149.74 - - [13/Jun/2025:00:22:17 +0000] "GET /wp-content/themes/ziptech/css/custom-animation.css HTTP/1.1" 200 9217 "https://mediaeclips.com/wp-content/themes/ziptech/css/style.css?ver=6.5.5" "Mozilla/5.0 (Linux; Android 5.0) AppleWebKit/537.36 (KHTML, like Gecko) Mobile Safari/537.36 (compatible; Bytespider; https://zhanzhang.toutiao.com/)"
mediaeclips.infinitibizsol.com:443 111.225.149.79 - - [13/Jun/2025:00:22:17 +0000] "GET /wp-content/themes/ziptech/css/animate.css HTTP/1.1" 200 80426 "https://mediaeclips.com/wp-content/themes/ziptech/css/style.css?ver=6.5.5" "Mozilla/5.0 (Linux; Android 5.0) AppleWebKit/537.36 (KHTML, like Gecko) Mobile Safari/537.36 (compatible; Bytespider; https://zhanzhang.toutiao.com/)"
mediaeclips.infinitibizsol.com:443 111.225.149.62 - - [13/Jun/2025:00:22:17 +0000] "GET /wp-content/themes/ziptech/css/owl.carousel.min.css HTTP/1.1" 200 3356 "https://mediaeclips.com/wp-content/themes/ziptech/css/style.css?ver=6.5.5" "Mozilla/5.0 (Linux; Android 5.0) AppleWebKit/537.36 (KHTML, like Gecko) Mobile Safari/537.36 (compatible; Bytespider; https://zhanzhang.toutiao.com/)"
mediaeclips.infinitibizsol.com:443 111.225.149.79 - - [13/Jun/2025:00:22:17 +0000] "GET /wp-content/plugins/contact-form-7/includes/js/index.js?ver=5.9.4 HTTP/1.1" 200 13054 "https://mediaeclips.com/" "Mozilla/5.0 (Linux; Android 5.0) AppleWebKit/537.36 (KHTML, like Gecko) Mobile Safari/537.36 (compatible; Bytespider; https://zhanzhang.toutiao.com/)"
mediaeclips.infinitibizsol.com:443 111.225.149.78 - - [13/Jun/2025:00:22:17 +0000] "GET /wp-content/themes/ziptech/js/jquery-3.6.0.min.js?ver=6.5.5 HTTP/1.1" 200 89501 "https://mediaeclips.com/" "Mozilla/5.0 (Linux; Android 5.0) AppleWebKit/537.36 (KHTML, like Gecko) Mobile Safari/537.36 (compatible; Bytespider; https://zhanzhang.toutiao.com/)"
mediaeclips.infinitibizsol.com:443 111.225.149.66 - - [13/Jun/2025:00:22:17 +0000] "GET /wp-content/themes/ziptech/js/jquery.nice-select.min.js?ver=6.5.5 HTTP/1.1" 200 2942 "https://mediaeclips.com/" "Mozilla/5.0 (Linux; Android 5.0) AppleWebKit/537.36 (KHTML, like Gecko) Mobile Safari/537.36 (compatible; Bytespider; https://zhanzhang.toutiao.com/)"
mediaeclips.infinitibizsol.com:443 111.225.149.66 - - [13/Jun/2025:00:22:17 +0000] "GET /wp-content/themes/ziptech/js/jquery.appear.min.js?ver=6.5.5 HTTP/1.1" 200 1266 "https://mediaeclips.com/" "Mozilla/5.0 (Linux; Android 5.0) AppleWebKit/537.36 (KHTML, like Gecko) Mobile Safari/537.36 (compatible; Bytespider; https://zhanzhang.toutiao.com/)"
mediaeclips.infinitibizsol.com:443 111.225.149.62 - - [13/Jun/2025:00:22:17 +0000] "GET /wp-content/themes/ziptech/js/bootstrap.min.js?ver=6.5.5 HTTP/1.1" 200 60089 "https://mediaeclips.com/" "Mozilla/5.0 (Linux; Android 5.0) AppleWebKit/537.36 (KHTML, like Gecko) Mobile Safari/537.36 (compatible; Bytespider; https://zhanzhang.toutiao.com/)"
mediaeclips.infinitibizsol.com:443 111.225.149.74 - - [13/Jun/2025:00:22:17 +0000] "GET /wp-content/themes/ziptech/js/owl.carousel.min.js?ver=6.5.5 HTTP/1.1" 200 44342 "https://mediaeclips.com/" "Mozilla/5.0 (Linux; Android 5.0) AppleWebKit/537.36 (KHTML, like Gecko) Mobile Safari/537.36 (compatible; Bytespider; https://zhanzhang.toutiao.com/)"
mediaeclips.infinitibizsol.com:443 111.225.149.79 - - [13/Jun/2025:00:22:17 +0000] "GET /wp-content/themes/ziptech/js/jquery.event.move.js?ver=6.5.5 HTTP/1.1" 200 14530 "https://mediaeclips.com/" "Mozilla/5.0 (Linux; Android 5.0) AppleWebKit/537.36 (KHTML, like Gecko) Mobile Safari/537.36 (compatible; Bytespider; https://zhanzhang.toutiao.com/)"
mediaeclips.infinitibizsol.com:443 111.225.149.78 - - [13/Jun/2025:00:22:17 +0000] "GET /wp-content/themes/ziptech/js/wow.min.js?ver=6.5.5 HTTP/1.1" 200 8155 "https://mediaeclips.com/" "Mozilla/5.0 (Linux; Android 5.0) AppleWebKit/537.36 (KHTML, like Gecko) Mobile Safari/537.36 (compatible; Bytespider; https://zhanzhang.toutiao.com/)"
mediaeclips.infinitibizsol.com:443 111.225.149.66 - - [13/Jun/2025:00:22:17 +0000] "GET /wp-content/themes/ziptech/js/tilt.jquery.min.js?ver=6.5.5 HTTP/1.1" 200 5640 "https://mediaeclips.com/" "Mozilla/5.0 (Linux; Android 5.0) AppleWebKit/537.36 (KHTML, like Gecko) Mobile Safari/537.36 (compatible; Bytespider; https://zhanzhang.toutiao.com/)"
mediaeclips.infinitibizsol.com:443 111.225.149.66 - - [13/Jun/2025:00:22:17 +0000] "GET /wp-content/themes/ziptech/js/magnific-popup.min.js?ver=6.5.5 HTTP/1.1" 200 20216 "https://mediaeclips.com/" "Mozilla/5.0 (Linux; Android 5.0) AppleWebKit/537.36 (KHTML, like Gecko) Mobile Safari/537.36 (compatible; Bytespider; https://zhanzhang.toutiao.com/)"
mediaeclips.infinitibizsol.com:443 111.225.149.79 - - [13/Jun/2025:00:22:17 +0000] "GET /wp-content/uploads/2024/03/imgpsh_fullsize_anim-2-e1709678697288.png HTTP/1.1" 206 500 "https://mediaeclips.com/" "Mozilla/5.0 (Linux; Android 5.0) AppleWebKit/537.36 (KHTML, like Gecko) Mobile Safari/537.36 (compatible; Bytespider; https://zhanzhang.toutiao.com/)"
mediaeclips.infinitibizsol.com:443 111.225.149.78 - - [13/Jun/2025:00:22:18 +0000] "GET /wp-content/themes/ziptech/js/jquery.twentytwenty.js?ver=6.5.5 HTTP/1.1" 200 5414 "https://mediaeclips.com/" "Mozilla/5.0 (Linux; Android 5.0) AppleWebKit/537.36 (KHTML, like Gecko) Mobile Safari/537.36 (compatible; Bytespider; https://zhanzhang.toutiao.com/)"
mediaeclips.infinitibizsol.com:443 111.225.149.66 - - [13/Jun/2025:00:22:18 +0000] "GET /wp-content/plugins/elementskit-lite/libs/framework/assets/js/frontend-script.js?ver=3.1.3 HTTP/1.1" 200 40 "https://mediaeclips.com/" "Mozilla/5.0 (Linux; Android 5.0) AppleWebKit/537.36 (KHTML, like Gecko) Mobile Safari/537.36 (compatible; Bytespider; https://zhanzhang.toutiao.com/)"
mediaeclips.infinitibizsol.com:443 111.225.149.66 - - [13/Jun/2025:00:22:18 +0000] "GET /wp-content/themes/ziptech/js/backtotop.js?ver=6.5.5 HTTP/1.1" 200 1199 "https://mediaeclips.com/" "Mozilla/5.0 (Linux; Android 5.0) AppleWebKit/537.36 (KHTML, like Gecko) Mobile Safari/537.36 (compatible; Bytespider; https://zhanzhang.toutiao.com/)"
mediaeclips.infinitibizsol.com:443 111.225.149.78 - - [13/Jun/2025:00:22:18 +0000] "GET /wp-content/themes/ziptech/js/trigger.js?ver=6.5.5 HTTP/1.1" 200 23845 "https://mediaeclips.com/" "Mozilla/5.0 (Linux; Android 5.0) AppleWebKit/537.36 (KHTML, like Gecko) Mobile Safari/537.36 (compatible; Bytespider; https://zhanzhang.toutiao.com/)"
mediaeclips.infinitibizsol.com:443 111.225.149.66 - - [13/Jun/2025:00:22:18 +0000] "GET /wp-content/plugins/elementskit-lite/widgets/init/assets/js/widget-scripts.js?ver=3.1.3 HTTP/1.1" 200 137549 "https://mediaeclips.com/" "Mozilla/5.0 (Linux; Android 5.0) AppleWebKit/537.36 (KHTML, like Gecko) Mobile Safari/537.36 (compatible; Bytespider; https://zhanzhang.toutiao.com/)"
mediaeclips.infinitibizsol.com:443 111.225.149.74 - - [13/Jun/2025:00:22:18 +0000] "GET /wp-content/plugins/essential-addons-for-elementor-lite/assets/front-end/js/view/general.min.js?ver=5.9.21 HTTP/1.1" 200 10364 "https://mediaeclips.com/" "Mozilla/5.0 (Linux; Android 5.0) AppleWebKit/537.36 (KHTML, like Gecko) Mobile Safari/537.36 (compatible; Bytespider; https://zhanzhang.toutiao.com/)"
mediaeclips.infinitibizsol.com:443 111.225.149.66 - - [13/Jun/2025:00:22:18 +0000] "GET /wp-content/plugins/elementor-pro/assets/js/webpack-pro.runtime.min.js?ver=3.19.3 HTTP/1.1" 200 5825 "https://mediaeclips.com/" "Mozilla/5.0 (Linux; Android 5.0) AppleWebKit/537.36 (KHTML, like Gecko) Mobile Safari/537.36 (compatible; Bytespider; https://zhanzhang.toutiao.com/)"
mediaeclips.infinitibizsol.com:443 111.225.149.78 - - [13/Jun/2025:00:22:18 +0000] "GET /wp-content/plugins/elementor/assets/js/webpack.runtime.min.js?ver=3.21.5 HTTP/1.1" 200 4997 "https://mediaeclips.com/" "Mozilla/5.0 (Linux; Android 5.0) AppleWebKit/537.36 (KHTML, like Gecko) Mobile Safari/537.36 (compatible; Bytespider; https://zhanzhang.toutiao.com/)"
mediaeclips.infinitibizsol.com:443 111.225.149.74 - - [13/Jun/2025:00:22:18 +0000] "GET /wp-content/plugins/ziptech-elementor/assets/js/bdevs-elementor.js?ver=1.0.0 HTTP/1.1" 200 591 "https://mediaeclips.com/" "Mozilla/5.0 (Linux; Android 5.0) AppleWebKit/537.36 (KHTML, like Gecko) Mobile Safari/537.36 (compatible; Bytespider; https://zhanzhang.toutiao.com/)"
mediaeclips.infinitibizsol.com:443 111.225.149.66 - - [13/Jun/2025:00:22:18 +0000] "GET /wp-includes/js/dist/vendor/wp-polyfill-inert.min.js?ver=3.1.2 HTTP/1.1" 200 8171 "https://mediaeclips.com/" "Mozilla/5.0 (Linux; Android 5.0) AppleWebKit/537.36 (KHTML, like Gecko) Mobile Safari/537.36 (compatible; Bytespider; https://zhanzhang.toutiao.com/)"
mediaeclips.infinitibizsol.com:443 111.225.149.62 - - [13/Jun/2025:00:22:18 +0000] "GET /wp-content/plugins/elementor/assets/js/frontend-modules.min.js?ver=3.21.5 HTTP/1.1" 200 63275 "https://mediaeclips.com/" "Mozilla/5.0 (Linux; Android 5.0) AppleWebKit/537.36 (KHTML, like Gecko) Mobile Safari/537.36 (compatible; Bytespider; https://zhanzhang.toutiao.com/)"
mediaeclips.infinitibizsol.com:443 111.225.149.78 - - [13/Jun/2025:00:22:18 +0000] "GET /wp-includes/js/dist/vendor/regenerator-runtime.min.js?ver=0.14.0 HTTP/1.1" 200 6625 "https://mediaeclips.com/" "Mozilla/5.0 (Linux; Android 5.0) AppleWebKit/537.36 (KHTML, like Gecko) Mobile Safari/537.36 (compatible; Bytespider; https://zhanzhang.toutiao.com/)"
mediaeclips.infinitibizsol.com:443 111.225.149.66 - - [13/Jun/2025:00:22:18 +0000] "GET /wp-includes/js/dist/i18n.min.js?ver=5e580eb46a90c2b997e6 HTTP/1.1" 200 9141 "https://mediaeclips.com/" "Mozilla/5.0 (Linux; Android 5.0) AppleWebKit/537.36 (KHTML, like Gecko) Mobile Safari/537.36 (compatible; Bytespider; https://zhanzhang.toutiao.com/)"
mediaeclips.infinitibizsol.com:443 111.225.149.74 - - [13/Jun/2025:00:22:18 +0000] "GET /wp-includes/js/dist/hooks.min.js?ver=2810c76e705dd1a53b18 HTTP/1.1" 200 4307 "https://mediaeclips.com/" "Mozilla/5.0 (Linux; Android 5.0) AppleWebKit/537.36 (KHTML, like Gecko) Mobile Safari/537.36 (compatible; Bytespider; https://zhanzhang.toutiao.com/)"
mediaeclips.infinitibizsol.com:443 111.225.149.79 - - [13/Jun/2025:00:22:18 +0000] "GET /wp-includes/js/dist/vendor/wp-polyfill.min.js?ver=3.15.0 HTTP/1.1" 200 38590 "https://mediaeclips.com/" "Mozilla/5.0 (Linux; Android 5.0) AppleWebKit/537.36 (KHTML, like Gecko) Mobile Safari/537.36 (compatible; Bytespider; https://zhanzhang.toutiao.com/)"
mediaeclips.infinitibizsol.com:443 111.225.149.74 - - [13/Jun/2025:00:22:18 +0000] "GET /wp-content/plugins/elementor-pro/assets/js/elements-handlers.min.js?ver=3.19.3 HTTP/1.1" 200 38254 "https://mediaeclips.com/" "Mozilla/5.0 (Linux; Android 5.0) AppleWebKit/537.36 (KHTML, like Gecko) Mobile Safari/537.36 (compatible; Bytespider; https://zhanzhang.toutiao.com/)"
mediaeclips.infinitibizsol.com:443 111.225.149.66 - - [13/Jun/2025:00:22:18 +0000] "GET /wp-content/plugins/elementor-pro/assets/js/frontend.min.js?ver=3.19.3 HTTP/1.1" 200 25066 "https://mediaeclips.com/" "Mozilla/5.0 (Linux; Android 5.0) AppleWebKit/537.36 (KHTML, like Gecko) Mobile Safari/537.36 (compatible; Bytespider; https://zhanzhang.toutiao.com/)"
mediaeclips.infinitibizsol.com:443 111.225.149.78 - - [13/Jun/2025:00:22:18 +0000] "GET /wp-includes/js/jquery/ui/core.min.js?ver=1.13.2 HTTP/1.1" 200 21438 "https://mediaeclips.com/" "Mozilla/5.0 (Linux; Android 5.0) AppleWebKit/537.36 (KHTML, like Gecko) Mobile Safari/537.36 (compatible; Bytespider; https://zhanzhang.toutiao.com/)"
mediaeclips.infinitibizsol.com:443 111.225.149.66 - - [13/Jun/2025:00:22:19 +0000] "GET /wp-content/plugins/elementor/assets/js/frontend.min.js?ver=3.21.5 HTTP/1.1" 200 39972 "https://mediaeclips.com/" "Mozilla/5.0 (Linux; Android 5.0) AppleWebKit/537.36 (KHTML, like Gecko) Mobile Safari/537.36 (compatible; Bytespider; https://zhanzhang.toutiao.com/)"
mediaeclips.infinitibizsol.com:443 111.225.149.62 - - [13/Jun/2025:00:22:19 +0000] "GET /wp-content/plugins/elementor/assets/lib/waypoints/waypoints.min.js?ver=4.0.2 HTTP/1.1" 200 12198 "https://mediaeclips.com/" "Mozilla/5.0 (Linux; Android 5.0) AppleWebKit/537.36 (KHTML, like Gecko) Mobile Safari/537.36 (compatible; Bytespider; https://zhanzhang.toutiao.com/)"
mediaeclips.infinitibizsol.com:443 111.225.149.66 - - [13/Jun/2025:00:22:19 +0000] "GET /wp-content/plugins/elementskit-lite/widgets/init/assets/js/animate-circle.min.js?ver=3.1.3 HTTP/1.1" 200 681 "https://mediaeclips.com/" "Mozilla/5.0 (Linux; Android 5.0) AppleWebKit/537.36 (KHTML, like Gecko) Mobile Safari/537.36 (compatible; Bytespider; https://zhanzhang.toutiao.com/)"
mediaeclips.infinitibizsol.com:443 111.225.149.74 - - [13/Jun/2025:00:22:19 +0000] "GET /wp-content/plugins/elementskit-lite/widgets/init/assets/js/elementor.js?ver=3.1.3 HTTP/1.1" 200 18774 "https://mediaeclips.com/" "Mozilla/5.0 (Linux; Android 5.0) AppleWebKit/537.36 (KHTML, like Gecko) Mobile Safari/537.36 (compatible; Bytespider; https://zhanzhang.toutiao.com/)"
mediaeclips.infinitibizsol.com:443 111.225.149.78 - - [13/Jun/2025:00:22:19 +0000] "GET /wp-content/uploads/2024/03/about3-img2.webp HTTP/1.1" 206 500 "https://mediaeclips.com/" "Mozilla/5.0 (Linux; Android 5.0) AppleWebKit/537.36 (KHTML, like Gecko) Mobile Safari/537.36 (compatible; Bytespider; https://zhanzhang.toutiao.com/)"
mediaeclips.infinitibizsol.com:443 111.225.149.79 - - [13/Jun/2025:00:22:19 +0000] "GET /wp-content/uploads/2024/03/about3-img1.webp HTTP/1.1" 206 500 "https://mediaeclips.com/" "Mozilla/5.0 (Linux; Android 5.0) AppleWebKit/537.36 (KHTML, like Gecko) Mobile Safari/537.36 (compatible; Bytespider; https://zhanzhang.toutiao.com/)"
mediaeclips.infinitibizsol.com:443 111.225.149.66 - - [13/Jun/2025:00:22:19 +0000] "GET /wp-content/uploads/2024/05/1-What-is-Video-Marketing-An-Ultimate-Guide.webp HTTP/1.1" 206 500 "https://mediaeclips.com/" "Mozilla/5.0 (Linux; Android 5.0) AppleWebKit/537.36 (KHTML, like Gecko) Mobile Safari/537.36 (compatible; Bytespider; https://zhanzhang.toutiao.com/)"
mediaeclips.infinitibizsol.com:443 111.225.149.62 - - [13/Jun/2025:00:22:19 +0000] "GET /wp-content/uploads/2024/05/1-How-to-Create-an-Effective-SEO-Strategy-in-2024.webp HTTP/1.1" 206 500 "https://mediaeclips.com/" "Mozilla/5.0 (Linux; Android 5.0) AppleWebKit/537.36 (KHTML, like Gecko) Mobile Safari/537.36 (compatible; Bytespider; https://zhanzhang.toutiao.com/)"
mediaeclips.infinitibizsol.com:443 111.225.149.66 - - [13/Jun/2025:00:22:19 +0000] "GET /wp-content/themes/ziptech/images/testimonials/testimonial-img1.jpg HTTP/1.1" 206 500 "https://mediaeclips.com/" "Mozilla/5.0 (Linux; Android 5.0) AppleWebKit/537.36 (KHTML, like Gecko) Mobile Safari/537.36 (compatible; Bytespider; https://zhanzhang.toutiao.com/)"
mediaeclips.infinitibizsol.com:443 111.225.149.74 - - [13/Jun/2025:00:22:19 +0000] "GET /wp-content/themes/ziptech/images/down-arrow.png HTTP/1.1" 206 427 "https://mediaeclips.com/wp-content/themes/ziptech/css/style.css?ver=6.5.5" "Mozilla/5.0 (Linux; Android 5.0) AppleWebKit/537.36 (KHTML, like Gecko) Mobile Safari/537.36 (compatible; Bytespider; https://zhanzhang.toutiao.com/)"
mediaeclips.infinitibizsol.com:443 111.225.149.78 - - [13/Jun/2025:00:22:19 +0000] "GET /wp-content/themes/ziptech/images/objects/footer-obj1.png HTTP/1.1" 206 500 "https://mediaeclips.com/" "Mozilla/5.0 (Linux; Android 5.0) AppleWebKit/537.36 (KHTML, like Gecko) Mobile Safari/537.36 (compatible; Bytespider; https://zhanzhang.toutiao.com/)"
mediaeclips.infinitibizsol.com:443 111.225.149.62 - - [13/Jun/2025:00:22:19 +0000] "GET /wp-content/uploads/2024/02/Media-Eclips-2.png.webp HTTP/1.1" 206 500 "https://mediaeclips.com/" "Mozilla/5.0 (Linux; Android 5.0) AppleWebKit/537.36 (KHTML, like Gecko) Mobile Safari/537.36 (compatible; Bytespider; https://zhanzhang.toutiao.com/)"
mediaeclips.infinitibizsol.com:443 111.225.149.66 - - [13/Jun/2025:00:22:19 +0000] "GET /wp-content/themes/ziptech/images/about/wave2.png HTTP/1.1" 206 500 "https://mediaeclips.com/wp-content/themes/ziptech/css/style.css?ver=6.5.5" "Mozilla/5.0 (Linux; Android 5.0) AppleWebKit/537.36 (KHTML, like Gecko) Mobile Safari/537.36 (compatible; Bytespider; https://zhanzhang.toutiao.com/)"
mediaeclips.infinitibizsol.com:443 111.225.149.78 - - [13/Jun/2025:00:22:19 +0000] "GET /wp-content/themes/ziptech/images/bg/5.jpg HTTP/1.1" 206 500 "https://mediaeclips.com/" "Mozilla/5.0 (Linux; Android 5.0) AppleWebKit/537.36 (KHTML, like Gecko) Mobile Safari/537.36 (compatible; Bytespider; https://zhanzhang.toutiao.com/)"
mediaeclips.infinitibizsol.com:443 111.225.149.74 - - [13/Jun/2025:00:22:19 +0000] "GET /wp-content/uploads/2024/03/divider-img2.webp HTTP/1.1" 206 500 "https://mediaeclips.com/" "Mozilla/5.0 (Linux; Android 5.0) AppleWebKit/537.36 (KHTML, like Gecko) Mobile Safari/537.36 (compatible; Bytespider; https://zhanzhang.toutiao.com/)"
mediaeclips.infinitibizsol.com:443 111.225.149.62 - - [13/Jun/2025:00:22:19 +0000] "GET /wp-content/plugins/elementor/assets/js/text-editor.2c35aafbe5bf0e127950.bundle.min.js HTTP/1.1" 200 1360 "https://mediaeclips.com/" "Mozilla/5.0 (Linux; Android 5.0) AppleWebKit/537.36 (KHTML, like Gecko) Mobile Safari/537.36 (compatible; Bytespider; https://zhanzhang.toutiao.com/)"
mediaeclips.infinitibizsol.com:443 111.225.149.79 - - [13/Jun/2025:00:22:22 +0000] "GET /wp-json/contact-form-7/v1/contact-forms/159/feedback/schema HTTP/1.1" 499 0 "https://mediaeclips.com/" "Mozilla/5.0 (Linux; Android 5.0) AppleWebKit/537.36 (KHTML, like Gecko) Mobile Safari/537.36 (compatible; Bytespider; https://zhanzhang.toutiao.com/)"
mediaeclips.infinitibizsol.com:443 111.225.149.66 - - [13/Jun/2025:00:22:22 +0000] "GET /wp-json/contact-form-7/v1/contact-forms/158/feedback/schema HTTP/1.1" 499 0 "https://mediaeclips.com/" "Mozilla/5.0 (Linux; Android 5.0) AppleWebKit/537.36 (KHTML, like Gecko) Mobile Safari/537.36 (compatible; Bytespider; https://zhanzhang.toutiao.com/)"
mediaeclips.infinitibizsol.com:443 111.225.149.62 - - [13/Jun/2025:00:22:22 +0000] "GET /wp-json/contact-form-7/v1/contact-forms/159/refill HTTP/1.1" 499 0 "https://mediaeclips.com/" "Mozilla/5.0 (Linux; Android 5.0) AppleWebKit/537.36 (KHTML, like Gecko) Mobile Safari/537.36 (compatible; Bytespider; https://zhanzhang.toutiao.com/)"
mediaeclips.infinitibizsol.com:443 111.225.149.78 - - [13/Jun/2025:00:22:22 +0000] "GET /wp-json/contact-form-7/v1/contact-forms/158/refill HTTP/1.1" 499 0 "https://mediaeclips.com/" "Mozilla/5.0 (Linux; Android 5.0) AppleWebKit/537.36 (KHTML, like Gecko) Mobile Safari/537.36 (compatible; Bytespider; https://zhanzhang.toutiao.com/)"
mediaeclips.infinitibizsol.com:443 162.0.223.40 - - [13/Jun/2025:00:26:10 +0000] "POST /wp-cron.php?doing_wp_cron=1749774369.8994638919830322265625 HTTP/1.1" 499 0 "-" "WordPress/6.5.5; https://mediaeclips.com"
mediaeclips.infinitibizsol.com:443 51.222.253.6 - - [13/Jun/2025:00:26:11 +0000] "GET /goods.php?sitemap.xml HTTP/1.1" 404 5 "-" "Mozilla/5.0 (compatible; AhrefsBot/7.0; +http://ahrefs.com/robot/)"
mediaeclips.infinitibizsol.com:80 162.0.223.40 - - [13/Jun/2025:00:34:34 +0000] "POST /wp-cron.php?doing_wp_cron=1749774873.7221260070800781250000 HTTP/1.1" 499 0 "-" "WordPress/6.5.5; https://mediaeclips.com"
mediaeclips.infinitibizsol.com:80 34.206.49.153 - - [13/Jun/2025:00:34:34 +0000] "GET / HTTP/1.1" 404 5 "-" "Mozilla/5.0 (X11; Linux x86_64) AppleWebKit/537.36 (KHTML, like Gecko) Chrome/124.0.0.0 Safari/537.36"
mediaeclips.infinitibizsol.com:443 34.206.49.153 - - [13/Jun/2025:00:34:41 +0000] "GET /wp-content/uploads/2024/02/cropped-Media-Eclips-2.png-32x32.webp HTTP/1.1" 200 968 "-" "Mozilla/5.0 (X11; Linux x86_64) AppleWebKit/537.36 (KHTML, like Gecko) Chrome/124.0.0.0 Safari/537.36"
mediaeclips.infinitibizsol.com:80 5.161.250.15 - - [13/Jun/2025:00:35:25 +0000] "POST /wp-load.php?3aa0e6=3343 HTTP/1.1" 200 1748 "-" "Mozilla/5.0 (Windows NT 10.0; Win64; x64) AppleWebKit/537.36 (KHTML, like Gecko) Chrome/104.0.5112.97 Safari/537.36"
mediaeclips.infinitibizsol.com:443 162.0.223.40 - - [13/Jun/2025:00:38:47 +0000] "POST /wp-cron.php?doing_wp_cron=1749775126.6537709236145019531250 HTTP/1.1" 499 0 "-" "WordPress/6.5.5; https://mediaeclips.com"
mediaeclips.infinitibizsol.com:443 51.222.253.3 - - [13/Jun/2025:00:38:47 +0000] "GET /sitemap.xml HTTP/1.1" 404 5 "-" "Mozilla/5.0 (compatible; AhrefsBot/7.0; +http://ahrefs.com/robot/)"
mediaeclips.infinitibizsol.com:443 162.0.223.40 - - [13/Jun/2025:00:50:14 +0000] "POST /wp-cron.php?doing_wp_cron=1749775813.9121320247650146484375 HTTP/1.1" 499 0 "-" "WordPress/6.5.5; https://mediaeclips.com"
mediaeclips.infinitibizsol.com:443 51.222.253.8 - - [13/Jun/2025:00:50:15 +0000] "GET /tag/role-of-email-marketing/feed/ HTTP/1.1" 304 0 "-" "Mozilla/5.0 (compatible; AhrefsBot/7.0; +http://ahrefs.com/robot/)"
mediaeclips.infinitibizsol.com:80 5.161.52.234 - - [13/Jun/2025:00:50:36 +0000] "POST /wp-load.php?c82e6f=67938 HTTP/1.1" 200 1748 "-" "Mozilla/5.0 (Windows NT 10.0; Win64; x64) AppleWebKit/537.36 (KHTML, like Gecko) Chrome/104.0.5112.97 Safari/537.36"
mediaeclips.infinitibizsol.com:443 162.0.223.40 - - [13/Jun/2025:00:57:58 +0000] "POST /wp-cron.php?doing_wp_cron=1749776277.1461958885192871093750 HTTP/1.1" 499 0 "-" "WordPress/6.5.5; https://mediaeclips.com"
mediaeclips.infinitibizsol.com:443 51.222.253.1 - - [13/Jun/2025:00:57:58 +0000] "GET /tag/effective-local-seo/feed/ HTTP/1.1" 304 0 "-" "Mozilla/5.0 (compatible; AhrefsBot/7.0; +http://ahrefs.com/robot/)"
mediaeclips.infinitibizsol.com:80 5.161.201.188 - - [13/Jun/2025:01:05:35 +0000] "POST /wp-load.php?61c1c0=2725 HTTP/1.1" 200 1748 "-" "Mozilla/5.0 (Windows NT 10.0; Win64; x64) AppleWebKit/537.36 (KHTML, like Gecko) Chrome/104.0.5112.97 Safari/537.36"
mediaeclips.infinitibizsol.com:443 162.0.223.40 - - [13/Jun/2025:01:06:05 +0000] "POST /wp-cron.php?doing_wp_cron=1749776764.7609729766845703125000 HTTP/1.1" 499 0 "-" "WordPress/6.5.5; https://mediaeclips.com"
mediaeclips.infinitibizsol.com:443 51.222.253.18 - - [13/Jun/2025:01:06:05 +0000] "GET /tag/what-is-a-digital-marketing-campaign/feed/ HTTP/1.1" 304 0 "-" "Mozilla/5.0 (compatible; AhrefsBot/7.0; +http://ahrefs.com/robot/)"
mediaeclips.infinitibizsol.com:80 162.0.223.40 - - [13/Jun/2025:01:10:42 +0000] "POST /wp-cron.php?doing_wp_cron=1749777041.5022668838500976562500 HTTP/1.1" 499 0 "-" "WordPress/6.5.5; https://mediaeclips.com"
mediaeclips.infinitibizsol.com:80 93.158.92.11 - - [13/Jun/2025:01:10:42 +0000] "GET / HTTP/1.1" 404 5 "-" "Mozilla/5.0 (iPhone; CPU iPhone OS 17_3_1 like Mac OS X) AppleWebKit/605.1.15 (KHTML, like Gecko) Version/17.3.1 Mobile/15E148 Safari/604"
mediaeclips.infinitibizsol.com:443 162.0.223.40 - - [13/Jun/2025:01:14:38 +0000] "POST /wp-cron.php?doing_wp_cron=1749777277.8219308853149414062500 HTTP/1.1" 499 0 "-" "WordPress/6.5.5; https://mediaeclips.com"
mediaeclips.infinitibizsol.com:443 66.249.64.132 - - [13/Jun/2025:01:14:38 +0000] "GET /shopdetail/99874339 HTTP/1.1" 404 5 "-" "Mozilla/5.0 (Linux; Android 6.0.1; Nexus 5X Build/MMB29P) AppleWebKit/537.36 (KHTML, like Gecko) Chrome/136.0.7103.113 Mobile Safari/537.36 (compatible; Googlebot/2.1; +http://www.google.com/bot.html)"
mediaeclips.infinitibizsol.com:443 51.222.253.17 - - [13/Jun/2025:01:14:59 +0000] "GET /what-is-digital-marketing-and-how-does-it-work/feed/ HTTP/1.1" 304 0 "-" "Mozilla/5.0 (compatible; AhrefsBot/7.0; +http://ahrefs.com/robot/)"
mediaeclips.infinitibizsol.com:443 45.227.253.15 - - [13/Jun/2025:01:15:35 +0000] "GET /index.php/jk HTTP/1.1" 200 54 "-" "Mozilla/5.0 (Windows NT 6.1; WOW64; Trident/7.0; rv:11.0) like Gecko"
mediaeclips.infinitibizsol.com:80 5.161.216.238 - - [13/Jun/2025:01:20:44 +0000] "POST /wp-load.php?3e2a9f=84071 HTTP/1.1" 200 1748 "-" "Mozilla/5.0 (Windows NT 10.0; Win64; x64) AppleWebKit/537.36 (KHTML, like Gecko) Chrome/104.0.5112.97 Safari/537.36"
mediaeclips.infinitibizsol.com:443 162.0.223.40 - - [13/Jun/2025:01:21:01 +0000] "POST /wp-cron.php?doing_wp_cron=1749777660.1930649280548095703125 HTTP/1.1" 499 0 "-" "WordPress/6.5.5; https://mediaeclips.com"
mediaeclips.infinitibizsol.com:443 216.73.216.115 - - [13/Jun/2025:01:21:01 +0000] "GET /goods.php HTTP/1.1" 404 5 "-" "Mozilla/5.0 AppleWebKit/537.36 (KHTML, like Gecko; compatible; ClaudeBot/1.0; +claudebot@anthropic.com)"
mediaeclips.infinitibizsol.com:443 162.0.223.40 - - [13/Jun/2025:01:24:04 +0000] "POST /wp-cron.php?doing_wp_cron=1749777843.1629788875579833984375 HTTP/1.1" 499 0 "-" "WordPress/6.5.5; https://mediaeclips.com"
mediaeclips.infinitibizsol.com:443 66.249.64.128 - - [13/Jun/2025:01:24:04 +0000] "GET /shopdetail/128537739 HTTP/1.1" 404 5 "-" "Mozilla/5.0 (Linux; Android 6.0.1; Nexus 5X Build/MMB29P) AppleWebKit/537.36 (KHTML, like Gecko) Chrome/136.0.7103.113 Mobile Safari/537.36 (compatible; Googlebot/2.1; +http://www.google.com/bot.html)"
mediaeclips.infinitibizsol.com:443 51.222.253.15 - - [13/Jun/2025:01:24:37 +0000] "GET /tag/tips-for-successful-social-media-marketing/feed/ HTTP/1.1" 304 0 "-" "Mozilla/5.0 (compatible; AhrefsBot/7.0; +http://ahrefs.com/robot/)"
mediaeclips.infinitibizsol.com:443 162.0.223.40 - - [13/Jun/2025:01:29:10 +0000] "POST /wp-cron.php?doing_wp_cron=1749778149.6370010375976562500000 HTTP/1.1" 499 0 "-" "WordPress/6.5.5; https://mediaeclips.com"
mediaeclips.infinitibizsol.com:443 45.227.253.15 - - [13/Jun/2025:01:29:10 +0000] "GET /587545-juejiang/?ARRAY=7o2230223n313734393738313833342p2231223n22687474703n5p2s5p2s3230342r31322r3233382r37345p2s3s6p633q7068705s636s64655s6n6326743q313734393737383233342q6636313933653238626363663162383862383732613366303665363962333462222p2232223n226138396461653834356330303433353232653737306138636639663931383838222p2233223n223032623832383666613964616438643064623861303630393930663139393437222p2262696r675s70617373223n2232382q33392q35312q36352q37322q38342q3838227q HTTP/1.1" 404 5 "-" "Mozilla/5.0 (Windows NT 6.1; WOW64; rv:71.0) Gecko/20100101 Firefox/71.0"
mediaeclips.infinitibizsol.com:443 66.249.64.132 - - [13/Jun/2025:01:29:14 +0000] "GET /shopdetail/40878239 HTTP/1.1" 404 5 "-" "Mozilla/5.0 (Linux; Android 6.0.1; Nexus 5X Build/MMB29P) AppleWebKit/537.36 (KHTML, like Gecko) Chrome/136.0.7103.113 Mobile Safari/537.36 (compatible; Googlebot/2.1; +http://www.google.com/bot.html)"
mediaeclips.infinitibizsol.com:443 205.210.31.143 - - [13/Jun/2025:01:32:40 +0000] "GET / HTTP/1.1" 404 0 "-" "Expanse, a Palo Alto Networks company, searches across the global IPv4 space multiple times per day to identify customers' presences on the Internet. If you would like to be excluded from our scans, please send IP addresses/domains to: scaninfo@paloaltonetworks.com"
mediaeclips.infinitibizsol.com:443 162.0.223.40 - - [13/Jun/2025:01:35:16 +0000] "POST /wp-cron.php?doing_wp_cron=1749778515.3415780067443847656250 HTTP/1.1" 499 0 "-" "WordPress/6.5.5; https://mediaeclips.com"
mediaeclips.infinitibizsol.com:443 51.222.253.7 - - [13/Jun/2025:01:35:16 +0000] "GET /tag/seo-vs-ppc/feed/ HTTP/1.1" 304 0 "-" "Mozilla/5.0 (compatible; AhrefsBot/7.0; +http://ahrefs.com/robot/)"
mediaeclips.infinitibizsol.com:80 5.161.216.238 - - [13/Jun/2025:01:35:55 +0000] "POST /wp-load.php?1ad149=39764 HTTP/1.1" 200 1748 "-" "Mozilla/5.0 (Windows NT 10.0; Win64; x64) AppleWebKit/537.36 (KHTML, like Gecko) Chrome/104.0.5112.97 Safari/537.36"
mediaeclips.infinitibizsol.com:443 162.0.223.40 - - [13/Jun/2025:01:44:46 +0000] "POST /wp-cron.php?doing_wp_cron=1749779085.5784819126129150390625 HTTP/1.1" 499 0 "-" "WordPress/6.5.5; https://mediaeclips.com"
mediaeclips.infinitibizsol.com:443 47.128.16.119 - - [13/Jun/2025:01:44:52 +0000] "GET /faqs/ HTTP/1.1" 404 65259 "-" "Mozilla/5.0 (Linux; Android 5.0) AppleWebKit/537.36 (KHTML, like Gecko) Mobile Safari/537.36 (compatible; TikTokSpider; ttspider-feedback@tiktok.com)"
mediaeclips.infinitibizsol.com:443 47.128.16.119 - - [13/Jun/2025:01:44:58 +0000] "GET /wp-content/uploads/elementor/css/post-146.css?ver=1715199473 HTTP/1.1" 200 117 "https://mediaeclips.com/faqs/" "Mozilla/5.0 (Linux; Android 5.0) AppleWebKit/537.36 (KHTML, like Gecko) Mobile Safari/537.36 (compatible; TikTokSpider; ttspider-feedback@tiktok.com)"
mediaeclips.infinitibizsol.com:443 47.128.16.119 - - [13/Jun/2025:01:45:05 +0000] "GET /wp-content/themes/ziptech/framework/color.php?ver=6.5.5 HTTP/1.1" 404 5 "https://mediaeclips.com/faqs/" "Mozilla/5.0 (Linux; Android 5.0) AppleWebKit/537.36 (KHTML, like Gecko) Mobile Safari/537.36 (compatible; TikTokSpider; ttspider-feedback@tiktok.com)"
mediaeclips.infinitibizsol.com:443 162.0.223.40 - - [13/Jun/2025:01:46:36 +0000] "POST /wp-cron.php?doing_wp_cron=1749779195.1750640869140625000000 HTTP/1.1" 499 0 "-" "WordPress/6.5.5; https://mediaeclips.com"
mediaeclips.infinitibizsol.com:443 51.222.253.2 - - [13/Jun/2025:01:46:36 +0000] "GET /tag/digital-marketing-campaign/feed/ HTTP/1.1" 304 0 "-" "Mozilla/5.0 (compatible; AhrefsBot/7.0; +http://ahrefs.com/robot/)"
mediaeclips.infinitibizsol.com:80 5.161.216.238 - - [13/Jun/2025:01:51:08 +0000] "POST /wp-load.php?257d6a=21037 HTTP/1.1" 200 1748 "-" "Mozilla/5.0 (Windows NT 10.0; Win64; x64) AppleWebKit/537.36 (KHTML, like Gecko) Chrome/104.0.5112.97 Safari/537.36"
mediaeclips.infinitibizsol.com:80 162.0.223.40 - - [13/Jun/2025:01:54:30 +0000] "POST /wp-cron.php?doing_wp_cron=1749779669.5679600238800048828125 HTTP/1.1" 499 0 "-" "WordPress/6.5.5; https://mediaeclips.com"
mediaeclips.infinitibizsol.com:80 170.106.107.87 - - [13/Jun/2025:01:54:30 +0000] "GET / HTTP/1.1" 404 5 "-" "Mozilla/5.0 (iPhone; CPU iPhone OS 13_2_3 like Mac OS X) AppleWebKit/605.1.15 (KHTML, like Gecko) Version/13.0.3 Mobile/15E148 Safari/604.1"
mediaeclips.infinitibizsol.com:443 2.56.75.76 - - [13/Jun/2025:01:56:17 +0000] "GET /ultimate-guide-to-creating-a-content-marketing-strategy/ HTTP/1.1" 404 96918 "-" "Mozilla/5.0 (Windows NT 10.0; Win64; x64) AppleWebKit/537.36 (KHTML, like Gecko) Chrome/134.0.0.0 Safari/537.36 Trailer/93.3.8652.5"
mediaeclips.infinitibizsol.com:443 51.222.253.18 - - [13/Jun/2025:01:56:42 +0000] "GET /tag/managed-it-services/feed/ HTTP/1.1" 304 0 "-" "Mozilla/5.0 (compatible; AhrefsBot/7.0; +http://ahrefs.com/robot/)"
mediaeclips.infinitibizsol.com:443 162.0.223.40 - - [13/Jun/2025:02:02:50 +0000] "POST /wp-cron.php?doing_wp_cron=1749780169.3426139354705810546875 HTTP/1.1" 499 0 "-" "WordPress/6.5.5; https://mediaeclips.com"
mediaeclips.infinitibizsol.com:443 104.222.171.156 - - [13/Jun/2025:02:02:51 +0000] "GET /how-to-create-a-social-media-marketing-strategy/ HTTP/1.1" 404 109413 "-" "Mozilla/5.0 (Windows NT 10.0; Win64; x64) AppleWebKit/537.36 (KHTML, like Gecko) Chrome/134.0.0.0 Safari/537.36 Trailer/93.3.8652.5"
mediaeclips.infinitibizsol.com:80 178.156.128.204 - - [13/Jun/2025:02:06:15 +0000] "POST /wp-load.php?34bc4a=85343 HTTP/1.1" 200 1748 "-" "Mozilla/5.0 (Windows NT 10.0; Win64; x64) AppleWebKit/537.36 (KHTML, like Gecko) Chrome/104.0.5112.97 Safari/537.36"
mediaeclips.infinitibizsol.com:443 162.251.141.202 - - [13/Jun/2025:02:06:30 +0000] "GET /social-media-marketing/ HTTP/1.1" 404 68764 "-" "Mozilla/5.0 (X11; Linux x86_64) AppleWebKit/537.36 (KHTML, like Gecko) Chrome/134.0.0.0 Safari/537.3"
mediaeclips.infinitibizsol.com:443 162.0.223.40 - - [13/Jun/2025:02:09:32 +0000] "POST /wp-cron.php?doing_wp_cron=1749780571.1791679859161376953125 HTTP/1.1" 499 0 "-" "WordPress/6.5.5; https://mediaeclips.com"
mediaeclips.infinitibizsol.com:443 51.222.253.1 - - [13/Jun/2025:02:09:32 +0000] "GET /tag/videography-services/feed/ HTTP/1.1" 304 0 "-" "Mozilla/5.0 (compatible; AhrefsBot/7.0; +http://ahrefs.com/robot/)"
mediaeclips.infinitibizsol.com:443 45.83.187.63 - - [13/Jun/2025:02:09:40 +0000] "GET /services/web-development/ HTTP/1.1" 404 5 "-" "Mozilla/5.0 (Macintosh; Intel Mac OS X 10_15_7) AppleWebKit/605.1.15 (KHTML, like Gecko) Version/17.10 Safari/605.1.1"
mediaeclips.infinitibizsol.com:443 199.84.223.217 - - [13/Jun/2025:02:13:09 +0000] "GET /seo-and-ppc-how-they-work-together-in-digital-marketing/ HTTP/1.1" 404 98134 "-" "Mozilla/5.0 (X11; Linux x86_64) AppleWebKit/537.36 (KHTML, like Gecko) Chrome/134.0.0.0 Safari/537.3"
mediaeclips.infinitibizsol.com:443 23.226.210.246 - - [13/Jun/2025:02:14:06 +0000] "GET / HTTP/1.1" 404 108413 "-" "Mozilla/5.0 (X11; Linux x86_64) AppleWebKit/537.36 (KHTML, like Gecko) Chrome/134.0.0.0 Safari/537.3"
mediaeclips.infinitibizsol.com:443 162.0.223.40 - - [13/Jun/2025:02:15:40 +0000] "POST /wp-cron.php?doing_wp_cron=1749780939.0306420326232910156250 HTTP/1.1" 499 0 "-" "WordPress/6.5.5; https://mediaeclips.com"
mediaeclips.infinitibizsol.com:443 45.41.134.74 - - [13/Jun/2025:02:15:40 +0000] "GET /it-services/ HTTP/1.1" 404 5 "-" "Mozilla/5.0 (Windows NT 10.0; Win64; x64) AppleWebKit/537.36 (KHTML, like Gecko) Chrome/134.0.0.0 Safari/537.36 Edg/134.0.0.0"
