mediaeclips.infinitibizsol.com:443 45.227.253.15 - - [10/Jun/2025:11:27:50 +0000] "GET /index.php/jk HTTP/1.1" 200 54 "-" "Mozilla/5.0 (Macintosh; Intel Mac OS X 10.12; rv:103.0) Gecko/20100101 Firefox/103.0"
mediaeclips.infinitibizsol.com:443 162.0.223.40 - - [10/Jun/2025:11:30:27 +0000] "POST /wp-cron.php?doing_wp_cron=1749555026.5413260459899902343750 HTTP/1.1" 499 0 "-" "WordPress/6.5.5; https://mediaeclips.com"
mediaeclips.infinitibizsol.com:443 51.222.253.15 - - [10/Jun/2025:11:30:27 +0000] "GET /tag/digital-marketing-campaign/feed/ HTTP/1.1" 304 0 "-" "Mozilla/5.0 (compatible; AhrefsBot/7.0; +http://ahrefs.com/robot/)"
mediaeclips.infinitibizsol.com:443 162.0.223.40 - - [10/Jun/2025:11:38:13 +0000] "POST /wp-cron.php?doing_wp_cron=1749555492.9576249122619628906250 HTTP/1.1" 499 0 "-" "WordPress/6.5.5; https://mediaeclips.com"
mediaeclips.infinitibizsol.com:443 34.174.136.9 - - [10/Jun/2025:11:38:14 +0000] "GET /services/it-services/ HTTP/1.1" 404 5 "-" "Mozilla/5.0 (Macintosh; Intel Mac OS X 10.15; rv:109.0) Gecko/20100101 Firefox/116.0"
mediaeclips.infinitibizsol.com:80 5.161.69.178 - - [10/Jun/2025:11:39:35 +0000] "POST /wp-load.php?d08291=38980 HTTP/1.1" 200 1748 "-" "Mozilla/5.0 (Windows NT 10.0; Win64; x64) AppleWebKit/537.36 (KHTML, like Gecko) Chrome/104.0.5112.97 Safari/537.36"
mediaeclips.infinitibizsol.com:443 51.222.253.14 - - [10/Jun/2025:11:40:37 +0000] "GET /tag/managed-it-services/feed/ HTTP/1.1" 304 0 "-" "Mozilla/5.0 (compatible; AhrefsBot/7.0; +http://ahrefs.com/robot/)"
mediaeclips.infinitibizsol.com:443 162.0.223.40 - - [10/Jun/2025:11:44:03 +0000] "POST /wp-cron.php?doing_wp_cron=1749555842.7261230945587158203125 HTTP/1.1" 499 0 "-" "WordPress/6.5.5; https://mediaeclips.com"
mediaeclips.infinitibizsol.com:443 198.98.61.148 - - [10/Jun/2025:11:44:03 +0000] "GET /wp-login.php HTTP/1.1" 200 6532 "-" "Mozilla/5.0 (Windows NT 6.3; WOW64) AppleWebKit/537.36 (KHTML, like Gecko) Chrome/36.0.1985.143 Safari/537.36"
mediaeclips.infinitibizsol.com:443 198.98.61.148 - - [10/Jun/2025:11:44:13 +0000] "POST /wp-login.php HTTP/1.1" 200 7028 "-" "Mozilla/5.0 (Windows NT 6.3; WOW64) AppleWebKit/537.36 (KHTML, like Gecko) Chrome/36.0.1985.143 Safari/537.36"
mediaeclips.infinitibizsol.com:443 162.0.223.40 - - [10/Jun/2025:11:49:30 +0000] "POST /wp-cron.php?doing_wp_cron=1749556169.2728719711303710937500 HTTP/1.1" 499 0 "-" "WordPress/6.5.5; https://mediaeclips.com"
mediaeclips.infinitibizsol.com:443 51.222.253.16 - - [10/Jun/2025:11:49:30 +0000] "GET /tag/videography-services/feed/ HTTP/1.1" 304 0 "-" "Mozilla/5.0 (compatible; AhrefsBot/7.0; +http://ahrefs.com/robot/)"
mediaeclips.infinitibizsol.com:443 54.164.195.82 - - [10/Jun/2025:11:50:03 +0000] "GET /role-of-email-marketing-in-digital-marketing/ HTTP/1.1" 404 106067 "-" "Grammarly/1.0 (http://www.grammarly.com)"
mediaeclips.infinitibizsol.com:443 34.174.130.213 - - [10/Jun/2025:11:51:06 +0000] "GET /search-engine-optimization/ HTTP/1.1" 404 68529 "-" "Mozilla/5.0 (Windows NT 10.0; Win64; x64) AppleWebKit/537.36 (KHTML, like Gecko) Chrome/123.0.0.0 Safari/537.36"
mediaeclips.infinitibizsol.com:80 5.161.216.238 - - [10/Jun/2025:11:54:44 +0000] "POST /wp-load.php?5c3fbf=49476 HTTP/1.1" 200 1748 "-" "Mozilla/5.0 (Windows NT 10.0; Win64; x64) AppleWebKit/537.36 (KHTML, like Gecko) Chrome/104.0.5112.97 Safari/537.36"
mediaeclips.infinitibizsol.com:443 170.39.218.62 - - [10/Jun/2025:11:57:41 +0000] "GET /wp-includes/js/dist/vendor/wp-polyfill.min.js?ver=3.15.0 HTTP/1.1" 200 38590 "-" "Mozilla/5.0 (Windows NT 10.0; Win64; x64) AppleWebKit/537.36 Chrome/121.0.0.0"
mediaeclips.infinitibizsol.com:443 162.0.223.40 - - [10/Jun/2025:11:59:51 +0000] "POST /wp-cron.php?doing_wp_cron=1749556790.0390961170196533203125 HTTP/1.1" 499 0 "-" "WordPress/6.5.5; https://mediaeclips.com"
mediaeclips.infinitibizsol.com:443 51.222.253.5 - - [10/Jun/2025:11:59:51 +0000] "GET /tag/what-is-local-seo/feed/ HTTP/1.1" 304 0 "-" "Mozilla/5.0 (compatible; AhrefsBot/7.0; +http://ahrefs.com/robot/)"
mediaeclips.infinitibizsol.com:443 162.0.223.40 - - [10/Jun/2025:12:09:34 +0000] "POST /wp-cron.php?doing_wp_cron=1749557373.0294609069824218750000 HTTP/1.1" 499 0 "-" "WordPress/6.5.5; https://mediaeclips.com"
mediaeclips.infinitibizsol.com:443 51.222.253.13 - - [10/Jun/2025:12:09:34 +0000] "GET /tag/texas-web-design/feed/ HTTP/1.1" 304 0 "-" "Mozilla/5.0 (compatible; AhrefsBot/7.0; +http://ahrefs.com/robot/)"
mediaeclips.infinitibizsol.com:80 5.161.69.178 - - [10/Jun/2025:12:09:45 +0000] "POST /wp-load.php?e944cb=54454 HTTP/1.1" 200 1748 "-" "Mozilla/5.0 (Windows NT 10.0; Win64; x64) AppleWebKit/537.36 (KHTML, like Gecko) Chrome/104.0.5112.97 Safari/537.36"
mediaeclips.infinitibizsol.com:443 162.0.223.40 - - [10/Jun/2025:12:19:09 +0000] "POST /wp-cron.php?doing_wp_cron=1749557948.1705310344696044921875 HTTP/1.1" 499 0 "-" "WordPress/6.5.5; https://mediaeclips.com"
mediaeclips.infinitibizsol.com:443 45.61.188.211 - - [10/Jun/2025:12:19:09 +0000] "GET /wp-login.php HTTP/1.1" 200 6532 "-" "Mozilla/5.0 (X11; Linux x86_64) AppleWebKit/537.36 (KHTML, like Gecko) Chrome/35.0.1916.153 Safari/537.36"
mediaeclips.infinitibizsol.com:80 162.0.223.40 - - [10/Jun/2025:12:19:11 +0000] "POST /wp-cron.php?doing_wp_cron=1749557950.2765340805053710937500 HTTP/1.1" 499 0 "-" "WordPress/6.5.5; https://mediaeclips.com"
mediaeclips.infinitibizsol.com:80 198.235.24.69 - - [10/Jun/2025:12:19:11 +0000] "GET / HTTP/1.1" 404 5 "-" "Expanse, a Palo Alto Networks company, searches across the global IPv4 space multiple times per day to identify customers' presences on the Internet. If you would like to be excluded from our scans, please send IP addresses/domains to: scaninfo@paloaltonetworks.com"
mediaeclips.infinitibizsol.com:443 45.61.188.211 - - [10/Jun/2025:12:19:14 +0000] "POST /wp-login.php HTTP/1.1" 200 7028 "-" "Mozilla/5.0 (X11; Linux x86_64) AppleWebKit/537.36 (KHTML, like Gecko) Chrome/35.0.1916.153 Safari/537.36"
mediaeclips.infinitibizsol.com:443 51.222.253.16 - - [10/Jun/2025:12:19:51 +0000] "GET /tag/sem/feed/ HTTP/1.1" 304 0 "-" "Mozilla/5.0 (compatible; AhrefsBot/7.0; +http://ahrefs.com/robot/)"
mediaeclips.infinitibizsol.com:443 162.0.223.40 - - [10/Jun/2025:12:24:39 +0000] "POST /wp-cron.php?doing_wp_cron=1749558278.0851049423217773437500 HTTP/1.1" 499 0 "-" "WordPress/6.5.5; https://mediaeclips.com"
mediaeclips.infinitibizsol.com:443 34.174.171.127 - - [10/Jun/2025:12:24:39 +0000] "GET /smm-services-in-dallas-tx/ HTTP/1.1" 499 0 "-" "Mozilla/5.0 (Macintosh; Intel Mac OS X 10_15_7) AppleWebKit/605.1.15 (KHTML, like Gecko) Version/17.0 Safari/605.1.15"
mediaeclips.infinitibizsol.com:80 5.161.216.238 - - [10/Jun/2025:12:24:54 +0000] "POST /wp-load.php?ff94ff=92823 HTTP/1.1" 200 1748 "-" "Mozilla/5.0 (Windows NT 10.0; Win64; x64) AppleWebKit/537.36 (KHTML, like Gecko) Chrome/104.0.5112.97 Safari/537.36"
mediaeclips.infinitibizsol.com:443 170.39.218.62 - - [10/Jun/2025:12:27:49 +0000] "GET /wp-content/plugins/elementskit-lite/widgets/init/assets/js/elementor.js?ver=3.1.3 HTTP/1.1" 200 18774 "-" "Mozilla/5.0 (Windows NT 10.0; Win64; x64) AppleWebKit/537.36 Chrome/121.0.0.0"
mediaeclips.infinitibizsol.com:443 162.0.223.40 - - [10/Jun/2025:12:29:31 +0000] "POST /wp-cron.php?doing_wp_cron=1749558570.6792778968811035156250 HTTP/1.1" 499 0 "-" "WordPress/6.5.5; https://mediaeclips.com"
mediaeclips.infinitibizsol.com:443 51.222.253.15 - - [10/Jun/2025:12:29:31 +0000] "GET /tag/videography/feed/ HTTP/1.1" 304 0 "-" "Mozilla/5.0 (compatible; AhrefsBot/7.0; +http://ahrefs.com/robot/)"
mediaeclips.infinitibizsol.com:443 162.0.223.40 - - [10/Jun/2025:12:34:26 +0000] "POST /wp-cron.php?doing_wp_cron=1749558865.2314350605010986328125 HTTP/1.1" 499 0 "-" "WordPress/6.5.5; https://mediaeclips.com"
mediaeclips.infinitibizsol.com:443 34.174.171.127 - - [10/Jun/2025:12:34:26 +0000] "GET /blog/top-web-development-trends-in-2024/ HTTP/1.1" 404 5 "-" "Mozilla/5.0 (Macintosh; Intel Mac OS X 10_15_7) AppleWebKit/605.1.15 (KHTML, like Gecko) Version/17.0 Safari/605.1.15"
mediaeclips.infinitibizsol.com:443 162.0.223.40 - - [10/Jun/2025:12:38:47 +0000] "POST /wp-cron.php?doing_wp_cron=1749559126.0589280128479003906250 HTTP/1.1" 499 0 "-" "WordPress/6.5.5; https://mediaeclips.com"
mediaeclips.infinitibizsol.com:443 66.249.64.164 - - [10/Jun/2025:12:38:47 +0000] "GET /post_tag-sitemap.xml HTTP/1.1" 404 14278 "-" "Mozilla/5.0 (compatible; Googlebot/2.1; +http://www.google.com/bot.html)"
mediaeclips.infinitibizsol.com:443 51.222.253.3 - - [10/Jun/2025:12:39:28 +0000] "GET /tag/what-is-ui-design/feed/ HTTP/1.1" 304 0 "-" "Mozilla/5.0 (compatible; AhrefsBot/7.0; +http://ahrefs.com/robot/)"
mediaeclips.infinitibizsol.com:80 5.161.177.123 - - [10/Jun/2025:12:40:05 +0000] "POST /wp-load.php?f8cd11=35380 HTTP/1.1" 200 1748 "-" "Mozilla/5.0 (Windows NT 10.0; Win64; x64) AppleWebKit/537.36 (KHTML, like Gecko) Chrome/104.0.5112.97 Safari/537.36"
mediaeclips.infinitibizsol.com:80 162.0.223.40 - - [10/Jun/2025:12:43:18 +0000] "POST /wp-cron.php?doing_wp_cron=1749559397.1773989200592041015625 HTTP/1.1" 499 0 "-" "WordPress/6.5.5; https://mediaeclips.com"
mediaeclips.infinitibizsol.com:80 43.166.240.231 - - [10/Jun/2025:12:43:18 +0000] "GET / HTTP/1.1" 404 5 "-" "Mozilla/5.0 (iPhone; CPU iPhone OS 13_2_3 like Mac OS X) AppleWebKit/605.1.15 (KHTML, like Gecko) Version/13.0.3 Mobile/15E148 Safari/604.1"
mediaeclips.infinitibizsol.com:443 51.222.253.2 - - [10/Jun/2025:12:47:59 +0000] "GET /tag/rewards-of-ai-content/feed/ HTTP/1.1" 304 0 "-" "Mozilla/5.0 (compatible; AhrefsBot/7.0; +http://ahrefs.com/robot/)"
mediaeclips.infinitibizsol.com:443 34.174.190.220 - - [10/Jun/2025:12:48:17 +0000] "GET /social-media-engagement-tips-how-to-increase-it/ HTTP/1.1" 499 0 "-" "Mozilla/5.0 (Macintosh; Intel Mac OS X 10_15_7) AppleWebKit/605.1.15 (KHTML, like Gecko) Version/17.0 Safari/605.1.15"
mediaeclips.infinitibizsol.com:443 162.0.223.40 - - [10/Jun/2025:12:48:17 +0000] "POST /wp-cron.php?doing_wp_cron=1749559696.1646289825439453125000 HTTP/1.1" 499 0 "-" "WordPress/6.5.5; https://mediaeclips.com"
mediaeclips.infinitibizsol.com:80 5.161.177.123 - - [10/Jun/2025:12:55:14 +0000] "POST /wp-load.php?db869c=27256 HTTP/1.1" 200 1748 "-" "Mozilla/5.0 (Windows NT 10.0; Win64; x64) AppleWebKit/537.36 (KHTML, like Gecko) Chrome/104.0.5112.97 Safari/537.36"
mediaeclips.infinitibizsol.com:443 162.0.223.40 - - [10/Jun/2025:12:55:58 +0000] "POST /wp-cron.php?doing_wp_cron=1749560157.8320269584655761718750 HTTP/1.1" 499 0 "-" "WordPress/6.5.5; https://mediaeclips.com"
mediaeclips.infinitibizsol.com:443 51.222.253.4 - - [10/Jun/2025:12:55:58 +0000] "GET /tag/why-content-marketing-is-important/feed/ HTTP/1.1" 304 0 "-" "Mozilla/5.0 (compatible; AhrefsBot/7.0; +http://ahrefs.com/robot/)"
mediaeclips.infinitibizsol.com:443 54.164.195.82 - - [10/Jun/2025:12:56:49 +0000] "GET /role-of-email-marketing-in-digital-marketing/ HTTP/1.1" 404 106059 "-" "Grammarly/1.0 (http://www.grammarly.com)"
mediaeclips.infinitibizsol.com:443 162.0.223.40 - - [10/Jun/2025:13:02:39 +0000] "POST /wp-cron.php?doing_wp_cron=1749560558.7586529254913330078125 HTTP/1.1" 499 0 "-" "WordPress/6.5.5; https://mediaeclips.com"
mediaeclips.infinitibizsol.com:443 216.73.216.55 - - [10/Jun/2025:13:02:39 +0000] "GET /goods.php HTTP/1.1" 404 5 "-" "Mozilla/5.0 AppleWebKit/537.36 (KHTML, like Gecko; compatible; ClaudeBot/1.0; +claudebot@anthropic.com)"
mediaeclips.infinitibizsol.com:443 162.0.223.40 - - [10/Jun/2025:13:04:05 +0000] "POST /wp-cron.php?doing_wp_cron=1749560644.7944159507751464843750 HTTP/1.1" 499 0 "-" "WordPress/6.5.5; https://mediaeclips.com"
mediaeclips.infinitibizsol.com:443 51.222.253.14 - - [10/Jun/2025:13:04:05 +0000] "GET /tag/inbound-vs-outbound-marketing/feed/ HTTP/1.1" 304 0 "-" "Mozilla/5.0 (compatible; AhrefsBot/7.0; +http://ahrefs.com/robot/)"
mediaeclips.infinitibizsol.com:443 162.0.223.40 - - [10/Jun/2025:13:09:29 +0000] "POST /wp-cron.php?doing_wp_cron=1749560967.9856839179992675781250 HTTP/1.1" 499 0 "-" "WordPress/6.5.5; https://mediaeclips.com"
mediaeclips.infinitibizsol.com:443 216.73.216.55 - - [10/Jun/2025:13:09:29 +0000] "GET /sitemap.xml HTTP/1.1" 404 5 "-" "Mozilla/5.0 AppleWebKit/537.36 (KHTML, like Gecko; compatible; ClaudeBot/1.0; +claudebot@anthropic.com)"
mediaeclips.infinitibizsol.com:80 5.161.69.178 - - [10/Jun/2025:13:10:15 +0000] "POST /wp-load.php?56aed5=29746 HTTP/1.1" 200 1748 "-" "Mozilla/5.0 (Windows NT 10.0; Win64; x64) AppleWebKit/537.36 (KHTML, like Gecko) Chrome/104.0.5112.97 Safari/537.36"
mediaeclips.infinitibizsol.com:443 51.222.253.6 - - [10/Jun/2025:13:12:29 +0000] "GET /tag/best-social-media-marketing-tools/feed/ HTTP/1.1" 304 0 "-" "Mozilla/5.0 (compatible; AhrefsBot/7.0; +http://ahrefs.com/robot/)"
mediaeclips.infinitibizsol.com:443 162.0.223.40 - - [10/Jun/2025:13:14:33 +0000] "POST /wp-cron.php?doing_wp_cron=1749561272.9609720706939697265625 HTTP/1.1" 499 0 "-" "WordPress/6.5.5; https://mediaeclips.com"
mediaeclips.infinitibizsol.com:443 66.249.64.163 - - [10/Jun/2025:13:14:34 +0000] "GET /shopdetail/151638439 HTTP/1.1" 404 5 "-" "Mozilla/5.0 (Linux; Android 6.0.1; Nexus 5X Build/MMB29P) AppleWebKit/537.36 (KHTML, like Gecko) Chrome/136.0.7103.113 Mobile Safari/537.36 (compatible; Googlebot/2.1; +http://www.google.com/bot.html)"
mediaeclips.infinitibizsol.com:443 162.0.223.40 - - [10/Jun/2025:13:16:26 +0000] "POST /wp-cron.php?doing_wp_cron=1749561385.1896870136260986328125 HTTP/1.1" 499 0 "-" "WordPress/6.5.5; https://mediaeclips.com"
mediaeclips.infinitibizsol.com:443 66.249.64.163 - - [10/Jun/2025:13:16:26 +0000] "GET /shopdetail/100616739 HTTP/1.1" 404 5 "-" "Mozilla/5.0 (Linux; Android 6.0.1; Nexus 5X Build/MMB29P) AppleWebKit/537.36 (KHTML, like Gecko) Chrome/136.0.7103.113 Mobile Safari/537.36 (compatible; Googlebot/2.1; +http://www.google.com/bot.html)"
mediaeclips.infinitibizsol.com:443 162.0.223.40 - - [10/Jun/2025:13:20:37 +0000] "POST /wp-cron.php?doing_wp_cron=1749561636.5179309844970703125000 HTTP/1.1" 499 0 "-" "WordPress/6.5.5; https://mediaeclips.com"
mediaeclips.infinitibizsol.com:443 51.222.253.6 - - [10/Jun/2025:13:20:37 +0000] "GET /tag/web-development-trends-in-2024/feed/ HTTP/1.1" 304 0 "-" "Mozilla/5.0 (compatible; AhrefsBot/7.0; +http://ahrefs.com/robot/)"
mediaeclips.infinitibizsol.com:443 47.128.122.11 - - [10/Jun/2025:13:20:48 +0000] "GET /sem-services-in-dallas-tx/ HTTP/1.1" 404 118032 "-" "Mozilla/5.0 (Linux; Android 5.0) AppleWebKit/537.36 (KHTML, like Gecko) Mobile Safari/537.36 (compatible; TikTokSpider; ttspider-feedback@tiktok.com)"
mediaeclips.infinitibizsol.com:443 47.128.122.11 - - [10/Jun/2025:13:20:49 +0000] "GET /wp-content/uploads/elementor/css/post-3963.css?ver=1715187015 HTTP/1.1" 200 36050 "https://mediaeclips.com/sem-services-in-dallas-tx/" "Mozilla/5.0 (Linux; Android 5.0) AppleWebKit/537.36 (KHTML, like Gecko) Mobile Safari/537.36 (compatible; TikTokSpider; ttspider-feedback@tiktok.com)"
mediaeclips.infinitibizsol.com:443 47.128.122.11 - - [10/Jun/2025:13:20:49 +0000] "GET /wp-content/uploads/2024/05/Cream-Black-Modern-Monogram-Initial-Name-Logo-4-595xh.png HTTP/1.1" 206 500 "https://mediaeclips.com/sem-services-in-dallas-tx/" "Mozilla/5.0 (Linux; Android 5.0) AppleWebKit/537.36 (KHTML, like Gecko) Mobile Safari/537.36 (compatible; TikTokSpider; ttspider-feedback@tiktok.com)"
mediaeclips.infinitibizsol.com:443 47.128.122.11 - - [10/Jun/2025:13:20:50 +0000] "GET /wp-content/uploads/2024/05/banner1-1.jpg HTTP/1.1" 206 500 "https://mediaeclips.com/sem-services-in-dallas-tx/" "Mozilla/5.0 (Linux; Android 5.0) AppleWebKit/537.36 (KHTML, like Gecko) Mobile Safari/537.36 (compatible; TikTokSpider; ttspider-feedback@tiktok.com)"
mediaeclips.infinitibizsol.com:443 47.128.122.11 - - [10/Jun/2025:13:20:50 +0000] "GET /wp-content/uploads/2024/05/Cream-Black-Modern-Monogram-Initial-Name-Logo-5-595xh.png HTTP/1.1" 206 500 "https://mediaeclips.com/sem-services-in-dallas-tx/" "Mozilla/5.0 (Linux; Android 5.0) AppleWebKit/537.36 (KHTML, like Gecko) Mobile Safari/537.36 (compatible; TikTokSpider; ttspider-feedback@tiktok.com)"
mediaeclips.infinitibizsol.com:443 47.128.122.11 - - [10/Jun/2025:13:20:53 +0000] "GET /wp-content/themes/ziptech/framework/color.php?ver=6.5.5 HTTP/1.1" 404 5 "https://mediaeclips.com/sem-services-in-dallas-tx/" "Mozilla/5.0 (Linux; Android 5.0) AppleWebKit/537.36 (KHTML, like Gecko) Mobile Safari/537.36 (compatible; TikTokSpider; ttspider-feedback@tiktok.com)"
mediaeclips.infinitibizsol.com:443 47.128.122.11 - - [10/Jun/2025:13:20:53 +0000] "GET /wp-content/uploads/2023/04/3-2.jpg HTTP/1.1" 206 500 "https://mediaeclips.com/sem-services-in-dallas-tx/" "Mozilla/5.0 (Linux; Android 5.0) AppleWebKit/537.36 (KHTML, like Gecko) Mobile Safari/537.36 (compatible; TikTokSpider; ttspider-feedback@tiktok.com)"
mediaeclips.infinitibizsol.com:443 47.128.122.11 - - [10/Jun/2025:13:20:53 +0000] "GET /wp-content/uploads/2024/05/banner2-1.jpg HTTP/1.1" 206 500 "https://mediaeclips.com/sem-services-in-dallas-tx/" "Mozilla/5.0 (Linux; Android 5.0) AppleWebKit/537.36 (KHTML, like Gecko) Mobile Safari/537.36 (compatible; TikTokSpider; ttspider-feedback@tiktok.com)"
mediaeclips.infinitibizsol.com:80 5.161.106.94 - - [10/Jun/2025:13:25:25 +0000] "POST /wp-load.php?7d6401=43453 HTTP/1.1" 200 1748 "-" "Mozilla/5.0 (Windows NT 10.0; Win64; x64) AppleWebKit/537.36 (KHTML, like Gecko) Chrome/104.0.5112.97 Safari/537.36"
mediaeclips.infinitibizsol.com:443 162.0.223.40 - - [10/Jun/2025:13:27:40 +0000] "POST /wp-cron.php?doing_wp_cron=1749562059.7741289138793945312500 HTTP/1.1" 499 0 "-" "WordPress/6.5.5; https://mediaeclips.com"
mediaeclips.infinitibizsol.com:443 218.21.89.109 - - [10/Jun/2025:13:27:41 +0000] "POST /wp-comments-post.php HTTP/1.1" 302 5 "-" "Mozilla/5.0 (Windows NT 10.0; Win64; x64) AppleWebKit/537.36 (KHTML, like Gecko) Chrome/108.0.0.0 Safari/537.36 Edg/108.0.1462.46"
mediaeclips.infinitibizsol.com:443 218.21.89.109 - - [10/Jun/2025:13:27:50 +0000] "GET /role-of-email-marketing-in-digital-marketing/?unapproved=1199&moderation-hash=e421bc922649546235681d8563063abf HTTP/1.1" 404 107666 "-" "Mozilla/5.0 (Windows NT 10.0; Win64; x64) AppleWebKit/537.36 (KHTML, like Gecko) Chrome/108.0.0.0 Safari/537.36 Edg/108.0.1462.46"
mediaeclips.infinitibizsol.com:443 162.0.223.40 - - [10/Jun/2025:13:28:42 +0000] "POST /wp-cron.php?doing_wp_cron=1749562121.1903378963470458984375 HTTP/1.1" 499 0 "-" "WordPress/6.5.5; https://mediaeclips.com"
mediaeclips.infinitibizsol.com:443 51.222.253.13 - - [10/Jun/2025:13:28:42 +0000] "GET /tag/ppc-and-seo/feed/ HTTP/1.1" 304 0 "-" "Mozilla/5.0 (compatible; AhrefsBot/7.0; +http://ahrefs.com/robot/)"
mediaeclips.infinitibizsol.com:443 162.0.223.40 - - [10/Jun/2025:13:37:28 +0000] "POST /wp-cron.php?doing_wp_cron=1749562647.0608379840850830078125 HTTP/1.1" 499 0 "-" "WordPress/6.5.5; https://mediaeclips.com"
mediaeclips.infinitibizsol.com:443 51.222.253.18 - - [10/Jun/2025:13:37:28 +0000] "GET /tag/google-business-profile/feed/ HTTP/1.1" 304 0 "-" "Mozilla/5.0 (compatible; AhrefsBot/7.0; +http://ahrefs.com/robot/)"
mediaeclips.infinitibizsol.com:80 5.161.106.94 - - [10/Jun/2025:13:40:35 +0000] "POST /wp-load.php?d1a999=75837 HTTP/1.1" 200 1748 "-" "Mozilla/5.0 (Windows NT 10.0; Win64; x64) AppleWebKit/537.36 (KHTML, like Gecko) Chrome/104.0.5112.97 Safari/537.36"
mediaeclips.infinitibizsol.com:443 162.0.223.40 - - [10/Jun/2025:13:44:40 +0000] "POST /wp-cron.php?doing_wp_cron=1749563079.3051879405975341796875 HTTP/1.1" 499 0 "-" "WordPress/6.5.5; https://mediaeclips.com"
mediaeclips.infinitibizsol.com:443 34.174.171.127 - - [10/Jun/2025:13:44:40 +0000] "GET /what-is-the-impact-of-ai-on-digital-marketing/ HTTP/1.1" 499 0 "-" "Mozilla/5.0 (Macintosh; Intel Mac OS X 10_15_7) AppleWebKit/605.1.15 (KHTML, like Gecko) Version/17.0 Safari/605.1.15"
mediaeclips.infinitibizsol.com:443 170.39.218.62 - - [10/Jun/2025:13:46:35 +0000] "GET /wp-content/plugins/ziptech-elementor/assets/js/bdevs-elementor.js?ver=1.0.0 HTTP/1.1" 200 591 "-" "Mozilla/5.0 (Windows NT 10.0; Win64; x64) AppleWebKit/537.36 Chrome/121.0.0.0"
mediaeclips.infinitibizsol.com:443 162.0.223.40 - - [10/Jun/2025:13:50:42 +0000] "POST /wp-cron.php?doing_wp_cron=1749563441.6189560890197753906250 HTTP/1.1" 499 0 "-" "WordPress/6.5.5; https://mediaeclips.com"
mediaeclips.infinitibizsol.com:443 51.222.253.18 - - [10/Jun/2025:13:50:42 +0000] "GET /tag/impact-of-ai-on-digital-marketing/feed/ HTTP/1.1" 304 0 "-" "Mozilla/5.0 (compatible; AhrefsBot/7.0; +http://ahrefs.com/robot/)"
mediaeclips.infinitibizsol.com:80 5.161.216.238 - - [10/Jun/2025:13:55:44 +0000] "POST /wp-load.php?0516f7=87605 HTTP/1.1" 200 1748 "-" "Mozilla/5.0 (Windows NT 10.0; Win64; x64) AppleWebKit/537.36 (KHTML, like Gecko) Chrome/104.0.5112.97 Safari/537.36"
mediaeclips.infinitibizsol.com:80 162.0.223.40 - - [10/Jun/2025:13:56:49 +0000] "POST /wp-cron.php?doing_wp_cron=1749563808.2317020893096923828125 HTTP/1.1" 499 0 "-" "WordPress/6.5.5; https://mediaeclips.com"
mediaeclips.infinitibizsol.com:80 18.97.14.81 - - [10/Jun/2025:13:56:49 +0000] "GET / HTTP/1.1" 404 5 "-" "CCBot/2.0 (https://commoncrawl.org/faq/)"
mediaeclips.infinitibizsol.com:443 162.0.223.40 - - [10/Jun/2025:14:01:02 +0000] "POST /wp-cron.php?doing_wp_cron=1749564061.2611269950866699218750 HTTP/1.1" 499 0 "-" "WordPress/6.5.5; https://mediaeclips.com"
mediaeclips.infinitibizsol.com:443 34.174.136.9 - - [10/Jun/2025:14:01:02 +0000] "GET /services/ HTTP/1.1" 404 5 "-" "Mozilla/5.0 (Macintosh; Intel Mac OS X 10.15; rv:109.0) Gecko/20100101 Firefox/116.0"
mediaeclips.infinitibizsol.com:443 162.0.223.40 - - [10/Jun/2025:14:06:56 +0000] "POST /wp-cron.php?doing_wp_cron=1749564415.0161070823669433593750 HTTP/1.1" 499 0 "-" "WordPress/6.5.5; https://mediaeclips.com"
mediaeclips.infinitibizsol.com:443 51.222.253.9 - - [10/Jun/2025:14:06:56 +0000] "GET /category/uncategorized/feed/ HTTP/1.1" 304 0 "-" "Mozilla/5.0 (compatible; AhrefsBot/7.0; +http://ahrefs.com/robot/)"
mediaeclips.infinitibizsol.com:80 5.161.216.238 - - [10/Jun/2025:14:10:46 +0000] "POST /wp-load.php?68864d=76597 HTTP/1.1" 200 1748 "-" "Mozilla/5.0 (Windows NT 10.0; Win64; x64) AppleWebKit/537.36 (KHTML, like Gecko) Chrome/104.0.5112.97 Safari/537.36"
mediaeclips.infinitibizsol.com:443 162.0.223.40 - - [10/Jun/2025:14:17:14 +0000] "POST /wp-cron.php?doing_wp_cron=1749565033.7276949882507324218750 HTTP/1.1" 499 0 "-" "WordPress/6.5.5; https://mediaeclips.com"
mediaeclips.infinitibizsol.com:443 51.222.253.18 - - [10/Jun/2025:14:17:14 +0000] "GET /tag/what-is-seo/feed/ HTTP/1.1" 304 0 "-" "Mozilla/5.0 (compatible; AhrefsBot/7.0; +http://ahrefs.com/robot/)"
mediaeclips.infinitibizsol.com:443 34.174.171.127 - - [10/Jun/2025:14:17:38 +0000] "GET /how-to-create-an-effective-seo-strategy/ HTTP/1.1" 404 107284 "-" "Mozilla/5.0 (Macintosh; Intel Mac OS X 10.15; rv:109.0) Gecko/20100101 Firefox/116.0"
mediaeclips.infinitibizsol.com:443 46.25.71.106 - - [10/Jun/2025:14:19:23 +0000] "GET / HTTP/1.1" 404 108420 "-" "Mozilla/5.0 (X11; Ubuntu; Linux i686; rv:124.0) Gecko/20100101 Firefox/124.0"
mediaeclips.infinitibizsol.com:443 35.171.69.89 - - [10/Jun/2025:14:22:40 +0000] "GET /wp-content/uploads/2023/08/Website-development-1.png HTTP/1.1" 200 40060 "-" "Mozilla/5.0"
mediaeclips.infinitibizsol.com:443 35.171.69.89 - - [10/Jun/2025:14:22:41 +0000] "GET /wp-content/uploads/2023/08/Graphic-Design.png HTTP/1.1" 200 36026 "-" "Mozilla/5.0"
mediaeclips.infinitibizsol.com:443 35.171.69.89 - - [10/Jun/2025:14:22:41 +0000] "GET /wp-content/uploads/2023/08/Social-Media-Marketing4.png HTTP/1.1" 200 21037 "-" "Mozilla/5.0"
mediaeclips.infinitibizsol.com:443 35.171.69.89 - - [10/Jun/2025:14:22:41 +0000] "GET /wp-content/uploads/2023/08/Blogs-newsletter.png HTTP/1.1" 200 29222 "-" "Mozilla/5.0"
mediaeclips.infinitibizsol.com:443 35.171.69.89 - - [10/Jun/2025:14:22:42 +0000] "GET /wp-content/uploads/2023/08/SEO.png HTTP/1.1" 200 21199 "-" "Mozilla/5.0"
mediaeclips.infinitibizsol.com:443 35.171.69.89 - - [10/Jun/2025:14:22:42 +0000] "GET /wp-content/uploads/2023/08/Video.png HTTP/1.1" 200 32447 "-" "Mozilla/5.0"
mediaeclips.infinitibizsol.com:443 35.171.69.89 - - [10/Jun/2025:14:22:42 +0000] "GET /wp-content/uploads/2023/08/SEM.png HTTP/1.1" 200 22574 "-" "Mozilla/5.0"
mediaeclips.infinitibizsol.com:443 35.171.69.89 - - [10/Jun/2025:14:22:42 +0000] "GET /wp-content/uploads/2023/08/IT-Services.png HTTP/1.1" 200 44143 "-" "Mozilla/5.0"
mediaeclips.infinitibizsol.com:80 5.161.106.94 - - [10/Jun/2025:14:25:57 +0000] "POST /wp-load.php?afc46c=5016 HTTP/1.1" 200 1748 "-" "Mozilla/5.0 (Windows NT 10.0; Win64; x64) AppleWebKit/537.36 (KHTML, like Gecko) Chrome/104.0.5112.97 Safari/537.36"
mediaeclips.infinitibizsol.com:443 162.0.223.40 - - [10/Jun/2025:14:26:59 +0000] "POST /wp-cron.php?doing_wp_cron=1749565618.0612909793853759765625 HTTP/1.1" 499 0 "-" "WordPress/6.5.5; https://mediaeclips.com"
mediaeclips.infinitibizsol.com:443 51.222.253.5 - - [10/Jun/2025:14:26:59 +0000] "GET /author/admin/feed/ HTTP/1.1" 304 0 "-" "Mozilla/5.0 (compatible; AhrefsBot/7.0; +http://ahrefs.com/robot/)"
mediaeclips.infinitibizsol.com:443 162.0.223.40 - - [10/Jun/2025:14:36:55 +0000] "POST /wp-cron.php?doing_wp_cron=1749566214.6575078964233398437500 HTTP/1.1" 499 0 "-" "WordPress/6.5.5; https://mediaeclips.com"
mediaeclips.infinitibizsol.com:443 51.222.253.1 - - [10/Jun/2025:14:36:55 +0000] "GET /tag/use-of-ai-for-seo/feed/ HTTP/1.1" 304 0 "-" "Mozilla/5.0 (compatible; AhrefsBot/7.0; +http://ahrefs.com/robot/)"
mediaeclips.infinitibizsol.com:443 170.39.218.62 - - [10/Jun/2025:14:39:47 +0000] "GET /wp-content/plugins/elementor/assets/js/webpack.runtime.min.js?ver=3.21.5 HTTP/1.1" 200 4997 "-" "Mozilla/5.0 (Windows NT 10.0; Win64; x64) AppleWebKit/537.36 Chrome/121.0.0.0"
mediaeclips.infinitibizsol.com:80 5.161.177.123 - - [10/Jun/2025:14:41:05 +0000] "POST /wp-load.php?94875f=17591 HTTP/1.1" 200 1748 "-" "Mozilla/5.0 (Windows NT 10.0; Win64; x64) AppleWebKit/537.36 (KHTML, like Gecko) Chrome/104.0.5112.97 Safari/537.36"
mediaeclips.infinitibizsol.com:443 162.0.223.40 - - [10/Jun/2025:14:42:03 +0000] "POST /wp-cron.php?doing_wp_cron=1749566521.9708039760589599609375 HTTP/1.1" 499 0 "-" "WordPress/6.5.5; https://mediaeclips.com"
mediaeclips.infinitibizsol.com:443 57.141.4.20 - - [10/Jun/2025:14:42:03 +0000] "GET /tag/risks-of-ai-content/ HTTP/1.1" 404 48078 "-" "meta-externalagent/1.1 (+https://developers.facebook.com/docs/sharing/webmasters/crawler)"
mediaeclips.infinitibizsol.com:443 162.0.223.40 - - [10/Jun/2025:14:47:38 +0000] "POST /wp-cron.php?doing_wp_cron=1749566857.4026451110839843750000 HTTP/1.1" 499 0 "-" "WordPress/6.5.5; https://mediaeclips.com"
mediaeclips.infinitibizsol.com:443 51.222.253.1 - - [10/Jun/2025:14:47:38 +0000] "GET /tag/latest-seo-trends/feed/ HTTP/1.1" 304 0 "-" "Mozilla/5.0 (compatible; AhrefsBot/7.0; +http://ahrefs.com/robot/)"
mediaeclips.infinitibizsol.com:443 20.171.207.134 - - [10/Jun/2025:14:51:13 +0000] "GET / HTTP/1.1" 404 97891 "-" "Mozilla/5.0 AppleWebKit/537.36 (KHTML, like Gecko; compatible; GPTBot/1.2; +https://openai.com/gptbot)"
mediaeclips.infinitibizsol.com:443 162.0.223.40 - - [10/Jun/2025:14:54:28 +0000] "POST /wp-cron.php?doing_wp_cron=1749567267.3926799297332763671875 HTTP/1.1" 499 0 "-" "WordPress/6.5.5; https://mediaeclips.com"
mediaeclips.infinitibizsol.com:443 57.141.4.4 - - [10/Jun/2025:14:54:28 +0000] "GET /goods.php?sitemap.xml HTTP/1.1" 404 5 "-" "meta-externalagent/1.1 (+https://developers.facebook.com/docs/sharing/webmasters/crawler)"
mediaeclips.infinitibizsol.com:80 5.161.106.94 - - [10/Jun/2025:14:56:14 +0000] "POST /wp-load.php?6a505f=40169 HTTP/1.1" 200 1748 "-" "Mozilla/5.0 (Windows NT 10.0; Win64; x64) AppleWebKit/537.36 (KHTML, like Gecko) Chrome/104.0.5112.97 Safari/537.36"
mediaeclips.infinitibizsol.com:443 51.222.253.1 - - [10/Jun/2025:14:56:33 +0000] "GET /tag/local-seo-plano/feed/ HTTP/1.1" 304 0 "-" "Mozilla/5.0 (compatible; AhrefsBot/7.0; +http://ahrefs.com/robot/)"
mediaeclips.infinitibizsol.com:443 162.0.223.40 - - [10/Jun/2025:15:03:24 +0000] "POST /wp-cron.php?doing_wp_cron=1749567803.6470110416412353515625 HTTP/1.1" 499 0 "-" "WordPress/6.5.5; https://mediaeclips.com"
mediaeclips.infinitibizsol.com:443 199.195.249.49 - - [10/Jun/2025:15:03:24 +0000] "GET /wp-login.php HTTP/1.1" 200 6532 "-" "Mozilla/5.0 (iPhone; CPU iPhone OS 7_1_2 like Mac OS X) AppleWebKit/537.51.1 (KHTML, like Gecko) GSA/4.1.0.31802 Mobile/11D257 Safari/9537.53"
mediaeclips.infinitibizsol.com:443 199.195.249.49 - - [10/Jun/2025:15:04:26 +0000] "POST /wp-login.php HTTP/1.1" 200 7022 "-" "Mozilla/5.0 (iPhone; CPU iPhone OS 7_1_2 like Mac OS X) AppleWebKit/537.51.1 (KHTML, like Gecko) GSA/4.1.0.31802 Mobile/11D257 Safari/9537.53"
mediaeclips.infinitibizsol.com:443 51.222.253.1 - - [10/Jun/2025:15:06:21 +0000] "GET /tag/key-components-of-it-services/feed/ HTTP/1.1" 304 0 "-" "Mozilla/5.0 (compatible; AhrefsBot/7.0; +http://ahrefs.com/robot/)"
mediaeclips.infinitibizsol.com:443 162.0.223.40 - - [10/Jun/2025:15:09:25 +0000] "POST /wp-cron.php?doing_wp_cron=1749568164.2016530036926269531250 HTTP/1.1" 499 0 "-" "WordPress/6.5.5; https://mediaeclips.com"
mediaeclips.infinitibizsol.com:443 66.249.64.165 - - [10/Jun/2025:15:09:25 +0000] "GET /shopdetail/154977039 HTTP/1.1" 404 5 "-" "Mozilla/5.0 (Linux; Android 6.0.1; Nexus 5X Build/MMB29P) AppleWebKit/537.36 (KHTML, like Gecko) Chrome/136.0.7103.113 Mobile Safari/537.36 (compatible; Googlebot/2.1; +http://www.google.com/bot.html)"
mediaeclips.infinitibizsol.com:443 34.174.136.9 - - [10/Jun/2025:15:10:40 +0000] "GET /terms-conditions HTTP/1.1" 404 5 "-" "Mozilla/5.0 (Macintosh; Intel Mac OS X 10_15_7) AppleWebKit/605.1.15 (KHTML, like Gecko) Version/17.0 Safari/605.1.15"
mediaeclips.infinitibizsol.com:80 5.161.52.234 - - [10/Jun/2025:15:11:15 +0000] "POST /wp-load.php?e875e0=46176 HTTP/1.1" 200 1748 "-" "Mozilla/5.0 (Windows NT 10.0; Win64; x64) AppleWebKit/537.36 (KHTML, like Gecko) Chrome/104.0.5112.97 Safari/537.36"
mediaeclips.infinitibizsol.com:443 162.0.223.40 - - [10/Jun/2025:15:14:58 +0000] "POST /wp-cron.php?doing_wp_cron=1749568497.5703101158142089843750 HTTP/1.1" 499 0 "-" "WordPress/6.5.5; https://mediaeclips.com"
mediaeclips.infinitibizsol.com:443 34.174.251.44 - - [10/Jun/2025:15:14:59 +0000] "GET /ultimate-guide-to-creating-a-content-marketing-strategy/ HTTP/1.1" 499 0 "-" "Mozilla/5.0 (Windows NT 10.0; Win64; x64) AppleWebKit/537.36 (KHTML, like Gecko) Chrome/123.0.0.0 Safari/537.36"
mediaeclips.infinitibizsol.com:443 51.222.253.6 - - [10/Jun/2025:15:15:51 +0000] "GET /tag/digital-marketing-tools/feed/ HTTP/1.1" 304 0 "-" "Mozilla/5.0 (compatible; AhrefsBot/7.0; +http://ahrefs.com/robot/)"
mediaeclips.infinitibizsol.com:443 162.0.223.40 - - [10/Jun/2025:15:18:20 +0000] "POST /wp-cron.php?doing_wp_cron=1749568698.9726219177246093750000 HTTP/1.1" 499 0 "-" "WordPress/6.5.5; https://mediaeclips.com"
mediaeclips.infinitibizsol.com:443 57.141.4.18 - - [10/Jun/2025:15:18:20 +0000] "GET /sitemap.xml HTTP/1.1" 404 5 "-" "meta-externalagent/1.1 (+https://developers.facebook.com/docs/sharing/webmasters/crawler)"
mediaeclips.infinitibizsol.com:443 45.227.253.15 - - [10/Jun/2025:15:20:54 +0000] "GET /index.php/jk HTTP/1.1" 200 54 "-" "Mozilla/5.0 (Macintosh; Intel Mac OS X 10.11; rv:103.0) Gecko/20100101 Firefox/102.0"
mediaeclips.infinitibizsol.com:443 162.0.223.40 - - [10/Jun/2025:15:24:41 +0000] "POST /wp-cron.php?doing_wp_cron=1749569080.7759099006652832031250 HTTP/1.1" 499 0 "-" "WordPress/6.5.5; https://mediaeclips.com"
mediaeclips.infinitibizsol.com:443 51.222.253.14 - - [10/Jun/2025:15:24:42 +0000] "GET /tag/what-is-search-engine-marketing/feed/ HTTP/1.1" 304 0 "-" "Mozilla/5.0 (compatible; AhrefsBot/7.0; +http://ahrefs.com/robot/)"
mediaeclips.infinitibizsol.com:80 5.161.177.123 - - [10/Jun/2025:15:26:14 +0000] "POST /wp-load.php?f85eb5=12862 HTTP/1.1" 200 1748 "-" "Mozilla/5.0 (Windows NT 10.0; Win64; x64) AppleWebKit/537.36 (KHTML, like Gecko) Chrome/104.0.5112.97 Safari/537.36"
mediaeclips.infinitibizsol.com:443 162.0.223.40 - - [10/Jun/2025:15:34:27 +0000] "POST /wp-cron.php?doing_wp_cron=1749569666.7176530361175537109375 HTTP/1.1" 499 0 "-" "WordPress/6.5.5; https://mediaeclips.com"
mediaeclips.infinitibizsol.com:443 51.222.253.4 - - [10/Jun/2025:15:34:27 +0000] "GET /services/feed/ HTTP/1.1" 304 0 "-" "Mozilla/5.0 (compatible; AhrefsBot/7.0; +http://ahrefs.com/robot/)"
mediaeclips.infinitibizsol.com:443 199.195.254.158 - - [10/Jun/2025:15:37:54 +0000] "GET /wp-login.php HTTP/1.1" 200 6532 "-" "Mozilla/5.0 (Windows NT 6.1) AppleWebKit/537.36 (KHTML, like Gecko) Chrome/36.0.1985.125 Safari/537.36"
mediaeclips.infinitibizsol.com:443 199.195.254.158 - - [10/Jun/2025:15:38:00 +0000] "POST /wp-login.php HTTP/1.1" 200 7138 "-" "Mozilla/5.0 (Windows NT 6.1) AppleWebKit/537.36 (KHTML, like Gecko) Chrome/36.0.1985.125 Safari/537.36"
mediaeclips.infinitibizsol.com:80 5.161.216.238 - - [10/Jun/2025:15:41:25 +0000] "POST /wp-load.php?8e422f=48737 HTTP/1.1" 200 1748 "-" "Mozilla/5.0 (Windows NT 10.0; Win64; x64) AppleWebKit/537.36 (KHTML, like Gecko) Chrome/104.0.5112.97 Safari/537.36"
mediaeclips.infinitibizsol.com:443 162.0.223.40 - - [10/Jun/2025:15:45:51 +0000] "POST /wp-cron.php?doing_wp_cron=1749570350.6671779155731201171875 HTTP/1.1" 499 0 "-" "WordPress/6.5.5; https://mediaeclips.com"
mediaeclips.infinitibizsol.com:443 51.222.253.8 - - [10/Jun/2025:15:45:52 +0000] "GET /tag/conversion-rate-formulas/ HTTP/1.1" 404 48134 "-" "Mozilla/5.0 (compatible; AhrefsBot/7.0; +http://ahrefs.com/robot/)"
mediaeclips.infinitibizsol.com:443 170.39.218.62 - - [10/Jun/2025:15:50:38 +0000] "GET /wp-content/plugins/essential-addons-for-elementor-lite/assets/front-end/js/view/general.min.js?ver=5.9.21 HTTP/1.1" 200 10364 "-" "Mozilla/5.0 (Windows NT 10.0; Win64; x64) AppleWebKit/537.36 Chrome/121.0.0.0"
mediaeclips.infinitibizsol.com:443 45.192.215.162 - - [10/Jun/2025:15:55:32 +0000] "GET / HTTP/1.1" 404 108420 "-" "Python/3.10 aiohttp/3.12.9"
mediaeclips.infinitibizsol.com:80 45.192.215.162 - - [10/Jun/2025:15:55:41 +0000] "GET / HTTP/1.1" 499 0 "-" "Python/3.10 aiohttp/3.12.9"
mediaeclips.infinitibizsol.com:80 162.0.223.40 - - [10/Jun/2025:15:55:44 +0000] "POST /wp-cron.php?doing_wp_cron=1749570943.5981700420379638671875 HTTP/1.1" 499 0 "-" "WordPress/6.5.5; https://mediaeclips.com"
mediaeclips.infinitibizsol.com:443 51.222.253.9 - - [10/Jun/2025:15:56:14 +0000] "GET /graphic-design-services-in-allen-tx/ HTTP/1.1" 404 118260 "-" "Mozilla/5.0 (compatible; AhrefsBot/7.0; +http://ahrefs.com/robot/)"
mediaeclips.infinitibizsol.com:80 139.180.180.168 - - [10/Jun/2025:15:56:35 +0000] "POST /wp-load.php?1d8662=27446 HTTP/1.1" 200 1748 "-" "Mozilla/5.0 (Windows NT 10.0; Win64; x64) AppleWebKit/537.36 (KHTML, like Gecko) Chrome/104.0.5112.97 Safari/537.36"
mediaeclips.infinitibizsol.com:443 162.0.223.40 - - [10/Jun/2025:16:00:01 +0000] "POST /wp-cron.php?doing_wp_cron=1749571200.0942089557647705078125 HTTP/1.1" 499 0 "-" "WordPress/6.5.5; https://mediaeclips.com"
mediaeclips.infinitibizsol.com:443 34.174.165.2 - - [10/Jun/2025:16:00:01 +0000] "GET /what-are-the-benefits-of-email-marketing/ HTTP/1.1" 499 0 "-" "Mozilla/5.0 (Windows NT 10.0; Win64; x64) AppleWebKit/537.36 (KHTML, like Gecko) Chrome/123.0.0.0 Safari/537.36"
mediaeclips.infinitibizsol.com:443 34.174.165.2 - - [10/Jun/2025:16:00:51 +0000] "GET /what-can-videography-do-for-your-marketing/ HTTP/1.1" 499 0 "-" "Mozilla/5.0 (Macintosh; Intel Mac OS X 10.15; rv:109.0) Gecko/20100101 Firefox/116.0"
mediaeclips.infinitibizsol.com:443 162.0.223.40 - - [10/Jun/2025:16:05:15 +0000] "POST /wp-cron.php?doing_wp_cron=1749571514.8752310276031494140625 HTTP/1.1" 499 0 "-" "WordPress/6.5.5; https://mediaeclips.com"
mediaeclips.infinitibizsol.com:443 51.222.253.17 - - [10/Jun/2025:16:05:17 +0000] "GET /graphic-design-services-in-dallas-tx/ HTTP/1.1" 404 118265 "-" "Mozilla/5.0 (compatible; AhrefsBot/7.0; +http://ahrefs.com/robot/)"
mediaeclips.infinitibizsol.com:80 5.161.44.164 - - [10/Jun/2025:16:11:44 +0000] "POST /wp-load.php?b5088e=29044 HTTP/1.1" 200 1748 "-" "Mozilla/5.0 (Windows NT 10.0; Win64; x64) AppleWebKit/537.36 (KHTML, like Gecko) Chrome/104.0.5112.97 Safari/537.36"
mediaeclips.infinitibizsol.com:443 162.0.223.40 - - [10/Jun/2025:16:12:38 +0000] "POST /wp-cron.php?doing_wp_cron=1749571957.7679839134216308593750 HTTP/1.1" 499 0 "-" "WordPress/6.5.5; https://mediaeclips.com"
mediaeclips.infinitibizsol.com:443 66.249.64.163 - - [10/Jun/2025:16:12:39 +0000] "GET /shopdetail/129816639 HTTP/1.1" 404 5 "-" "Mozilla/5.0 (Linux; Android 6.0.1; Nexus 5X Build/MMB29P) AppleWebKit/537.36 (KHTML, like Gecko) Chrome/136.0.7103.113 Mobile Safari/537.36 (compatible; Googlebot/2.1; +http://www.google.com/bot.html)"
mediaeclips.infinitibizsol.com:443 139.177.233.198 - - [10/Jun/2025:16:13:06 +0000] "GET /wp-content/uploads/2023/08/Blogs-newsletter.png HTTP/1.1" 200 29222 "-" "Mozilla/5.0"
mediaeclips.infinitibizsol.com:443 147.160.184.151 - - [10/Jun/2025:16:13:07 +0000] "GET /wp-content/uploads/2023/08/SEO.png HTTP/1.1" 200 21199 "-" "Mozilla/5.0"
mediaeclips.infinitibizsol.com:443 139.177.233.190 - - [10/Jun/2025:16:13:07 +0000] "GET /wp-content/uploads/2023/08/Video.png HTTP/1.1" 200 32447 "-" "Mozilla/5.0"
mediaeclips.infinitibizsol.com:443 139.177.233.213 - - [10/Jun/2025:16:13:08 +0000] "GET /wp-content/uploads/2023/08/SEM.png HTTP/1.1" 200 22574 "-" "Mozilla/5.0"
mediaeclips.infinitibizsol.com:443 130.44.212.102 - - [10/Jun/2025:16:13:08 +0000] "GET /wp-content/uploads/2023/08/IT-Services.png HTTP/1.1" 200 44143 "-" "Mozilla/5.0"
mediaeclips.infinitibizsol.com:443 51.222.253.17 - - [10/Jun/2025:16:16:03 +0000] "GET /smm-services-in-dallas-tx/ HTTP/1.1" 404 118033 "-" "Mozilla/5.0 (compatible; AhrefsBot/7.0; +http://ahrefs.com/robot/)"
mediaeclips.infinitibizsol.com:80 162.0.223.40 - - [10/Jun/2025:16:19:19 +0000] "POST /wp-cron.php?doing_wp_cron=1749572358.8404030799865722656250 HTTP/1.1" 499 0 "-" "WordPress/6.5.5; https://mediaeclips.com"
mediaeclips.infinitibizsol.com:80 170.106.73.216 - - [10/Jun/2025:16:19:19 +0000] "GET / HTTP/1.1" 404 5 "-" "Mozilla/5.0 (iPhone; CPU iPhone OS 13_2_3 like Mac OS X) AppleWebKit/605.1.15 (KHTML, like Gecko) Version/13.0.3 Mobile/15E148 Safari/604.1"
mediaeclips.infinitibizsol.com:80 162.0.223.40 - - [10/Jun/2025:16:26:13 +0000] "POST /wp-cron.php?doing_wp_cron=1749572772.9370710849761962890625 HTTP/1.1" 499 0 "-" "WordPress/6.5.5; https://mediaeclips.com"
mediaeclips.infinitibizsol.com:80 162.0.223.40 - - [10/Jun/2025:16:26:14 +0000] "POST /wp-cron.php?doing_wp_cron=1749572773.0088770389556884765625 HTTP/1.1" 499 0 "-" "WordPress/6.5.5; https://mediaeclips.com"
mediaeclips.infinitibizsol.com:80 185.177.72.106 - - [10/Jun/2025:16:26:14 +0000] "GET /.git/HEAD HTTP/1.1" 404 5 "-" "-"
mediaeclips.infinitibizsol.com:80 185.177.72.106 - - [10/Jun/2025:16:26:14 +0000] "GET /.git/HEAD HTTP/1.1" 404 5 "-" "-"
mediaeclips.infinitibizsol.com:80 162.0.223.40 - - [10/Jun/2025:16:26:14 +0000] "POST /wp-cron.php?doing_wp_cron=1749572773.3247029781341552734375 HTTP/1.1" 499 0 "-" "WordPress/6.5.5; https://mediaeclips.com"
mediaeclips.infinitibizsol.com:80 185.177.72.106 - - [10/Jun/2025:16:26:14 +0000] "GET /.git/HEAD HTTP/1.1" 404 5 "-" "-"
mediaeclips.infinitibizsol.com:80 162.0.223.40 - - [10/Jun/2025:16:26:14 +0000] "POST /wp-cron.php?doing_wp_cron=1749572773.8327109813690185546875 HTTP/1.1" 499 0 "-" "WordPress/6.5.5; https://mediaeclips.com"
mediaeclips.infinitibizsol.com:80 185.177.72.106 - - [10/Jun/2025:16:26:14 +0000] "GET /.git/HEAD HTTP/1.1" 404 5 "-" "-"
mediaeclips.infinitibizsol.com:443 185.177.72.106 - - [10/Jun/2025:16:26:19 +0000] "GET /_profiler/phpinfo HTTP/1.1" 404 5 "-" "Mozilla/5.0 (Windows NT 10.0; Win64; x64) AppleWebKit/537.36 (KHTML, like Gecko) Chrome/91.0.4472.124 Safari/537.36"
mediaeclips.infinitibizsol.com:443 185.177.72.106 - - [10/Jun/2025:16:26:19 +0000] "GET /_profiler/phpinfo HTTP/1.1" 404 5 "-" "Mozilla/5.0 (Windows NT 10.0; Win64; x64) AppleWebKit/537.36 (KHTML, like Gecko) Chrome/91.0.4472.124 Safari/537.36"
mediaeclips.infinitibizsol.com:443 185.177.72.106 - - [10/Jun/2025:16:26:19 +0000] "GET /_profiler/phpinfo HTTP/1.1" 404 5 "-" "Mozilla/5.0 (Windows NT 10.0; Win64; x64) AppleWebKit/537.36 (KHTML, like Gecko) Chrome/91.0.4472.124 Safari/537.36"
mediaeclips.infinitibizsol.com:443 185.177.72.106 - - [10/Jun/2025:16:26:19 +0000] "GET /_profiler/phpinfo HTTP/1.1" 404 5 "-" "Mozilla/5.0 (Windows NT 10.0; Win64; x64) AppleWebKit/537.36 (KHTML, like Gecko) Chrome/91.0.4472.124 Safari/537.36"
mediaeclips.infinitibizsol.com:443 185.177.72.106 - - [10/Jun/2025:16:26:22 +0000] "GET /_profiler/phpinfo.php HTTP/1.1" 404 5 "-" "Mozilla/5.0 (Windows NT 10.0; Win64; x64) AppleWebKit/537.36 (KHTML, like Gecko) Chrome/91.0.4472.124 Safari/537.36"
mediaeclips.infinitibizsol.com:443 185.177.72.106 - - [10/Jun/2025:16:26:23 +0000] "GET /_profiler/phpinfo.php HTTP/1.1" 404 5 "-" "Mozilla/5.0 (Windows NT 10.0; Win64; x64) AppleWebKit/537.36 (KHTML, like Gecko) Chrome/91.0.4472.124 Safari/537.36"
mediaeclips.infinitibizsol.com:443 185.177.72.106 - - [10/Jun/2025:16:26:23 +0000] "GET /_profiler/phpinfo.php HTTP/1.1" 404 5 "-" "Mozilla/5.0 (Windows NT 10.0; Win64; x64) AppleWebKit/537.36 (KHTML, like Gecko) Chrome/91.0.4472.124 Safari/537.36"
mediaeclips.infinitibizsol.com:443 185.177.72.106 - - [10/Jun/2025:16:26:23 +0000] "GET /_profiler/phpinfo.php HTTP/1.1" 404 5 "-" "Mozilla/5.0 (Windows NT 10.0; Win64; x64) AppleWebKit/537.36 (KHTML, like Gecko) Chrome/91.0.4472.124 Safari/537.36"
mediaeclips.infinitibizsol.com:443 185.177.72.106 - - [10/Jun/2025:16:26:25 +0000] "GET /phpinfo HTTP/1.1" 404 5 "-" "Mozilla/5.0 (Windows NT 10.0; Win64; x64) AppleWebKit/537.36 (KHTML, like Gecko) Chrome/91.0.4472.124 Safari/537.36"
mediaeclips.infinitibizsol.com:443 185.177.72.106 - - [10/Jun/2025:16:26:26 +0000] "GET /phpinfo HTTP/1.1" 404 5 "-" "Mozilla/5.0 (Windows NT 10.0; Win64; x64) AppleWebKit/537.36 (KHTML, like Gecko) Chrome/91.0.4472.124 Safari/537.36"
mediaeclips.infinitibizsol.com:443 185.177.72.106 - - [10/Jun/2025:16:26:26 +0000] "GET /phpinfo HTTP/1.1" 404 5 "-" "Mozilla/5.0 (Windows NT 10.0; Win64; x64) AppleWebKit/537.36 (KHTML, like Gecko) Chrome/91.0.4472.124 Safari/537.36"
mediaeclips.infinitibizsol.com:443 185.177.72.106 - - [10/Jun/2025:16:26:26 +0000] "GET /phpinfo HTTP/1.1" 404 5 "-" "Mozilla/5.0 (Windows NT 10.0; Win64; x64) AppleWebKit/537.36 (KHTML, like Gecko) Chrome/91.0.4472.124 Safari/537.36"
mediaeclips.infinitibizsol.com:443 185.177.72.106 - - [10/Jun/2025:16:26:29 +0000] "GET /phpinfo.php HTTP/1.1" 404 5 "-" "Mozilla/5.0 (Windows NT 10.0; Win64; x64) AppleWebKit/537.36 (KHTML, like Gecko) Chrome/91.0.4472.124 Safari/537.36"
mediaeclips.infinitibizsol.com:443 185.177.72.106 - - [10/Jun/2025:16:26:29 +0000] "GET /phpinfo.php HTTP/1.1" 404 5 "-" "Mozilla/5.0 (Windows NT 10.0; Win64; x64) AppleWebKit/537.36 (KHTML, like Gecko) Chrome/91.0.4472.124 Safari/537.36"
mediaeclips.infinitibizsol.com:443 185.177.72.106 - - [10/Jun/2025:16:26:29 +0000] "GET /phpinfo.php HTTP/1.1" 404 5 "-" "Mozilla/5.0 (Windows NT 10.0; Win64; x64) AppleWebKit/537.36 (KHTML, like Gecko) Chrome/91.0.4472.124 Safari/537.36"
mediaeclips.infinitibizsol.com:443 185.177.72.106 - - [10/Jun/2025:16:26:30 +0000] "GET /phpinfo.php HTTP/1.1" 404 5 "-" "Mozilla/5.0 (Windows NT 10.0; Win64; x64) AppleWebKit/537.36 (KHTML, like Gecko) Chrome/91.0.4472.124 Safari/537.36"
mediaeclips.infinitibizsol.com:443 185.177.72.106 - - [10/Jun/2025:16:26:32 +0000] "GET /info HTTP/1.1" 404 5 "-" "Mozilla/5.0 (Windows NT 10.0; Win64; x64) AppleWebKit/537.36 (KHTML, like Gecko) Chrome/91.0.4472.124 Safari/537.36"
mediaeclips.infinitibizsol.com:443 185.177.72.106 - - [10/Jun/2025:16:26:33 +0000] "GET /info HTTP/1.1" 404 5 "-" "Mozilla/5.0 (Windows NT 10.0; Win64; x64) AppleWebKit/537.36 (KHTML, like Gecko) Chrome/91.0.4472.124 Safari/537.36"
mediaeclips.infinitibizsol.com:443 185.177.72.106 - - [10/Jun/2025:16:26:33 +0000] "GET /info HTTP/1.1" 404 5 "-" "Mozilla/5.0 (Windows NT 10.0; Win64; x64) AppleWebKit/537.36 (KHTML, like Gecko) Chrome/91.0.4472.124 Safari/537.36"
mediaeclips.infinitibizsol.com:443 185.177.72.106 - - [10/Jun/2025:16:26:34 +0000] "GET /info HTTP/1.1" 404 5 "-" "Mozilla/5.0 (Windows NT 10.0; Win64; x64) AppleWebKit/537.36 (KHTML, like Gecko) Chrome/91.0.4472.124 Safari/537.36"
mediaeclips.infinitibizsol.com:443 185.177.72.106 - - [10/Jun/2025:16:26:36 +0000] "GET /info.php HTTP/1.1" 404 5 "-" "Mozilla/5.0 (Windows NT 10.0; Win64; x64) AppleWebKit/537.36 (KHTML, like Gecko) Chrome/91.0.4472.124 Safari/537.36"
mediaeclips.infinitibizsol.com:443 185.177.72.106 - - [10/Jun/2025:16:26:36 +0000] "GET /info.php HTTP/1.1" 404 5 "-" "Mozilla/5.0 (Windows NT 10.0; Win64; x64) AppleWebKit/537.36 (KHTML, like Gecko) Chrome/91.0.4472.124 Safari/537.36"
mediaeclips.infinitibizsol.com:443 185.177.72.106 - - [10/Jun/2025:16:26:37 +0000] "GET /info.php HTTP/1.1" 404 5 "-" "Mozilla/5.0 (Windows NT 10.0; Win64; x64) AppleWebKit/537.36 (KHTML, like Gecko) Chrome/91.0.4472.124 Safari/537.36"
mediaeclips.infinitibizsol.com:443 185.177.72.106 - - [10/Jun/2025:16:26:38 +0000] "GET /info.php HTTP/1.1" 404 5 "-" "Mozilla/5.0 (Windows NT 10.0; Win64; x64) AppleWebKit/537.36 (KHTML, like Gecko) Chrome/91.0.4472.124 Safari/537.36"
mediaeclips.infinitibizsol.com:443 185.177.72.106 - - [10/Jun/2025:16:26:39 +0000] "GET /.env HTTP/1.1" 404 5 "-" "Mozilla/5.0 (Windows NT 10.0; Win64; x64) AppleWebKit/537.36 (KHTML, like Gecko) Chrome/91.0.4472.124 Safari/537.36"
mediaeclips.infinitibizsol.com:443 185.177.72.106 - - [10/Jun/2025:16:26:40 +0000] "GET /.env HTTP/1.1" 404 5 "-" "Mozilla/5.0 (Windows NT 10.0; Win64; x64) AppleWebKit/537.36 (KHTML, like Gecko) Chrome/91.0.4472.124 Safari/537.36"
mediaeclips.infinitibizsol.com:443 185.177.72.106 - - [10/Jun/2025:16:26:41 +0000] "GET /.env HTTP/1.1" 404 5 "-" "Mozilla/5.0 (Windows NT 10.0; Win64; x64) AppleWebKit/537.36 (KHTML, like Gecko) Chrome/91.0.4472.124 Safari/537.36"
mediaeclips.infinitibizsol.com:443 185.177.72.106 - - [10/Jun/2025:16:26:42 +0000] "GET /.env HTTP/1.1" 404 5 "-" "Mozilla/5.0 (Windows NT 10.0; Win64; x64) AppleWebKit/537.36 (KHTML, like Gecko) Chrome/91.0.4472.124 Safari/537.36"
mediaeclips.infinitibizsol.com:443 185.177.72.106 - - [10/Jun/2025:16:26:42 +0000] "GET /app/.env HTTP/1.1" 404 5 "-" "Mozilla/5.0 (Windows NT 10.0; Win64; x64) AppleWebKit/537.36 (KHTML, like Gecko) Chrome/91.0.4472.124 Safari/537.36"
mediaeclips.infinitibizsol.com:443 185.177.72.106 - - [10/Jun/2025:16:26:44 +0000] "GET /app/.env HTTP/1.1" 404 5 "-" "Mozilla/5.0 (Windows NT 10.0; Win64; x64) AppleWebKit/537.36 (KHTML, like Gecko) Chrome/91.0.4472.124 Safari/537.36"
mediaeclips.infinitibizsol.com:80 5.161.106.94 - - [10/Jun/2025:16:26:45 +0000] "POST /wp-load.php?abbfc1=67098 HTTP/1.1" 200 1748 "-" "Mozilla/5.0 (Windows NT 10.0; Win64; x64) AppleWebKit/537.36 (KHTML, like Gecko) Chrome/104.0.5112.97 Safari/537.36"
mediaeclips.infinitibizsol.com:443 185.177.72.106 - - [10/Jun/2025:16:26:45 +0000] "GET /app/.env HTTP/1.1" 404 5 "-" "Mozilla/5.0 (Windows NT 10.0; Win64; x64) AppleWebKit/537.36 (KHTML, like Gecko) Chrome/91.0.4472.124 Safari/537.36"
mediaeclips.infinitibizsol.com:443 185.177.72.106 - - [10/Jun/2025:16:26:45 +0000] "GET /app/.env HTTP/1.1" 404 5 "-" "Mozilla/5.0 (Windows NT 10.0; Win64; x64) AppleWebKit/537.36 (KHTML, like Gecko) Chrome/91.0.4472.124 Safari/537.36"
mediaeclips.infinitibizsol.com:443 185.177.72.106 - - [10/Jun/2025:16:26:47 +0000] "GET /.env.bak HTTP/1.1" 404 5 "-" "Mozilla/5.0 (Windows NT 10.0; Win64; x64) AppleWebKit/537.36 (KHTML, like Gecko) Chrome/91.0.4472.124 Safari/537.36"
mediaeclips.infinitibizsol.com:443 185.177.72.106 - - [10/Jun/2025:16:26:48 +0000] "GET /.env.bak HTTP/1.1" 404 5 "-" "Mozilla/5.0 (Windows NT 10.0; Win64; x64) AppleWebKit/537.36 (KHTML, like Gecko) Chrome/91.0.4472.124 Safari/537.36"
mediaeclips.infinitibizsol.com:443 185.177.72.106 - - [10/Jun/2025:16:26:49 +0000] "GET /.env.bak HTTP/1.1" 404 5 "-" "Mozilla/5.0 (Windows NT 10.0; Win64; x64) AppleWebKit/537.36 (KHTML, like Gecko) Chrome/91.0.4472.124 Safari/537.36"
mediaeclips.infinitibizsol.com:443 185.177.72.106 - - [10/Jun/2025:16:26:49 +0000] "GET /.env.bak HTTP/1.1" 404 5 "-" "Mozilla/5.0 (Windows NT 10.0; Win64; x64) AppleWebKit/537.36 (KHTML, like Gecko) Chrome/91.0.4472.124 Safari/537.36"
mediaeclips.infinitibizsol.com:443 185.177.72.106 - - [10/Jun/2025:16:26:51 +0000] "GET /.env.example HTTP/1.1" 404 5 "-" "Mozilla/5.0 (Windows NT 10.0; Win64; x64) AppleWebKit/537.36 (KHTML, like Gecko) Chrome/91.0.4472.124 Safari/537.36"
mediaeclips.infinitibizsol.com:443 185.177.72.106 - - [10/Jun/2025:16:26:52 +0000] "GET /.env.example HTTP/1.1" 404 5 "-" "Mozilla/5.0 (Windows NT 10.0; Win64; x64) AppleWebKit/537.36 (KHTML, like Gecko) Chrome/91.0.4472.124 Safari/537.36"
mediaeclips.infinitibizsol.com:443 185.177.72.106 - - [10/Jun/2025:16:26:53 +0000] "GET /.env.example HTTP/1.1" 404 5 "-" "Mozilla/5.0 (Windows NT 10.0; Win64; x64) AppleWebKit/537.36 (KHTML, like Gecko) Chrome/91.0.4472.124 Safari/537.36"
mediaeclips.infinitibizsol.com:443 185.177.72.106 - - [10/Jun/2025:16:26:53 +0000] "GET /.env.example HTTP/1.1" 404 5 "-" "Mozilla/5.0 (Windows NT 10.0; Win64; x64) AppleWebKit/537.36 (KHTML, like Gecko) Chrome/91.0.4472.124 Safari/537.36"
mediaeclips.infinitibizsol.com:443 185.177.72.106 - - [10/Jun/2025:16:26:55 +0000] "GET /.env.local HTTP/1.1" 404 5 "-" "Mozilla/5.0 (Windows NT 10.0; Win64; x64) AppleWebKit/537.36 (KHTML, like Gecko) Chrome/91.0.4472.124 Safari/537.36"
mediaeclips.infinitibizsol.com:443 185.177.72.106 - - [10/Jun/2025:16:26:56 +0000] "GET /.env.local HTTP/1.1" 404 5 "-" "Mozilla/5.0 (Windows NT 10.0; Win64; x64) AppleWebKit/537.36 (KHTML, like Gecko) Chrome/91.0.4472.124 Safari/537.36"
mediaeclips.infinitibizsol.com:443 185.177.72.106 - - [10/Jun/2025:16:26:56 +0000] "GET /.env.local HTTP/1.1" 404 5 "-" "Mozilla/5.0 (Windows NT 10.0; Win64; x64) AppleWebKit/537.36 (KHTML, like Gecko) Chrome/91.0.4472.124 Safari/537.36"
