mediaeclips.infinitibizsol.com:443 51.222.253.20 - - [12/Jun/2025:20:00:07 +0000] "GET /tag/managed-it-services/feed/ HTTP/1.1" 304 0 "-" "Mozilla/5.0 (compatible; AhrefsBot/7.0; +http://ahrefs.com/robot/)"
mediaeclips.infinitibizsol.com:80 5.161.106.94 - - [12/Jun/2025:20:03:19 +0000] "POST /wp-load.php?b807d7=14881 HTTP/1.1" 200 1748 "-" "Mozilla/5.0 (Windows NT 10.0; Win64; x64) AppleWebKit/537.36 (KHTML, like Gecko) Chrome/104.0.5112.97 Safari/537.36"
mediaeclips.infinitibizsol.com:443 162.0.223.40 - - [12/Jun/2025:20:06:30 +0000] "POST /wp-cron.php?doing_wp_cron=1749758789.2009069919586181640625 HTTP/1.1" 499 0 "-" "WordPress/6.5.5; https://mediaeclips.com"
mediaeclips.infinitibizsol.com:443 57.141.4.15 - - [12/Jun/2025:20:06:30 +0000] "GET /tag/impact-of-ai-on-digital-marketing/ HTTP/1.1" 404 48236 "-" "meta-externalagent/1.1 (+https://developers.facebook.com/docs/sharing/webmasters/crawler)"
mediaeclips.infinitibizsol.com:443 162.0.223.40 - - [12/Jun/2025:20:16:30 +0000] "POST /wp-cron.php?doing_wp_cron=1749759389.4634408950805664062500 HTTP/1.1" 499 0 "-" "WordPress/6.5.5; https://mediaeclips.com"
mediaeclips.infinitibizsol.com:443 51.222.253.12 - - [12/Jun/2025:20:16:30 +0000] "GET /tag/videography-services/feed/ HTTP/1.1" 304 0 "-" "Mozilla/5.0 (compatible; AhrefsBot/7.0; +http://ahrefs.com/robot/)"
mediaeclips.infinitibizsol.com:80 139.180.180.168 - - [12/Jun/2025:20:18:27 +0000] "POST /wp-load.php?410f09=47532 HTTP/1.1" 200 1748 "-" "Mozilla/5.0 (Windows NT 10.0; Win64; x64) AppleWebKit/537.36 (KHTML, like Gecko) Chrome/104.0.5112.97 Safari/537.36"
mediaeclips.infinitibizsol.com:443 162.0.223.40 - - [12/Jun/2025:20:29:08 +0000] "POST /wp-cron.php?doing_wp_cron=1749760147.9740440845489501953125 HTTP/1.1" 499 0 "-" "WordPress/6.5.5; https://mediaeclips.com"
mediaeclips.infinitibizsol.com:443 51.222.253.8 - - [12/Jun/2025:20:29:09 +0000] "GET /tag/what-is-local-seo/feed/ HTTP/1.1" 304 0 "-" "Mozilla/5.0 (compatible; AhrefsBot/7.0; +http://ahrefs.com/robot/)"
mediaeclips.infinitibizsol.com:80 5.161.52.234 - - [12/Jun/2025:20:33:28 +0000] "POST /wp-load.php?7456bf=66442 HTTP/1.1" 200 1748 "-" "Mozilla/5.0 (Windows NT 10.0; Win64; x64) AppleWebKit/537.36 (KHTML, like Gecko) Chrome/104.0.5112.97 Safari/537.36"
mediaeclips.infinitibizsol.com:443 162.0.223.40 - - [12/Jun/2025:20:37:58 +0000] "POST /wp-cron.php?doing_wp_cron=1749760677.5459580421447753906250 HTTP/1.1" 499 0 "-" "WordPress/6.5.5; https://mediaeclips.com"
mediaeclips.infinitibizsol.com:443 66.249.64.128 - - [12/Jun/2025:20:37:58 +0000] "GET /shopdetail/116227339 HTTP/1.1" 404 5 "-" "Mozilla/5.0 (Linux; Android 6.0.1; Nexus 5X Build/MMB29P) AppleWebKit/537.36 (KHTML, like Gecko) Chrome/136.0.7103.113 Mobile Safari/537.36 (compatible; Googlebot/2.1; +http://www.google.com/bot.html)"
mediaeclips.infinitibizsol.com:443 216.73.216.54 - - [12/Jun/2025:20:38:46 +0000] "GET /sitemap.xml HTTP/1.1" 404 5 "-" "Mozilla/5.0 AppleWebKit/537.36 (KHTML, like Gecko; compatible; ClaudeBot/1.0; +claudebot@anthropic.com)"
mediaeclips.infinitibizsol.com:443 162.0.223.40 - - [12/Jun/2025:20:42:50 +0000] "POST /wp-cron.php?doing_wp_cron=1749760969.8290119171142578125000 HTTP/1.1" 499 0 "-" "WordPress/6.5.5; https://mediaeclips.com"
mediaeclips.infinitibizsol.com:443 51.222.253.8 - - [12/Jun/2025:20:42:50 +0000] "GET /tag/texas-web-design/feed/ HTTP/1.1" 304 0 "-" "Mozilla/5.0 (compatible; AhrefsBot/7.0; +http://ahrefs.com/robot/)"
mediaeclips.infinitibizsol.com:80 43.167.232.38 - - [12/Jun/2025:20:43:25 +0000] "GET / HTTP/1.1" 404 5 "-" "Mozilla/5.0 (iPhone; CPU iPhone OS 13_2_3 like Mac OS X) AppleWebKit/605.1.15 (KHTML, like Gecko) Version/13.0.3 Mobile/15E148 Safari/604.1"
mediaeclips.infinitibizsol.com:80 5.161.177.123 - - [12/Jun/2025:20:48:39 +0000] "POST /wp-load.php?c70e44=50183 HTTP/1.1" 200 1748 "-" "Mozilla/5.0 (Windows NT 10.0; Win64; x64) AppleWebKit/537.36 (KHTML, like Gecko) Chrome/104.0.5112.97 Safari/537.36"
mediaeclips.infinitibizsol.com:443 162.0.223.40 - - [12/Jun/2025:20:57:22 +0000] "POST /wp-cron.php?doing_wp_cron=1749761840.9723680019378662109375 HTTP/1.1" 499 0 "-" "WordPress/6.5.5; https://mediaeclips.com"
mediaeclips.infinitibizsol.com:443 216.73.216.115 - - [12/Jun/2025:20:57:22 +0000] "GET /sitemap.xml HTTP/1.1" 404 5 "-" "Mozilla/5.0 AppleWebKit/537.36 (KHTML, like Gecko; compatible; ClaudeBot/1.0; +claudebot@anthropic.com)"
mediaeclips.infinitibizsol.com:443 51.222.253.11 - - [12/Jun/2025:20:57:27 +0000] "GET /tag/sem/feed/ HTTP/1.1" 304 0 "-" "Mozilla/5.0 (compatible; AhrefsBot/7.0; +http://ahrefs.com/robot/)"
mediaeclips.infinitibizsol.com:80 139.180.180.168 - - [12/Jun/2025:21:03:47 +0000] "POST /wp-load.php?b84724=14705 HTTP/1.1" 200 1748 "-" "Mozilla/5.0 (Windows NT 10.0; Win64; x64) AppleWebKit/537.36 (KHTML, like Gecko) Chrome/104.0.5112.97 Safari/537.36"
mediaeclips.infinitibizsol.com:443 162.0.223.40 - - [12/Jun/2025:21:11:46 +0000] "POST /wp-cron.php?doing_wp_cron=1749762705.8750369548797607421875 HTTP/1.1" 499 0 "-" "WordPress/6.5.5; https://mediaeclips.com"
mediaeclips.infinitibizsol.com:443 51.222.253.14 - - [12/Jun/2025:21:11:46 +0000] "GET /tag/videography/feed/ HTTP/1.1" 304 0 "-" "Mozilla/5.0 (compatible; AhrefsBot/7.0; +http://ahrefs.com/robot/)"
mediaeclips.infinitibizsol.com:443 162.0.223.40 - - [12/Jun/2025:21:13:20 +0000] "POST /wp-cron.php?doing_wp_cron=1749762799.3159759044647216796875 HTTP/1.1" 499 0 "-" "WordPress/6.5.5; https://mediaeclips.com"
mediaeclips.infinitibizsol.com:443 216.73.216.115 - - [12/Jun/2025:21:13:20 +0000] "GET /goods.php HTTP/1.1" 404 5 "-" "Mozilla/5.0 AppleWebKit/537.36 (KHTML, like Gecko; compatible; ClaudeBot/1.0; +claudebot@anthropic.com)"
mediaeclips.infinitibizsol.com:80 139.180.180.168 - - [12/Jun/2025:21:18:56 +0000] "POST /wp-load.php?1cc5c2=8929 HTTP/1.1" 200 1748 "-" "Mozilla/5.0 (Windows NT 10.0; Win64; x64) AppleWebKit/537.36 (KHTML, like Gecko) Chrome/104.0.5112.97 Safari/537.36"
mediaeclips.infinitibizsol.com:443 162.0.223.40 - - [12/Jun/2025:21:24:32 +0000] "POST /wp-cron.php?doing_wp_cron=1749763471.1885130405426025390625 HTTP/1.1" 499 0 "-" "WordPress/6.5.5; https://mediaeclips.com"
mediaeclips.infinitibizsol.com:443 51.222.253.12 - - [12/Jun/2025:21:24:32 +0000] "GET /tag/latest-seo-trends/feed/ HTTP/1.1" 304 0 "-" "Mozilla/5.0 (compatible; AhrefsBot/7.0; +http://ahrefs.com/robot/)"
mediaeclips.infinitibizsol.com:443 66.249.64.128 - - [12/Jun/2025:21:26:18 +0000] "GET /shopdetail/137744839 HTTP/1.1" 404 5 "-" "Mozilla/5.0 (Linux; Android 6.0.1; Nexus 5X Build/MMB29P) AppleWebKit/537.36 (KHTML, like Gecko) Chrome/136.0.7103.113 Mobile Safari/537.36 (compatible; Googlebot/2.1; +http://www.google.com/bot.html)"
mediaeclips.infinitibizsol.com:443 150.109.196.248 - - [12/Jun/2025:21:28:26 +0000] "GET /wp-content/uploads/2023/08/SEM.png HTTP/1.1" 200 22574 "-" "Mozilla/5.0 (Windows NT 10.0; Win64; x64) AppleWebKit/537.36 (KHTML, like Gecko) Chrome/119.0 Safari/537.36"
mediaeclips.infinitibizsol.com:443 162.0.223.40 - - [12/Jun/2025:21:30:35 +0000] "POST /wp-cron.php?doing_wp_cron=1749763833.9983899593353271484375 HTTP/1.1" 499 0 "-" "WordPress/6.5.5; https://mediaeclips.com"
mediaeclips.infinitibizsol.com:443 66.249.64.128 - - [12/Jun/2025:21:30:35 +0000] "GET /shopdetail/101993639 HTTP/1.1" 404 5 "-" "Mozilla/5.0 (Linux; Android 6.0.1; Nexus 5X Build/MMB29P) AppleWebKit/537.36 (KHTML, like Gecko) Chrome/136.0.7103.113 Mobile Safari/537.36 (compatible; Googlebot/2.1; +http://www.google.com/bot.html)"
mediaeclips.infinitibizsol.com:443 162.0.223.40 - - [12/Jun/2025:21:33:47 +0000] "POST /wp-cron.php?doing_wp_cron=1749764026.6800260543823242187500 HTTP/1.1" 499 0 "-" "WordPress/6.5.5; https://mediaeclips.com"
mediaeclips.infinitibizsol.com:443 66.249.64.132 - - [12/Jun/2025:21:33:47 +0000] "GET /shopdetail/123242739 HTTP/1.1" 404 5 "-" "Mozilla/5.0 (Linux; Android 6.0.1; Nexus 5X Build/MMB29P) AppleWebKit/537.36 (KHTML, like Gecko) Chrome/136.0.7103.113 Mobile Safari/537.36 (compatible; Googlebot/2.1; +http://www.google.com/bot.html)"
mediaeclips.infinitibizsol.com:80 178.156.128.204 - - [12/Jun/2025:21:34:11 +0000] "POST /wp-load.php?ae8794=87750 HTTP/1.1" 200 1748 "-" "Mozilla/5.0 (Windows NT 10.0; Win64; x64) AppleWebKit/537.36 (KHTML, like Gecko) Chrome/104.0.5112.97 Safari/537.36"
mediaeclips.infinitibizsol.com:443 51.222.253.12 - - [12/Jun/2025:21:37:16 +0000] "GET /tag/what-is-ui-design/feed/ HTTP/1.1" 304 0 "-" "Mozilla/5.0 (compatible; AhrefsBot/7.0; +http://ahrefs.com/robot/)"
mediaeclips.infinitibizsol.com:443 162.0.223.40 - - [12/Jun/2025:21:39:01 +0000] "POST /wp-cron.php?doing_wp_cron=1749764340.8012750148773193359375 HTTP/1.1" 499 0 "-" "WordPress/6.5.5; https://mediaeclips.com"
mediaeclips.infinitibizsol.com:443 124.226.225.240 - - [12/Jun/2025:21:39:12 +0000] "POST /wp-comments-post.php HTTP/1.1" 302 5 "-" "Mozilla/5.0 (Windows NT 10.0; Win64; x64) AppleWebKit/537.36 (KHTML, like Gecko) Chrome/108.0.0.0 Safari/537.36 Edg/108.0.1462.46"
mediaeclips.infinitibizsol.com:443 124.226.225.240 - - [12/Jun/2025:21:39:18 +0000] "GET /what-is-the-impact-of-ai-on-digital-marketing/?unapproved=1211&moderation-hash=94d1fa9a516564d638eaaf4c3d909b00 HTTP/1.1" 404 112614 "-" "Mozilla/5.0 (Windows NT 10.0; Win64; x64) AppleWebKit/537.36 (KHTML, like Gecko) Chrome/108.0.0.0 Safari/537.36 Edg/108.0.1462.46"
mediaeclips.infinitibizsol.com:443 13.213.171.53 - - [12/Jun/2025:21:40:43 +0000] "GET /wp-content/uploads/2023/07/Form-Image.jpg HTTP/1.1" 200 17149 "-" "python-requests/2.30.0"
mediaeclips.infinitibizsol.com:443 162.0.223.40 - - [12/Jun/2025:21:45:46 +0000] "POST /wp-cron.php?doing_wp_cron=1749764745.4884068965911865234375 HTTP/1.1" 499 0 "-" "WordPress/6.5.5; https://mediaeclips.com"
mediaeclips.infinitibizsol.com:443 66.249.70.139 - - [12/Jun/2025:21:45:46 +0000] "GET / HTTP/1.1" 404 5 "-" "GoogleBot"
mediaeclips.infinitibizsol.com:443 66.249.64.128 - - [12/Jun/2025:21:47:01 +0000] "GET /shopdetail/98817239 HTTP/1.1" 404 5 "-" "Mozilla/5.0 (Linux; Android 6.0.1; Nexus 5X Build/MMB29P) AppleWebKit/537.36 (KHTML, like Gecko) Chrome/136.0.7103.113 Mobile Safari/537.36 (compatible; Googlebot/2.1; +http://www.google.com/bot.html)"
mediaeclips.infinitibizsol.com:80 5.161.177.123 - - [12/Jun/2025:21:49:15 +0000] "POST /wp-load.php?4bb6fc=80074 HTTP/1.1" 200 1748 "-" "Mozilla/5.0 (Windows NT 10.0; Win64; x64) AppleWebKit/537.36 (KHTML, like Gecko) Chrome/104.0.5112.97 Safari/537.36"
mediaeclips.infinitibizsol.com:443 162.0.223.40 - - [12/Jun/2025:21:50:13 +0000] "POST /wp-cron.php?doing_wp_cron=1749765012.2224919795989990234375 HTTP/1.1" 499 0 "-" "WordPress/6.5.5; https://mediaeclips.com"
mediaeclips.infinitibizsol.com:443 51.222.253.14 - - [12/Jun/2025:21:50:13 +0000] "GET /tag/rewards-of-ai-content/feed/ HTTP/1.1" 304 0 "-" "Mozilla/5.0 (compatible; AhrefsBot/7.0; +http://ahrefs.com/robot/)"
mediaeclips.infinitibizsol.com:443 157.245.194.45 - - [12/Jun/2025:21:51:50 +0000] "GET /wp-content/uploads/2024/03/Why-is-SEM-important-1.webp HTTP/1.1" 200 41500 "-" "Mozilla/5.0 (Windows NT 10.0; Win64; x64; rv:123.0) Gecko/20100101 Firefox/123.0 OpenWave/94.4.4504.39"
mediaeclips.infinitibizsol.com:443 162.0.223.40 - - [12/Jun/2025:21:58:54 +0000] "POST /wp-cron.php?doing_wp_cron=1749765533.8955199718475341796875 HTTP/1.1" 499 0 "-" "WordPress/6.5.5; https://mediaeclips.com"
mediaeclips.infinitibizsol.com:443 51.222.253.15 - - [12/Jun/2025:21:58:55 +0000] "GET /tag/why-content-marketing-is-important/feed/ HTTP/1.1" 304 0 "-" "Mozilla/5.0 (compatible; AhrefsBot/7.0; +http://ahrefs.com/robot/)"
mediaeclips.infinitibizsol.com:80 5.161.216.238 - - [12/Jun/2025:22:04:18 +0000] "POST /wp-load.php?212aba=77522 HTTP/1.1" 200 1748 "-" "Mozilla/5.0 (Windows NT 10.0; Win64; x64) AppleWebKit/537.36 (KHTML, like Gecko) Chrome/104.0.5112.97 Safari/537.36"
mediaeclips.infinitibizsol.com:443 162.0.223.40 - - [12/Jun/2025:22:09:20 +0000] "POST /wp-cron.php?doing_wp_cron=1749766159.3743710517883300781250 HTTP/1.1" 499 0 "-" "WordPress/6.5.5; https://mediaeclips.com"
mediaeclips.infinitibizsol.com:443 51.222.253.8 - - [12/Jun/2025:22:09:20 +0000] "GET /tag/inbound-vs-outbound-marketing/feed/ HTTP/1.1" 304 0 "-" "Mozilla/5.0 (compatible; AhrefsBot/7.0; +http://ahrefs.com/robot/)"
mediaeclips.infinitibizsol.com:80 5.161.52.234 - - [12/Jun/2025:22:19:27 +0000] "POST /wp-load.php?b13921=76525 HTTP/1.1" 200 1748 "-" "Mozilla/5.0 (Windows NT 10.0; Win64; x64) AppleWebKit/537.36 (KHTML, like Gecko) Chrome/104.0.5112.97 Safari/537.36"
mediaeclips.infinitibizsol.com:443 162.0.223.40 - - [12/Jun/2025:22:21:08 +0000] "POST /wp-cron.php?doing_wp_cron=1749766867.8501219749450683593750 HTTP/1.1" 499 0 "-" "WordPress/6.5.5; https://mediaeclips.com"
mediaeclips.infinitibizsol.com:443 51.222.253.2 - - [12/Jun/2025:22:21:08 +0000] "GET /tag/best-social-media-marketing-tools/feed/ HTTP/1.1" 304 0 "-" "Mozilla/5.0 (compatible; AhrefsBot/7.0; +http://ahrefs.com/robot/)"
mediaeclips.infinitibizsol.com:443 110.249.201.44 - - [12/Jun/2025:22:23:34 +0000] "GET / HTTP/1.1" 404 108436 "-" "Mozilla/5.0 (Linux; Android 5.0) AppleWebKit/537.36 (KHTML, like Gecko) Mobile Safari/537.36 (compatible; Bytespider; https://zhanzhang.toutiao.com/)"
mediaeclips.infinitibizsol.com:443 110.249.201.44 - - [12/Jun/2025:22:23:35 +0000] "GET /wp-content/themes/ziptech/style.css?ver=2023-03-20 HTTP/1.1" 200 10974 "https://mediaeclips.com/" "Mozilla/5.0 (Linux; Android 5.0) AppleWebKit/537.36 (KHTML, like Gecko) Mobile Safari/537.36 (compatible; Bytespider; https://zhanzhang.toutiao.com/)"
mediaeclips.infinitibizsol.com:443 110.249.201.52 - - [12/Jun/2025:22:23:35 +0000] "GET /wp-content/themes/ziptech/css/responsive.css?ver=6.5.5 HTTP/1.1" 200 9773 "https://mediaeclips.com/" "Mozilla/5.0 (Linux; Android 5.0) AppleWebKit/537.36 (KHTML, like Gecko) Mobile Safari/537.36 (compatible; Bytespider; https://zhanzhang.toutiao.com/)"
mediaeclips.infinitibizsol.com:443 110.249.201.48 - - [12/Jun/2025:22:23:35 +0000] "GET /wp-content/plugins/contact-form-7/includes/css/styles.css?ver=5.9.4 HTTP/1.1" 200 2894 "https://mediaeclips.com/" "Mozilla/5.0 (Linux; Android 5.0) AppleWebKit/537.36 (KHTML, like Gecko) Mobile Safari/537.36 (compatible; Bytespider; https://zhanzhang.toutiao.com/)"
mediaeclips.infinitibizsol.com:443 110.249.201.44 - - [12/Jun/2025:22:23:35 +0000] "GET /wp-content/plugins/elementor/assets/lib/swiper/v8/css/swiper.min.css?ver=8.4.5 HTTP/1.1" 200 16471 "https://mediaeclips.com/" "Mozilla/5.0 (Linux; Android 5.0) AppleWebKit/537.36 (KHTML, like Gecko) Mobile Safari/537.36 (compatible; Bytespider; https://zhanzhang.toutiao.com/)"
mediaeclips.infinitibizsol.com:443 110.249.201.44 - - [12/Jun/2025:22:23:35 +0000] "GET /wp-content/themes/ziptech/css/style-dark.css?ver=6.5.5 HTTP/1.1" 200 4282 "https://mediaeclips.com/" "Mozilla/5.0 (Linux; Android 5.0) AppleWebKit/537.36 (KHTML, like Gecko) Mobile Safari/537.36 (compatible; Bytespider; https://zhanzhang.toutiao.com/)"
mediaeclips.infinitibizsol.com:443 110.249.201.44 - - [12/Jun/2025:22:23:36 +0000] "GET /wp-content/uploads/elementor/css/post-9.css?ver=1715183195 HTTP/1.1" 200 1168 "https://mediaeclips.com/" "Mozilla/5.0 (Linux; Android 5.0) AppleWebKit/537.36 (KHTML, like Gecko) Mobile Safari/537.36 (compatible; Bytespider; https://zhanzhang.toutiao.com/)"
mediaeclips.infinitibizsol.com:443 110.249.201.61 - - [12/Jun/2025:22:23:36 +0000] "GET /wp-content/themes/ziptech/css/style.css?ver=6.5.5 HTTP/1.1" 200 256580 "https://mediaeclips.com/" "Mozilla/5.0 (Linux; Android 5.0) AppleWebKit/537.36 (KHTML, like Gecko) Mobile Safari/537.36 (compatible; Bytespider; https://zhanzhang.toutiao.com/)"
mediaeclips.infinitibizsol.com:443 110.249.201.44 - - [12/Jun/2025:22:23:36 +0000] "GET /wp-content/plugins/elementor/assets/lib/eicons/css/elementor-icons.min.css?ver=5.29.0 HTTP/1.1" 200 19778 "https://mediaeclips.com/" "Mozilla/5.0 (Linux; Android 5.0) AppleWebKit/537.36 (KHTML, like Gecko) Mobile Safari/537.36 (compatible; Bytespider; https://zhanzhang.toutiao.com/)"
mediaeclips.infinitibizsol.com:443 110.249.201.48 - - [12/Jun/2025:22:23:36 +0000] "GET /wp-content/plugins/elementor/assets/css/frontend-lite.min.css?ver=3.21.5 HTTP/1.1" 200 118945 "https://mediaeclips.com/" "Mozilla/5.0 (Linux; Android 5.0) AppleWebKit/537.36 (KHTML, like Gecko) Mobile Safari/537.36 (compatible; Bytespider; https://zhanzhang.toutiao.com/)"
mediaeclips.infinitibizsol.com:443 110.249.201.52 - - [12/Jun/2025:22:23:36 +0000] "GET /wp-content/plugins/tablepress/css/build/default.css?ver=2.3.1 HTTP/1.1" 200 6087 "https://mediaeclips.com/" "Mozilla/5.0 (Linux; Android 5.0) AppleWebKit/537.36 (KHTML, like Gecko) Mobile Safari/537.36 (compatible; Bytespider; https://zhanzhang.toutiao.com/)"
mediaeclips.infinitibizsol.com:443 110.249.201.44 - - [12/Jun/2025:22:23:36 +0000] "GET /wp-content/plugins/elementskit-lite/modules/elementskit-icon-pack/assets/css/ekiticons.css?ver=3.1.3 HTTP/1.1" 200 124837 "https://mediaeclips.com/" "Mozilla/5.0 (Linux; Android 5.0) AppleWebKit/537.36 (KHTML, like Gecko) Mobile Safari/537.36 (compatible; Bytespider; https://zhanzhang.toutiao.com/)"
mediaeclips.infinitibizsol.com:443 110.249.201.61 - - [12/Jun/2025:22:23:36 +0000] "GET /wp-content/uploads/elementor/css/global.css?ver=1715183195 HTTP/1.1" 200 46618 "https://mediaeclips.com/" "Mozilla/5.0 (Linux; Android 5.0) AppleWebKit/537.36 (KHTML, like Gecko) Mobile Safari/537.36 (compatible; Bytespider; https://zhanzhang.toutiao.com/)"
mediaeclips.infinitibizsol.com:443 110.249.201.48 - - [12/Jun/2025:22:23:37 +0000] "GET /wp-content/uploads/elementor/css/post-107.css?ver=1715800560 HTTP/1.1" 200 30721 "https://mediaeclips.com/" "Mozilla/5.0 (Linux; Android 5.0) AppleWebKit/537.36 (KHTML, like Gecko) Mobile Safari/537.36 (compatible; Bytespider; https://zhanzhang.toutiao.com/)"
mediaeclips.infinitibizsol.com:443 110.249.201.52 - - [12/Jun/2025:22:23:37 +0000] "GET /wp-content/plugins/elementor-pro/assets/css/frontend-lite.min.css?ver=3.19.3 HTTP/1.1" 200 11053 "https://mediaeclips.com/" "Mozilla/5.0 (Linux; Android 5.0) AppleWebKit/537.36 (KHTML, like Gecko) Mobile Safari/537.36 (compatible; Bytespider; https://zhanzhang.toutiao.com/)"
mediaeclips.infinitibizsol.com:443 110.249.201.61 - - [12/Jun/2025:22:23:37 +0000] "GET /wp-content/plugins/elementskit-lite/widgets/init/assets/css/responsive.css?ver=3.1.3 HTTP/1.1" 200 30299 "https://mediaeclips.com/" "Mozilla/5.0 (Linux; Android 5.0) AppleWebKit/537.36 (KHTML, like Gecko) Mobile Safari/537.36 (compatible; Bytespider; https://zhanzhang.toutiao.com/)"
mediaeclips.infinitibizsol.com:443 110.249.201.44 - - [12/Jun/2025:22:23:37 +0000] "GET /wp-content/plugins/elementor/assets/lib/font-awesome/css/fontawesome.min.css?ver=5.15.3 HTTP/1.1" 200 58071 "https://mediaeclips.com/" "Mozilla/5.0 (Linux; Android 5.0) AppleWebKit/537.36 (KHTML, like Gecko) Mobile Safari/537.36 (compatible; Bytespider; https://zhanzhang.toutiao.com/)"
mediaeclips.infinitibizsol.com:443 110.249.201.48 - - [12/Jun/2025:22:23:37 +0000] "GET /wp-content/plugins/essential-addons-for-elementor-lite/assets/front-end/css/view/general.min.css?ver=5.9.21 HTTP/1.1" 200 3829 "https://mediaeclips.com/" "Mozilla/5.0 (Linux; Android 5.0) AppleWebKit/537.36 (KHTML, like Gecko) Mobile Safari/537.36 (compatible; Bytespider; https://zhanzhang.toutiao.com/)"
mediaeclips.infinitibizsol.com:443 110.249.201.61 - - [12/Jun/2025:22:23:37 +0000] "GET /wp-content/plugins/elementor/assets/lib/font-awesome/css/solid.min.css?ver=5.15.3 HTTP/1.1" 200 669 "https://mediaeclips.com/" "Mozilla/5.0 (Linux; Android 5.0) AppleWebKit/537.36 (KHTML, like Gecko) Mobile Safari/537.36 (compatible; Bytespider; https://zhanzhang.toutiao.com/)"
mediaeclips.infinitibizsol.com:443 110.249.201.44 - - [12/Jun/2025:22:23:37 +0000] "GET /wp-content/plugins/elementskit-lite/widgets/init/assets/css/widget-styles.css?ver=3.1.3 HTTP/1.1" 200 445845 "https://mediaeclips.com/" "Mozilla/5.0 (Linux; Android 5.0) AppleWebKit/537.36 (KHTML, like Gecko) Mobile Safari/537.36 (compatible; Bytespider; https://zhanzhang.toutiao.com/)"
mediaeclips.infinitibizsol.com:443 110.249.201.44 - - [12/Jun/2025:22:23:37 +0000] "GET /wp-includes/js/jquery/jquery.min.js?ver=3.7.1 HTTP/1.1" 200 87553 "https://mediaeclips.com/" "Mozilla/5.0 (Linux; Android 5.0) AppleWebKit/537.36 (KHTML, like Gecko) Mobile Safari/537.36 (compatible; Bytespider; https://zhanzhang.toutiao.com/)"
mediaeclips.infinitibizsol.com:443 110.249.201.48 - - [12/Jun/2025:22:23:37 +0000] "GET /wp-includes/js/jquery/jquery-migrate.min.js?ver=3.4.1 HTTP/1.1" 200 13577 "https://mediaeclips.com/" "Mozilla/5.0 (Linux; Android 5.0) AppleWebKit/537.36 (KHTML, like Gecko) Mobile Safari/537.36 (compatible; Bytespider; https://zhanzhang.toutiao.com/)"
mediaeclips.infinitibizsol.com:443 110.249.201.52 - - [12/Jun/2025:22:23:37 +0000] "GET /wp-content/uploads/2024/05/imgpsh_fullsize_anim__6_-removebg-preview.webp HTTP/1.1" 206 500 "https://mediaeclips.com/" "Mozilla/5.0 (Linux; Android 5.0) AppleWebKit/537.36 (KHTML, like Gecko) Mobile Safari/537.36 (compatible; Bytespider; https://zhanzhang.toutiao.com/)"
mediaeclips.infinitibizsol.com:443 162.0.223.40 - - [12/Jun/2025:22:23:40 +0000] "POST /wp-cron.php?doing_wp_cron=1749767019.6476271152496337890625 HTTP/1.1" 499 0 "-" "WordPress/6.5.5; https://mediaeclips.com"
mediaeclips.infinitibizsol.com:443 110.249.201.52 - - [12/Jun/2025:22:23:40 +0000] "GET /wp-content/themes/ziptech/framework/color.php?ver=6.5.5 HTTP/1.1" 404 5 "https://mediaeclips.com/" "Mozilla/5.0 (Linux; Android 5.0) AppleWebKit/537.36 (KHTML, like Gecko) Mobile Safari/537.36 (compatible; Bytespider; https://zhanzhang.toutiao.com/)"
mediaeclips.infinitibizsol.com:443 110.249.201.52 - - [12/Jun/2025:22:23:50 +0000] "GET /wp-content/plugins/contact-form-7/includes/swv/js/index.js?ver=5.9.4 HTTP/1.1" 200 11513 "https://mediaeclips.com/" "Mozilla/5.0 (Linux; Android 5.0) AppleWebKit/537.36 (KHTML, like Gecko) Mobile Safari/537.36 (compatible; Bytespider; https://zhanzhang.toutiao.com/)"
mediaeclips.infinitibizsol.com:443 110.249.201.44 - - [12/Jun/2025:22:23:50 +0000] "GET /wp-content/themes/ziptech/css/bootstrap.min.css HTTP/1.1" 200 155845 "https://mediaeclips.com/wp-content/themes/ziptech/css/style.css?ver=6.5.5" "Mozilla/5.0 (Linux; Android 5.0) AppleWebKit/537.36 (KHTML, like Gecko) Mobile Safari/537.36 (compatible; Bytespider; https://zhanzhang.toutiao.com/)"
mediaeclips.infinitibizsol.com:443 110.249.201.44 - - [12/Jun/2025:22:23:50 +0000] "GET /wp-content/themes/ziptech/fonts/webexbaseicon/style.css HTTP/1.1" 200 28784 "https://mediaeclips.com/wp-content/themes/ziptech/css/style.css?ver=6.5.5" "Mozilla/5.0 (Linux; Android 5.0) AppleWebKit/537.36 (KHTML, like Gecko) Mobile Safari/537.36 (compatible; Bytespider; https://zhanzhang.toutiao.com/)"
mediaeclips.infinitibizsol.com:443 110.249.201.52 - - [12/Jun/2025:22:23:50 +0000] "GET /wp-content/themes/ziptech/fonts/fontawesome/css/all.css HTTP/1.1" 200 72670 "https://mediaeclips.com/wp-content/themes/ziptech/css/style.css?ver=6.5.5" "Mozilla/5.0 (Linux; Android 5.0) AppleWebKit/537.36 (KHTML, like Gecko) Mobile Safari/537.36 (compatible; Bytespider; https://zhanzhang.toutiao.com/)"
mediaeclips.infinitibizsol.com:443 110.249.201.48 - - [12/Jun/2025:22:23:50 +0000] "GET /wp-content/themes/ziptech/css/nice-select.css HTTP/1.1" 200 4007 "https://mediaeclips.com/wp-content/themes/ziptech/css/style.css?ver=6.5.5" "Mozilla/5.0 (Linux; Android 5.0) AppleWebKit/537.36 (KHTML, like Gecko) Mobile Safari/537.36 (compatible; Bytespider; https://zhanzhang.toutiao.com/)"
mediaeclips.infinitibizsol.com:443 110.249.201.61 - - [12/Jun/2025:22:23:50 +0000] "GET /wp-content/themes/ziptech/fonts/webexthemeicon/style.css HTTP/1.1" 200 7008 "https://mediaeclips.com/wp-content/themes/ziptech/css/style.css?ver=6.5.5" "Mozilla/5.0 (Linux; Android 5.0) AppleWebKit/537.36 (KHTML, like Gecko) Mobile Safari/537.36 (compatible; Bytespider; https://zhanzhang.toutiao.com/)"
mediaeclips.infinitibizsol.com:443 110.249.201.52 - - [12/Jun/2025:22:23:50 +0000] "GET /wp-content/themes/ziptech/css/owl.carousel.min.css HTTP/1.1" 200 3356 "https://mediaeclips.com/wp-content/themes/ziptech/css/style.css?ver=6.5.5" "Mozilla/5.0 (Linux; Android 5.0) AppleWebKit/537.36 (KHTML, like Gecko) Mobile Safari/537.36 (compatible; Bytespider; https://zhanzhang.toutiao.com/)"
mediaeclips.infinitibizsol.com:443 110.249.201.48 - - [12/Jun/2025:22:23:50 +0000] "GET /wp-content/themes/ziptech/css/twentytwenty.css HTTP/1.1" 200 6537 "https://mediaeclips.com/wp-content/themes/ziptech/css/style.css?ver=6.5.5" "Mozilla/5.0 (Linux; Android 5.0) AppleWebKit/537.36 (KHTML, like Gecko) Mobile Safari/537.36 (compatible; Bytespider; https://zhanzhang.toutiao.com/)"
mediaeclips.infinitibizsol.com:443 110.249.201.61 - - [12/Jun/2025:22:23:50 +0000] "GET /wp-content/themes/ziptech/css/custom-animation.css HTTP/1.1" 200 9217 "https://mediaeclips.com/wp-content/themes/ziptech/css/style.css?ver=6.5.5" "Mozilla/5.0 (Linux; Android 5.0) AppleWebKit/537.36 (KHTML, like Gecko) Mobile Safari/537.36 (compatible; Bytespider; https://zhanzhang.toutiao.com/)"
mediaeclips.infinitibizsol.com:443 110.249.201.52 - - [12/Jun/2025:22:23:50 +0000] "GET /wp-content/themes/ziptech/css/magnific-popup.css HTTP/1.1" 200 6951 "https://mediaeclips.com/wp-content/themes/ziptech/css/style.css?ver=6.5.5" "Mozilla/5.0 (Linux; Android 5.0) AppleWebKit/537.36 (KHTML, like Gecko) Mobile Safari/537.36 (compatible; Bytespider; https://zhanzhang.toutiao.com/)"
mediaeclips.infinitibizsol.com:443 110.249.201.48 - - [12/Jun/2025:22:23:51 +0000] "GET /wp-content/themes/ziptech/css/animate.css HTTP/1.1" 200 80426 "https://mediaeclips.com/wp-content/themes/ziptech/css/style.css?ver=6.5.5" "Mozilla/5.0 (Linux; Android 5.0) AppleWebKit/537.36 (KHTML, like Gecko) Mobile Safari/537.36 (compatible; Bytespider; https://zhanzhang.toutiao.com/)"
mediaeclips.infinitibizsol.com:443 110.249.201.61 - - [12/Jun/2025:22:23:51 +0000] "GET /wp-content/themes/ziptech/css/kursor.css HTTP/1.1" 200 6346 "https://mediaeclips.com/wp-content/themes/ziptech/css/style.css?ver=6.5.5" "Mozilla/5.0 (Linux; Android 5.0) AppleWebKit/537.36 (KHTML, like Gecko) Mobile Safari/537.36 (compatible; Bytespider; https://zhanzhang.toutiao.com/)"
mediaeclips.infinitibizsol.com:443 110.249.201.52 - - [12/Jun/2025:22:23:55 +0000] "GET /wp-content/plugins/contact-form-7/includes/js/index.js?ver=5.9.4 HTTP/1.1" 200 13054 "https://mediaeclips.com/" "Mozilla/5.0 (Linux; Android 5.0) AppleWebKit/537.36 (KHTML, like Gecko) Mobile Safari/537.36 (compatible; Bytespider; https://zhanzhang.toutiao.com/)"
mediaeclips.infinitibizsol.com:443 110.249.201.44 - - [12/Jun/2025:22:23:55 +0000] "GET /wp-content/themes/ziptech/js/jquery.nice-select.min.js?ver=6.5.5 HTTP/1.1" 200 2942 "https://mediaeclips.com/" "Mozilla/5.0 (Linux; Android 5.0) AppleWebKit/537.36 (KHTML, like Gecko) Mobile Safari/537.36 (compatible; Bytespider; https://zhanzhang.toutiao.com/)"
mediaeclips.infinitibizsol.com:443 110.249.201.61 - - [12/Jun/2025:22:23:55 +0000] "GET /wp-content/themes/ziptech/js/jquery-3.6.0.min.js?ver=6.5.5 HTTP/1.1" 200 89501 "https://mediaeclips.com/" "Mozilla/5.0 (Linux; Android 5.0) AppleWebKit/537.36 (KHTML, like Gecko) Mobile Safari/537.36 (compatible; Bytespider; https://zhanzhang.toutiao.com/)"
mediaeclips.infinitibizsol.com:443 110.249.201.48 - - [12/Jun/2025:22:23:55 +0000] "GET /wp-content/themes/ziptech/js/bootstrap.min.js?ver=6.5.5 HTTP/1.1" 200 60089 "https://mediaeclips.com/" "Mozilla/5.0 (Linux; Android 5.0) AppleWebKit/537.36 (KHTML, like Gecko) Mobile Safari/537.36 (compatible; Bytespider; https://zhanzhang.toutiao.com/)"
mediaeclips.infinitibizsol.com:443 110.249.201.44 - - [12/Jun/2025:22:23:55 +0000] "GET /wp-content/themes/ziptech/js/jquery.event.move.js?ver=6.5.5 HTTP/1.1" 200 14530 "https://mediaeclips.com/" "Mozilla/5.0 (Linux; Android 5.0) AppleWebKit/537.36 (KHTML, like Gecko) Mobile Safari/537.36 (compatible; Bytespider; https://zhanzhang.toutiao.com/)"
mediaeclips.infinitibizsol.com:443 110.249.201.52 - - [12/Jun/2025:22:23:55 +0000] "GET /wp-content/themes/ziptech/js/owl.carousel.min.js?ver=6.5.5 HTTP/1.1" 200 44342 "https://mediaeclips.com/" "Mozilla/5.0 (Linux; Android 5.0) AppleWebKit/537.36 (KHTML, like Gecko) Mobile Safari/537.36 (compatible; Bytespider; https://zhanzhang.toutiao.com/)"
mediaeclips.infinitibizsol.com:443 110.249.201.44 - - [12/Jun/2025:22:23:56 +0000] "GET /wp-content/uploads/2024/03/imgpsh_fullsize_anim-2-e1709678697288.png HTTP/1.1" 206 500 "https://mediaeclips.com/" "Mozilla/5.0 (Linux; Android 5.0) AppleWebKit/537.36 (KHTML, like Gecko) Mobile Safari/537.36 (compatible; Bytespider; https://zhanzhang.toutiao.com/)"
mediaeclips.infinitibizsol.com:443 110.249.201.44 - - [12/Jun/2025:22:23:56 +0000] "GET /wp-content/themes/ziptech/js/wow.min.js?ver=6.5.5 HTTP/1.1" 200 8155 "https://mediaeclips.com/" "Mozilla/5.0 (Linux; Android 5.0) AppleWebKit/537.36 (KHTML, like Gecko) Mobile Safari/537.36 (compatible; Bytespider; https://zhanzhang.toutiao.com/)"
mediaeclips.infinitibizsol.com:443 110.249.201.61 - - [12/Jun/2025:22:23:56 +0000] "GET /wp-content/themes/ziptech/js/jquery.appear.min.js?ver=6.5.5 HTTP/1.1" 200 1266 "https://mediaeclips.com/" "Mozilla/5.0 (Linux; Android 5.0) AppleWebKit/537.36 (KHTML, like Gecko) Mobile Safari/537.36 (compatible; Bytespider; https://zhanzhang.toutiao.com/)"
mediaeclips.infinitibizsol.com:443 110.249.201.48 - - [12/Jun/2025:22:23:56 +0000] "GET /wp-content/themes/ziptech/js/tilt.jquery.min.js?ver=6.5.5 HTTP/1.1" 200 5640 "https://mediaeclips.com/" "Mozilla/5.0 (Linux; Android 5.0) AppleWebKit/537.36 (KHTML, like Gecko) Mobile Safari/537.36 (compatible; Bytespider; https://zhanzhang.toutiao.com/)"
mediaeclips.infinitibizsol.com:443 110.249.201.52 - - [12/Jun/2025:22:23:56 +0000] "GET /wp-content/themes/ziptech/js/magnific-popup.min.js?ver=6.5.5 HTTP/1.1" 200 20216 "https://mediaeclips.com/" "Mozilla/5.0 (Linux; Android 5.0) AppleWebKit/537.36 (KHTML, like Gecko) Mobile Safari/537.36 (compatible; Bytespider; https://zhanzhang.toutiao.com/)"
mediaeclips.infinitibizsol.com:443 110.249.201.61 - - [12/Jun/2025:22:23:56 +0000] "GET /wp-content/themes/ziptech/js/trigger.js?ver=6.5.5 HTTP/1.1" 200 23845 "https://mediaeclips.com/" "Mozilla/5.0 (Linux; Android 5.0) AppleWebKit/537.36 (KHTML, like Gecko) Mobile Safari/537.36 (compatible; Bytespider; https://zhanzhang.toutiao.com/)"
mediaeclips.infinitibizsol.com:443 110.249.201.44 - - [12/Jun/2025:22:23:56 +0000] "GET /wp-content/themes/ziptech/js/jquery.twentytwenty.js?ver=6.5.5 HTTP/1.1" 200 5414 "https://mediaeclips.com/" "Mozilla/5.0 (Linux; Android 5.0) AppleWebKit/537.36 (KHTML, like Gecko) Mobile Safari/537.36 (compatible; Bytespider; https://zhanzhang.toutiao.com/)"
mediaeclips.infinitibizsol.com:443 110.249.201.48 - - [12/Jun/2025:22:23:56 +0000] "GET /wp-content/themes/ziptech/js/backtotop.js?ver=6.5.5 HTTP/1.1" 200 1199 "https://mediaeclips.com/" "Mozilla/5.0 (Linux; Android 5.0) AppleWebKit/537.36 (KHTML, like Gecko) Mobile Safari/537.36 (compatible; Bytespider; https://zhanzhang.toutiao.com/)"
mediaeclips.infinitibizsol.com:443 110.249.201.61 - - [12/Jun/2025:22:23:56 +0000] "GET /wp-content/plugins/elementskit-lite/libs/framework/assets/js/frontend-script.js?ver=3.1.3 HTTP/1.1" 200 40 "https://mediaeclips.com/" "Mozilla/5.0 (Linux; Android 5.0) AppleWebKit/537.36 (KHTML, like Gecko) Mobile Safari/537.36 (compatible; Bytespider; https://zhanzhang.toutiao.com/)"
mediaeclips.infinitibizsol.com:443 110.249.201.48 - - [12/Jun/2025:22:23:56 +0000] "GET /wp-content/plugins/elementor-pro/assets/js/webpack-pro.runtime.min.js?ver=3.19.3 HTTP/1.1" 200 5825 "https://mediaeclips.com/" "Mozilla/5.0 (Linux; Android 5.0) AppleWebKit/537.36 (KHTML, like Gecko) Mobile Safari/537.36 (compatible; Bytespider; https://zhanzhang.toutiao.com/)"
mediaeclips.infinitibizsol.com:443 110.249.201.52 - - [12/Jun/2025:22:23:57 +0000] "GET /wp-content/plugins/elementskit-lite/widgets/init/assets/js/widget-scripts.js?ver=3.1.3 HTTP/1.1" 200 137549 "https://mediaeclips.com/" "Mozilla/5.0 (Linux; Android 5.0) AppleWebKit/537.36 (KHTML, like Gecko) Mobile Safari/537.36 (compatible; Bytespider; https://zhanzhang.toutiao.com/)"
mediaeclips.infinitibizsol.com:443 110.249.201.44 - - [12/Jun/2025:22:23:57 +0000] "GET /wp-content/plugins/ziptech-elementor/assets/js/bdevs-elementor.js?ver=1.0.0 HTTP/1.1" 200 591 "https://mediaeclips.com/" "Mozilla/5.0 (Linux; Android 5.0) AppleWebKit/537.36 (KHTML, like Gecko) Mobile Safari/537.36 (compatible; Bytespider; https://zhanzhang.toutiao.com/)"
mediaeclips.infinitibizsol.com:443 110.249.201.44 - - [12/Jun/2025:22:23:57 +0000] "GET /wp-content/plugins/essential-addons-for-elementor-lite/assets/front-end/js/view/general.min.js?ver=5.9.21 HTTP/1.1" 200 10364 "https://mediaeclips.com/" "Mozilla/5.0 (Linux; Android 5.0) AppleWebKit/537.36 (KHTML, like Gecko) Mobile Safari/537.36 (compatible; Bytespider; https://zhanzhang.toutiao.com/)"
mediaeclips.infinitibizsol.com:443 110.249.201.61 - - [12/Jun/2025:22:23:57 +0000] "GET /wp-content/plugins/elementor/assets/js/webpack.runtime.min.js?ver=3.21.5 HTTP/1.1" 200 4997 "https://mediaeclips.com/" "Mozilla/5.0 (Linux; Android 5.0) AppleWebKit/537.36 (KHTML, like Gecko) Mobile Safari/537.36 (compatible; Bytespider; https://zhanzhang.toutiao.com/)"
mediaeclips.infinitibizsol.com:443 110.249.201.48 - - [12/Jun/2025:22:23:57 +0000] "GET /wp-includes/js/dist/vendor/wp-polyfill-inert.min.js?ver=3.1.2 HTTP/1.1" 200 8171 "https://mediaeclips.com/" "Mozilla/5.0 (Linux; Android 5.0) AppleWebKit/537.36 (KHTML, like Gecko) Mobile Safari/537.36 (compatible; Bytespider; https://zhanzhang.toutiao.com/)"
mediaeclips.infinitibizsol.com:443 110.249.201.52 - - [12/Jun/2025:22:23:57 +0000] "GET /wp-content/plugins/elementor/assets/js/frontend-modules.min.js?ver=3.21.5 HTTP/1.1" 200 63275 "https://mediaeclips.com/" "Mozilla/5.0 (Linux; Android 5.0) AppleWebKit/537.36 (KHTML, like Gecko) Mobile Safari/537.36 (compatible; Bytespider; https://zhanzhang.toutiao.com/)"
mediaeclips.infinitibizsol.com:443 110.249.201.44 - - [12/Jun/2025:22:23:57 +0000] "GET /wp-includes/js/dist/vendor/regenerator-runtime.min.js?ver=0.14.0 HTTP/1.1" 200 6625 "https://mediaeclips.com/" "Mozilla/5.0 (Linux; Android 5.0) AppleWebKit/537.36 (KHTML, like Gecko) Mobile Safari/537.36 (compatible; Bytespider; https://zhanzhang.toutiao.com/)"
mediaeclips.infinitibizsol.com:443 110.249.201.52 - - [12/Jun/2025:22:23:57 +0000] "GET /wp-includes/js/jquery/ui/core.min.js?ver=1.13.2 HTTP/1.1" 200 21438 "https://mediaeclips.com/" "Mozilla/5.0 (Linux; Android 5.0) AppleWebKit/537.36 (KHTML, like Gecko) Mobile Safari/537.36 (compatible; Bytespider; https://zhanzhang.toutiao.com/)"
mediaeclips.infinitibizsol.com:443 110.249.201.44 - - [12/Jun/2025:22:23:57 +0000] "GET /wp-content/plugins/elementor/assets/lib/waypoints/waypoints.min.js?ver=4.0.2 HTTP/1.1" 200 12198 "https://mediaeclips.com/" "Mozilla/5.0 (Linux; Android 5.0) AppleWebKit/537.36 (KHTML, like Gecko) Mobile Safari/537.36 (compatible; Bytespider; https://zhanzhang.toutiao.com/)"
mediaeclips.infinitibizsol.com:443 110.249.201.61 - - [12/Jun/2025:22:23:57 +0000] "GET /wp-content/plugins/elementor-pro/assets/js/frontend.min.js?ver=3.19.3 HTTP/1.1" 200 25066 "https://mediaeclips.com/" "Mozilla/5.0 (Linux; Android 5.0) AppleWebKit/537.36 (KHTML, like Gecko) Mobile Safari/537.36 (compatible; Bytespider; https://zhanzhang.toutiao.com/)"
mediaeclips.infinitibizsol.com:443 110.249.201.48 - - [12/Jun/2025:22:23:57 +0000] "GET /wp-includes/js/dist/i18n.min.js?ver=5e580eb46a90c2b997e6 HTTP/1.1" 200 9141 "https://mediaeclips.com/" "Mozilla/5.0 (Linux; Android 5.0) AppleWebKit/537.36 (KHTML, like Gecko) Mobile Safari/537.36 (compatible; Bytespider; https://zhanzhang.toutiao.com/)"
mediaeclips.infinitibizsol.com:443 110.249.201.52 - - [12/Jun/2025:22:23:57 +0000] "GET /wp-includes/js/dist/vendor/wp-polyfill.min.js?ver=3.15.0 HTTP/1.1" 200 38590 "https://mediaeclips.com/" "Mozilla/5.0 (Linux; Android 5.0) AppleWebKit/537.36 (KHTML, like Gecko) Mobile Safari/537.36 (compatible; Bytespider; https://zhanzhang.toutiao.com/)"
mediaeclips.infinitibizsol.com:443 110.249.201.44 - - [12/Jun/2025:22:23:57 +0000] "GET /wp-includes/js/dist/hooks.min.js?ver=2810c76e705dd1a53b18 HTTP/1.1" 200 4307 "https://mediaeclips.com/" "Mozilla/5.0 (Linux; Android 5.0) AppleWebKit/537.36 (KHTML, like Gecko) Mobile Safari/537.36 (compatible; Bytespider; https://zhanzhang.toutiao.com/)"
mediaeclips.infinitibizsol.com:443 110.249.201.61 - - [12/Jun/2025:22:23:57 +0000] "GET /wp-content/plugins/elementskit-lite/widgets/init/assets/js/elementor.js?ver=3.1.3 HTTP/1.1" 200 18774 "https://mediaeclips.com/" "Mozilla/5.0 (Linux; Android 5.0) AppleWebKit/537.36 (KHTML, like Gecko) Mobile Safari/537.36 (compatible; Bytespider; https://zhanzhang.toutiao.com/)"
mediaeclips.infinitibizsol.com:443 110.249.201.48 - - [12/Jun/2025:22:23:57 +0000] "GET /wp-content/plugins/elementor-pro/assets/js/elements-handlers.min.js?ver=3.19.3 HTTP/1.1" 200 38254 "https://mediaeclips.com/" "Mozilla/5.0 (Linux; Android 5.0) AppleWebKit/537.36 (KHTML, like Gecko) Mobile Safari/537.36 (compatible; Bytespider; https://zhanzhang.toutiao.com/)"
mediaeclips.infinitibizsol.com:443 110.249.201.52 - - [12/Jun/2025:22:23:57 +0000] "GET /wp-content/plugins/elementskit-lite/widgets/init/assets/js/animate-circle.min.js?ver=3.1.3 HTTP/1.1" 200 681 "https://mediaeclips.com/" "Mozilla/5.0 (Linux; Android 5.0) AppleWebKit/537.36 (KHTML, like Gecko) Mobile Safari/537.36 (compatible; Bytespider; https://zhanzhang.toutiao.com/)"
mediaeclips.infinitibizsol.com:443 110.249.201.44 - - [12/Jun/2025:22:23:57 +0000] "GET /wp-content/plugins/elementor/assets/js/frontend.min.js?ver=3.21.5 HTTP/1.1" 200 39972 "https://mediaeclips.com/" "Mozilla/5.0 (Linux; Android 5.0) AppleWebKit/537.36 (KHTML, like Gecko) Mobile Safari/537.36 (compatible; Bytespider; https://zhanzhang.toutiao.com/)"
mediaeclips.infinitibizsol.com:443 110.249.201.44 - - [12/Jun/2025:22:23:57 +0000] "GET /wp-content/uploads/2024/03/about3-img1.webp HTTP/1.1" 206 500 "https://mediaeclips.com/" "Mozilla/5.0 (Linux; Android 5.0) AppleWebKit/537.36 (KHTML, like Gecko) Mobile Safari/537.36 (compatible; Bytespider; https://zhanzhang.toutiao.com/)"
mediaeclips.infinitibizsol.com:443 110.249.201.61 - - [12/Jun/2025:22:23:57 +0000] "GET /wp-content/uploads/2024/03/about3-img2.webp HTTP/1.1" 206 500 "https://mediaeclips.com/" "Mozilla/5.0 (Linux; Android 5.0) AppleWebKit/537.36 (KHTML, like Gecko) Mobile Safari/537.36 (compatible; Bytespider; https://zhanzhang.toutiao.com/)"
mediaeclips.infinitibizsol.com:443 110.249.201.48 - - [12/Jun/2025:22:23:57 +0000] "GET /wp-content/uploads/2024/05/1-What-is-Video-Marketing-An-Ultimate-Guide.webp HTTP/1.1" 206 500 "https://mediaeclips.com/" "Mozilla/5.0 (Linux; Android 5.0) AppleWebKit/537.36 (KHTML, like Gecko) Mobile Safari/537.36 (compatible; Bytespider; https://zhanzhang.toutiao.com/)"
mediaeclips.infinitibizsol.com:443 110.249.201.52 - - [12/Jun/2025:22:23:58 +0000] "GET /wp-content/uploads/2024/05/1-How-to-Create-an-Effective-SEO-Strategy-in-2024.webp HTTP/1.1" 206 500 "https://mediaeclips.com/" "Mozilla/5.0 (Linux; Android 5.0) AppleWebKit/537.36 (KHTML, like Gecko) Mobile Safari/537.36 (compatible; Bytespider; https://zhanzhang.toutiao.com/)"
mediaeclips.infinitibizsol.com:443 110.249.201.48 - - [12/Jun/2025:22:23:58 +0000] "GET /wp-content/themes/ziptech/images/down-arrow.png HTTP/1.1" 206 427 "https://mediaeclips.com/wp-content/themes/ziptech/css/style.css?ver=6.5.5" "Mozilla/5.0 (Linux; Android 5.0) AppleWebKit/537.36 (KHTML, like Gecko) Mobile Safari/537.36 (compatible; Bytespider; https://zhanzhang.toutiao.com/)"
mediaeclips.infinitibizsol.com:443 110.249.201.61 - - [12/Jun/2025:22:23:58 +0000] "GET /wp-content/themes/ziptech/images/testimonials/testimonial-img1.jpg HTTP/1.1" 206 500 "https://mediaeclips.com/" "Mozilla/5.0 (Linux; Android 5.0) AppleWebKit/537.36 (KHTML, like Gecko) Mobile Safari/537.36 (compatible; Bytespider; https://zhanzhang.toutiao.com/)"
mediaeclips.infinitibizsol.com:443 110.249.201.44 - - [12/Jun/2025:22:23:58 +0000] "GET /wp-content/uploads/2024/02/Media-Eclips-2.png.webp HTTP/1.1" 206 500 "https://mediaeclips.com/" "Mozilla/5.0 (Linux; Android 5.0) AppleWebKit/537.36 (KHTML, like Gecko) Mobile Safari/537.36 (compatible; Bytespider; https://zhanzhang.toutiao.com/)"
mediaeclips.infinitibizsol.com:443 110.249.201.52 - - [12/Jun/2025:22:23:58 +0000] "GET /wp-content/themes/ziptech/images/objects/footer-obj1.png HTTP/1.1" 206 500 "https://mediaeclips.com/" "Mozilla/5.0 (Linux; Android 5.0) AppleWebKit/537.36 (KHTML, like Gecko) Mobile Safari/537.36 (compatible; Bytespider; https://zhanzhang.toutiao.com/)"
mediaeclips.infinitibizsol.com:443 110.249.201.48 - - [12/Jun/2025:22:23:58 +0000] "GET /wp-content/themes/ziptech/images/about/wave2.png HTTP/1.1" 206 500 "https://mediaeclips.com/wp-content/themes/ziptech/css/style.css?ver=6.5.5" "Mozilla/5.0 (Linux; Android 5.0) AppleWebKit/537.36 (KHTML, like Gecko) Mobile Safari/537.36 (compatible; Bytespider; https://zhanzhang.toutiao.com/)"
mediaeclips.infinitibizsol.com:443 110.249.201.61 - - [12/Jun/2025:22:23:58 +0000] "GET /wp-content/uploads/2024/03/divider-img2.webp HTTP/1.1" 206 500 "https://mediaeclips.com/" "Mozilla/5.0 (Linux; Android 5.0) AppleWebKit/537.36 (KHTML, like Gecko) Mobile Safari/537.36 (compatible; Bytespider; https://zhanzhang.toutiao.com/)"
mediaeclips.infinitibizsol.com:443 110.249.201.44 - - [12/Jun/2025:22:23:58 +0000] "GET /wp-content/themes/ziptech/images/bg/5.jpg HTTP/1.1" 206 500 "https://mediaeclips.com/" "Mozilla/5.0 (Linux; Android 5.0) AppleWebKit/537.36 (KHTML, like Gecko) Mobile Safari/537.36 (compatible; Bytespider; https://zhanzhang.toutiao.com/)"
mediaeclips.infinitibizsol.com:443 110.249.201.61 - - [12/Jun/2025:22:23:59 +0000] "GET /wp-content/plugins/elementor/assets/js/text-editor.2c35aafbe5bf0e127950.bundle.min.js HTTP/1.1" 200 1360 "https://mediaeclips.com/" "Mozilla/5.0 (Linux; Android 5.0) AppleWebKit/537.36 (KHTML, like Gecko) Mobile Safari/537.36 (compatible; Bytespider; https://zhanzhang.toutiao.com/)"
mediaeclips.infinitibizsol.com:443 110.249.201.52 - - [12/Jun/2025:22:24:04 +0000] "GET /wp-json/contact-form-7/v1/contact-forms/158/feedback/schema HTTP/1.1" 404 241 "https://mediaeclips.com/" "Mozilla/5.0 (Linux; Android 5.0) AppleWebKit/537.36 (KHTML, like Gecko) Mobile Safari/537.36 (compatible; Bytespider; https://zhanzhang.toutiao.com/)"
mediaeclips.infinitibizsol.com:443 110.249.201.44 - - [12/Jun/2025:22:24:08 +0000] "GET /wp-json/contact-form-7/v1/contact-forms/159/feedback/schema HTTP/1.1" 499 0 "https://mediaeclips.com/" "Mozilla/5.0 (Linux; Android 5.0) AppleWebKit/537.36 (KHTML, like Gecko) Mobile Safari/537.36 (compatible; Bytespider; https://zhanzhang.toutiao.com/)"
mediaeclips.infinitibizsol.com:443 110.249.201.61 - - [12/Jun/2025:22:24:08 +0000] "GET /wp-json/contact-form-7/v1/contact-forms/158/refill HTTP/1.1" 499 0 "https://mediaeclips.com/" "Mozilla/5.0 (Linux; Android 5.0) AppleWebKit/537.36 (KHTML, like Gecko) Mobile Safari/537.36 (compatible; Bytespider; https://zhanzhang.toutiao.com/)"
mediaeclips.infinitibizsol.com:443 110.249.201.48 - - [12/Jun/2025:22:24:08 +0000] "GET /wp-json/contact-form-7/v1/contact-forms/159/refill HTTP/1.1" 499 0 "https://mediaeclips.com/" "Mozilla/5.0 (Linux; Android 5.0) AppleWebKit/537.36 (KHTML, like Gecko) Mobile Safari/537.36 (compatible; Bytespider; https://zhanzhang.toutiao.com/)"
mediaeclips.infinitibizsol.com:443 157.230.43.201 - - [12/Jun/2025:22:30:30 +0000] "GET /wp-content/uploads/2024/03/1.-Latest-SEO-Trends-You-Need-to-Know-in-2024.webp HTTP/1.1" 200 58674 "-" "Mozilla/5.0 (Windows NT 10.0; Win64; x64) AppleWebKit/537.36 (KHTML, like Gecko) Chrome/121.0.0.0 Safari/537.36 Edg/121.0.0.0"
mediaeclips.infinitibizsol.com:443 45.227.253.15 - - [12/Jun/2025:22:33:09 +0000] "GET /index.php/jk HTTP/1.1" 200 54 "-" "Mozilla/5.0 (Windows NT 10.0; Win64; x64) AppleWebKit/537.36 (KHTML, like Gecko) Chrome/82.0.3292.140 Safari/537.36 Edge/18.18761"
mediaeclips.infinitibizsol.com:443 162.0.223.40 - - [12/Jun/2025:22:33:13 +0000] "POST /wp-cron.php?doing_wp_cron=1749767592.3128049373626708984375 HTTP/1.1" 499 0 "-" "WordPress/6.5.5; https://mediaeclips.com"
mediaeclips.infinitibizsol.com:443 45.61.184.107 - - [12/Jun/2025:22:33:13 +0000] "GET /wp-login.php HTTP/1.1" 200 6532 "-" "Mozilla/5.0 (Windows NT 6.1; rv:24.0) Gecko/20100101 Firefox/24.0"
mediaeclips.infinitibizsol.com:443 45.61.184.107 - - [12/Jun/2025:22:33:18 +0000] "POST /wp-login.php HTTP/1.1" 200 7028 "-" "Mozilla/5.0 (Windows NT 6.1; rv:24.0) Gecko/20100101 Firefox/24.0"
mediaeclips.infinitibizsol.com:443 51.222.253.7 - - [12/Jun/2025:22:33:56 +0000] "GET /tag/web-development-trends-in-2024/feed/ HTTP/1.1" 304 0 "-" "Mozilla/5.0 (compatible; AhrefsBot/7.0; +http://ahrefs.com/robot/)"
mediaeclips.infinitibizsol.com:80 5.161.201.188 - - [12/Jun/2025:22:34:36 +0000] "POST /wp-load.php?92f54b=6841 HTTP/1.1" 200 1748 "-" "Mozilla/5.0 (Windows NT 10.0; Win64; x64) AppleWebKit/537.36 (KHTML, like Gecko) Chrome/104.0.5112.97 Safari/537.36"
mediaeclips.infinitibizsol.com:443 162.0.223.40 - - [12/Jun/2025:22:40:01 +0000] "POST /wp-cron.php?doing_wp_cron=1749768000.2029659748077392578125 HTTP/1.1" 499 0 "-" "WordPress/6.5.5; https://mediaeclips.com"
mediaeclips.infinitibizsol.com:443 8.210.152.184 - - [12/Jun/2025:22:40:02 +0000] "GET /category/ux-ui-design/ HTTP/1.1" 404 48017 "-" "Mozilla/5.0 (Macintosh; Intel Mac OS X 10_15_7) AppleWebKit/537.36 (KHTML, like Gecko) Chrome/109.0.0.0 Safari/537.36"
mediaeclips.infinitibizsol.com:443 162.0.223.40 - - [12/Jun/2025:22:47:02 +0000] "POST /wp-cron.php?doing_wp_cron=1749768421.3388850688934326171875 HTTP/1.1" 499 0 "-" "WordPress/6.5.5; https://mediaeclips.com"
mediaeclips.infinitibizsol.com:443 51.222.253.15 - - [12/Jun/2025:22:47:02 +0000] "GET /tag/impact-of-ai-on-digital-marketing/feed/ HTTP/1.1" 304 0 "-" "Mozilla/5.0 (compatible; AhrefsBot/7.0; +http://ahrefs.com/robot/)"
mediaeclips.infinitibizsol.com:80 162.0.223.40 - - [12/Jun/2025:22:49:20 +0000] "POST /wp-cron.php?doing_wp_cron=1749768559.1962659358978271484375 HTTP/1.1" 499 0 "-" "WordPress/6.5.5; https://mediaeclips.com"
mediaeclips.infinitibizsol.com:80 216.244.66.244 - - [12/Jun/2025:22:49:20 +0000] "GET /category/uncategorized/feed/ HTTP/1.1" 404 1420 "-" "Mozilla/5.0 (compatible; DotBot/1.2; +https://opensiteexplorer.org/dotbot; help@moz.com)"
mediaeclips.infinitibizsol.com:80 5.161.250.15 - - [12/Jun/2025:22:49:38 +0000] "POST /wp-load.php?51b786=98689 HTTP/1.1" 200 1748 "-" "Mozilla/5.0 (Windows NT 10.0; Win64; x64) AppleWebKit/537.36 (KHTML, like Gecko) Chrome/104.0.5112.97 Safari/537.36"
mediaeclips.infinitibizsol.com:443 162.0.223.40 - - [12/Jun/2025:22:55:18 +0000] "POST /wp-cron.php?doing_wp_cron=1749768917.4086101055145263671875 HTTP/1.1" 499 0 "-" "WordPress/6.5.5; https://mediaeclips.com"
mediaeclips.infinitibizsol.com:443 57.141.4.3 - - [12/Jun/2025:22:55:20 +0000] "GET /latest-seo-trends-you-need-to-know-in-2024/ HTTP/1.1" 404 102259 "-" "meta-externalagent/1.1 (+https://developers.facebook.com/docs/sharing/webmasters/crawler)"
mediaeclips.infinitibizsol.com:443 162.0.223.40 - - [12/Jun/2025:23:00:10 +0000] "POST /wp-cron.php?doing_wp_cron=1749769209.2999510765075683593750 HTTP/1.1" 499 0 "-" "WordPress/6.5.5; https://mediaeclips.com"
mediaeclips.infinitibizsol.com:443 51.222.253.7 - - [12/Jun/2025:23:00:10 +0000] "GET /category/uncategorized/feed/ HTTP/1.1" 304 0 "-" "Mozilla/5.0 (compatible; AhrefsBot/7.0; +http://ahrefs.com/robot/)"
mediaeclips.infinitibizsol.com:80 139.180.180.168 - - [12/Jun/2025:23:04:46 +0000] "POST /wp-load.php?f6831a=90501 HTTP/1.1" 200 1748 "-" "Mozilla/5.0 (Windows NT 10.0; Win64; x64) AppleWebKit/537.36 (KHTML, like Gecko) Chrome/104.0.5112.97 Safari/537.36"
mediaeclips.infinitibizsol.com:443 156.59.198.135 - - [12/Jun/2025:23:07:48 +0000] "GET /wp-content/uploads/2023/08/Media-Eclips-2.png HTTP/1.1" 200 2074359 "-" "Mozilla/5.0 (Linux; Android 5.0) AppleWebKit/537.36 (KHTML, like Gecko) Mobile Safari/537.36 (compatible; Bytespider; spider-feedback@bytedance.com)"
mediaeclips.infinitibizsol.com:443 162.0.223.40 - - [12/Jun/2025:23:12:03 +0000] "POST /wp-cron.php?doing_wp_cron=1749769922.2480390071868896484375 HTTP/1.1" 499 0 "-" "WordPress/6.5.5; https://mediaeclips.com"
mediaeclips.infinitibizsol.com:443 51.222.253.12 - - [12/Jun/2025:23:12:03 +0000] "GET /tag/what-is-search-engine-marketing/feed/ HTTP/1.1" 304 0 "-" "Mozilla/5.0 (compatible; AhrefsBot/7.0; +http://ahrefs.com/robot/)"
mediaeclips.infinitibizsol.com:80 178.156.128.204 - - [12/Jun/2025:23:19:55 +0000] "POST /wp-load.php?6adead=15410 HTTP/1.1" 200 1748 "-" "Mozilla/5.0 (Windows NT 10.0; Win64; x64) AppleWebKit/537.36 (KHTML, like Gecko) Chrome/104.0.5112.97 Safari/537.36"
mediaeclips.infinitibizsol.com:443 162.0.223.40 - - [12/Jun/2025:23:20:37 +0000] "POST /wp-cron.php?doing_wp_cron=1749770436.2044329643249511718750 HTTP/1.1" 499 0 "-" "WordPress/6.5.5; https://mediaeclips.com"
mediaeclips.infinitibizsol.com:443 138.68.22.232 - - [12/Jun/2025:23:20:37 +0000] "GET /.git/config HTTP/1.1" 404 5 "-" "Mozilla/5.0 (Macintosh; Intel Mac OS X 10_15_6) AppleWebKit/605.1.15 (KHTML, like Gecko) Version/14.1.1 Safari/605.1.15"
mediaeclips.infinitibizsol.com:443 138.68.22.232 - - [12/Jun/2025:23:20:44 +0000] "GET /api/.git/config HTTP/1.1" 404 5 "-" "Mozilla/5.0 (Macintosh; Intel Mac OS X 10_13_6) AppleWebKit/605.1.15 (KHTML, like Gecko) Version/13.1.2 Safari/605.1.15"
mediaeclips.infinitibizsol.com:80 162.0.223.40 - - [12/Jun/2025:23:21:51 +0000] "POST /wp-cron.php?doing_wp_cron=1749770510.1608359813690185546875 HTTP/1.1" 499 0 "-" "WordPress/6.5.5; https://mediaeclips.com"
