mediaeclips.infinitibizsol.com:443 185.117.225.240 - - [13/Jun/2025:07:11:21 +0000] "GET /wp-content/plugins/elementor/assets/lib/font-awesome/webfonts/fa-solid-900.woff2 HTTP/1.1" 200 78196 "https://mediaeclips.com/wp-content/plugins/elementor/assets/lib/font-awesome/css/solid.min.css?ver=5.15.3" "Mozilla/5.0 (compatible; BitSightBot/1.0)"
mediaeclips.infinitibizsol.com:443 185.117.225.240 - - [13/Jun/2025:07:11:21 +0000] "GET /wp-content/themes/ziptech/fonts/fontawesome/webfonts/fa-regular-400.woff2 HTTP/1.1" 200 13584 "https://mediaeclips.com/wp-content/themes/ziptech/fonts/fontawesome/css/all.css" "Mozilla/5.0 (compatible; BitSightBot/1.0)"
mediaeclips.infinitibizsol.com:443 185.117.225.240 - - [13/Jun/2025:07:11:21 +0000] "GET /wp-content/themes/ziptech/fonts/webexthemeicon/fonts/webexthemeicon.ttf?e77yny HTTP/1.1" 200 99192 "https://mediaeclips.com/wp-content/themes/ziptech/fonts/webexthemeicon/style.css" "Mozilla/5.0 (compatible; BitSightBot/1.0)"
mediaeclips.infinitibizsol.com:443 185.117.225.240 - - [13/Jun/2025:07:11:22 +0000] "GET /wp-content/plugins/elementskit-lite/modules/elementskit-icon-pack/assets/fonts/elementskit.woff?y24e1e HTTP/1.1" 200 459244 "https://mediaeclips.com/wp-content/plugins/elementskit-lite/modules/elementskit-icon-pack/assets/css/ekiticons.css?ver=3.1.3" "Mozilla/5.0 (compatible; BitSightBot/1.0)"
mediaeclips.infinitibizsol.com:443 185.117.225.240 - - [13/Jun/2025:07:11:22 +0000] "GET /wp-content/uploads/2024/03/divider-img2.webp HTTP/1.1" 200 36330 "https://mediaeclips.com/" "Mozilla/5.0 (compatible; BitSightBot/1.0)"
mediaeclips.infinitibizsol.com:443 185.117.225.240 - - [13/Jun/2025:07:11:22 +0000] "GET /wp-content/themes/ziptech/images/bg/5.jpg HTTP/1.1" 200 197658 "https://mediaeclips.com/" "Mozilla/5.0 (compatible; BitSightBot/1.0)"
mediaeclips.infinitibizsol.com:443 185.117.225.240 - - [13/Jun/2025:07:11:22 +0000] "GET /wp-includes/js/wp-emoji-release.min.js?ver=6.5.5 HTTP/1.1" 200 18726 "https://mediaeclips.com/" "Mozilla/5.0 (compatible; BitSightBot/1.0)"
mediaeclips.infinitibizsol.com:443 185.117.225.240 - - [13/Jun/2025:07:11:22 +0000] "GET /wp-content/plugins/elementor/assets/js/text-editor.2c35aafbe5bf0e127950.bundle.min.js HTTP/1.1" 200 1360 "https://mediaeclips.com/" "Mozilla/5.0 (compatible; BitSightBot/1.0)"
mediaeclips.infinitibizsol.com:443 185.117.225.240 - - [13/Jun/2025:07:11:26 +0000] "GET /wp-json/contact-form-7/v1/contact-forms/158/feedback/schema HTTP/1.1" 404 241 "https://mediaeclips.com/" "Mozilla/5.0 (compatible; BitSightBot/1.0)"
mediaeclips.infinitibizsol.com:443 185.117.225.240 - - [13/Jun/2025:07:11:29 +0000] "GET /wp-json/contact-form-7/v1/contact-forms/159/refill HTTP/1.1" 404 12 "https://mediaeclips.com/" "Mozilla/5.0 (compatible; BitSightBot/1.0)"
mediaeclips.infinitibizsol.com:443 185.117.225.240 - - [13/Jun/2025:07:11:32 +0000] "GET /wp-json/contact-form-7/v1/contact-forms/158/refill HTTP/1.1" 404 12 "https://mediaeclips.com/" "Mozilla/5.0 (compatible; BitSightBot/1.0)"
mediaeclips.infinitibizsol.com:443 185.117.225.240 - - [13/Jun/2025:07:11:37 +0000] "GET /wp-json/contact-form-7/v1/contact-forms/159/feedback/schema HTTP/1.1" 404 777 "https://mediaeclips.com/" "Mozilla/5.0 (compatible; BitSightBot/1.0)"
mediaeclips.infinitibizsol.com:443 185.117.225.240 - - [13/Jun/2025:07:11:40 +0000] "GET /wp-content/themes/ziptech/framework/color.php?ver=6.5.5 HTTP/1.1" 404 5 "https://mediaeclips.com/" "Mozilla/5.0 (compatible; BitSightBot/1.0)"
mediaeclips.infinitibizsol.com:443 185.117.225.240 - - [13/Jun/2025:07:11:46 +0000] "GET /wp-admin.php HTTP/1.1" 404 5 "-" "Mozilla/5.0 (compatible; BitSightBot/1.0)"
mediaeclips.infinitibizsol.com:443 185.117.225.240 - - [13/Jun/2025:07:11:53 +0000] "GET /wp-login.php HTTP/1.1" 200 6532 "-" "Mozilla/5.0 (compatible; BitSightBot/1.0)"
mediaeclips.infinitibizsol.com:443 185.117.225.240 - - [13/Jun/2025:07:11:53 +0000] "GET /wp-includes/css/buttons.min.css?ver=6.5.5 HTTP/1.1" 200 6061 "https://mediaeclips.com/wp-login.php" "Mozilla/5.0 (compatible; BitSightBot/1.0)"
mediaeclips.infinitibizsol.com:443 185.117.225.240 - - [13/Jun/2025:07:11:53 +0000] "GET /wp-includes/js/jquery/jquery.min.js?ver=3.7.1 HTTP/1.1" 200 87553 "https://mediaeclips.com/wp-login.php" "Mozilla/5.0 (compatible; BitSightBot/1.0)"
mediaeclips.infinitibizsol.com:443 185.117.225.240 - - [13/Jun/2025:07:11:53 +0000] "GET /wp-includes/css/dashicons.min.css?ver=6.5.5 HTTP/1.1" 200 59016 "https://mediaeclips.com/wp-login.php" "Mozilla/5.0 (compatible; BitSightBot/1.0)"
mediaeclips.infinitibizsol.com:443 185.117.225.240 - - [13/Jun/2025:07:11:53 +0000] "GET /wp-admin/css/forms.min.css?ver=6.5.5 HTTP/1.1" 200 28472 "https://mediaeclips.com/wp-login.php" "Mozilla/5.0 (compatible; BitSightBot/1.0)"
mediaeclips.infinitibizsol.com:443 185.117.225.240 - - [13/Jun/2025:07:11:53 +0000] "GET /wp-admin/css/l10n.min.css?ver=6.5.5 HTTP/1.1" 200 2477 "https://mediaeclips.com/wp-login.php" "Mozilla/5.0 (compatible; BitSightBot/1.0)"
mediaeclips.infinitibizsol.com:443 185.117.225.240 - - [13/Jun/2025:07:11:53 +0000] "GET /wp-admin/css/login.min.css?ver=6.5.5 HTTP/1.1" 200 6460 "https://mediaeclips.com/wp-login.php" "Mozilla/5.0 (compatible; BitSightBot/1.0)"
mediaeclips.infinitibizsol.com:443 185.117.225.240 - - [13/Jun/2025:07:11:53 +0000] "GET /wp-includes/js/jquery/jquery-migrate.min.js?ver=3.4.1 HTTP/1.1" 200 13577 "https://mediaeclips.com/wp-login.php" "Mozilla/5.0 (compatible; BitSightBot/1.0)"
mediaeclips.infinitibizsol.com:443 185.117.225.240 - - [13/Jun/2025:07:11:53 +0000] "GET /wp-includes/js/dist/vendor/wp-polyfill-inert.min.js?ver=3.1.2 HTTP/1.1" 200 8171 "https://mediaeclips.com/wp-login.php" "Mozilla/5.0 (compatible; BitSightBot/1.0)"
mediaeclips.infinitibizsol.com:443 185.117.225.240 - - [13/Jun/2025:07:11:53 +0000] "GET /wp-includes/js/zxcvbn-async.min.js?ver=1.0 HTTP/1.1" 200 351 "https://mediaeclips.com/wp-login.php" "Mozilla/5.0 (compatible; BitSightBot/1.0)"
mediaeclips.infinitibizsol.com:443 185.117.225.240 - - [13/Jun/2025:07:11:53 +0000] "GET /wp-includes/js/dist/hooks.min.js?ver=2810c76e705dd1a53b18 HTTP/1.1" 200 4307 "https://mediaeclips.com/wp-login.php" "Mozilla/5.0 (compatible; BitSightBot/1.0)"
mediaeclips.infinitibizsol.com:443 185.117.225.240 - - [13/Jun/2025:07:11:53 +0000] "GET /wp-includes/js/dist/vendor/regenerator-runtime.min.js?ver=0.14.0 HTTP/1.1" 200 6625 "https://mediaeclips.com/wp-login.php" "Mozilla/5.0 (compatible; BitSightBot/1.0)"
mediaeclips.infinitibizsol.com:443 185.117.225.240 - - [13/Jun/2025:07:11:53 +0000] "GET /wp-includes/js/dist/vendor/wp-polyfill.min.js?ver=3.15.0 HTTP/1.1" 200 38590 "https://mediaeclips.com/wp-login.php" "Mozilla/5.0 (compatible; BitSightBot/1.0)"
mediaeclips.infinitibizsol.com:443 185.117.225.240 - - [13/Jun/2025:07:11:53 +0000] "GET /wp-includes/js/dist/i18n.min.js?ver=5e580eb46a90c2b997e6 HTTP/1.1" 200 9141 "https://mediaeclips.com/wp-login.php" "Mozilla/5.0 (compatible; BitSightBot/1.0)"
mediaeclips.infinitibizsol.com:443 185.117.225.240 - - [13/Jun/2025:07:11:53 +0000] "GET /wp-includes/js/underscore.min.js?ver=1.13.4 HTTP/1.1" 200 18833 "https://mediaeclips.com/wp-login.php" "Mozilla/5.0 (compatible; BitSightBot/1.0)"
mediaeclips.infinitibizsol.com:443 185.117.225.240 - - [13/Jun/2025:07:11:53 +0000] "GET /wp-admin/js/password-strength-meter.min.js?ver=6.5.5 HTTP/1.1" 200 1123 "https://mediaeclips.com/wp-login.php" "Mozilla/5.0 (compatible; BitSightBot/1.0)"
mediaeclips.infinitibizsol.com:443 185.117.225.240 - - [13/Jun/2025:07:11:54 +0000] "GET /wp-includes/js/wp-util.min.js?ver=6.5.5 HTTP/1.1" 200 1426 "https://mediaeclips.com/wp-login.php" "Mozilla/5.0 (compatible; BitSightBot/1.0)"
mediaeclips.infinitibizsol.com:443 185.117.225.240 - - [13/Jun/2025:07:11:54 +0000] "GET /wp-admin/js/user-profile.min.js?ver=6.5.5 HTTP/1.1" 200 6276 "https://mediaeclips.com/wp-login.php" "Mozilla/5.0 (compatible; BitSightBot/1.0)"
mediaeclips.infinitibizsol.com:443 185.117.225.240 - - [13/Jun/2025:07:11:54 +0000] "GET /wp-admin/images/wordpress-logo.svg?ver=20131107 HTTP/1.1" 200 1521 "https://mediaeclips.com/wp-admin/css/login.min.css?ver=6.5.5" "Mozilla/5.0 (compatible; BitSightBot/1.0)"
mediaeclips.infinitibizsol.com:443 185.117.225.240 - - [13/Jun/2025:07:11:54 +0000] "GET /wp-includes/js/zxcvbn.min.js HTTP/1.1" 200 822237 "https://mediaeclips.com/wp-login.php" "Mozilla/5.0 (compatible; BitSightBot/1.0)"
mediaeclips.infinitibizsol.com:443 162.0.223.40 - - [13/Jun/2025:07:15:09 +0000] "POST /wp-cron.php?doing_wp_cron=1749798907.9358310699462890625000 HTTP/1.1" 499 0 "-" "WordPress/6.5.5; https://mediaeclips.com"
mediaeclips.infinitibizsol.com:443 66.249.64.132 - - [13/Jun/2025:07:15:09 +0000] "GET /category/seach-engine-marketing-sem/ HTTP/1.1" 404 52365 "-" "Mozilla/5.0 (Linux; Android 6.0.1; Nexus 5X Build/MMB29P) AppleWebKit/537.36 (KHTML, like Gecko) Chrome/136.0.7103.113 Mobile Safari/537.36 (compatible; Googlebot/2.1; +http://www.google.com/bot.html)"
mediaeclips.infinitibizsol.com:443 51.222.253.19 - - [13/Jun/2025:07:15:30 +0000] "GET /tag/videography/feed/ HTTP/1.1" 304 0 "-" "Mozilla/5.0 (compatible; AhrefsBot/7.0; +http://ahrefs.com/robot/)"
mediaeclips.infinitibizsol.com:443 66.249.64.131 - - [13/Jun/2025:07:15:32 +0000] "GET /shopdetail/119434139 HTTP/1.1" 404 5 "-" "Mozilla/5.0 (Linux; Android 6.0.1; Nexus 5X Build/MMB29P) AppleWebKit/537.36 (KHTML, like Gecko) Chrome/136.0.7103.113 Mobile Safari/537.36 (compatible; Googlebot/2.1; +http://www.google.com/bot.html)"
mediaeclips.infinitibizsol.com:443 162.0.223.40 - - [13/Jun/2025:07:16:13 +0000] "POST /wp-cron.php?doing_wp_cron=1749798972.8198509216308593750000 HTTP/1.1" 499 0 "-" "WordPress/6.5.5; https://mediaeclips.com"
mediaeclips.infinitibizsol.com:443 216.73.216.22 - - [13/Jun/2025:07:16:14 +0000] "GET /sitemap.xml HTTP/1.1" 404 5 "-" "Mozilla/5.0 AppleWebKit/537.36 (KHTML, like Gecko; compatible; ClaudeBot/1.0; +claudebot@anthropic.com)"
mediaeclips.infinitibizsol.com:80 162.0.223.40 - - [13/Jun/2025:07:23:28 +0000] "POST /wp-cron.php?doing_wp_cron=1749799407.9093821048736572265625 HTTP/1.1" 499 0 "-" "WordPress/6.5.5; https://mediaeclips.com"
mediaeclips.infinitibizsol.com:80 104.131.80.41 - - [13/Jun/2025:07:23:29 +0000] "POST /xmlrpc.php HTTP/1.1" 200 415 "-" "Mozilla/5.0 (Windows NT 10.0; Win64; x64; rv:100.0) Gecko/20100101 Firefox/100.0"
mediaeclips.infinitibizsol.com:443 3.137.177.199 - - [13/Jun/2025:07:23:33 +0000] "GET / HTTP/1.1" 404 108428 "-" "Mozilla/5.0 (Macintosh; Intel Mac OS X 10_15_7) AppleWebKit/605.1.15 (KHTML, like Gecko) Version/17.4 Safari/605.1.15"
mediaeclips.infinitibizsol.com:80 5.161.201.188 - - [13/Jun/2025:07:23:45 +0000] "POST /wp-load.php?e7519f=43097 HTTP/1.1" 200 1748 "-" "Mozilla/5.0 (Windows NT 10.0; Win64; x64) AppleWebKit/537.36 (KHTML, like Gecko) Chrome/104.0.5112.97 Safari/537.36"
mediaeclips.infinitibizsol.com:443 51.222.253.13 - - [13/Jun/2025:07:26:43 +0000] "GET /tag/latest-seo-trends/feed/ HTTP/1.1" 304 0 "-" "Mozilla/5.0 (compatible; AhrefsBot/7.0; +http://ahrefs.com/robot/)"
mediaeclips.infinitibizsol.com:443 3.145.207.248 - - [13/Jun/2025:07:32:05 +0000] "GET /wp-content/plugins/contact-form-7/includes/css/styles.css?ver=5.9.4 HTTP/1.1" 200 2894 "https://mediaeclips.com/" "Mozilla/5.0 (Macintosh; Intel Mac OS X 10_15_7) AppleWebKit/605.1.15 (KHTML, like Gecko) Version/17.4 Safari/605.1.15"
mediaeclips.infinitibizsol.com:443 3.128.192.239 - - [13/Jun/2025:07:32:05 +0000] "GET /wp-content/themes/ziptech/css/style-dark.css?ver=6.5.5 HTTP/1.1" 200 4282 "https://mediaeclips.com/" "Mozilla/5.0 (Macintosh; Intel Mac OS X 10_15_7) AppleWebKit/605.1.15 (KHTML, like Gecko) Version/17.4 Safari/605.1.15"
mediaeclips.infinitibizsol.com:443 13.59.146.186 - - [13/Jun/2025:07:32:06 +0000] "GET /wp-content/themes/ziptech/style.css?ver=2023-03-20 HTTP/1.1" 200 10974 "https://mediaeclips.com/" "Mozilla/5.0 (Macintosh; Intel Mac OS X 10_15_7) AppleWebKit/605.1.15 (KHTML, like Gecko) Version/17.4 Safari/605.1.15"
mediaeclips.infinitibizsol.com:443 18.117.250.168 - - [13/Jun/2025:07:32:07 +0000] "GET /wp-content/themes/ziptech/css/responsive.css?ver=6.5.5 HTTP/1.1" 200 9773 "https://mediaeclips.com/" "Mozilla/5.0 (Macintosh; Intel Mac OS X 10_15_7) AppleWebKit/605.1.15 (KHTML, like Gecko) Version/17.4 Safari/605.1.15"
mediaeclips.infinitibizsol.com:443 3.16.51.91 - - [13/Jun/2025:07:32:08 +0000] "GET /wp-content/themes/ziptech/css/style.css?ver=6.5.5 HTTP/1.1" 200 256580 "https://mediaeclips.com/" "Mozilla/5.0 (Macintosh; Intel Mac OS X 10_15_7) AppleWebKit/605.1.15 (KHTML, like Gecko) Version/17.4 Safari/605.1.15"
mediaeclips.infinitibizsol.com:443 18.227.13.181 - - [13/Jun/2025:07:32:08 +0000] "GET /wp-content/plugins/elementskit-lite/modules/elementskit-icon-pack/assets/css/ekiticons.css?ver=3.1.3 HTTP/1.1" 200 124837 "https://mediaeclips.com/" "Mozilla/5.0 (Macintosh; Intel Mac OS X 10_15_7) AppleWebKit/605.1.15 (KHTML, like Gecko) Version/17.4 Safari/605.1.15"
mediaeclips.infinitibizsol.com:443 3.15.7.234 - - [13/Jun/2025:07:32:08 +0000] "GET /wp-content/plugins/tablepress/css/build/default.css?ver=2.3.1 HTTP/1.1" 200 6087 "https://mediaeclips.com/" "Mozilla/5.0 (Macintosh; Intel Mac OS X 10_15_7) AppleWebKit/605.1.15 (KHTML, like Gecko) Version/17.4 Safari/605.1.15"
mediaeclips.infinitibizsol.com:443 13.59.146.186 - - [13/Jun/2025:07:32:08 +0000] "GET /wp-content/plugins/elementor/assets/lib/eicons/css/elementor-icons.min.css?ver=5.29.0 HTTP/1.1" 200 19778 "https://mediaeclips.com/" "Mozilla/5.0 (Macintosh; Intel Mac OS X 10_15_7) AppleWebKit/605.1.15 (KHTML, like Gecko) Version/17.4 Safari/605.1.15"
mediaeclips.infinitibizsol.com:443 18.219.222.141 - - [13/Jun/2025:07:32:09 +0000] "GET /wp-content/plugins/elementor/assets/css/frontend-lite.min.css?ver=3.21.5 HTTP/1.1" 200 118945 "https://mediaeclips.com/" "Mozilla/5.0 (Macintosh; Intel Mac OS X 10_15_7) AppleWebKit/605.1.15 (KHTML, like Gecko) Version/17.4 Safari/605.1.15"
mediaeclips.infinitibizsol.com:443 3.17.150.49 - - [13/Jun/2025:07:32:10 +0000] "GET /wp-content/plugins/elementor/assets/lib/swiper/v8/css/swiper.min.css?ver=8.4.5 HTTP/1.1" 200 16471 "https://mediaeclips.com/" "Mozilla/5.0 (Macintosh; Intel Mac OS X 10_15_7) AppleWebKit/605.1.15 (KHTML, like Gecko) Version/17.4 Safari/605.1.15"
mediaeclips.infinitibizsol.com:443 3.128.192.239 - - [13/Jun/2025:07:32:10 +0000] "GET /wp-content/uploads/elementor/css/post-9.css?ver=1715183195 HTTP/1.1" 200 1168 "https://mediaeclips.com/" "Mozilla/5.0 (Macintosh; Intel Mac OS X 10_15_7) AppleWebKit/605.1.15 (KHTML, like Gecko) Version/17.4 Safari/605.1.15"
mediaeclips.infinitibizsol.com:443 3.128.29.61 - - [13/Jun/2025:07:32:11 +0000] "GET /wp-content/plugins/elementor-pro/assets/css/frontend-lite.min.css?ver=3.19.3 HTTP/1.1" 200 11053 "https://mediaeclips.com/" "Mozilla/5.0 (Macintosh; Intel Mac OS X 10_15_7) AppleWebKit/605.1.15 (KHTML, like Gecko) Version/17.4 Safari/605.1.15"
mediaeclips.infinitibizsol.com:443 3.15.7.234 - - [13/Jun/2025:07:32:11 +0000] "GET /wp-content/uploads/elementor/css/global.css?ver=1715183195 HTTP/1.1" 200 46618 "https://mediaeclips.com/" "Mozilla/5.0 (Macintosh; Intel Mac OS X 10_15_7) AppleWebKit/605.1.15 (KHTML, like Gecko) Version/17.4 Safari/605.1.15"
mediaeclips.infinitibizsol.com:443 162.0.223.40 - - [13/Jun/2025:07:32:12 +0000] "POST /wp-cron.php?doing_wp_cron=1749799931.1524639129638671875000 HTTP/1.1" 499 0 "-" "WordPress/6.5.5; https://mediaeclips.com"
mediaeclips.infinitibizsol.com:443 18.227.13.181 - - [13/Jun/2025:07:32:12 +0000] "GET /wp-content/uploads/elementor/css/post-107.css?ver=1715800560 HTTP/1.1" 200 30721 "https://mediaeclips.com/" "Mozilla/5.0 (Macintosh; Intel Mac OS X 10_15_7) AppleWebKit/605.1.15 (KHTML, like Gecko) Version/17.4 Safari/605.1.15"
mediaeclips.infinitibizsol.com:443 3.148.233.145 - - [13/Jun/2025:07:32:12 +0000] "GET /wp-content/themes/ziptech/framework/color.php?ver=6.5.5 HTTP/1.1" 404 5 "https://mediaeclips.com/" "Mozilla/5.0 (Macintosh; Intel Mac OS X 10_15_7) AppleWebKit/605.1.15 (KHTML, like Gecko) Version/17.4 Safari/605.1.15"
mediaeclips.infinitibizsol.com:443 13.59.212.113 - - [13/Jun/2025:07:32:12 +0000] "GET /wp-content/plugins/elementskit-lite/widgets/init/assets/css/responsive.css?ver=3.1.3 HTTP/1.1" 200 30299 "https://mediaeclips.com/" "Mozilla/5.0 (Macintosh; Intel Mac OS X 10_15_7) AppleWebKit/605.1.15 (KHTML, like Gecko) Version/17.4 Safari/605.1.15"
mediaeclips.infinitibizsol.com:443 3.128.29.61 - - [13/Jun/2025:07:32:13 +0000] "GET /wp-content/plugins/essential-addons-for-elementor-lite/assets/front-end/css/view/general.min.css?ver=5.9.21 HTTP/1.1" 200 3829 "https://mediaeclips.com/" "Mozilla/5.0 (Macintosh; Intel Mac OS X 10_15_7) AppleWebKit/605.1.15 (KHTML, like Gecko) Version/17.4 Safari/605.1.15"
mediaeclips.infinitibizsol.com:443 3.144.168.251 - - [13/Jun/2025:07:32:13 +0000] "GET /wp-content/plugins/elementskit-lite/widgets/init/assets/css/widget-styles.css?ver=3.1.3 HTTP/1.1" 200 445845 "https://mediaeclips.com/" "Mozilla/5.0 (Macintosh; Intel Mac OS X 10_15_7) AppleWebKit/605.1.15 (KHTML, like Gecko) Version/17.4 Safari/605.1.15"
mediaeclips.infinitibizsol.com:443 3.148.216.36 - - [13/Jun/2025:07:32:14 +0000] "GET /wp-content/plugins/elementor/assets/lib/font-awesome/css/fontawesome.min.css?ver=5.15.3 HTTP/1.1" 200 58071 "https://mediaeclips.com/" "Mozilla/5.0 (Macintosh; Intel Mac OS X 10_15_7) AppleWebKit/605.1.15 (KHTML, like Gecko) Version/17.4 Safari/605.1.15"
mediaeclips.infinitibizsol.com:443 18.227.13.181 - - [13/Jun/2025:07:32:14 +0000] "GET /wp-content/plugins/elementor/assets/lib/font-awesome/css/solid.min.css?ver=5.15.3 HTTP/1.1" 200 669 "https://mediaeclips.com/" "Mozilla/5.0 (Macintosh; Intel Mac OS X 10_15_7) AppleWebKit/605.1.15 (KHTML, like Gecko) Version/17.4 Safari/605.1.15"
mediaeclips.infinitibizsol.com:443 3.15.7.234 - - [13/Jun/2025:07:32:14 +0000] "GET /wp-includes/js/jquery/jquery.min.js?ver=3.7.1 HTTP/1.1" 200 87553 "https://mediaeclips.com/" "Mozilla/5.0 (Macintosh; Intel Mac OS X 10_15_7) AppleWebKit/605.1.15 (KHTML, like Gecko) Version/17.4 Safari/605.1.15"
mediaeclips.infinitibizsol.com:443 52.14.155.241 - - [13/Jun/2025:07:32:15 +0000] "GET /wp-includes/js/jquery/jquery-migrate.min.js?ver=3.4.1 HTTP/1.1" 200 13577 "https://mediaeclips.com/" "Mozilla/5.0 (Macintosh; Intel Mac OS X 10_15_7) AppleWebKit/605.1.15 (KHTML, like Gecko) Version/17.4 Safari/605.1.15"
mediaeclips.infinitibizsol.com:443 18.227.13.181 - - [13/Jun/2025:07:32:15 +0000] "GET /wp-content/plugins/contact-form-7/includes/swv/js/index.js?ver=5.9.4 HTTP/1.1" 200 11513 "https://mediaeclips.com/" "Mozilla/5.0 (Macintosh; Intel Mac OS X 10_15_7) AppleWebKit/605.1.15 (KHTML, like Gecko) Version/17.4 Safari/605.1.15"
mediaeclips.infinitibizsol.com:443 18.219.222.141 - - [13/Jun/2025:07:32:16 +0000] "GET /wp-content/plugins/contact-form-7/includes/js/index.js?ver=5.9.4 HTTP/1.1" 200 13054 "https://mediaeclips.com/" "Mozilla/5.0 (Macintosh; Intel Mac OS X 10_15_7) AppleWebKit/605.1.15 (KHTML, like Gecko) Version/17.4 Safari/605.1.15"
mediaeclips.infinitibizsol.com:443 3.135.223.28 - - [13/Jun/2025:07:32:17 +0000] "GET /wp-content/themes/ziptech/js/jquery-3.6.0.min.js?ver=6.5.5 HTTP/1.1" 200 89501 "https://mediaeclips.com/" "Mozilla/5.0 (Macintosh; Intel Mac OS X 10_15_7) AppleWebKit/605.1.15 (KHTML, like Gecko) Version/17.4 Safari/605.1.15"
mediaeclips.infinitibizsol.com:443 3.148.216.36 - - [13/Jun/2025:07:32:17 +0000] "GET /wp-content/themes/ziptech/js/jquery.nice-select.min.js?ver=6.5.5 HTTP/1.1" 200 2942 "https://mediaeclips.com/" "Mozilla/5.0 (Macintosh; Intel Mac OS X 10_15_7) AppleWebKit/605.1.15 (KHTML, like Gecko) Version/17.4 Safari/605.1.15"
mediaeclips.infinitibizsol.com:443 3.15.7.234 - - [13/Jun/2025:07:32:17 +0000] "GET /wp-content/themes/ziptech/js/bootstrap.min.js?ver=6.5.5 HTTP/1.1" 200 60089 "https://mediaeclips.com/" "Mozilla/5.0 (Macintosh; Intel Mac OS X 10_15_7) AppleWebKit/605.1.15 (KHTML, like Gecko) Version/17.4 Safari/605.1.15"
mediaeclips.infinitibizsol.com:443 18.223.170.151 - - [13/Jun/2025:07:32:18 +0000] "GET /wp-content/themes/ziptech/js/jquery.appear.min.js?ver=6.5.5 HTTP/1.1" 200 1266 "https://mediaeclips.com/" "Mozilla/5.0 (Macintosh; Intel Mac OS X 10_15_7) AppleWebKit/605.1.15 (KHTML, like Gecko) Version/17.4 Safari/605.1.15"
mediaeclips.infinitibizsol.com:443 3.148.233.145 - - [13/Jun/2025:07:32:18 +0000] "GET /wp-content/themes/ziptech/js/wow.min.js?ver=6.5.5 HTTP/1.1" 200 8155 "https://mediaeclips.com/" "Mozilla/5.0 (Macintosh; Intel Mac OS X 10_15_7) AppleWebKit/605.1.15 (KHTML, like Gecko) Version/17.4 Safari/605.1.15"
mediaeclips.infinitibizsol.com:443 3.137.168.19 - - [13/Jun/2025:07:32:19 +0000] "GET /wp-content/themes/ziptech/js/owl.carousel.min.js?ver=6.5.5 HTTP/1.1" 200 44342 "https://mediaeclips.com/" "Mozilla/5.0 (Macintosh; Intel Mac OS X 10_15_7) AppleWebKit/605.1.15 (KHTML, like Gecko) Version/17.4 Safari/605.1.15"
mediaeclips.infinitibizsol.com:443 3.135.210.236 - - [13/Jun/2025:07:32:20 +0000] "GET /wp-content/themes/ziptech/js/jquery.event.move.js?ver=6.5.5 HTTP/1.1" 200 14530 "https://mediaeclips.com/" "Mozilla/5.0 (Macintosh; Intel Mac OS X 10_15_7) AppleWebKit/605.1.15 (KHTML, like Gecko) Version/17.4 Safari/605.1.15"
mediaeclips.infinitibizsol.com:443 18.118.215.70 - - [13/Jun/2025:07:32:20 +0000] "GET /wp-content/themes/ziptech/js/jquery.twentytwenty.js?ver=6.5.5 HTTP/1.1" 200 5414 "https://mediaeclips.com/" "Mozilla/5.0 (Macintosh; Intel Mac OS X 10_15_7) AppleWebKit/605.1.15 (KHTML, like Gecko) Version/17.4 Safari/605.1.15"
mediaeclips.infinitibizsol.com:443 3.15.7.234 - - [13/Jun/2025:07:32:20 +0000] "GET /wp-content/themes/ziptech/js/tilt.jquery.min.js?ver=6.5.5 HTTP/1.1" 200 5640 "https://mediaeclips.com/" "Mozilla/5.0 (Macintosh; Intel Mac OS X 10_15_7) AppleWebKit/605.1.15 (KHTML, like Gecko) Version/17.4 Safari/605.1.15"
mediaeclips.infinitibizsol.com:443 3.148.233.145 - - [13/Jun/2025:07:32:21 +0000] "GET /wp-content/themes/ziptech/js/magnific-popup.min.js?ver=6.5.5 HTTP/1.1" 200 20216 "https://mediaeclips.com/" "Mozilla/5.0 (Macintosh; Intel Mac OS X 10_15_7) AppleWebKit/605.1.15 (KHTML, like Gecko) Version/17.4 Safari/605.1.15"
mediaeclips.infinitibizsol.com:443 18.223.170.151 - - [13/Jun/2025:07:32:21 +0000] "GET /wp-content/themes/ziptech/js/backtotop.js?ver=6.5.5 HTTP/1.1" 200 1199 "https://mediaeclips.com/" "Mozilla/5.0 (Macintosh; Intel Mac OS X 10_15_7) AppleWebKit/605.1.15 (KHTML, like Gecko) Version/17.4 Safari/605.1.15"
mediaeclips.infinitibizsol.com:443 3.137.168.19 - - [13/Jun/2025:07:32:22 +0000] "GET /wp-content/themes/ziptech/js/trigger.js?ver=6.5.5 HTTP/1.1" 200 23845 "https://mediaeclips.com/" "Mozilla/5.0 (Macintosh; Intel Mac OS X 10_15_7) AppleWebKit/605.1.15 (KHTML, like Gecko) Version/17.4 Safari/605.1.15"
mediaeclips.infinitibizsol.com:443 3.135.203.253 - - [13/Jun/2025:07:32:23 +0000] "GET /wp-content/plugins/elementskit-lite/libs/framework/assets/js/frontend-script.js?ver=3.1.3 HTTP/1.1" 200 40 "https://mediaeclips.com/" "Mozilla/5.0 (Macintosh; Intel Mac OS X 10_15_7) AppleWebKit/605.1.15 (KHTML, like Gecko) Version/17.4 Safari/605.1.15"
mediaeclips.infinitibizsol.com:443 18.118.215.70 - - [13/Jun/2025:07:32:23 +0000] "GET /wp-content/plugins/elementskit-lite/widgets/init/assets/js/widget-scripts.js?ver=3.1.3 HTTP/1.1" 200 137549 "https://mediaeclips.com/" "Mozilla/5.0 (Macintosh; Intel Mac OS X 10_15_7) AppleWebKit/605.1.15 (KHTML, like Gecko) Version/17.4 Safari/605.1.15"
mediaeclips.infinitibizsol.com:443 3.144.168.251 - - [13/Jun/2025:07:32:23 +0000] "GET /wp-content/plugins/essential-addons-for-elementor-lite/assets/front-end/js/view/general.min.js?ver=5.9.21 HTTP/1.1" 200 10364 "https://mediaeclips.com/" "Mozilla/5.0 (Macintosh; Intel Mac OS X 10_15_7) AppleWebKit/605.1.15 (KHTML, like Gecko) Version/17.4 Safari/605.1.15"
mediaeclips.infinitibizsol.com:443 3.148.216.36 - - [13/Jun/2025:07:32:24 +0000] "GET /wp-content/plugins/ziptech-elementor/assets/js/bdevs-elementor.js?ver=1.0.0 HTTP/1.1" 200 591 "https://mediaeclips.com/" "Mozilla/5.0 (Macintosh; Intel Mac OS X 10_15_7) AppleWebKit/605.1.15 (KHTML, like Gecko) Version/17.4 Safari/605.1.15"
mediaeclips.infinitibizsol.com:443 18.219.222.141 - - [13/Jun/2025:07:32:24 +0000] "GET /wp-content/plugins/elementor-pro/assets/js/webpack-pro.runtime.min.js?ver=3.19.3 HTTP/1.1" 200 5825 "https://mediaeclips.com/" "Mozilla/5.0 (Macintosh; Intel Mac OS X 10_15_7) AppleWebKit/605.1.15 (KHTML, like Gecko) Version/17.4 Safari/605.1.15"
mediaeclips.infinitibizsol.com:443 3.137.168.19 - - [13/Jun/2025:07:32:25 +0000] "GET /wp-content/plugins/elementor/assets/js/webpack.runtime.min.js?ver=3.21.5 HTTP/1.1" 200 4997 "https://mediaeclips.com/" "Mozilla/5.0 (Macintosh; Intel Mac OS X 10_15_7) AppleWebKit/605.1.15 (KHTML, like Gecko) Version/17.4 Safari/605.1.15"
mediaeclips.infinitibizsol.com:443 3.139.108.122 - - [13/Jun/2025:07:32:26 +0000] "GET /wp-content/plugins/elementor/assets/js/frontend-modules.min.js?ver=3.21.5 HTTP/1.1" 200 63275 "https://mediaeclips.com/" "Mozilla/5.0 (Macintosh; Intel Mac OS X 10_15_7) AppleWebKit/605.1.15 (KHTML, like Gecko) Version/17.4 Safari/605.1.15"
mediaeclips.infinitibizsol.com:443 18.118.215.70 - - [13/Jun/2025:07:32:26 +0000] "GET /wp-includes/js/dist/vendor/wp-polyfill-inert.min.js?ver=3.1.2 HTTP/1.1" 200 8171 "https://mediaeclips.com/" "Mozilla/5.0 (Macintosh; Intel Mac OS X 10_15_7) AppleWebKit/605.1.15 (KHTML, like Gecko) Version/17.4 Safari/605.1.15"
mediaeclips.infinitibizsol.com:443 3.144.168.251 - - [13/Jun/2025:07:32:26 +0000] "GET /wp-includes/js/dist/vendor/regenerator-runtime.min.js?ver=0.14.0 HTTP/1.1" 200 6625 "https://mediaeclips.com/" "Mozilla/5.0 (Macintosh; Intel Mac OS X 10_15_7) AppleWebKit/605.1.15 (KHTML, like Gecko) Version/17.4 Safari/605.1.15"
mediaeclips.infinitibizsol.com:443 3.135.203.253 - - [13/Jun/2025:07:32:27 +0000] "GET /wp-includes/js/dist/vendor/wp-polyfill.min.js?ver=3.15.0 HTTP/1.1" 200 38590 "https://mediaeclips.com/" "Mozilla/5.0 (Macintosh; Intel Mac OS X 10_15_7) AppleWebKit/605.1.15 (KHTML, like Gecko) Version/17.4 Safari/605.1.15"
mediaeclips.infinitibizsol.com:443 18.219.222.141 - - [13/Jun/2025:07:32:27 +0000] "GET /wp-includes/js/dist/hooks.min.js?ver=2810c76e705dd1a53b18 HTTP/1.1" 200 4307 "https://mediaeclips.com/" "Mozilla/5.0 (Macintosh; Intel Mac OS X 10_15_7) AppleWebKit/605.1.15 (KHTML, like Gecko) Version/17.4 Safari/605.1.15"
mediaeclips.infinitibizsol.com:443 18.188.32.209 - - [13/Jun/2025:07:32:28 +0000] "GET /wp-includes/js/dist/i18n.min.js?ver=5e580eb46a90c2b997e6 HTTP/1.1" 200 9141 "https://mediaeclips.com/" "Mozilla/5.0 (Macintosh; Intel Mac OS X 10_15_7) AppleWebKit/605.1.15 (KHTML, like Gecko) Version/17.4 Safari/605.1.15"
mediaeclips.infinitibizsol.com:443 18.191.220.131 - - [13/Jun/2025:07:32:29 +0000] "GET /wp-content/plugins/elementor-pro/assets/js/frontend.min.js?ver=3.19.3 HTTP/1.1" 200 25066 "https://mediaeclips.com/" "Mozilla/5.0 (Macintosh; Intel Mac OS X 10_15_7) AppleWebKit/605.1.15 (KHTML, like Gecko) Version/17.4 Safari/605.1.15"
mediaeclips.infinitibizsol.com:443 3.131.152.83 - - [13/Jun/2025:07:32:29 +0000] "GET /wp-content/plugins/elementor/assets/lib/waypoints/waypoints.min.js?ver=4.0.2 HTTP/1.1" 200 12198 "https://mediaeclips.com/" "Mozilla/5.0 (Macintosh; Intel Mac OS X 10_15_7) AppleWebKit/605.1.15 (KHTML, like Gecko) Version/17.4 Safari/605.1.15"
mediaeclips.infinitibizsol.com:443 3.137.168.19 - - [13/Jun/2025:07:32:29 +0000] "GET /wp-includes/js/jquery/ui/core.min.js?ver=1.13.2 HTTP/1.1" 200 21438 "https://mediaeclips.com/" "Mozilla/5.0 (Macintosh; Intel Mac OS X 10_15_7) AppleWebKit/605.1.15 (KHTML, like Gecko) Version/17.4 Safari/605.1.15"
mediaeclips.infinitibizsol.com:443 3.128.192.239 - - [13/Jun/2025:07:32:30 +0000] "GET /wp-content/plugins/elementor-pro/assets/js/elements-handlers.min.js?ver=3.19.3 HTTP/1.1" 200 38254 "https://mediaeclips.com/" "Mozilla/5.0 (Macintosh; Intel Mac OS X 10_15_7) AppleWebKit/605.1.15 (KHTML, like Gecko) Version/17.4 Safari/605.1.15"
mediaeclips.infinitibizsol.com:443 18.227.13.181 - - [13/Jun/2025:07:32:30 +0000] "GET /wp-content/plugins/elementor/assets/js/frontend.min.js?ver=3.21.5 HTTP/1.1" 200 39972 "https://mediaeclips.com/" "Mozilla/5.0 (Macintosh; Intel Mac OS X 10_15_7) AppleWebKit/605.1.15 (KHTML, like Gecko) Version/17.4 Safari/605.1.15"
mediaeclips.infinitibizsol.com:443 18.223.170.151 - - [13/Jun/2025:07:32:31 +0000] "GET /wp-content/plugins/elementskit-lite/widgets/init/assets/js/animate-circle.min.js?ver=3.1.3 HTTP/1.1" 200 681 "https://mediaeclips.com/" "Mozilla/5.0 (Macintosh; Intel Mac OS X 10_15_7) AppleWebKit/605.1.15 (KHTML, like Gecko) Version/17.4 Safari/605.1.15"
mediaeclips.infinitibizsol.com:443 18.191.220.131 - - [13/Jun/2025:07:32:31 +0000] "GET /wp-content/plugins/elementskit-lite/widgets/init/assets/js/elementor.js?ver=3.1.3 HTTP/1.1" 200 18774 "https://mediaeclips.com/" "Mozilla/5.0 (Macintosh; Intel Mac OS X 10_15_7) AppleWebKit/605.1.15 (KHTML, like Gecko) Version/17.4 Safari/605.1.15"
mediaeclips.infinitibizsol.com:443 18.216.27.0 - - [13/Jun/2025:07:32:32 +0000] "GET /wp-content/themes/ziptech/fonts/fontawesome/css/all.css HTTP/1.1" 200 72670 "https://mediaeclips.com/" "Mozilla/5.0 (Macintosh; Intel Mac OS X 10_15_7) AppleWebKit/605.1.15 (KHTML, like Gecko) Version/17.4 Safari/605.1.15"
mediaeclips.infinitibizsol.com:443 3.137.168.19 - - [13/Jun/2025:07:32:32 +0000] "GET /wp-content/themes/ziptech/css/bootstrap.min.css HTTP/1.1" 200 155845 "https://mediaeclips.com/" "Mozilla/5.0 (Macintosh; Intel Mac OS X 10_15_7) AppleWebKit/605.1.15 (KHTML, like Gecko) Version/17.4 Safari/605.1.15"
mediaeclips.infinitibizsol.com:443 18.119.1.113 - - [13/Jun/2025:07:32:33 +0000] "GET /wp-content/themes/ziptech/fonts/webexbaseicon/style.css HTTP/1.1" 200 28784 "https://mediaeclips.com/" "Mozilla/5.0 (Macintosh; Intel Mac OS X 10_15_7) AppleWebKit/605.1.15 (KHTML, like Gecko) Version/17.4 Safari/605.1.15"
mediaeclips.infinitibizsol.com:443 52.14.155.241 - - [13/Jun/2025:07:32:33 +0000] "GET /wp-content/themes/ziptech/fonts/webexthemeicon/style.css HTTP/1.1" 200 7008 "https://mediaeclips.com/" "Mozilla/5.0 (Macintosh; Intel Mac OS X 10_15_7) AppleWebKit/605.1.15 (KHTML, like Gecko) Version/17.4 Safari/605.1.15"
mediaeclips.infinitibizsol.com:443 18.219.156.249 - - [13/Jun/2025:07:32:34 +0000] "GET /wp-content/themes/ziptech/css/nice-select.css HTTP/1.1" 200 4007 "https://mediaeclips.com/" "Mozilla/5.0 (Macintosh; Intel Mac OS X 10_15_7) AppleWebKit/605.1.15 (KHTML, like Gecko) Version/17.4 Safari/605.1.15"
mediaeclips.infinitibizsol.com:443 18.191.220.131 - - [13/Jun/2025:07:32:34 +0000] "GET /wp-content/themes/ziptech/css/twentytwenty.css HTTP/1.1" 200 6537 "https://mediaeclips.com/" "Mozilla/5.0 (Macintosh; Intel Mac OS X 10_15_7) AppleWebKit/605.1.15 (KHTML, like Gecko) Version/17.4 Safari/605.1.15"
mediaeclips.infinitibizsol.com:443 52.14.129.218 - - [13/Jun/2025:07:32:36 +0000] "GET /wp-content/themes/ziptech/css/magnific-popup.css HTTP/1.1" 200 6951 "https://mediaeclips.com/" "Mozilla/5.0 (Macintosh; Intel Mac OS X 10_15_7) AppleWebKit/605.1.15 (KHTML, like Gecko) Version/17.4 Safari/605.1.15"
mediaeclips.infinitibizsol.com:443 18.117.250.168 - - [13/Jun/2025:07:32:36 +0000] "GET /wp-content/themes/ziptech/css/animate.css HTTP/1.1" 200 80426 "https://mediaeclips.com/" "Mozilla/5.0 (Macintosh; Intel Mac OS X 10_15_7) AppleWebKit/605.1.15 (KHTML, like Gecko) Version/17.4 Safari/605.1.15"
mediaeclips.infinitibizsol.com:443 18.119.1.113 - - [13/Jun/2025:07:32:36 +0000] "GET /wp-content/themes/ziptech/css/custom-animation.css HTTP/1.1" 200 9217 "https://mediaeclips.com/" "Mozilla/5.0 (Macintosh; Intel Mac OS X 10_15_7) AppleWebKit/605.1.15 (KHTML, like Gecko) Version/17.4 Safari/605.1.15"
mediaeclips.infinitibizsol.com:443 52.14.155.241 - - [13/Jun/2025:07:32:37 +0000] "GET /wp-content/themes/ziptech/css/kursor.css HTTP/1.1" 200 6346 "https://mediaeclips.com/" "Mozilla/5.0 (Macintosh; Intel Mac OS X 10_15_7) AppleWebKit/605.1.15 (KHTML, like Gecko) Version/17.4 Safari/605.1.15"
mediaeclips.infinitibizsol.com:443 18.216.27.0 - - [13/Jun/2025:07:32:40 +0000] "GET /wp-content/themes/ziptech/css/owl.carousel.min.css HTTP/1.1" 200 3356 "https://mediaeclips.com/" "Mozilla/5.0 (Macintosh; Intel Mac OS X 10_15_7) AppleWebKit/605.1.15 (KHTML, like Gecko) Version/17.4 Safari/605.1.15"
mediaeclips.infinitibizsol.com:443 18.191.215.79 - - [13/Jun/2025:07:32:47 +0000] "GET /wp-content/plugins/elementor/assets/js/text-editor.2c35aafbe5bf0e127950.bundle.min.js HTTP/1.1" 200 1360 "https://mediaeclips.com/" "Mozilla/5.0 (Macintosh; Intel Mac OS X 10_15_7) AppleWebKit/605.1.15 (KHTML, like Gecko) Version/17.4 Safari/605.1.15"
mediaeclips.infinitibizsol.com:443 18.219.222.141 - - [13/Jun/2025:07:32:49 +0000] "GET /wp-json/contact-form-7/v1/contact-forms/159/feedback/schema HTTP/1.1" 404 777 "https://mediaeclips.com/" "Mozilla/5.0 (Macintosh; Intel Mac OS X 10_15_7) AppleWebKit/605.1.15 (KHTML, like Gecko) Version/17.4 Safari/605.1.15"
mediaeclips.infinitibizsol.com:443 3.131.152.83 - - [13/Jun/2025:07:32:53 +0000] "GET /wp-json/contact-form-7/v1/contact-forms/158/feedback/schema HTTP/1.1" 404 241 "https://mediaeclips.com/" "Mozilla/5.0 (Macintosh; Intel Mac OS X 10_15_7) AppleWebKit/605.1.15 (KHTML, like Gecko) Version/17.4 Safari/605.1.15"
mediaeclips.infinitibizsol.com:443 3.144.168.251 - - [13/Jun/2025:07:32:57 +0000] "GET /wp-json/contact-form-7/v1/contact-forms/158/refill HTTP/1.1" 404 12 "https://mediaeclips.com/" "Mozilla/5.0 (Macintosh; Intel Mac OS X 10_15_7) AppleWebKit/605.1.15 (KHTML, like Gecko) Version/17.4 Safari/605.1.15"
mediaeclips.infinitibizsol.com:443 3.135.210.236 - - [13/Jun/2025:07:33:01 +0000] "GET /wp-json/contact-form-7/v1/contact-forms/159/refill HTTP/1.1" 404 12 "https://mediaeclips.com/" "Mozilla/5.0 (Macintosh; Intel Mac OS X 10_15_7) AppleWebKit/605.1.15 (KHTML, like Gecko) Version/17.4 Safari/605.1.15"
mediaeclips.infinitibizsol.com:443 91.201.115.174 - - [13/Jun/2025:07:35:24 +0000] "GET / HTTP/1.1" 404 108413 "-" "Mozilla/5.0 (Macintosh; Intel Mac OS X 10_15_7) AppleWebKit/537.36 (KHTML, like Gecko) Chrome/133.0.0.0 Safari/537.36"
mediaeclips.infinitibizsol.com:443 162.0.223.40 - - [13/Jun/2025:07:35:31 +0000] "POST /wp-cron.php?doing_wp_cron=1749800130.1302709579467773437500 HTTP/1.1" 499 0 "-" "WordPress/6.5.5; https://mediaeclips.com"
mediaeclips.infinitibizsol.com:443 197.140.15.34 - - [13/Jun/2025:07:35:33 +0000] "POST / HTTP/1.1" 404 108702 "-" "Mozilla/5.0 (Macintosh; Intel Mac OS X 10_15_7) AppleWebKit/537.36 (KHTML, like Gecko) Chrome/133.0.0.0 Safari/537.36"
mediaeclips.infinitibizsol.com:443 197.140.15.34 - - [13/Jun/2025:07:35:41 +0000] "POST / HTTP/1.1" 404 108328 "-" "Mozilla/5.0 (Windows NT 10.0; Win64; x64) AppleWebKit/537.36 (KHTML, like Gecko) Chrome/120.0.0.0 Safari/537.36"
mediaeclips.infinitibizsol.com:443 197.140.15.34 - - [13/Jun/2025:07:35:48 +0000] "POST / HTTP/1.1" 404 108383 "-" "Mozilla/5.0 (Macintosh; Intel Mac OS X 10_15_7) AppleWebKit/537.36 (KHTML, like Gecko) Chrome/133.0.0.0 Safari/537.36"
mediaeclips.infinitibizsol.com:443 197.140.15.34 - - [13/Jun/2025:07:35:54 +0000] "POST / HTTP/1.1" 404 108286 "-" "Mozilla/5.0 (Windows NT 10.0; Win64; x64) AppleWebKit/537.36 (KHTML, like Gecko) Chrome/120.0.0.0 Safari/537.36"
mediaeclips.infinitibizsol.com:443 91.201.115.174 - - [13/Jun/2025:07:36:00 +0000] "GET /comments/feed/ HTTP/1.1" 404 937 "-" "Mozilla/5.0 (Macintosh; Intel Mac OS X 10_15_7) AppleWebKit/537.36 (KHTML, like Gecko) Chrome/133.0.0.0 Safari/537.36"
mediaeclips.infinitibizsol.com:443 91.201.115.174 - - [13/Jun/2025:07:36:01 +0000] "GET /graphic-design/ HTTP/1.1" 404 65442 "-" "Mozilla/5.0 (Macintosh; Intel Mac OS X 10_15_7) AppleWebKit/537.36 (KHTML, like Gecko) Chrome/133.0.0.0 Safari/537.36"
mediaeclips.infinitibizsol.com:443 197.140.15.34 - - [13/Jun/2025:07:36:10 +0000] "POST /graphic-design/ HTTP/1.1" 404 65888 "-" "Mozilla/5.0 (Macintosh; Intel Mac OS X 10_15_7) AppleWebKit/537.36 (KHTML, like Gecko) Chrome/133.0.0.0 Safari/537.36"
mediaeclips.infinitibizsol.com:443 91.201.115.174 - - [13/Jun/2025:07:36:17 +0000] "GET /blogs/ HTTP/1.1" 404 57796 "-" "Mozilla/5.0 (Macintosh; Intel Mac OS X 10_15_7) AppleWebKit/537.36 (KHTML, like Gecko) Chrome/133.0.0.0 Safari/537.36"
mediaeclips.infinitibizsol.com:443 197.140.15.34 - - [13/Jun/2025:07:36:24 +0000] "POST /blogs/ HTTP/1.1" 404 57828 "-" "Mozilla/5.0 (Macintosh; Intel Mac OS X 10_15_7) AppleWebKit/537.36 (KHTML, like Gecko) Chrome/133.0.0.0 Safari/537.36"
mediaeclips.infinitibizsol.com:443 197.140.15.34 - - [13/Jun/2025:07:36:31 +0000] "POST /blogs/ HTTP/1.1" 404 57741 "-" "Mozilla/5.0 (Windows NT 10.0; Win64; x64) AppleWebKit/537.36 (KHTML, like Gecko) Chrome/120.0.0.0 Safari/537.36"
mediaeclips.infinitibizsol.com:443 91.201.115.174 - - [13/Jun/2025:07:36:32 +0000] "GET /blogs/page/2/ HTTP/1.1" 404 57697 "-" "Mozilla/5.0 (Macintosh; Intel Mac OS X 10_15_7) AppleWebKit/537.36 (KHTML, like Gecko) Chrome/133.0.0.0 Safari/537.36"
mediaeclips.infinitibizsol.com:443 197.140.15.34 - - [13/Jun/2025:07:36:44 +0000] "POST /blogs/page/2/ HTTP/1.1" 404 57622 "-" "Mozilla/5.0 (Windows NT 10.0; Win64; x64) AppleWebKit/537.36 (KHTML, like Gecko) Chrome/120.0.0.0 Safari/537.36"
mediaeclips.infinitibizsol.com:443 91.201.115.174 - - [13/Jun/2025:07:36:46 +0000] "GET /blogs/page/3/ HTTP/1.1" 404 57934 "-" "Mozilla/5.0 (Macintosh; Intel Mac OS X 10_15_7) AppleWebKit/537.36 (KHTML, like Gecko) Chrome/133.0.0.0 Safari/537.36"
mediaeclips.infinitibizsol.com:443 197.140.15.34 - - [13/Jun/2025:07:36:53 +0000] "POST /blogs/page/3/ HTTP/1.1" 404 58131 "-" "Mozilla/5.0 (Macintosh; Intel Mac OS X 10_15_7) AppleWebKit/537.36 (KHTML, like Gecko) Chrome/133.0.0.0 Safari/537.36"
mediaeclips.infinitibizsol.com:443 197.140.15.34 - - [13/Jun/2025:07:36:59 +0000] "POST /blogs/page/3/ HTTP/1.1" 404 57848 "-" "Mozilla/5.0 (Windows NT 10.0; Win64; x64) AppleWebKit/537.36 (KHTML, like Gecko) Chrome/120.0.0.0 Safari/537.36"
mediaeclips.infinitibizsol.com:443 91.201.115.174 - - [13/Jun/2025:07:37:00 +0000] "GET /blogs/page/4/ HTTP/1.1" 404 57967 "-" "Mozilla/5.0 (Macintosh; Intel Mac OS X 10_15_7) AppleWebKit/537.36 (KHTML, like Gecko) Chrome/133.0.0.0 Safari/537.36"
mediaeclips.infinitibizsol.com:443 197.140.15.34 - - [13/Jun/2025:07:37:08 +0000] "POST /blogs/page/4/ HTTP/1.1" 404 57960 "-" "Mozilla/5.0 (Macintosh; Intel Mac OS X 10_15_7) AppleWebKit/537.36 (KHTML, like Gecko) Chrome/133.0.0.0 Safari/537.36"
mediaeclips.infinitibizsol.com:443 197.140.15.34 - - [13/Jun/2025:07:37:13 +0000] "POST /blogs/page/4/ HTTP/1.1" 404 57859 "-" "Mozilla/5.0 (Windows NT 10.0; Win64; x64) AppleWebKit/537.36 (KHTML, like Gecko) Chrome/120.0.0.0 Safari/537.36"
mediaeclips.infinitibizsol.com:443 91.201.115.174 - - [13/Jun/2025:07:37:15 +0000] "GET /blogs/page/6/ HTTP/1.1" 404 58062 "-" "Mozilla/5.0 (Macintosh; Intel Mac OS X 10_15_7) AppleWebKit/537.36 (KHTML, like Gecko) Chrome/133.0.0.0 Safari/537.36"
mediaeclips.infinitibizsol.com:443 197.140.15.34 - - [13/Jun/2025:07:37:22 +0000] "POST /blogs/page/6/ HTTP/1.1" 404 58126 "-" "Mozilla/5.0 (Macintosh; Intel Mac OS X 10_15_7) AppleWebKit/537.36 (KHTML, like Gecko) Chrome/133.0.0.0 Safari/537.36"
mediaeclips.infinitibizsol.com:443 51.222.253.18 - - [13/Jun/2025:07:37:24 +0000] "GET /tag/what-is-ui-design/feed/ HTTP/1.1" 304 0 "-" "Mozilla/5.0 (compatible; AhrefsBot/7.0; +http://ahrefs.com/robot/)"
mediaeclips.infinitibizsol.com:443 197.140.15.34 - - [13/Jun/2025:07:37:27 +0000] "POST /blogs/page/6/ HTTP/1.1" 404 58061 "-" "Mozilla/5.0 (Windows NT 10.0; Win64; x64) AppleWebKit/537.36 (KHTML, like Gecko) Chrome/120.0.0.0 Safari/537.36"
mediaeclips.infinitibizsol.com:443 91.201.115.174 - - [13/Jun/2025:07:37:29 +0000] "GET /blogs/page/7/ HTTP/1.1" 404 57999 "-" "Mozilla/5.0 (Macintosh; Intel Mac OS X 10_15_7) AppleWebKit/537.36 (KHTML, like Gecko) Chrome/133.0.0.0 Safari/537.36"
mediaeclips.infinitibizsol.com:443 197.140.15.34 - - [13/Jun/2025:07:37:36 +0000] "POST /blogs/page/7/ HTTP/1.1" 404 58037 "-" "Mozilla/5.0 (Macintosh; Intel Mac OS X 10_15_7) AppleWebKit/537.36 (KHTML, like Gecko) Chrome/133.0.0.0 Safari/537.36"
mediaeclips.infinitibizsol.com:443 197.140.15.34 - - [13/Jun/2025:07:37:42 +0000] "POST /blogs/page/7/ HTTP/1.1" 404 58147 "-" "Mozilla/5.0 (Windows NT 10.0; Win64; x64) AppleWebKit/537.36 (KHTML, like Gecko) Chrome/120.0.0.0 Safari/537.36"
mediaeclips.infinitibizsol.com:443 91.201.115.174 - - [13/Jun/2025:07:37:43 +0000] "GET /blogs/page/8/ HTTP/1.1" 404 55996 "-" "Mozilla/5.0 (Macintosh; Intel Mac OS X 10_15_7) AppleWebKit/537.36 (KHTML, like Gecko) Chrome/133.0.0.0 Safari/537.36"
mediaeclips.infinitibizsol.com:443 197.140.15.34 - - [13/Jun/2025:07:37:50 +0000] "POST /blogs/page/8/ HTTP/1.1" 404 55987 "-" "Mozilla/5.0 (Macintosh; Intel Mac OS X 10_15_7) AppleWebKit/537.36 (KHTML, like Gecko) Chrome/133.0.0.0 Safari/537.36"
mediaeclips.infinitibizsol.com:443 197.140.15.34 - - [13/Jun/2025:07:37:55 +0000] "POST /blogs/page/8/ HTTP/1.1" 404 55944 "-" "Mozilla/5.0 (Windows NT 10.0; Win64; x64) AppleWebKit/537.36 (KHTML, like Gecko) Chrome/120.0.0.0 Safari/537.36"
mediaeclips.infinitibizsol.com:443 91.201.115.174 - - [13/Jun/2025:07:37:57 +0000] "GET /category/ux-ui-design/ HTTP/1.1" 404 48017 "-" "Mozilla/5.0 (Macintosh; Intel Mac OS X 10_15_7) AppleWebKit/537.36 (KHTML, like Gecko) Chrome/133.0.0.0 Safari/537.36"
mediaeclips.infinitibizsol.com:443 197.140.15.34 - - [13/Jun/2025:07:38:04 +0000] "POST /category/ux-ui-design/ HTTP/1.1" 404 47985 "-" "Mozilla/5.0 (Macintosh; Intel Mac OS X 10_15_7) AppleWebKit/537.36 (KHTML, like Gecko) Chrome/133.0.0.0 Safari/537.36"
mediaeclips.infinitibizsol.com:443 197.140.15.34 - - [13/Jun/2025:07:38:11 +0000] "POST /category/ux-ui-design/ HTTP/1.1" 404 47894 "-" "Mozilla/5.0 (Windows NT 10.0; Win64; x64) AppleWebKit/537.36 (KHTML, like Gecko) Chrome/120.0.0.0 Safari/537.36"
mediaeclips.infinitibizsol.com:443 91.201.115.174 - - [13/Jun/2025:07:38:12 +0000] "GET /contact-us/ HTTP/1.1" 404 61011 "-" "Mozilla/5.0 (Macintosh; Intel Mac OS X 10_15_7) AppleWebKit/537.36 (KHTML, like Gecko) Chrome/133.0.0.0 Safari/537.36"
mediaeclips.infinitibizsol.com:443 162.0.223.40 - - [13/Jun/2025:07:38:19 +0000] "POST /wp-cron.php?doing_wp_cron=1749800298.1554539203643798828125 HTTP/1.1" 499 0 "-" "WordPress/6.5.5; https://mediaeclips.com"
mediaeclips.infinitibizsol.com:443 197.140.15.34 - - [13/Jun/2025:07:38:21 +0000] "POST /contact-us/ HTTP/1.1" 404 61333 "-" "Mozilla/5.0 (Macintosh; Intel Mac OS X 10_15_7) AppleWebKit/537.36 (KHTML, like Gecko) Chrome/133.0.0.0 Safari/537.36"
mediaeclips.infinitibizsol.com:443 197.140.15.34 - - [13/Jun/2025:07:38:28 +0000] "POST /contact-us/ HTTP/1.1" 404 60924 "-" "Mozilla/5.0 (Windows NT 10.0; Win64; x64) AppleWebKit/537.36 (KHTML, like Gecko) Chrome/120.0.0.0 Safari/537.36"
mediaeclips.infinitibizsol.com:443 197.140.15.34 - - [13/Jun/2025:07:38:36 +0000] "POST /contact-us/ HTTP/1.1" 404 60986 "-" "Mozilla/5.0 (Macintosh; Intel Mac OS X 10_15_7) AppleWebKit/537.36 (KHTML, like Gecko) Chrome/133.0.0.0 Safari/537.36"
mediaeclips.infinitibizsol.com:443 197.140.15.34 - - [13/Jun/2025:07:38:42 +0000] "POST /contact-us/ HTTP/1.1" 404 60942 "-" "Mozilla/5.0 (Windows NT 10.0; Win64; x64) AppleWebKit/537.36 (KHTML, like Gecko) Chrome/120.0.0.0 Safari/537.36"
mediaeclips.infinitibizsol.com:80 91.201.115.174 - - [13/Jun/2025:07:38:47 +0000] "GET /contact-us HTTP/1.1" 404 5 "-" "Mozilla/5.0 (Macintosh; Intel Mac OS X 10_15_7) AppleWebKit/537.36 (KHTML, like Gecko) Chrome/133.0.0.0 Safari/537.36"
mediaeclips.infinitibizsol.com:443 91.201.115.174 - - [13/Jun/2025:07:38:48 +0000] "GET /how-to-create-an-effective-seo-strategy/ HTTP/1.1" 404 107260 "-" "Mozilla/5.0 (Macintosh; Intel Mac OS X 10_15_7) AppleWebKit/537.36 (KHTML, like Gecko) Chrome/133.0.0.0 Safari/537.36"
mediaeclips.infinitibizsol.com:443 197.140.15.34 - - [13/Jun/2025:07:38:54 +0000] "POST /wp-comments-post.php HTTP/1.1" 200 2566 "-" "Mozilla/5.0 (Macintosh; Intel Mac OS X 10_15_7) AppleWebKit/537.36 (KHTML, like Gecko) Chrome/133.0.0.0 Safari/537.36"
mediaeclips.infinitibizsol.com:80 139.180.180.168 - - [13/Jun/2025:07:38:54 +0000] "POST /wp-load.php?aba2d3=26212 HTTP/1.1" 200 1748 "-" "Mozilla/5.0 (Windows NT 10.0; Win64; x64) AppleWebKit/537.36 (KHTML, like Gecko) Chrome/104.0.5112.97 Safari/537.36"
mediaeclips.infinitibizsol.com:443 197.140.15.34 - - [13/Jun/2025:07:38:58 +0000] "POST /wp-comments-post.php HTTP/1.1" 200 5 "-" "Mozilla/5.0 (Windows NT 10.0; Win64; x64) AppleWebKit/537.36 (KHTML, like Gecko) Chrome/120.0.0.0 Safari/537.36"
mediaeclips.infinitibizsol.com:443 197.140.15.34 - - [13/Jun/2025:07:39:10 +0000] "POST /how-to-create-an-effective-seo-strategy/ HTTP/1.1" 404 107267 "-" "Mozilla/5.0 (Macintosh; Intel Mac OS X 10_15_7) AppleWebKit/537.36 (KHTML, like Gecko) Chrome/133.0.0.0 Safari/537.36"
mediaeclips.infinitibizsol.com:443 197.140.15.34 - - [13/Jun/2025:07:39:18 +0000] "POST /how-to-create-an-effective-seo-strategy/ HTTP/1.1" 404 107155 "-" "Mozilla/5.0 (Windows NT 10.0; Win64; x64) AppleWebKit/537.36 (KHTML, like Gecko) Chrome/120.0.0.0 Safari/537.36"
mediaeclips.infinitibizsol.com:443 91.201.115.174 - - [13/Jun/2025:07:39:22 +0000] "GET /how-to-create-an-effective-seo-strategy/feed/ HTTP/1.1" 404 1001 "-" "Mozilla/5.0 (Macintosh; Intel Mac OS X 10_15_7) AppleWebKit/537.36 (KHTML, like Gecko) Chrome/133.0.0.0 Safari/537.36"
mediaeclips.infinitibizsol.com:443 91.201.115.174 - - [13/Jun/2025:07:39:25 +0000] "GET /how-to-create-an-effective-seo-strategy/ HTTP/1.1" 404 107253 "-" "Mozilla/5.0 (Macintosh; Intel Mac OS X 10_15_7) AppleWebKit/537.36 (KHTML, like Gecko) Chrome/133.0.0.0 Safari/537.36"
mediaeclips.infinitibizsol.com:443 197.140.15.34 - - [13/Jun/2025:07:39:30 +0000] "POST /wp-comments-post.php HTTP/1.1" 200 2577 "-" "Mozilla/5.0 (Macintosh; Intel Mac OS X 10_15_7) AppleWebKit/537.36 (KHTML, like Gecko) Chrome/133.0.0.0 Safari/537.36"
mediaeclips.infinitibizsol.com:443 197.140.15.34 - - [13/Jun/2025:07:39:35 +0000] "POST /wp-comments-post.php HTTP/1.1" 200 5 "-" "Mozilla/5.0 (Windows NT 10.0; Win64; x64) AppleWebKit/537.36 (KHTML, like Gecko) Chrome/120.0.0.0 Safari/537.36"
mediaeclips.infinitibizsol.com:443 197.140.15.34 - - [13/Jun/2025:07:39:42 +0000] "POST /how-to-create-an-effective-seo-strategy/ HTTP/1.1" 404 107382 "-" "Mozilla/5.0 (Macintosh; Intel Mac OS X 10_15_7) AppleWebKit/537.36 (KHTML, like Gecko) Chrome/133.0.0.0 Safari/537.36"
mediaeclips.infinitibizsol.com:443 45.227.253.15 - - [13/Jun/2025:07:39:48 +0000] "GET /index.php/jk HTTP/1.1" 200 54 "-" "Mozilla/5.0 (Macintosh; Intel Mac OS X 10_15_7) AppleWebKit/537.36 (KHTML, like Gecko) Chrome/86.0.4240.111 Safari/537.36 Edg/86.0.622.51"
mediaeclips.infinitibizsol.com:443 197.140.15.34 - - [13/Jun/2025:07:39:49 +0000] "POST /how-to-create-an-effective-seo-strategy/ HTTP/1.1" 404 107186 "-" "Mozilla/5.0 (Windows NT 10.0; Win64; x64) AppleWebKit/537.36 (KHTML, like Gecko) Chrome/120.0.0.0 Safari/537.36"
mediaeclips.infinitibizsol.com:443 162.0.223.40 - - [13/Jun/2025:07:47:27 +0000] "POST /wp-cron.php?doing_wp_cron=1749800846.3914918899536132812500 HTTP/1.1" 499 0 "-" "WordPress/6.5.5; https://mediaeclips.com"
mediaeclips.infinitibizsol.com:443 51.222.253.10 - - [13/Jun/2025:07:47:27 +0000] "GET /tag/rewards-of-ai-content/feed/ HTTP/1.1" 304 0 "-" "Mozilla/5.0 (compatible; AhrefsBot/7.0; +http://ahrefs.com/robot/)"
mediaeclips.infinitibizsol.com:80 5.161.201.188 - - [13/Jun/2025:07:51:10 +0000] "POST /wp-load.php?3f458b=93229 HTTP/1.1" 200 2676 "http://mediaeclips.com/" "Mozilla/5.0 (Windows NT 10.0; Win64; x64) AppleWebKit/537.36 (KHTML, like Gecko) Chrome/104.0.5112.97 Safari/537.36"
mediaeclips.infinitibizsol.com:80 116.202.110.255 - - [13/Jun/2025:07:51:12 +0000] "POST /wp-load.php?b9afeb=49888 HTTP/1.1" 200 2676 "http://mediaeclips.com/" "Mozilla/5.0 (Windows NT 10.0; Win64; x64) AppleWebKit/537.36 (KHTML, like Gecko) Chrome/104.0.5112.97 Safari/537.36"
mediaeclips.infinitibizsol.com:80 5.161.52.234 - - [13/Jun/2025:07:51:14 +0000] "POST /wp-load.php?000726=25854 HTTP/1.1" 200 2676 "http://mediaeclips.com/" "Mozilla/5.0 (Windows NT 10.0; Win64; x64) AppleWebKit/537.36 (KHTML, like Gecko) Chrome/104.0.5112.97 Safari/537.36"
mediaeclips.infinitibizsol.com:80 5.161.250.15 - - [13/Jun/2025:07:51:16 +0000] "POST /wp-load.php?91cd5d=14475 HTTP/1.1" 200 11049 "http://mediaeclips.com/" "Mozilla/5.0 (Windows NT 10.0; Win64; x64) AppleWebKit/537.36 (KHTML, like Gecko) Chrome/104.0.5112.97 Safari/537.36"
mediaeclips.infinitibizsol.com:80 5.161.250.15 - - [13/Jun/2025:07:51:18 +0000] "POST /wp-load.php?85264a=39209 HTTP/1.1" 200 1844 "http://mediaeclips.com/" "Mozilla/5.0 (Windows NT 10.0; Win64; x64) AppleWebKit/537.36 (KHTML, like Gecko) Chrome/104.0.5112.97 Safari/537.36"
mediaeclips.infinitibizsol.com:80 5.161.201.188 - - [13/Jun/2025:07:51:20 +0000] "POST /wp-load.php?3a9906=83325 HTTP/1.1" 200 20153 "http://mediaeclips.com/" "Mozilla/5.0 (Windows NT 10.0; Win64; x64) AppleWebKit/537.36 (KHTML, like Gecko) Chrome/104.0.5112.97 Safari/537.36"
