mediaeclips.infinitibizsol.com:443 185.177.72.204 - - [13/Jun/2025:19:53:47 +0000] "GET /_profiler/phpinfo.php HTTP/1.1" 404 5 "-" "Mozilla/5.0 (Windows NT 10.0; Win64; x64) AppleWebKit/537.36 (KHTML, like Gecko) Chrome/91.0.4472.124 Safari/537.36"
mediaeclips.infinitibizsol.com:443 185.177.72.204 - - [13/Jun/2025:19:53:52 +0000] "GET /phpinfo HTTP/1.1" 404 5 "-" "Mozilla/5.0 (Windows NT 10.0; Win64; x64) AppleWebKit/537.36 (KHTML, like Gecko) Chrome/91.0.4472.124 Safari/537.36"
mediaeclips.infinitibizsol.com:443 185.177.72.204 - - [13/Jun/2025:19:53:57 +0000] "GET /phpinfo.php HTTP/1.1" 404 5 "-" "Mozilla/5.0 (Windows NT 10.0; Win64; x64) AppleWebKit/537.36 (KHTML, like Gecko) Chrome/91.0.4472.124 Safari/537.36"
mediaeclips.infinitibizsol.com:443 185.177.72.204 - - [13/Jun/2025:19:54:02 +0000] "GET /info HTTP/1.1" 404 5 "-" "Mozilla/5.0 (Windows NT 10.0; Win64; x64) AppleWebKit/537.36 (KHTML, like Gecko) Chrome/91.0.4472.124 Safari/537.36"
mediaeclips.infinitibizsol.com:443 185.177.72.204 - - [13/Jun/2025:19:54:07 +0000] "GET /info.php HTTP/1.1" 404 5 "-" "Mozilla/5.0 (Windows NT 10.0; Win64; x64) AppleWebKit/537.36 (KHTML, like Gecko) Chrome/91.0.4472.124 Safari/537.36"
mediaeclips.infinitibizsol.com:443 185.177.72.204 - - [13/Jun/2025:19:54:12 +0000] "GET /.env HTTP/1.1" 404 5 "-" "Mozilla/5.0 (Windows NT 10.0; Win64; x64) AppleWebKit/537.36 (KHTML, like Gecko) Chrome/91.0.4472.124 Safari/537.36"
mediaeclips.infinitibizsol.com:443 185.177.72.204 - - [13/Jun/2025:19:54:16 +0000] "GET /app/.env HTTP/1.1" 404 5 "-" "Mozilla/5.0 (Windows NT 10.0; Win64; x64) AppleWebKit/537.36 (KHTML, like Gecko) Chrome/91.0.4472.124 Safari/537.36"
mediaeclips.infinitibizsol.com:443 185.177.72.204 - - [13/Jun/2025:19:54:20 +0000] "GET /.env.bak HTTP/1.1" 404 5 "-" "Mozilla/5.0 (Windows NT 10.0; Win64; x64) AppleWebKit/537.36 (KHTML, like Gecko) Chrome/91.0.4472.124 Safari/537.36"
mediaeclips.infinitibizsol.com:443 185.177.72.204 - - [13/Jun/2025:19:54:24 +0000] "GET /.env.example HTTP/1.1" 404 5 "-" "Mozilla/5.0 (Windows NT 10.0; Win64; x64) AppleWebKit/537.36 (KHTML, like Gecko) Chrome/91.0.4472.124 Safari/537.36"
mediaeclips.infinitibizsol.com:443 185.177.72.204 - - [13/Jun/2025:19:54:29 +0000] "GET /.env.local HTTP/1.1" 404 5 "-" "Mozilla/5.0 (Windows NT 10.0; Win64; x64) AppleWebKit/537.36 (KHTML, like Gecko) Chrome/91.0.4472.124 Safari/537.36"
mediaeclips.infinitibizsol.com:443 185.177.72.204 - - [13/Jun/2025:19:54:33 +0000] "GET /.env.old HTTP/1.1" 404 5 "-" "Mozilla/5.0 (Windows NT 10.0; Win64; x64) AppleWebKit/537.36 (KHTML, like Gecko) Chrome/91.0.4472.124 Safari/537.36"
mediaeclips.infinitibizsol.com:443 185.177.72.204 - - [13/Jun/2025:19:54:38 +0000] "GET /.env.prod HTTP/1.1" 404 5 "-" "Mozilla/5.0 (Windows NT 10.0; Win64; x64) AppleWebKit/537.36 (KHTML, like Gecko) Chrome/91.0.4472.124 Safari/537.36"
mediaeclips.infinitibizsol.com:443 185.177.72.204 - - [13/Jun/2025:19:54:42 +0000] "GET /.env.production.local HTTP/1.1" 404 5 "-" "Mozilla/5.0 (Windows NT 10.0; Win64; x64) AppleWebKit/537.36 (KHTML, like Gecko) Chrome/91.0.4472.124 Safari/537.36"
mediaeclips.infinitibizsol.com:443 185.177.72.204 - - [13/Jun/2025:19:54:46 +0000] "GET /.env.stage HTTP/1.1" 404 5 "-" "Mozilla/5.0 (Windows NT 10.0; Win64; x64) AppleWebKit/537.36 (KHTML, like Gecko) Chrome/91.0.4472.124 Safari/537.36"
mediaeclips.infinitibizsol.com:443 185.177.72.204 - - [13/Jun/2025:19:54:51 +0000] "GET /admin/.env HTTP/1.1" 404 5 "-" "Mozilla/5.0 (Windows NT 10.0; Win64; x64) AppleWebKit/537.36 (KHTML, like Gecko) Chrome/91.0.4472.124 Safari/537.36"
mediaeclips.infinitibizsol.com:443 185.177.72.204 - - [13/Jun/2025:19:54:56 +0000] "GET /api/.env HTTP/1.1" 404 5 "-" "Mozilla/5.0 (Windows NT 10.0; Win64; x64) AppleWebKit/537.36 (KHTML, like Gecko) Chrome/91.0.4472.124 Safari/537.36"
mediaeclips.infinitibizsol.com:443 185.177.72.204 - - [13/Jun/2025:19:55:00 +0000] "GET /apps/.env HTTP/1.1" 404 5 "-" "Mozilla/5.0 (Windows NT 10.0; Win64; x64) AppleWebKit/537.36 (KHTML, like Gecko) Chrome/91.0.4472.124 Safari/537.36"
mediaeclips.infinitibizsol.com:443 185.177.72.204 - - [13/Jun/2025:19:55:07 +0000] "GET /.git/config HTTP/1.1" 404 5 "-" "Mozilla/5.0 (Windows NT 10.0; Win64; x64) AppleWebKit/537.36 (KHTML, like Gecko) Chrome/91.0.4472.124 Safari/537.36"
mediaeclips.infinitibizsol.com:443 51.222.253.18 - - [13/Jun/2025:19:56:31 +0000] "GET /tag/latest-seo-trends/feed/ HTTP/1.1" 304 0 "-" "Mozilla/5.0 (compatible; AhrefsBot/7.0; +http://ahrefs.com/robot/)"
mediaeclips.infinitibizsol.com:80 5.161.201.188 - - [13/Jun/2025:19:56:34 +0000] "POST /wp-load.php?638233=24409 HTTP/1.1" 200 1748 "-" "Mozilla/5.0 (Windows NT 10.0; Win64; x64) AppleWebKit/537.36 (KHTML, like Gecko) Chrome/104.0.5112.97 Safari/537.36"
mediaeclips.infinitibizsol.com:443 162.0.223.40 - - [13/Jun/2025:20:02:04 +0000] "POST /wp-cron.php?doing_wp_cron=1749844923.2373790740966796875000 HTTP/1.1" 499 0 "-" "WordPress/6.5.5; https://mediaeclips.com"
mediaeclips.infinitibizsol.com:443 51.222.253.12 - - [13/Jun/2025:20:02:04 +0000] "GET /tag/what-is-ui-design/feed/ HTTP/1.1" 304 0 "-" "Mozilla/5.0 (compatible; AhrefsBot/7.0; +http://ahrefs.com/robot/)"
mediaeclips.infinitibizsol.com:443 162.0.223.40 - - [13/Jun/2025:20:06:43 +0000] "POST /wp-cron.php?doing_wp_cron=1749845202.7432429790496826171875 HTTP/1.1" 499 0 "-" "WordPress/6.5.5; https://mediaeclips.com"
mediaeclips.infinitibizsol.com:443 51.222.253.10 - - [13/Jun/2025:20:06:43 +0000] "GET /tag/rewards-of-ai-content/feed/ HTTP/1.1" 304 0 "-" "Mozilla/5.0 (compatible; AhrefsBot/7.0; +http://ahrefs.com/robot/)"
mediaeclips.infinitibizsol.com:443 162.0.223.40 - - [13/Jun/2025:20:10:34 +0000] "POST /wp-cron.php?doing_wp_cron=1749845432.9893150329589843750000 HTTP/1.1" 499 0 "-" "WordPress/6.5.5; https://mediaeclips.com"
mediaeclips.infinitibizsol.com:443 57.141.2.8 - - [13/Jun/2025:20:10:36 +0000] "GET /how-to-do-keyword-research-for-seo/ HTTP/1.1" 404 110057 "-" "meta-externalagent/1.1 (+https://developers.facebook.com/docs/sharing/webmasters/crawler)"
mediaeclips.infinitibizsol.com:80 178.156.128.204 - - [13/Jun/2025:20:11:35 +0000] "POST /wp-load.php?fbfe4a=92811 HTTP/1.1" 200 1748 "-" "Mozilla/5.0 (Windows NT 10.0; Win64; x64) AppleWebKit/537.36 (KHTML, like Gecko) Chrome/104.0.5112.97 Safari/537.36"
mediaeclips.infinitibizsol.com:443 51.222.253.12 - - [13/Jun/2025:20:12:41 +0000] "GET /tag/why-content-marketing-is-important/feed/ HTTP/1.1" 304 0 "-" "Mozilla/5.0 (compatible; AhrefsBot/7.0; +http://ahrefs.com/robot/)"
mediaeclips.infinitibizsol.com:443 162.0.223.40 - - [13/Jun/2025:20:18:12 +0000] "POST /wp-cron.php?doing_wp_cron=1749845891.5353789329528808593750 HTTP/1.1" 499 0 "-" "WordPress/6.5.5; https://mediaeclips.com"
mediaeclips.infinitibizsol.com:443 51.222.253.8 - - [13/Jun/2025:20:18:12 +0000] "GET /tag/inbound-vs-outbound-marketing/feed/ HTTP/1.1" 304 0 "-" "Mozilla/5.0 (compatible; AhrefsBot/7.0; +http://ahrefs.com/robot/)"
mediaeclips.infinitibizsol.com:443 162.0.223.40 - - [13/Jun/2025:20:20:00 +0000] "POST /wp-cron.php?doing_wp_cron=1749845999.2287731170654296875000 HTTP/1.1" 499 0 "-" "WordPress/6.5.5; https://mediaeclips.com"
mediaeclips.infinitibizsol.com:443 57.141.2.20 - - [13/Jun/2025:20:20:00 +0000] "GET /sitemap.xml HTTP/1.1" 404 5 "-" "meta-externalagent/1.1 (+https://developers.facebook.com/docs/sharing/webmasters/crawler)"
mediaeclips.infinitibizsol.com:443 162.0.223.40 - - [13/Jun/2025:20:24:50 +0000] "POST /wp-cron.php?doing_wp_cron=1749846289.8335099220275878906250 HTTP/1.1" 499 0 "-" "WordPress/6.5.5; https://mediaeclips.com"
mediaeclips.infinitibizsol.com:443 51.222.253.11 - - [13/Jun/2025:20:24:50 +0000] "GET /tag/best-social-media-marketing-tools/feed/ HTTP/1.1" 304 0 "-" "Mozilla/5.0 (compatible; AhrefsBot/7.0; +http://ahrefs.com/robot/)"
mediaeclips.infinitibizsol.com:80 139.180.180.168 - - [13/Jun/2025:20:26:47 +0000] "POST /wp-load.php?1971df=18492 HTTP/1.1" 200 1748 "-" "Mozilla/5.0 (Windows NT 10.0; Win64; x64) AppleWebKit/537.36 (KHTML, like Gecko) Chrome/104.0.5112.97 Safari/537.36"
mediaeclips.infinitibizsol.com:443 57.141.2.1 - - [13/Jun/2025:20:28:01 +0000] "GET /social-media-engagement-tips-how-to-increase-it/ HTTP/1.1" 404 127115 "-" "meta-externalagent/1.1 (+https://developers.facebook.com/docs/sharing/webmasters/crawler)"
mediaeclips.infinitibizsol.com:443 162.0.223.40 - - [13/Jun/2025:20:32:17 +0000] "POST /wp-cron.php?doing_wp_cron=1749846736.2828500270843505859375 HTTP/1.1" 499 0 "-" "WordPress/6.5.5; https://mediaeclips.com"
mediaeclips.infinitibizsol.com:443 51.222.253.7 - - [13/Jun/2025:20:32:17 +0000] "GET /tag/web-development-trends-in-2024/feed/ HTTP/1.1" 304 0 "-" "Mozilla/5.0 (compatible; AhrefsBot/7.0; +http://ahrefs.com/robot/)"
mediaeclips.infinitibizsol.com:443 162.0.223.40 - - [13/Jun/2025:20:40:39 +0000] "POST /wp-cron.php?doing_wp_cron=1749847238.9343049526214599609375 HTTP/1.1" 499 0 "-" "WordPress/6.5.5; https://mediaeclips.com"
mediaeclips.infinitibizsol.com:443 51.222.253.10 - - [13/Jun/2025:20:40:40 +0000] "GET /tag/ppc-and-seo/feed/ HTTP/1.1" 304 0 "-" "Mozilla/5.0 (compatible; AhrefsBot/7.0; +http://ahrefs.com/robot/)"
mediaeclips.infinitibizsol.com:80 5.161.177.123 - - [13/Jun/2025:20:41:46 +0000] "POST /wp-load.php?424931=34186 HTTP/1.1" 200 1748 "-" "Mozilla/5.0 (Windows NT 10.0; Win64; x64) AppleWebKit/537.36 (KHTML, like Gecko) Chrome/104.0.5112.97 Safari/537.36"
mediaeclips.infinitibizsol.com:443 162.0.223.40 - - [13/Jun/2025:20:48:41 +0000] "POST /wp-cron.php?doing_wp_cron=1749847720.4323520660400390625000 HTTP/1.1" 499 0 "-" "WordPress/6.5.5; https://mediaeclips.com"
mediaeclips.infinitibizsol.com:443 51.222.253.10 - - [13/Jun/2025:20:48:41 +0000] "GET /tag/google-business-profile/feed/ HTTP/1.1" 304 0 "-" "Mozilla/5.0 (compatible; AhrefsBot/7.0; +http://ahrefs.com/robot/)"
mediaeclips.infinitibizsol.com:443 45.61.187.126 - - [13/Jun/2025:20:51:53 +0000] "GET /wp-login.php HTTP/1.1" 200 6532 "-" "Mozilla/5.0 (compatible; MSIE 9.0; Windows NT 6.1; WOW64; Trident/5.0)"
mediaeclips.infinitibizsol.com:443 45.61.187.126 - - [13/Jun/2025:20:52:16 +0000] "POST /wp-login.php HTTP/1.1" 200 7040 "-" "Mozilla/5.0 (compatible; MSIE 9.0; Windows NT 6.1; WOW64; Trident/5.0)"
mediaeclips.infinitibizsol.com:80 5.161.106.94 - - [13/Jun/2025:20:56:56 +0000] "POST /wp-load.php?75e9dd=31563 HTTP/1.1" 200 1748 "-" "Mozilla/5.0 (Windows NT 10.0; Win64; x64) AppleWebKit/537.36 (KHTML, like Gecko) Chrome/104.0.5112.97 Safari/537.36"
mediaeclips.infinitibizsol.com:443 162.0.223.40 - - [13/Jun/2025:20:57:46 +0000] "POST /wp-cron.php?doing_wp_cron=1749848265.2233040332794189453125 HTTP/1.1" 499 0 "-" "WordPress/6.5.5; https://mediaeclips.com"
mediaeclips.infinitibizsol.com:443 51.222.253.17 - - [13/Jun/2025:20:57:46 +0000] "GET /tag/impact-of-ai-on-digital-marketing/feed/ HTTP/1.1" 304 0 "-" "Mozilla/5.0 (compatible; AhrefsBot/7.0; +http://ahrefs.com/robot/)"
mediaeclips.infinitibizsol.com:443 57.141.2.1 - - [13/Jun/2025:20:58:27 +0000] "GET /tag/social-media-and-seo/ HTTP/1.1" 404 47999 "-" "meta-externalagent/1.1 (+https://developers.facebook.com/docs/sharing/webmasters/crawler)"
mediaeclips.infinitibizsol.com:80 58.49.233.126 - - [13/Jun/2025:20:58:30 +0000] "GET / HTTP/1.1" 404 5 "-" "Mozilla/5.0 (iPhone; CPU iPhone OS 13_2_3 like Mac OS X) AppleWebKit/605.1.15 (KHTML, like Gecko) Version/13.0.3 Mobile/15E148 Safari/604.1"
mediaeclips.infinitibizsol.com:80 162.0.223.40 - - [13/Jun/2025:20:59:59 +0000] "POST /wp-cron.php?doing_wp_cron=1749848398.9183900356292724609375 HTTP/1.1" 499 0 "-" "WordPress/6.5.5; https://mediaeclips.com"
mediaeclips.infinitibizsol.com:80 43.157.95.239 - - [13/Jun/2025:21:00:00 +0000] "GET / HTTP/1.1" 404 5 "-" "Mozilla/5.0 (iPhone; CPU iPhone OS 13_2_3 like Mac OS X) AppleWebKit/605.1.15 (KHTML, like Gecko) Version/13.0.3 Mobile/15E148 Safari/604.1"
mediaeclips.infinitibizsol.com:443 162.0.223.40 - - [13/Jun/2025:21:06:02 +0000] "POST /wp-cron.php?doing_wp_cron=1749848761.7046110630035400390625 HTTP/1.1" 499 0 "-" "WordPress/6.5.5; https://mediaeclips.com"
mediaeclips.infinitibizsol.com:443 51.222.253.12 - - [13/Jun/2025:21:06:02 +0000] "GET /category/uncategorized/feed/ HTTP/1.1" 304 0 "-" "Mozilla/5.0 (compatible; AhrefsBot/7.0; +http://ahrefs.com/robot/)"
mediaeclips.infinitibizsol.com:443 162.0.223.40 - - [13/Jun/2025:21:08:31 +0000] "POST /wp-cron.php?doing_wp_cron=1749848910.3563489913940429687500 HTTP/1.1" 499 0 "-" "WordPress/6.5.5; https://mediaeclips.com"
mediaeclips.infinitibizsol.com:443 171.104.128.69 - - [13/Jun/2025:21:08:31 +0000] "POST /wp-comments-post.php HTTP/1.1" 302 5 "-" "Mozilla/5.0 (Windows NT 10.0; Win64; x64) AppleWebKit/537.36 (KHTML, like Gecko) Chrome/108.0.0.0 Safari/537.36 Edg/108.0.1462.46"
mediaeclips.infinitibizsol.com:443 171.104.128.69 - - [13/Jun/2025:21:08:37 +0000] "GET /what-are-the-top-12-digital-marketing-automation-tools/?unapproved=1214&moderation-hash=c8cd40c0f0aeae907faa95447905cdb8 HTTP/1.1" 404 106164 "-" "Mozilla/5.0 (Windows NT 10.0; Win64; x64) AppleWebKit/537.36 (KHTML, like Gecko) Chrome/108.0.0.0 Safari/537.36 Edg/108.0.1462.46"
mediaeclips.infinitibizsol.com:80 5.161.250.15 - - [13/Jun/2025:21:12:07 +0000] "POST /wp-load.php?ebf819=45242 HTTP/1.1" 200 1748 "-" "Mozilla/5.0 (Windows NT 10.0; Win64; x64) AppleWebKit/537.36 (KHTML, like Gecko) Chrome/104.0.5112.97 Safari/537.36"
mediaeclips.infinitibizsol.com:443 162.0.223.40 - - [13/Jun/2025:21:13:37 +0000] "POST /wp-cron.php?doing_wp_cron=1749849216.2702898979187011718750 HTTP/1.1" 499 0 "-" "WordPress/6.5.5; https://mediaeclips.com"
mediaeclips.infinitibizsol.com:443 51.222.253.12 - - [13/Jun/2025:21:13:37 +0000] "GET /tag/what-is-search-engine-marketing/feed/ HTTP/1.1" 304 0 "-" "Mozilla/5.0 (compatible; AhrefsBot/7.0; +http://ahrefs.com/robot/)"
mediaeclips.infinitibizsol.com:443 57.141.2.12 - - [13/Jun/2025:21:17:10 +0000] "GET /tag/seo-trends/ HTTP/1.1" 404 47768 "-" "meta-externalagent/1.1 (+https://developers.facebook.com/docs/sharing/webmasters/crawler)"
mediaeclips.infinitibizsol.com:443 162.0.223.40 - - [13/Jun/2025:21:20:19 +0000] "POST /wp-cron.php?doing_wp_cron=1749849618.1851320266723632812500 HTTP/1.1" 499 0 "-" "WordPress/6.5.5; https://mediaeclips.com"
mediaeclips.infinitibizsol.com:443 51.222.253.1 - - [13/Jun/2025:21:20:19 +0000] "GET /tag/what-is-seo/feed/ HTTP/1.1" 304 0 "-" "Mozilla/5.0 (compatible; AhrefsBot/7.0; +http://ahrefs.com/robot/)"
mediaeclips.infinitibizsol.com:443 162.0.223.40 - - [13/Jun/2025:21:24:49 +0000] "POST /wp-cron.php?doing_wp_cron=1749849888.3353610038757324218750 HTTP/1.1" 499 0 "-" "WordPress/6.5.5; https://mediaeclips.com"
mediaeclips.infinitibizsol.com:443 51.222.253.14 - - [13/Jun/2025:21:24:49 +0000] "GET /author/admin/feed/ HTTP/1.1" 304 0 "-" "Mozilla/5.0 (compatible; AhrefsBot/7.0; +http://ahrefs.com/robot/)"
mediaeclips.infinitibizsol.com:80 178.156.128.204 - - [13/Jun/2025:21:27:07 +0000] "POST /wp-load.php?facadc=46726 HTTP/1.1" 200 1748 "-" "Mozilla/5.0 (Windows NT 10.0; Win64; x64) AppleWebKit/537.36 (KHTML, like Gecko) Chrome/104.0.5112.97 Safari/537.36"
mediaeclips.infinitibizsol.com:443 162.0.223.40 - - [13/Jun/2025:21:32:05 +0000] "POST /wp-cron.php?doing_wp_cron=1749850324.2838470935821533203125 HTTP/1.1" 499 0 "-" "WordPress/6.5.5; https://mediaeclips.com"
mediaeclips.infinitibizsol.com:443 51.222.253.6 - - [13/Jun/2025:21:32:05 +0000] "GET /tag/use-of-ai-for-seo/feed/ HTTP/1.1" 304 0 "-" "Mozilla/5.0 (compatible; AhrefsBot/7.0; +http://ahrefs.com/robot/)"
mediaeclips.infinitibizsol.com:443 162.0.223.40 - - [13/Jun/2025:21:37:20 +0000] "POST /wp-cron.php?doing_wp_cron=1749850639.8215820789337158203125 HTTP/1.1" 499 0 "-" "WordPress/6.5.5; https://mediaeclips.com"
mediaeclips.infinitibizsol.com:443 51.222.253.4 - - [13/Jun/2025:21:37:20 +0000] "GET /tag/local-seo-plano/feed/ HTTP/1.1" 304 0 "-" "Mozilla/5.0 (compatible; AhrefsBot/7.0; +http://ahrefs.com/robot/)"
mediaeclips.infinitibizsol.com:443 162.0.223.40 - - [13/Jun/2025:21:42:08 +0000] "POST /wp-cron.php?doing_wp_cron=1749850927.8593029975891113281250 HTTP/1.1" 499 0 "-" "WordPress/6.5.5; https://mediaeclips.com"
mediaeclips.infinitibizsol.com:443 57.141.2.17 - - [13/Jun/2025:21:42:08 +0000] "GET /sitemap.xml HTTP/1.1" 404 5 "-" "meta-externalagent/1.1 (+https://developers.facebook.com/docs/sharing/webmasters/crawler)"
mediaeclips.infinitibizsol.com:80 178.156.128.204 - - [13/Jun/2025:21:42:29 +0000] "POST /wp-load.php?4462f3=70964 HTTP/1.1" 200 1748 "-" "Mozilla/5.0 (Windows NT 10.0; Win64; x64) AppleWebKit/537.36 (KHTML, like Gecko) Chrome/104.0.5112.97 Safari/537.36"
mediaeclips.infinitibizsol.com:443 51.222.253.16 - - [13/Jun/2025:21:43:38 +0000] "GET /tag/key-components-of-it-services/feed/ HTTP/1.1" 500 5 "-" "Mozilla/5.0 (compatible; AhrefsBot/7.0; +http://ahrefs.com/robot/)"
mediaeclips.infinitibizsol.com:443 184.174.126.168 - - [13/Jun/2025:21:45:50 +0000] "GET / HTTP/1.1" 404 108420 "-" "Mozilla/5.0 (X11; Linux x86_64) AppleWebKit/537.36 (KHTML, like Gecko) Chrome/114.0.0.0 Safari/537.36 OPR/89.0.4447.51"
mediaeclips.infinitibizsol.com:443 51.222.253.15 - - [13/Jun/2025:21:48:14 +0000] "GET /tag/digital-marketing-tools/feed/ HTTP/1.1" 499 0 "-" "Mozilla/5.0 (compatible; AhrefsBot/7.0; +http://ahrefs.com/robot/)"
mediaeclips.infinitibizsol.com:443 162.0.223.40 - - [13/Jun/2025:21:48:54 +0000] "POST /wp-cron.php?doing_wp_cron=1749851332.9776890277862548828125 HTTP/1.1" 499 0 "-" "WordPress/6.5.5; https://mediaeclips.com"
mediaeclips.infinitibizsol.com:443 45.227.253.15 - - [13/Jun/2025:21:51:57 +0000] "GET /index.php/jk HTTP/1.1" 200 54 "-" "Mozilla/5.0 (Macintosh; Intel Mac OS X 10.15; rv:103.0) Gecko/20100101 Firefox/101.0"
mediaeclips.infinitibizsol.com:80 198.235.24.172 - - [13/Jun/2025:21:54:57 +0000] "GET / HTTP/1.1" 499 0 "-" "-"
mediaeclips.infinitibizsol.com:443 162.0.223.40 - - [13/Jun/2025:21:55:18 +0000] "POST /wp-cron.php?doing_wp_cron=1749851716.9168050289154052734375 HTTP/1.1" 499 0 "-" "WordPress/6.5.5; https://mediaeclips.com"
mediaeclips.infinitibizsol.com:443 47.128.96.196 - - [13/Jun/2025:21:55:18 +0000] "GET /smm-services-in-frisco-tx HTTP/1.1" 404 5 "-" "Mozilla/5.0 (Linux; Android 5.0) AppleWebKit/537.36 (KHTML, like Gecko) Mobile Safari/537.36 (compatible; TikTokSpider; ttspider-feedback@tiktok.com)"
mediaeclips.infinitibizsol.com:443 51.222.253.11 - - [13/Jun/2025:21:57:02 +0000] "GET /tag/video-marketing/feed/ HTTP/1.1" 304 0 "-" "Mozilla/5.0 (compatible; AhrefsBot/7.0; +http://ahrefs.com/robot/)"
mediaeclips.infinitibizsol.com:80 178.156.128.204 - - [13/Jun/2025:21:57:27 +0000] "POST /wp-load.php?a6173c=65117 HTTP/1.1" 200 1748 "-" "Mozilla/5.0 (Windows NT 10.0; Win64; x64) AppleWebKit/537.36 (KHTML, like Gecko) Chrome/104.0.5112.97 Safari/537.36"
mediaeclips.infinitibizsol.com:443 162.0.223.40 - - [13/Jun/2025:22:06:58 +0000] "POST /wp-cron.php?doing_wp_cron=1749852417.4380850791931152343750 HTTP/1.1" 499 0 "-" "WordPress/6.5.5; https://mediaeclips.com"
mediaeclips.infinitibizsol.com:443 85.239.39.152 - - [13/Jun/2025:22:07:01 +0000] "GET /what-can-videography-do-for-your-marketing/ HTTP/1.0" 404 100166 "https://mediaeclips.com/what-can-videography-do-for-your-marketing/" "Mozilla/5.0 (Windows NT 10.0; Win64; x64) AppleWebKit/537.36 (KHTML, like Gecko) Chrome/129.0.0.0 Safari/537.36"
mediaeclips.infinitibizsol.com:443 85.239.39.152 - - [13/Jun/2025:22:07:07 +0000] "POST /wp-comments-post.php HTTP/1.0" 302 0 "https://mediaeclips.com/what-can-videography-do-for-your-marketing/" "Mozilla/5.0 (Windows NT 10.0; Win64; x64) AppleWebKit/537.36 (KHTML, like Gecko) Chrome/129.0.0.0 Safari/537.36"
mediaeclips.infinitibizsol.com:443 85.239.39.152 - - [13/Jun/2025:22:07:12 +0000] "GET /what-can-videography-do-for-your-marketing/ HTTP/1.0" 404 102205 "https://mediaeclips.com/what-can-videography-do-for-your-marketing/#comment-1215" "Mozilla/5.0 (Windows NT 10.0; Win64; x64) AppleWebKit/537.36 (KHTML, like Gecko) Chrome/129.0.0.0 Safari/537.36"
mediaeclips.infinitibizsol.com:443 85.239.39.152 - - [13/Jun/2025:22:07:18 +0000] "GET / HTTP/1.0" 404 108233 "https://mediaeclips.com/" "Mozilla/5.0 (Windows NT 10.0; Win64; x64) AppleWebKit/537.36 (KHTML, like Gecko) Chrome/129.0.0.0 Safari/537.36"
mediaeclips.infinitibizsol.com:443 85.239.39.152 - - [13/Jun/2025:22:07:24 +0000] "GET /what-can-videography-do-for-your-marketing/ HTTP/1.0" 404 102205 "https://mediaeclips.com/what-can-videography-do-for-your-marketing/#comment-1215" "Mozilla/5.0 (Windows NT 10.0; Win64; x64) AppleWebKit/537.36 (KHTML, like Gecko) Chrome/129.0.0.0 Safari/537.36"
mediaeclips.infinitibizsol.com:443 85.239.39.152 - - [13/Jun/2025:22:07:29 +0000] "GET / HTTP/1.0" 404 108233 "https://mediaeclips.com/" "Mozilla/5.0 (Windows NT 10.0; Win64; x64) AppleWebKit/537.36 (KHTML, like Gecko) Chrome/129.0.0.0 Safari/537.36"
mediaeclips.infinitibizsol.com:443 85.239.39.152 - - [13/Jun/2025:22:07:35 +0000] "GET /blogs/ HTTP/1.0" 404 57617 "https://mediaeclips.com/blogs/" "Mozilla/5.0 (Windows NT 10.0; Win64; x64) AppleWebKit/537.36 (KHTML, like Gecko) Chrome/129.0.0.0 Safari/537.36"
mediaeclips.infinitibizsol.com:443 85.239.39.152 - - [13/Jun/2025:22:07:41 +0000] "GET / HTTP/1.0" 404 108233 "https://mediaeclips.com/" "Mozilla/5.0 (Windows NT 10.0; Win64; x64) AppleWebKit/537.36 (KHTML, like Gecko) Chrome/129.0.0.0 Safari/537.36"
mediaeclips.infinitibizsol.com:80 5.161.250.15 - - [13/Jun/2025:22:12:37 +0000] "POST /wp-load.php?9f3f41=69970 HTTP/1.1" 200 1748 "-" "Mozilla/5.0 (Windows NT 10.0; Win64; x64) AppleWebKit/537.36 (KHTML, like Gecko) Chrome/104.0.5112.97 Safari/537.36"
mediaeclips.infinitibizsol.com:443 162.0.223.40 - - [13/Jun/2025:22:15:56 +0000] "POST /wp-cron.php?doing_wp_cron=1749852955.3017880916595458984375 HTTP/1.1" 499 0 "-" "WordPress/6.5.5; https://mediaeclips.com"
mediaeclips.infinitibizsol.com:443 51.222.253.10 - - [13/Jun/2025:22:15:56 +0000] "GET /tag/google-my-business/feed/ HTTP/1.1" 304 0 "-" "Mozilla/5.0 (compatible; AhrefsBot/7.0; +http://ahrefs.com/robot/)"
mediaeclips.infinitibizsol.com:443 162.0.223.40 - - [13/Jun/2025:22:18:42 +0000] "POST /wp-cron.php?doing_wp_cron=1749853121.8099029064178466796875 HTTP/1.1" 499 0 "-" "WordPress/6.5.5; https://mediaeclips.com"
mediaeclips.infinitibizsol.com:443 66.249.70.137 - - [13/Jun/2025:22:18:42 +0000] "GET / HTTP/1.1" 404 5 "-" "GoogleBot"
mediaeclips.infinitibizsol.com:443 57.141.2.10 - - [13/Jun/2025:22:20:43 +0000] "GET /social-media-engagement-tips-how-to-increase-it/ HTTP/1.1" 404 127115 "-" "meta-externalagent/1.1 (+https://developers.facebook.com/docs/sharing/webmasters/crawler)"
mediaeclips.infinitibizsol.com:443 57.141.2.3 - - [13/Jun/2025:22:21:41 +0000] "GET /category/digital-marketing/social-media-marketing/ HTTP/1.1" 404 67217 "-" "meta-externalagent/1.1 (+https://developers.facebook.com/docs/sharing/webmasters/crawler)"
mediaeclips.infinitibizsol.com:443 8.210.146.98 - - [13/Jun/2025:22:22:02 +0000] "GET /author/admin/ HTTP/1.1" 404 64932 "-" "Mozilla/5.0 (Macintosh; Intel Mac OS X 10_15_7) AppleWebKit/537.36 (KHTML, like Gecko) Chrome/109.0.0.0 Safari/537.36"
mediaeclips.infinitibizsol.com:80 178.156.128.204 - - [13/Jun/2025:22:27:47 +0000] "POST /wp-load.php?d57193=72154 HTTP/1.1" 200 1748 "-" "Mozilla/5.0 (Windows NT 10.0; Win64; x64) AppleWebKit/537.36 (KHTML, like Gecko) Chrome/104.0.5112.97 Safari/537.36"
mediaeclips.infinitibizsol.com:443 51.222.253.5 - - [13/Jun/2025:22:34:09 +0000] "GET /our-services/ HTTP/1.1" 404 68805 "-" "Mozilla/5.0 (compatible; AhrefsBot/7.0; +http://ahrefs.com/robot/)"
mediaeclips.infinitibizsol.com:443 139.59.100.35 - - [13/Jun/2025:22:36:06 +0000] "GET /wp-content/uploads/2024/03/What-Are-The-SEO-Techniques-To-Boost-Organic-Traffic-Rankings.webp HTTP/1.1" 200 43996 "-" "Mozilla/5.0 (Windows NT 10.0; Win64; x64) AppleWebKit/537.36 (KHTML, like Gecko) Chrome/122.0.0.0 Safari/537.36"
mediaeclips.infinitibizsol.com:80 5.161.216.238 - - [13/Jun/2025:22:42:54 +0000] "POST /wp-load.php?53fa58=4510 HTTP/1.1" 200 1748 "-" "Mozilla/5.0 (Windows NT 10.0; Win64; x64) AppleWebKit/537.36 (KHTML, like Gecko) Chrome/104.0.5112.97 Safari/537.36"
mediaeclips.infinitibizsol.com:443 162.0.223.40 - - [13/Jun/2025:22:50:08 +0000] "POST /wp-cron.php?doing_wp_cron=1749855007.6568191051483154296875 HTTP/1.1" 499 0 "-" "WordPress/6.5.5; https://mediaeclips.com"
mediaeclips.infinitibizsol.com:443 216.73.216.160 - - [13/Jun/2025:22:50:08 +0000] "GET /goods.php HTTP/1.1" 404 5 "-" "Mozilla/5.0 AppleWebKit/537.36 (KHTML, like Gecko; compatible; ClaudeBot/1.0; +claudebot@anthropic.com)"
mediaeclips.infinitibizsol.com:443 51.222.253.12 - - [13/Jun/2025:22:52:39 +0000] "GET /goods.php?sitemap.xml HTTP/1.1" 404 5 "-" "Mozilla/5.0 (compatible; AhrefsBot/7.0; +http://ahrefs.com/robot/)"
mediaeclips.infinitibizsol.com:80 162.0.223.40 - - [13/Jun/2025:22:57:14 +0000] "POST /wp-cron.php?doing_wp_cron=1749855433.3682010173797607421875 HTTP/1.1" 499 0 "-" "WordPress/6.5.5; https://mediaeclips.com"
mediaeclips.infinitibizsol.com:80 49.51.195.195 - - [13/Jun/2025:22:57:14 +0000] "GET / HTTP/1.1" 404 5 "-" "Mozilla/5.0 (iPhone; CPU iPhone OS 13_2_3 like Mac OS X) AppleWebKit/605.1.15 (KHTML, like Gecko) Version/13.0.3 Mobile/15E148 Safari/604.1"
mediaeclips.infinitibizsol.com:80 5.161.201.188 - - [13/Jun/2025:22:57:56 +0000] "POST /wp-load.php?68b0c7=83763 HTTP/1.1" 200 1748 "-" "Mozilla/5.0 (Windows NT 10.0; Win64; x64) AppleWebKit/537.36 (KHTML, like Gecko) Chrome/104.0.5112.97 Safari/537.36"
mediaeclips.infinitibizsol.com:443 216.73.216.160 - - [13/Jun/2025:22:57:57 +0000] "GET /sitemap.xml HTTP/1.1" 404 5 "-" "Mozilla/5.0 AppleWebKit/537.36 (KHTML, like Gecko; compatible; ClaudeBot/1.0; +claudebot@anthropic.com)"
mediaeclips.infinitibizsol.com:443 162.0.223.40 - - [13/Jun/2025:23:09:44 +0000] "POST /wp-cron.php?doing_wp_cron=1749856183.7839639186859130859375 HTTP/1.1" 499 0 "-" "WordPress/6.5.5; https://mediaeclips.com"
mediaeclips.infinitibizsol.com:443 51.222.253.19 - - [13/Jun/2025:23:09:44 +0000] "GET /sitemap.xml HTTP/1.1" 404 5 "-" "Mozilla/5.0 (compatible; AhrefsBot/7.0; +http://ahrefs.com/robot/)"
mediaeclips.infinitibizsol.com:443 45.227.253.15 - - [13/Jun/2025:23:12:36 +0000] "GET /?ARRAY=7o2230223n313734393836303032352p2231223n22687474703n5p2s5p2s3230342r31322r3233382r37345p2s3s6p633q7068705s636s64655s6n6326743q313734393835363432352q3461393164336638633830393465376235633034396339396330373134613633222p2232223n226636393832313739316462646532623335343262366335653632643861373831222p2233223n226434626232353337323331663838336165383538363561663665363532323133222p2262696r675s70617373223n2232362q34332q35372q36372q37322q38352q3138227q HTTP/1.1" 200 68 "-" "Mozilla/5.0 (Macintosh; Intel Mac OS X 10.15; rv:79.0) Gecko/20100101 Firefox/79.0"
mediaeclips.infinitibizsol.com:80 5.161.177.123 - - [13/Jun/2025:23:13:06 +0000] "POST /wp-load.php?e55be3=12847 HTTP/1.1" 200 1748 "-" "Mozilla/5.0 (Windows NT 10.0; Win64; x64) AppleWebKit/537.36 (KHTML, like Gecko) Chrome/104.0.5112.97 Safari/537.36"
mediaeclips.infinitibizsol.com:443 162.0.223.40 - - [13/Jun/2025:23:25:49 +0000] "POST /wp-cron.php?doing_wp_cron=1749857148.6509239673614501953125 HTTP/1.1" 499 0 "-" "WordPress/6.5.5; https://mediaeclips.com"
mediaeclips.infinitibizsol.com:443 51.222.253.7 - - [13/Jun/2025:23:25:49 +0000] "GET /tag/role-of-email-marketing/feed/ HTTP/1.1" 304 0 "-" "Mozilla/5.0 (compatible; AhrefsBot/7.0; +http://ahrefs.com/robot/)"
mediaeclips.infinitibizsol.com:80 5.161.177.123 - - [13/Jun/2025:23:28:06 +0000] "POST /wp-load.php?09e821=10919 HTTP/1.1" 200 1748 "-" "Mozilla/5.0 (Windows NT 10.0; Win64; x64) AppleWebKit/537.36 (KHTML, like Gecko) Chrome/104.0.5112.97 Safari/537.36"
mediaeclips.infinitibizsol.com:443 57.141.2.6 - - [13/Jun/2025:23:30:35 +0000] "GET / HTTP/1.1" 404 108421 "-" "meta-externalagent/1.1 (+https://developers.facebook.com/docs/sharing/webmasters/crawler)"
mediaeclips.infinitibizsol.com:443 162.0.223.40 - - [13/Jun/2025:23:30:38 +0000] "POST /wp-cron.php?doing_wp_cron=1749857437.7811670303344726562500 HTTP/1.1" 499 0 "-" "WordPress/6.5.5; https://mediaeclips.com"
mediaeclips.infinitibizsol.com:443 57.141.2.25 - - [13/Jun/2025:23:30:38 +0000] "GET /index.html HTTP/1.1" 404 5 "-" "meta-externalagent/1.1 (+https://developers.facebook.com/docs/sharing/webmasters/crawler)"
mediaeclips.infinitibizsol.com:443 162.0.223.40 - - [13/Jun/2025:23:41:49 +0000] "POST /wp-cron.php?doing_wp_cron=1749858108.7997450828552246093750 HTTP/1.1" 499 0 "-" "WordPress/6.5.5; https://mediaeclips.com"
mediaeclips.infinitibizsol.com:443 51.222.253.2 - - [13/Jun/2025:23:41:49 +0000] "GET /tag/effective-local-seo/feed/ HTTP/1.1" 304 0 "-" "Mozilla/5.0 (compatible; AhrefsBot/7.0; +http://ahrefs.com/robot/)"
mediaeclips.infinitibizsol.com:80 5.161.106.94 - - [13/Jun/2025:23:43:15 +0000] "POST /wp-load.php?e9079b=37871 HTTP/1.1" 200 1748 "-" "Mozilla/5.0 (Windows NT 10.0; Win64; x64) AppleWebKit/537.36 (KHTML, like Gecko) Chrome/104.0.5112.97 Safari/537.36"
mediaeclips.infinitibizsol.com:80 162.0.223.40 - - [13/Jun/2025:23:55:45 +0000] "POST /wp-cron.php?doing_wp_cron=1749858944.7463090419769287109375 HTTP/1.1" 499 0 "-" "WordPress/6.5.5; https://mediaeclips.com"
mediaeclips.infinitibizsol.com:80 129.28.14.231 - - [13/Jun/2025:23:55:46 +0000] "GET / HTTP/1.1" 404 5 "-" "Mozilla/5.0 (iPhone; CPU iPhone OS 13_2_3 like Mac OS X) AppleWebKit/605.1.15 (KHTML, like Gecko) Version/13.0.3 Mobile/15E148 Safari/604.1"
mediaeclips.infinitibizsol.com:443 162.0.223.40 - - [13/Jun/2025:23:58:14 +0000] "POST /wp-cron.php?doing_wp_cron=1749859093.8528969287872314453125 HTTP/1.1" 499 0 "-" "WordPress/6.5.5; https://mediaeclips.com"
mediaeclips.infinitibizsol.com:443 51.222.253.9 - - [13/Jun/2025:23:58:15 +0000] "GET /tag/what-is-a-digital-marketing-campaign/feed/ HTTP/1.1" 304 0 "-" "Mozilla/5.0 (compatible; AhrefsBot/7.0; +http://ahrefs.com/robot/)"
mediaeclips.infinitibizsol.com:80 5.161.106.94 - - [13/Jun/2025:23:58:16 +0000] "POST /wp-load.php?313aa5=67481 HTTP/1.1" 200 1748 "-" "Mozilla/5.0 (Windows NT 10.0; Win64; x64) AppleWebKit/537.36 (KHTML, like Gecko) Chrome/104.0.5112.97 Safari/537.36"
mediaeclips.infinitibizsol.com:80 162.0.223.40 - - [14/Jun/2025:00:11:35 +0000] "POST /wp-cron.php?doing_wp_cron=1749859894.8001289367675781250000 HTTP/1.1" 499 0 "-" "WordPress/6.5.5; https://mediaeclips.com"
mediaeclips.infinitibizsol.com:80 147.185.132.90 - - [14/Jun/2025:00:11:35 +0000] "GET / HTTP/1.1" 404 5 "-" "Expanse, a Palo Alto Networks company, searches across the global IPv4 space multiple times per day to identify customers' presences on the Internet. If you would like to be excluded from our scans, please send IP addresses/domains to: scaninfo@paloaltonetworks.com"
mediaeclips.infinitibizsol.com:80 5.161.69.178 - - [14/Jun/2025:00:13:26 +0000] "POST /wp-load.php?077185=91929 HTTP/1.1" 200 1748 "-" "Mozilla/5.0 (Windows NT 10.0; Win64; x64) AppleWebKit/537.36 (KHTML, like Gecko) Chrome/104.0.5112.97 Safari/537.36"
mediaeclips.infinitibizsol.com:443 162.0.223.40 - - [14/Jun/2025:00:14:16 +0000] "POST /wp-cron.php?doing_wp_cron=1749860055.8702740669250488281250 HTTP/1.1" 499 0 "-" "WordPress/6.5.5; https://mediaeclips.com"
mediaeclips.infinitibizsol.com:443 51.222.253.14 - - [14/Jun/2025:00:14:17 +0000] "GET /what-is-digital-marketing-and-how-does-it-work/feed/ HTTP/1.1" 304 0 "-" "Mozilla/5.0 (compatible; AhrefsBot/7.0; +http://ahrefs.com/robot/)"
mediaeclips.infinitibizsol.com:443 162.0.223.40 - - [14/Jun/2025:00:24:58 +0000] "POST /wp-cron.php?doing_wp_cron=1749860697.1231811046600341796875 HTTP/1.1" 499 0 "-" "WordPress/6.5.5; https://mediaeclips.com"
mediaeclips.infinitibizsol.com:443 17.241.227.238 - - [14/Jun/2025:00:24:59 +0000] "GET /tag/local-seo-plano/ HTTP/1.1" 404 47767 "-" "Mozilla/5.0 (Macintosh; Intel Mac OS X 10_15_7) AppleWebKit/605.1.15 (KHTML, like Gecko) Version/17.4 Safari/605.1.15 (Applebot/0.1; +http://www.apple.com/go/applebot)"
mediaeclips.infinitibizsol.com:80 178.156.128.204 - - [14/Jun/2025:00:28:36 +0000] "POST /wp-load.php?1eaa14=305 HTTP/1.1" 200 1748 "-" "Mozilla/5.0 (Windows NT 10.0; Win64; x64) AppleWebKit/537.36 (KHTML, like Gecko) Chrome/104.0.5112.97 Safari/537.36"
mediaeclips.infinitibizsol.com:443 162.0.223.40 - - [14/Jun/2025:00:31:38 +0000] "POST /wp-cron.php?doing_wp_cron=1749861097.1530311107635498046875 HTTP/1.1" 499 0 "-" "WordPress/6.5.5; https://mediaeclips.com"
mediaeclips.infinitibizsol.com:443 51.222.253.19 - - [14/Jun/2025:00:31:38 +0000] "GET /tag/tips-for-successful-social-media-marketing/feed/ HTTP/1.1" 304 0 "-" "Mozilla/5.0 (compatible; AhrefsBot/7.0; +http://ahrefs.com/robot/)"
mediaeclips.infinitibizsol.com:80 5.161.201.188 - - [14/Jun/2025:00:43:44 +0000] "POST /wp-load.php?166f08=59849 HTTP/1.1" 200 1748 "-" "Mozilla/5.0 (Windows NT 10.0; Win64; x64) AppleWebKit/537.36 (KHTML, like Gecko) Chrome/104.0.5112.97 Safari/537.36"
mediaeclips.infinitibizsol.com:443 162.0.223.40 - - [14/Jun/2025:00:49:04 +0000] "POST /wp-cron.php?doing_wp_cron=1749862143.8513510227203369140625 HTTP/1.1" 499 0 "-" "WordPress/6.5.5; https://mediaeclips.com"
mediaeclips.infinitibizsol.com:443 51.222.253.11 - - [14/Jun/2025:00:49:05 +0000] "GET /tag/seo-vs-ppc/feed/ HTTP/1.1" 304 0 "-" "Mozilla/5.0 (compatible; AhrefsBot/7.0; +http://ahrefs.com/robot/)"
mediaeclips.infinitibizsol.com:443 57.141.2.23 - - [14/Jun/2025:00:50:09 +0000] "GET /latest-seo-trends-you-need-to-know-in-2024/ HTTP/1.1" 404 102252 "-" "meta-externalagent/1.1 (+https://developers.facebook.com/docs/sharing/webmasters/crawler)"
mediaeclips.infinitibizsol.com:80 5.161.177.123 - - [14/Jun/2025:00:58:45 +0000] "POST /wp-load.php?9682b3=69567 HTTP/1.1" 200 1748 "-" "Mozilla/5.0 (Windows NT 10.0; Win64; x64) AppleWebKit/537.36 (KHTML, like Gecko) Chrome/104.0.5112.97 Safari/537.36"
mediaeclips.infinitibizsol.com:443 162.0.223.40 - - [14/Jun/2025:00:58:46 +0000] "POST /wp-cron.php?doing_wp_cron=1749862725.0514369010925292968750 HTTP/1.1" 499 0 "-" "WordPress/6.5.5; https://mediaeclips.com"
mediaeclips.infinitibizsol.com:443 216.73.216.160 - - [14/Jun/2025:00:58:46 +0000] "GET /goods.php HTTP/1.1" 404 5 "-" "Mozilla/5.0 AppleWebKit/537.36 (KHTML, like Gecko; compatible; ClaudeBot/1.0; +claudebot@anthropic.com)"
mediaeclips.infinitibizsol.com:80 162.0.223.40 - - [14/Jun/2025:01:03:51 +0000] "POST /wp-cron.php?doing_wp_cron=1749863030.7606561183929443359375 HTTP/1.1" 499 0 "-" "WordPress/6.5.5; https://mediaeclips.com"
mediaeclips.infinitibizsol.com:80 216.244.66.244 - - [14/Jun/2025:01:03:55 +0000] "GET /feed/ HTTP/1.1" 404 394449 "-" "Mozilla/5.0 (compatible; DotBot/1.2; +https://opensiteexplorer.org/dotbot; help@moz.com)"
mediaeclips.infinitibizsol.com:443 51.222.253.6 - - [14/Jun/2025:01:07:26 +0000] "GET /tag/digital-marketing-campaign/feed/ HTTP/1.1" 304 0 "-" "Mozilla/5.0 (compatible; AhrefsBot/7.0; +http://ahrefs.com/robot/)"
mediaeclips.infinitibizsol.com:443 162.0.223.40 - - [14/Jun/2025:01:11:23 +0000] "POST /wp-cron.php?doing_wp_cron=1749863482.2401518821716308593750 HTTP/1.1" 499 0 "-" "WordPress/6.5.5; https://mediaeclips.com"
mediaeclips.infinitibizsol.com:443 57.141.2.12 - - [14/Jun/2025:01:11:25 +0000] "GET /sem-services-in-garland-tx/ HTTP/1.1" 404 118053 "-" "meta-externalagent/1.1 (+https://developers.facebook.com/docs/sharing/webmasters/crawler)"
mediaeclips.infinitibizsol.com:80 5.161.177.123 - - [14/Jun/2025:01:13:55 +0000] "POST /wp-load.php?35de96=31471 HTTP/1.1" 200 1748 "-" "Mozilla/5.0 (Windows NT 10.0; Win64; x64) AppleWebKit/537.36 (KHTML, like Gecko) Chrome/104.0.5112.97 Safari/537.36"
mediaeclips.infinitibizsol.com:443 162.0.223.40 - - [14/Jun/2025:01:16:09 +0000] "POST /wp-cron.php?doing_wp_cron=1749863768.3071050643920898437500 HTTP/1.1" 499 0 "-" "WordPress/6.5.5; https://mediaeclips.com"
mediaeclips.infinitibizsol.com:443 51.222.253.14 - - [14/Jun/2025:01:16:09 +0000] "GET /tag/managed-it-services/feed/ HTTP/1.1" 304 0 "-" "Mozilla/5.0 (compatible; AhrefsBot/7.0; +http://ahrefs.com/robot/)"
mediaeclips.infinitibizsol.com:443 57.141.2.25 - - [14/Jun/2025:01:16:28 +0000] "GET /index.html HTTP/1.1" 404 5 "-" "meta-externalagent/1.1 (+https://developers.facebook.com/docs/sharing/webmasters/crawler)"
mediaeclips.infinitibizsol.com:443 162.0.223.40 - - [14/Jun/2025:01:20:13 +0000] "POST /wp-cron.php?doing_wp_cron=1749864012.8179121017456054687500 HTTP/1.1" 499 0 "-" "WordPress/6.5.5; https://mediaeclips.com"
mediaeclips.infinitibizsol.com:443 51.222.253.3 - - [14/Jun/2025:01:20:13 +0000] "GET /tag/videography-services/feed/ HTTP/1.1" 304 0 "-" "Mozilla/5.0 (compatible; AhrefsBot/7.0; +http://ahrefs.com/robot/)"
mediaeclips.infinitibizsol.com:443 162.0.223.40 - - [14/Jun/2025:01:24:38 +0000] "POST /wp-cron.php?doing_wp_cron=1749864277.4140179157257080078125 HTTP/1.1" 499 0 "-" "WordPress/6.5.5; https://mediaeclips.com"
mediaeclips.infinitibizsol.com:443 51.222.253.11 - - [14/Jun/2025:01:24:38 +0000] "GET /tag/what-is-local-seo/feed/ HTTP/1.1" 304 0 "-" "Mozilla/5.0 (compatible; AhrefsBot/7.0; +http://ahrefs.com/robot/)"
mediaeclips.infinitibizsol.com:443 45.227.253.15 - - [14/Jun/2025:01:25:23 +0000] "GET /index.php/jk HTTP/1.1" 200 54 "-" "Mozilla/5.0 (Macintosh; Intel Mac OS X 10.15; rv:80.0) Gecko/20100101 Firefox/80.0"
mediaeclips.infinitibizsol.com:443 162.0.223.40 - - [14/Jun/2025:01:29:07 +0000] "POST /wp-cron.php?doing_wp_cron=1749864546.9054760932922363281250 HTTP/1.1" 499 0 "-" "WordPress/6.5.5; https://mediaeclips.com"
mediaeclips.infinitibizsol.com:443 51.222.253.10 - - [14/Jun/2025:01:29:07 +0000] "GET /services/feed/ HTTP/1.1" 304 0 "-" "Mozilla/5.0 (compatible; AhrefsBot/7.0; +http://ahrefs.com/robot/)"
mediaeclips.infinitibizsol.com:80 5.161.52.234 - - [14/Jun/2025:01:29:09 +0000] "POST /wp-load.php?d3b2f9=18405 HTTP/1.1" 200 1748 "-" "Mozilla/5.0 (Windows NT 10.0; Win64; x64) AppleWebKit/537.36 (KHTML, like Gecko) Chrome/104.0.5112.97 Safari/537.36"
mediaeclips.infinitibizsol.com:443 162.0.223.40 - - [14/Jun/2025:01:33:28 +0000] "POST /wp-cron.php?doing_wp_cron=1749864807.1790349483489990234375 HTTP/1.1" 499 0 "-" "WordPress/6.5.5; https://mediaeclips.com"
mediaeclips.infinitibizsol.com:443 51.222.253.3 - - [14/Jun/2025:01:33:28 +0000] "GET /tag/texas-web-design/feed/ HTTP/1.1" 304 0 "-" "Mozilla/5.0 (compatible; AhrefsBot/7.0; +http://ahrefs.com/robot/)"
mediaeclips.infinitibizsol.com:443 51.222.253.13 - - [14/Jun/2025:01:37:19 +0000] "GET /tag/sem/feed/ HTTP/1.1" 304 0 "-" "Mozilla/5.0 (compatible; AhrefsBot/7.0; +http://ahrefs.com/robot/)"
mediaeclips.infinitibizsol.com:443 162.0.223.40 - - [14/Jun/2025:01:41:20 +0000] "POST /wp-cron.php?doing_wp_cron=1749865278.9983520507812500000000 HTTP/1.1" 499 0 "-" "WordPress/6.5.5; https://mediaeclips.com"
mediaeclips.infinitibizsol.com:443 51.222.253.3 - - [14/Jun/2025:01:41:20 +0000] "GET /tag/videography/feed/ HTTP/1.1" 304 0 "-" "Mozilla/5.0 (compatible; AhrefsBot/7.0; +http://ahrefs.com/robot/)"
mediaeclips.infinitibizsol.com:80 78.153.140.222 - - [14/Jun/2025:01:42:41 +0000] "GET /.env HTTP/1.1" 404 5 "-" "Mozilla/5.0 (Linux; U; Android 4.3; en-us; C6530N Build/JLS36C) AppleWebKit/534.30 (KHTML, like Gecko) Version/4.0 Mobile Safari/534.30"
mediaeclips.infinitibizsol.com:80 78.153.140.222 - - [14/Jun/2025:01:42:48 +0000] "GET / HTTP/1.1" 404 5 "-" "Mozilla/5.0 (Linux; Android 4.4.2; en-us; SAMSUNG SM-N900P Build/KOT49H) AppleWebKit/537.36 (KHTML, like Gecko) Version/1.5 Chrome/28.0.1500.94 Mobile Safari/537.36"
mediaeclips.infinitibizsol.com:80 78.153.140.222 - - [14/Jun/2025:01:42:54 +0000] "GET /test HTTP/1.1" 404 5 "-" "Mozilla/5.0 (iPad; CPU OS 10_2 like Mac OS X) AppleWebKit/602.3.12 (KHTML, like Gecko) Version/10.0 Mobile/14C89 Safari/602.1"
mediaeclips.infinitibizsol.com:80 78.153.140.222 - - [14/Jun/2025:01:43:00 +0000] "GET /.aws/credentials HTTP/1.1" 404 5 "-" "Mozilla/5.0 (Windows NT 10.0; rv:41.0) Gecko/20100101 Firefox/41.0"
mediaeclips.infinitibizsol.com:80 78.153.140.222 - - [14/Jun/2025:01:43:06 +0000] "GET /backend/.env HTTP/1.1" 404 5 "-" "Mozilla/5.0 (Linux; U; Android 4.1.2; en-gb; GT-P3100 Build/JZO54K) AppleWebKit/534.30 (KHTML, like Gecko) Version/4.0 Safari/534.30"
mediaeclips.infinitibizsol.com:80 162.0.223.40 - - [14/Jun/2025:01:43:13 +0000] "POST /wp-cron.php?doing_wp_cron=1749865392.5816550254821777343750 HTTP/1.1" 499 0 "-" "WordPress/6.5.5; https://mediaeclips.com"
mediaeclips.infinitibizsol.com:80 78.153.140.222 - - [14/Jun/2025:01:43:13 +0000] "GET /api/.env HTTP/1.1" 404 5 "-" "Mozilla/5.0 (Linux; Android 2.3.6; SCH-S720C Build/GINGERBREAD) AppleWebKit/537.31 (KHTML, like Gecko) Chrome/26.0.1410.58 Mobile Safari/537.31 OPR/14.0.1074.57768"
mediaeclips.infinitibizsol.com:80 78.153.140.222 - - [14/Jun/2025:01:43:19 +0000] "GET /admin/.env HTTP/1.1" 404 5 "-" "Mozilla/5.0 (Windows; U; Windows NT 6.1; en-US) AppleWebKit/534.10 (KHTML, like Gecko) Chrome/8.0.552.215 Safari/534.10"
mediaeclips.infinitibizsol.com:80 78.153.140.222 - - [14/Jun/2025:01:43:26 +0000] "GET /app/.env HTTP/1.1" 404 5 "-" "Mozilla/5.0 (Linux; U; Android 2.3.6; en-gb; GT-S5360 Build/GINGERBREAD) AppleWebKit/533.1 (KHTML, like Gecko) Version/4.0 Mobile Safari/533.1"
mediaeclips.infinitibizsol.com:80 78.153.140.222 - - [14/Jun/2025:01:43:32 +0000] "GET /vendor/.env HTTP/1.1" 404 5 "-" "Mozilla/5.0 (Linux; Android 6.0.1; Z981 Build/MMB29M) AppleWebKit/537.36 (KHTML, like Gecko) Chrome/49.0.2623.91 Mobile Safari/537.36"
mediaeclips.infinitibizsol.com:80 78.153.140.222 - - [14/Jun/2025:01:43:38 +0000] "GET /crm/.env HTTP/1.1" 404 5 "-" "Mozilla/5.0 (X11; U; Linux i686; en-US; rv:1.7.8) Gecko/20050511 Firefox/1.0.4 SUSE/1.0.4-1.1"
mediaeclips.infinitibizsol.com:80 78.153.140.222 - - [14/Jun/2025:01:43:44 +0000] "GET /.env.example HTTP/1.1" 404 5 "-" "Mozilla/5.0 (Windows; U; Windows NT 6.0; en-US; rv:1.8.0.9) Gecko/20061206 Firefox/1.5.0.9"
mediaeclips.infinitibizsol.com:80 78.153.140.222 - - [14/Jun/2025:01:43:49 +0000] "GET /.env.production HTTP/1.1" 404 5 "-" "Mozilla/5.0 (Macintosh; Intel Mac OS X 10_6_7) AppleWebKit/534.24 (KHTML, like Gecko) Chrome/11.0.696.68 Safari/534.24"
mediaeclips.infinitibizsol.com:80 78.153.140.222 - - [14/Jun/2025:01:43:54 +0000] "GET /?phpinfo=-1 HTTP/1.1" 404 5 "-" "Mozilla/5.0 (Windows NT 10.0; WOW64; rv:36.0) Gecko/20100101 Firefox/36.0"
mediaeclips.infinitibizsol.com:80 78.153.140.222 - - [14/Jun/2025:01:43:59 +0000] "GET /phpinfo.php HTTP/1.1" 404 5 "-" "Mozilla/5.0 (Windows NT 6.0; WOW64; rv:35.0) Gecko/20100101 Firefox/35.0"
mediaeclips.infinitibizsol.com:80 78.153.140.222 - - [14/Jun/2025:01:44:04 +0000] "GET /media/.env HTTP/1.1" 404 5 "-" "Mozilla/5.0 (X11; U; Linux i686; pl-PL; rv:1.9b5) Gecko/2008050509 Firefox/3.0b5"
mediaeclips.infinitibizsol.com:80 78.153.140.222 - - [14/Jun/2025:01:44:09 +0000] "GET /server/.env HTTP/1.1" 404 5 "-" "Mozilla/5.0 (Windows NT 5.1) AppleWebKit/537.36 (KHTML, like Gecko) Chrome/49.0.2623.110 Safari/537.36 OPR/36.0.2130.65"
mediaeclips.infinitibizsol.com:80 78.153.140.222 - - [14/Jun/2025:01:44:14 +0000] "GET /staging/.env HTTP/1.1" 404 5 "-" "Mozilla/5.0 (Windows; U; Windows NT 6.1; en-US; rv:1.9.2.28) Gecko/20120306 Firefox/3.6.28"
mediaeclips.infinitibizsol.com:80 5.161.69.178 - - [14/Jun/2025:01:44:18 +0000] "POST /wp-load.php?092303=14463 HTTP/1.1" 200 1748 "-" "Mozilla/5.0 (Windows NT 10.0; Win64; x64) AppleWebKit/537.36 (KHTML, like Gecko) Chrome/104.0.5112.97 Safari/537.36"
mediaeclips.infinitibizsol.com:80 78.153.140.222 - - [14/Jun/2025:01:44:19 +0000] "GET /twilio/.env HTTP/1.1" 404 5 "-" "Mozilla/5.0 (Macintosh; Intel Mac OS X 10.8; rv:14.0) Gecko/20100101 Firefox/14.0.1"
mediaeclips.infinitibizsol.com:80 78.153.140.222 - - [14/Jun/2025:01:44:24 +0000] "GET /.env.save HTTP/1.1" 404 5 "-" "ELinks/0.9.3 (textmode; Linux 2.6.9-kanotix-8 i686; 127x41)"
mediaeclips.infinitibizsol.com:80 78.153.140.222 - - [14/Jun/2025:01:44:29 +0000] "GET /.json HTTP/1.1" 404 5 "-" "Mozilla/4.0 (compatible; MSIE 8.0; Windows NT 6.1; Trident/4.0; SLCC2; .NET CLR 2.0.50727; .NET CLR 3.5.30729; .NET CLR 3.0.30729; .NET4.0C; .NET4.0E)"
mediaeclips.infinitibizsol.com:80 78.153.140.222 - - [14/Jun/2025:01:44:36 +0000] "GET /?url=.env HTTP/1.1" 404 5 "-" "Mozilla/5.0 (iPad; U; CPU OS 9_3_5 like Mac OS X; en-gb) AppleWebKit/536.26 (KHTML, like Gecko) Version/6.0 Mobile/10B141 Safari/8536.25"
mediaeclips.infinitibizsol.com:80 78.153.140.222 - - [14/Jun/2025:01:44:43 +0000] "GET /config/.env HTTP/1.1" 404 5 "-" "Mozilla/5.0 (Windows NT 5.2; rv:42.0) Gecko/20100101 Firefox/42.0"
mediaeclips.infinitibizsol.com:80 78.153.140.222 - - [14/Jun/2025:01:44:49 +0000] "GET /info HTTP/1.1" 404 5 "-" "Mozilla/5.0 (Linux; U; Android 4.0.4; sv-se; ST21i Build/11.0.A.4.22) AppleWebKit/534.30 (KHTML, like Gecko) Version/4.0 Mobile Safari/534.30"
mediaeclips.infinitibizsol.com:80 78.153.140.222 - - [14/Jun/2025:01:44:55 +0000] "GET /stage/.env HTTP/1.1" 404 5 "-" "Opera/9.30 (Nintendo Wii; U; ; 2071; Wii Shop Channel/1.0; en)"
mediaeclips.infinitibizsol.com:443 51.222.253.3 - - [14/Jun/2025:01:45:49 +0000] "GET /tag/latest-seo-trends/feed/ HTTP/1.1" 304 0 "-" "Mozilla/5.0 (compatible; AhrefsBot/7.0; +http://ahrefs.com/robot/)"
mediaeclips.infinitibizsol.com:443 162.0.223.40 - - [14/Jun/2025:01:49:46 +0000] "POST /wp-cron.php?doing_wp_cron=1749865785.7037949562072753906250 HTTP/1.1" 499 0 "-" "WordPress/6.5.5; https://mediaeclips.com"
mediaeclips.infinitibizsol.com:443 51.222.253.8 - - [14/Jun/2025:01:49:46 +0000] "GET /tag/what-is-ui-design/feed/ HTTP/1.1" 304 0 "-" "Mozilla/5.0 (compatible; AhrefsBot/7.0; +http://ahrefs.com/robot/)"
mediaeclips.infinitibizsol.com:443 162.0.223.40 - - [14/Jun/2025:01:53:46 +0000] "POST /wp-cron.php?doing_wp_cron=1749866025.4629709720611572265625 HTTP/1.1" 499 0 "-" "WordPress/6.5.5; https://mediaeclips.com"
mediaeclips.infinitibizsol.com:443 51.222.253.11 - - [14/Jun/2025:01:53:46 +0000] "GET /tag/rewards-of-ai-content/feed/ HTTP/1.1" 304 0 "-" "Mozilla/5.0 (compatible; AhrefsBot/7.0; +http://ahrefs.com/robot/)"
mediaeclips.infinitibizsol.com:80 216.244.66.244 - - [14/Jun/2025:01:54:52 +0000] "GET /services/it-services/feed/ HTTP/1.1" 404 5 "-" "Mozilla/5.0 (compatible; DotBot/1.2; +https://opensiteexplorer.org/dotbot; help@moz.com)"
mediaeclips.infinitibizsol.com:443 216.73.216.160 - - [14/Jun/2025:01:56:44 +0000] "GET /sitemap.xml HTTP/1.1" 404 5 "-" "Mozilla/5.0 AppleWebKit/537.36 (KHTML, like Gecko; compatible; ClaudeBot/1.0; +claudebot@anthropic.com)"
mediaeclips.infinitibizsol.com:443 162.0.223.40 - - [14/Jun/2025:01:58:16 +0000] "POST /wp-cron.php?doing_wp_cron=1749866295.1650869846343994140625 HTTP/1.1" 499 0 "-" "WordPress/6.5.5; https://mediaeclips.com"
mediaeclips.infinitibizsol.com:443 51.222.253.15 - - [14/Jun/2025:01:58:16 +0000] "GET /tag/why-content-marketing-is-important/feed/ HTTP/1.1" 304 0 "-" "Mozilla/5.0 (compatible; AhrefsBot/7.0; +http://ahrefs.com/robot/)"
mediaeclips.infinitibizsol.com:80 178.156.128.204 - - [14/Jun/2025:01:59:26 +0000] "POST /wp-load.php?8cf00b=19868 HTTP/1.1" 200 1748 "-" "Mozilla/5.0 (Windows NT 10.0; Win64; x64) AppleWebKit/537.36 (KHTML, like Gecko) Chrome/104.0.5112.97 Safari/537.36"
mediaeclips.infinitibizsol.com:443 162.0.223.40 - - [14/Jun/2025:02:02:20 +0000] "POST /wp-cron.php?doing_wp_cron=1749866539.2218520641326904296875 HTTP/1.1" 499 0 "-" "WordPress/6.5.5; https://mediaeclips.com"
mediaeclips.infinitibizsol.com:443 51.222.253.5 - - [14/Jun/2025:02:02:20 +0000] "GET /tag/inbound-vs-outbound-marketing/feed/ HTTP/1.1" 304 0 "-" "Mozilla/5.0 (compatible; AhrefsBot/7.0; +http://ahrefs.com/robot/)"
mediaeclips.infinitibizsol.com:443 84.239.43.30 - - [14/Jun/2025:02:04:15 +0000] "GET /the-best-social-media-marketing-tools/ HTTP/1.0" 404 128749 "https://mediaeclips.com/the-best-social-media-marketing-tools/" "Mozilla/5.0 (Windows NT 10.0; Win64; x64) AppleWebKit/537.36 (KHTML, like Gecko) Chrome/129.0.0.0 Safari/537.36"
mediaeclips.infinitibizsol.com:443 162.0.223.40 - - [14/Jun/2025:02:04:21 +0000] "POST /wp-cron.php?doing_wp_cron=1749866660.2880771160125732421875 HTTP/1.1" 499 0 "-" "WordPress/6.5.5; https://mediaeclips.com"
mediaeclips.infinitibizsol.com:443 84.239.43.30 - - [14/Jun/2025:02:04:24 +0000] "POST /wp-comments-post.php HTTP/1.0" 302 0 "https://mediaeclips.com/the-best-social-media-marketing-tools/" "Mozilla/5.0 (Windows NT 10.0; Win64; x64) AppleWebKit/537.36 (KHTML, like Gecko) Chrome/129.0.0.0 Safari/537.36"
mediaeclips.infinitibizsol.com:443 84.239.43.30 - - [14/Jun/2025:02:04:31 +0000] "GET /the-best-social-media-marketing-tools/ HTTP/1.0" 404 130245 "https://mediaeclips.com/the-best-social-media-marketing-tools/#comment-1216" "Mozilla/5.0 (Windows NT 10.0; Win64; x64) AppleWebKit/537.36 (KHTML, like Gecko) Chrome/129.0.0.0 Safari/537.36"
mediaeclips.infinitibizsol.com:443 84.239.43.30 - - [14/Jun/2025:02:04:40 +0000] "GET / HTTP/1.0" 404 108233 "https://mediaeclips.com/" "Mozilla/5.0 (Windows NT 10.0; Win64; x64) AppleWebKit/537.36 (KHTML, like Gecko) Chrome/129.0.0.0 Safari/537.36"
mediaeclips.infinitibizsol.com:443 84.239.43.30 - - [14/Jun/2025:02:04:49 +0000] "GET /the-best-social-media-marketing-tools/ HTTP/1.0" 404 130245 "https://mediaeclips.com/the-best-social-media-marketing-tools/#comment-1216" "Mozilla/5.0 (Windows NT 10.0; Win64; x64) AppleWebKit/537.36 (KHTML, like Gecko) Chrome/129.0.0.0 Safari/537.36"
mediaeclips.infinitibizsol.com:443 84.239.43.30 - - [14/Jun/2025:02:04:56 +0000] "GET / HTTP/1.0" 404 108233 "https://mediaeclips.com/" "Mozilla/5.0 (Windows NT 10.0; Win64; x64) AppleWebKit/537.36 (KHTML, like Gecko) Chrome/129.0.0.0 Safari/537.36"
mediaeclips.infinitibizsol.com:443 84.239.43.30 - - [14/Jun/2025:02:05:04 +0000] "GET /blogs/ HTTP/1.0" 404 57617 "https://mediaeclips.com/blogs/" "Mozilla/5.0 (Windows NT 10.0; Win64; x64) AppleWebKit/537.36 (KHTML, like Gecko) Chrome/129.0.0.0 Safari/537.36"
mediaeclips.infinitibizsol.com:443 84.239.43.30 - - [14/Jun/2025:02:05:11 +0000] "GET / HTTP/1.0" 404 108233 "https://mediaeclips.com/" "Mozilla/5.0 (Windows NT 10.0; Win64; x64) AppleWebKit/537.36 (KHTML, like Gecko) Chrome/129.0.0.0 Safari/537.36"
