mediaeclips.infinitibizsol.com:443 34.123.170.104 - - [13/Jun/2025:09:20:53 +0000] "GET /wp-content/uploads/2024/03/about3-img1.webp HTTP/1.1" 200 19794 "https://mediaeclips.com/" "Mozilla/5.0 (X11; Linux x86_64) AppleWebKit/537.36 (KHTML, like Gecko) HeadlessChrome/125.0.6422.60 Safari/537.36"
mediaeclips.infinitibizsol.com:443 34.123.170.104 - - [13/Jun/2025:09:20:54 +0000] "GET /wp-content/themes/ziptech/images/testimonials/testimonial-img1.jpg HTTP/1.1" 200 2731 "https://mediaeclips.com/" "Mozilla/5.0 (X11; Linux x86_64) AppleWebKit/537.36 (KHTML, like Gecko) HeadlessChrome/125.0.6422.60 Safari/537.36"
mediaeclips.infinitibizsol.com:443 34.123.170.104 - - [13/Jun/2025:09:20:54 +0000] "GET /wp-content/uploads/2024/05/1-How-to-Create-an-Effective-SEO-Strategy-in-2024.webp HTTP/1.1" 200 48010 "https://mediaeclips.com/" "Mozilla/5.0 (X11; Linux x86_64) AppleWebKit/537.36 (KHTML, like Gecko) HeadlessChrome/125.0.6422.60 Safari/537.36"
mediaeclips.infinitibizsol.com:443 34.123.170.104 - - [13/Jun/2025:09:20:54 +0000] "GET /wp-content/uploads/2024/05/1-What-is-Video-Marketing-An-Ultimate-Guide.webp HTTP/1.1" 200 50864 "https://mediaeclips.com/" "Mozilla/5.0 (X11; Linux x86_64) AppleWebKit/537.36 (KHTML, like Gecko) HeadlessChrome/125.0.6422.60 Safari/537.36"
mediaeclips.infinitibizsol.com:443 34.123.170.104 - - [13/Jun/2025:09:20:54 +0000] "GET /wp-content/themes/ziptech/images/objects/footer-obj1.png HTTP/1.1" 200 119869 "https://mediaeclips.com/" "Mozilla/5.0 (X11; Linux x86_64) AppleWebKit/537.36 (KHTML, like Gecko) HeadlessChrome/125.0.6422.60 Safari/537.36"
mediaeclips.infinitibizsol.com:443 34.123.170.104 - - [13/Jun/2025:09:20:54 +0000] "GET /wp-content/uploads/2024/02/Media-Eclips-2.png.webp HTTP/1.1" 200 27510 "https://mediaeclips.com/" "Mozilla/5.0 (X11; Linux x86_64) AppleWebKit/537.36 (KHTML, like Gecko) HeadlessChrome/125.0.6422.60 Safari/537.36"
mediaeclips.infinitibizsol.com:443 162.0.223.40 - - [13/Jun/2025:09:20:56 +0000] "POST /wp-cron.php?doing_wp_cron=1749806455.0270559787750244140625 HTTP/1.1" 499 0 "-" "WordPress/6.5.5; https://mediaeclips.com"
mediaeclips.infinitibizsol.com:443 34.122.147.229 - - [13/Jun/2025:09:20:56 +0000] "GET /wp-content/themes/ziptech/framework/color.php?ver=6.5.5 HTTP/1.1" 404 5 "https://mediaeclips.com/" "Mozilla/5.0 (X11; Linux x86_64) AppleWebKit/537.36 (KHTML, like Gecko) HeadlessChrome/125.0.6422.60 Safari/537.36"
mediaeclips.infinitibizsol.com:443 34.122.147.229 - - [13/Jun/2025:09:20:56 +0000] "GET /wp-content/themes/ziptech/images/down-arrow.png HTTP/1.1" 200 427 "https://mediaeclips.com/wp-content/themes/ziptech/css/style.css?ver=6.5.5" "Mozilla/5.0 (X11; Linux x86_64) AppleWebKit/537.36 (KHTML, like Gecko) HeadlessChrome/125.0.6422.60 Safari/537.36"
mediaeclips.infinitibizsol.com:443 34.123.170.104 - - [13/Jun/2025:09:20:56 +0000] "GET /wp-content/themes/ziptech/images/about/wave2.png HTTP/1.1" 200 4908 "https://mediaeclips.com/wp-content/themes/ziptech/css/style.css?ver=6.5.5" "Mozilla/5.0 (X11; Linux x86_64) AppleWebKit/537.36 (KHTML, like Gecko) HeadlessChrome/125.0.6422.60 Safari/537.36"
mediaeclips.infinitibizsol.com:443 34.122.147.229 - - [13/Jun/2025:09:20:56 +0000] "GET /wp-content/plugins/elementor/assets/lib/font-awesome/webfonts/fa-solid-900.woff2 HTTP/1.1" 200 78196 "https://mediaeclips.com/wp-content/plugins/elementor/assets/lib/font-awesome/css/solid.min.css?ver=5.15.3" "Mozilla/5.0 (X11; Linux x86_64) AppleWebKit/537.36 (KHTML, like Gecko) HeadlessChrome/125.0.6422.60 Safari/537.36"
mediaeclips.infinitibizsol.com:443 34.123.170.104 - - [13/Jun/2025:09:20:56 +0000] "GET /wp-content/themes/ziptech/fonts/webexbaseicon/fonts/webexbaseicon.ttf?wtzu32 HTTP/1.1" 200 273460 "https://mediaeclips.com/wp-content/themes/ziptech/fonts/webexbaseicon/style.css" "Mozilla/5.0 (X11; Linux x86_64) AppleWebKit/537.36 (KHTML, like Gecko) HeadlessChrome/125.0.6422.60 Safari/537.36"
mediaeclips.infinitibizsol.com:443 34.122.147.229 - - [13/Jun/2025:09:20:56 +0000] "GET /wp-content/themes/ziptech/fonts/webexthemeicon/fonts/webexthemeicon.ttf?e77yny HTTP/1.1" 200 99192 "https://mediaeclips.com/wp-content/themes/ziptech/fonts/webexthemeicon/style.css" "Mozilla/5.0 (X11; Linux x86_64) AppleWebKit/537.36 (KHTML, like Gecko) HeadlessChrome/125.0.6422.60 Safari/537.36"
mediaeclips.infinitibizsol.com:443 34.123.170.104 - - [13/Jun/2025:09:20:56 +0000] "GET /wp-content/themes/ziptech/fonts/fontawesome/webfonts/fa-brands-400.woff2 HTTP/1.1" 200 76612 "https://mediaeclips.com/wp-content/themes/ziptech/fonts/fontawesome/css/all.css" "Mozilla/5.0 (X11; Linux x86_64) AppleWebKit/537.36 (KHTML, like Gecko) HeadlessChrome/125.0.6422.60 Safari/537.36"
mediaeclips.infinitibizsol.com:443 34.122.147.229 - - [13/Jun/2025:09:20:56 +0000] "GET /wp-content/themes/ziptech/fonts/fontawesome/webfonts/fa-regular-400.woff2 HTTP/1.1" 200 13584 "https://mediaeclips.com/wp-content/themes/ziptech/fonts/fontawesome/css/all.css" "Mozilla/5.0 (X11; Linux x86_64) AppleWebKit/537.36 (KHTML, like Gecko) HeadlessChrome/125.0.6422.60 Safari/537.36"
mediaeclips.infinitibizsol.com:443 104.197.69.115 - - [13/Jun/2025:09:20:56 +0000] "GET /wp-content/plugins/elementskit-lite/modules/elementskit-icon-pack/assets/fonts/elementskit.woff?y24e1e HTTP/1.1" 200 459244 "https://mediaeclips.com/wp-content/plugins/elementskit-lite/modules/elementskit-icon-pack/assets/css/ekiticons.css?ver=3.1.3" "Mozilla/5.0 (X11; Linux x86_64) AppleWebKit/537.36 (KHTML, like Gecko) HeadlessChrome/125.0.6422.60 Safari/537.36"
mediaeclips.infinitibizsol.com:443 34.122.147.229 - - [13/Jun/2025:09:20:56 +0000] "GET /wp-content/uploads/2024/03/divider-img2.webp HTTP/1.1" 200 36330 "https://mediaeclips.com/" "Mozilla/5.0 (X11; Linux x86_64) AppleWebKit/537.36 (KHTML, like Gecko) HeadlessChrome/125.0.6422.60 Safari/537.36"
mediaeclips.infinitibizsol.com:443 34.122.147.229 - - [13/Jun/2025:09:20:56 +0000] "GET /wp-content/themes/ziptech/images/bg/5.jpg HTTP/1.1" 200 197658 "https://mediaeclips.com/" "Mozilla/5.0 (X11; Linux x86_64) AppleWebKit/537.36 (KHTML, like Gecko) HeadlessChrome/125.0.6422.60 Safari/537.36"
mediaeclips.infinitibizsol.com:443 34.123.170.104 - - [13/Jun/2025:09:20:56 +0000] "GET /wp-includes/js/wp-emoji-release.min.js?ver=6.5.5 HTTP/1.1" 200 18726 "https://mediaeclips.com/" "Mozilla/5.0 (X11; Linux x86_64) AppleWebKit/537.36 (KHTML, like Gecko) HeadlessChrome/125.0.6422.60 Safari/537.36"
mediaeclips.infinitibizsol.com:443 34.122.147.229 - - [13/Jun/2025:09:20:56 +0000] "GET /wp-content/plugins/elementor/assets/js/text-editor.2c35aafbe5bf0e127950.bundle.min.js HTTP/1.1" 200 1360 "https://mediaeclips.com/" "Mozilla/5.0 (X11; Linux x86_64) AppleWebKit/537.36 (KHTML, like Gecko) HeadlessChrome/125.0.6422.60 Safari/537.36"
mediaeclips.infinitibizsol.com:443 104.197.69.115 - - [13/Jun/2025:09:21:00 +0000] "GET /wp-json/contact-form-7/v1/contact-forms/158/feedback/schema HTTP/1.1" 404 241 "https://mediaeclips.com/" "Mozilla/5.0 (X11; Linux x86_64) AppleWebKit/537.36 (KHTML, like Gecko) HeadlessChrome/125.0.6422.60 Safari/537.36"
mediaeclips.infinitibizsol.com:443 34.122.147.229 - - [13/Jun/2025:09:21:05 +0000] "GET /wp-json/contact-form-7/v1/contact-forms/158/refill HTTP/1.1" 404 12 "https://mediaeclips.com/" "Mozilla/5.0 (X11; Linux x86_64) AppleWebKit/537.36 (KHTML, like Gecko) HeadlessChrome/125.0.6422.60 Safari/537.36"
mediaeclips.infinitibizsol.com:443 34.123.170.104 - - [13/Jun/2025:09:21:11 +0000] "GET /wp-json/contact-form-7/v1/contact-forms/159/feedback/schema HTTP/1.1" 404 777 "https://mediaeclips.com/" "Mozilla/5.0 (X11; Linux x86_64) AppleWebKit/537.36 (KHTML, like Gecko) HeadlessChrome/125.0.6422.60 Safari/537.36"
mediaeclips.infinitibizsol.com:443 34.122.147.229 - - [13/Jun/2025:09:21:16 +0000] "GET /wp-json/contact-form-7/v1/contact-forms/159/refill HTTP/1.1" 404 12 "https://mediaeclips.com/" "Mozilla/5.0 (X11; Linux x86_64) AppleWebKit/537.36 (KHTML, like Gecko) HeadlessChrome/125.0.6422.60 Safari/537.36"
mediaeclips.infinitibizsol.com:443 205.169.39.129 - - [13/Jun/2025:09:21:17 +0000] "GET / HTTP/1.1" 404 108436 "-" "Mozilla/5.0 (Windows NT 6.1; Win64; x64) AppleWebKit/537.36 (KHTML, like Gecko) Chrome/83.0.4103.61 Safari/537.36"
mediaeclips.infinitibizsol.com:443 205.169.39.129 - - [13/Jun/2025:09:21:24 +0000] "GET /wp-includes/js/jquery/jquery.min.js?ver=3.7.1 HTTP/1.1" 200 87553 "https://mediaeclips.com/" "Mozilla/5.0 (Windows NT 6.1; Win64; x64) AppleWebKit/537.36 (KHTML, like Gecko) Chrome/83.0.4103.61 Safari/537.36"
mediaeclips.infinitibizsol.com:443 205.169.39.129 - - [13/Jun/2025:09:21:34 +0000] "GET /wp-includes/js/jquery/jquery-migrate.min.js?ver=3.4.1 HTTP/1.1" 200 13577 "https://mediaeclips.com/" "Mozilla/5.0 (Windows NT 6.1; Win64; x64) AppleWebKit/537.36 (KHTML, like Gecko) Chrome/83.0.4103.61 Safari/537.36"
mediaeclips.infinitibizsol.com:443 205.169.39.129 - - [13/Jun/2025:09:21:34 +0000] "GET /wp-content/plugins/contact-form-7/includes/swv/js/index.js?ver=5.9.4 HTTP/1.1" 200 11513 "https://mediaeclips.com/" "Mozilla/5.0 (Windows NT 6.1; Win64; x64) AppleWebKit/537.36 (KHTML, like Gecko) Chrome/83.0.4103.61 Safari/537.36"
mediaeclips.infinitibizsol.com:443 205.169.39.129 - - [13/Jun/2025:09:21:35 +0000] "GET /wp-content/plugins/contact-form-7/includes/js/index.js?ver=5.9.4 HTTP/1.1" 200 13054 "https://mediaeclips.com/" "Mozilla/5.0 (Windows NT 6.1; Win64; x64) AppleWebKit/537.36 (KHTML, like Gecko) Chrome/83.0.4103.61 Safari/537.36"
mediaeclips.infinitibizsol.com:443 205.169.39.129 - - [13/Jun/2025:09:21:35 +0000] "GET /wp-content/themes/ziptech/js/jquery-3.6.0.min.js?ver=6.5.5 HTTP/1.1" 200 89501 "https://mediaeclips.com/" "Mozilla/5.0 (Windows NT 6.1; Win64; x64) AppleWebKit/537.36 (KHTML, like Gecko) Chrome/83.0.4103.61 Safari/537.36"
mediaeclips.infinitibizsol.com:443 205.169.39.129 - - [13/Jun/2025:09:21:36 +0000] "GET /wp-content/themes/ziptech/js/jquery.nice-select.min.js?ver=6.5.5 HTTP/1.1" 200 2942 "https://mediaeclips.com/" "Mozilla/5.0 (Windows NT 6.1; Win64; x64) AppleWebKit/537.36 (KHTML, like Gecko) Chrome/83.0.4103.61 Safari/537.36"
mediaeclips.infinitibizsol.com:443 205.169.39.129 - - [13/Jun/2025:09:21:36 +0000] "GET /wp-content/themes/ziptech/js/bootstrap.min.js?ver=6.5.5 HTTP/1.1" 200 60089 "https://mediaeclips.com/" "Mozilla/5.0 (Windows NT 6.1; Win64; x64) AppleWebKit/537.36 (KHTML, like Gecko) Chrome/83.0.4103.61 Safari/537.36"
mediaeclips.infinitibizsol.com:443 205.169.39.129 - - [13/Jun/2025:09:21:36 +0000] "GET /wp-content/themes/ziptech/js/jquery.appear.min.js?ver=6.5.5 HTTP/1.1" 200 1266 "https://mediaeclips.com/" "Mozilla/5.0 (Windows NT 6.1; Win64; x64) AppleWebKit/537.36 (KHTML, like Gecko) Chrome/83.0.4103.61 Safari/537.36"
mediaeclips.infinitibizsol.com:443 205.169.39.129 - - [13/Jun/2025:09:21:36 +0000] "GET /wp-content/themes/ziptech/js/wow.min.js?ver=6.5.5 HTTP/1.1" 200 8155 "https://mediaeclips.com/" "Mozilla/5.0 (Windows NT 6.1; Win64; x64) AppleWebKit/537.36 (KHTML, like Gecko) Chrome/83.0.4103.61 Safari/537.36"
mediaeclips.infinitibizsol.com:443 205.169.39.129 - - [13/Jun/2025:09:21:36 +0000] "GET /wp-content/themes/ziptech/js/owl.carousel.min.js?ver=6.5.5 HTTP/1.1" 200 44342 "https://mediaeclips.com/" "Mozilla/5.0 (Windows NT 6.1; Win64; x64) AppleWebKit/537.36 (KHTML, like Gecko) Chrome/83.0.4103.61 Safari/537.36"
mediaeclips.infinitibizsol.com:443 205.169.39.129 - - [13/Jun/2025:09:21:37 +0000] "GET /wp-content/themes/ziptech/js/jquery.event.move.js?ver=6.5.5 HTTP/1.1" 200 14530 "https://mediaeclips.com/" "Mozilla/5.0 (Windows NT 6.1; Win64; x64) AppleWebKit/537.36 (KHTML, like Gecko) Chrome/83.0.4103.61 Safari/537.36"
mediaeclips.infinitibizsol.com:443 205.169.39.129 - - [13/Jun/2025:09:21:37 +0000] "GET /wp-content/themes/ziptech/js/jquery.twentytwenty.js?ver=6.5.5 HTTP/1.1" 200 5414 "https://mediaeclips.com/" "Mozilla/5.0 (Windows NT 6.1; Win64; x64) AppleWebKit/537.36 (KHTML, like Gecko) Chrome/83.0.4103.61 Safari/537.36"
mediaeclips.infinitibizsol.com:443 205.169.39.129 - - [13/Jun/2025:09:21:37 +0000] "GET /wp-content/themes/ziptech/js/tilt.jquery.min.js?ver=6.5.5 HTTP/1.1" 200 5640 "https://mediaeclips.com/" "Mozilla/5.0 (Windows NT 6.1; Win64; x64) AppleWebKit/537.36 (KHTML, like Gecko) Chrome/83.0.4103.61 Safari/537.36"
mediaeclips.infinitibizsol.com:443 205.169.39.129 - - [13/Jun/2025:09:21:37 +0000] "GET /wp-content/themes/ziptech/js/magnific-popup.min.js?ver=6.5.5 HTTP/1.1" 200 20216 "https://mediaeclips.com/" "Mozilla/5.0 (Windows NT 6.1; Win64; x64) AppleWebKit/537.36 (KHTML, like Gecko) Chrome/83.0.4103.61 Safari/537.36"
mediaeclips.infinitibizsol.com:443 205.169.39.129 - - [13/Jun/2025:09:21:37 +0000] "GET /wp-content/themes/ziptech/js/backtotop.js?ver=6.5.5 HTTP/1.1" 200 1199 "https://mediaeclips.com/" "Mozilla/5.0 (Windows NT 6.1; Win64; x64) AppleWebKit/537.36 (KHTML, like Gecko) Chrome/83.0.4103.61 Safari/537.36"
mediaeclips.infinitibizsol.com:443 205.169.39.129 - - [13/Jun/2025:09:21:37 +0000] "GET /wp-content/themes/ziptech/js/trigger.js?ver=6.5.5 HTTP/1.1" 200 23845 "https://mediaeclips.com/" "Mozilla/5.0 (Windows NT 6.1; Win64; x64) AppleWebKit/537.36 (KHTML, like Gecko) Chrome/83.0.4103.61 Safari/537.36"
mediaeclips.infinitibizsol.com:443 205.169.39.129 - - [13/Jun/2025:09:21:40 +0000] "GET /wp-content/plugins/elementskit-lite/libs/framework/assets/js/frontend-script.js?ver=3.1.3 HTTP/1.1" 200 40 "https://mediaeclips.com/" "Mozilla/5.0 (Windows NT 6.1; Win64; x64) AppleWebKit/537.36 (KHTML, like Gecko) Chrome/83.0.4103.61 Safari/537.36"
mediaeclips.infinitibizsol.com:443 205.169.39.129 - - [13/Jun/2025:09:21:40 +0000] "GET /wp-content/plugins/elementskit-lite/widgets/init/assets/js/widget-scripts.js?ver=3.1.3 HTTP/1.1" 200 137549 "https://mediaeclips.com/" "Mozilla/5.0 (Windows NT 6.1; Win64; x64) AppleWebKit/537.36 (KHTML, like Gecko) Chrome/83.0.4103.61 Safari/537.36"
mediaeclips.infinitibizsol.com:443 205.169.39.129 - - [13/Jun/2025:09:21:41 +0000] "GET /wp-content/plugins/essential-addons-for-elementor-lite/assets/front-end/js/view/general.min.js?ver=5.9.21 HTTP/1.1" 200 10364 "https://mediaeclips.com/" "Mozilla/5.0 (Windows NT 6.1; Win64; x64) AppleWebKit/537.36 (KHTML, like Gecko) Chrome/83.0.4103.61 Safari/537.36"
mediaeclips.infinitibizsol.com:443 205.169.39.129 - - [13/Jun/2025:09:21:41 +0000] "GET /wp-content/plugins/ziptech-elementor/assets/js/bdevs-elementor.js?ver=1.0.0 HTTP/1.1" 200 591 "https://mediaeclips.com/" "Mozilla/5.0 (Windows NT 6.1; Win64; x64) AppleWebKit/537.36 (KHTML, like Gecko) Chrome/83.0.4103.61 Safari/537.36"
mediaeclips.infinitibizsol.com:443 205.169.39.129 - - [13/Jun/2025:09:21:41 +0000] "GET /wp-content/plugins/elementor-pro/assets/js/webpack-pro.runtime.min.js?ver=3.19.3 HTTP/1.1" 200 5825 "https://mediaeclips.com/" "Mozilla/5.0 (Windows NT 6.1; Win64; x64) AppleWebKit/537.36 (KHTML, like Gecko) Chrome/83.0.4103.61 Safari/537.36"
mediaeclips.infinitibizsol.com:443 205.169.39.129 - - [13/Jun/2025:09:21:41 +0000] "GET /wp-content/plugins/elementor/assets/js/webpack.runtime.min.js?ver=3.21.5 HTTP/1.1" 200 4997 "https://mediaeclips.com/" "Mozilla/5.0 (Windows NT 6.1; Win64; x64) AppleWebKit/537.36 (KHTML, like Gecko) Chrome/83.0.4103.61 Safari/537.36"
mediaeclips.infinitibizsol.com:443 205.169.39.129 - - [13/Jun/2025:09:21:41 +0000] "GET /wp-content/plugins/elementor/assets/js/frontend-modules.min.js?ver=3.21.5 HTTP/1.1" 200 63275 "https://mediaeclips.com/" "Mozilla/5.0 (Windows NT 6.1; Win64; x64) AppleWebKit/537.36 (KHTML, like Gecko) Chrome/83.0.4103.61 Safari/537.36"
mediaeclips.infinitibizsol.com:443 205.169.39.129 - - [13/Jun/2025:09:21:42 +0000] "GET /wp-includes/js/dist/vendor/wp-polyfill-inert.min.js?ver=3.1.2 HTTP/1.1" 200 8171 "https://mediaeclips.com/" "Mozilla/5.0 (Windows NT 6.1; Win64; x64) AppleWebKit/537.36 (KHTML, like Gecko) Chrome/83.0.4103.61 Safari/537.36"
mediaeclips.infinitibizsol.com:443 205.169.39.129 - - [13/Jun/2025:09:21:42 +0000] "GET /wp-includes/js/dist/vendor/regenerator-runtime.min.js?ver=0.14.0 HTTP/1.1" 200 6625 "https://mediaeclips.com/" "Mozilla/5.0 (Windows NT 6.1; Win64; x64) AppleWebKit/537.36 (KHTML, like Gecko) Chrome/83.0.4103.61 Safari/537.36"
mediaeclips.infinitibizsol.com:443 205.169.39.129 - - [13/Jun/2025:09:21:42 +0000] "GET /wp-includes/js/dist/vendor/wp-polyfill.min.js?ver=3.15.0 HTTP/1.1" 200 38590 "https://mediaeclips.com/" "Mozilla/5.0 (Windows NT 6.1; Win64; x64) AppleWebKit/537.36 (KHTML, like Gecko) Chrome/83.0.4103.61 Safari/537.36"
mediaeclips.infinitibizsol.com:443 205.169.39.129 - - [13/Jun/2025:09:21:42 +0000] "GET /wp-includes/js/dist/hooks.min.js?ver=2810c76e705dd1a53b18 HTTP/1.1" 200 4307 "https://mediaeclips.com/" "Mozilla/5.0 (Windows NT 6.1; Win64; x64) AppleWebKit/537.36 (KHTML, like Gecko) Chrome/83.0.4103.61 Safari/537.36"
mediaeclips.infinitibizsol.com:443 205.169.39.129 - - [13/Jun/2025:09:21:42 +0000] "GET /wp-includes/js/dist/i18n.min.js?ver=5e580eb46a90c2b997e6 HTTP/1.1" 200 9141 "https://mediaeclips.com/" "Mozilla/5.0 (Windows NT 6.1; Win64; x64) AppleWebKit/537.36 (KHTML, like Gecko) Chrome/83.0.4103.61 Safari/537.36"
mediaeclips.infinitibizsol.com:443 205.169.39.129 - - [13/Jun/2025:09:21:42 +0000] "GET /wp-content/plugins/elementor-pro/assets/js/frontend.min.js?ver=3.19.3 HTTP/1.1" 200 25066 "https://mediaeclips.com/" "Mozilla/5.0 (Windows NT 6.1; Win64; x64) AppleWebKit/537.36 (KHTML, like Gecko) Chrome/83.0.4103.61 Safari/537.36"
mediaeclips.infinitibizsol.com:443 205.169.39.129 - - [13/Jun/2025:09:21:42 +0000] "GET /wp-content/plugins/elementor/assets/lib/waypoints/waypoints.min.js?ver=4.0.2 HTTP/1.1" 200 12198 "https://mediaeclips.com/" "Mozilla/5.0 (Windows NT 6.1; Win64; x64) AppleWebKit/537.36 (KHTML, like Gecko) Chrome/83.0.4103.61 Safari/537.36"
mediaeclips.infinitibizsol.com:443 205.169.39.129 - - [13/Jun/2025:09:21:42 +0000] "GET /wp-includes/js/jquery/ui/core.min.js?ver=1.13.2 HTTP/1.1" 200 21438 "https://mediaeclips.com/" "Mozilla/5.0 (Windows NT 6.1; Win64; x64) AppleWebKit/537.36 (KHTML, like Gecko) Chrome/83.0.4103.61 Safari/537.36"
mediaeclips.infinitibizsol.com:443 205.169.39.129 - - [13/Jun/2025:09:21:42 +0000] "GET /wp-content/plugins/elementor/assets/js/frontend.min.js?ver=3.21.5 HTTP/1.1" 200 39972 "https://mediaeclips.com/" "Mozilla/5.0 (Windows NT 6.1; Win64; x64) AppleWebKit/537.36 (KHTML, like Gecko) Chrome/83.0.4103.61 Safari/537.36"
mediaeclips.infinitibizsol.com:443 205.169.39.129 - - [13/Jun/2025:09:21:43 +0000] "GET /wp-content/plugins/elementor-pro/assets/js/elements-handlers.min.js?ver=3.19.3 HTTP/1.1" 200 38254 "https://mediaeclips.com/" "Mozilla/5.0 (Windows NT 6.1; Win64; x64) AppleWebKit/537.36 (KHTML, like Gecko) Chrome/83.0.4103.61 Safari/537.36"
mediaeclips.infinitibizsol.com:443 205.169.39.129 - - [13/Jun/2025:09:21:43 +0000] "GET /wp-content/plugins/elementskit-lite/widgets/init/assets/js/animate-circle.min.js?ver=3.1.3 HTTP/1.1" 200 681 "https://mediaeclips.com/" "Mozilla/5.0 (Windows NT 6.1; Win64; x64) AppleWebKit/537.36 (KHTML, like Gecko) Chrome/83.0.4103.61 Safari/537.36"
mediaeclips.infinitibizsol.com:443 205.169.39.129 - - [13/Jun/2025:09:21:43 +0000] "GET /wp-content/plugins/elementskit-lite/widgets/init/assets/js/elementor.js?ver=3.1.3 HTTP/1.1" 200 18774 "https://mediaeclips.com/" "Mozilla/5.0 (Windows NT 6.1; Win64; x64) AppleWebKit/537.36 (KHTML, like Gecko) Chrome/83.0.4103.61 Safari/537.36"
mediaeclips.infinitibizsol.com:80 5.161.106.94 - - [13/Jun/2025:09:22:14 +0000] "POST /wp-load.php?5add58=32786 HTTP/1.1" 200 1748 "-" "Mozilla/5.0 (Windows NT 10.0; Win64; x64) AppleWebKit/537.36 (KHTML, like Gecko) Chrome/104.0.5112.97 Safari/537.36"
mediaeclips.infinitibizsol.com:443 162.0.223.40 - - [13/Jun/2025:09:25:16 +0000] "POST /wp-cron.php?doing_wp_cron=1749806715.4642689228057861328125 HTTP/1.1" 499 0 "-" "WordPress/6.5.5; https://mediaeclips.com"
mediaeclips.infinitibizsol.com:443 51.222.253.5 - - [13/Jun/2025:09:25:16 +0000] "GET /author/admin/feed/ HTTP/1.1" 304 0 "-" "Mozilla/5.0 (compatible; AhrefsBot/7.0; +http://ahrefs.com/robot/)"
mediaeclips.infinitibizsol.com:443 66.249.64.128 - - [13/Jun/2025:09:26:12 +0000] "GET /shopdetail/132645439 HTTP/1.1" 404 5 "-" "Mozilla/5.0 (Linux; Android 6.0.1; Nexus 5X Build/MMB29P) AppleWebKit/537.36 (KHTML, like Gecko) Chrome/136.0.7103.113 Mobile Safari/537.36 (compatible; Googlebot/2.1; +http://www.google.com/bot.html)"
mediaeclips.infinitibizsol.com:443 93.158.91.10 - - [13/Jun/2025:09:26:35 +0000] "GET / HTTP/1.1" 404 108436 "-" "Mozilla/5.0 (Windows NT 10.0; Win64; x64) AppleWebKit/537.36 (KHTML, like Gecko) Chrome/105.0.0.0 Safari/537.36"
mediaeclips.infinitibizsol.com:443 93.158.91.10 - - [13/Jun/2025:09:26:36 +0000] "GET /wp-content/uploads/2024/02/cropped-Media-Eclips-2.png-32x32.webp HTTP/1.1" 200 968 "-" "Mozilla/5.0 (Windows NT 10.0; Win64; x64) AppleWebKit/537.36 (KHTML, like Gecko) Chrome/105.0.0.0 Safari/537.36"
mediaeclips.infinitibizsol.com:443 162.0.223.40 - - [13/Jun/2025:09:33:15 +0000] "POST /wp-cron.php?doing_wp_cron=1749807194.2086369991302490234375 HTTP/1.1" 499 0 "-" "WordPress/6.5.5; https://mediaeclips.com"
mediaeclips.infinitibizsol.com:443 51.222.253.7 - - [13/Jun/2025:09:33:15 +0000] "GET /tag/use-of-ai-for-seo/feed/ HTTP/1.1" 304 0 "-" "Mozilla/5.0 (compatible; AhrefsBot/7.0; +http://ahrefs.com/robot/)"
mediaeclips.infinitibizsol.com:443 66.249.64.128 - - [13/Jun/2025:09:34:34 +0000] "GET /sitemap_index.xml HTTP/1.1" 404 920 "-" "Mozilla/5.0 (compatible; Googlebot/2.1; +http://www.google.com/bot.html)"
mediaeclips.infinitibizsol.com:443 216.73.216.22 - - [13/Jun/2025:09:37:03 +0000] "GET /goods.php HTTP/1.1" 404 5 "-" "Mozilla/5.0 AppleWebKit/537.36 (KHTML, like Gecko; compatible; ClaudeBot/1.0; +claudebot@anthropic.com)"
mediaeclips.infinitibizsol.com:80 139.180.180.168 - - [13/Jun/2025:09:37:16 +0000] "POST /wp-load.php?b3dab9=68577 HTTP/1.1" 200 1748 "-" "Mozilla/5.0 (Windows NT 10.0; Win64; x64) AppleWebKit/537.36 (KHTML, like Gecko) Chrome/104.0.5112.97 Safari/537.36"
mediaeclips.infinitibizsol.com:443 162.0.223.40 - - [13/Jun/2025:09:43:53 +0000] "POST /wp-cron.php?doing_wp_cron=1749807832.0448980331420898437500 HTTP/1.1" 499 0 "-" "WordPress/6.5.5; https://mediaeclips.com"
mediaeclips.infinitibizsol.com:443 51.222.253.20 - - [13/Jun/2025:09:43:53 +0000] "GET /tag/local-seo-plano/feed/ HTTP/1.1" 304 0 "-" "Mozilla/5.0 (compatible; AhrefsBot/7.0; +http://ahrefs.com/robot/)"
mediaeclips.infinitibizsol.com:443 66.249.64.132 - - [13/Jun/2025:09:45:11 +0000] "GET /shopdetail/67806239 HTTP/1.1" 404 5 "-" "Mozilla/5.0 (Linux; Android 6.0.1; Nexus 5X Build/MMB29P) AppleWebKit/537.36 (KHTML, like Gecko) Chrome/136.0.7103.113 Mobile Safari/537.36 (compatible; Googlebot/2.1; +http://www.google.com/bot.html)"
mediaeclips.infinitibizsol.com:443 85.208.98.19 - - [13/Jun/2025:09:50:32 +0000] "GET /what-is-seo-friendly-web-design-and-why-is-it-important/ HTTP/1.1" 499 0 "-" "Mozilla/5.0 (compatible; SemrushBot-BA; +http://www.semrush.com/bot.html)"
mediaeclips.infinitibizsol.com:443 162.0.223.40 - - [13/Jun/2025:09:50:32 +0000] "POST /wp-cron.php?doing_wp_cron=1749808231.6041290760040283203125 HTTP/1.1" 499 0 "-" "WordPress/6.5.5; https://mediaeclips.com"
mediaeclips.infinitibizsol.com:443 51.222.253.5 - - [13/Jun/2025:09:51:57 +0000] "GET /tag/key-components-of-it-services/feed/ HTTP/1.1" 304 0 "-" "Mozilla/5.0 (compatible; AhrefsBot/7.0; +http://ahrefs.com/robot/)"
mediaeclips.infinitibizsol.com:80 5.161.69.178 - - [13/Jun/2025:09:52:24 +0000] "POST /wp-load.php?9b9aa7=90458 HTTP/1.1" 200 1748 "-" "Mozilla/5.0 (Windows NT 10.0; Win64; x64) AppleWebKit/537.36 (KHTML, like Gecko) Chrome/104.0.5112.97 Safari/537.36"
mediaeclips.infinitibizsol.com:443 162.0.223.40 - - [13/Jun/2025:10:00:00 +0000] "POST /wp-cron.php?doing_wp_cron=1749808799.5611069202423095703125 HTTP/1.1" 499 0 "-" "WordPress/6.5.5; https://mediaeclips.com"
mediaeclips.infinitibizsol.com:443 51.222.253.17 - - [13/Jun/2025:10:00:00 +0000] "GET /tag/digital-marketing-tools/feed/ HTTP/1.1" 304 0 "-" "Mozilla/5.0 (compatible; AhrefsBot/7.0; +http://ahrefs.com/robot/)"
mediaeclips.infinitibizsol.com:443 66.249.64.131 - - [13/Jun/2025:10:01:04 +0000] "GET /shopdetail/116907839 HTTP/1.1" 404 5 "-" "Mozilla/5.0 (Linux; Android 6.0.1; Nexus 5X Build/MMB29P) AppleWebKit/537.36 (KHTML, like Gecko) Chrome/136.0.7103.113 Mobile Safari/537.36 (compatible; Googlebot/2.1; +http://www.google.com/bot.html)"
mediaeclips.infinitibizsol.com:80 184.94.240.88 - - [13/Jun/2025:10:01:13 +0000] "GET / HTTP/1.1" 404 5 "-" "Mozilla/5.0 (Windows NT 10.0; Win64; x64; rv:104.0) Gecko/20100101 Firefox/104.0"
mediaeclips.infinitibizsol.com:80 184.94.240.88 - - [13/Jun/2025:10:01:18 +0000] "GET / HTTP/1.1" 404 5 "-" "Mozilla/5.0 (Windows NT 10.0; Win64; x64; rv:104.0) Gecko/20100101 Firefox/104.0"
mediaeclips.infinitibizsol.com:443 186.158.145.18 - - [13/Jun/2025:10:03:48 +0000] "GET / HTTP/1.1" 404 108420 "-" "Mozilla/5.0 (X11; Ubuntu; Linux x86_64; x64) AppleWebKit/537.36 (KHTML, like Gecko) Opera/60.0.0.0 Safari/537.36"
mediaeclips.infinitibizsol.com:443 186.158.145.18 - - [13/Jun/2025:10:03:50 +0000] "GET / HTTP/1.1" 404 108420 "-" "Mozilla/5.0 (Macintosh; Intel Mac OS X 10_15_7; x64) AppleWebKit/537.36 (KHTML, like Gecko) Opera/66.0.0.0 Safari/537.36"
mediaeclips.infinitibizsol.com:443 186.158.145.18 - - [13/Jun/2025:10:03:54 +0000] "GET /feed/ HTTP/1.1" 499 0 "-" "Mozilla/5.0 (Windows NT 6.2; x64) AppleWebKit/537.36 (KHTML, like Gecko) Safari/10.0.0.0 Safari/537.36"
mediaeclips.infinitibizsol.com:443 162.0.223.40 - - [13/Jun/2025:10:03:56 +0000] "POST /wp-cron.php?doing_wp_cron=1749809035.3591549396514892578125 HTTP/1.1" 499 0 "-" "WordPress/6.5.5; https://mediaeclips.com"
mediaeclips.infinitibizsol.com:443 186.158.145.18 - - [13/Jun/2025:10:03:58 +0000] "GET /comments/feed/ HTTP/1.1" 499 0 "-" "Mozilla/5.0 (Windows NT 6.3; arm64) AppleWebKit/537.36 (KHTML, like Gecko) Firefox/100.0.0.0 Safari/537.36"
mediaeclips.infinitibizsol.com:443 186.158.145.18 - - [13/Jun/2025:10:04:02 +0000] "GET /wp-json/ HTTP/1.1" 499 0 "-" "Mozilla/5.0 (Windows NT 6.3; x64) AppleWebKit/537.36 (KHTML, like Gecko) Firefox/78.0.0.0 Safari/537.36"
mediaeclips.infinitibizsol.com:443 186.158.145.18 - - [13/Jun/2025:10:04:06 +0000] "GET /wp-json/wp/v2/pages/107 HTTP/1.1" 499 0 "-" "Mozilla/5.0 (Macintosh; Intel Mac OS X 10_15_7; arm64) AppleWebKit/537.36 (KHTML, like Gecko) Safari/10.0.0.0 Safari/537.36"
mediaeclips.infinitibizsol.com:443 186.158.145.18 - - [13/Jun/2025:10:04:10 +0000] "GET /about/ HTTP/1.1" 499 0 "-" "Mozilla/5.0 (Windows NT 10.0; arm64) AppleWebKit/537.36 (KHTML, like Gecko) Chrome/89.0.0.0 Safari/537.36"
mediaeclips.infinitibizsol.com:443 186.158.145.18 - - [13/Jun/2025:10:04:14 +0000] "GET /our-services/ HTTP/1.1" 499 0 "-" "Mozilla/5.0 (Windows NT 10.0; arm64) AppleWebKit/537.36 (KHTML, like Gecko) Edge/81.0.0.0 Safari/537.36"
mediaeclips.infinitibizsol.com:443 186.158.145.18 - - [13/Jun/2025:10:04:18 +0000] "GET /content-marketing/ HTTP/1.1" 499 0 "-" "Mozilla/5.0 (Linux; Android 10; x64) AppleWebKit/537.36 (KHTML, like Gecko) Edge/98.0.0.0 Safari/537.36"
mediaeclips.infinitibizsol.com:443 186.158.145.18 - - [13/Jun/2025:10:04:22 +0000] "GET /graphic-design/ HTTP/1.1" 499 0 "-" "Mozilla/5.0 (Windows NT 10.0; x86) AppleWebKit/537.36 (KHTML, like Gecko) Opera/77.0.0.0 Safari/537.36"
mediaeclips.infinitibizsol.com:443 186.158.145.18 - - [13/Jun/2025:10:04:26 +0000] "GET /search-engine-marketing/ HTTP/1.1" 499 0 "-" "Mozilla/5.0 (Windows NT 10.0; x86) AppleWebKit/537.36 (KHTML, like Gecko) Chrome/109.0.0.0 Safari/537.36"
mediaeclips.infinitibizsol.com:443 186.158.145.18 - - [13/Jun/2025:10:04:30 +0000] "GET /search-engine-optimization/ HTTP/1.1" 499 0 "-" "Mozilla/5.0 (Windows NT 10.0; x86) AppleWebKit/537.36 (KHTML, like Gecko) Safari/13.0.0.0 Safari/537.36"
mediaeclips.infinitibizsol.com:443 186.158.145.18 - - [13/Jun/2025:10:04:34 +0000] "GET /social-media-marketing/ HTTP/1.1" 499 0 "-" "Mozilla/5.0 (Linux; Android 10; x64) AppleWebKit/537.36 (KHTML, like Gecko) Firefox/82.0.0.0 Safari/537.36"
mediaeclips.infinitibizsol.com:443 186.158.145.18 - - [13/Jun/2025:10:04:38 +0000] "GET /video-marketing/ HTTP/1.1" 499 0 "-" "Mozilla/5.0 (Windows NT 6.2; x64) AppleWebKit/537.36 (KHTML, like Gecko) Firefox/95.0.0.0 Safari/537.36"
mediaeclips.infinitibizsol.com:443 186.158.145.18 - - [13/Jun/2025:10:04:42 +0000] "GET /blogs/ HTTP/1.1" 499 0 "-" "Mozilla/5.0 (Windows NT 6.2; x64) AppleWebKit/537.36 (KHTML, like Gecko) Safari/11.0.0.0 Safari/537.36"
mediaeclips.infinitibizsol.com:443 186.158.145.18 - - [13/Jun/2025:10:04:46 +0000] "GET /contact-us/ HTTP/1.1" 499 0 "-" "Mozilla/5.0 (Windows NT 6.2; arm64) AppleWebKit/537.36 (KHTML, like Gecko) Firefox/85.0.0.0 Safari/537.36"
mediaeclips.infinitibizsol.com:443 186.158.145.18 - - [13/Jun/2025:10:04:50 +0000] "GET /locations/ HTTP/1.1" 499 0 "-" "Mozilla/5.0 (X11; Ubuntu; Linux x86_64; x86) AppleWebKit/537.36 (KHTML, like Gecko) Safari/15.0.0.0 Safari/537.36"
mediaeclips.infinitibizsol.com:443 186.158.145.18 - - [13/Jun/2025:10:04:54 +0000] "GET /what-is-digital-marketing-and-how-does-it-work/ HTTP/1.1" 499 0 "-" "Mozilla/5.0 (Linux; Android 10; x86) AppleWebKit/537.36 (KHTML, like Gecko) Firefox/96.0.0.0 Safari/537.36"
mediaeclips.infinitibizsol.com:443 186.158.145.18 - - [13/Jun/2025:10:04:58 +0000] "GET /author/admin/ HTTP/1.1" 499 0 "-" "Mozilla/5.0 (X11; Ubuntu; Linux x86_64; x86) AppleWebKit/537.36 (KHTML, like Gecko) Edge/99.0.0.0 Safari/537.36"
mediaeclips.infinitibizsol.com:443 186.158.145.18 - - [13/Jun/2025:10:05:02 +0000] "GET /how-to-create-an-effective-seo-strategy/ HTTP/1.1" 499 0 "-" "Mozilla/5.0 (Windows NT 6.3; x64) AppleWebKit/537.36 (KHTML, like Gecko) Chrome/98.0.0.0 Safari/537.36"
mediaeclips.infinitibizsol.com:443 186.158.145.18 - - [13/Jun/2025:10:05:06 +0000] "GET /what-is-video-marketing/ HTTP/1.1" 499 0 "-" "Mozilla/5.0 (Macintosh; Intel Mac OS X 10_15_7; x64) AppleWebKit/537.36 (KHTML, like Gecko) Chrome/102.0.0.0 Safari/537.36"
mediaeclips.infinitibizsol.com:443 186.158.145.18 - - [13/Jun/2025:10:05:10 +0000] "GET /faqs/ HTTP/1.1" 499 0 "-" "Mozilla/5.0 (Linux; Android 10; x64) AppleWebKit/537.36 (KHTML, like Gecko) Chrome/99.0.0.0 Safari/537.36"
mediaeclips.infinitibizsol.com:80 5.161.250.15 - - [13/Jun/2025:10:07:25 +0000] "POST /wp-load.php?1ca3f4=55986 HTTP/1.1" 200 1748 "-" "Mozilla/5.0 (Windows NT 10.0; Win64; x64) AppleWebKit/537.36 (KHTML, like Gecko) Chrome/104.0.5112.97 Safari/537.36"
mediaeclips.infinitibizsol.com:443 51.222.253.19 - - [13/Jun/2025:10:07:53 +0000] "GET / HTTP/1.1" 404 108420 "-" "Mozilla/5.0 (compatible; AhrefsBot/7.0; +http://ahrefs.com/robot/)"
mediaeclips.infinitibizsol.com:80 162.0.223.40 - - [13/Jun/2025:10:22:30 +0000] "POST /wp-cron.php?doing_wp_cron=1749810149.5914020538330078125000 HTTP/1.1" 499 0 "-" "WordPress/6.5.5; https://mediaeclips.com"
mediaeclips.infinitibizsol.com:80 5.189.188.40 - - [13/Jun/2025:10:22:30 +0000] "GET /wp-admin/includes/hello_dolly_v2.php HTTP/1.1" 404 5 "www.google.com" "Mozlila/5.0 (Linux; Android 7.0; SM-G892A Bulid/NRD90M; wv) AppleWebKit/537.36 (KHTML, like Gecko) Version/4.0 Chrome/60.0.3112.107 Moblie Safari/537.36"
mediaeclips.infinitibizsol.com:80 178.156.128.204 - - [13/Jun/2025:10:22:34 +0000] "POST /wp-load.php?09415f=97198 HTTP/1.1" 200 1748 "-" "Mozilla/5.0 (Windows NT 10.0; Win64; x64) AppleWebKit/537.36 (KHTML, like Gecko) Chrome/104.0.5112.97 Safari/537.36"
mediaeclips.infinitibizsol.com:443 5.189.188.40 - - [13/Jun/2025:10:22:48 +0000] "GET /wp-content/plugins/HelloDollyV2/hello_dolly_v2.php HTTP/1.1" 404 5 "www.google.com" "Mozlila/5.0 (Linux; Android 7.0; SM-G892A Bulid/NRD90M; wv) AppleWebKit/537.36 (KHTML, like Gecko) Version/4.0 Chrome/60.0.3112.107 Moblie Safari/537.36"
mediaeclips.infinitibizsol.com:443 45.227.253.15 - - [13/Jun/2025:10:27:56 +0000] "GET /index.php/jk HTTP/1.1" 200 54 "-" "Mozilla/5.0 (iPhone; CPU iPhone OS 11_3 like Mac OS X) AppleWebKit/605.1.15 (KHTML, like Gecko) Version/11.0.4 Mobile/15E148 Safari/604.1"
mediaeclips.infinitibizsol.com:443 162.0.223.40 - - [13/Jun/2025:10:31:57 +0000] "POST /wp-cron.php?doing_wp_cron=1749810716.8774199485778808593750 HTTP/1.1" 499 0 "-" "WordPress/6.5.5; https://mediaeclips.com"
mediaeclips.infinitibizsol.com:443 180.142.249.189 - - [13/Jun/2025:10:31:58 +0000] "POST /wp-comments-post.php HTTP/1.1" 302 5 "-" "Mozilla/5.0 (Windows NT 10.0; Win64; x64) AppleWebKit/537.36 (KHTML, like Gecko) Chrome/108.0.0.0 Safari/537.36 Edg/108.0.1462.46"
mediaeclips.infinitibizsol.com:443 180.142.249.189 - - [13/Jun/2025:10:32:11 +0000] "GET /what-is-the-importance-of-content-marketing-in-seo/?unapproved=1212&moderation-hash=8b77256d30021fbd7b7deba82dada822 HTTP/1.1" 404 103205 "-" "Mozilla/5.0 (Windows NT 10.0; Win64; x64) AppleWebKit/537.36 (KHTML, like Gecko) Chrome/108.0.0.0 Safari/537.36 Edg/108.0.1462.46"
mediaeclips.infinitibizsol.com:443 195.2.81.171 - - [13/Jun/2025:10:32:56 +0000] "GET / HTTP/1.1" 404 108421 "-" "Mozilla/5.0 (Macintosh; Intel Mac OS X 10_15_7) AppleWebKit/537.36 (KHTML, like Gecko) Chrome/133.0.0.0 Safari/537.36"
mediaeclips.infinitibizsol.com:443 162.0.223.40 - - [13/Jun/2025:10:33:12 +0000] "POST /wp-cron.php?doing_wp_cron=1749810791.0776290893554687500000 HTTP/1.1" 499 0 "-" "WordPress/6.5.5; https://mediaeclips.com"
mediaeclips.infinitibizsol.com:443 195.2.81.171 - - [13/Jun/2025:10:33:12 +0000] "GET /comments/feed/ HTTP/1.1" 404 937 "-" "Mozilla/5.0 (Macintosh; Intel Mac OS X 10_15_7) AppleWebKit/537.36 (KHTML, like Gecko) Chrome/133.0.0.0 Safari/537.36"
mediaeclips.infinitibizsol.com:443 195.2.81.171 - - [13/Jun/2025:10:33:13 +0000] "GET /graphic-design/ HTTP/1.1" 404 65442 "-" "Mozilla/5.0 (Macintosh; Intel Mac OS X 10_15_7) AppleWebKit/537.36 (KHTML, like Gecko) Chrome/133.0.0.0 Safari/537.36"
mediaeclips.infinitibizsol.com:443 195.2.81.171 - - [13/Jun/2025:10:33:17 +0000] "GET /blogs/ HTTP/1.1" 404 57796 "-" "Mozilla/5.0 (Macintosh; Intel Mac OS X 10_15_7) AppleWebKit/537.36 (KHTML, like Gecko) Chrome/133.0.0.0 Safari/537.36"
mediaeclips.infinitibizsol.com:443 195.2.81.171 - - [13/Jun/2025:10:33:24 +0000] "GET /blogs/page/2/ HTTP/1.1" 404 57705 "-" "Mozilla/5.0 (Macintosh; Intel Mac OS X 10_15_7) AppleWebKit/537.36 (KHTML, like Gecko) Chrome/133.0.0.0 Safari/537.36"
mediaeclips.infinitibizsol.com:443 195.2.81.171 - - [13/Jun/2025:10:33:39 +0000] "GET /blogs/page/3/ HTTP/1.1" 404 57950 "-" "Mozilla/5.0 (Macintosh; Intel Mac OS X 10_15_7) AppleWebKit/537.36 (KHTML, like Gecko) Chrome/133.0.0.0 Safari/537.36"
mediaeclips.infinitibizsol.com:443 195.2.81.171 - - [13/Jun/2025:10:33:58 +0000] "GET /blogs/page/4/ HTTP/1.1" 404 57951 "-" "Mozilla/5.0 (Macintosh; Intel Mac OS X 10_15_7) AppleWebKit/537.36 (KHTML, like Gecko) Chrome/133.0.0.0 Safari/537.36"
mediaeclips.infinitibizsol.com:443 195.2.81.171 - - [13/Jun/2025:10:34:04 +0000] "GET /blogs/page/6/ HTTP/1.1" 404 58062 "-" "Mozilla/5.0 (Macintosh; Intel Mac OS X 10_15_7) AppleWebKit/537.36 (KHTML, like Gecko) Chrome/133.0.0.0 Safari/537.36"
mediaeclips.infinitibizsol.com:443 195.2.81.171 - - [13/Jun/2025:10:34:23 +0000] "GET /blogs/page/7/ HTTP/1.1" 404 57999 "-" "Mozilla/5.0 (Macintosh; Intel Mac OS X 10_15_7) AppleWebKit/537.36 (KHTML, like Gecko) Chrome/133.0.0.0 Safari/537.36"
mediaeclips.infinitibizsol.com:443 195.2.81.171 - - [13/Jun/2025:10:34:43 +0000] "GET /blogs/page/8/ HTTP/1.1" 404 55996 "-" "Mozilla/5.0 (Macintosh; Intel Mac OS X 10_15_7) AppleWebKit/537.36 (KHTML, like Gecko) Chrome/133.0.0.0 Safari/537.36"
mediaeclips.infinitibizsol.com:443 195.2.81.171 - - [13/Jun/2025:10:35:00 +0000] "GET /category/ux-ui-design/ HTTP/1.1" 404 48017 "-" "Mozilla/5.0 (Macintosh; Intel Mac OS X 10_15_7) AppleWebKit/537.36 (KHTML, like Gecko) Chrome/133.0.0.0 Safari/537.36"
mediaeclips.infinitibizsol.com:443 195.2.81.171 - - [13/Jun/2025:10:35:16 +0000] "GET /contact-us/ HTTP/1.1" 404 61011 "-" "Mozilla/5.0 (Macintosh; Intel Mac OS X 10_15_7) AppleWebKit/537.36 (KHTML, like Gecko) Chrome/133.0.0.0 Safari/537.36"
mediaeclips.infinitibizsol.com:80 195.2.81.171 - - [13/Jun/2025:10:35:45 +0000] "GET /contact-us HTTP/1.1" 404 5 "-" "Mozilla/5.0 (Macintosh; Intel Mac OS X 10_15_7) AppleWebKit/537.36 (KHTML, like Gecko) Chrome/133.0.0.0 Safari/537.36"
mediaeclips.infinitibizsol.com:443 195.2.81.171 - - [13/Jun/2025:10:35:47 +0000] "GET /how-to-create-an-effective-seo-strategy/ HTTP/1.1" 404 107261 "-" "Mozilla/5.0 (Macintosh; Intel Mac OS X 10_15_7) AppleWebKit/537.36 (KHTML, like Gecko) Chrome/133.0.0.0 Safari/537.36"
mediaeclips.infinitibizsol.com:443 195.2.81.171 - - [13/Jun/2025:10:36:21 +0000] "GET /how-to-create-an-effective-seo-strategy/feed/ HTTP/1.1" 404 1001 "-" "Mozilla/5.0 (Macintosh; Intel Mac OS X 10_15_7) AppleWebKit/537.36 (KHTML, like Gecko) Chrome/133.0.0.0 Safari/537.36"
mediaeclips.infinitibizsol.com:443 195.2.81.171 - - [13/Jun/2025:10:36:23 +0000] "GET /how-to-create-an-effective-seo-strategy/ HTTP/1.1" 404 107253 "-" "Mozilla/5.0 (Macintosh; Intel Mac OS X 10_15_7) AppleWebKit/537.36 (KHTML, like Gecko) Chrome/133.0.0.0 Safari/537.36"
mediaeclips.infinitibizsol.com:80 43.159.139.164 - - [13/Jun/2025:10:37:03 +0000] "GET / HTTP/1.1" 404 5 "-" "Mozilla/5.0 (iPhone; CPU iPhone OS 13_2_3 like Mac OS X) AppleWebKit/605.1.15 (KHTML, like Gecko) Version/13.0.3 Mobile/15E148 Safari/604.1"
mediaeclips.infinitibizsol.com:80 5.161.69.178 - - [13/Jun/2025:10:37:44 +0000] "POST /wp-load.php?8a9466=1694 HTTP/1.1" 200 1748 "-" "Mozilla/5.0 (Windows NT 10.0; Win64; x64) AppleWebKit/537.36 (KHTML, like Gecko) Chrome/104.0.5112.97 Safari/537.36"
mediaeclips.infinitibizsol.com:80 5.161.201.188 - - [13/Jun/2025:10:52:46 +0000] "POST /wp-load.php?dd3a84=99196 HTTP/1.1" 200 1748 "-" "Mozilla/5.0 (Windows NT 10.0; Win64; x64) AppleWebKit/537.36 (KHTML, like Gecko) Chrome/104.0.5112.97 Safari/537.36"
mediaeclips.infinitibizsol.com:443 162.0.223.40 - - [13/Jun/2025:11:00:30 +0000] "POST /wp-cron.php?doing_wp_cron=1749812429.2029340267181396484375 HTTP/1.1" 499 0 "-" "WordPress/6.5.5; https://mediaeclips.com"
mediaeclips.infinitibizsol.com:443 47.242.230.146 - - [13/Jun/2025:11:00:31 +0000] "GET /category/content-marketing/ HTTP/1.1" 404 50266 "-" "Mozilla/5.0 (Macintosh; Intel Mac OS X 10_15_7) AppleWebKit/537.36 (KHTML, like Gecko) Chrome/109.0.0.0 Safari/537.36"
mediaeclips.infinitibizsol.com:443 152.42.201.120 - - [13/Jun/2025:11:04:36 +0000] "GET /wp-content/uploads/2024/04/What-Can-Videography.webp HTTP/1.1" 200 40514 "-" "Mozilla/5.0 (Windows NT 10.0; Win64; x64; rv:123.0) Gecko/20100101 Firefox/123.0"
mediaeclips.infinitibizsol.com:80 5.161.52.234 - - [13/Jun/2025:11:07:54 +0000] "POST /wp-load.php?3d9dd0=49812 HTTP/1.1" 200 1736 "-" "Mozilla/5.0 (Windows NT 10.0; Win64; x64) AppleWebKit/537.36 (KHTML, like Gecko) Chrome/104.0.5112.97 Safari/537.36"
mediaeclips.infinitibizsol.com:443 162.0.223.40 - - [13/Jun/2025:11:08:51 +0000] "POST /wp-cron.php?doing_wp_cron=1749812930.8950119018554687500000 HTTP/1.1" 499 0 "-" "WordPress/6.5.5; https://mediaeclips.com"
mediaeclips.infinitibizsol.com:443 44.219.80.189 - - [13/Jun/2025:11:08:52 +0000] "GET /tag/effective-local-seo/ HTTP/1.1" 404 48057 "-" "Grammarly/1.0 (http://www.grammarly.com)"
mediaeclips.infinitibizsol.com:443 162.0.223.40 - - [13/Jun/2025:11:08:53 +0000] "POST /wp-cron.php?doing_wp_cron=1749812932.6178989410400390625000 HTTP/1.1" 499 0 "-" "WordPress/6.5.5; https://mediaeclips.com"
mediaeclips.infinitibizsol.com:443 44.219.80.189 - - [13/Jun/2025:11:08:54 +0000] "GET /tag/effective-local-seo/ HTTP/1.1" 404 48057 "-" "Grammarly/1.0 (http://www.grammarly.com)"
mediaeclips.infinitibizsol.com:443 66.249.64.131 - - [13/Jun/2025:11:11:36 +0000] "GET /shopdetail/59972139 HTTP/1.1" 404 5 "-" "Mozilla/5.0 (Linux; Android 6.0.1; Nexus 5X Build/MMB29P) AppleWebKit/537.36 (KHTML, like Gecko) Chrome/136.0.7103.113 Mobile Safari/537.36 (compatible; Googlebot/2.1; +http://www.google.com/bot.html)"
mediaeclips.infinitibizsol.com:443 66.249.64.132 - - [13/Jun/2025:11:11:54 +0000] "GET /shopdetail/39195239 HTTP/1.1" 404 5 "-" "Mozilla/5.0 (Linux; Android 6.0.1; Nexus 5X Build/MMB29P) AppleWebKit/537.36 (KHTML, like Gecko) Chrome/136.0.7103.113 Mobile Safari/537.36 (compatible; Googlebot/2.1; +http://www.google.com/bot.html)"
mediaeclips.infinitibizsol.com:443 162.0.223.40 - - [13/Jun/2025:11:14:31 +0000] "POST /wp-cron.php?doing_wp_cron=1749813270.2285718917846679687500 HTTP/1.1" 499 0 "-" "WordPress/6.5.5; https://mediaeclips.com"
mediaeclips.infinitibizsol.com:443 66.249.64.128 - - [13/Jun/2025:11:14:31 +0000] "GET /shopdetail/104290639 HTTP/1.1" 404 5 "-" "Mozilla/5.0 (Linux; Android 6.0.1; Nexus 5X Build/MMB29P) AppleWebKit/537.36 (KHTML, like Gecko) Chrome/136.0.7103.113 Mobile Safari/537.36 (compatible; Googlebot/2.1; +http://www.google.com/bot.html)"
mediaeclips.infinitibizsol.com:443 162.0.223.40 - - [13/Jun/2025:11:18:43 +0000] "POST /wp-cron.php?doing_wp_cron=1749813522.1023709774017333984375 HTTP/1.1" 499 0 "-" "WordPress/6.5.5; https://mediaeclips.com"
mediaeclips.infinitibizsol.com:443 216.73.216.22 - - [13/Jun/2025:11:18:43 +0000] "GET /goods.php HTTP/1.1" 404 5 "-" "Mozilla/5.0 AppleWebKit/537.36 (KHTML, like Gecko; compatible; ClaudeBot/1.0; +claudebot@anthropic.com)"
mediaeclips.infinitibizsol.com:443 51.222.253.10 - - [13/Jun/2025:11:20:45 +0000] "GET /goods.php?sitemap.xml HTTP/1.1" 404 5 "-" "Mozilla/5.0 (compatible; AhrefsBot/7.0; +http://ahrefs.com/robot/)"
mediaeclips.infinitibizsol.com:443 216.73.216.185 - - [13/Jun/2025:11:22:23 +0000] "GET / HTTP/1.1" 404 108420 "-" "Mozilla/5.0 AppleWebKit/537.36 (KHTML, like Gecko; compatible; ClaudeBot/1.0; +claudebot@anthropic.com)"
mediaeclips.infinitibizsol.com:80 178.156.128.204 - - [13/Jun/2025:11:22:56 +0000] "POST /wp-load.php?5be7b7=60441 HTTP/1.1" 200 1748 "-" "Mozilla/5.0 (Windows NT 10.0; Win64; x64) AppleWebKit/537.36 (KHTML, like Gecko) Chrome/104.0.5112.97 Safari/537.36"
mediaeclips.infinitibizsol.com:443 205.169.39.49 - - [13/Jun/2025:11:24:19 +0000] "GET / HTTP/1.1" 404 108452 "https://bing.com/" "Mozilla/5.0 (Windows NT 10.0; Win64; x64) AppleWebKit/537.36 (KHTML, like Gecko) Chrome/117.0.5938.132 Safari/537.36"
mediaeclips.infinitibizsol.com:443 205.169.39.49 - - [13/Jun/2025:11:24:20 +0000] "GET /wp-content/plugins/contact-form-7/includes/css/styles.css?ver=5.9.4 HTTP/1.1" 200 2894 "https://mediaeclips.com/" "Mozilla/5.0 (Windows NT 10.0; Win64; x64) AppleWebKit/537.36 (KHTML, like Gecko) Chrome/117.0.5938.132 Safari/537.36"
mediaeclips.infinitibizsol.com:443 205.169.39.49 - - [13/Jun/2025:11:24:20 +0000] "GET /wp-content/themes/ziptech/css/responsive.css?ver=6.5.5 HTTP/1.1" 200 9773 "https://mediaeclips.com/" "Mozilla/5.0 (Windows NT 10.0; Win64; x64) AppleWebKit/537.36 (KHTML, like Gecko) Chrome/117.0.5938.132 Safari/537.36"
mediaeclips.infinitibizsol.com:443 205.169.39.49 - - [13/Jun/2025:11:24:20 +0000] "GET /wp-content/themes/ziptech/css/style-dark.css?ver=6.5.5 HTTP/1.1" 200 4282 "https://mediaeclips.com/" "Mozilla/5.0 (Windows NT 10.0; Win64; x64) AppleWebKit/537.36 (KHTML, like Gecko) Chrome/117.0.5938.132 Safari/537.36"
mediaeclips.infinitibizsol.com:443 205.169.39.49 - - [13/Jun/2025:11:24:20 +0000] "GET /wp-content/themes/ziptech/style.css?ver=2023-03-20 HTTP/1.1" 200 10974 "https://mediaeclips.com/" "Mozilla/5.0 (Windows NT 10.0; Win64; x64) AppleWebKit/537.36 (KHTML, like Gecko) Chrome/117.0.5938.132 Safari/537.36"
mediaeclips.infinitibizsol.com:443 205.169.39.49 - - [13/Jun/2025:11:24:20 +0000] "GET /wp-content/plugins/tablepress/css/build/default.css?ver=2.3.1 HTTP/1.1" 200 6087 "https://mediaeclips.com/" "Mozilla/5.0 (Windows NT 10.0; Win64; x64) AppleWebKit/537.36 (KHTML, like Gecko) Chrome/117.0.5938.132 Safari/537.36"
mediaeclips.infinitibizsol.com:443 205.169.39.49 - - [13/Jun/2025:11:24:20 +0000] "GET /wp-content/plugins/elementor/assets/lib/swiper/v8/css/swiper.min.css?ver=8.4.5 HTTP/1.1" 200 16471 "https://mediaeclips.com/" "Mozilla/5.0 (Windows NT 10.0; Win64; x64) AppleWebKit/537.36 (KHTML, like Gecko) Chrome/117.0.5938.132 Safari/537.36"
mediaeclips.infinitibizsol.com:443 205.169.39.49 - - [13/Jun/2025:11:24:20 +0000] "GET /wp-content/plugins/elementor/assets/lib/eicons/css/elementor-icons.min.css?ver=5.29.0 HTTP/1.1" 200 19778 "https://mediaeclips.com/" "Mozilla/5.0 (Windows NT 10.0; Win64; x64) AppleWebKit/537.36 (KHTML, like Gecko) Chrome/117.0.5938.132 Safari/537.36"
mediaeclips.infinitibizsol.com:443 205.169.39.49 - - [13/Jun/2025:11:24:20 +0000] "GET /wp-content/plugins/elementskit-lite/modules/elementskit-icon-pack/assets/css/ekiticons.css?ver=3.1.3 HTTP/1.1" 200 124837 "https://mediaeclips.com/" "Mozilla/5.0 (Windows NT 10.0; Win64; x64) AppleWebKit/537.36 (KHTML, like Gecko) Chrome/117.0.5938.132 Safari/537.36"
mediaeclips.infinitibizsol.com:443 205.169.39.49 - - [13/Jun/2025:11:24:20 +0000] "GET /wp-content/uploads/elementor/css/post-9.css?ver=1715183195 HTTP/1.1" 200 1168 "https://mediaeclips.com/" "Mozilla/5.0 (Windows NT 10.0; Win64; x64) AppleWebKit/537.36 (KHTML, like Gecko) Chrome/117.0.5938.132 Safari/537.36"
mediaeclips.infinitibizsol.com:443 205.169.39.49 - - [13/Jun/2025:11:24:20 +0000] "GET /wp-content/plugins/elementor/assets/css/frontend-lite.min.css?ver=3.21.5 HTTP/1.1" 200 118945 "https://mediaeclips.com/" "Mozilla/5.0 (Windows NT 10.0; Win64; x64) AppleWebKit/537.36 (KHTML, like Gecko) Chrome/117.0.5938.132 Safari/537.36"
mediaeclips.infinitibizsol.com:443 205.169.39.49 - - [13/Jun/2025:11:24:20 +0000] "GET /wp-content/uploads/elementor/css/global.css?ver=1715183195 HTTP/1.1" 200 46618 "https://mediaeclips.com/" "Mozilla/5.0 (Windows NT 10.0; Win64; x64) AppleWebKit/537.36 (KHTML, like Gecko) Chrome/117.0.5938.132 Safari/537.36"
mediaeclips.infinitibizsol.com:443 205.169.39.49 - - [13/Jun/2025:11:24:20 +0000] "GET /wp-content/plugins/elementor-pro/assets/css/frontend-lite.min.css?ver=3.19.3 HTTP/1.1" 200 11053 "https://mediaeclips.com/" "Mozilla/5.0 (Windows NT 10.0; Win64; x64) AppleWebKit/537.36 (KHTML, like Gecko) Chrome/117.0.5938.132 Safari/537.36"
mediaeclips.infinitibizsol.com:443 205.169.39.49 - - [13/Jun/2025:11:24:20 +0000] "GET /wp-content/uploads/elementor/css/post-107.css?ver=1715800560 HTTP/1.1" 200 30721 "https://mediaeclips.com/" "Mozilla/5.0 (Windows NT 10.0; Win64; x64) AppleWebKit/537.36 (KHTML, like Gecko) Chrome/117.0.5938.132 Safari/537.36"
mediaeclips.infinitibizsol.com:443 205.169.39.49 - - [13/Jun/2025:11:24:20 +0000] "GET /wp-content/plugins/elementskit-lite/widgets/init/assets/css/responsive.css?ver=3.1.3 HTTP/1.1" 200 30299 "https://mediaeclips.com/" "Mozilla/5.0 (Windows NT 10.0; Win64; x64) AppleWebKit/537.36 (KHTML, like Gecko) Chrome/117.0.5938.132 Safari/537.36"
mediaeclips.infinitibizsol.com:443 205.169.39.49 - - [13/Jun/2025:11:24:20 +0000] "GET /wp-content/plugins/essential-addons-for-elementor-lite/assets/front-end/css/view/general.min.css?ver=5.9.21 HTTP/1.1" 200 3829 "https://mediaeclips.com/" "Mozilla/5.0 (Windows NT 10.0; Win64; x64) AppleWebKit/537.36 (KHTML, like Gecko) Chrome/117.0.5938.132 Safari/537.36"
mediaeclips.infinitibizsol.com:443 205.169.39.49 - - [13/Jun/2025:11:24:20 +0000] "GET /wp-content/themes/ziptech/css/style.css?ver=6.5.5 HTTP/1.1" 200 256580 "https://mediaeclips.com/" "Mozilla/5.0 (Windows NT 10.0; Win64; x64) AppleWebKit/537.36 (KHTML, like Gecko) Chrome/117.0.5938.132 Safari/537.36"
mediaeclips.infinitibizsol.com:443 205.169.39.49 - - [13/Jun/2025:11:24:20 +0000] "GET /wp-content/plugins/elementor/assets/lib/font-awesome/css/solid.min.css?ver=5.15.3 HTTP/1.1" 200 669 "https://mediaeclips.com/" "Mozilla/5.0 (Windows NT 10.0; Win64; x64) AppleWebKit/537.36 (KHTML, like Gecko) Chrome/117.0.5938.132 Safari/537.36"
mediaeclips.infinitibizsol.com:443 205.169.39.49 - - [13/Jun/2025:11:24:20 +0000] "GET /wp-includes/js/jquery/jquery.min.js?ver=3.7.1 HTTP/1.1" 200 87553 "https://mediaeclips.com/" "Mozilla/5.0 (Windows NT 10.0; Win64; x64) AppleWebKit/537.36 (KHTML, like Gecko) Chrome/117.0.5938.132 Safari/537.36"
mediaeclips.infinitibizsol.com:443 205.169.39.49 - - [13/Jun/2025:11:24:20 +0000] "GET /wp-content/plugins/elementor/assets/lib/font-awesome/css/fontawesome.min.css?ver=5.15.3 HTTP/1.1" 200 58071 "https://mediaeclips.com/" "Mozilla/5.0 (Windows NT 10.0; Win64; x64) AppleWebKit/537.36 (KHTML, like Gecko) Chrome/117.0.5938.132 Safari/537.36"
mediaeclips.infinitibizsol.com:443 205.169.39.49 - - [13/Jun/2025:11:24:20 +0000] "GET /wp-includes/js/jquery/jquery-migrate.min.js?ver=3.4.1 HTTP/1.1" 200 13577 "https://mediaeclips.com/" "Mozilla/5.0 (Windows NT 10.0; Win64; x64) AppleWebKit/537.36 (KHTML, like Gecko) Chrome/117.0.5938.132 Safari/537.36"
mediaeclips.infinitibizsol.com:443 205.169.39.49 - - [13/Jun/2025:11:24:20 +0000] "GET /wp-content/uploads/2024/05/imgpsh_fullsize_anim__6_-removebg-preview.webp HTTP/1.1" 200 32096 "https://mediaeclips.com/" "Mozilla/5.0 (Windows NT 10.0; Win64; x64) AppleWebKit/537.36 (KHTML, like Gecko) Chrome/117.0.5938.132 Safari/537.36"
mediaeclips.infinitibizsol.com:443 205.169.39.49 - - [13/Jun/2025:11:24:20 +0000] "GET /wp-content/plugins/elementskit-lite/widgets/init/assets/css/widget-styles.css?ver=3.1.3 HTTP/1.1" 200 445845 "https://mediaeclips.com/" "Mozilla/5.0 (Windows NT 10.0; Win64; x64) AppleWebKit/537.36 (KHTML, like Gecko) Chrome/117.0.5938.132 Safari/537.36"
mediaeclips.infinitibizsol.com:443 205.169.39.49 - - [13/Jun/2025:11:24:20 +0000] "GET /wp-content/uploads/2024/03/imgpsh_fullsize_anim-2-e1709678697288.png HTTP/1.1" 200 36340 "https://mediaeclips.com/" "Mozilla/5.0 (Windows NT 10.0; Win64; x64) AppleWebKit/537.36 (KHTML, like Gecko) Chrome/117.0.5938.132 Safari/537.36"
mediaeclips.infinitibizsol.com:443 205.169.39.49 - - [13/Jun/2025:11:24:20 +0000] "GET /wp-content/uploads/2024/03/about3-img2.webp HTTP/1.1" 200 14650 "https://mediaeclips.com/" "Mozilla/5.0 (Windows NT 10.0; Win64; x64) AppleWebKit/537.36 (KHTML, like Gecko) Chrome/117.0.5938.132 Safari/537.36"
