mediaeclips.infinitibizsol.com:443 162.0.223.40 - - [11/Jun/2025:12:23:48 +0000] "POST /wp-cron.php?doing_wp_cron=1749644627.4462819099426269531250 HTTP/1.1" 499 0 "-" "WordPress/6.5.5; https://mediaeclips.com"
mediaeclips.infinitibizsol.com:443 34.174.69.157 - - [11/Jun/2025:12:23:49 +0000] "GET /why-is-social-media-an-important-part-of-inbound-marketing/ HTTP/1.1" 499 0 "-" "Mozilla/5.0 (Windows NT 10.0; Win64; x64) AppleWebKit/537.36 (KHTML, like Gecko) Chrome/123.0.0.0 Safari/537.36"
mediaeclips.infinitibizsol.com:443 5.142.206.152 - - [11/Jun/2025:12:23:55 +0000] "GET / HTTP/1.0" 404 108399 "https://mediaeclips.com/" "Mozilla/5.0 (Windows NT 10.0; Win64; x64) AppleWebKit/537.36 (KHTML, like Gecko) Chrome/131.0.0.0 Safari/537.36"
mediaeclips.infinitibizsol.com:443 5.142.206.152 - - [11/Jun/2025:12:23:59 +0000] "POST /wp-json/contact-form-7/v1/contact-forms/159/feedback HTTP/1.0" 404 233 "https://mediaeclips.com/" "Mozilla/5.0 (Windows NT 10.0; Win64; x64) AppleWebKit/537.36 (KHTML, like Gecko) Chrome/131.0.0.0 Safari/537.36"
mediaeclips.infinitibizsol.com:443 5.142.206.152 - - [11/Jun/2025:12:24:01 +0000] "GET / HTTP/1.0" 404 108399 "https://mediaeclips.com/" "Mozilla/5.0 (Windows NT 10.0; Win64; x64) AppleWebKit/537.36 (KHTML, like Gecko) Chrome/131.0.0.0 Safari/537.36"
mediaeclips.infinitibizsol.com:443 5.142.206.152 - - [11/Jun/2025:12:24:03 +0000] "GET /blogs/ HTTP/1.0" 404 57783 "https://mediaeclips.com/blogs/" "Mozilla/5.0 (Windows NT 10.0; Win64; x64) AppleWebKit/537.36 (KHTML, like Gecko) Chrome/131.0.0.0 Safari/537.36"
mediaeclips.infinitibizsol.com:443 5.142.206.152 - - [11/Jun/2025:12:24:05 +0000] "GET / HTTP/1.0" 404 108399 "https://mediaeclips.com/" "Mozilla/5.0 (Windows NT 10.0; Win64; x64) AppleWebKit/537.36 (KHTML, like Gecko) Chrome/131.0.0.0 Safari/537.36"
mediaeclips.infinitibizsol.com:443 5.142.206.152 - - [11/Jun/2025:12:24:11 +0000] "GET /author/admin/ HTTP/1.0" 404 64919 "https://mediaeclips.com/author/admin/" "Mozilla/5.0 (Windows NT 10.0; Win64; x64) AppleWebKit/537.36 (KHTML, like Gecko) Chrome/131.0.0.0 Safari/537.36"
mediaeclips.infinitibizsol.com:443 5.142.206.152 - - [11/Jun/2025:12:24:16 +0000] "GET /admin/ HTTP/1.0" 404 0 "https://mediaeclips.com/admin/" "Mozilla/5.0 (Windows NT 10.0; Win64; x64) AppleWebKit/537.36 (KHTML, like Gecko) Chrome/131.0.0.0 Safari/537.36"
mediaeclips.infinitibizsol.com:80 5.161.106.94 - - [11/Jun/2025:12:24:25 +0000] "POST /wp-load.php?012d32=75676 HTTP/1.1" 200 1748 "-" "Mozilla/5.0 (Windows NT 10.0; Win64; x64) AppleWebKit/537.36 (KHTML, like Gecko) Chrome/104.0.5112.97 Safari/537.36"
mediaeclips.infinitibizsol.com:443 51.222.253.20 - - [11/Jun/2025:12:25:26 +0000] "GET /author/admin/feed/ HTTP/1.1" 304 0 "-" "Mozilla/5.0 (compatible; AhrefsBot/7.0; +http://ahrefs.com/robot/)"
mediaeclips.infinitibizsol.com:443 162.0.223.40 - - [11/Jun/2025:12:32:19 +0000] "POST /wp-cron.php?doing_wp_cron=1749645138.3760221004486083984375 HTTP/1.1" 499 0 "-" "WordPress/6.5.5; https://mediaeclips.com"
mediaeclips.infinitibizsol.com:443 34.174.137.232 - - [11/Jun/2025:12:32:19 +0000] "GET /services/web-development/ HTTP/1.1" 404 5 "-" "Mozilla/5.0 (Windows NT 10.0; Win64; x64) AppleWebKit/537.36 (KHTML, like Gecko) Chrome/123.0.0.0 Safari/537.36"
mediaeclips.infinitibizsol.com:443 162.0.223.40 - - [11/Jun/2025:12:35:59 +0000] "POST /wp-cron.php?doing_wp_cron=1749645358.1292579174041748046875 HTTP/1.1" 499 0 "-" "WordPress/6.5.5; https://mediaeclips.com"
mediaeclips.infinitibizsol.com:443 162.0.223.40 - - [11/Jun/2025:12:35:59 +0000] "POST /wp-cron.php?doing_wp_cron=1749645358.7084319591522216796875 HTTP/1.1" 499 0 "-" "WordPress/6.5.5; https://mediaeclips.com"
mediaeclips.infinitibizsol.com:443 52.3.12.243 - - [11/Jun/2025:12:36:01 +0000] "GET /what-is-seo-friendly-web-design-and-why-is-it-important/ HTTP/1.1" 404 94324 "-" "Grammarly/1.0 (http://www.grammarly.com)"
mediaeclips.infinitibizsol.com:443 52.3.12.243 - - [11/Jun/2025:12:36:01 +0000] "GET /what-is-seo-friendly-web-design-and-why-is-it-important/ HTTP/1.1" 404 94317 "-" "Grammarly/1.0 (http://www.grammarly.com)"
mediaeclips.infinitibizsol.com:443 34.174.102.138 - - [11/Jun/2025:12:36:35 +0000] "GET /what-is-digital-marketing-and-how-does-it-work/ HTTP/1.1" 404 83094 "-" "Mozilla/5.0 (Windows NT 10.0; Win64; x64) AppleWebKit/537.36 (KHTML, like Gecko) Chrome/123.0.0.0 Safari/537.36"
mediaeclips.infinitibizsol.com:443 162.0.223.40 - - [11/Jun/2025:12:38:31 +0000] "POST /wp-cron.php?doing_wp_cron=1749645510.7957580089569091796875 HTTP/1.1" 499 0 "-" "WordPress/6.5.5; https://mediaeclips.com"
mediaeclips.infinitibizsol.com:443 51.222.253.12 - - [11/Jun/2025:12:38:31 +0000] "GET /tag/use-of-ai-for-seo/feed/ HTTP/1.1" 304 0 "-" "Mozilla/5.0 (compatible; AhrefsBot/7.0; +http://ahrefs.com/robot/)"
mediaeclips.infinitibizsol.com:80 5.161.106.94 - - [11/Jun/2025:12:39:26 +0000] "POST /wp-load.php?712def=91648 HTTP/1.1" 200 1748 "-" "Mozilla/5.0 (Windows NT 10.0; Win64; x64) AppleWebKit/537.36 (KHTML, like Gecko) Chrome/104.0.5112.97 Safari/537.36"
mediaeclips.infinitibizsol.com:443 52.3.12.243 - - [11/Jun/2025:12:46:14 +0000] "GET /what-is-seo-friendly-web-design-and-why-is-it-important/ HTTP/1.1" 404 94317 "-" "Grammarly/1.0 (http://www.grammarly.com)"
mediaeclips.infinitibizsol.com:443 162.0.223.40 - - [11/Jun/2025:12:49:57 +0000] "POST /wp-cron.php?doing_wp_cron=1749646196.8239269256591796875000 HTTP/1.1" 499 0 "-" "WordPress/6.5.5; https://mediaeclips.com"
mediaeclips.infinitibizsol.com:443 51.222.253.5 - - [11/Jun/2025:12:49:57 +0000] "GET /tag/local-seo-plano/feed/ HTTP/1.1" 304 0 "-" "Mozilla/5.0 (compatible; AhrefsBot/7.0; +http://ahrefs.com/robot/)"
mediaeclips.infinitibizsol.com:80 5.161.44.164 - - [11/Jun/2025:12:54:34 +0000] "POST /wp-load.php?4dceaa=58811 HTTP/1.1" 200 1748 "-" "Mozilla/5.0 (Windows NT 10.0; Win64; x64) AppleWebKit/537.36 (KHTML, like Gecko) Chrome/104.0.5112.97 Safari/537.36"
mediaeclips.infinitibizsol.com:443 162.0.223.40 - - [11/Jun/2025:12:59:52 +0000] "POST /wp-cron.php?doing_wp_cron=1749646791.4749569892883300781250 HTTP/1.1" 499 0 "-" "WordPress/6.5.5; https://mediaeclips.com"
mediaeclips.infinitibizsol.com:443 51.222.253.13 - - [11/Jun/2025:12:59:52 +0000] "GET /tag/key-components-of-it-services/feed/ HTTP/1.1" 304 0 "-" "Mozilla/5.0 (compatible; AhrefsBot/7.0; +http://ahrefs.com/robot/)"
mediaeclips.infinitibizsol.com:443 162.0.223.40 - - [11/Jun/2025:13:08:29 +0000] "POST /wp-cron.php?doing_wp_cron=1749647307.2862761020660400390625 HTTP/1.1" 499 0 "-" "WordPress/6.5.5; https://mediaeclips.com"
mediaeclips.infinitibizsol.com:443 51.222.253.2 - - [11/Jun/2025:13:08:29 +0000] "GET /tag/digital-marketing-tools/feed/ HTTP/1.1" 304 0 "-" "Mozilla/5.0 (compatible; AhrefsBot/7.0; +http://ahrefs.com/robot/)"
mediaeclips.infinitibizsol.com:80 139.180.180.168 - - [11/Jun/2025:13:09:47 +0000] "POST /wp-load.php?f23fe4=70851 HTTP/1.1" 200 1748 "-" "Mozilla/5.0 (Windows NT 10.0; Win64; x64) AppleWebKit/537.36 (KHTML, like Gecko) Chrome/104.0.5112.97 Safari/537.36"
mediaeclips.infinitibizsol.com:443 162.0.223.40 - - [11/Jun/2025:13:15:18 +0000] "POST /wp-cron.php?doing_wp_cron=1749647717.9201788902282714843750 HTTP/1.1" 499 0 "-" "WordPress/6.5.5; https://mediaeclips.com"
mediaeclips.infinitibizsol.com:443 51.222.253.15 - - [11/Jun/2025:13:15:19 +0000] "GET /services/feed/ HTTP/1.1" 304 0 "-" "Mozilla/5.0 (compatible; AhrefsBot/7.0; +http://ahrefs.com/robot/)"
mediaeclips.infinitibizsol.com:80 162.0.223.40 - - [11/Jun/2025:13:19:17 +0000] "POST /wp-cron.php?doing_wp_cron=1749647956.1767580509185791015625 HTTP/1.1" 499 0 "-" "WordPress/6.5.5; https://mediaeclips.com"
mediaeclips.infinitibizsol.com:80 43.133.14.237 - - [11/Jun/2025:13:19:17 +0000] "GET / HTTP/1.1" 404 5 "-" "Mozilla/5.0 (iPhone; CPU iPhone OS 13_2_3 like Mac OS X) AppleWebKit/605.1.15 (KHTML, like Gecko) Version/13.0.3 Mobile/15E148 Safari/604.1"
mediaeclips.infinitibizsol.com:80 5.161.201.188 - - [11/Jun/2025:13:24:55 +0000] "POST /wp-load.php?90db3c=18083 HTTP/1.1" 200 1748 "-" "Mozilla/5.0 (Windows NT 10.0; Win64; x64) AppleWebKit/537.36 (KHTML, like Gecko) Chrome/104.0.5112.97 Safari/537.36"
mediaeclips.infinitibizsol.com:443 162.0.223.40 - - [11/Jun/2025:13:25:20 +0000] "POST /wp-cron.php?doing_wp_cron=1749648319.6967461109161376953125 HTTP/1.1" 499 0 "-" "WordPress/6.5.5; https://mediaeclips.com"
mediaeclips.infinitibizsol.com:443 216.73.216.232 - - [11/Jun/2025:13:25:20 +0000] "GET /goods.php HTTP/1.1" 404 5 "-" "Mozilla/5.0 AppleWebKit/537.36 (KHTML, like Gecko; compatible; ClaudeBot/1.0; +claudebot@anthropic.com)"
mediaeclips.infinitibizsol.com:443 5.142.206.152 - - [11/Jun/2025:13:25:21 +0000] "GET / HTTP/1.0" 404 108399 "https://mediaeclips.com/" "Mozilla/5.0 (Windows NT 10.0; Win64; x64) AppleWebKit/537.36 (KHTML, like Gecko) Chrome/131.0.0.0 Safari/537.36"
mediaeclips.infinitibizsol.com:443 5.142.206.152 - - [11/Jun/2025:13:25:29 +0000] "POST /wp-json/contact-form-7/v1/contact-forms/159/feedback HTTP/1.0" 404 233 "https://mediaeclips.com/" "Mozilla/5.0 (Windows NT 10.0; Win64; x64) AppleWebKit/537.36 (KHTML, like Gecko) Chrome/131.0.0.0 Safari/537.36"
mediaeclips.infinitibizsol.com:443 5.142.206.152 - - [11/Jun/2025:13:25:31 +0000] "GET / HTTP/1.0" 404 108399 "https://mediaeclips.com/" "Mozilla/5.0 (Windows NT 10.0; Win64; x64) AppleWebKit/537.36 (KHTML, like Gecko) Chrome/131.0.0.0 Safari/537.36"
mediaeclips.infinitibizsol.com:443 5.142.206.152 - - [11/Jun/2025:13:25:33 +0000] "GET /blogs/ HTTP/1.0" 404 57783 "https://mediaeclips.com/blogs/" "Mozilla/5.0 (Windows NT 10.0; Win64; x64) AppleWebKit/537.36 (KHTML, like Gecko) Chrome/131.0.0.0 Safari/537.36"
mediaeclips.infinitibizsol.com:443 5.142.206.152 - - [11/Jun/2025:13:25:35 +0000] "GET / HTTP/1.0" 404 108399 "https://mediaeclips.com/" "Mozilla/5.0 (Windows NT 10.0; Win64; x64) AppleWebKit/537.36 (KHTML, like Gecko) Chrome/131.0.0.0 Safari/537.36"
mediaeclips.infinitibizsol.com:443 5.142.206.152 - - [11/Jun/2025:13:25:37 +0000] "GET /author/admin/ HTTP/1.0" 404 64919 "https://mediaeclips.com/author/admin/" "Mozilla/5.0 (Windows NT 10.0; Win64; x64) AppleWebKit/537.36 (KHTML, like Gecko) Chrome/131.0.0.0 Safari/537.36"
mediaeclips.infinitibizsol.com:443 5.142.206.152 - - [11/Jun/2025:13:25:43 +0000] "GET /admin/ HTTP/1.0" 404 0 "https://mediaeclips.com/admin/" "Mozilla/5.0 (Windows NT 10.0; Win64; x64) AppleWebKit/537.36 (KHTML, like Gecko) Chrome/131.0.0.0 Safari/537.36"
mediaeclips.infinitibizsol.com:443 193.151.189.121 - - [11/Jun/2025:13:26:34 +0000] "GET /what-can-videography-do-for-your-marketing/ HTTP/1.0" 404 100166 "https://mediaeclips.com/what-can-videography-do-for-your-marketing/" "Mozilla/5.0 (Windows NT 6.3; WOW64) AppleWebKit/537.36 (KHTML, like Gecko) Chrome/103.0.0.0 Safari/537.36"
mediaeclips.infinitibizsol.com:443 193.151.189.121 - - [11/Jun/2025:13:26:37 +0000] "GET / HTTP/1.0" 404 108399 "https://mediaeclips.com/" "Mozilla/5.0 (Windows NT 6.3; WOW64) AppleWebKit/537.36 (KHTML, like Gecko) Chrome/103.0.0.0 Safari/537.36"
mediaeclips.infinitibizsol.com:443 193.151.189.121 - - [11/Jun/2025:13:26:47 +0000] "GET / HTTP/1.0" 404 108399 "https://mediaeclips.com/" "Mozilla/5.0 (Windows NT 6.3; WOW64) AppleWebKit/537.36 (KHTML, like Gecko) Chrome/103.0.0.0 Safari/537.36"
mediaeclips.infinitibizsol.com:443 150.109.196.248 - - [11/Jun/2025:13:33:42 +0000] "GET /wp-content/uploads/2023/08/SEM.png HTTP/1.1" 200 22574 "-" "Mozilla/5.0 (Windows NT 10.0; Win64; x64) AppleWebKit/537.36 (KHTML, like Gecko) Chrome/119.0 Safari/537.36"
mediaeclips.infinitibizsol.com:80 5.161.44.164 - - [11/Jun/2025:13:40:09 +0000] "POST /wp-load.php?d0eee3=49643 HTTP/1.1" 200 1748 "-" "Mozilla/5.0 (Windows NT 10.0; Win64; x64) AppleWebKit/537.36 (KHTML, like Gecko) Chrome/104.0.5112.97 Safari/537.36"
mediaeclips.infinitibizsol.com:80 5.161.250.15 - - [11/Jun/2025:13:55:16 +0000] "POST /wp-load.php?9d55fa=57806 HTTP/1.1" 200 1748 "-" "Mozilla/5.0 (Windows NT 10.0; Win64; x64) AppleWebKit/537.36 (KHTML, like Gecko) Chrome/104.0.5112.97 Safari/537.36"
mediaeclips.infinitibizsol.com:80 162.0.223.40 - - [11/Jun/2025:14:01:28 +0000] "POST /wp-cron.php?doing_wp_cron=1749650487.2057170867919921875000 HTTP/1.1" 499 0 "-" "WordPress/6.5.5; https://mediaeclips.com"
mediaeclips.infinitibizsol.com:80 172.98.86.146 - - [11/Jun/2025:14:01:28 +0000] "GET / HTTP/1.1" 404 5 "-" "Mozilla/5.0 (X11; Linux i686; rv:114.0) Gecko/20100101 Firefox/114.0"
mediaeclips.infinitibizsol.com:80 172.98.86.146 - - [11/Jun/2025:14:01:32 +0000] "GET / HTTP/1.1" 404 5 "-" "Mozilla/5.0 (X11; Linux i686; rv:114.0) Gecko/20100101 Firefox/114.0"
mediaeclips.infinitibizsol.com:80 172.98.86.146 - - [11/Jun/2025:14:01:36 +0000] "GET / HTTP/1.1" 404 5 "-" "Mozilla/5.0 (X11; Linux i686; rv:114.0) Gecko/20100101 Firefox/114.0"
mediaeclips.infinitibizsol.com:80 162.0.223.40 - - [11/Jun/2025:14:03:16 +0000] "POST /wp-cron.php?doing_wp_cron=1749650595.4147419929504394531250 HTTP/1.1" 499 0 "-" "WordPress/6.5.5; https://mediaeclips.com"
mediaeclips.infinitibizsol.com:80 49.232.151.112 - - [11/Jun/2025:14:03:16 +0000] "GET / HTTP/1.1" 404 5 "-" "Mozilla/5.0 (iPhone; CPU iPhone OS 13_2_3 like Mac OS X) AppleWebKit/605.1.15 (KHTML, like Gecko) Version/13.0.3 Mobile/15E148 Safari/604.1"
mediaeclips.infinitibizsol.com:443 162.0.223.40 - - [11/Jun/2025:14:08:35 +0000] "POST /wp-cron.php?doing_wp_cron=1749650914.7350559234619140625000 HTTP/1.1" 499 0 "-" "WordPress/6.5.5; https://mediaeclips.com"
mediaeclips.infinitibizsol.com:443 57.141.4.8 - - [11/Jun/2025:14:08:35 +0000] "GET /goods.php?sitemap.xml HTTP/1.1" 404 5 "-" "meta-externalagent/1.1 (+https://developers.facebook.com/docs/sharing/webmasters/crawler)"
mediaeclips.infinitibizsol.com:443 45.227.253.15 - - [11/Jun/2025:14:09:24 +0000] "GET /587545-juejiang/?ARRAY=7o2230223n313734393635343634392p2231223n22687474703n5p2s5p2s3230342r31322r3233382r37345p2s3s6p633q7068705s636s64655s6n6326743q313734393635313034392q6564633966316261343439366538383632373836343937623536323535313934222p2232223n226138396461653834356330303433353232653737306138636639663931383838222p2233223n223032623832383666613964616438643064623861303630393930663139393437222p2262696r675s70617373223n2232382q33392q35312q36352q37322q38342q3838227q HTTP/1.1" 404 5 "-" "Mozilla/5.0 (iPhone; CPU iPhone OS 13_6 like Mac OS X) AppleWebKit/605.1.15 (KHTML, like Gecko) Version/13.6 Mobile/15E148 Safari/604.1"
mediaeclips.infinitibizsol.com:80 5.161.52.234 - - [11/Jun/2025:14:10:25 +0000] "POST /wp-load.php?f9c59b=74515 HTTP/1.1" 200 1748 "-" "Mozilla/5.0 (Windows NT 10.0; Win64; x64) AppleWebKit/537.36 (KHTML, like Gecko) Chrome/104.0.5112.97 Safari/537.36"
mediaeclips.infinitibizsol.com:443 34.174.165.2 - - [11/Jun/2025:14:14:25 +0000] "GET /the-structure-of-typical-digital-marketing-campaign/ HTTP/1.1" 499 0 "-" "Mozilla/5.0 (Macintosh; Intel Mac OS X 10.15; rv:109.0) Gecko/20100101 Firefox/116.0"
mediaeclips.infinitibizsol.com:443 162.0.223.40 - - [11/Jun/2025:14:14:25 +0000] "POST /wp-cron.php?doing_wp_cron=1749651264.5087649822235107421875 HTTP/1.1" 499 0 "-" "WordPress/6.5.5; https://mediaeclips.com"
mediaeclips.infinitibizsol.com:443 162.0.223.40 - - [11/Jun/2025:14:21:17 +0000] "POST /wp-cron.php?doing_wp_cron=1749651676.8658030033111572265625 HTTP/1.1" 499 0 "-" "WordPress/6.5.5; https://mediaeclips.com"
mediaeclips.infinitibizsol.com:443 216.73.216.232 - - [11/Jun/2025:14:21:17 +0000] "GET /sitemap.xml HTTP/1.1" 404 5 "-" "Mozilla/5.0 AppleWebKit/537.36 (KHTML, like Gecko; compatible; ClaudeBot/1.0; +claudebot@anthropic.com)"
mediaeclips.infinitibizsol.com:80 139.180.180.168 - - [11/Jun/2025:14:25:37 +0000] "POST /wp-load.php?7ef92f=59211 HTTP/1.1" 200 1748 "-" "Mozilla/5.0 (Windows NT 10.0; Win64; x64) AppleWebKit/537.36 (KHTML, like Gecko) Chrome/104.0.5112.97 Safari/537.36"
mediaeclips.infinitibizsol.com:443 45.227.253.15 - - [11/Jun/2025:14:35:19 +0000] "GET /index.php/jk HTTP/1.1" 200 54 "-" "Mozilla/5.0 (iPad; U; CPU OS 4_3_3 like Mac OS X; ja) AppleWebKit/533.17.9 (KHTML, like Gecko) Version/5.0.2 Mobile/8J2 Safari/6533.18.5"
mediaeclips.infinitibizsol.com:443 162.0.223.40 - - [11/Jun/2025:14:36:34 +0000] "POST /wp-cron.php?doing_wp_cron=1749652593.1398489475250244140625 HTTP/1.1" 499 0 "-" "WordPress/6.5.5; https://mediaeclips.com"
mediaeclips.infinitibizsol.com:443 198.98.58.46 - - [11/Jun/2025:14:36:34 +0000] "GET /wp-login.php HTTP/1.1" 200 6532 "-" "Mozilla/5.0 (Macintosh; Intel Mac OS X 10_9_4) AppleWebKit/537.36 (KHTML, like Gecko) Chrome/35.0.1916.153 Safari/537.36"
mediaeclips.infinitibizsol.com:443 198.98.58.46 - - [11/Jun/2025:14:37:03 +0000] "POST /wp-login.php HTTP/1.1" 200 7028 "-" "Mozilla/5.0 (Macintosh; Intel Mac OS X 10_9_4) AppleWebKit/537.36 (KHTML, like Gecko) Chrome/35.0.1916.153 Safari/537.36"
mediaeclips.infinitibizsol.com:80 139.180.180.168 - - [11/Jun/2025:14:40:38 +0000] "POST /wp-load.php?6ff744=61289 HTTP/1.1" 200 1748 "-" "Mozilla/5.0 (Windows NT 10.0; Win64; x64) AppleWebKit/537.36 (KHTML, like Gecko) Chrome/104.0.5112.97 Safari/537.36"
mediaeclips.infinitibizsol.com:443 91.122.53.173 - - [11/Jun/2025:14:43:41 +0000] "GET /.git/HEAD HTTP/1.1" 499 0 "-" "Python-urllib/3.13"
mediaeclips.infinitibizsol.com:443 162.0.223.40 - - [11/Jun/2025:14:43:43 +0000] "POST /wp-cron.php?doing_wp_cron=1749653022.4756600856781005859375 HTTP/1.1" 499 0 "-" "WordPress/6.5.5; https://mediaeclips.com"
mediaeclips.infinitibizsol.com:80 5.161.52.234 - - [11/Jun/2025:14:55:45 +0000] "POST /wp-load.php?5b29d3=60067 HTTP/1.1" 200 1748 "-" "Mozilla/5.0 (Windows NT 10.0; Win64; x64) AppleWebKit/537.36 (KHTML, like Gecko) Chrome/104.0.5112.97 Safari/537.36"
mediaeclips.infinitibizsol.com:443 162.0.223.40 - - [11/Jun/2025:14:56:11 +0000] "POST /wp-cron.php?doing_wp_cron=1749653770.0276379585266113281250 HTTP/1.1" 499 0 "-" "WordPress/6.5.5; https://mediaeclips.com"
mediaeclips.infinitibizsol.com:443 66.249.64.165 - - [11/Jun/2025:14:56:11 +0000] "GET /author-sitemap.xml HTTP/1.1" 404 742 "-" "Mozilla/5.0 (compatible; Googlebot/2.1; +http://www.google.com/bot.html)"
mediaeclips.infinitibizsol.com:80 5.161.44.164 - - [11/Jun/2025:15:10:55 +0000] "POST /wp-load.php?10db59=11798 HTTP/1.1" 200 1748 "-" "Mozilla/5.0 (Windows NT 10.0; Win64; x64) AppleWebKit/537.36 (KHTML, like Gecko) Chrome/104.0.5112.97 Safari/537.36"
mediaeclips.infinitibizsol.com:443 212.34.140.200 - - [11/Jun/2025:15:11:12 +0000] "GET / HTTP/1.1" 404 108420 "-" "Mozilla/5.0 (Macintosh; Intel Mac OS X 10_15_7) AppleWebKit/537.36 (KHTML, like Gecko) Chrome/133.0.0.0 Safari/537.36"
mediaeclips.infinitibizsol.com:443 162.0.223.40 - - [11/Jun/2025:15:11:19 +0000] "POST /wp-cron.php?doing_wp_cron=1749654678.2368140220642089843750 HTTP/1.1" 499 0 "-" "WordPress/6.5.5; https://mediaeclips.com"
mediaeclips.infinitibizsol.com:443 27.124.80.46 - - [11/Jun/2025:15:11:21 +0000] "POST / HTTP/1.1" 404 108698 "-" "Mozilla/5.0 (Macintosh; Intel Mac OS X 10_15_7) AppleWebKit/537.36 (KHTML, like Gecko) Chrome/133.0.0.0 Safari/537.36"
mediaeclips.infinitibizsol.com:443 27.124.80.46 - - [11/Jun/2025:15:11:28 +0000] "POST / HTTP/1.1" 404 108284 "-" "Mozilla/5.0 (Windows NT 10.0; Win64; x64) AppleWebKit/537.36 (KHTML, like Gecko) Chrome/120.0.0.0 Safari/537.36"
mediaeclips.infinitibizsol.com:443 27.124.80.46 - - [11/Jun/2025:15:11:34 +0000] "POST / HTTP/1.1" 404 108381 "-" "Mozilla/5.0 (Macintosh; Intel Mac OS X 10_15_7) AppleWebKit/537.36 (KHTML, like Gecko) Chrome/133.0.0.0 Safari/537.36"
mediaeclips.infinitibizsol.com:443 27.124.80.46 - - [11/Jun/2025:15:11:40 +0000] "POST / HTTP/1.1" 404 108327 "-" "Mozilla/5.0 (Windows NT 10.0; Win64; x64) AppleWebKit/537.36 (KHTML, like Gecko) Chrome/120.0.0.0 Safari/537.36"
mediaeclips.infinitibizsol.com:443 212.34.140.200 - - [11/Jun/2025:15:11:44 +0000] "GET /comments/feed/ HTTP/1.1" 404 937 "-" "Mozilla/5.0 (Macintosh; Intel Mac OS X 10_15_7) AppleWebKit/537.36 (KHTML, like Gecko) Chrome/133.0.0.0 Safari/537.36"
mediaeclips.infinitibizsol.com:443 212.34.140.200 - - [11/Jun/2025:15:11:46 +0000] "GET /graphic-design/ HTTP/1.1" 404 65466 "-" "Mozilla/5.0 (Macintosh; Intel Mac OS X 10_15_7) AppleWebKit/537.36 (KHTML, like Gecko) Chrome/133.0.0.0 Safari/537.36"
mediaeclips.infinitibizsol.com:443 27.124.80.46 - - [11/Jun/2025:15:11:52 +0000] "POST /graphic-design/ HTTP/1.1" 404 65396 "-" "Mozilla/5.0 (Macintosh; Intel Mac OS X 10_15_7) AppleWebKit/537.36 (KHTML, like Gecko) Chrome/133.0.0.0 Safari/537.36"
mediaeclips.infinitibizsol.com:443 27.124.80.46 - - [11/Jun/2025:15:11:57 +0000] "POST /graphic-design/ HTTP/1.1" 404 65306 "-" "Mozilla/5.0 (Windows NT 10.0; Win64; x64) AppleWebKit/537.36 (KHTML, like Gecko) Chrome/120.0.0.0 Safari/537.36"
mediaeclips.infinitibizsol.com:443 212.34.140.200 - - [11/Jun/2025:15:11:59 +0000] "GET /blogs/ HTTP/1.1" 404 57796 "-" "Mozilla/5.0 (Macintosh; Intel Mac OS X 10_15_7) AppleWebKit/537.36 (KHTML, like Gecko) Chrome/133.0.0.0 Safari/537.36"
mediaeclips.infinitibizsol.com:443 27.124.80.46 - - [11/Jun/2025:15:12:07 +0000] "POST /blogs/ HTTP/1.1" 404 57832 "-" "Mozilla/5.0 (Macintosh; Intel Mac OS X 10_15_7) AppleWebKit/537.36 (KHTML, like Gecko) Chrome/133.0.0.0 Safari/537.36"
mediaeclips.infinitibizsol.com:443 27.124.80.46 - - [11/Jun/2025:15:12:14 +0000] "POST /blogs/ HTTP/1.1" 404 57769 "-" "Mozilla/5.0 (Windows NT 10.0; Win64; x64) AppleWebKit/537.36 (KHTML, like Gecko) Chrome/120.0.0.0 Safari/537.36"
mediaeclips.infinitibizsol.com:443 212.34.140.200 - - [11/Jun/2025:15:12:16 +0000] "GET /blogs/page/2/ HTTP/1.1" 404 57697 "-" "Mozilla/5.0 (Macintosh; Intel Mac OS X 10_15_7) AppleWebKit/537.36 (KHTML, like Gecko) Chrome/133.0.0.0 Safari/537.36"
mediaeclips.infinitibizsol.com:443 27.124.80.46 - - [11/Jun/2025:15:12:23 +0000] "POST /blogs/page/2/ HTTP/1.1" 404 57727 "-" "Mozilla/5.0 (Macintosh; Intel Mac OS X 10_15_7) AppleWebKit/537.36 (KHTML, like Gecko) Chrome/133.0.0.0 Safari/537.36"
mediaeclips.infinitibizsol.com:443 27.124.80.46 - - [11/Jun/2025:15:12:30 +0000] "POST /blogs/page/2/ HTTP/1.1" 404 57685 "-" "Mozilla/5.0 (Windows NT 10.0; Win64; x64) AppleWebKit/537.36 (KHTML, like Gecko) Chrome/120.0.0.0 Safari/537.36"
mediaeclips.infinitibizsol.com:443 212.34.140.200 - - [11/Jun/2025:15:12:31 +0000] "GET /blogs/page/3/ HTTP/1.1" 404 57942 "-" "Mozilla/5.0 (Macintosh; Intel Mac OS X 10_15_7) AppleWebKit/537.36 (KHTML, like Gecko) Chrome/133.0.0.0 Safari/537.36"
mediaeclips.infinitibizsol.com:443 27.124.80.46 - - [11/Jun/2025:15:12:37 +0000] "POST /blogs/page/3/ HTTP/1.1" 404 57958 "-" "Mozilla/5.0 (Macintosh; Intel Mac OS X 10_15_7) AppleWebKit/537.36 (KHTML, like Gecko) Chrome/133.0.0.0 Safari/537.36"
mediaeclips.infinitibizsol.com:443 27.124.80.46 - - [11/Jun/2025:15:12:43 +0000] "POST /blogs/page/3/ HTTP/1.1" 404 57850 "-" "Mozilla/5.0 (Windows NT 10.0; Win64; x64) AppleWebKit/537.36 (KHTML, like Gecko) Chrome/120.0.0.0 Safari/537.36"
mediaeclips.infinitibizsol.com:443 212.34.140.200 - - [11/Jun/2025:15:12:45 +0000] "GET /blogs/page/4/ HTTP/1.1" 404 57951 "-" "Mozilla/5.0 (Macintosh; Intel Mac OS X 10_15_7) AppleWebKit/537.36 (KHTML, like Gecko) Chrome/133.0.0.0 Safari/537.36"
mediaeclips.infinitibizsol.com:443 27.124.80.46 - - [11/Jun/2025:15:12:51 +0000] "POST /blogs/page/4/ HTTP/1.1" 404 58005 "-" "Mozilla/5.0 (Macintosh; Intel Mac OS X 10_15_7) AppleWebKit/537.36 (KHTML, like Gecko) Chrome/133.0.0.0 Safari/537.36"
mediaeclips.infinitibizsol.com:443 27.124.80.46 - - [11/Jun/2025:15:12:56 +0000] "POST /blogs/page/4/ HTTP/1.1" 404 57918 "-" "Mozilla/5.0 (Windows NT 10.0; Win64; x64) AppleWebKit/537.36 (KHTML, like Gecko) Chrome/120.0.0.0 Safari/537.36"
mediaeclips.infinitibizsol.com:443 212.34.140.200 - - [11/Jun/2025:15:12:57 +0000] "GET /blogs/page/6/ HTTP/1.1" 404 58062 "-" "Mozilla/5.0 (Macintosh; Intel Mac OS X 10_15_7) AppleWebKit/537.36 (KHTML, like Gecko) Chrome/133.0.0.0 Safari/537.36"
mediaeclips.infinitibizsol.com:443 27.124.80.46 - - [11/Jun/2025:15:13:05 +0000] "POST /blogs/page/6/ HTTP/1.1" 404 58063 "-" "Mozilla/5.0 (Macintosh; Intel Mac OS X 10_15_7) AppleWebKit/537.36 (KHTML, like Gecko) Chrome/133.0.0.0 Safari/537.36"
mediaeclips.infinitibizsol.com:443 212.34.140.200 - - [11/Jun/2025:15:13:12 +0000] "GET /blogs/page/7/ HTTP/1.1" 404 57999 "-" "Mozilla/5.0 (Macintosh; Intel Mac OS X 10_15_7) AppleWebKit/537.36 (KHTML, like Gecko) Chrome/133.0.0.0 Safari/537.36"
mediaeclips.infinitibizsol.com:443 162.0.223.40 - - [11/Jun/2025:15:13:19 +0000] "POST /wp-cron.php?doing_wp_cron=1749654798.1077630519866943359375 HTTP/1.1" 499 0 "-" "WordPress/6.5.5; https://mediaeclips.com"
mediaeclips.infinitibizsol.com:443 27.124.80.46 - - [11/Jun/2025:15:13:20 +0000] "POST /blogs/page/7/ HTTP/1.1" 404 57997 "-" "Mozilla/5.0 (Macintosh; Intel Mac OS X 10_15_7) AppleWebKit/537.36 (KHTML, like Gecko) Chrome/133.0.0.0 Safari/537.36"
mediaeclips.infinitibizsol.com:443 27.124.80.46 - - [11/Jun/2025:15:13:25 +0000] "POST /blogs/page/7/ HTTP/1.1" 404 57919 "-" "Mozilla/5.0 (Windows NT 10.0; Win64; x64) AppleWebKit/537.36 (KHTML, like Gecko) Chrome/120.0.0.0 Safari/537.36"
mediaeclips.infinitibizsol.com:443 212.34.140.200 - - [11/Jun/2025:15:13:27 +0000] "GET /blogs/page/8/ HTTP/1.1" 404 55996 "-" "Mozilla/5.0 (Macintosh; Intel Mac OS X 10_15_7) AppleWebKit/537.36 (KHTML, like Gecko) Chrome/133.0.0.0 Safari/537.36"
mediaeclips.infinitibizsol.com:443 27.124.80.46 - - [11/Jun/2025:15:13:33 +0000] "POST /blogs/page/8/ HTTP/1.1" 404 56027 "-" "Mozilla/5.0 (Macintosh; Intel Mac OS X 10_15_7) AppleWebKit/537.36 (KHTML, like Gecko) Chrome/133.0.0.0 Safari/537.36"
mediaeclips.infinitibizsol.com:443 27.124.80.46 - - [11/Jun/2025:15:13:40 +0000] "POST /blogs/page/8/ HTTP/1.1" 404 55904 "-" "Mozilla/5.0 (Windows NT 10.0; Win64; x64) AppleWebKit/537.36 (KHTML, like Gecko) Chrome/120.0.0.0 Safari/537.36"
mediaeclips.infinitibizsol.com:443 212.34.140.200 - - [11/Jun/2025:15:13:41 +0000] "GET /category/ux-ui-design/ HTTP/1.1" 404 48017 "-" "Mozilla/5.0 (Macintosh; Intel Mac OS X 10_15_7) AppleWebKit/537.36 (KHTML, like Gecko) Chrome/133.0.0.0 Safari/537.36"
mediaeclips.infinitibizsol.com:443 27.124.80.46 - - [11/Jun/2025:15:13:48 +0000] "POST /category/ux-ui-design/ HTTP/1.1" 404 48003 "-" "Mozilla/5.0 (Macintosh; Intel Mac OS X 10_15_7) AppleWebKit/537.36 (KHTML, like Gecko) Chrome/133.0.0.0 Safari/537.36"
mediaeclips.infinitibizsol.com:443 27.124.80.46 - - [11/Jun/2025:15:13:53 +0000] "POST /category/ux-ui-design/ HTTP/1.1" 404 47901 "-" "Mozilla/5.0 (Windows NT 10.0; Win64; x64) AppleWebKit/537.36 (KHTML, like Gecko) Chrome/120.0.0.0 Safari/537.36"
mediaeclips.infinitibizsol.com:443 212.34.140.200 - - [11/Jun/2025:15:13:55 +0000] "GET /contact-us/ HTTP/1.1" 404 61011 "-" "Mozilla/5.0 (Macintosh; Intel Mac OS X 10_15_7) AppleWebKit/537.36 (KHTML, like Gecko) Chrome/133.0.0.0 Safari/537.36"
mediaeclips.infinitibizsol.com:443 27.124.80.46 - - [11/Jun/2025:15:14:02 +0000] "POST /contact-us/ HTTP/1.1" 404 61291 "-" "Mozilla/5.0 (Macintosh; Intel Mac OS X 10_15_7) AppleWebKit/537.36 (KHTML, like Gecko) Chrome/133.0.0.0 Safari/537.36"
mediaeclips.infinitibizsol.com:443 27.124.80.46 - - [11/Jun/2025:15:14:09 +0000] "POST /contact-us/ HTTP/1.1" 404 60916 "-" "Mozilla/5.0 (Windows NT 10.0; Win64; x64) AppleWebKit/537.36 (KHTML, like Gecko) Chrome/120.0.0.0 Safari/537.36"
mediaeclips.infinitibizsol.com:443 27.124.80.46 - - [11/Jun/2025:15:14:17 +0000] "POST /contact-us/ HTTP/1.1" 404 61007 "-" "Mozilla/5.0 (Macintosh; Intel Mac OS X 10_15_7) AppleWebKit/537.36 (KHTML, like Gecko) Chrome/133.0.0.0 Safari/537.36"
mediaeclips.infinitibizsol.com:443 162.0.223.40 - - [11/Jun/2025:15:14:24 +0000] "POST /wp-cron.php?doing_wp_cron=1749654863.4042170047760009765625 HTTP/1.1" 499 0 "-" "WordPress/6.5.5; https://mediaeclips.com"
mediaeclips.infinitibizsol.com:443 27.124.80.46 - - [11/Jun/2025:15:14:25 +0000] "POST /contact-us/ HTTP/1.1" 404 60883 "-" "Mozilla/5.0 (Windows NT 10.0; Win64; x64) AppleWebKit/537.36 (KHTML, like Gecko) Chrome/120.0.0.0 Safari/537.36"
mediaeclips.infinitibizsol.com:80 212.34.140.200 - - [11/Jun/2025:15:14:29 +0000] "GET /contact-us HTTP/1.1" 404 5 "-" "Mozilla/5.0 (Macintosh; Intel Mac OS X 10_15_7) AppleWebKit/537.36 (KHTML, like Gecko) Chrome/133.0.0.0 Safari/537.36"
mediaeclips.infinitibizsol.com:443 212.34.140.200 - - [11/Jun/2025:15:14:31 +0000] "GET /how-to-create-an-effective-seo-strategy/ HTTP/1.1" 404 107260 "-" "Mozilla/5.0 (Macintosh; Intel Mac OS X 10_15_7) AppleWebKit/537.36 (KHTML, like Gecko) Chrome/133.0.0.0 Safari/537.36"
mediaeclips.infinitibizsol.com:443 27.124.80.46 - - [11/Jun/2025:15:14:38 +0000] "POST /wp-comments-post.php HTTP/1.1" 200 2566 "-" "Mozilla/5.0 (Macintosh; Intel Mac OS X 10_15_7) AppleWebKit/537.36 (KHTML, like Gecko) Chrome/133.0.0.0 Safari/537.36"
mediaeclips.infinitibizsol.com:443 27.124.80.46 - - [11/Jun/2025:15:14:43 +0000] "POST /wp-comments-post.php HTTP/1.1" 200 5 "-" "Mozilla/5.0 (Windows NT 10.0; Win64; x64) AppleWebKit/537.36 (KHTML, like Gecko) Chrome/120.0.0.0 Safari/537.36"
mediaeclips.infinitibizsol.com:443 27.124.80.46 - - [11/Jun/2025:15:14:49 +0000] "POST /how-to-create-an-effective-seo-strategy/ HTTP/1.1" 404 107227 "-" "Mozilla/5.0 (Macintosh; Intel Mac OS X 10_15_7) AppleWebKit/537.36 (KHTML, like Gecko) Chrome/133.0.0.0 Safari/537.36"
mediaeclips.infinitibizsol.com:443 27.124.80.46 - - [11/Jun/2025:15:14:56 +0000] "POST /how-to-create-an-effective-seo-strategy/ HTTP/1.1" 404 107124 "-" "Mozilla/5.0 (Windows NT 10.0; Win64; x64) AppleWebKit/537.36 (KHTML, like Gecko) Chrome/120.0.0.0 Safari/537.36"
mediaeclips.infinitibizsol.com:443 212.34.140.200 - - [11/Jun/2025:15:15:00 +0000] "GET /how-to-create-an-effective-seo-strategy/feed/ HTTP/1.1" 404 1001 "-" "Mozilla/5.0 (Macintosh; Intel Mac OS X 10_15_7) AppleWebKit/537.36 (KHTML, like Gecko) Chrome/133.0.0.0 Safari/537.36"
mediaeclips.infinitibizsol.com:443 212.34.140.200 - - [11/Jun/2025:15:15:01 +0000] "GET /how-to-create-an-effective-seo-strategy/ HTTP/1.1" 404 107268 "-" "Mozilla/5.0 (Macintosh; Intel Mac OS X 10_15_7) AppleWebKit/537.36 (KHTML, like Gecko) Chrome/133.0.0.0 Safari/537.36"
mediaeclips.infinitibizsol.com:443 27.124.80.46 - - [11/Jun/2025:15:15:08 +0000] "POST /wp-comments-post.php HTTP/1.1" 200 2566 "-" "Mozilla/5.0 (Macintosh; Intel Mac OS X 10_15_7) AppleWebKit/537.36 (KHTML, like Gecko) Chrome/133.0.0.0 Safari/537.36"
mediaeclips.infinitibizsol.com:443 27.124.80.46 - - [11/Jun/2025:15:15:13 +0000] "POST /wp-comments-post.php HTTP/1.1" 200 5 "-" "Mozilla/5.0 (Windows NT 10.0; Win64; x64) AppleWebKit/537.36 (KHTML, like Gecko) Chrome/120.0.0.0 Safari/537.36"
mediaeclips.infinitibizsol.com:443 27.124.80.46 - - [11/Jun/2025:15:15:21 +0000] "POST /how-to-create-an-effective-seo-strategy/ HTTP/1.1" 404 107200 "-" "Mozilla/5.0 (Macintosh; Intel Mac OS X 10_15_7) AppleWebKit/537.36 (KHTML, like Gecko) Chrome/133.0.0.0 Safari/537.36"
mediaeclips.infinitibizsol.com:443 27.124.80.46 - - [11/Jun/2025:15:15:27 +0000] "POST /how-to-create-an-effective-seo-strategy/ HTTP/1.1" 404 107151 "-" "Mozilla/5.0 (Windows NT 10.0; Win64; x64) AppleWebKit/537.36 (KHTML, like Gecko) Chrome/120.0.0.0 Safari/537.36"
mediaeclips.infinitibizsol.com:443 162.0.223.40 - - [11/Jun/2025:15:19:42 +0000] "POST /wp-cron.php?doing_wp_cron=1749655181.3276588916778564453125 HTTP/1.1" 499 0 "-" "WordPress/6.5.5; https://mediaeclips.com"
mediaeclips.infinitibizsol.com:443 51.222.253.8 - - [11/Jun/2025:15:19:42 +0000] "GET /goods.php?sitemap.xml HTTP/1.1" 404 5 "-" "Mozilla/5.0 (compatible; AhrefsBot/7.0; +http://ahrefs.com/robot/)"
mediaeclips.infinitibizsol.com:80 5.161.201.188 - - [11/Jun/2025:15:25:57 +0000] "POST /wp-load.php?9882e2=75198 HTTP/1.1" 200 1736 "-" "Mozilla/5.0 (Windows NT 10.0; Win64; x64) AppleWebKit/537.36 (KHTML, like Gecko) Chrome/104.0.5112.97 Safari/537.36"
mediaeclips.infinitibizsol.com:443 162.0.223.40 - - [11/Jun/2025:15:27:20 +0000] "POST /wp-cron.php?doing_wp_cron=1749655639.9018650054931640625000 HTTP/1.1" 499 0 "-" "WordPress/6.5.5; https://mediaeclips.com"
mediaeclips.infinitibizsol.com:443 51.222.253.12 - - [11/Jun/2025:15:27:21 +0000] "GET /sitemap.xml HTTP/1.1" 404 5 "-" "Mozilla/5.0 (compatible; AhrefsBot/7.0; +http://ahrefs.com/robot/)"
mediaeclips.infinitibizsol.com:443 162.0.223.40 - - [11/Jun/2025:15:31:38 +0000] "POST /wp-cron.php?doing_wp_cron=1749655897.8419430255889892578125 HTTP/1.1" 499 0 "-" "WordPress/6.5.5; https://mediaeclips.com"
mediaeclips.infinitibizsol.com:443 113.15.123.137 - - [11/Jun/2025:15:31:39 +0000] "POST /wp-comments-post.php HTTP/1.1" 302 5 "-" "Mozilla/5.0 (Windows NT 10.0; Win64; x64) AppleWebKit/537.36 (KHTML, like Gecko) Chrome/108.0.0.0 Safari/537.36 Edg/108.0.1462.46"
mediaeclips.infinitibizsol.com:443 113.15.123.137 - - [11/Jun/2025:15:31:43 +0000] "GET /what-is-local-seo-and-how-to-do-it/?unapproved=1204&moderation-hash=8f98f2e5c288152a6845982753d5b568 HTTP/1.1" 404 99142 "-" "Mozilla/5.0 (Windows NT 10.0; Win64; x64) AppleWebKit/537.36 (KHTML, like Gecko) Chrome/108.0.0.0 Safari/537.36 Edg/108.0.1462.46"
mediaeclips.infinitibizsol.com:443 45.61.184.250 - - [11/Jun/2025:15:32:13 +0000] "GET /wp-login.php HTTP/1.1" 200 6532 "-" "Mozilla/5.0 (Windows NT 6.1; WOW64) AppleWebKit/537.36 (KHTML, like Gecko) Chrome/35.0.1916.153 Safari/537.36"
mediaeclips.infinitibizsol.com:443 45.61.184.250 - - [11/Jun/2025:15:32:35 +0000] "POST /wp-login.php HTTP/1.1" 200 7021 "-" "Mozilla/5.0 (Windows NT 6.1; WOW64) AppleWebKit/537.36 (KHTML, like Gecko) Chrome/35.0.1916.153 Safari/537.36"
mediaeclips.infinitibizsol.com:443 162.0.223.40 - - [11/Jun/2025:15:36:43 +0000] "POST /wp-cron.php?doing_wp_cron=1749656202.8662829399108886718750 HTTP/1.1" 499 0 "-" "WordPress/6.5.5; https://mediaeclips.com"
mediaeclips.infinitibizsol.com:443 51.222.253.2 - - [11/Jun/2025:15:36:43 +0000] "GET /tag/role-of-email-marketing/feed/ HTTP/1.1" 304 0 "-" "Mozilla/5.0 (compatible; AhrefsBot/7.0; +http://ahrefs.com/robot/)"
mediaeclips.infinitibizsol.com:80 5.161.106.94 - - [11/Jun/2025:15:41:08 +0000] "POST /wp-load.php?0fb245=47850 HTTP/1.1" 200 1748 "-" "Mozilla/5.0 (Windows NT 10.0; Win64; x64) AppleWebKit/537.36 (KHTML, like Gecko) Chrome/104.0.5112.97 Safari/537.36"
mediaeclips.infinitibizsol.com:443 5.102.173.71 - - [11/Jun/2025:15:45:31 +0000] "GET / HTTP/1.1" 404 108413 "-" "Mozilla/5.0 (compatible; MojeekBot/0.11; +https://www.mojeek.com/bot.html)"
mediaeclips.infinitibizsol.com:443 162.0.223.40 - - [11/Jun/2025:15:46:10 +0000] "POST /wp-cron.php?doing_wp_cron=1749656769.1865160465240478515625 HTTP/1.1" 499 0 "-" "WordPress/6.5.5; https://mediaeclips.com"
mediaeclips.infinitibizsol.com:443 51.222.253.19 - - [11/Jun/2025:15:46:10 +0000] "GET /tag/effective-local-seo/feed/ HTTP/1.1" 304 0 "-" "Mozilla/5.0 (compatible; AhrefsBot/7.0; +http://ahrefs.com/robot/)"
mediaeclips.infinitibizsol.com:443 162.0.223.40 - - [11/Jun/2025:15:51:33 +0000] "POST /wp-cron.php?doing_wp_cron=1749657092.2409739494323730468750 HTTP/1.1" 499 0 "-" "WordPress/6.5.5; https://mediaeclips.com"
mediaeclips.infinitibizsol.com:443 51.222.253.20 - - [11/Jun/2025:15:51:33 +0000] "GET /tag/what-is-a-digital-marketing-campaign/feed/ HTTP/1.1" 304 0 "-" "Mozilla/5.0 (compatible; AhrefsBot/7.0; +http://ahrefs.com/robot/)"
mediaeclips.infinitibizsol.com:443 13.215.112.129 - - [11/Jun/2025:15:52:03 +0000] "GET /wp-content/uploads/2024/03/What-Are-The-Uses-of-AI-Content.webp HTTP/1.1" 200 35774 "-" "python-requests/2.30.0"
mediaeclips.infinitibizsol.com:80 5.161.52.234 - - [11/Jun/2025:15:56:14 +0000] "POST /wp-load.php?9cc0e7=78392 HTTP/1.1" 200 1748 "-" "Mozilla/5.0 (Windows NT 10.0; Win64; x64) AppleWebKit/537.36 (KHTML, like Gecko) Chrome/104.0.5112.97 Safari/537.36"
mediaeclips.infinitibizsol.com:443 162.0.223.40 - - [11/Jun/2025:15:56:53 +0000] "POST /wp-cron.php?doing_wp_cron=1749657412.5161540508270263671875 HTTP/1.1" 499 0 "-" "WordPress/6.5.5; https://mediaeclips.com"
mediaeclips.infinitibizsol.com:443 51.222.253.18 - - [11/Jun/2025:15:56:53 +0000] "GET /what-is-digital-marketing-and-how-does-it-work/feed/ HTTP/1.1" 304 0 "-" "Mozilla/5.0 (compatible; AhrefsBot/7.0; +http://ahrefs.com/robot/)"
mediaeclips.infinitibizsol.com:443 70.121.167.44 - - [11/Jun/2025:16:00:57 +0000] "GET / HTTP/1.1" 404 108421 "-" "Mozilla/5.0 (X11; Linux i686; rv:114.0) Gecko/20100101 Firefox/114.0"
mediaeclips.infinitibizsol.com:443 70.121.167.44 - - [11/Jun/2025:16:00:58 +0000] "GET /wp-content/plugins/contact-form-7/includes/js/index.js?ver=5.9.4 HTTP/1.1" 200 13054 "https://mediaeclips.com" "Mozilla/5.0 (X11; Linux i686; rv:114.0) Gecko/20100101 Firefox/114.0"
mediaeclips.infinitibizsol.com:443 162.0.223.40 - - [11/Jun/2025:16:01:18 +0000] "POST /wp-cron.php?doing_wp_cron=1749657677.9045178890228271484375 HTTP/1.1" 499 0 "-" "WordPress/6.5.5; https://mediaeclips.com"
mediaeclips.infinitibizsol.com:443 70.121.167.44 - - [11/Jun/2025:16:01:19 +0000] "POST /wp-json/contact-form-7/v1/contact-forms/159/feedback HTTP/1.1" 404 244 "https://mediaeclips.com" "Mozilla/5.0 (X11; Linux i686; rv:114.0) Gecko/20100101 Firefox/114.0"
mediaeclips.infinitibizsol.com:443 162.0.223.40 - - [11/Jun/2025:16:03:51 +0000] "POST /wp-cron.php?doing_wp_cron=1749657830.9060139656066894531250 HTTP/1.1" 499 0 "-" "WordPress/6.5.5; https://mediaeclips.com"
mediaeclips.infinitibizsol.com:443 51.222.253.10 - - [11/Jun/2025:16:03:51 +0000] "GET /tag/tips-for-successful-social-media-marketing/feed/ HTTP/1.1" 304 0 "-" "Mozilla/5.0 (compatible; AhrefsBot/7.0; +http://ahrefs.com/robot/)"
mediaeclips.infinitibizsol.com:443 162.0.223.40 - - [11/Jun/2025:16:10:43 +0000] "POST /wp-cron.php?doing_wp_cron=1749658242.0696609020233154296875 HTTP/1.1" 499 0 "-" "WordPress/6.5.5; https://mediaeclips.com"
mediaeclips.infinitibizsol.com:443 51.222.253.19 - - [11/Jun/2025:16:10:43 +0000] "GET /tag/seo-vs-ppc/feed/ HTTP/1.1" 304 0 "-" "Mozilla/5.0 (compatible; AhrefsBot/7.0; +http://ahrefs.com/robot/)"
mediaeclips.infinitibizsol.com:80 5.161.69.178 - - [11/Jun/2025:16:11:26 +0000] "POST /wp-load.php?bb01d4=37116 HTTP/1.1" 200 1748 "-" "Mozilla/5.0 (Windows NT 10.0; Win64; x64) AppleWebKit/537.36 (KHTML, like Gecko) Chrome/104.0.5112.97 Safari/537.36"
mediaeclips.infinitibizsol.com:443 162.0.223.40 - - [11/Jun/2025:16:17:16 +0000] "POST /wp-cron.php?doing_wp_cron=1749658635.2321441173553466796875 HTTP/1.1" 499 0 "-" "WordPress/6.5.5; https://mediaeclips.com"
mediaeclips.infinitibizsol.com:443 51.222.253.16 - - [11/Jun/2025:16:17:16 +0000] "GET /tag/digital-marketing-campaign/feed/ HTTP/1.1" 304 0 "-" "Mozilla/5.0 (compatible; AhrefsBot/7.0; +http://ahrefs.com/robot/)"
mediaeclips.infinitibizsol.com:443 70.121.167.44 - - [11/Jun/2025:16:23:00 +0000] "GET / HTTP/1.1" 404 108436 "-" "Mozilla/5.0 (X11; Linux i686; rv:114.0) Gecko/20100101 Firefox/114.0"
mediaeclips.infinitibizsol.com:443 70.121.167.44 - - [11/Jun/2025:16:23:00 +0000] "GET /wp-content/plugins/contact-form-7/includes/js/index.js?ver=5.9.4 HTTP/1.1" 200 13054 "https://mediaeclips.com/" "Mozilla/5.0 (X11; Linux i686; rv:114.0) Gecko/20100101 Firefox/114.0"
mediaeclips.infinitibizsol.com:443 162.0.223.40 - - [11/Jun/2025:16:23:20 +0000] "POST /wp-cron.php?doing_wp_cron=1749658999.7109539508819580078125 HTTP/1.1" 499 0 "-" "WordPress/6.5.5; https://mediaeclips.com"
mediaeclips.infinitibizsol.com:443 70.121.167.44 - - [11/Jun/2025:16:23:21 +0000] "POST /wp-json/contact-form-7/v1/contact-forms/159/feedback HTTP/1.1" 404 244 "https://mediaeclips.com/" "Mozilla/5.0 (X11; Linux i686; rv:114.0) Gecko/20100101 Firefox/114.0"
mediaeclips.infinitibizsol.com:443 51.222.253.14 - - [11/Jun/2025:16:24:07 +0000] "GET /tag/managed-it-services/feed/ HTTP/1.1" 304 0 "-" "Mozilla/5.0 (compatible; AhrefsBot/7.0; +http://ahrefs.com/robot/)"
mediaeclips.infinitibizsol.com:80 178.156.128.204 - - [11/Jun/2025:16:26:35 +0000] "POST /wp-load.php?3dc097=23727 HTTP/1.1" 200 1748 "-" "Mozilla/5.0 (Windows NT 10.0; Win64; x64) AppleWebKit/537.36 (KHTML, like Gecko) Chrome/104.0.5112.97 Safari/537.36"
mediaeclips.infinitibizsol.com:443 162.0.223.40 - - [11/Jun/2025:16:29:50 +0000] "POST /wp-cron.php?doing_wp_cron=1749659389.1379559040069580078125 HTTP/1.1" 499 0 "-" "WordPress/6.5.5; https://mediaeclips.com"
mediaeclips.infinitibizsol.com:443 51.222.253.3 - - [11/Jun/2025:16:29:50 +0000] "GET /tag/videography-services/feed/ HTTP/1.1" 304 0 "-" "Mozilla/5.0 (compatible; AhrefsBot/7.0; +http://ahrefs.com/robot/)"
mediaeclips.infinitibizsol.com:443 34.174.102.138 - - [11/Jun/2025:16:30:09 +0000] "GET /what-is-the-impact-of-ai-on-digital-marketing/ HTTP/1.1" 499 0 "-" "Mozilla/5.0 (Windows NT 10.0; Win64; x64) AppleWebKit/537.36 (KHTML, like Gecko) Chrome/123.0.0.0 Safari/537.36"
mediaeclips.infinitibizsol.com:443 162.0.223.40 - - [11/Jun/2025:16:33:27 +0000] "POST /wp-cron.php?doing_wp_cron=1749659606.4767620563507080078125 HTTP/1.1" 499 0 "-" "WordPress/6.5.5; https://mediaeclips.com"
mediaeclips.infinitibizsol.com:443 34.174.102.138 - - [11/Jun/2025:16:33:28 +0000] "GET /search-engine-marketing-what-is-sem-why-is-it-important/ HTTP/1.1" 404 100957 "-" "Mozilla/5.0 (Macintosh; Intel Mac OS X 10_15_7) AppleWebKit/605.1.15 (KHTML, like Gecko) Version/17.0 Safari/605.1.15"
mediaeclips.infinitibizsol.com:443 57.141.4.14 - - [11/Jun/2025:16:34:21 +0000] "GET /latest-seo-trends-you-need-to-know-in-2024/ HTTP/1.1" 404 102259 "-" "meta-externalagent/1.1 (+https://developers.facebook.com/docs/sharing/webmasters/crawler)"
mediaeclips.infinitibizsol.com:443 51.222.253.9 - - [11/Jun/2025:16:35:30 +0000] "GET /tag/what-is-local-seo/feed/ HTTP/1.1" 304 0 "-" "Mozilla/5.0 (compatible; AhrefsBot/7.0; +http://ahrefs.com/robot/)"
mediaeclips.infinitibizsol.com:443 162.0.223.40 - - [11/Jun/2025:16:41:10 +0000] "POST /wp-cron.php?doing_wp_cron=1749660069.9336729049682617187500 HTTP/1.1" 499 0 "-" "WordPress/6.5.5; https://mediaeclips.com"
mediaeclips.infinitibizsol.com:443 51.222.253.17 - - [11/Jun/2025:16:41:11 +0000] "GET /tag/texas-web-design/feed/ HTTP/1.1" 304 0 "-" "Mozilla/5.0 (compatible; AhrefsBot/7.0; +http://ahrefs.com/robot/)"
mediaeclips.infinitibizsol.com:80 5.161.106.94 - - [11/Jun/2025:16:41:35 +0000] "POST /wp-load.php?50a747=85252 HTTP/1.1" 200 1748 "-" "Mozilla/5.0 (Windows NT 10.0; Win64; x64) AppleWebKit/537.36 (KHTML, like Gecko) Chrome/104.0.5112.97 Safari/537.36"
mediaeclips.infinitibizsol.com:443 45.61.188.222 - - [11/Jun/2025:16:41:58 +0000] "GET /wp-login.php HTTP/1.1" 200 6532 "-" "Mozilla/5.0 (Windows NT 6.1) AppleWebKit/537.36 (KHTML, like Gecko) Chrome/36.0.1985.125 Safari/537.36"
mediaeclips.infinitibizsol.com:443 45.61.188.222 - - [11/Jun/2025:16:42:00 +0000] "POST /wp-login.php HTTP/1.1" 200 7022 "-" "Mozilla/5.0 (Windows NT 6.1) AppleWebKit/537.36 (KHTML, like Gecko) Chrome/36.0.1985.125 Safari/537.36"
mediaeclips.infinitibizsol.com:443 162.0.223.40 - - [11/Jun/2025:16:47:03 +0000] "POST /wp-cron.php?doing_wp_cron=1749660422.4539549350738525390625 HTTP/1.1" 499 0 "-" "WordPress/6.5.5; https://mediaeclips.com"
mediaeclips.infinitibizsol.com:443 51.222.253.1 - - [11/Jun/2025:16:47:03 +0000] "GET /tag/sem/feed/ HTTP/1.1" 304 0 "-" "Mozilla/5.0 (compatible; AhrefsBot/7.0; +http://ahrefs.com/robot/)"
mediaeclips.infinitibizsol.com:443 162.0.223.40 - - [11/Jun/2025:16:52:02 +0000] "POST /wp-cron.php?doing_wp_cron=1749660721.2055289745330810546875 HTTP/1.1" 499 0 "-" "WordPress/6.5.5; https://mediaeclips.com"
mediaeclips.infinitibizsol.com:443 57.141.4.15 - - [11/Jun/2025:16:52:03 +0000] "GET /how-to-do-keyword-research-for-seo/ HTTP/1.1" 404 110042 "-" "meta-externalagent/1.1 (+https://developers.facebook.com/docs/sharing/webmasters/crawler)"
mediaeclips.infinitibizsol.com:443 51.222.253.17 - - [11/Jun/2025:16:52:51 +0000] "GET /tag/videography/feed/ HTTP/1.1" 304 0 "-" "Mozilla/5.0 (compatible; AhrefsBot/7.0; +http://ahrefs.com/robot/)"
mediaeclips.infinitibizsol.com:80 5.161.52.234 - - [11/Jun/2025:16:56:44 +0000] "POST /wp-load.php?c53935=40090 HTTP/1.1" 200 1748 "-" "Mozilla/5.0 (Windows NT 10.0; Win64; x64) AppleWebKit/537.36 (KHTML, like Gecko) Chrome/104.0.5112.97 Safari/537.36"
mediaeclips.infinitibizsol.com:443 162.0.223.40 - - [11/Jun/2025:16:58:24 +0000] "POST /wp-cron.php?doing_wp_cron=1749661103.3326559066772460937500 HTTP/1.1" 499 0 "-" "WordPress/6.5.5; https://mediaeclips.com"
mediaeclips.infinitibizsol.com:443 113.16.16.162 - - [11/Jun/2025:16:58:24 +0000] "POST /wp-comments-post.php HTTP/1.1" 302 5 "-" "Mozilla/5.0 (Windows NT 10.0; Win64; x64) AppleWebKit/537.36 (KHTML, like Gecko) Chrome/108.0.0.0 Safari/537.36 Edg/108.0.1462.46"
mediaeclips.infinitibizsol.com:443 113.16.16.162 - - [11/Jun/2025:16:58:30 +0000] "GET /the-benefits-of-using-native-advertising-platforms/?unapproved=1205&moderation-hash=a6e12140ba71302874e82651d2e085fc HTTP/1.1" 404 101091 "-" "Mozilla/5.0 (Windows NT 10.0; Win64; x64) AppleWebKit/537.36 (KHTML, like Gecko) Chrome/108.0.0.0 Safari/537.36 Edg/108.0.1462.46"
mediaeclips.infinitibizsol.com:443 51.222.253.10 - - [11/Jun/2025:16:58:43 +0000] "GET /tag/latest-seo-trends/feed/ HTTP/1.1" 304 0 "-" "Mozilla/5.0 (compatible; AhrefsBot/7.0; +http://ahrefs.com/robot/)"
mediaeclips.infinitibizsol.com:443 34.174.218.0 - - [11/Jun/2025:16:59:54 +0000] "GET /what-is-digital-marketing-and-how-does-it-work/ HTTP/1.1" 404 83087 "-" "Mozilla/5.0 (Windows NT 10.0; Win64; x64) AppleWebKit/537.36 (KHTML, like Gecko) Chrome/123.0.0.0 Safari/537.36"
mediaeclips.infinitibizsol.com:443 162.0.223.40 - - [11/Jun/2025:17:05:36 +0000] "POST /wp-cron.php?doing_wp_cron=1749661535.9736440181732177734375 HTTP/1.1" 499 0 "-" "WordPress/6.5.5; https://mediaeclips.com"
mediaeclips.infinitibizsol.com:443 51.222.253.12 - - [11/Jun/2025:17:05:37 +0000] "GET /tag/what-is-ui-design/feed/ HTTP/1.1" 304 0 "-" "Mozilla/5.0 (compatible; AhrefsBot/7.0; +http://ahrefs.com/robot/)"
mediaeclips.infinitibizsol.com:80 159.89.232.201 - - [11/Jun/2025:17:11:00 +0000] "GET / HTTP/1.1" 499 0 "-" "Mozilla/5.0 (X11; Linux x86_64) AppleWebKit/537.36 (KHTML, like Gecko) Chrome/137.0.0.0 Safari/537.36"
mediaeclips.infinitibizsol.com:80 162.0.223.40 - - [11/Jun/2025:17:11:02 +0000] "POST /wp-cron.php?doing_wp_cron=1749661861.3494620323181152343750 HTTP/1.1" 499 0 "-" "WordPress/6.5.5; https://mediaeclips.com"
mediaeclips.infinitibizsol.com:443 159.89.232.201 - - [11/Jun/2025:17:11:03 +0000] "GET / HTTP/1.1" 499 0 "-" "Mozilla/5.0 (X11; Linux x86_64) AppleWebKit/537.36 (KHTML, like Gecko) Chrome/137.0.0.0 Safari/537.36"
mediaeclips.infinitibizsol.com:443 162.0.223.40 - - [11/Jun/2025:17:11:06 +0000] "POST /wp-cron.php?doing_wp_cron=1749661865.8261868953704833984375 HTTP/1.1" 499 0 "-" "WordPress/6.5.5; https://mediaeclips.com"
mediaeclips.infinitibizsol.com:443 23.81.231.144 - - [11/Jun/2025:17:11:19 +0000] "GET /contact-us/ HTTP/1.1" 404 61011 "-" "Mozilla/5.0 (X11; Linux i686; rv:114.0) Gecko/20100101 Firefox/114.0"
mediaeclips.infinitibizsol.com:443 23.81.231.144 - - [11/Jun/2025:17:11:21 +0000] "GET / HTTP/1.1" 404 108413 "-" "Mozilla/5.0 (X11; Linux i686; rv:114.0) Gecko/20100101 Firefox/114.0"
mediaeclips.infinitibizsol.com:443 23.81.231.144 - - [11/Jun/2025:17:11:22 +0000] "GET /wp-content/plugins/contact-form-7/includes/js/index.js?ver=5.9.4 HTTP/1.1" 200 13054 "https://mediaeclips.com/" "Mozilla/5.0 (X11; Linux i686; rv:114.0) Gecko/20100101 Firefox/114.0"
mediaeclips.infinitibizsol.com:443 23.81.231.144 - - [11/Jun/2025:17:11:28 +0000] "POST /wp-json/contact-form-7/v1/contact-forms/159/feedback HTTP/1.1" 404 244 "https://mediaeclips.com/" "Mozilla/5.0 (X11; Linux i686; rv:114.0) Gecko/20100101 Firefox/114.0"
mediaeclips.infinitibizsol.com:80 5.161.250.15 - - [11/Jun/2025:17:11:46 +0000] "POST /wp-load.php?d5faa5=38193 HTTP/1.1" 200 1748 "-" "Mozilla/5.0 (Windows NT 10.0; Win64; x64) AppleWebKit/537.36 (KHTML, like Gecko) Chrome/104.0.5112.97 Safari/537.36"
mediaeclips.infinitibizsol.com:443 51.222.253.14 - - [11/Jun/2025:17:12:19 +0000] "GET /tag/rewards-of-ai-content/feed/ HTTP/1.1" 304 0 "-" "Mozilla/5.0 (compatible; AhrefsBot/7.0; +http://ahrefs.com/robot/)"
mediaeclips.infinitibizsol.com:80 182.42.105.144 - - [11/Jun/2025:17:13:01 +0000] "GET / HTTP/1.1" 404 5 "-" "Mozilla/5.0 (iPhone; CPU iPhone OS 13_2_3 like Mac OS X) AppleWebKit/605.1.15 (KHTML, like Gecko) Version/13.0.3 Mobile/15E148 Safari/604.1"
mediaeclips.infinitibizsol.com:443 45.227.253.15 - - [11/Jun/2025:17:13:52 +0000] "GET /index.php/jk HTTP/1.1" 200 54 "-" "Mozilla/5.0 (Macintosh; Intel Mac OS X 10.13; rv:103.0) Gecko/20100101 Firefox/102.0"
mediaeclips.infinitibizsol.com:443 162.0.223.40 - - [11/Jun/2025:17:17:55 +0000] "POST /wp-cron.php?doing_wp_cron=1749662274.4587829113006591796875 HTTP/1.1" 499 0 "-" "WordPress/6.5.5; https://mediaeclips.com"
mediaeclips.infinitibizsol.com:443 57.141.4.10 - - [11/Jun/2025:17:17:56 +0000] "GET /tag/social-media-and-seo/ HTTP/1.1" 404 47991 "-" "meta-externalagent/1.1 (+https://developers.facebook.com/docs/sharing/webmasters/crawler)"
mediaeclips.infinitibizsol.com:443 51.222.253.1 - - [11/Jun/2025:17:18:50 +0000] "GET /tag/why-content-marketing-is-important/feed/ HTTP/1.1" 304 0 "-" "Mozilla/5.0 (compatible; AhrefsBot/7.0; +http://ahrefs.com/robot/)"
mediaeclips.infinitibizsol.com:443 162.0.223.40 - - [11/Jun/2025:17:23:10 +0000] "POST /wp-cron.php?doing_wp_cron=1749662589.7195260524749755859375 HTTP/1.1" 499 0 "-" "WordPress/6.5.5; https://mediaeclips.com"
mediaeclips.infinitibizsol.com:443 41.141.41.64 - - [11/Jun/2025:17:23:10 +0000] "GET /axmrlpc.php HTTP/1.1" 404 5 "-" "Mozilla/5.0 (Windows NT 10.0; Win64; x64) AppleWebKit/537.36 (KHTML, like Gecko) Chrome/136.0.0.0 Safari/537.36"
mediaeclips.infinitibizsol.com:443 162.0.223.40 - - [11/Jun/2025:17:24:58 +0000] "POST /wp-cron.php?doing_wp_cron=1749662697.5700430870056152343750 HTTP/1.1" 499 0 "-" "WordPress/6.5.5; https://mediaeclips.com"
mediaeclips.infinitibizsol.com:443 51.222.253.14 - - [11/Jun/2025:17:24:58 +0000] "GET /tag/inbound-vs-outbound-marketing/feed/ HTTP/1.1" 304 0 "-" "Mozilla/5.0 (compatible; AhrefsBot/7.0; +http://ahrefs.com/robot/)"
