mediaeclips.infinitibizsol.com:443 51.222.253.12 - - [10/Jun/2025:21:00:30 +0000] "GET /goods.php?sitemap.xml HTTP/1.1" 404 5 "-" "Mozilla/5.0 (compatible; AhrefsBot/7.0; +http://ahrefs.com/robot/)"
mediaeclips.infinitibizsol.com:443 198.98.62.72 - - [10/Jun/2025:21:02:15 +0000] "GET /wp-login.php HTTP/1.1" 200 6532 "-" "Mozilla/5.0 (Macintosh; Intel Mac OS X 10_9_3) AppleWebKit/537.76.4 (KHTML, like Gecko) Version/7.0.4 Safari/537.76.4"
mediaeclips.infinitibizsol.com:443 198.98.62.72 - - [10/Jun/2025:21:02:17 +0000] "POST /wp-login.php HTTP/1.1" 200 7021 "-" "Mozilla/5.0 (Macintosh; Intel Mac OS X 10_9_3) AppleWebKit/537.76.4 (KHTML, like Gecko) Version/7.0.4 Safari/537.76.4"
mediaeclips.infinitibizsol.com:443 162.0.223.40 - - [10/Jun/2025:21:05:32 +0000] "POST /wp-cron.php?doing_wp_cron=1749589531.3748319149017333984375 HTTP/1.1" 499 0 "-" "WordPress/6.5.5; https://mediaeclips.com"
mediaeclips.infinitibizsol.com:443 84.239.47.22 - - [10/Jun/2025:21:05:34 +0000] "GET /the-best-social-media-marketing-tools/ HTTP/1.0" 404 128749 "https://mediaeclips.com/the-best-social-media-marketing-tools/" "Mozilla/5.0 (Windows NT 10.0; Win64; x64) AppleWebKit/537.36 (KHTML, like Gecko) Chrome/131.0.0.0 Safari/537.36"
mediaeclips.infinitibizsol.com:443 84.239.47.22 - - [10/Jun/2025:21:05:39 +0000] "POST /wp-comments-post.php HTTP/1.0" 302 0 "https://mediaeclips.com/the-best-social-media-marketing-tools/" "Mozilla/5.0 (Windows NT 10.0; Win64; x64) AppleWebKit/537.36 (KHTML, like Gecko) Chrome/131.0.0.0 Safari/537.36"
mediaeclips.infinitibizsol.com:443 84.239.47.22 - - [10/Jun/2025:21:05:44 +0000] "GET /the-best-social-media-marketing-tools/ HTTP/1.0" 404 130333 "https://mediaeclips.com/the-best-social-media-marketing-tools/#comment-1201" "Mozilla/5.0 (Windows NT 10.0; Win64; x64) AppleWebKit/537.36 (KHTML, like Gecko) Chrome/131.0.0.0 Safari/537.36"
mediaeclips.infinitibizsol.com:443 84.239.47.22 - - [10/Jun/2025:21:05:50 +0000] "GET / HTTP/1.0" 404 108233 "https://mediaeclips.com/" "Mozilla/5.0 (Windows NT 10.0; Win64; x64) AppleWebKit/537.36 (KHTML, like Gecko) Chrome/131.0.0.0 Safari/537.36"
mediaeclips.infinitibizsol.com:443 84.239.47.22 - - [10/Jun/2025:21:05:56 +0000] "GET /the-best-social-media-marketing-tools/ HTTP/1.0" 404 130333 "https://mediaeclips.com/the-best-social-media-marketing-tools/#comment-1201" "Mozilla/5.0 (Windows NT 10.0; Win64; x64) AppleWebKit/537.36 (KHTML, like Gecko) Chrome/131.0.0.0 Safari/537.36"
mediaeclips.infinitibizsol.com:443 84.239.47.22 - - [10/Jun/2025:21:06:01 +0000] "GET / HTTP/1.0" 404 108233 "https://mediaeclips.com/" "Mozilla/5.0 (Windows NT 10.0; Win64; x64) AppleWebKit/537.36 (KHTML, like Gecko) Chrome/131.0.0.0 Safari/537.36"
mediaeclips.infinitibizsol.com:443 84.239.47.22 - - [10/Jun/2025:21:06:05 +0000] "GET /blogs/ HTTP/1.0" 404 57617 "https://mediaeclips.com/blogs/" "Mozilla/5.0 (Windows NT 10.0; Win64; x64) AppleWebKit/537.36 (KHTML, like Gecko) Chrome/131.0.0.0 Safari/537.36"
mediaeclips.infinitibizsol.com:443 84.239.47.22 - - [10/Jun/2025:21:06:12 +0000] "GET / HTTP/1.0" 404 108233 "https://mediaeclips.com/" "Mozilla/5.0 (Windows NT 10.0; Win64; x64) AppleWebKit/537.36 (KHTML, like Gecko) Chrome/131.0.0.0 Safari/537.36"
mediaeclips.infinitibizsol.com:443 162.0.223.40 - - [10/Jun/2025:21:11:32 +0000] "POST /wp-cron.php?doing_wp_cron=1749589891.1162099838256835937500 HTTP/1.1" 499 0 "-" "WordPress/6.5.5; https://mediaeclips.com"
mediaeclips.infinitibizsol.com:443 51.222.253.6 - - [10/Jun/2025:21:11:32 +0000] "GET /sitemap.xml HTTP/1.1" 404 5 "-" "Mozilla/5.0 (compatible; AhrefsBot/7.0; +http://ahrefs.com/robot/)"
mediaeclips.infinitibizsol.com:443 34.174.108.117 - - [10/Jun/2025:21:13:00 +0000] "GET /seo-techniques-to-boost-organic-traffic-and-rankings/ HTTP/1.1" 404 115522 "-" "Mozilla/5.0 (Windows NT 10.0; Win64; x64) AppleWebKit/537.36 (KHTML, like Gecko) Chrome/123.0.0.0 Safari/537.36"
mediaeclips.infinitibizsol.com:443 66.249.64.164 - - [10/Jun/2025:21:13:07 +0000] "GET /shopdetail/137744839 HTTP/1.1" 404 5 "-" "Mozilla/5.0 (Linux; Android 6.0.1; Nexus 5X Build/MMB29P) AppleWebKit/537.36 (KHTML, like Gecko) Chrome/136.0.7103.113 Mobile Safari/537.36 (compatible; Googlebot/2.1; +http://www.google.com/bot.html)"
mediaeclips.infinitibizsol.com:80 5.161.69.178 - - [10/Jun/2025:21:13:36 +0000] "POST /wp-load.php?b616a5=58593 HTTP/1.1" 200 1748 "-" "Mozilla/5.0 (Windows NT 10.0; Win64; x64) AppleWebKit/537.36 (KHTML, like Gecko) Chrome/104.0.5112.97 Safari/537.36"
mediaeclips.infinitibizsol.com:443 162.0.223.40 - - [10/Jun/2025:21:16:28 +0000] "POST /wp-cron.php?doing_wp_cron=1749590187.1534330844879150390625 HTTP/1.1" 499 0 "-" "WordPress/6.5.5; https://mediaeclips.com"
mediaeclips.infinitibizsol.com:443 66.249.64.164 - - [10/Jun/2025:21:16:28 +0000] "GET /shopdetail/123242739 HTTP/1.1" 404 5 "-" "Mozilla/5.0 (Linux; Android 6.0.1; Nexus 5X Build/MMB29P) AppleWebKit/537.36 (KHTML, like Gecko) Chrome/136.0.7103.113 Mobile Safari/537.36 (compatible; Googlebot/2.1; +http://www.google.com/bot.html)"
mediaeclips.infinitibizsol.com:443 162.0.223.40 - - [10/Jun/2025:21:20:28 +0000] "POST /wp-cron.php?doing_wp_cron=1749590427.7416319847106933593750 HTTP/1.1" 499 0 "-" "WordPress/6.5.5; https://mediaeclips.com"
mediaeclips.infinitibizsol.com:443 66.249.64.164 - - [10/Jun/2025:21:20:28 +0000] "GET /shopdetail/98817239 HTTP/1.1" 404 5 "-" "Mozilla/5.0 (Linux; Android 6.0.1; Nexus 5X Build/MMB29P) AppleWebKit/537.36 (KHTML, like Gecko) Chrome/136.0.7103.113 Mobile Safari/537.36 (compatible; Googlebot/2.1; +http://www.google.com/bot.html)"
mediaeclips.infinitibizsol.com:443 51.222.253.16 - - [10/Jun/2025:21:21:11 +0000] "GET /tag/role-of-email-marketing/feed/ HTTP/1.1" 304 0 "-" "Mozilla/5.0 (compatible; AhrefsBot/7.0; +http://ahrefs.com/robot/)"
mediaeclips.infinitibizsol.com:443 17.241.227.167 - - [10/Jun/2025:21:23:19 +0000] "GET /tag/what-is-conversion-rate/ HTTP/1.1" 404 48114 "-" "Mozilla/5.0 (Macintosh; Intel Mac OS X 10_15_7) AppleWebKit/605.1.15 (KHTML, like Gecko) Version/17.4 Safari/605.1.15 (Applebot/0.1; +http://www.apple.com/go/applebot)"
mediaeclips.infinitibizsol.com:80 5.161.177.123 - - [10/Jun/2025:21:28:45 +0000] "POST /wp-load.php?b0a46e=52821 HTTP/1.1" 200 1748 "-" "Mozilla/5.0 (Windows NT 10.0; Win64; x64) AppleWebKit/537.36 (KHTML, like Gecko) Chrome/104.0.5112.97 Safari/537.36"
mediaeclips.infinitibizsol.com:443 87.250.224.89 - - [10/Jun/2025:21:30:51 +0000] "GET /category/digital-marketing/ HTTP/1.1" 404 66372 "-" "Mozilla/5.0 (compatible; YandexBot/3.0; +http://yandex.com/bots)"
mediaeclips.infinitibizsol.com:443 162.0.223.40 - - [10/Jun/2025:21:31:04 +0000] "POST /wp-cron.php?doing_wp_cron=1749591062.9998590946197509765625 HTTP/1.1" 499 0 "-" "WordPress/6.5.5; https://mediaeclips.com"
mediaeclips.infinitibizsol.com:443 51.222.253.2 - - [10/Jun/2025:21:31:04 +0000] "GET /tag/effective-local-seo/feed/ HTTP/1.1" 304 0 "-" "Mozilla/5.0 (compatible; AhrefsBot/7.0; +http://ahrefs.com/robot/)"
mediaeclips.infinitibizsol.com:80 162.0.223.40 - - [10/Jun/2025:21:37:04 +0000] "POST /wp-cron.php?doing_wp_cron=1749591423.5745480060577392578125 HTTP/1.1" 499 0 "-" "WordPress/6.5.5; https://mediaeclips.com"
mediaeclips.infinitibizsol.com:80 173.249.4.31 - - [10/Jun/2025:21:37:04 +0000] "GET /ss.php?f_c=1 HTTP/1.1" 404 5 "www.google.com" "Mozlila/5.0 (Linux; Android 7.0; SM-G892A Bulid/NRD90M; wv) AppleWebKit/537.36 (KHTML, like Gecko) Version/4.0 Chrome/60.0.3112.107 Moblie Safari/537.36"
mediaeclips.infinitibizsol.com:443 173.249.4.31 - - [10/Jun/2025:21:37:09 +0000] "GET /ss.php?f_c=1 HTTP/1.1" 404 5 "www.google.com" "Mozlila/5.0 (Linux; Android 7.0; SM-G892A Bulid/NRD90M; wv) AppleWebKit/537.36 (KHTML, like Gecko) Version/4.0 Chrome/60.0.3112.107 Moblie Safari/537.36"
mediaeclips.infinitibizsol.com:443 162.0.223.40 - - [10/Jun/2025:21:40:15 +0000] "POST /wp-cron.php?doing_wp_cron=1749591614.1876521110534667968750 HTTP/1.1" 499 0 "-" "WordPress/6.5.5; https://mediaeclips.com"
mediaeclips.infinitibizsol.com:443 216.73.216.232 - - [10/Jun/2025:21:40:15 +0000] "GET /goods.php HTTP/1.1" 404 5 "-" "Mozilla/5.0 AppleWebKit/537.36 (KHTML, like Gecko; compatible; ClaudeBot/1.0; +claudebot@anthropic.com)"
mediaeclips.infinitibizsol.com:443 80.85.246.74 - - [10/Jun/2025:21:41:34 +0000] "GET / HTTP/1.1" 404 108420 "-" "Mozilla/5.0 (Macintosh; Intel Mac OS X 10_15_7) AppleWebKit/537.36 (KHTML, like Gecko) Chrome/133.0.0.0 Safari/537.36"
mediaeclips.infinitibizsol.com:443 118.172.43.36 - - [10/Jun/2025:21:41:47 +0000] "POST / HTTP/1.1" 404 108794 "-" "Mozilla/5.0 (Macintosh; Intel Mac OS X 10_15_7) AppleWebKit/537.36 (KHTML, like Gecko) Chrome/133.0.0.0 Safari/537.36"
mediaeclips.infinitibizsol.com:443 118.172.43.36 - - [10/Jun/2025:21:41:56 +0000] "POST / HTTP/1.1" 404 108262 "-" "Mozilla/5.0 (Windows NT 10.0; Win64; x64) AppleWebKit/537.36 (KHTML, like Gecko) Chrome/120.0.0.0 Safari/537.36"
mediaeclips.infinitibizsol.com:443 118.172.43.36 - - [10/Jun/2025:21:42:08 +0000] "POST / HTTP/1.1" 404 108389 "-" "Mozilla/5.0 (Macintosh; Intel Mac OS X 10_15_7) AppleWebKit/537.36 (KHTML, like Gecko) Chrome/133.0.0.0 Safari/537.36"
mediaeclips.infinitibizsol.com:443 118.172.43.36 - - [10/Jun/2025:21:42:16 +0000] "POST / HTTP/1.1" 404 108262 "-" "Mozilla/5.0 (Windows NT 10.0; Win64; x64) AppleWebKit/537.36 (KHTML, like Gecko) Chrome/120.0.0.0 Safari/537.36"
mediaeclips.infinitibizsol.com:443 80.85.246.74 - - [10/Jun/2025:21:42:29 +0000] "GET /comments/feed/ HTTP/1.1" 404 937 "-" "Mozilla/5.0 (Macintosh; Intel Mac OS X 10_15_7) AppleWebKit/537.36 (KHTML, like Gecko) Chrome/133.0.0.0 Safari/537.36"
mediaeclips.infinitibizsol.com:443 80.85.246.74 - - [10/Jun/2025:21:42:33 +0000] "GET /graphic-design/ HTTP/1.1" 404 65450 "-" "Mozilla/5.0 (Macintosh; Intel Mac OS X 10_15_7) AppleWebKit/537.36 (KHTML, like Gecko) Chrome/133.0.0.0 Safari/537.36"
mediaeclips.infinitibizsol.com:443 118.172.43.36 - - [10/Jun/2025:21:42:44 +0000] "POST /graphic-design/ HTTP/1.1" 404 65388 "-" "Mozilla/5.0 (Macintosh; Intel Mac OS X 10_15_7) AppleWebKit/537.36 (KHTML, like Gecko) Chrome/133.0.0.0 Safari/537.36"
mediaeclips.infinitibizsol.com:443 118.172.43.36 - - [10/Jun/2025:21:42:53 +0000] "POST /graphic-design/ HTTP/1.1" 404 65306 "-" "Mozilla/5.0 (Windows NT 10.0; Win64; x64) AppleWebKit/537.36 (KHTML, like Gecko) Chrome/120.0.0.0 Safari/537.36"
mediaeclips.infinitibizsol.com:443 80.85.246.74 - - [10/Jun/2025:21:43:04 +0000] "GET /blogs/ HTTP/1.1" 404 57804 "-" "Mozilla/5.0 (Macintosh; Intel Mac OS X 10_15_7) AppleWebKit/537.36 (KHTML, like Gecko) Chrome/133.0.0.0 Safari/537.36"
mediaeclips.infinitibizsol.com:443 162.0.223.40 - - [10/Jun/2025:21:43:19 +0000] "POST /wp-cron.php?doing_wp_cron=1749591798.1706330776214599609375 HTTP/1.1" 499 0 "-" "WordPress/6.5.5; https://mediaeclips.com"
mediaeclips.infinitibizsol.com:443 118.172.43.36 - - [10/Jun/2025:21:43:22 +0000] "POST /blogs/ HTTP/1.1" 404 57827 "-" "Mozilla/5.0 (Macintosh; Intel Mac OS X 10_15_7) AppleWebKit/537.36 (KHTML, like Gecko) Chrome/133.0.0.0 Safari/537.36"
mediaeclips.infinitibizsol.com:443 118.172.43.36 - - [10/Jun/2025:21:43:35 +0000] "POST /blogs/ HTTP/1.1" 404 57711 "-" "Mozilla/5.0 (Windows NT 10.0; Win64; x64) AppleWebKit/537.36 (KHTML, like Gecko) Chrome/120.0.0.0 Safari/537.36"
mediaeclips.infinitibizsol.com:443 80.85.246.74 - - [10/Jun/2025:21:43:37 +0000] "GET /blogs/page/2/ HTTP/1.1" 404 57705 "-" "Mozilla/5.0 (Macintosh; Intel Mac OS X 10_15_7) AppleWebKit/537.36 (KHTML, like Gecko) Chrome/133.0.0.0 Safari/537.36"
mediaeclips.infinitibizsol.com:443 51.222.253.20 - - [10/Jun/2025:21:43:40 +0000] "GET /tag/what-is-a-digital-marketing-campaign/feed/ HTTP/1.1" 304 0 "-" "Mozilla/5.0 (compatible; AhrefsBot/7.0; +http://ahrefs.com/robot/)"
mediaeclips.infinitibizsol.com:443 118.172.43.36 - - [10/Jun/2025:21:43:51 +0000] "POST /blogs/page/2/ HTTP/1.1" 404 57815 "-" "Mozilla/5.0 (Macintosh; Intel Mac OS X 10_15_7) AppleWebKit/537.36 (KHTML, like Gecko) Chrome/133.0.0.0 Safari/537.36"
mediaeclips.infinitibizsol.com:80 5.161.106.94 - - [10/Jun/2025:21:43:54 +0000] "POST /wp-load.php?3f52a9=64775 HTTP/1.1" 200 1748 "-" "Mozilla/5.0 (Windows NT 10.0; Win64; x64) AppleWebKit/537.36 (KHTML, like Gecko) Chrome/104.0.5112.97 Safari/537.36"
mediaeclips.infinitibizsol.com:443 118.172.43.36 - - [10/Jun/2025:21:43:59 +0000] "POST /blogs/page/2/ HTTP/1.1" 404 57645 "-" "Mozilla/5.0 (Windows NT 10.0; Win64; x64) AppleWebKit/537.36 (KHTML, like Gecko) Chrome/120.0.0.0 Safari/537.36"
mediaeclips.infinitibizsol.com:443 80.85.246.74 - - [10/Jun/2025:21:44:05 +0000] "GET /blogs/page/3/ HTTP/1.1" 404 57934 "-" "Mozilla/5.0 (Macintosh; Intel Mac OS X 10_15_7) AppleWebKit/537.36 (KHTML, like Gecko) Chrome/133.0.0.0 Safari/537.36"
mediaeclips.infinitibizsol.com:443 118.172.43.36 - - [10/Jun/2025:21:44:20 +0000] "POST /blogs/page/3/ HTTP/1.1" 404 57938 "-" "Mozilla/5.0 (Macintosh; Intel Mac OS X 10_15_7) AppleWebKit/537.36 (KHTML, like Gecko) Chrome/133.0.0.0 Safari/537.36"
mediaeclips.infinitibizsol.com:443 118.172.43.36 - - [10/Jun/2025:21:44:26 +0000] "POST /blogs/page/3/ HTTP/1.1" 404 57820 "-" "Mozilla/5.0 (Windows NT 10.0; Win64; x64) AppleWebKit/537.36 (KHTML, like Gecko) Chrome/120.0.0.0 Safari/537.36"
mediaeclips.infinitibizsol.com:443 80.85.246.74 - - [10/Jun/2025:21:44:28 +0000] "GET /blogs/page/4/ HTTP/1.1" 404 57951 "-" "Mozilla/5.0 (Macintosh; Intel Mac OS X 10_15_7) AppleWebKit/537.36 (KHTML, like Gecko) Chrome/133.0.0.0 Safari/537.36"
mediaeclips.infinitibizsol.com:443 118.172.43.36 - - [10/Jun/2025:21:44:40 +0000] "POST /blogs/page/4/ HTTP/1.1" 404 57962 "-" "Mozilla/5.0 (Macintosh; Intel Mac OS X 10_15_7) AppleWebKit/537.36 (KHTML, like Gecko) Chrome/133.0.0.0 Safari/537.36"
mediaeclips.infinitibizsol.com:443 118.172.43.36 - - [10/Jun/2025:21:44:47 +0000] "POST /blogs/page/4/ HTTP/1.1" 404 57865 "-" "Mozilla/5.0 (Windows NT 10.0; Win64; x64) AppleWebKit/537.36 (KHTML, like Gecko) Chrome/120.0.0.0 Safari/537.36"
mediaeclips.infinitibizsol.com:443 80.85.246.74 - - [10/Jun/2025:21:44:50 +0000] "GET /blogs/page/6/ HTTP/1.1" 404 58062 "-" "Mozilla/5.0 (Macintosh; Intel Mac OS X 10_15_7) AppleWebKit/537.36 (KHTML, like Gecko) Chrome/133.0.0.0 Safari/537.36"
mediaeclips.infinitibizsol.com:443 118.172.43.36 - - [10/Jun/2025:21:45:00 +0000] "POST /blogs/page/6/ HTTP/1.1" 404 58121 "-" "Mozilla/5.0 (Macintosh; Intel Mac OS X 10_15_7) AppleWebKit/537.36 (KHTML, like Gecko) Chrome/133.0.0.0 Safari/537.36"
mediaeclips.infinitibizsol.com:443 118.172.43.36 - - [10/Jun/2025:21:45:09 +0000] "POST /blogs/page/6/ HTTP/1.1" 404 57990 "-" "Mozilla/5.0 (Windows NT 10.0; Win64; x64) AppleWebKit/537.36 (KHTML, like Gecko) Chrome/120.0.0.0 Safari/537.36"
mediaeclips.infinitibizsol.com:443 80.85.246.74 - - [10/Jun/2025:21:45:13 +0000] "GET /blogs/page/7/ HTTP/1.1" 404 57999 "-" "Mozilla/5.0 (Macintosh; Intel Mac OS X 10_15_7) AppleWebKit/537.36 (KHTML, like Gecko) Chrome/133.0.0.0 Safari/537.36"
mediaeclips.infinitibizsol.com:443 118.172.43.36 - - [10/Jun/2025:21:45:25 +0000] "POST /blogs/page/7/ HTTP/1.1" 404 58210 "-" "Mozilla/5.0 (Macintosh; Intel Mac OS X 10_15_7) AppleWebKit/537.36 (KHTML, like Gecko) Chrome/133.0.0.0 Safari/537.36"
mediaeclips.infinitibizsol.com:443 118.172.43.36 - - [10/Jun/2025:21:45:39 +0000] "POST /blogs/page/7/ HTTP/1.1" 404 57933 "-" "Mozilla/5.0 (Windows NT 10.0; Win64; x64) AppleWebKit/537.36 (KHTML, like Gecko) Chrome/120.0.0.0 Safari/537.36"
mediaeclips.infinitibizsol.com:443 80.85.246.74 - - [10/Jun/2025:21:45:48 +0000] "GET /blogs/page/8/ HTTP/1.1" 404 55996 "-" "Mozilla/5.0 (Macintosh; Intel Mac OS X 10_15_7) AppleWebKit/537.36 (KHTML, like Gecko) Chrome/133.0.0.0 Safari/537.36"
mediaeclips.infinitibizsol.com:443 118.172.43.36 - - [10/Jun/2025:21:45:57 +0000] "POST /blogs/page/8/ HTTP/1.1" 404 55999 "-" "Mozilla/5.0 (Macintosh; Intel Mac OS X 10_15_7) AppleWebKit/537.36 (KHTML, like Gecko) Chrome/133.0.0.0 Safari/537.36"
mediaeclips.infinitibizsol.com:443 118.172.43.36 - - [10/Jun/2025:21:46:07 +0000] "POST /blogs/page/8/ HTTP/1.1" 404 55936 "-" "Mozilla/5.0 (Windows NT 10.0; Win64; x64) AppleWebKit/537.36 (KHTML, like Gecko) Chrome/120.0.0.0 Safari/537.36"
mediaeclips.infinitibizsol.com:443 80.85.246.74 - - [10/Jun/2025:21:46:10 +0000] "GET /category/ux-ui-design/ HTTP/1.1" 404 48017 "-" "Mozilla/5.0 (Macintosh; Intel Mac OS X 10_15_7) AppleWebKit/537.36 (KHTML, like Gecko) Chrome/133.0.0.0 Safari/537.36"
mediaeclips.infinitibizsol.com:443 118.172.43.36 - - [10/Jun/2025:21:46:20 +0000] "POST /category/ux-ui-design/ HTTP/1.1" 404 48023 "-" "Mozilla/5.0 (Macintosh; Intel Mac OS X 10_15_7) AppleWebKit/537.36 (KHTML, like Gecko) Chrome/133.0.0.0 Safari/537.36"
mediaeclips.infinitibizsol.com:443 45.135.38.208 - - [10/Jun/2025:21:46:21 +0000] "GET /contact-us HTTP/1.1" 404 61011 "-" "Mozilla/5.0 (X11; Linux i686) AppleWebKit/537.36 (KHTML, like Gecko) Chrome/114.0.0.0 Safari/537.36 Vivaldi/5.3.2679.68"
mediaeclips.infinitibizsol.com:443 45.135.38.208 - - [10/Jun/2025:21:46:23 +0000] "GET / HTTP/1.1" 404 108420 "-" "Mozilla/5.0 (X11; Linux i686) AppleWebKit/537.36 (KHTML, like Gecko) Chrome/114.0.0.0 Safari/537.36 Vivaldi/5.3.2679.68"
mediaeclips.infinitibizsol.com:443 45.135.38.208 - - [10/Jun/2025:21:46:24 +0000] "GET /wp-content/plugins/contact-form-7/includes/js/index.js?ver=5.9.4 HTTP/1.1" 200 13054 "https://mediaeclips.com/" "Mozilla/5.0 (X11; Linux i686) AppleWebKit/537.36 (KHTML, like Gecko) Chrome/114.0.0.0 Safari/537.36 Vivaldi/5.3.2679.68"
mediaeclips.infinitibizsol.com:443 45.135.38.208 - - [10/Jun/2025:21:46:29 +0000] "POST /wp-json/contact-form-7/v1/contact-forms/159/feedback HTTP/1.1" 404 244 "https://mediaeclips.com/" "Mozilla/5.0 (X11; Linux i686) AppleWebKit/537.36 (KHTML, like Gecko) Chrome/114.0.0.0 Safari/537.36 Vivaldi/5.3.2679.68"
mediaeclips.infinitibizsol.com:443 118.172.43.36 - - [10/Jun/2025:21:46:29 +0000] "POST /category/ux-ui-design/ HTTP/1.1" 404 47909 "-" "Mozilla/5.0 (Windows NT 10.0; Win64; x64) AppleWebKit/537.36 (KHTML, like Gecko) Chrome/120.0.0.0 Safari/537.36"
mediaeclips.infinitibizsol.com:443 80.85.246.74 - - [10/Jun/2025:21:46:37 +0000] "GET /contact-us/ HTTP/1.1" 404 61027 "-" "Mozilla/5.0 (Macintosh; Intel Mac OS X 10_15_7) AppleWebKit/537.36 (KHTML, like Gecko) Chrome/133.0.0.0 Safari/537.36"
mediaeclips.infinitibizsol.com:443 118.172.43.36 - - [10/Jun/2025:21:46:44 +0000] "POST /contact-us/ HTTP/1.1" 404 61285 "-" "Mozilla/5.0 (Macintosh; Intel Mac OS X 10_15_7) AppleWebKit/537.36 (KHTML, like Gecko) Chrome/133.0.0.0 Safari/537.36"
mediaeclips.infinitibizsol.com:443 118.172.43.36 - - [10/Jun/2025:21:46:51 +0000] "POST /contact-us/ HTTP/1.1" 404 60902 "-" "Mozilla/5.0 (Windows NT 10.0; Win64; x64) AppleWebKit/537.36 (KHTML, like Gecko) Chrome/120.0.0.0 Safari/537.36"
mediaeclips.infinitibizsol.com:443 118.172.43.36 - - [10/Jun/2025:21:46:59 +0000] "POST /contact-us/ HTTP/1.1" 404 60979 "-" "Mozilla/5.0 (Macintosh; Intel Mac OS X 10_15_7) AppleWebKit/537.36 (KHTML, like Gecko) Chrome/133.0.0.0 Safari/537.36"
mediaeclips.infinitibizsol.com:443 118.172.43.36 - - [10/Jun/2025:21:47:05 +0000] "POST /contact-us/ HTTP/1.1" 404 60930 "-" "Mozilla/5.0 (Windows NT 10.0; Win64; x64) AppleWebKit/537.36 (KHTML, like Gecko) Chrome/120.0.0.0 Safari/537.36"
mediaeclips.infinitibizsol.com:80 80.85.246.74 - - [10/Jun/2025:21:47:09 +0000] "GET /contact-us HTTP/1.1" 404 5 "-" "Mozilla/5.0 (Macintosh; Intel Mac OS X 10_15_7) AppleWebKit/537.36 (KHTML, like Gecko) Chrome/133.0.0.0 Safari/537.36"
mediaeclips.infinitibizsol.com:443 80.85.246.74 - - [10/Jun/2025:21:47:30 +0000] "GET /how-to-create-an-effective-seo-strategy/ HTTP/1.1" 404 97960 "-" "Mozilla/5.0 (Macintosh; Intel Mac OS X 10_15_7) AppleWebKit/537.36 (KHTML, like Gecko) Chrome/133.0.0.0 Safari/537.36"
mediaeclips.infinitibizsol.com:443 8.218.186.1 - - [10/Jun/2025:21:47:35 +0000] "GET /author/admin/ HTTP/1.1" 404 64948 "-" "Mozilla/5.0 (Macintosh; Intel Mac OS X 10_15_7) AppleWebKit/537.36 (KHTML, like Gecko) Chrome/109.0.0.0 Safari/537.36"
mediaeclips.infinitibizsol.com:443 162.0.223.40 - - [10/Jun/2025:21:51:35 +0000] "POST /wp-cron.php?doing_wp_cron=1749592294.8394510746002197265625 HTTP/1.1" 499 0 "-" "WordPress/6.5.5; https://mediaeclips.com"
mediaeclips.infinitibizsol.com:443 51.222.253.15 - - [10/Jun/2025:21:51:35 +0000] "GET /what-is-digital-marketing-and-how-does-it-work/feed/ HTTP/1.1" 304 0 "-" "Mozilla/5.0 (compatible; AhrefsBot/7.0; +http://ahrefs.com/robot/)"
mediaeclips.infinitibizsol.com:443 45.227.253.15 - - [10/Jun/2025:21:53:35 +0000] "GET /index.php/jk HTTP/1.1" 200 54 "-" "Mozilla/5.0 (Windows NT 10.0; Win64; x64) AppleWebKit/537.36 (KHTML, like Gecko) Chrome/76.0.3800 Safari/537.36 Edg/76.0.140.6"
mediaeclips.infinitibizsol.com:80 5.161.69.178 - - [10/Jun/2025:21:58:55 +0000] "POST /wp-load.php?8560b7=8981 HTTP/1.1" 200 1748 "-" "Mozilla/5.0 (Windows NT 10.0; Win64; x64) AppleWebKit/537.36 (KHTML, like Gecko) Chrome/104.0.5112.97 Safari/537.36"
mediaeclips.infinitibizsol.com:443 162.0.223.40 - - [10/Jun/2025:21:59:19 +0000] "POST /wp-cron.php?doing_wp_cron=1749592758.0129721164703369140625 HTTP/1.1" 499 0 "-" "WordPress/6.5.5; https://mediaeclips.com"
mediaeclips.infinitibizsol.com:443 51.222.253.7 - - [10/Jun/2025:21:59:19 +0000] "GET /tag/tips-for-successful-social-media-marketing/feed/ HTTP/1.1" 304 0 "-" "Mozilla/5.0 (compatible; AhrefsBot/7.0; +http://ahrefs.com/robot/)"
mediaeclips.infinitibizsol.com:443 170.39.218.62 - - [10/Jun/2025:22:12:41 +0000] "GET /wp-content/plugins/elementskit-lite/widgets/init/assets/js/widget-scripts.js?ver=3.1.3 HTTP/1.1" 200 137549 "-" "Mozilla/5.0 (Macintosh; Intel Mac OS X 10_15_7) AppleWebKit/537.36 Chrome/120.0.0.0"
mediaeclips.infinitibizsol.com:80 5.161.44.164 - - [10/Jun/2025:22:14:05 +0000] "POST /wp-load.php?b57669=38967 HTTP/1.1" 200 1748 "-" "Mozilla/5.0 (Windows NT 10.0; Win64; x64) AppleWebKit/537.36 (KHTML, like Gecko) Chrome/104.0.5112.97 Safari/537.36"
mediaeclips.infinitibizsol.com:443 162.0.223.40 - - [10/Jun/2025:22:14:18 +0000] "POST /wp-cron.php?doing_wp_cron=1749593657.6935999393463134765625 HTTP/1.1" 499 0 "-" "WordPress/6.5.5; https://mediaeclips.com"
mediaeclips.infinitibizsol.com:443 51.222.253.14 - - [10/Jun/2025:22:14:18 +0000] "GET /tag/seo-vs-ppc/feed/ HTTP/1.1" 304 0 "-" "Mozilla/5.0 (compatible; AhrefsBot/7.0; +http://ahrefs.com/robot/)"
mediaeclips.infinitibizsol.com:443 162.0.223.40 - - [10/Jun/2025:22:15:38 +0000] "POST /wp-cron.php?doing_wp_cron=1749593737.5408790111541748046875 HTTP/1.1" 499 0 "-" "WordPress/6.5.5; https://mediaeclips.com"
mediaeclips.infinitibizsol.com:443 205.185.120.167 - - [10/Jun/2025:22:15:38 +0000] "GET /wp-login.php HTTP/1.1" 200 6532 "-" "Mozilla/5.0 (X11; Linux x86_64) AppleWebKit/537.36 (KHTML, like Gecko) Ubuntu Chromium/34.0.1847.116 Chrome/34.0.1847.116 Safari/537.36"
mediaeclips.infinitibizsol.com:443 205.185.120.167 - - [10/Jun/2025:22:15:41 +0000] "POST /wp-login.php HTTP/1.1" 200 7015 "-" "Mozilla/5.0 (X11; Linux x86_64) AppleWebKit/537.36 (KHTML, like Gecko) Ubuntu Chromium/34.0.1847.116 Chrome/34.0.1847.116 Safari/537.36"
mediaeclips.infinitibizsol.com:443 162.0.223.40 - - [10/Jun/2025:22:24:37 +0000] "POST /wp-cron.php?doing_wp_cron=1749594276.7105910778045654296875 HTTP/1.1" 499 0 "-" "WordPress/6.5.5; https://mediaeclips.com"
mediaeclips.infinitibizsol.com:443 216.73.216.232 - - [10/Jun/2025:22:24:37 +0000] "GET /sitemap.xml HTTP/1.1" 404 5 "-" "Mozilla/5.0 AppleWebKit/537.36 (KHTML, like Gecko; compatible; ClaudeBot/1.0; +claudebot@anthropic.com)"
mediaeclips.infinitibizsol.com:80 5.161.52.234 - - [10/Jun/2025:22:29:13 +0000] "POST /wp-load.php?4895d2=46369 HTTP/1.1" 200 1748 "-" "Mozilla/5.0 (Windows NT 10.0; Win64; x64) AppleWebKit/537.36 (KHTML, like Gecko) Chrome/104.0.5112.97 Safari/537.36"
mediaeclips.infinitibizsol.com:443 162.0.223.40 - - [10/Jun/2025:22:30:45 +0000] "POST /wp-cron.php?doing_wp_cron=1749594644.6781129837036132812500 HTTP/1.1" 499 0 "-" "WordPress/6.5.5; https://mediaeclips.com"
mediaeclips.infinitibizsol.com:443 51.222.253.16 - - [10/Jun/2025:22:30:45 +0000] "GET /tag/digital-marketing-campaign/feed/ HTTP/1.1" 304 0 "-" "Mozilla/5.0 (compatible; AhrefsBot/7.0; +http://ahrefs.com/robot/)"
mediaeclips.infinitibizsol.com:443 110.249.202.111 - - [10/Jun/2025:22:31:23 +0000] "GET / HTTP/1.1" 404 108413 "-" "Mozilla/5.0 (Linux; Android 5.0) AppleWebKit/537.36 (KHTML, like Gecko) Mobile Safari/537.36 (compatible; Bytespider; https://zhanzhang.toutiao.com/)"
mediaeclips.infinitibizsol.com:443 110.249.202.111 - - [10/Jun/2025:22:31:24 +0000] "GET /wp-content/themes/ziptech/style.css?ver=2023-03-20 HTTP/1.1" 200 10974 "https://mediaeclips.com/" "Mozilla/5.0 (Linux; Android 5.0) AppleWebKit/537.36 (KHTML, like Gecko) Mobile Safari/537.36 (compatible; Bytespider; https://zhanzhang.toutiao.com/)"
mediaeclips.infinitibizsol.com:443 110.249.202.102 - - [10/Jun/2025:22:31:24 +0000] "GET /wp-content/themes/ziptech/css/responsive.css?ver=6.5.5 HTTP/1.1" 200 9773 "https://mediaeclips.com/" "Mozilla/5.0 (Linux; Android 5.0) AppleWebKit/537.36 (KHTML, like Gecko) Mobile Safari/537.36 (compatible; Bytespider; https://zhanzhang.toutiao.com/)"
mediaeclips.infinitibizsol.com:443 110.249.202.119 - - [10/Jun/2025:22:31:24 +0000] "GET /wp-content/plugins/contact-form-7/includes/css/styles.css?ver=5.9.4 HTTP/1.1" 200 2894 "https://mediaeclips.com/" "Mozilla/5.0 (Linux; Android 5.0) AppleWebKit/537.36 (KHTML, like Gecko) Mobile Safari/537.36 (compatible; Bytespider; https://zhanzhang.toutiao.com/)"
mediaeclips.infinitibizsol.com:443 110.249.202.111 - - [10/Jun/2025:22:31:24 +0000] "GET /wp-content/plugins/elementskit-lite/modules/elementskit-icon-pack/assets/css/ekiticons.css?ver=3.1.3 HTTP/1.1" 200 124837 "https://mediaeclips.com/" "Mozilla/5.0 (Linux; Android 5.0) AppleWebKit/537.36 (KHTML, like Gecko) Mobile Safari/537.36 (compatible; Bytespider; https://zhanzhang.toutiao.com/)"
mediaeclips.infinitibizsol.com:443 110.249.202.119 - - [10/Jun/2025:22:31:25 +0000] "GET /wp-content/plugins/elementor/assets/lib/swiper/v8/css/swiper.min.css?ver=8.4.5 HTTP/1.1" 200 16471 "https://mediaeclips.com/" "Mozilla/5.0 (Linux; Android 5.0) AppleWebKit/537.36 (KHTML, like Gecko) Mobile Safari/537.36 (compatible; Bytespider; https://zhanzhang.toutiao.com/)"
mediaeclips.infinitibizsol.com:443 110.249.202.102 - - [10/Jun/2025:22:31:25 +0000] "GET /wp-content/themes/ziptech/css/style-dark.css?ver=6.5.5 HTTP/1.1" 200 4282 "https://mediaeclips.com/" "Mozilla/5.0 (Linux; Android 5.0) AppleWebKit/537.36 (KHTML, like Gecko) Mobile Safari/537.36 (compatible; Bytespider; https://zhanzhang.toutiao.com/)"
mediaeclips.infinitibizsol.com:443 110.249.202.105 - - [10/Jun/2025:22:31:25 +0000] "GET /wp-content/themes/ziptech/css/style.css?ver=6.5.5 HTTP/1.1" 200 256580 "https://mediaeclips.com/" "Mozilla/5.0 (Linux; Android 5.0) AppleWebKit/537.36 (KHTML, like Gecko) Mobile Safari/537.36 (compatible; Bytespider; https://zhanzhang.toutiao.com/)"
mediaeclips.infinitibizsol.com:443 110.249.202.102 - - [10/Jun/2025:22:31:25 +0000] "GET /wp-content/plugins/tablepress/css/build/default.css?ver=2.3.1 HTTP/1.1" 200 6087 "https://mediaeclips.com/" "Mozilla/5.0 (Linux; Android 5.0) AppleWebKit/537.36 (KHTML, like Gecko) Mobile Safari/537.36 (compatible; Bytespider; https://zhanzhang.toutiao.com/)"
mediaeclips.infinitibizsol.com:443 110.249.202.119 - - [10/Jun/2025:22:31:25 +0000] "GET /wp-content/plugins/elementor/assets/lib/eicons/css/elementor-icons.min.css?ver=5.29.0 HTTP/1.1" 200 19778 "https://mediaeclips.com/" "Mozilla/5.0 (Linux; Android 5.0) AppleWebKit/537.36 (KHTML, like Gecko) Mobile Safari/537.36 (compatible; Bytespider; https://zhanzhang.toutiao.com/)"
mediaeclips.infinitibizsol.com:443 110.249.202.111 - - [10/Jun/2025:22:31:25 +0000] "GET /wp-content/plugins/elementor/assets/css/frontend-lite.min.css?ver=3.21.5 HTTP/1.1" 200 118945 "https://mediaeclips.com/" "Mozilla/5.0 (Linux; Android 5.0) AppleWebKit/537.36 (KHTML, like Gecko) Mobile Safari/537.36 (compatible; Bytespider; https://zhanzhang.toutiao.com/)"
mediaeclips.infinitibizsol.com:443 110.249.202.102 - - [10/Jun/2025:22:31:25 +0000] "GET /wp-content/uploads/elementor/css/global.css?ver=1715183195 HTTP/1.1" 200 46618 "https://mediaeclips.com/" "Mozilla/5.0 (Linux; Android 5.0) AppleWebKit/537.36 (KHTML, like Gecko) Mobile Safari/537.36 (compatible; Bytespider; https://zhanzhang.toutiao.com/)"
mediaeclips.infinitibizsol.com:443 110.249.202.119 - - [10/Jun/2025:22:31:25 +0000] "GET /wp-content/uploads/elementor/css/post-9.css?ver=1715183195 HTTP/1.1" 200 1168 "https://mediaeclips.com/" "Mozilla/5.0 (Linux; Android 5.0) AppleWebKit/537.36 (KHTML, like Gecko) Mobile Safari/537.36 (compatible; Bytespider; https://zhanzhang.toutiao.com/)"
mediaeclips.infinitibizsol.com:443 110.249.202.111 - - [10/Jun/2025:22:31:25 +0000] "GET /wp-content/plugins/elementor-pro/assets/css/frontend-lite.min.css?ver=3.19.3 HTTP/1.1" 200 11053 "https://mediaeclips.com/" "Mozilla/5.0 (Linux; Android 5.0) AppleWebKit/537.36 (KHTML, like Gecko) Mobile Safari/537.36 (compatible; Bytespider; https://zhanzhang.toutiao.com/)"
mediaeclips.infinitibizsol.com:443 110.249.202.105 - - [10/Jun/2025:22:31:26 +0000] "GET /wp-content/plugins/elementskit-lite/widgets/init/assets/css/responsive.css?ver=3.1.3 HTTP/1.1" 200 30299 "https://mediaeclips.com/" "Mozilla/5.0 (Linux; Android 5.0) AppleWebKit/537.36 (KHTML, like Gecko) Mobile Safari/537.36 (compatible; Bytespider; https://zhanzhang.toutiao.com/)"
mediaeclips.infinitibizsol.com:443 110.249.202.111 - - [10/Jun/2025:22:31:26 +0000] "GET /wp-content/uploads/elementor/css/post-107.css?ver=1715800560 HTTP/1.1" 200 30721 "https://mediaeclips.com/" "Mozilla/5.0 (Linux; Android 5.0) AppleWebKit/537.36 (KHTML, like Gecko) Mobile Safari/537.36 (compatible; Bytespider; https://zhanzhang.toutiao.com/)"
mediaeclips.infinitibizsol.com:443 110.249.202.105 - - [10/Jun/2025:22:31:26 +0000] "GET /wp-content/plugins/essential-addons-for-elementor-lite/assets/front-end/css/view/general.min.css?ver=5.9.21 HTTP/1.1" 200 3829 "https://mediaeclips.com/" "Mozilla/5.0 (Linux; Android 5.0) AppleWebKit/537.36 (KHTML, like Gecko) Mobile Safari/537.36 (compatible; Bytespider; https://zhanzhang.toutiao.com/)"
mediaeclips.infinitibizsol.com:443 110.249.202.111 - - [10/Jun/2025:22:31:26 +0000] "GET /wp-content/plugins/elementor/assets/lib/font-awesome/css/solid.min.css?ver=5.15.3 HTTP/1.1" 200 669 "https://mediaeclips.com/" "Mozilla/5.0 (Linux; Android 5.0) AppleWebKit/537.36 (KHTML, like Gecko) Mobile Safari/537.36 (compatible; Bytespider; https://zhanzhang.toutiao.com/)"
mediaeclips.infinitibizsol.com:443 110.249.202.119 - - [10/Jun/2025:22:31:26 +0000] "GET /wp-content/plugins/elementskit-lite/widgets/init/assets/css/widget-styles.css?ver=3.1.3 HTTP/1.1" 200 445845 "https://mediaeclips.com/" "Mozilla/5.0 (Linux; Android 5.0) AppleWebKit/537.36 (KHTML, like Gecko) Mobile Safari/537.36 (compatible; Bytespider; https://zhanzhang.toutiao.com/)"
mediaeclips.infinitibizsol.com:443 110.249.202.105 - - [10/Jun/2025:22:31:26 +0000] "GET /wp-content/plugins/elementor/assets/lib/font-awesome/css/fontawesome.min.css?ver=5.15.3 HTTP/1.1" 200 58071 "https://mediaeclips.com/" "Mozilla/5.0 (Linux; Android 5.0) AppleWebKit/537.36 (KHTML, like Gecko) Mobile Safari/537.36 (compatible; Bytespider; https://zhanzhang.toutiao.com/)"
mediaeclips.infinitibizsol.com:443 110.249.202.105 - - [10/Jun/2025:22:31:26 +0000] "GET /wp-includes/js/jquery/jquery.min.js?ver=3.7.1 HTTP/1.1" 200 87553 "https://mediaeclips.com/" "Mozilla/5.0 (Linux; Android 5.0) AppleWebKit/537.36 (KHTML, like Gecko) Mobile Safari/537.36 (compatible; Bytespider; https://zhanzhang.toutiao.com/)"
mediaeclips.infinitibizsol.com:443 110.249.202.111 - - [10/Jun/2025:22:31:26 +0000] "GET /wp-content/uploads/2024/05/imgpsh_fullsize_anim__6_-removebg-preview.webp HTTP/1.1" 206 500 "https://mediaeclips.com/" "Mozilla/5.0 (Linux; Android 5.0) AppleWebKit/537.36 (KHTML, like Gecko) Mobile Safari/537.36 (compatible; Bytespider; https://zhanzhang.toutiao.com/)"
mediaeclips.infinitibizsol.com:443 110.249.202.102 - - [10/Jun/2025:22:31:26 +0000] "GET /wp-includes/js/jquery/jquery-migrate.min.js?ver=3.4.1 HTTP/1.1" 200 13577 "https://mediaeclips.com/" "Mozilla/5.0 (Linux; Android 5.0) AppleWebKit/537.36 (KHTML, like Gecko) Mobile Safari/537.36 (compatible; Bytespider; https://zhanzhang.toutiao.com/)"
mediaeclips.infinitibizsol.com:443 110.249.202.102 - - [10/Jun/2025:22:31:28 +0000] "GET /wp-content/themes/ziptech/framework/color.php?ver=6.5.5 HTTP/1.1" 404 5 "https://mediaeclips.com/" "Mozilla/5.0 (Linux; Android 5.0) AppleWebKit/537.36 (KHTML, like Gecko) Mobile Safari/537.36 (compatible; Bytespider; https://zhanzhang.toutiao.com/)"
mediaeclips.infinitibizsol.com:443 110.249.202.111 - - [10/Jun/2025:22:31:39 +0000] "GET /wp-content/plugins/contact-form-7/includes/js/index.js?ver=5.9.4 HTTP/1.1" 200 13054 "https://mediaeclips.com/" "Mozilla/5.0 (Linux; Android 5.0) AppleWebKit/537.36 (KHTML, like Gecko) Mobile Safari/537.36 (compatible; Bytespider; https://zhanzhang.toutiao.com/)"
mediaeclips.infinitibizsol.com:443 110.249.202.102 - - [10/Jun/2025:22:31:39 +0000] "GET /wp-content/themes/ziptech/fonts/fontawesome/css/all.css HTTP/1.1" 200 72670 "https://mediaeclips.com/wp-content/themes/ziptech/css/style.css?ver=6.5.5" "Mozilla/5.0 (Linux; Android 5.0) AppleWebKit/537.36 (KHTML, like Gecko) Mobile Safari/537.36 (compatible; Bytespider; https://zhanzhang.toutiao.com/)"
mediaeclips.infinitibizsol.com:443 110.249.202.119 - - [10/Jun/2025:22:31:39 +0000] "GET /wp-content/themes/ziptech/css/nice-select.css HTTP/1.1" 200 4007 "https://mediaeclips.com/wp-content/themes/ziptech/css/style.css?ver=6.5.5" "Mozilla/5.0 (Linux; Android 5.0) AppleWebKit/537.36 (KHTML, like Gecko) Mobile Safari/537.36 (compatible; Bytespider; https://zhanzhang.toutiao.com/)"
mediaeclips.infinitibizsol.com:443 110.249.202.105 - - [10/Jun/2025:22:31:39 +0000] "GET /wp-content/themes/ziptech/fonts/webexthemeicon/style.css HTTP/1.1" 200 7008 "https://mediaeclips.com/wp-content/themes/ziptech/css/style.css?ver=6.5.5" "Mozilla/5.0 (Linux; Android 5.0) AppleWebKit/537.36 (KHTML, like Gecko) Mobile Safari/537.36 (compatible; Bytespider; https://zhanzhang.toutiao.com/)"
mediaeclips.infinitibizsol.com:443 110.249.202.119 - - [10/Jun/2025:22:31:39 +0000] "GET /wp-content/themes/ziptech/fonts/webexbaseicon/style.css HTTP/1.1" 200 28784 "https://mediaeclips.com/wp-content/themes/ziptech/css/style.css?ver=6.5.5" "Mozilla/5.0 (Linux; Android 5.0) AppleWebKit/537.36 (KHTML, like Gecko) Mobile Safari/537.36 (compatible; Bytespider; https://zhanzhang.toutiao.com/)"
mediaeclips.infinitibizsol.com:443 110.249.202.111 - - [10/Jun/2025:22:31:39 +0000] "GET /wp-content/themes/ziptech/css/twentytwenty.css HTTP/1.1" 200 6537 "https://mediaeclips.com/wp-content/themes/ziptech/css/style.css?ver=6.5.5" "Mozilla/5.0 (Linux; Android 5.0) AppleWebKit/537.36 (KHTML, like Gecko) Mobile Safari/537.36 (compatible; Bytespider; https://zhanzhang.toutiao.com/)"
mediaeclips.infinitibizsol.com:443 110.249.202.102 - - [10/Jun/2025:22:31:39 +0000] "GET /wp-content/themes/ziptech/css/bootstrap.min.css HTTP/1.1" 200 155845 "https://mediaeclips.com/wp-content/themes/ziptech/css/style.css?ver=6.5.5" "Mozilla/5.0 (Linux; Android 5.0) AppleWebKit/537.36 (KHTML, like Gecko) Mobile Safari/537.36 (compatible; Bytespider; https://zhanzhang.toutiao.com/)"
mediaeclips.infinitibizsol.com:443 110.249.202.111 - - [10/Jun/2025:22:31:40 +0000] "GET /wp-content/themes/ziptech/css/magnific-popup.css HTTP/1.1" 200 6951 "https://mediaeclips.com/wp-content/themes/ziptech/css/style.css?ver=6.5.5" "Mozilla/5.0 (Linux; Android 5.0) AppleWebKit/537.36 (KHTML, like Gecko) Mobile Safari/537.36 (compatible; Bytespider; https://zhanzhang.toutiao.com/)"
mediaeclips.infinitibizsol.com:443 110.249.202.114 - - [10/Jun/2025:22:31:40 +0000] "GET /wp-content/themes/ziptech/css/animate.css HTTP/1.1" 200 80426 "https://mediaeclips.com/wp-content/themes/ziptech/css/style.css?ver=6.5.5" "Mozilla/5.0 (Linux; Android 5.0) AppleWebKit/537.36 (KHTML, like Gecko) Mobile Safari/537.36 (compatible; Bytespider; https://zhanzhang.toutiao.com/)"
mediaeclips.infinitibizsol.com:443 110.249.202.102 - - [10/Jun/2025:22:31:40 +0000] "GET /wp-content/themes/ziptech/css/kursor.css HTTP/1.1" 200 6346 "https://mediaeclips.com/wp-content/themes/ziptech/css/style.css?ver=6.5.5" "Mozilla/5.0 (Linux; Android 5.0) AppleWebKit/537.36 (KHTML, like Gecko) Mobile Safari/537.36 (compatible; Bytespider; https://zhanzhang.toutiao.com/)"
mediaeclips.infinitibizsol.com:443 110.249.202.119 - - [10/Jun/2025:22:31:40 +0000] "GET /wp-content/themes/ziptech/css/custom-animation.css HTTP/1.1" 200 9217 "https://mediaeclips.com/wp-content/themes/ziptech/css/style.css?ver=6.5.5" "Mozilla/5.0 (Linux; Android 5.0) AppleWebKit/537.36 (KHTML, like Gecko) Mobile Safari/537.36 (compatible; Bytespider; https://zhanzhang.toutiao.com/)"
mediaeclips.infinitibizsol.com:443 110.249.202.102 - - [10/Jun/2025:22:31:40 +0000] "GET /wp-content/plugins/contact-form-7/includes/swv/js/index.js?ver=5.9.4 HTTP/1.1" 200 11513 "https://mediaeclips.com/" "Mozilla/5.0 (Linux; Android 5.0) AppleWebKit/537.36 (KHTML, like Gecko) Mobile Safari/537.36 (compatible; Bytespider; https://zhanzhang.toutiao.com/)"
mediaeclips.infinitibizsol.com:443 110.249.202.102 - - [10/Jun/2025:22:31:41 +0000] "GET /wp-content/themes/ziptech/js/jquery-3.6.0.min.js?ver=6.5.5 HTTP/1.1" 200 89501 "https://mediaeclips.com/" "Mozilla/5.0 (Linux; Android 5.0) AppleWebKit/537.36 (KHTML, like Gecko) Mobile Safari/537.36 (compatible; Bytespider; https://zhanzhang.toutiao.com/)"
mediaeclips.infinitibizsol.com:443 110.249.202.105 - - [10/Jun/2025:22:31:41 +0000] "GET /wp-content/themes/ziptech/css/owl.carousel.min.css HTTP/1.1" 200 3356 "https://mediaeclips.com/wp-content/themes/ziptech/css/style.css?ver=6.5.5" "Mozilla/5.0 (Linux; Android 5.0) AppleWebKit/537.36 (KHTML, like Gecko) Mobile Safari/537.36 (compatible; Bytespider; https://zhanzhang.toutiao.com/)"
mediaeclips.infinitibizsol.com:443 110.249.202.102 - - [10/Jun/2025:22:31:41 +0000] "GET /wp-content/themes/ziptech/js/jquery.nice-select.min.js?ver=6.5.5 HTTP/1.1" 200 2942 "https://mediaeclips.com/" "Mozilla/5.0 (Linux; Android 5.0) AppleWebKit/537.36 (KHTML, like Gecko) Mobile Safari/537.36 (compatible; Bytespider; https://zhanzhang.toutiao.com/)"
mediaeclips.infinitibizsol.com:443 110.249.202.105 - - [10/Jun/2025:22:31:41 +0000] "GET /wp-content/themes/ziptech/js/bootstrap.min.js?ver=6.5.5 HTTP/1.1" 200 60089 "https://mediaeclips.com/" "Mozilla/5.0 (Linux; Android 5.0) AppleWebKit/537.36 (KHTML, like Gecko) Mobile Safari/537.36 (compatible; Bytespider; https://zhanzhang.toutiao.com/)"
mediaeclips.infinitibizsol.com:443 110.249.202.111 - - [10/Jun/2025:22:31:41 +0000] "GET /wp-content/themes/ziptech/js/jquery.twentytwenty.js?ver=6.5.5 HTTP/1.1" 200 5414 "https://mediaeclips.com/" "Mozilla/5.0 (Linux; Android 5.0) AppleWebKit/537.36 (KHTML, like Gecko) Mobile Safari/537.36 (compatible; Bytespider; https://zhanzhang.toutiao.com/)"
mediaeclips.infinitibizsol.com:443 110.249.202.114 - - [10/Jun/2025:22:31:41 +0000] "GET /wp-content/themes/ziptech/js/tilt.jquery.min.js?ver=6.5.5 HTTP/1.1" 200 5640 "https://mediaeclips.com/" "Mozilla/5.0 (Linux; Android 5.0) AppleWebKit/537.36 (KHTML, like Gecko) Mobile Safari/537.36 (compatible; Bytespider; https://zhanzhang.toutiao.com/)"
mediaeclips.infinitibizsol.com:443 110.249.202.102 - - [10/Jun/2025:22:31:41 +0000] "GET /wp-content/themes/ziptech/js/jquery.appear.min.js?ver=6.5.5 HTTP/1.1" 200 1266 "https://mediaeclips.com/" "Mozilla/5.0 (Linux; Android 5.0) AppleWebKit/537.36 (KHTML, like Gecko) Mobile Safari/537.36 (compatible; Bytespider; https://zhanzhang.toutiao.com/)"
mediaeclips.infinitibizsol.com:443 110.249.202.119 - - [10/Jun/2025:22:31:41 +0000] "GET /wp-content/themes/ziptech/js/owl.carousel.min.js?ver=6.5.5 HTTP/1.1" 200 44342 "https://mediaeclips.com/" "Mozilla/5.0 (Linux; Android 5.0) AppleWebKit/537.36 (KHTML, like Gecko) Mobile Safari/537.36 (compatible; Bytespider; https://zhanzhang.toutiao.com/)"
mediaeclips.infinitibizsol.com:443 110.249.202.102 - - [10/Jun/2025:22:31:42 +0000] "GET /wp-content/themes/ziptech/js/wow.min.js?ver=6.5.5 HTTP/1.1" 200 8155 "https://mediaeclips.com/" "Mozilla/5.0 (Linux; Android 5.0) AppleWebKit/537.36 (KHTML, like Gecko) Mobile Safari/537.36 (compatible; Bytespider; https://zhanzhang.toutiao.com/)"
mediaeclips.infinitibizsol.com:443 110.249.202.114 - - [10/Jun/2025:22:31:42 +0000] "GET /wp-content/uploads/2024/03/imgpsh_fullsize_anim-2-e1709678697288.png HTTP/1.1" 206 500 "https://mediaeclips.com/" "Mozilla/5.0 (Linux; Android 5.0) AppleWebKit/537.36 (KHTML, like Gecko) Mobile Safari/537.36 (compatible; Bytespider; https://zhanzhang.toutiao.com/)"
mediaeclips.infinitibizsol.com:443 110.249.202.111 - - [10/Jun/2025:22:31:42 +0000] "GET /wp-content/plugins/elementskit-lite/libs/framework/assets/js/frontend-script.js?ver=3.1.3 HTTP/1.1" 200 40 "https://mediaeclips.com/" "Mozilla/5.0 (Linux; Android 5.0) AppleWebKit/537.36 (KHTML, like Gecko) Mobile Safari/537.36 (compatible; Bytespider; https://zhanzhang.toutiao.com/)"
mediaeclips.infinitibizsol.com:443 110.249.202.114 - - [10/Jun/2025:22:31:42 +0000] "GET /wp-content/themes/ziptech/js/jquery.event.move.js?ver=6.5.5 HTTP/1.1" 200 14530 "https://mediaeclips.com/" "Mozilla/5.0 (Linux; Android 5.0) AppleWebKit/537.36 (KHTML, like Gecko) Mobile Safari/537.36 (compatible; Bytespider; https://zhanzhang.toutiao.com/)"
mediaeclips.infinitibizsol.com:443 110.249.202.102 - - [10/Jun/2025:22:31:42 +0000] "GET /wp-content/themes/ziptech/js/trigger.js?ver=6.5.5 HTTP/1.1" 200 23845 "https://mediaeclips.com/" "Mozilla/5.0 (Linux; Android 5.0) AppleWebKit/537.36 (KHTML, like Gecko) Mobile Safari/537.36 (compatible; Bytespider; https://zhanzhang.toutiao.com/)"
mediaeclips.infinitibizsol.com:443 110.249.202.102 - - [10/Jun/2025:22:31:42 +0000] "GET /wp-content/themes/ziptech/js/magnific-popup.min.js?ver=6.5.5 HTTP/1.1" 200 20216 "https://mediaeclips.com/" "Mozilla/5.0 (Linux; Android 5.0) AppleWebKit/537.36 (KHTML, like Gecko) Mobile Safari/537.36 (compatible; Bytespider; https://zhanzhang.toutiao.com/)"
mediaeclips.infinitibizsol.com:443 110.249.202.119 - - [10/Jun/2025:22:31:42 +0000] "GET /wp-content/themes/ziptech/js/backtotop.js?ver=6.5.5 HTTP/1.1" 200 1199 "https://mediaeclips.com/" "Mozilla/5.0 (Linux; Android 5.0) AppleWebKit/537.36 (KHTML, like Gecko) Mobile Safari/537.36 (compatible; Bytespider; https://zhanzhang.toutiao.com/)"
mediaeclips.infinitibizsol.com:443 110.249.202.111 - - [10/Jun/2025:22:31:42 +0000] "GET /wp-content/plugins/elementor-pro/assets/js/webpack-pro.runtime.min.js?ver=3.19.3 HTTP/1.1" 200 5825 "https://mediaeclips.com/" "Mozilla/5.0 (Linux; Android 5.0) AppleWebKit/537.36 (KHTML, like Gecko) Mobile Safari/537.36 (compatible; Bytespider; https://zhanzhang.toutiao.com/)"
mediaeclips.infinitibizsol.com:443 110.249.202.102 - - [10/Jun/2025:22:31:42 +0000] "GET /wp-content/plugins/ziptech-elementor/assets/js/bdevs-elementor.js?ver=1.0.0 HTTP/1.1" 200 591 "https://mediaeclips.com/" "Mozilla/5.0 (Linux; Android 5.0) AppleWebKit/537.36 (KHTML, like Gecko) Mobile Safari/537.36 (compatible; Bytespider; https://zhanzhang.toutiao.com/)"
mediaeclips.infinitibizsol.com:443 110.249.202.114 - - [10/Jun/2025:22:31:42 +0000] "GET /wp-content/plugins/elementskit-lite/widgets/init/assets/js/widget-scripts.js?ver=3.1.3 HTTP/1.1" 200 137549 "https://mediaeclips.com/" "Mozilla/5.0 (Linux; Android 5.0) AppleWebKit/537.36 (KHTML, like Gecko) Mobile Safari/537.36 (compatible; Bytespider; https://zhanzhang.toutiao.com/)"
mediaeclips.infinitibizsol.com:443 110.249.202.119 - - [10/Jun/2025:22:31:42 +0000] "GET /wp-content/plugins/essential-addons-for-elementor-lite/assets/front-end/js/view/general.min.js?ver=5.9.21 HTTP/1.1" 200 10364 "https://mediaeclips.com/" "Mozilla/5.0 (Linux; Android 5.0) AppleWebKit/537.36 (KHTML, like Gecko) Mobile Safari/537.36 (compatible; Bytespider; https://zhanzhang.toutiao.com/)"
mediaeclips.infinitibizsol.com:443 110.249.202.102 - - [10/Jun/2025:22:31:42 +0000] "GET /wp-content/plugins/elementor/assets/js/frontend-modules.min.js?ver=3.21.5 HTTP/1.1" 200 63275 "https://mediaeclips.com/" "Mozilla/5.0 (Linux; Android 5.0) AppleWebKit/537.36 (KHTML, like Gecko) Mobile Safari/537.36 (compatible; Bytespider; https://zhanzhang.toutiao.com/)"
mediaeclips.infinitibizsol.com:443 110.249.202.111 - - [10/Jun/2025:22:31:43 +0000] "GET /wp-content/plugins/elementor/assets/js/webpack.runtime.min.js?ver=3.21.5 HTTP/1.1" 200 4997 "https://mediaeclips.com/" "Mozilla/5.0 (Linux; Android 5.0) AppleWebKit/537.36 (KHTML, like Gecko) Mobile Safari/537.36 (compatible; Bytespider; https://zhanzhang.toutiao.com/)"
mediaeclips.infinitibizsol.com:443 110.249.202.119 - - [10/Jun/2025:22:31:43 +0000] "GET /wp-includes/js/dist/vendor/wp-polyfill-inert.min.js?ver=3.1.2 HTTP/1.1" 200 8171 "https://mediaeclips.com/" "Mozilla/5.0 (Linux; Android 5.0) AppleWebKit/537.36 (KHTML, like Gecko) Mobile Safari/537.36 (compatible; Bytespider; https://zhanzhang.toutiao.com/)"
mediaeclips.infinitibizsol.com:443 110.249.202.102 - - [10/Jun/2025:22:31:43 +0000] "GET /wp-includes/js/dist/vendor/wp-polyfill.min.js?ver=3.15.0 HTTP/1.1" 200 38590 "https://mediaeclips.com/" "Mozilla/5.0 (Linux; Android 5.0) AppleWebKit/537.36 (KHTML, like Gecko) Mobile Safari/537.36 (compatible; Bytespider; https://zhanzhang.toutiao.com/)"
mediaeclips.infinitibizsol.com:443 110.249.202.111 - - [10/Jun/2025:22:31:43 +0000] "GET /wp-includes/js/dist/vendor/regenerator-runtime.min.js?ver=0.14.0 HTTP/1.1" 200 6625 "https://mediaeclips.com/" "Mozilla/5.0 (Linux; Android 5.0) AppleWebKit/537.36 (KHTML, like Gecko) Mobile Safari/537.36 (compatible; Bytespider; https://zhanzhang.toutiao.com/)"
mediaeclips.infinitibizsol.com:443 110.249.202.114 - - [10/Jun/2025:22:31:43 +0000] "GET /wp-includes/js/dist/i18n.min.js?ver=5e580eb46a90c2b997e6 HTTP/1.1" 200 9141 "https://mediaeclips.com/" "Mozilla/5.0 (Linux; Android 5.0) AppleWebKit/537.36 (KHTML, like Gecko) Mobile Safari/537.36 (compatible; Bytespider; https://zhanzhang.toutiao.com/)"
mediaeclips.infinitibizsol.com:443 110.249.202.119 - - [10/Jun/2025:22:31:43 +0000] "GET /wp-includes/js/jquery/ui/core.min.js?ver=1.13.2 HTTP/1.1" 200 21438 "https://mediaeclips.com/" "Mozilla/5.0 (Linux; Android 5.0) AppleWebKit/537.36 (KHTML, like Gecko) Mobile Safari/537.36 (compatible; Bytespider; https://zhanzhang.toutiao.com/)"
mediaeclips.infinitibizsol.com:443 110.249.202.102 - - [10/Jun/2025:22:31:43 +0000] "GET /wp-content/plugins/elementor/assets/lib/waypoints/waypoints.min.js?ver=4.0.2 HTTP/1.1" 200 12198 "https://mediaeclips.com/" "Mozilla/5.0 (Linux; Android 5.0) AppleWebKit/537.36 (KHTML, like Gecko) Mobile Safari/537.36 (compatible; Bytespider; https://zhanzhang.toutiao.com/)"
mediaeclips.infinitibizsol.com:443 110.249.202.102 - - [10/Jun/2025:22:31:43 +0000] "GET /wp-includes/js/dist/hooks.min.js?ver=2810c76e705dd1a53b18 HTTP/1.1" 200 4307 "https://mediaeclips.com/" "Mozilla/5.0 (Linux; Android 5.0) AppleWebKit/537.36 (KHTML, like Gecko) Mobile Safari/537.36 (compatible; Bytespider; https://zhanzhang.toutiao.com/)"
mediaeclips.infinitibizsol.com:443 110.249.202.114 - - [10/Jun/2025:22:31:43 +0000] "GET /wp-content/plugins/elementor/assets/js/frontend.min.js?ver=3.21.5 HTTP/1.1" 200 39972 "https://mediaeclips.com/" "Mozilla/5.0 (Linux; Android 5.0) AppleWebKit/537.36 (KHTML, like Gecko) Mobile Safari/537.36 (compatible; Bytespider; https://zhanzhang.toutiao.com/)"
mediaeclips.infinitibizsol.com:443 110.249.202.119 - - [10/Jun/2025:22:31:43 +0000] "GET /wp-content/plugins/elementor-pro/assets/js/frontend.min.js?ver=3.19.3 HTTP/1.1" 200 25066 "https://mediaeclips.com/" "Mozilla/5.0 (Linux; Android 5.0) AppleWebKit/537.36 (KHTML, like Gecko) Mobile Safari/537.36 (compatible; Bytespider; https://zhanzhang.toutiao.com/)"
mediaeclips.infinitibizsol.com:443 110.249.202.111 - - [10/Jun/2025:22:31:43 +0000] "GET /wp-content/plugins/elementskit-lite/widgets/init/assets/js/animate-circle.min.js?ver=3.1.3 HTTP/1.1" 200 681 "https://mediaeclips.com/" "Mozilla/5.0 (Linux; Android 5.0) AppleWebKit/537.36 (KHTML, like Gecko) Mobile Safari/537.36 (compatible; Bytespider; https://zhanzhang.toutiao.com/)"
mediaeclips.infinitibizsol.com:443 110.249.202.102 - - [10/Jun/2025:22:31:43 +0000] "GET /wp-content/plugins/elementskit-lite/widgets/init/assets/js/elementor.js?ver=3.1.3 HTTP/1.1" 200 18774 "https://mediaeclips.com/" "Mozilla/5.0 (Linux; Android 5.0) AppleWebKit/537.36 (KHTML, like Gecko) Mobile Safari/537.36 (compatible; Bytespider; https://zhanzhang.toutiao.com/)"
mediaeclips.infinitibizsol.com:443 110.249.202.114 - - [10/Jun/2025:22:31:43 +0000] "GET /wp-content/uploads/2024/03/about3-img1.webp HTTP/1.1" 206 500 "https://mediaeclips.com/" "Mozilla/5.0 (Linux; Android 5.0) AppleWebKit/537.36 (KHTML, like Gecko) Mobile Safari/537.36 (compatible; Bytespider; https://zhanzhang.toutiao.com/)"
mediaeclips.infinitibizsol.com:443 110.249.202.102 - - [10/Jun/2025:22:31:43 +0000] "GET /wp-content/plugins/elementor-pro/assets/js/elements-handlers.min.js?ver=3.19.3 HTTP/1.1" 200 38254 "https://mediaeclips.com/" "Mozilla/5.0 (Linux; Android 5.0) AppleWebKit/537.36 (KHTML, like Gecko) Mobile Safari/537.36 (compatible; Bytespider; https://zhanzhang.toutiao.com/)"
mediaeclips.infinitibizsol.com:443 110.249.202.119 - - [10/Jun/2025:22:31:43 +0000] "GET /wp-content/uploads/2024/03/about3-img2.webp HTTP/1.1" 206 500 "https://mediaeclips.com/" "Mozilla/5.0 (Linux; Android 5.0) AppleWebKit/537.36 (KHTML, like Gecko) Mobile Safari/537.36 (compatible; Bytespider; https://zhanzhang.toutiao.com/)"
