mediaeclips.infinitibizsol.com:443 162.0.223.40 - - [10/Jun/2025:08:03:57 +0000] "POST /wp-cron.php?doing_wp_cron=1749542636.3114609718322753906250 HTTP/1.1" 499 0 "-" "WordPress/6.5.5; https://mediaeclips.com"
mediaeclips.infinitibizsol.com:443 207.154.212.47 - - [10/Jun/2025:08:03:57 +0000] "GET / HTTP/1.1" 404 5 "-" "Mozilla/5.0 (Linux; Android 6.0; HTC One M9 Build/MRA969554) AppleWebKit/537.36 (KHTML, like Gecko) Chrome/52.0.2717.98 Mobile Safari/537.3"
mediaeclips.infinitibizsol.com:443 207.154.212.47 - - [10/Jun/2025:08:04:00 +0000] "GET /@vite/env HTTP/1.1" 499 0 "-" "Go-http-client/1.1"
mediaeclips.infinitibizsol.com:443 207.154.212.47 - - [10/Jun/2025:08:04:03 +0000] "GET /actuator/env HTTP/1.1" 499 0 "-" "Go-http-client/1.1"
mediaeclips.infinitibizsol.com:443 207.154.212.47 - - [10/Jun/2025:08:04:06 +0000] "GET /server HTTP/1.1" 499 0 "-" "Go-http-client/1.1"
mediaeclips.infinitibizsol.com:443 207.154.212.47 - - [10/Jun/2025:08:04:09 +0000] "GET /version HTTP/1.1" 499 0 "-" "Go-http-client/1.1"
mediaeclips.infinitibizsol.com:443 207.154.212.47 - - [10/Jun/2025:08:04:12 +0000] "GET /.vscode/sftp.json HTTP/1.1" 499 0 "-" "Go-http-client/1.1"
mediaeclips.infinitibizsol.com:443 207.154.212.47 - - [10/Jun/2025:08:04:15 +0000] "GET /about HTTP/1.1" 499 0 "-" "Go-http-client/1.1"
mediaeclips.infinitibizsol.com:443 207.154.212.47 - - [10/Jun/2025:08:04:18 +0000] "GET /debug/default/view?panel=config HTTP/1.1" 499 0 "-" "Go-http-client/1.1"
mediaeclips.infinitibizsol.com:443 207.154.212.47 - - [10/Jun/2025:08:04:21 +0000] "GET /v2/_catalog HTTP/1.1" 499 0 "-" "Go-http-client/1.1"
mediaeclips.infinitibizsol.com:443 207.154.212.47 - - [10/Jun/2025:08:04:24 +0000] "GET /ecp/Current/exporttool/microsoft.exchange.ediscovery.exporttool.application HTTP/1.1" 499 0 "-" "Go-http-client/1.1"
mediaeclips.infinitibizsol.com:443 207.154.212.47 - - [10/Jun/2025:08:04:27 +0000] "GET /server-status HTTP/1.1" 499 0 "-" "Go-http-client/1.1"
mediaeclips.infinitibizsol.com:443 207.154.212.47 - - [10/Jun/2025:08:04:30 +0000] "GET /login.action HTTP/1.1" 499 0 "-" "Go-http-client/1.1"
mediaeclips.infinitibizsol.com:443 207.154.212.47 - - [10/Jun/2025:08:04:33 +0000] "GET /_all_dbs HTTP/1.1" 499 0 "-" "Mozilla/5.0 (l9scan/2.0.0343e2332323e203e2236313; +https://leakix.net)"
mediaeclips.infinitibizsol.com:443 207.154.212.47 - - [10/Jun/2025:08:04:36 +0000] "GET /.DS_Store HTTP/1.1" 499 0 "-" "Go-http-client/1.1"
mediaeclips.infinitibizsol.com:443 207.154.212.47 - - [10/Jun/2025:08:04:39 +0000] "GET /.env HTTP/1.1" 499 0 "-" "Go-http-client/1.1"
mediaeclips.infinitibizsol.com:443 207.154.212.47 - - [10/Jun/2025:08:04:42 +0000] "GET /.git/config HTTP/1.1" 499 0 "-" "Go-http-client/1.1"
mediaeclips.infinitibizsol.com:443 207.154.212.47 - - [10/Jun/2025:08:04:45 +0000] "GET /s/0343e2332323e203e2236313/_/;/META-INF/maven/com.atlassian.jira/jira-webapp-dist/pom.properties HTTP/1.1" 499 0 "-" "Go-http-client/1.1"
mediaeclips.infinitibizsol.com:443 207.154.212.47 - - [10/Jun/2025:08:04:48 +0000] "GET /config.json HTTP/1.1" 499 0 "-" "Go-http-client/1.1"
mediaeclips.infinitibizsol.com:443 207.154.212.47 - - [10/Jun/2025:08:04:51 +0000] "GET /telescope/requests HTTP/1.1" 499 0 "-" "Go-http-client/1.1"
mediaeclips.infinitibizsol.com:443 207.154.212.47 - - [10/Jun/2025:08:04:54 +0000] "GET /info.php HTTP/1.1" 499 0 "-" "Go-http-client/1.1"
mediaeclips.infinitibizsol.com:443 207.154.212.47 - - [10/Jun/2025:08:04:57 +0000] "GET /?rest_route=/wp/v2/users/ HTTP/1.1" 499 0 "-" "Go-http-client/1.1"
mediaeclips.infinitibizsol.com:80 5.161.44.164 - - [10/Jun/2025:08:08:06 +0000] "POST /wp-load.php?6ba5be=37312 HTTP/1.1" 200 1748 "-" "Mozilla/5.0 (Windows NT 10.0; Win64; x64) AppleWebKit/537.36 (KHTML, like Gecko) Chrome/104.0.5112.97 Safari/537.36"
mediaeclips.infinitibizsol.com:443 162.0.223.40 - - [10/Jun/2025:08:15:34 +0000] "POST /wp-cron.php?doing_wp_cron=1749543333.8701260089874267578125 HTTP/1.1" 499 0 "-" "WordPress/6.5.5; https://mediaeclips.com"
mediaeclips.infinitibizsol.com:443 216.73.216.193 - - [10/Jun/2025:08:15:34 +0000] "GET /sitemap.xml HTTP/1.1" 404 5 "-" "Mozilla/5.0 AppleWebKit/537.36 (KHTML, like Gecko; compatible; ClaudeBot/1.0; +claudebot@anthropic.com)"
mediaeclips.infinitibizsol.com:80 5.161.52.234 - - [10/Jun/2025:08:23:16 +0000] "POST /wp-load.php?82d8a0=12384 HTTP/1.1" 200 1748 "-" "Mozilla/5.0 (Windows NT 10.0; Win64; x64) AppleWebKit/537.36 (KHTML, like Gecko) Chrome/104.0.5112.97 Safari/537.36"
mediaeclips.infinitibizsol.com:443 162.0.223.40 - - [10/Jun/2025:08:24:42 +0000] "POST /wp-cron.php?doing_wp_cron=1749543881.1763639450073242187500 HTTP/1.1" 499 0 "-" "WordPress/6.5.5; https://mediaeclips.com"
mediaeclips.infinitibizsol.com:443 205.185.120.167 - - [10/Jun/2025:08:24:42 +0000] "GET /wp-login.php HTTP/1.1" 200 6532 "-" "Mozilla/5.0 (Macintosh; Intel Mac OS X 10_9_2) AppleWebKit/537.36 (KHTML, like Gecko) Chrome/35.0.1916.153 Safari/537.36"
mediaeclips.infinitibizsol.com:443 205.185.120.167 - - [10/Jun/2025:08:24:44 +0000] "POST /wp-login.php HTTP/1.1" 200 7022 "-" "Mozilla/5.0 (Macintosh; Intel Mac OS X 10_9_2) AppleWebKit/537.36 (KHTML, like Gecko) Chrome/35.0.1916.153 Safari/537.36"
mediaeclips.infinitibizsol.com:443 162.0.223.40 - - [10/Jun/2025:08:29:12 +0000] "POST /wp-cron.php?doing_wp_cron=1749544151.6910469532012939453125 HTTP/1.1" 499 0 "-" "WordPress/6.5.5; https://mediaeclips.com"
mediaeclips.infinitibizsol.com:443 198.98.61.148 - - [10/Jun/2025:08:29:12 +0000] "GET /wp-login.php HTTP/1.1" 200 6532 "-" "Mozilla/5.0 (Macintosh; Intel Mac OS X 10_7_5) AppleWebKit/537.36 (KHTML, like Gecko) Chrome/36.0.1985.125 Safari/537.36"
mediaeclips.infinitibizsol.com:443 198.98.61.148 - - [10/Jun/2025:08:29:15 +0000] "POST /wp-login.php HTTP/1.1" 200 7063 "-" "Mozilla/5.0 (Macintosh; Intel Mac OS X 10_7_5) AppleWebKit/537.36 (KHTML, like Gecko) Chrome/36.0.1985.125 Safari/537.36"
mediaeclips.infinitibizsol.com:80 139.180.180.168 - - [10/Jun/2025:08:38:26 +0000] "POST /wp-load.php?cfdc7d=37745 HTTP/1.1" 200 1748 "-" "Mozilla/5.0 (Windows NT 10.0; Win64; x64) AppleWebKit/537.36 (KHTML, like Gecko) Chrome/104.0.5112.97 Safari/537.36"
mediaeclips.infinitibizsol.com:443 162.0.223.40 - - [10/Jun/2025:08:45:49 +0000] "POST /wp-cron.php?doing_wp_cron=1749545148.9099409580230712890625 HTTP/1.1" 499 0 "-" "WordPress/6.5.5; https://mediaeclips.com"
mediaeclips.infinitibizsol.com:443 20.171.207.216 - - [10/Jun/2025:08:45:50 +0000] "GET /goods.php?sitemap.xml HTTP/1.1" 404 5 "-" "Mozilla/5.0 AppleWebKit/537.36 (KHTML, like Gecko; compatible; GPTBot/1.2; +https://openai.com/gptbot)"
mediaeclips.infinitibizsol.com:443 162.0.223.40 - - [10/Jun/2025:08:47:07 +0000] "POST /wp-cron.php?doing_wp_cron=1749545226.1652998924255371093750 HTTP/1.1" 499 0 "-" "WordPress/6.5.5; https://mediaeclips.com"
mediaeclips.infinitibizsol.com:443 20.171.207.216 - - [10/Jun/2025:08:47:07 +0000] "GET /sitemap.xml HTTP/1.1" 404 5 "-" "Mozilla/5.0 AppleWebKit/537.36 (KHTML, like Gecko; compatible; GPTBot/1.2; +https://openai.com/gptbot)"
mediaeclips.infinitibizsol.com:80 5.161.216.238 - - [10/Jun/2025:08:53:34 +0000] "POST /wp-load.php?9301e6=16659 HTTP/1.1" 200 1748 "-" "Mozilla/5.0 (Windows NT 10.0; Win64; x64) AppleWebKit/537.36 (KHTML, like Gecko) Chrome/104.0.5112.97 Safari/537.36"
mediaeclips.infinitibizsol.com:443 162.0.223.40 - - [10/Jun/2025:08:53:56 +0000] "POST /wp-cron.php?doing_wp_cron=1749545635.5241379737854003906250 HTTP/1.1" 499 0 "-" "WordPress/6.5.5; https://mediaeclips.com"
mediaeclips.infinitibizsol.com:443 93.123.109.108 - - [10/Jun/2025:08:53:56 +0000] "GET /.git/config HTTP/1.1" 404 5 "-" "python-requests/2.25.1"
mediaeclips.infinitibizsol.com:80 93.123.109.108 - - [10/Jun/2025:08:54:01 +0000] "GET /.git/config HTTP/1.1" 404 5 "-" "python-requests/2.25.1"
mediaeclips.infinitibizsol.com:80 162.0.223.40 - - [10/Jun/2025:09:06:35 +0000] "POST /wp-cron.php?doing_wp_cron=1749546394.8989200592041015625000 HTTP/1.1" 499 0 "-" "WordPress/6.5.5; https://mediaeclips.com"
mediaeclips.infinitibizsol.com:80 51.222.253.1 - - [10/Jun/2025:09:06:36 +0000] "GET / HTTP/1.1" 404 5 "-" "Mozilla/5.0 (compatible; AhrefsBot/7.0; +http://ahrefs.com/robot/)"
mediaeclips.infinitibizsol.com:80 5.161.177.123 - - [10/Jun/2025:09:08:35 +0000] "POST /wp-load.php?278b43=75042 HTTP/1.1" 200 1748 "-" "Mozilla/5.0 (Windows NT 10.0; Win64; x64) AppleWebKit/537.36 (KHTML, like Gecko) Chrome/104.0.5112.97 Safari/537.36"
mediaeclips.infinitibizsol.com:443 162.0.223.40 - - [10/Jun/2025:09:09:37 +0000] "POST /wp-cron.php?doing_wp_cron=1749546575.8222908973693847656250 HTTP/1.1" 499 0 "-" "WordPress/6.5.5; https://mediaeclips.com"
mediaeclips.infinitibizsol.com:443 216.73.216.193 - - [10/Jun/2025:09:09:37 +0000] "GET /sitemap.xml HTTP/1.1" 404 5 "-" "Mozilla/5.0 AppleWebKit/537.36 (KHTML, like Gecko; compatible; ClaudeBot/1.0; +claudebot@anthropic.com)"
mediaeclips.infinitibizsol.com:443 57.141.4.3 - - [10/Jun/2025:09:10:46 +0000] "GET /tag/web-development-trends-in-2024/ HTTP/1.1" 404 48065 "-" "meta-externalagent/1.1 (+https://developers.facebook.com/docs/sharing/webmasters/crawler)"
mediaeclips.infinitibizsol.com:443 47.128.96.173 - - [10/Jun/2025:09:14:26 +0000] "GET / HTTP/1.1" 404 108421 "-" "Mozilla/5.0 (Linux; Android 5.0) AppleWebKit/537.36 (KHTML, like Gecko) Mobile Safari/537.36 (compatible; TikTokSpider; ttspider-feedback@tiktok.com)"
mediaeclips.infinitibizsol.com:443 47.128.96.173 - - [10/Jun/2025:09:14:27 +0000] "GET /wp-content/themes/ziptech/css/style.css?ver=6.5.5 HTTP/1.1" 200 256580 "https://mediaeclips.com/" "Mozilla/5.0 (Linux; Android 5.0) AppleWebKit/537.36 (KHTML, like Gecko) Mobile Safari/537.36 (compatible; TikTokSpider; ttspider-feedback@tiktok.com)"
mediaeclips.infinitibizsol.com:443 47.128.96.173 - - [10/Jun/2025:09:14:27 +0000] "GET /wp-content/plugins/contact-form-7/includes/css/styles.css?ver=5.9.4 HTTP/1.1" 200 2894 "https://mediaeclips.com/" "Mozilla/5.0 (Linux; Android 5.0) AppleWebKit/537.36 (KHTML, like Gecko) Mobile Safari/537.36 (compatible; TikTokSpider; ttspider-feedback@tiktok.com)"
mediaeclips.infinitibizsol.com:443 47.128.96.173 - - [10/Jun/2025:09:14:27 +0000] "GET /wp-content/plugins/elementor/assets/lib/eicons/css/elementor-icons.min.css?ver=5.29.0 HTTP/1.1" 200 19778 "https://mediaeclips.com/" "Mozilla/5.0 (Linux; Android 5.0) AppleWebKit/537.36 (KHTML, like Gecko) Mobile Safari/537.36 (compatible; TikTokSpider; ttspider-feedback@tiktok.com)"
mediaeclips.infinitibizsol.com:443 47.128.96.173 - - [10/Jun/2025:09:14:27 +0000] "GET /wp-content/themes/ziptech/css/responsive.css?ver=6.5.5 HTTP/1.1" 200 9773 "https://mediaeclips.com/" "Mozilla/5.0 (Linux; Android 5.0) AppleWebKit/537.36 (KHTML, like Gecko) Mobile Safari/537.36 (compatible; TikTokSpider; ttspider-feedback@tiktok.com)"
mediaeclips.infinitibizsol.com:443 47.128.96.173 - - [10/Jun/2025:09:14:27 +0000] "GET /wp-content/themes/ziptech/style.css?ver=2023-03-20 HTTP/1.1" 200 10974 "https://mediaeclips.com/" "Mozilla/5.0 (Linux; Android 5.0) AppleWebKit/537.36 (KHTML, like Gecko) Mobile Safari/537.36 (compatible; TikTokSpider; ttspider-feedback@tiktok.com)"
mediaeclips.infinitibizsol.com:443 47.128.96.173 - - [10/Jun/2025:09:14:27 +0000] "GET /wp-content/plugins/elementor/assets/css/frontend-lite.min.css?ver=3.21.5 HTTP/1.1" 200 118945 "https://mediaeclips.com/" "Mozilla/5.0 (Linux; Android 5.0) AppleWebKit/537.36 (KHTML, like Gecko) Mobile Safari/537.36 (compatible; TikTokSpider; ttspider-feedback@tiktok.com)"
mediaeclips.infinitibizsol.com:443 47.128.96.173 - - [10/Jun/2025:09:14:27 +0000] "GET /wp-content/plugins/tablepress/css/build/default.css?ver=2.3.1 HTTP/1.1" 200 6087 "https://mediaeclips.com/" "Mozilla/5.0 (Linux; Android 5.0) AppleWebKit/537.36 (KHTML, like Gecko) Mobile Safari/537.36 (compatible; TikTokSpider; ttspider-feedback@tiktok.com)"
mediaeclips.infinitibizsol.com:443 47.128.96.173 - - [10/Jun/2025:09:14:27 +0000] "GET /wp-content/themes/ziptech/css/style-dark.css?ver=6.5.5 HTTP/1.1" 200 4282 "https://mediaeclips.com/" "Mozilla/5.0 (Linux; Android 5.0) AppleWebKit/537.36 (KHTML, like Gecko) Mobile Safari/537.36 (compatible; TikTokSpider; ttspider-feedback@tiktok.com)"
mediaeclips.infinitibizsol.com:443 47.128.96.173 - - [10/Jun/2025:09:14:27 +0000] "GET /wp-content/plugins/elementor-pro/assets/css/frontend-lite.min.css?ver=3.19.3 HTTP/1.1" 200 11053 "https://mediaeclips.com/" "Mozilla/5.0 (Linux; Android 5.0) AppleWebKit/537.36 (KHTML, like Gecko) Mobile Safari/537.36 (compatible; TikTokSpider; ttspider-feedback@tiktok.com)"
mediaeclips.infinitibizsol.com:443 47.128.96.173 - - [10/Jun/2025:09:14:27 +0000] "GET /wp-content/plugins/elementor/assets/lib/swiper/v8/css/swiper.min.css?ver=8.4.5 HTTP/1.1" 200 16471 "https://mediaeclips.com/" "Mozilla/5.0 (Linux; Android 5.0) AppleWebKit/537.36 (KHTML, like Gecko) Mobile Safari/537.36 (compatible; TikTokSpider; ttspider-feedback@tiktok.com)"
mediaeclips.infinitibizsol.com:443 47.128.96.173 - - [10/Jun/2025:09:14:27 +0000] "GET /wp-content/plugins/elementskit-lite/modules/elementskit-icon-pack/assets/css/ekiticons.css?ver=3.1.3 HTTP/1.1" 200 124837 "https://mediaeclips.com/" "Mozilla/5.0 (Linux; Android 5.0) AppleWebKit/537.36 (KHTML, like Gecko) Mobile Safari/537.36 (compatible; TikTokSpider; ttspider-feedback@tiktok.com)"
mediaeclips.infinitibizsol.com:443 47.128.96.173 - - [10/Jun/2025:09:14:28 +0000] "GET /wp-content/uploads/elementor/css/global.css?ver=1715183195 HTTP/1.1" 200 46618 "https://mediaeclips.com/" "Mozilla/5.0 (Linux; Android 5.0) AppleWebKit/537.36 (KHTML, like Gecko) Mobile Safari/537.36 (compatible; TikTokSpider; ttspider-feedback@tiktok.com)"
mediaeclips.infinitibizsol.com:443 47.128.96.173 - - [10/Jun/2025:09:14:28 +0000] "GET /wp-content/uploads/elementor/css/post-9.css?ver=1715183195 HTTP/1.1" 200 1168 "https://mediaeclips.com/" "Mozilla/5.0 (Linux; Android 5.0) AppleWebKit/537.36 (KHTML, like Gecko) Mobile Safari/537.36 (compatible; TikTokSpider; ttspider-feedback@tiktok.com)"
mediaeclips.infinitibizsol.com:443 47.128.96.173 - - [10/Jun/2025:09:14:28 +0000] "GET /wp-content/plugins/elementskit-lite/widgets/init/assets/css/responsive.css?ver=3.1.3 HTTP/1.1" 200 30299 "https://mediaeclips.com/" "Mozilla/5.0 (Linux; Android 5.0) AppleWebKit/537.36 (KHTML, like Gecko) Mobile Safari/537.36 (compatible; TikTokSpider; ttspider-feedback@tiktok.com)"
mediaeclips.infinitibizsol.com:443 47.128.96.173 - - [10/Jun/2025:09:14:28 +0000] "GET /wp-content/uploads/elementor/css/post-107.css?ver=1715800560 HTTP/1.1" 200 30721 "https://mediaeclips.com/" "Mozilla/5.0 (Linux; Android 5.0) AppleWebKit/537.36 (KHTML, like Gecko) Mobile Safari/537.36 (compatible; TikTokSpider; ttspider-feedback@tiktok.com)"
mediaeclips.infinitibizsol.com:443 47.128.96.173 - - [10/Jun/2025:09:14:28 +0000] "GET /wp-content/plugins/elementor/assets/lib/font-awesome/css/solid.min.css?ver=5.15.3 HTTP/1.1" 200 669 "https://mediaeclips.com/" "Mozilla/5.0 (Linux; Android 5.0) AppleWebKit/537.36 (KHTML, like Gecko) Mobile Safari/537.36 (compatible; TikTokSpider; ttspider-feedback@tiktok.com)"
mediaeclips.infinitibizsol.com:443 47.128.96.173 - - [10/Jun/2025:09:14:28 +0000] "GET /wp-content/plugins/elementor/assets/lib/font-awesome/css/fontawesome.min.css?ver=5.15.3 HTTP/1.1" 200 58071 "https://mediaeclips.com/" "Mozilla/5.0 (Linux; Android 5.0) AppleWebKit/537.36 (KHTML, like Gecko) Mobile Safari/537.36 (compatible; TikTokSpider; ttspider-feedback@tiktok.com)"
mediaeclips.infinitibizsol.com:443 47.128.96.173 - - [10/Jun/2025:09:14:28 +0000] "GET /wp-content/plugins/essential-addons-for-elementor-lite/assets/front-end/css/view/general.min.css?ver=5.9.21 HTTP/1.1" 200 3829 "https://mediaeclips.com/" "Mozilla/5.0 (Linux; Android 5.0) AppleWebKit/537.36 (KHTML, like Gecko) Mobile Safari/537.36 (compatible; TikTokSpider; ttspider-feedback@tiktok.com)"
mediaeclips.infinitibizsol.com:443 47.128.96.173 - - [10/Jun/2025:09:14:28 +0000] "GET /wp-content/plugins/elementskit-lite/widgets/init/assets/css/widget-styles.css?ver=3.1.3 HTTP/1.1" 200 445845 "https://mediaeclips.com/" "Mozilla/5.0 (Linux; Android 5.0) AppleWebKit/537.36 (KHTML, like Gecko) Mobile Safari/537.36 (compatible; TikTokSpider; ttspider-feedback@tiktok.com)"
mediaeclips.infinitibizsol.com:443 47.128.96.173 - - [10/Jun/2025:09:14:28 +0000] "GET /wp-content/themes/ziptech/css/nice-select.css HTTP/1.1" 200 4007 "https://mediaeclips.com/wp-content/themes/ziptech/css/style.css?ver=6.5.5" "Mozilla/5.0 (Linux; Android 5.0) AppleWebKit/537.36 (KHTML, like Gecko) Mobile Safari/537.36 (compatible; TikTokSpider; ttspider-feedback@tiktok.com)"
mediaeclips.infinitibizsol.com:443 47.128.96.173 - - [10/Jun/2025:09:14:28 +0000] "GET /wp-content/themes/ziptech/css/bootstrap.min.css HTTP/1.1" 200 155845 "https://mediaeclips.com/wp-content/themes/ziptech/css/style.css?ver=6.5.5" "Mozilla/5.0 (Linux; Android 5.0) AppleWebKit/537.36 (KHTML, like Gecko) Mobile Safari/537.36 (compatible; TikTokSpider; ttspider-feedback@tiktok.com)"
mediaeclips.infinitibizsol.com:443 47.128.96.173 - - [10/Jun/2025:09:14:28 +0000] "GET /wp-content/themes/ziptech/fonts/webexbaseicon/style.css HTTP/1.1" 200 28784 "https://mediaeclips.com/wp-content/themes/ziptech/css/style.css?ver=6.5.5" "Mozilla/5.0 (Linux; Android 5.0) AppleWebKit/537.36 (KHTML, like Gecko) Mobile Safari/537.36 (compatible; TikTokSpider; ttspider-feedback@tiktok.com)"
mediaeclips.infinitibizsol.com:443 47.128.96.173 - - [10/Jun/2025:09:14:28 +0000] "GET /wp-content/themes/ziptech/fonts/webexthemeicon/style.css HTTP/1.1" 200 7008 "https://mediaeclips.com/wp-content/themes/ziptech/css/style.css?ver=6.5.5" "Mozilla/5.0 (Linux; Android 5.0) AppleWebKit/537.36 (KHTML, like Gecko) Mobile Safari/537.36 (compatible; TikTokSpider; ttspider-feedback@tiktok.com)"
mediaeclips.infinitibizsol.com:443 47.128.96.173 - - [10/Jun/2025:09:14:28 +0000] "GET /wp-content/themes/ziptech/css/magnific-popup.css HTTP/1.1" 200 6951 "https://mediaeclips.com/wp-content/themes/ziptech/css/style.css?ver=6.5.5" "Mozilla/5.0 (Linux; Android 5.0) AppleWebKit/537.36 (KHTML, like Gecko) Mobile Safari/537.36 (compatible; TikTokSpider; ttspider-feedback@tiktok.com)"
mediaeclips.infinitibizsol.com:443 47.128.96.173 - - [10/Jun/2025:09:14:28 +0000] "GET /wp-content/themes/ziptech/fonts/fontawesome/css/all.css HTTP/1.1" 200 72670 "https://mediaeclips.com/wp-content/themes/ziptech/css/style.css?ver=6.5.5" "Mozilla/5.0 (Linux; Android 5.0) AppleWebKit/537.36 (KHTML, like Gecko) Mobile Safari/537.36 (compatible; TikTokSpider; ttspider-feedback@tiktok.com)"
mediaeclips.infinitibizsol.com:443 47.128.96.173 - - [10/Jun/2025:09:14:28 +0000] "GET /wp-content/themes/ziptech/css/twentytwenty.css HTTP/1.1" 200 6537 "https://mediaeclips.com/wp-content/themes/ziptech/css/style.css?ver=6.5.5" "Mozilla/5.0 (Linux; Android 5.0) AppleWebKit/537.36 (KHTML, like Gecko) Mobile Safari/537.36 (compatible; TikTokSpider; ttspider-feedback@tiktok.com)"
mediaeclips.infinitibizsol.com:443 47.128.96.173 - - [10/Jun/2025:09:14:28 +0000] "GET /wp-content/themes/ziptech/css/owl.carousel.min.css HTTP/1.1" 200 3356 "https://mediaeclips.com/wp-content/themes/ziptech/css/style.css?ver=6.5.5" "Mozilla/5.0 (Linux; Android 5.0) AppleWebKit/537.36 (KHTML, like Gecko) Mobile Safari/537.36 (compatible; TikTokSpider; ttspider-feedback@tiktok.com)"
mediaeclips.infinitibizsol.com:443 47.128.96.173 - - [10/Jun/2025:09:14:28 +0000] "GET /wp-content/themes/ziptech/css/kursor.css HTTP/1.1" 200 6346 "https://mediaeclips.com/wp-content/themes/ziptech/css/style.css?ver=6.5.5" "Mozilla/5.0 (Linux; Android 5.0) AppleWebKit/537.36 (KHTML, like Gecko) Mobile Safari/537.36 (compatible; TikTokSpider; ttspider-feedback@tiktok.com)"
mediaeclips.infinitibizsol.com:443 47.128.96.173 - - [10/Jun/2025:09:14:29 +0000] "GET /wp-content/themes/ziptech/css/custom-animation.css HTTP/1.1" 200 9217 "https://mediaeclips.com/wp-content/themes/ziptech/css/style.css?ver=6.5.5" "Mozilla/5.0 (Linux; Android 5.0) AppleWebKit/537.36 (KHTML, like Gecko) Mobile Safari/537.36 (compatible; TikTokSpider; ttspider-feedback@tiktok.com)"
mediaeclips.infinitibizsol.com:443 47.128.96.173 - - [10/Jun/2025:09:14:29 +0000] "GET /wp-content/themes/ziptech/css/animate.css HTTP/1.1" 200 80426 "https://mediaeclips.com/wp-content/themes/ziptech/css/style.css?ver=6.5.5" "Mozilla/5.0 (Linux; Android 5.0) AppleWebKit/537.36 (KHTML, like Gecko) Mobile Safari/537.36 (compatible; TikTokSpider; ttspider-feedback@tiktok.com)"
mediaeclips.infinitibizsol.com:443 47.128.96.173 - - [10/Jun/2025:09:14:29 +0000] "GET /wp-content/uploads/2024/05/imgpsh_fullsize_anim__6_-removebg-preview.webp HTTP/1.1" 206 500 "https://mediaeclips.com/" "Mozilla/5.0 (Linux; Android 5.0) AppleWebKit/537.36 (KHTML, like Gecko) Mobile Safari/537.36 (compatible; TikTokSpider; ttspider-feedback@tiktok.com)"
mediaeclips.infinitibizsol.com:443 47.128.96.173 - - [10/Jun/2025:09:14:29 +0000] "GET /wp-content/uploads/2024/03/imgpsh_fullsize_anim-2-e1709678697288.png HTTP/1.1" 206 500 "https://mediaeclips.com/" "Mozilla/5.0 (Linux; Android 5.0) AppleWebKit/537.36 (KHTML, like Gecko) Mobile Safari/537.36 (compatible; TikTokSpider; ttspider-feedback@tiktok.com)"
mediaeclips.infinitibizsol.com:443 47.128.96.173 - - [10/Jun/2025:09:14:31 +0000] "GET /wp-content/uploads/2024/03/about3-img2.webp HTTP/1.1" 206 500 "https://mediaeclips.com/" "Mozilla/5.0 (Linux; Android 5.0) AppleWebKit/537.36 (KHTML, like Gecko) Mobile Safari/537.36 (compatible; TikTokSpider; ttspider-feedback@tiktok.com)"
mediaeclips.infinitibizsol.com:443 47.128.96.173 - - [10/Jun/2025:09:14:31 +0000] "GET /wp-content/uploads/2024/03/about3-img1.webp HTTP/1.1" 206 500 "https://mediaeclips.com/" "Mozilla/5.0 (Linux; Android 5.0) AppleWebKit/537.36 (KHTML, like Gecko) Mobile Safari/537.36 (compatible; TikTokSpider; ttspider-feedback@tiktok.com)"
mediaeclips.infinitibizsol.com:443 162.0.223.40 - - [10/Jun/2025:09:14:32 +0000] "POST /wp-cron.php?doing_wp_cron=1749546871.2776029109954833984375 HTTP/1.1" 499 0 "-" "WordPress/6.5.5; https://mediaeclips.com"
mediaeclips.infinitibizsol.com:443 47.128.96.173 - - [10/Jun/2025:09:14:32 +0000] "GET /wp-content/themes/ziptech/framework/color.php?ver=6.5.5 HTTP/1.1" 404 5 "https://mediaeclips.com/" "Mozilla/5.0 (Linux; Android 5.0) AppleWebKit/537.36 (KHTML, like Gecko) Mobile Safari/537.36 (compatible; TikTokSpider; ttspider-feedback@tiktok.com)"
mediaeclips.infinitibizsol.com:443 47.128.96.173 - - [10/Jun/2025:09:14:32 +0000] "GET /wp-content/uploads/2024/05/1-What-is-Video-Marketing-An-Ultimate-Guide.webp HTTP/1.1" 206 500 "https://mediaeclips.com/" "Mozilla/5.0 (Linux; Android 5.0) AppleWebKit/537.36 (KHTML, like Gecko) Mobile Safari/537.36 (compatible; TikTokSpider; ttspider-feedback@tiktok.com)"
mediaeclips.infinitibizsol.com:443 47.128.96.173 - - [10/Jun/2025:09:14:32 +0000] "GET /wp-content/uploads/2024/02/Media-Eclips-2.png.webp HTTP/1.1" 206 500 "https://mediaeclips.com/" "Mozilla/5.0 (Linux; Android 5.0) AppleWebKit/537.36 (KHTML, like Gecko) Mobile Safari/537.36 (compatible; TikTokSpider; ttspider-feedback@tiktok.com)"
mediaeclips.infinitibizsol.com:443 47.128.96.173 - - [10/Jun/2025:09:14:32 +0000] "GET /wp-content/uploads/2024/05/1-How-to-Create-an-Effective-SEO-Strategy-in-2024.webp HTTP/1.1" 206 500 "https://mediaeclips.com/" "Mozilla/5.0 (Linux; Android 5.0) AppleWebKit/537.36 (KHTML, like Gecko) Mobile Safari/537.36 (compatible; TikTokSpider; ttspider-feedback@tiktok.com)"
mediaeclips.infinitibizsol.com:443 47.128.96.173 - - [10/Jun/2025:09:14:32 +0000] "GET /wp-content/themes/ziptech/images/testimonials/testimonial-img1.jpg HTTP/1.1" 206 500 "https://mediaeclips.com/" "Mozilla/5.0 (Linux; Android 5.0) AppleWebKit/537.36 (KHTML, like Gecko) Mobile Safari/537.36 (compatible; TikTokSpider; ttspider-feedback@tiktok.com)"
mediaeclips.infinitibizsol.com:443 47.128.96.173 - - [10/Jun/2025:09:14:32 +0000] "GET /wp-content/themes/ziptech/images/objects/footer-obj1.png HTTP/1.1" 206 500 "https://mediaeclips.com/" "Mozilla/5.0 (Linux; Android 5.0) AppleWebKit/537.36 (KHTML, like Gecko) Mobile Safari/537.36 (compatible; TikTokSpider; ttspider-feedback@tiktok.com)"
mediaeclips.infinitibizsol.com:443 47.128.96.173 - - [10/Jun/2025:09:14:32 +0000] "GET /wp-content/themes/ziptech/images/down-arrow.png HTTP/1.1" 206 427 "https://mediaeclips.com/wp-content/themes/ziptech/css/style.css?ver=6.5.5" "Mozilla/5.0 (Linux; Android 5.0) AppleWebKit/537.36 (KHTML, like Gecko) Mobile Safari/537.36 (compatible; TikTokSpider; ttspider-feedback@tiktok.com)"
mediaeclips.infinitibizsol.com:443 47.128.96.173 - - [10/Jun/2025:09:14:32 +0000] "GET /wp-content/themes/ziptech/images/about/wave2.png HTTP/1.1" 206 500 "https://mediaeclips.com/wp-content/themes/ziptech/css/style.css?ver=6.5.5" "Mozilla/5.0 (Linux; Android 5.0) AppleWebKit/537.36 (KHTML, like Gecko) Mobile Safari/537.36 (compatible; TikTokSpider; ttspider-feedback@tiktok.com)"
mediaeclips.infinitibizsol.com:443 162.0.223.40 - - [10/Jun/2025:09:17:26 +0000] "POST /wp-cron.php?doing_wp_cron=1749547045.8587799072265625000000 HTTP/1.1" 499 0 "-" "WordPress/6.5.5; https://mediaeclips.com"
mediaeclips.infinitibizsol.com:443 51.222.253.20 - - [10/Jun/2025:09:17:26 +0000] "GET /goods.php?sitemap.xml HTTP/1.1" 404 5 "-" "Mozilla/5.0 (compatible; AhrefsBot/7.0; +http://ahrefs.com/robot/)"
mediaeclips.infinitibizsol.com:443 162.0.223.40 - - [10/Jun/2025:09:19:46 +0000] "POST /wp-cron.php?doing_wp_cron=1749547185.4323759078979492187500 HTTP/1.1" 499 0 "-" "WordPress/6.5.5; https://mediaeclips.com"
mediaeclips.infinitibizsol.com:443 34.174.145.230 - - [10/Jun/2025:09:19:47 +0000] "GET /search-engine-marketing/ HTTP/1.1" 499 0 "-" "Mozilla/5.0 (Macintosh; Intel Mac OS X 10.15; rv:109.0) Gecko/20100101 Firefox/116.0"
mediaeclips.infinitibizsol.com:80 5.161.44.164 - - [10/Jun/2025:09:23:44 +0000] "POST /wp-load.php?265085=20885 HTTP/1.1" 200 1748 "-" "Mozilla/5.0 (Windows NT 10.0; Win64; x64) AppleWebKit/537.36 (KHTML, like Gecko) Chrome/104.0.5112.97 Safari/537.36"
mediaeclips.infinitibizsol.com:443 162.0.223.40 - - [10/Jun/2025:09:24:20 +0000] "POST /wp-cron.php?doing_wp_cron=1749547459.4797110557556152343750 HTTP/1.1" 499 0 "-" "WordPress/6.5.5; https://mediaeclips.com"
mediaeclips.infinitibizsol.com:443 45.61.187.126 - - [10/Jun/2025:09:24:20 +0000] "GET /wp-login.php HTTP/1.1" 200 6532 "-" "Mozilla/5.0 (Macintosh; Intel Mac OS X 10_9_3) AppleWebKit/537.36 (KHTML, like Gecko) Chrome/36.0.1985.125 Safari/537.36"
mediaeclips.infinitibizsol.com:443 45.61.187.126 - - [10/Jun/2025:09:24:24 +0000] "POST /wp-login.php HTTP/1.1" 200 7021 "-" "Mozilla/5.0 (Macintosh; Intel Mac OS X 10_9_3) AppleWebKit/537.36 (KHTML, like Gecko) Chrome/36.0.1985.125 Safari/537.36"
mediaeclips.infinitibizsol.com:443 34.174.158.235 - - [10/Jun/2025:09:26:43 +0000] "GET /services/social-media-marketing/ HTTP/1.1" 404 5 "-" "Mozilla/5.0 (Windows NT 10.0; Win64; x64) AppleWebKit/537.36 (KHTML, like Gecko) Chrome/123.0.0.0 Safari/537.36"
mediaeclips.infinitibizsol.com:80 162.0.223.40 - - [10/Jun/2025:09:30:42 +0000] "POST /wp-cron.php?doing_wp_cron=1749547841.4999880790710449218750 HTTP/1.1" 499 0 "-" "WordPress/6.5.5; https://mediaeclips.com"
mediaeclips.infinitibizsol.com:80 42.83.147.55 - - [10/Jun/2025:09:30:42 +0000] "GET / HTTP/1.1" 404 5 "-" "Mozilla/5.0 (Windows NT 6.1; Win64; x64) AppleWebKit/537.36 (KHTML, like Gecko)Chrome/74.0.3729.169 Safari/537.36"
mediaeclips.infinitibizsol.com:443 51.222.253.18 - - [10/Jun/2025:09:31:00 +0000] "GET /sitemap.xml HTTP/1.1" 404 5 "-" "Mozilla/5.0 (compatible; AhrefsBot/7.0; +http://ahrefs.com/robot/)"
mediaeclips.infinitibizsol.com:80 5.161.201.188 - - [10/Jun/2025:09:38:53 +0000] "POST /wp-load.php?fb87e8=42650 HTTP/1.1" 200 1748 "-" "Mozilla/5.0 (Windows NT 10.0; Win64; x64) AppleWebKit/537.36 (KHTML, like Gecko) Chrome/104.0.5112.97 Safari/537.36"
mediaeclips.infinitibizsol.com:443 45.227.253.15 - - [10/Jun/2025:09:42:04 +0000] "GET /?ARRAY=7o2230223n313734393535323231312p2231223n22687474703n5p2s5p2s3230342r31322r3233382r37345p2s3s6p633q7068705s636s64655s6n6326743q313734393534383631312q3530303231393938363838323831633337323563623231653230633030333833222p2232223n226636393832313739316462646532623335343262366335653632643861373831222p2233223n226434626232353337323331663838336165383538363561663665363532323133222p2262696r675s70617373223n2232362q34332q35372q36372q37322q38352q3138227q HTTP/1.1" 200 95 "-" "Mozilla/5.0 (Windows NT 10.0; Win64; x64) AppleWebKit/537.36 (KHTML, like Gecko) Chrome/85.0.4183.83 Safari/537.35"
mediaeclips.infinitibizsol.com:443 162.0.223.40 - - [10/Jun/2025:09:42:47 +0000] "POST /wp-cron.php?doing_wp_cron=1749548566.8026759624481201171875 HTTP/1.1" 499 0 "-" "WordPress/6.5.5; https://mediaeclips.com"
mediaeclips.infinitibizsol.com:443 216.73.216.193 - - [10/Jun/2025:09:42:48 +0000] "GET /goods.php HTTP/1.1" 404 5 "-" "Mozilla/5.0 AppleWebKit/537.36 (KHTML, like Gecko; compatible; ClaudeBot/1.0; +claudebot@anthropic.com)"
mediaeclips.infinitibizsol.com:443 162.0.223.40 - - [10/Jun/2025:09:47:47 +0000] "POST /wp-cron.php?doing_wp_cron=1749548866.4563999176025390625000 HTTP/1.1" 499 0 "-" "WordPress/6.5.5; https://mediaeclips.com"
mediaeclips.infinitibizsol.com:443 57.141.4.14 - - [10/Jun/2025:09:47:48 +0000] "GET /category/digital-marketing/ HTTP/1.1" 404 66379 "-" "meta-externalagent/1.1 (+https://developers.facebook.com/docs/sharing/webmasters/crawler)"
mediaeclips.infinitibizsol.com:443 80.85.247.161 - - [10/Jun/2025:09:51:25 +0000] "GET / HTTP/1.1" 404 108436 "-" "Mozilla/5.0 (Macintosh; Intel Mac OS X 10_15_7) AppleWebKit/537.36 (KHTML, like Gecko) Chrome/133.0.0.0 Safari/537.36"
mediaeclips.infinitibizsol.com:443 162.0.223.40 - - [10/Jun/2025:09:51:33 +0000] "POST /wp-cron.php?doing_wp_cron=1749549092.2177219390869140625000 HTTP/1.1" 499 0 "-" "WordPress/6.5.5; https://mediaeclips.com"
mediaeclips.infinitibizsol.com:443 202.63.241.141 - - [10/Jun/2025:09:51:34 +0000] "POST / HTTP/1.1" 404 108716 "-" "Mozilla/5.0 (Macintosh; Intel Mac OS X 10_15_7) AppleWebKit/537.36 (KHTML, like Gecko) Chrome/133.0.0.0 Safari/537.36"
mediaeclips.infinitibizsol.com:443 202.63.241.141 - - [10/Jun/2025:09:51:41 +0000] "POST / HTTP/1.1" 404 108301 "-" "Mozilla/5.0 (Windows NT 10.0; Win64; x64) AppleWebKit/537.36 (KHTML, like Gecko) Chrome/120.0.0.0 Safari/537.36"
mediaeclips.infinitibizsol.com:443 202.63.241.141 - - [10/Jun/2025:09:51:50 +0000] "POST / HTTP/1.1" 404 108373 "-" "Mozilla/5.0 (Macintosh; Intel Mac OS X 10_15_7) AppleWebKit/537.36 (KHTML, like Gecko) Chrome/133.0.0.0 Safari/537.36"
mediaeclips.infinitibizsol.com:443 202.63.241.141 - - [10/Jun/2025:09:51:57 +0000] "POST / HTTP/1.1" 404 109078 "-" "Mozilla/5.0 (Windows NT 10.0; Win64; x64) AppleWebKit/537.36 (KHTML, like Gecko) Chrome/120.0.0.0 Safari/537.36"
mediaeclips.infinitibizsol.com:443 80.85.247.161 - - [10/Jun/2025:09:52:01 +0000] "GET /comments/feed/ HTTP/1.1" 404 937 "-" "Mozilla/5.0 (Macintosh; Intel Mac OS X 10_15_7) AppleWebKit/537.36 (KHTML, like Gecko) Chrome/133.0.0.0 Safari/537.36"
mediaeclips.infinitibizsol.com:443 80.85.247.161 - - [10/Jun/2025:09:52:08 +0000] "GET /graphic-design/ HTTP/1.1" 404 65458 "-" "Mozilla/5.0 (Macintosh; Intel Mac OS X 10_15_7) AppleWebKit/537.36 (KHTML, like Gecko) Chrome/133.0.0.0 Safari/537.36"
mediaeclips.infinitibizsol.com:443 80.85.247.161 - - [10/Jun/2025:09:52:32 +0000] "GET /blogs/ HTTP/1.1" 404 57812 "-" "Mozilla/5.0 (Macintosh; Intel Mac OS X 10_15_7) AppleWebKit/537.36 (KHTML, like Gecko) Chrome/133.0.0.0 Safari/537.36"
mediaeclips.infinitibizsol.com:443 202.63.241.141 - - [10/Jun/2025:09:52:40 +0000] "POST /blogs/ HTTP/1.1" 404 57842 "-" "Mozilla/5.0 (Macintosh; Intel Mac OS X 10_15_7) AppleWebKit/537.36 (KHTML, like Gecko) Chrome/133.0.0.0 Safari/537.36"
mediaeclips.infinitibizsol.com:443 202.63.241.141 - - [10/Jun/2025:09:52:46 +0000] "POST /blogs/ HTTP/1.1" 404 57765 "-" "Mozilla/5.0 (Windows NT 10.0; Win64; x64) AppleWebKit/537.36 (KHTML, like Gecko) Chrome/120.0.0.0 Safari/537.36"
mediaeclips.infinitibizsol.com:443 80.85.247.161 - - [10/Jun/2025:09:52:50 +0000] "GET /blogs/page/2/ HTTP/1.1" 404 57697 "-" "Mozilla/5.0 (Macintosh; Intel Mac OS X 10_15_7) AppleWebKit/537.36 (KHTML, like Gecko) Chrome/133.0.0.0 Safari/537.36"
mediaeclips.infinitibizsol.com:443 202.63.241.141 - - [10/Jun/2025:09:53:05 +0000] "POST /blogs/page/2/ HTTP/1.1" 404 57741 "-" "Mozilla/5.0 (Macintosh; Intel Mac OS X 10_15_7) AppleWebKit/537.36 (KHTML, like Gecko) Chrome/133.0.0.0 Safari/537.36"
mediaeclips.infinitibizsol.com:443 162.0.223.40 - - [10/Jun/2025:09:53:12 +0000] "POST /wp-cron.php?doing_wp_cron=1749549191.4399259090423583984375 HTTP/1.1" 499 0 "-" "WordPress/6.5.5; https://mediaeclips.com"
mediaeclips.infinitibizsol.com:443 202.63.241.141 - - [10/Jun/2025:09:53:14 +0000] "POST /blogs/page/2/ HTTP/1.1" 404 57678 "-" "Mozilla/5.0 (Windows NT 10.0; Win64; x64) AppleWebKit/537.36 (KHTML, like Gecko) Chrome/120.0.0.0 Safari/537.36"
mediaeclips.infinitibizsol.com:443 80.85.247.161 - - [10/Jun/2025:09:53:20 +0000] "GET /blogs/page/3/ HTTP/1.1" 404 57934 "-" "Mozilla/5.0 (Macintosh; Intel Mac OS X 10_15_7) AppleWebKit/537.36 (KHTML, like Gecko) Chrome/133.0.0.0 Safari/537.36"
mediaeclips.infinitibizsol.com:443 202.63.241.141 - - [10/Jun/2025:09:53:28 +0000] "POST /blogs/page/3/ HTTP/1.1" 404 57940 "-" "Mozilla/5.0 (Macintosh; Intel Mac OS X 10_15_7) AppleWebKit/537.36 (KHTML, like Gecko) Chrome/133.0.0.0 Safari/537.36"
mediaeclips.infinitibizsol.com:443 202.63.241.141 - - [10/Jun/2025:09:53:35 +0000] "POST /blogs/page/3/ HTTP/1.1" 404 57847 "-" "Mozilla/5.0 (Windows NT 10.0; Win64; x64) AppleWebKit/537.36 (KHTML, like Gecko) Chrome/120.0.0.0 Safari/537.36"
mediaeclips.infinitibizsol.com:443 80.85.247.161 - - [10/Jun/2025:09:53:41 +0000] "GET /blogs/page/4/ HTTP/1.1" 404 57951 "-" "Mozilla/5.0 (Macintosh; Intel Mac OS X 10_15_7) AppleWebKit/537.36 (KHTML, like Gecko) Chrome/133.0.0.0 Safari/537.36"
mediaeclips.infinitibizsol.com:443 202.63.241.141 - - [10/Jun/2025:09:53:48 +0000] "POST /blogs/page/4/ HTTP/1.1" 404 58048 "-" "Mozilla/5.0 (Macintosh; Intel Mac OS X 10_15_7) AppleWebKit/537.36 (KHTML, like Gecko) Chrome/133.0.0.0 Safari/537.36"
mediaeclips.infinitibizsol.com:80 5.161.216.238 - - [10/Jun/2025:09:53:55 +0000] "POST /wp-load.php?d45cc5=25409 HTTP/1.1" 200 1748 "-" "Mozilla/5.0 (Windows NT 10.0; Win64; x64) AppleWebKit/537.36 (KHTML, like Gecko) Chrome/104.0.5112.97 Safari/537.36"
mediaeclips.infinitibizsol.com:443 202.63.241.141 - - [10/Jun/2025:09:53:56 +0000] "POST /blogs/page/4/ HTTP/1.1" 404 57912 "-" "Mozilla/5.0 (Windows NT 10.0; Win64; x64) AppleWebKit/537.36 (KHTML, like Gecko) Chrome/120.0.0.0 Safari/537.36"
mediaeclips.infinitibizsol.com:443 80.85.247.161 - - [10/Jun/2025:09:54:03 +0000] "GET /blogs/page/6/ HTTP/1.1" 404 58062 "-" "Mozilla/5.0 (Macintosh; Intel Mac OS X 10_15_7) AppleWebKit/537.36 (KHTML, like Gecko) Chrome/133.0.0.0 Safari/537.36"
mediaeclips.infinitibizsol.com:443 202.63.241.141 - - [10/Jun/2025:09:54:14 +0000] "POST /blogs/page/6/ HTTP/1.1" 404 58098 "-" "Mozilla/5.0 (Macintosh; Intel Mac OS X 10_15_7) AppleWebKit/537.36 (KHTML, like Gecko) Chrome/133.0.0.0 Safari/537.36"
mediaeclips.infinitibizsol.com:443 202.63.241.141 - - [10/Jun/2025:09:54:22 +0000] "POST /blogs/page/6/ HTTP/1.1" 404 58031 "-" "Mozilla/5.0 (Windows NT 10.0; Win64; x64) AppleWebKit/537.36 (KHTML, like Gecko) Chrome/120.0.0.0 Safari/537.36"
mediaeclips.infinitibizsol.com:443 80.85.247.161 - - [10/Jun/2025:09:54:34 +0000] "GET /blogs/page/7/ HTTP/1.1" 404 57999 "-" "Mozilla/5.0 (Macintosh; Intel Mac OS X 10_15_7) AppleWebKit/537.36 (KHTML, like Gecko) Chrome/133.0.0.0 Safari/537.36"
mediaeclips.infinitibizsol.com:443 202.63.241.141 - - [10/Jun/2025:09:54:46 +0000] "POST /blogs/page/7/ HTTP/1.1" 404 58036 "-" "Mozilla/5.0 (Macintosh; Intel Mac OS X 10_15_7) AppleWebKit/537.36 (KHTML, like Gecko) Chrome/133.0.0.0 Safari/537.36"
mediaeclips.infinitibizsol.com:443 202.63.241.141 - - [10/Jun/2025:09:54:54 +0000] "POST /blogs/page/7/ HTTP/1.1" 404 57994 "-" "Mozilla/5.0 (Windows NT 10.0; Win64; x64) AppleWebKit/537.36 (KHTML, like Gecko) Chrome/120.0.0.0 Safari/537.36"
mediaeclips.infinitibizsol.com:443 51.222.253.9 - - [10/Jun/2025:09:54:56 +0000] "GET /tag/role-of-email-marketing/feed/ HTTP/1.1" 304 0 "-" "Mozilla/5.0 (compatible; AhrefsBot/7.0; +http://ahrefs.com/robot/)"
mediaeclips.infinitibizsol.com:443 80.85.247.161 - - [10/Jun/2025:09:55:01 +0000] "GET /blogs/page/8/ HTTP/1.1" 404 55996 "-" "Mozilla/5.0 (Macintosh; Intel Mac OS X 10_15_7) AppleWebKit/537.36 (KHTML, like Gecko) Chrome/133.0.0.0 Safari/537.36"
mediaeclips.infinitibizsol.com:443 202.63.241.141 - - [10/Jun/2025:09:55:09 +0000] "POST /blogs/page/8/ HTTP/1.1" 404 56013 "-" "Mozilla/5.0 (Macintosh; Intel Mac OS X 10_15_7) AppleWebKit/537.36 (KHTML, like Gecko) Chrome/133.0.0.0 Safari/537.36"
mediaeclips.infinitibizsol.com:443 202.63.241.141 - - [10/Jun/2025:09:55:17 +0000] "POST /blogs/page/8/ HTTP/1.1" 404 56058 "-" "Mozilla/5.0 (Windows NT 10.0; Win64; x64) AppleWebKit/537.36 (KHTML, like Gecko) Chrome/120.0.0.0 Safari/537.36"
mediaeclips.infinitibizsol.com:443 80.85.247.161 - - [10/Jun/2025:09:55:25 +0000] "GET /category/ux-ui-design/ HTTP/1.1" 404 48017 "-" "Mozilla/5.0 (Macintosh; Intel Mac OS X 10_15_7) AppleWebKit/537.36 (KHTML, like Gecko) Chrome/133.0.0.0 Safari/537.36"
mediaeclips.infinitibizsol.com:443 202.63.241.141 - - [10/Jun/2025:09:55:33 +0000] "POST /category/ux-ui-design/ HTTP/1.1" 404 47971 "-" "Mozilla/5.0 (Macintosh; Intel Mac OS X 10_15_7) AppleWebKit/537.36 (KHTML, like Gecko) Chrome/133.0.0.0 Safari/537.36"
mediaeclips.infinitibizsol.com:443 202.63.241.141 - - [10/Jun/2025:09:55:41 +0000] "POST /category/ux-ui-design/ HTTP/1.1" 404 47926 "-" "Mozilla/5.0 (Windows NT 10.0; Win64; x64) AppleWebKit/537.36 (KHTML, like Gecko) Chrome/120.0.0.0 Safari/537.36"
mediaeclips.infinitibizsol.com:443 80.85.247.161 - - [10/Jun/2025:09:55:47 +0000] "GET /contact-us/ HTTP/1.1" 404 61011 "-" "Mozilla/5.0 (Macintosh; Intel Mac OS X 10_15_7) AppleWebKit/537.36 (KHTML, like Gecko) Chrome/133.0.0.0 Safari/537.36"
mediaeclips.infinitibizsol.com:443 202.63.241.141 - - [10/Jun/2025:09:55:55 +0000] "POST /contact-us/ HTTP/1.1" 404 61361 "-" "Mozilla/5.0 (Macintosh; Intel Mac OS X 10_15_7) AppleWebKit/537.36 (KHTML, like Gecko) Chrome/133.0.0.0 Safari/537.36"
mediaeclips.infinitibizsol.com:443 202.63.241.141 - - [10/Jun/2025:09:56:02 +0000] "POST /contact-us/ HTTP/1.1" 404 60908 "-" "Mozilla/5.0 (Windows NT 10.0; Win64; x64) AppleWebKit/537.36 (KHTML, like Gecko) Chrome/120.0.0.0 Safari/537.36"
mediaeclips.infinitibizsol.com:443 202.63.241.141 - - [10/Jun/2025:09:56:08 +0000] "POST /contact-us/ HTTP/1.1" 404 61035 "-" "Mozilla/5.0 (Macintosh; Intel Mac OS X 10_15_7) AppleWebKit/537.36 (KHTML, like Gecko) Chrome/133.0.0.0 Safari/537.36"
mediaeclips.infinitibizsol.com:443 202.63.241.141 - - [10/Jun/2025:09:56:14 +0000] "POST /contact-us/ HTTP/1.1" 404 60896 "-" "Mozilla/5.0 (Windows NT 10.0; Win64; x64) AppleWebKit/537.36 (KHTML, like Gecko) Chrome/120.0.0.0 Safari/537.36"
mediaeclips.infinitibizsol.com:80 80.85.247.161 - - [10/Jun/2025:09:56:21 +0000] "GET /contact-us HTTP/1.1" 404 5 "-" "Mozilla/5.0 (Macintosh; Intel Mac OS X 10_15_7) AppleWebKit/537.36 (KHTML, like Gecko) Chrome/133.0.0.0 Safari/537.36"
mediaeclips.infinitibizsol.com:443 80.85.247.161 - - [10/Jun/2025:09:56:30 +0000] "GET /how-to-create-an-effective-seo-strategy/ HTTP/1.1" 404 107260 "-" "Mozilla/5.0 (Macintosh; Intel Mac OS X 10_15_7) AppleWebKit/537.36 (KHTML, like Gecko) Chrome/133.0.0.0 Safari/537.36"
mediaeclips.infinitibizsol.com:443 202.63.241.141 - - [10/Jun/2025:09:56:39 +0000] "POST /wp-comments-post.php HTTP/1.1" 200 2566 "-" "Mozilla/5.0 (Macintosh; Intel Mac OS X 10_15_7) AppleWebKit/537.36 (KHTML, like Gecko) Chrome/133.0.0.0 Safari/537.36"
mediaeclips.infinitibizsol.com:443 202.63.241.141 - - [10/Jun/2025:09:56:44 +0000] "POST /wp-comments-post.php HTTP/1.1" 200 5 "-" "Mozilla/5.0 (Windows NT 10.0; Win64; x64) AppleWebKit/537.36 (KHTML, like Gecko) Chrome/120.0.0.0 Safari/537.36"
mediaeclips.infinitibizsol.com:443 202.63.241.141 - - [10/Jun/2025:09:56:52 +0000] "POST /how-to-create-an-effective-seo-strategy/ HTTP/1.1" 404 107255 "-" "Mozilla/5.0 (Macintosh; Intel Mac OS X 10_15_7) AppleWebKit/537.36 (KHTML, like Gecko) Chrome/133.0.0.0 Safari/537.36"
mediaeclips.infinitibizsol.com:443 202.63.241.141 - - [10/Jun/2025:09:57:01 +0000] "POST /how-to-create-an-effective-seo-strategy/ HTTP/1.1" 404 107145 "-" "Mozilla/5.0 (Windows NT 10.0; Win64; x64) AppleWebKit/537.36 (KHTML, like Gecko) Chrome/120.0.0.0 Safari/537.36"
mediaeclips.infinitibizsol.com:443 80.85.247.161 - - [10/Jun/2025:09:57:06 +0000] "GET /how-to-create-an-effective-seo-strategy/feed/ HTTP/1.1" 404 1001 "-" "Mozilla/5.0 (Macintosh; Intel Mac OS X 10_15_7) AppleWebKit/537.36 (KHTML, like Gecko) Chrome/133.0.0.0 Safari/537.36"
mediaeclips.infinitibizsol.com:443 80.85.247.161 - - [10/Jun/2025:09:57:10 +0000] "GET /how-to-create-an-effective-seo-strategy/ HTTP/1.1" 404 107261 "-" "Mozilla/5.0 (Macintosh; Intel Mac OS X 10_15_7) AppleWebKit/537.36 (KHTML, like Gecko) Chrome/133.0.0.0 Safari/537.36"
mediaeclips.infinitibizsol.com:443 202.63.241.141 - - [10/Jun/2025:09:57:16 +0000] "POST /wp-comments-post.php HTTP/1.1" 200 2566 "-" "Mozilla/5.0 (Macintosh; Intel Mac OS X 10_15_7) AppleWebKit/537.36 (KHTML, like Gecko) Chrome/133.0.0.0 Safari/537.36"
mediaeclips.infinitibizsol.com:443 202.63.241.141 - - [10/Jun/2025:09:57:22 +0000] "POST /wp-comments-post.php HTTP/1.1" 200 5 "-" "Mozilla/5.0 (Windows NT 10.0; Win64; x64) AppleWebKit/537.36 (KHTML, like Gecko) Chrome/120.0.0.0 Safari/537.36"
mediaeclips.infinitibizsol.com:443 202.63.241.141 - - [10/Jun/2025:09:57:29 +0000] "POST /how-to-create-an-effective-seo-strategy/ HTTP/1.1" 404 107221 "-" "Mozilla/5.0 (Macintosh; Intel Mac OS X 10_15_7) AppleWebKit/537.36 (KHTML, like Gecko) Chrome/133.0.0.0 Safari/537.36"
mediaeclips.infinitibizsol.com:443 202.63.241.141 - - [10/Jun/2025:09:57:38 +0000] "POST /how-to-create-an-effective-seo-strategy/ HTTP/1.1" 404 107143 "-" "Mozilla/5.0 (Windows NT 10.0; Win64; x64) AppleWebKit/537.36 (KHTML, like Gecko) Chrome/120.0.0.0 Safari/537.36"
mediaeclips.infinitibizsol.com:80 5.161.44.164 - - [10/Jun/2025:10:08:55 +0000] "POST /wp-load.php?dd45cf=33507 HTTP/1.1" 200 1748 "-" "Mozilla/5.0 (Windows NT 10.0; Win64; x64) AppleWebKit/537.36 (KHTML, like Gecko) Chrome/104.0.5112.97 Safari/537.36"
mediaeclips.infinitibizsol.com:443 162.0.223.40 - - [10/Jun/2025:10:13:14 +0000] "POST /wp-cron.php?doing_wp_cron=1749550393.7692439556121826171875 HTTP/1.1" 499 0 "-" "WordPress/6.5.5; https://mediaeclips.com"
mediaeclips.infinitibizsol.com:443 51.222.253.9 - - [10/Jun/2025:10:13:14 +0000] "GET /tag/effective-local-seo/feed/ HTTP/1.1" 304 0 "-" "Mozilla/5.0 (compatible; AhrefsBot/7.0; +http://ahrefs.com/robot/)"
mediaeclips.infinitibizsol.com:443 162.0.223.40 - - [10/Jun/2025:10:16:27 +0000] "POST /wp-cron.php?doing_wp_cron=1749550586.4756109714508056640625 HTTP/1.1" 499 0 "-" "WordPress/6.5.5; https://mediaeclips.com"
mediaeclips.infinitibizsol.com:443 34.174.121.246 - - [10/Jun/2025:10:16:27 +0000] "GET /key-components-of-managed-it-services/ HTTP/1.1" 499 0 "-" "Mozilla/5.0 (Windows NT 10.0; Win64; x64) AppleWebKit/537.36 (KHTML, like Gecko) Chrome/123.0.0.0 Safari/537.36"
mediaeclips.infinitibizsol.com:443 40.77.167.123 - - [10/Jun/2025:10:19:28 +0000] "GET / HTTP/1.1" 404 108436 "-" "Mozilla/5.0 AppleWebKit/537.36 (KHTML, like Gecko; compatible; bingbot/2.0; +http://www.bing.com/bingbot.htm) Chrome/116.0.1938.76 Safari/537.36"
mediaeclips.infinitibizsol.com:443 45.227.253.15 - - [10/Jun/2025:10:22:54 +0000] "GET /index.php/jk HTTP/1.1" 200 54 "-" "Mozilla/5.0 (Windows NT 6.3; WOW64; rv:74.0) Gecko/20100101 Firefox/74.0"
mediaeclips.infinitibizsol.com:80 162.0.223.40 - - [10/Jun/2025:10:23:11 +0000] "POST /wp-cron.php?doing_wp_cron=1749550990.2620439529418945312500 HTTP/1.1" 499 0 "-" "WordPress/6.5.5; https://mediaeclips.com"
mediaeclips.infinitibizsol.com:80 124.222.142.44 - - [10/Jun/2025:10:23:11 +0000] "GET / HTTP/1.1" 404 5 "-" "Mozilla/5.0 (iPhone; CPU iPhone OS 13_2_3 like Mac OS X) AppleWebKit/605.1.15 (KHTML, like Gecko) Version/13.0.3 Mobile/15E148 Safari/604.1"
mediaeclips.infinitibizsol.com:80 5.161.216.238 - - [10/Jun/2025:10:24:04 +0000] "POST /wp-load.php?9f42b7=9089 HTTP/1.1" 200 1748 "-" "Mozilla/5.0 (Windows NT 10.0; Win64; x64) AppleWebKit/537.36 (KHTML, like Gecko) Chrome/104.0.5112.97 Safari/537.36"
mediaeclips.infinitibizsol.com:443 162.0.223.40 - - [10/Jun/2025:10:31:19 +0000] "POST /wp-cron.php?doing_wp_cron=1749551478.7035529613494873046875 HTTP/1.1" 499 0 "-" "WordPress/6.5.5; https://mediaeclips.com"
mediaeclips.infinitibizsol.com:443 66.249.64.164 - - [10/Jun/2025:10:31:19 +0000] "GET /shopdetail/132181239 HTTP/1.1" 404 5 "-" "Mozilla/5.0 (Linux; Android 6.0.1; Nexus 5X Build/MMB29P) AppleWebKit/537.36 (KHTML, like Gecko) Chrome/136.0.7103.113 Mobile Safari/537.36 (compatible; Googlebot/2.1; +http://www.google.com/bot.html)"
mediaeclips.infinitibizsol.com:443 20.171.207.134 - - [10/Jun/2025:10:32:19 +0000] "GET / HTTP/1.1" 404 32355 "-" "Mozilla/5.0 AppleWebKit/537.36 (KHTML, like Gecko; compatible; GPTBot/1.2; +https://openai.com/gptbot)"
mediaeclips.infinitibizsol.com:443 51.222.253.19 - - [10/Jun/2025:10:32:31 +0000] "GET /tag/what-is-a-digital-marketing-campaign/feed/ HTTP/1.1" 304 0 "-" "Mozilla/5.0 (compatible; AhrefsBot/7.0; +http://ahrefs.com/robot/)"
mediaeclips.infinitibizsol.com:443 162.0.223.40 - - [10/Jun/2025:10:37:12 +0000] "POST /wp-cron.php?doing_wp_cron=1749551831.7755050659179687500000 HTTP/1.1" 499 0 "-" "WordPress/6.5.5; https://mediaeclips.com"
mediaeclips.infinitibizsol.com:443 216.73.216.193 - - [10/Jun/2025:10:37:12 +0000] "GET /goods.php HTTP/1.1" 404 5 "-" "Mozilla/5.0 AppleWebKit/537.36 (KHTML, like Gecko; compatible; ClaudeBot/1.0; +claudebot@anthropic.com)"
mediaeclips.infinitibizsol.com:80 178.156.128.204 - - [10/Jun/2025:10:39:07 +0000] "POST /wp-load.php?5c3cc7=56955 HTTP/1.1" 200 1748 "-" "Mozilla/5.0 (Windows NT 10.0; Win64; x64) AppleWebKit/537.36 (KHTML, like Gecko) Chrome/104.0.5112.97 Safari/537.36"
mediaeclips.infinitibizsol.com:443 162.0.223.40 - - [10/Jun/2025:10:42:36 +0000] "POST /wp-cron.php?doing_wp_cron=1749552155.1766009330749511718750 HTTP/1.1" 499 0 "-" "WordPress/6.5.5; https://mediaeclips.com"
mediaeclips.infinitibizsol.com:443 189.112.233.155 - - [10/Jun/2025:10:42:36 +0000] "GET /tag/seo-techniques-to-boost-organic-traffic/ HTTP/1.1" 404 48438 "-" "Mozilla/5.0 (Windows NT 10.0; Win64; x64) AppleWebKit/537.36 (KHTML, like Gecko) Chrome/122.0.0.0 Safari/537.36"
mediaeclips.infinitibizsol.com:443 162.0.223.40 - - [10/Jun/2025:10:48:13 +0000] "POST /wp-cron.php?doing_wp_cron=1749552492.3078498840332031250000 HTTP/1.1" 499 0 "-" "WordPress/6.5.5; https://mediaeclips.com"
mediaeclips.infinitibizsol.com:443 216.73.216.193 - - [10/Jun/2025:10:48:13 +0000] "GET /sitemap.xml HTTP/1.1" 404 5 "-" "Mozilla/5.0 AppleWebKit/537.36 (KHTML, like Gecko; compatible; ClaudeBot/1.0; +claudebot@anthropic.com)"
mediaeclips.infinitibizsol.com:80 5.161.106.94 - - [10/Jun/2025:10:54:15 +0000] "POST /wp-load.php?8bd835=18915 HTTP/1.1" 200 1748 "-" "Mozilla/5.0 (Windows NT 10.0; Win64; x64) AppleWebKit/537.36 (KHTML, like Gecko) Chrome/104.0.5112.97 Safari/537.36"
mediaeclips.infinitibizsol.com:443 162.0.223.40 - - [10/Jun/2025:10:55:01 +0000] "POST /wp-cron.php?doing_wp_cron=1749552900.5496981143951416015625 HTTP/1.1" 499 0 "-" "WordPress/6.5.5; https://mediaeclips.com"
mediaeclips.infinitibizsol.com:443 51.222.253.5 - - [10/Jun/2025:10:55:01 +0000] "GET /what-is-digital-marketing-and-how-does-it-work/feed/ HTTP/1.1" 304 0 "-" "Mozilla/5.0 (compatible; AhrefsBot/7.0; +http://ahrefs.com/robot/)"
mediaeclips.infinitibizsol.com:80 43.130.37.243 - - [10/Jun/2025:10:57:09 +0000] "GET / HTTP/1.1" 404 5 "-" "Mozilla/5.0 (iPhone; CPU iPhone OS 13_2_3 like Mac OS X) AppleWebKit/605.1.15 (KHTML, like Gecko) Version/13.0.3 Mobile/15E148 Safari/604.1"
mediaeclips.infinitibizsol.com:80 5.161.177.123 - - [10/Jun/2025:11:09:25 +0000] "POST /wp-load.php?3f8aa2=71335 HTTP/1.1" 200 1748 "-" "Mozilla/5.0 (Windows NT 10.0; Win64; x64) AppleWebKit/537.36 (KHTML, like Gecko) Chrome/104.0.5112.97 Safari/537.36"
mediaeclips.infinitibizsol.com:443 162.0.223.40 - - [10/Jun/2025:11:09:57 +0000] "POST /wp-cron.php?doing_wp_cron=1749553796.7027940750122070312500 HTTP/1.1" 499 0 "-" "WordPress/6.5.5; https://mediaeclips.com"
mediaeclips.infinitibizsol.com:443 51.222.253.2 - - [10/Jun/2025:11:09:57 +0000] "GET /tag/tips-for-successful-social-media-marketing/feed/ HTTP/1.1" 304 0 "-" "Mozilla/5.0 (compatible; AhrefsBot/7.0; +http://ahrefs.com/robot/)"
mediaeclips.infinitibizsol.com:443 66.249.64.165 - - [10/Jun/2025:11:13:02 +0000] "GET /shopdetail/43453239 HTTP/1.1" 404 5 "-" "Mozilla/5.0 (Linux; Android 6.0.1; Nexus 5X Build/MMB29P) AppleWebKit/537.36 (KHTML, like Gecko) Chrome/136.0.7103.113 Mobile Safari/537.36 (compatible; Googlebot/2.1; +http://www.google.com/bot.html)"
mediaeclips.infinitibizsol.com:443 34.174.130.213 - - [10/Jun/2025:11:20:04 +0000] "GET /how-to-create-a-social-media-marketing-strategy/ HTTP/1.1" 499 0 "-" "Mozilla/5.0 (Macintosh; Intel Mac OS X 10_15_7) AppleWebKit/605.1.15 (KHTML, like Gecko) Version/17.0 Safari/605.1.15"
mediaeclips.infinitibizsol.com:443 162.0.223.40 - - [10/Jun/2025:11:20:05 +0000] "POST /wp-cron.php?doing_wp_cron=1749554404.4906120300292968750000 HTTP/1.1" 499 0 "-" "WordPress/6.5.5; https://mediaeclips.com"
mediaeclips.infinitibizsol.com:443 51.222.253.14 - - [10/Jun/2025:11:20:10 +0000] "GET /tag/seo-vs-ppc/feed/ HTTP/1.1" 304 0 "-" "Mozilla/5.0 (compatible; AhrefsBot/7.0; +http://ahrefs.com/robot/)"
mediaeclips.infinitibizsol.com:80 5.161.177.123 - - [10/Jun/2025:11:24:34 +0000] "POST /wp-load.php?220462=43616 HTTP/1.1" 200 1748 "-" "Mozilla/5.0 (Windows NT 10.0; Win64; x64) AppleWebKit/537.36 (KHTML, like Gecko) Chrome/104.0.5112.97 Safari/537.36"
