mediaeclips.infinitibizsol.com:80 5.161.177.123 - - [12/Jun/2025:13:59:21 +0000] "POST /wp-load.php?f542a4=98632 HTTP/1.1" 200 1748 "-" "Mozilla/5.0 (Windows NT 10.0; Win64; x64) AppleWebKit/537.36 (KHTML, like Gecko) Chrome/104.0.5112.97 Safari/537.36"
mediaeclips.infinitibizsol.com:443 66.249.64.131 - - [12/Jun/2025:14:00:50 +0000] "GET /shopdetail/99893439 HTTP/1.1" 404 5 "-" "Mozilla/5.0 (Linux; Android 6.0.1; Nexus 5X Build/MMB29P) AppleWebKit/537.36 (KHTML, like Gecko) Chrome/136.0.7103.113 Mobile Safari/537.36 (compatible; Googlebot/2.1; +http://www.google.com/bot.html)"
mediaeclips.infinitibizsol.com:443 34.66.181.176 - - [12/Jun/2025:14:09:13 +0000] "GET /wp-content/themes/ziptech/images/testimonials/testimonial-img1.jpg HTTP/1.1" 200 2731 "-" "Mozilla/5.0 (Windows NT 10.0; Win64; x64) AppleWebKit/537.36 (KHTML, like Gecko) Chrome/97.0.4692.71 Safari/537.36"
mediaeclips.infinitibizsol.com:443 162.0.223.40 - - [12/Jun/2025:14:10:45 +0000] "POST /wp-cron.php?doing_wp_cron=1749737444.3496899604797363281250 HTTP/1.1" 499 0 "-" "WordPress/6.5.5; https://mediaeclips.com"
mediaeclips.infinitibizsol.com:443 51.222.253.1 - - [12/Jun/2025:14:10:45 +0000] "GET /tag/managed-it-services/feed/ HTTP/1.1" 304 0 "-" "Mozilla/5.0 (compatible; AhrefsBot/7.0; +http://ahrefs.com/robot/)"
mediaeclips.infinitibizsol.com:443 47.128.122.122 - - [12/Jun/2025:14:13:09 +0000] "GET /social-media-marketing/ HTTP/1.1" 404 68757 "-" "Mozilla/5.0 (Linux; Android 5.0) AppleWebKit/537.36 (KHTML, like Gecko) Mobile Safari/537.36 (compatible; TikTokSpider; ttspider-feedback@tiktok.com)"
mediaeclips.infinitibizsol.com:443 47.128.122.122 - - [12/Jun/2025:14:13:10 +0000] "GET /wp-content/uploads/elementor/css/post-1508.css?ver=1715183405 HTTP/1.1" 200 3322 "https://mediaeclips.com/social-media-marketing/" "Mozilla/5.0 (Linux; Android 5.0) AppleWebKit/537.36 (KHTML, like Gecko) Mobile Safari/537.36 (compatible; TikTokSpider; ttspider-feedback@tiktok.com)"
mediaeclips.infinitibizsol.com:443 47.128.122.122 - - [12/Jun/2025:14:13:10 +0000] "GET /wp-content/uploads/2024/03/virtual-conference-15-595xh.png HTTP/1.1" 206 500 "https://mediaeclips.com/social-media-marketing/" "Mozilla/5.0 (Linux; Android 5.0) AppleWebKit/537.36 (KHTML, like Gecko) Mobile Safari/537.36 (compatible; TikTokSpider; ttspider-feedback@tiktok.com)"
mediaeclips.infinitibizsol.com:443 162.0.223.40 - - [12/Jun/2025:14:13:13 +0000] "POST /wp-cron.php?doing_wp_cron=1749737592.4177210330963134765625 HTTP/1.1" 499 0 "-" "WordPress/6.5.5; https://mediaeclips.com"
mediaeclips.infinitibizsol.com:443 47.128.122.122 - - [12/Jun/2025:14:13:13 +0000] "GET /wp-content/themes/ziptech/framework/color.php?ver=6.5.5 HTTP/1.1" 404 5 "https://mediaeclips.com/social-media-marketing/" "Mozilla/5.0 (Linux; Android 5.0) AppleWebKit/537.36 (KHTML, like Gecko) Mobile Safari/537.36 (compatible; TikTokSpider; ttspider-feedback@tiktok.com)"
mediaeclips.infinitibizsol.com:80 5.161.106.94 - - [12/Jun/2025:14:14:29 +0000] "POST /wp-load.php?cbe371=4096 HTTP/1.1" 200 1748 "-" "Mozilla/5.0 (Windows NT 10.0; Win64; x64) AppleWebKit/537.36 (KHTML, like Gecko) Chrome/104.0.5112.97 Safari/537.36"
mediaeclips.infinitibizsol.com:80 162.0.223.40 - - [12/Jun/2025:14:17:01 +0000] "POST /wp-cron.php?doing_wp_cron=1749737820.8656659126281738281250 HTTP/1.1" 499 0 "-" "WordPress/6.5.5; https://mediaeclips.com"
mediaeclips.infinitibizsol.com:80 182.44.12.37 - - [12/Jun/2025:14:17:02 +0000] "GET / HTTP/1.1" 404 5 "-" "Mozilla/5.0 (iPhone; CPU iPhone OS 13_2_3 like Mac OS X) AppleWebKit/605.1.15 (KHTML, like Gecko) Version/13.0.3 Mobile/15E148 Safari/604.1"
mediaeclips.infinitibizsol.com:80 162.0.223.40 - - [12/Jun/2025:14:22:28 +0000] "POST /wp-cron.php?doing_wp_cron=1749738146.9482619762420654296875 HTTP/1.1" 499 0 "-" "WordPress/6.5.5; https://mediaeclips.com"
mediaeclips.infinitibizsol.com:80 66.249.64.128 - - [12/Jun/2025:14:22:28 +0000] "GET / HTTP/1.1" 404 5 "-" "Mozilla/5.0 (compatible; Googlebot/2.1; +http://www.google.com/bot.html)"
mediaeclips.infinitibizsol.com:443 162.0.223.40 - - [12/Jun/2025:14:24:02 +0000] "POST /wp-cron.php?doing_wp_cron=1749738241.3269109725952148437500 HTTP/1.1" 499 0 "-" "WordPress/6.5.5; https://mediaeclips.com"
mediaeclips.infinitibizsol.com:443 51.222.253.2 - - [12/Jun/2025:14:24:02 +0000] "GET /tag/videography-services/feed/ HTTP/1.1" 304 0 "-" "Mozilla/5.0 (compatible; AhrefsBot/7.0; +http://ahrefs.com/robot/)"
mediaeclips.infinitibizsol.com:443 66.249.64.132 - - [12/Jun/2025:14:26:02 +0000] "GET /shopdetail/82527139 HTTP/1.1" 404 5 "-" "Mozilla/5.0 (Linux; Android 6.0.1; Nexus 5X Build/MMB29P) AppleWebKit/537.36 (KHTML, like Gecko) Chrome/136.0.7103.113 Mobile Safari/537.36 (compatible; Googlebot/2.1; +http://www.google.com/bot.html)"
mediaeclips.infinitibizsol.com:80 5.161.177.123 - - [12/Jun/2025:14:29:37 +0000] "POST /wp-load.php?d9b40d=83099 HTTP/1.1" 200 1748 "-" "Mozilla/5.0 (Windows NT 10.0; Win64; x64) AppleWebKit/537.36 (KHTML, like Gecko) Chrome/104.0.5112.97 Safari/537.36"
mediaeclips.infinitibizsol.com:443 162.0.223.40 - - [12/Jun/2025:14:36:25 +0000] "POST /wp-cron.php?doing_wp_cron=1749738984.8036680221557617187500 HTTP/1.1" 499 0 "-" "WordPress/6.5.5; https://mediaeclips.com"
mediaeclips.infinitibizsol.com:443 51.222.253.7 - - [12/Jun/2025:14:36:25 +0000] "GET /tag/what-is-local-seo/feed/ HTTP/1.1" 304 0 "-" "Mozilla/5.0 (compatible; AhrefsBot/7.0; +http://ahrefs.com/robot/)"
mediaeclips.infinitibizsol.com:443 162.0.223.40 - - [12/Jun/2025:14:39:40 +0000] "POST /wp-cron.php?doing_wp_cron=1749739179.0549249649047851562500 HTTP/1.1" 499 0 "-" "WordPress/6.5.5; https://mediaeclips.com"
mediaeclips.infinitibizsol.com:443 216.73.216.52 - - [12/Jun/2025:14:39:40 +0000] "GET /sitemap.xml HTTP/1.1" 404 5 "-" "Mozilla/5.0 AppleWebKit/537.36 (KHTML, like Gecko; compatible; ClaudeBot/1.0; +claudebot@anthropic.com)"
mediaeclips.infinitibizsol.com:80 5.161.216.238 - - [12/Jun/2025:14:44:51 +0000] "POST /wp-load.php?5dfdb9=13091 HTTP/1.1" 200 1748 "-" "Mozilla/5.0 (Windows NT 10.0; Win64; x64) AppleWebKit/537.36 (KHTML, like Gecko) Chrome/104.0.5112.97 Safari/537.36"
mediaeclips.infinitibizsol.com:443 162.0.223.40 - - [12/Jun/2025:14:47:17 +0000] "POST /wp-cron.php?doing_wp_cron=1749739636.6786580085754394531250 HTTP/1.1" 499 0 "-" "WordPress/6.5.5; https://mediaeclips.com"
mediaeclips.infinitibizsol.com:443 51.222.253.2 - - [12/Jun/2025:14:47:17 +0000] "GET /tag/texas-web-design/feed/ HTTP/1.1" 304 0 "-" "Mozilla/5.0 (compatible; AhrefsBot/7.0; +http://ahrefs.com/robot/)"
mediaeclips.infinitibizsol.com:443 34.135.173.34 - - [12/Jun/2025:14:54:55 +0000] "GET /wp-content/uploads/2024/05/1-How-to-Create-an-Effective-SEO-Strategy-in-2024.webp HTTP/1.1" 200 48010 "-" "Mozilla/5.0 (Windows NT 10.0; Win64; x64) AppleWebKit/537.36 (KHTML, like Gecko) Chrome/97.0.4692.71 Safari/537.36"
mediaeclips.infinitibizsol.com:80 5.161.106.94 - - [12/Jun/2025:15:00:00 +0000] "POST /wp-load.php?8f480b=689 HTTP/1.1" 200 1748 "-" "Mozilla/5.0 (Windows NT 10.0; Win64; x64) AppleWebKit/537.36 (KHTML, like Gecko) Chrome/104.0.5112.97 Safari/537.36"
mediaeclips.infinitibizsol.com:443 162.0.223.40 - - [12/Jun/2025:15:01:07 +0000] "POST /wp-cron.php?doing_wp_cron=1749740466.7209799289703369140625 HTTP/1.1" 499 0 "-" "WordPress/6.5.5; https://mediaeclips.com"
mediaeclips.infinitibizsol.com:443 51.222.253.8 - - [12/Jun/2025:15:01:07 +0000] "GET /tag/sem/feed/ HTTP/1.1" 304 0 "-" "Mozilla/5.0 (compatible; AhrefsBot/7.0; +http://ahrefs.com/robot/)"
mediaeclips.infinitibizsol.com:443 34.132.191.149 - - [12/Jun/2025:15:01:44 +0000] "GET /wp-content/uploads/2024/05/1-What-is-Video-Marketing-An-Ultimate-Guide.webp HTTP/1.1" 200 50864 "-" "Mozilla/5.0 (Windows NT 10.0; Win64; x64) AppleWebKit/537.36 (KHTML, like Gecko) Chrome/97.0.4692.71 Safari/537.36"
mediaeclips.infinitibizsol.com:443 162.0.223.40 - - [12/Jun/2025:15:09:55 +0000] "POST /wp-cron.php?doing_wp_cron=1749740994.5053389072418212890625 HTTP/1.1" 499 0 "-" "WordPress/6.5.5; https://mediaeclips.com"
mediaeclips.infinitibizsol.com:443 216.73.216.52 - - [12/Jun/2025:15:09:55 +0000] "GET /goods.php HTTP/1.1" 404 5 "-" "Mozilla/5.0 AppleWebKit/537.36 (KHTML, like Gecko; compatible; ClaudeBot/1.0; +claudebot@anthropic.com)"
mediaeclips.infinitibizsol.com:443 162.0.223.40 - - [12/Jun/2025:15:14:49 +0000] "POST /wp-cron.php?doing_wp_cron=1749741288.6128931045532226562500 HTTP/1.1" 499 0 "-" "WordPress/6.5.5; https://mediaeclips.com"
mediaeclips.infinitibizsol.com:443 51.222.253.2 - - [12/Jun/2025:15:14:49 +0000] "GET /tag/videography/feed/ HTTP/1.1" 304 0 "-" "Mozilla/5.0 (compatible; AhrefsBot/7.0; +http://ahrefs.com/robot/)"
mediaeclips.infinitibizsol.com:80 5.161.216.238 - - [12/Jun/2025:15:15:09 +0000] "POST /wp-load.php?111ba6=14856 HTTP/1.1" 200 1748 "-" "Mozilla/5.0 (Windows NT 10.0; Win64; x64) AppleWebKit/537.36 (KHTML, like Gecko) Chrome/104.0.5112.97 Safari/537.36"
mediaeclips.infinitibizsol.com:443 162.0.223.40 - - [12/Jun/2025:15:16:50 +0000] "POST /wp-cron.php?doing_wp_cron=1749741409.7725460529327392578125 HTTP/1.1" 499 0 "-" "WordPress/6.5.5; https://mediaeclips.com"
mediaeclips.infinitibizsol.com:443 45.61.188.222 - - [12/Jun/2025:15:16:50 +0000] "GET /wp-login.php HTTP/1.1" 200 6532 "-" "Mozilla/5.0 (Macintosh; Intel Mac OS X 10_9_3) AppleWebKit/537.36 (KHTML, like Gecko) Chrome/36.0.1985.125 Safari/537.36"
mediaeclips.infinitibizsol.com:443 45.61.188.222 - - [12/Jun/2025:15:16:54 +0000] "POST /wp-login.php HTTP/1.1" 200 7035 "-" "Mozilla/5.0 (Macintosh; Intel Mac OS X 10_9_3) AppleWebKit/537.36 (KHTML, like Gecko) Chrome/36.0.1985.125 Safari/537.36"
mediaeclips.infinitibizsol.com:443 162.0.223.40 - - [12/Jun/2025:15:26:59 +0000] "POST /wp-cron.php?doing_wp_cron=1749742018.8130190372467041015625 HTTP/1.1" 499 0 "-" "WordPress/6.5.5; https://mediaeclips.com"
mediaeclips.infinitibizsol.com:443 198.98.61.148 - - [12/Jun/2025:15:26:59 +0000] "GET /wp-login.php HTTP/1.1" 200 6532 "-" "Mozilla/5.0 (Macintosh; Intel Mac OS X 10.9; rv:30.0) Gecko/20100101 Firefox/30.0"
mediaeclips.infinitibizsol.com:443 198.98.61.148 - - [12/Jun/2025:15:27:05 +0000] "POST /wp-login.php HTTP/1.1" 200 7022 "-" "Mozilla/5.0 (Macintosh; Intel Mac OS X 10.9; rv:30.0) Gecko/20100101 Firefox/30.0"
mediaeclips.infinitibizsol.com:443 162.0.223.40 - - [12/Jun/2025:15:28:14 +0000] "POST /wp-cron.php?doing_wp_cron=1749742093.0717990398406982421875 HTTP/1.1" 499 0 "-" "WordPress/6.5.5; https://mediaeclips.com"
mediaeclips.infinitibizsol.com:443 51.222.253.13 - - [12/Jun/2025:15:28:14 +0000] "GET /tag/latest-seo-trends/feed/ HTTP/1.1" 304 0 "-" "Mozilla/5.0 (compatible; AhrefsBot/7.0; +http://ahrefs.com/robot/)"
mediaeclips.infinitibizsol.com:80 5.161.69.178 - - [12/Jun/2025:15:30:16 +0000] "POST /wp-load.php?6c9aa0=77425 HTTP/1.1" 200 1748 "-" "Mozilla/5.0 (Windows NT 10.0; Win64; x64) AppleWebKit/537.36 (KHTML, like Gecko) Chrome/104.0.5112.97 Safari/537.36"
mediaeclips.infinitibizsol.com:443 162.0.223.40 - - [12/Jun/2025:15:42:35 +0000] "POST /wp-cron.php?doing_wp_cron=1749742954.1352300643920898437500 HTTP/1.1" 499 0 "-" "WordPress/6.5.5; https://mediaeclips.com"
mediaeclips.infinitibizsol.com:443 51.222.253.7 - - [12/Jun/2025:15:42:35 +0000] "GET /tag/what-is-ui-design/feed/ HTTP/1.1" 304 0 "-" "Mozilla/5.0 (compatible; AhrefsBot/7.0; +http://ahrefs.com/robot/)"
mediaeclips.infinitibizsol.com:80 178.156.136.36 - - [12/Jun/2025:15:45:30 +0000] "POST /wp-load.php?e645d8=22973 HTTP/1.1" 200 1748 "-" "Mozilla/5.0 (Windows NT 10.0; Win64; x64) AppleWebKit/537.36 (KHTML, like Gecko) Chrome/104.0.5112.97 Safari/537.36"
mediaeclips.infinitibizsol.com:443 162.0.223.40 - - [12/Jun/2025:15:55:51 +0000] "POST /wp-cron.php?doing_wp_cron=1749743749.9338419437408447265625 HTTP/1.1" 499 0 "-" "WordPress/6.5.5; https://mediaeclips.com"
mediaeclips.infinitibizsol.com:443 51.222.253.8 - - [12/Jun/2025:15:55:51 +0000] "GET /tag/rewards-of-ai-content/feed/ HTTP/1.1" 304 0 "-" "Mozilla/5.0 (compatible; AhrefsBot/7.0; +http://ahrefs.com/robot/)"
mediaeclips.infinitibizsol.com:80 5.161.216.238 - - [12/Jun/2025:16:00:41 +0000] "POST /wp-load.php?64626a=41164 HTTP/1.1" 200 1748 "-" "Mozilla/5.0 (Windows NT 10.0; Win64; x64) AppleWebKit/537.36 (KHTML, like Gecko) Chrome/104.0.5112.97 Safari/537.36"
mediaeclips.infinitibizsol.com:443 162.0.223.40 - - [12/Jun/2025:16:09:38 +0000] "POST /wp-cron.php?doing_wp_cron=1749744577.1481831073760986328125 HTTP/1.1" 499 0 "-" "WordPress/6.5.5; https://mediaeclips.com"
mediaeclips.infinitibizsol.com:443 51.222.253.6 - - [12/Jun/2025:16:09:38 +0000] "GET /tag/why-content-marketing-is-important/feed/ HTTP/1.1" 304 0 "-" "Mozilla/5.0 (compatible; AhrefsBot/7.0; +http://ahrefs.com/robot/)"
mediaeclips.infinitibizsol.com:443 66.249.64.131 - - [12/Jun/2025:16:10:06 +0000] "GET / HTTP/1.1" 404 108421 "-" "Mozilla/5.0 (compatible; Googlebot/2.1; +http://www.google.com/bot.html)"
mediaeclips.infinitibizsol.com:80 82.165.21.237 - - [12/Jun/2025:16:11:18 +0000] "HEAD / HTTP/1.1" 404 0 "-" "Mozilla/5.0 (X11; Linux x86_64) AppleWebKit/537.36 (KHTML, like Gecko) Chrome/96.0.4664.45 Safari/537.36"
mediaeclips.infinitibizsol.com:443 162.0.223.40 - - [12/Jun/2025:16:15:41 +0000] "POST /wp-cron.php?doing_wp_cron=1749744939.9921789169311523437500 HTTP/1.1" 499 0 "-" "WordPress/6.5.5; https://mediaeclips.com"
mediaeclips.infinitibizsol.com:443 84.239.43.179 - - [12/Jun/2025:16:15:44 +0000] "GET /the-best-social-media-marketing-tools/ HTTP/1.0" 404 128749 "https://mediaeclips.com/the-best-social-media-marketing-tools/" "Mozilla/5.0 (Windows NT 10.0; Win64; x64) AppleWebKit/537.36 (KHTML, like Gecko) Chrome/129.0.0.0 Safari/537.36"
mediaeclips.infinitibizsol.com:80 5.161.69.178 - - [12/Jun/2025:16:15:47 +0000] "POST /wp-load.php?8c4c7b=58366 HTTP/1.1" 200 1748 "-" "Mozilla/5.0 (Windows NT 10.0; Win64; x64) AppleWebKit/537.36 (KHTML, like Gecko) Chrome/104.0.5112.97 Safari/537.36"
mediaeclips.infinitibizsol.com:443 84.239.43.179 - - [12/Jun/2025:16:15:50 +0000] "POST /wp-comments-post.php HTTP/1.0" 302 0 "https://mediaeclips.com/the-best-social-media-marketing-tools/" "Mozilla/5.0 (Windows NT 10.0; Win64; x64) AppleWebKit/537.36 (KHTML, like Gecko) Chrome/129.0.0.0 Safari/537.36"
mediaeclips.infinitibizsol.com:443 84.239.43.179 - - [12/Jun/2025:16:15:56 +0000] "GET /the-best-social-media-marketing-tools/ HTTP/1.0" 404 130379 "https://mediaeclips.com/the-best-social-media-marketing-tools/#comment-1210" "Mozilla/5.0 (Windows NT 10.0; Win64; x64) AppleWebKit/537.36 (KHTML, like Gecko) Chrome/129.0.0.0 Safari/537.36"
mediaeclips.infinitibizsol.com:443 84.239.43.179 - - [12/Jun/2025:16:16:03 +0000] "GET / HTTP/1.0" 404 108233 "https://mediaeclips.com/" "Mozilla/5.0 (Windows NT 10.0; Win64; x64) AppleWebKit/537.36 (KHTML, like Gecko) Chrome/129.0.0.0 Safari/537.36"
mediaeclips.infinitibizsol.com:443 84.239.43.179 - - [12/Jun/2025:16:16:11 +0000] "GET /the-best-social-media-marketing-tools/ HTTP/1.0" 404 130379 "https://mediaeclips.com/the-best-social-media-marketing-tools/#comment-1210" "Mozilla/5.0 (Windows NT 10.0; Win64; x64) AppleWebKit/537.36 (KHTML, like Gecko) Chrome/129.0.0.0 Safari/537.36"
mediaeclips.infinitibizsol.com:443 84.239.43.179 - - [12/Jun/2025:16:16:18 +0000] "GET / HTTP/1.0" 404 108233 "https://mediaeclips.com/" "Mozilla/5.0 (Windows NT 10.0; Win64; x64) AppleWebKit/537.36 (KHTML, like Gecko) Chrome/129.0.0.0 Safari/537.36"
mediaeclips.infinitibizsol.com:443 84.239.43.179 - - [12/Jun/2025:16:16:23 +0000] "GET /blogs/ HTTP/1.0" 404 57617 "https://mediaeclips.com/blogs/" "Mozilla/5.0 (Windows NT 10.0; Win64; x64) AppleWebKit/537.36 (KHTML, like Gecko) Chrome/129.0.0.0 Safari/537.36"
mediaeclips.infinitibizsol.com:443 84.239.43.179 - - [12/Jun/2025:16:16:30 +0000] "GET / HTTP/1.0" 404 108233 "https://mediaeclips.com/" "Mozilla/5.0 (Windows NT 10.0; Win64; x64) AppleWebKit/537.36 (KHTML, like Gecko) Chrome/129.0.0.0 Safari/537.36"
mediaeclips.infinitibizsol.com:80 82.165.21.237 - - [12/Jun/2025:16:16:38 +0000] "HEAD /wordpress HTTP/1.1" 404 0 "-" "Mozilla/5.0 (X11; Linux x86_64) AppleWebKit/537.36 (KHTML, like Gecko) Chrome/96.0.4664.45 Safari/537.36"
mediaeclips.infinitibizsol.com:80 162.0.223.40 - - [12/Jun/2025:16:18:20 +0000] "POST /wp-cron.php?doing_wp_cron=1749745099.8205339908599853515625 HTTP/1.1" 499 0 "-" "WordPress/6.5.5; https://mediaeclips.com"
mediaeclips.infinitibizsol.com:80 82.165.21.237 - - [12/Jun/2025:16:18:20 +0000] "HEAD /Wordpress HTTP/1.1" 404 0 "-" "Mozilla/5.0 (X11; Linux x86_64) AppleWebKit/537.36 (KHTML, like Gecko) Chrome/96.0.4664.45 Safari/537.36"
mediaeclips.infinitibizsol.com:80 82.165.21.237 - - [12/Jun/2025:16:20:27 +0000] "HEAD /WORDPRESS HTTP/1.1" 404 0 "-" "Mozilla/5.0 (X11; Linux x86_64) AppleWebKit/537.36 (KHTML, like Gecko) Chrome/96.0.4664.45 Safari/537.36"
mediaeclips.infinitibizsol.com:443 66.249.64.131 - - [12/Jun/2025:16:22:04 +0000] "GET /shopdetail/100616739 HTTP/1.1" 404 5 "-" "Mozilla/5.0 (Linux; Android 6.0.1; Nexus 5X Build/MMB29P) AppleWebKit/537.36 (KHTML, like Gecko) Chrome/136.0.7103.113 Mobile Safari/537.36 (compatible; Googlebot/2.1; +http://www.google.com/bot.html)"
mediaeclips.infinitibizsol.com:443 51.222.253.6 - - [12/Jun/2025:16:23:01 +0000] "GET /tag/inbound-vs-outbound-marketing/feed/ HTTP/1.1" 304 0 "-" "Mozilla/5.0 (compatible; AhrefsBot/7.0; +http://ahrefs.com/robot/)"
mediaeclips.infinitibizsol.com:80 162.0.223.40 - - [12/Jun/2025:16:25:23 +0000] "POST /wp-cron.php?doing_wp_cron=1749745522.7998559474945068359375 HTTP/1.1" 499 0 "-" "WordPress/6.5.5; https://mediaeclips.com"
mediaeclips.infinitibizsol.com:80 82.165.21.237 - - [12/Jun/2025:16:25:23 +0000] "HEAD /WordPress HTTP/1.1" 404 0 "-" "Mozilla/5.0 (X11; Linux x86_64) AppleWebKit/537.36 (KHTML, like Gecko) Chrome/96.0.4664.45 Safari/537.36"
mediaeclips.infinitibizsol.com:80 82.165.21.237 - - [12/Jun/2025:16:27:48 +0000] "HEAD /wp HTTP/1.1" 404 0 "-" "Mozilla/5.0 (X11; Linux x86_64) AppleWebKit/537.36 (KHTML, like Gecko) Chrome/96.0.4664.45 Safari/537.36"
mediaeclips.infinitibizsol.com:80 31.56.36.189 - - [12/Jun/2025:16:28:50 +0000] "GET / HTTP/1.1" 499 0 "-" "WPCheckBot"
mediaeclips.infinitibizsol.com:80 162.0.223.40 - - [12/Jun/2025:16:28:51 +0000] "POST /wp-cron.php?doing_wp_cron=1749745730.3451120853424072265625 HTTP/1.1" 499 0 "-" "WordPress/6.5.5; https://mediaeclips.com"
mediaeclips.infinitibizsol.com:80 82.165.21.237 - - [12/Jun/2025:16:29:57 +0000] "HEAD /Wp HTTP/1.1" 404 0 "-" "Mozilla/5.0 (X11; Linux x86_64) AppleWebKit/537.36 (KHTML, like Gecko) Chrome/96.0.4664.45 Safari/537.36"
mediaeclips.infinitibizsol.com:80 5.161.250.15 - - [12/Jun/2025:16:31:02 +0000] "POST /wp-load.php?0868e2=21708 HTTP/1.1" 200 1748 "-" "Mozilla/5.0 (Windows NT 10.0; Win64; x64) AppleWebKit/537.36 (KHTML, like Gecko) Chrome/104.0.5112.97 Safari/537.36"
mediaeclips.infinitibizsol.com:80 82.165.21.237 - - [12/Jun/2025:16:31:25 +0000] "HEAD /WP HTTP/1.1" 404 0 "-" "Mozilla/5.0 (X11; Linux x86_64) AppleWebKit/537.36 (KHTML, like Gecko) Chrome/96.0.4664.45 Safari/537.36"
mediaeclips.infinitibizsol.com:80 162.0.223.40 - - [12/Jun/2025:16:34:54 +0000] "POST /wp-cron.php?doing_wp_cron=1749746093.2605080604553222656250 HTTP/1.1" 499 0 "-" "WordPress/6.5.5; https://mediaeclips.com"
mediaeclips.infinitibizsol.com:80 82.165.21.237 - - [12/Jun/2025:16:34:54 +0000] "HEAD /old HTTP/1.1" 404 0 "-" "Mozilla/5.0 (X11; Linux x86_64) AppleWebKit/537.36 (KHTML, like Gecko) Chrome/96.0.4664.45 Safari/537.36"
mediaeclips.infinitibizsol.com:443 198.98.58.46 - - [12/Jun/2025:16:36:59 +0000] "GET /wp-login.php HTTP/1.1" 200 6532 "-" "Mozilla/5.0 (Macintosh; Intel Mac OS X 10_9_3) AppleWebKit/537.75.14 (KHTML, like Gecko) Version/7.0.3 Safari/537.75.14"
mediaeclips.infinitibizsol.com:80 162.0.223.40 - - [12/Jun/2025:16:38:19 +0000] "POST /wp-cron.php?doing_wp_cron=1749746298.8406720161437988281250 HTTP/1.1" 499 0 "-" "WordPress/6.5.5; https://mediaeclips.com"
mediaeclips.infinitibizsol.com:80 82.165.21.237 - - [12/Jun/2025:16:38:20 +0000] "HEAD /Old HTTP/1.1" 404 0 "-" "Mozilla/5.0 (X11; Linux x86_64) AppleWebKit/537.36 (KHTML, like Gecko) Chrome/96.0.4664.45 Safari/537.36"
mediaeclips.infinitibizsol.com:80 82.165.21.237 - - [12/Jun/2025:16:38:40 +0000] "HEAD /OLD HTTP/1.1" 404 0 "-" "Mozilla/5.0 (X11; Linux x86_64) AppleWebKit/537.36 (KHTML, like Gecko) Chrome/96.0.4664.45 Safari/537.36"
mediaeclips.infinitibizsol.com:443 198.98.58.46 - - [12/Jun/2025:16:39:19 +0000] "POST /wp-login.php HTTP/1.1" 200 7028 "-" "Mozilla/5.0 (Macintosh; Intel Mac OS X 10_9_3) AppleWebKit/537.75.14 (KHTML, like Gecko) Version/7.0.3 Safari/537.75.14"
mediaeclips.infinitibizsol.com:443 51.222.253.10 - - [12/Jun/2025:16:40:43 +0000] "GET /tag/best-social-media-marketing-tools/feed/ HTTP/1.1" 304 0 "-" "Mozilla/5.0 (compatible; AhrefsBot/7.0; +http://ahrefs.com/robot/)"
mediaeclips.infinitibizsol.com:80 82.165.21.237 - - [12/Jun/2025:16:41:52 +0000] "HEAD /oldsite HTTP/1.1" 404 0 "-" "Mozilla/5.0 (X11; Linux x86_64) AppleWebKit/537.36 (KHTML, like Gecko) Chrome/96.0.4664.45 Safari/537.36"
mediaeclips.infinitibizsol.com:80 162.0.223.40 - - [12/Jun/2025:16:45:16 +0000] "POST /wp-cron.php?doing_wp_cron=1749746715.2966849803924560546875 HTTP/1.1" 499 0 "-" "WordPress/6.5.5; https://mediaeclips.com"
mediaeclips.infinitibizsol.com:80 82.165.21.237 - - [12/Jun/2025:16:45:16 +0000] "HEAD /new HTTP/1.1" 404 0 "-" "Mozilla/5.0 (X11; Linux x86_64) AppleWebKit/537.36 (KHTML, like Gecko) Chrome/96.0.4664.45 Safari/537.36"
mediaeclips.infinitibizsol.com:80 216.244.66.244 - - [12/Jun/2025:16:45:45 +0000] "GET /services/it-services/ HTTP/1.1" 404 5 "-" "Mozilla/5.0 (compatible; DotBot/1.2; +https://opensiteexplorer.org/dotbot; help@moz.com)"
mediaeclips.infinitibizsol.com:80 178.156.128.204 - - [12/Jun/2025:16:46:08 +0000] "POST /wp-load.php?b0583e=1900 HTTP/1.1" 200 1748 "-" "Mozilla/5.0 (Windows NT 10.0; Win64; x64) AppleWebKit/537.36 (KHTML, like Gecko) Chrome/104.0.5112.97 Safari/537.36"
mediaeclips.infinitibizsol.com:80 82.165.21.237 - - [12/Jun/2025:16:46:46 +0000] "HEAD /New HTTP/1.1" 404 0 "-" "Mozilla/5.0 (X11; Linux x86_64) AppleWebKit/537.36 (KHTML, like Gecko) Chrome/96.0.4664.45 Safari/537.36"
mediaeclips.infinitibizsol.com:80 162.0.223.40 - - [12/Jun/2025:16:48:57 +0000] "POST /wp-cron.php?doing_wp_cron=1749746936.3536350727081298828125 HTTP/1.1" 499 0 "-" "WordPress/6.5.5; https://mediaeclips.com"
mediaeclips.infinitibizsol.com:80 82.165.21.237 - - [12/Jun/2025:16:48:57 +0000] "HEAD /NEW HTTP/1.1" 404 0 "-" "Mozilla/5.0 (X11; Linux x86_64) AppleWebKit/537.36 (KHTML, like Gecko) Chrome/96.0.4664.45 Safari/537.36"
mediaeclips.infinitibizsol.com:443 66.249.70.138 - - [12/Jun/2025:16:50:40 +0000] "GET /contact-us/ HTTP/1.1" 404 5 "-" "Mozilla/5.0 (Linux; Android 6.0.1; Nexus 5X Build/MMB29P) AppleWebKit/537.36 (KHTML, like Gecko) Chrome/136.0.7103.113 Mobile Safari/537.36 (compatible; Googlebot/2.1; +http://www.google.com/bot.html)"
mediaeclips.infinitibizsol.com:80 82.165.21.237 - - [12/Jun/2025:16:51:29 +0000] "HEAD /wp-old HTTP/1.1" 404 0 "-" "Mozilla/5.0 (X11; Linux x86_64) AppleWebKit/537.36 (KHTML, like Gecko) Chrome/96.0.4664.45 Safari/537.36"
mediaeclips.infinitibizsol.com:443 198.98.52.243 - - [12/Jun/2025:16:52:06 +0000] "GET /wp-login.php HTTP/1.1" 200 6532 "-" "Mozilla/5.0 (iPhone; CPU iPhone OS 7_1_2 like Mac OS X) AppleWebKit/537.51.2 (KHTML, like Gecko) Version/7.0 Mobile/11D257 Safari/9537.53"
mediaeclips.infinitibizsol.com:443 198.98.52.243 - - [12/Jun/2025:16:52:43 +0000] "POST /wp-login.php HTTP/1.1" 200 7047 "-" "Mozilla/5.0 (iPhone; CPU iPhone OS 7_1_2 like Mac OS X) AppleWebKit/537.51.2 (KHTML, like Gecko) Version/7.0 Mobile/11D257 Safari/9537.53"
mediaeclips.infinitibizsol.com:80 162.0.223.40 - - [12/Jun/2025:16:53:40 +0000] "POST /wp-cron.php?doing_wp_cron=1749747219.3678939342498779296875 HTTP/1.1" 499 0 "-" "WordPress/6.5.5; https://mediaeclips.com"
mediaeclips.infinitibizsol.com:80 82.165.21.237 - - [12/Jun/2025:16:53:40 +0000] "HEAD /2022 HTTP/1.1" 404 0 "-" "Mozilla/5.0 (X11; Linux x86_64) AppleWebKit/537.36 (KHTML, like Gecko) Chrome/96.0.4664.45 Safari/537.36"
mediaeclips.infinitibizsol.com:80 82.165.21.237 - - [12/Jun/2025:16:55:43 +0000] "HEAD /2023 HTTP/1.1" 404 0 "-" "Mozilla/5.0 (X11; Linux x86_64) AppleWebKit/537.36 (KHTML, like Gecko) Chrome/96.0.4664.45 Safari/537.36"
mediaeclips.infinitibizsol.com:443 51.222.253.9 - - [12/Jun/2025:16:56:04 +0000] "GET /tag/web-development-trends-in-2024/feed/ HTTP/1.1" 304 0 "-" "Mozilla/5.0 (compatible; AhrefsBot/7.0; +http://ahrefs.com/robot/)"
mediaeclips.infinitibizsol.com:443 3.217.41.206 - - [12/Jun/2025:16:57:58 +0000] "GET /role-of-email-marketing-in-digital-marketing/ HTTP/1.1" 404 106059 "-" "Grammarly/1.0 (http://www.grammarly.com)"
mediaeclips.infinitibizsol.com:80 162.0.223.40 - - [12/Jun/2025:16:58:11 +0000] "POST /wp-cron.php?doing_wp_cron=1749747490.2266829013824462890625 HTTP/1.1" 499 0 "-" "WordPress/6.5.5; https://mediaeclips.com"
mediaeclips.infinitibizsol.com:80 82.165.21.237 - - [12/Jun/2025:16:58:11 +0000] "HEAD /2024 HTTP/1.1" 404 0 "-" "Mozilla/5.0 (X11; Linux x86_64) AppleWebKit/537.36 (KHTML, like Gecko) Chrome/96.0.4664.45 Safari/537.36"
mediaeclips.infinitibizsol.com:80 82.165.21.237 - - [12/Jun/2025:17:00:17 +0000] "HEAD /2017 HTTP/1.1" 404 0 "-" "Mozilla/5.0 (X11; Linux x86_64) AppleWebKit/537.36 (KHTML, like Gecko) Chrome/96.0.4664.45 Safari/537.36"
mediaeclips.infinitibizsol.com:80 5.161.177.123 - - [12/Jun/2025:17:01:17 +0000] "POST /wp-load.php?0f8081=20939 HTTP/1.1" 200 1748 "-" "Mozilla/5.0 (Windows NT 10.0; Win64; x64) AppleWebKit/537.36 (KHTML, like Gecko) Chrome/104.0.5112.97 Safari/537.36"
mediaeclips.infinitibizsol.com:80 162.0.223.40 - - [12/Jun/2025:17:03:53 +0000] "POST /wp-cron.php?doing_wp_cron=1749747832.1081039905548095703125 HTTP/1.1" 499 0 "-" "WordPress/6.5.5; https://mediaeclips.com"
mediaeclips.infinitibizsol.com:80 82.165.21.237 - - [12/Jun/2025:17:03:53 +0000] "HEAD /2020 HTTP/1.1" 404 0 "-" "Mozilla/5.0 (X11; Linux x86_64) AppleWebKit/537.36 (KHTML, like Gecko) Chrome/96.0.4664.45 Safari/537.36"
mediaeclips.infinitibizsol.com:80 82.165.21.237 - - [12/Jun/2025:17:04:29 +0000] "HEAD /2019 HTTP/1.1" 404 0 "-" "Mozilla/5.0 (X11; Linux x86_64) AppleWebKit/537.36 (KHTML, like Gecko) Chrome/96.0.4664.45 Safari/537.36"
mediaeclips.infinitibizsol.com:80 82.165.21.237 - - [12/Jun/2025:17:06:44 +0000] "HEAD /2018 HTTP/1.1" 404 0 "-" "Mozilla/5.0 (X11; Linux x86_64) AppleWebKit/537.36 (KHTML, like Gecko) Chrome/96.0.4664.45 Safari/537.36"
mediaeclips.infinitibizsol.com:443 162.0.223.40 - - [12/Jun/2025:17:09:43 +0000] "POST /wp-cron.php?doing_wp_cron=1749748182.4348070621490478515625 HTTP/1.1" 499 0 "-" "WordPress/6.5.5; https://mediaeclips.com"
mediaeclips.infinitibizsol.com:443 66.249.64.131 - - [12/Jun/2025:17:09:43 +0000] "GET /shopdetail/23843339 HTTP/1.1" 404 5 "-" "Mozilla/5.0 (Linux; Android 6.0.1; Nexus 5X Build/MMB29P) AppleWebKit/537.36 (KHTML, like Gecko) Chrome/136.0.7103.113 Mobile Safari/537.36 (compatible; Googlebot/2.1; +http://www.google.com/bot.html)"
mediaeclips.infinitibizsol.com:80 82.165.21.237 - - [12/Jun/2025:17:09:53 +0000] "HEAD /backup HTTP/1.1" 404 0 "-" "Mozilla/5.0 (X11; Linux x86_64) AppleWebKit/537.36 (KHTML, like Gecko) Chrome/96.0.4664.45 Safari/537.36"
mediaeclips.infinitibizsol.com:443 35.193.67.145 - - [12/Jun/2025:17:10:56 +0000] "GET /wp-content/uploads/2024/03/about3-img1.webp HTTP/1.1" 200 19794 "-" "Mozilla/5.0 (Windows NT 10.0; Win64; x64) AppleWebKit/537.36 (KHTML, like Gecko) Chrome/97.0.4692.71 Safari/537.36"
mediaeclips.infinitibizsol.com:80 82.165.21.237 - - [12/Jun/2025:17:11:33 +0000] "HEAD /test HTTP/1.1" 404 0 "-" "Mozilla/5.0 (X11; Linux x86_64) AppleWebKit/537.36 (KHTML, like Gecko) Chrome/96.0.4664.45 Safari/537.36"
mediaeclips.infinitibizsol.com:443 162.0.223.40 - - [12/Jun/2025:17:13:54 +0000] "POST /wp-cron.php?doing_wp_cron=1749748433.3371191024780273437500 HTTP/1.1" 499 0 "-" "WordPress/6.5.5; https://mediaeclips.com"
mediaeclips.infinitibizsol.com:443 51.222.253.11 - - [12/Jun/2025:17:13:54 +0000] "GET /tag/ppc-and-seo/feed/ HTTP/1.1" 304 0 "-" "Mozilla/5.0 (compatible; AhrefsBot/7.0; +http://ahrefs.com/robot/)"
mediaeclips.infinitibizsol.com:80 82.165.21.237 - - [12/Jun/2025:17:14:41 +0000] "HEAD /Test HTTP/1.1" 404 0 "-" "Mozilla/5.0 (X11; Linux x86_64) AppleWebKit/537.36 (KHTML, like Gecko) Chrome/96.0.4664.45 Safari/537.36"
mediaeclips.infinitibizsol.com:80 162.0.223.40 - - [12/Jun/2025:17:16:28 +0000] "POST /wp-cron.php?doing_wp_cron=1749748587.7774069309234619140625 HTTP/1.1" 499 0 "-" "WordPress/6.5.5; https://mediaeclips.com"
mediaeclips.infinitibizsol.com:80 82.165.21.237 - - [12/Jun/2025:17:16:28 +0000] "HEAD /TEST HTTP/1.1" 404 0 "-" "Mozilla/5.0 (X11; Linux x86_64) AppleWebKit/537.36 (KHTML, like Gecko) Chrome/96.0.4664.45 Safari/537.36"
mediaeclips.infinitibizsol.com:80 5.161.106.94 - - [12/Jun/2025:17:16:30 +0000] "POST /wp-load.php?577939=77124 HTTP/1.1" 200 1748 "-" "Mozilla/5.0 (Windows NT 10.0; Win64; x64) AppleWebKit/537.36 (KHTML, like Gecko) Chrome/104.0.5112.97 Safari/537.36"
mediaeclips.infinitibizsol.com:80 82.165.21.237 - - [12/Jun/2025:17:17:18 +0000] "HEAD /demo HTTP/1.1" 404 0 "-" "Mozilla/5.0 (X11; Linux x86_64) AppleWebKit/537.36 (KHTML, like Gecko) Chrome/96.0.4664.45 Safari/537.36"
mediaeclips.infinitibizsol.com:80 162.0.223.40 - - [12/Jun/2025:17:20:06 +0000] "POST /wp-cron.php?doing_wp_cron=1749748805.3647758960723876953125 HTTP/1.1" 499 0 "-" "WordPress/6.5.5; https://mediaeclips.com"
mediaeclips.infinitibizsol.com:80 82.165.21.237 - - [12/Jun/2025:17:20:06 +0000] "HEAD /bc HTTP/1.1" 404 0 "-" "Mozilla/5.0 (X11; Linux x86_64) AppleWebKit/537.36 (KHTML, like Gecko) Chrome/96.0.4664.45 Safari/537.36"
mediaeclips.infinitibizsol.com:80 82.165.21.237 - - [12/Jun/2025:17:20:58 +0000] "HEAD /www HTTP/1.1" 404 0 "-" "Mozilla/5.0 (X11; Linux x86_64) AppleWebKit/537.36 (KHTML, like Gecko) Chrome/96.0.4664.45 Safari/537.36"
mediaeclips.infinitibizsol.com:443 23.22.5.66 - - [12/Jun/2025:17:22:20 +0000] "GET /role-of-email-marketing-in-digital-marketing/ HTTP/1.1" 404 106066 "-" "Grammarly/1.0 (http://www.grammarly.com)"
mediaeclips.infinitibizsol.com:443 45.227.253.15 - - [12/Jun/2025:17:24:31 +0000] "GET /index.php/jk HTTP/1.1" 200 54 "-" "Mozilla/5.0 (Windows NT 6.1; WOW64; Trident/7.0; rv:11.0) like Gecko"
mediaeclips.infinitibizsol.com:80 162.0.223.40 - - [12/Jun/2025:17:24:37 +0000] "POST /wp-cron.php?doing_wp_cron=1749749076.0197501182556152343750 HTTP/1.1" 499 0 "-" "WordPress/6.5.5; https://mediaeclips.com"
mediaeclips.infinitibizsol.com:80 82.165.21.237 - - [12/Jun/2025:17:24:37 +0000] "HEAD /WWW HTTP/1.1" 404 0 "-" "Mozilla/5.0 (X11; Linux x86_64) AppleWebKit/537.36 (KHTML, like Gecko) Chrome/96.0.4664.45 Safari/537.36"
mediaeclips.infinitibizsol.com:80 82.165.21.237 - - [12/Jun/2025:17:25:49 +0000] "HEAD /Www HTTP/1.1" 404 0 "-" "Mozilla/5.0 (X11; Linux x86_64) AppleWebKit/537.36 (KHTML, like Gecko) Chrome/96.0.4664.45 Safari/537.36"
mediaeclips.infinitibizsol.com:443 51.222.253.1 - - [12/Jun/2025:17:26:52 +0000] "GET /tag/google-business-profile/feed/ HTTP/1.1" 304 0 "-" "Mozilla/5.0 (compatible; AhrefsBot/7.0; +http://ahrefs.com/robot/)"
mediaeclips.infinitibizsol.com:80 82.165.21.237 - - [12/Jun/2025:17:27:18 +0000] "HEAD /2021 HTTP/1.1" 404 0 "-" "Mozilla/5.0 (X11; Linux x86_64) AppleWebKit/537.36 (KHTML, like Gecko) Chrome/96.0.4664.45 Safari/537.36"
mediaeclips.infinitibizsol.com:80 121.229.185.160 - - [12/Jun/2025:17:27:23 +0000] "GET / HTTP/1.1" 404 5 "-" "Mozilla/5.0 (iPhone; CPU iPhone OS 13_2_3 like Mac OS X) AppleWebKit/605.1.15 (KHTML, like Gecko) Version/13.0.3 Mobile/15E148 Safari/604.1"
mediaeclips.infinitibizsol.com:80 162.0.223.40 - - [12/Jun/2025:17:29:46 +0000] "POST /wp-cron.php?doing_wp_cron=1749749385.1298360824584960937500 HTTP/1.1" 499 0 "-" "WordPress/6.5.5; https://mediaeclips.com"
mediaeclips.infinitibizsol.com:80 82.165.21.237 - - [12/Jun/2025:17:29:46 +0000] "HEAD /main HTTP/1.1" 404 0 "-" "Mozilla/5.0 (X11; Linux x86_64) AppleWebKit/537.36 (KHTML, like Gecko) Chrome/96.0.4664.45 Safari/537.36"
mediaeclips.infinitibizsol.com:80 82.165.21.237 - - [12/Jun/2025:17:30:27 +0000] "HEAD /old-site HTTP/1.1" 404 0 "-" "Mozilla/5.0 (X11; Linux x86_64) AppleWebKit/537.36 (KHTML, like Gecko) Chrome/96.0.4664.45 Safari/537.36"
mediaeclips.infinitibizsol.com:80 5.161.106.94 - - [12/Jun/2025:17:31:37 +0000] "POST /wp-load.php?a0b263=70722 HTTP/1.1" 200 1748 "-" "Mozilla/5.0 (Windows NT 10.0; Win64; x64) AppleWebKit/537.36 (KHTML, like Gecko) Chrome/104.0.5112.97 Safari/537.36"
mediaeclips.infinitibizsol.com:80 216.244.66.244 - - [12/Jun/2025:17:32:17 +0000] "GET /smm-services-in-frisco-tx/ HTTP/1.1" 404 117972 "-" "Mozilla/5.0 (compatible; DotBot/1.2; +https://opensiteexplorer.org/dotbot; help@moz.com)"
mediaeclips.infinitibizsol.com:80 162.0.223.40 - - [12/Jun/2025:17:34:07 +0000] "POST /wp-cron.php?doing_wp_cron=1749749646.8197090625762939453125 HTTP/1.1" 499 0 "-" "WordPress/6.5.5; https://mediaeclips.com"
mediaeclips.infinitibizsol.com:80 82.165.21.237 - - [12/Jun/2025:17:34:07 +0000] "HEAD /bk HTTP/1.1" 404 0 "-" "Mozilla/5.0 (X11; Linux x86_64) AppleWebKit/537.36 (KHTML, like Gecko) Chrome/96.0.4664.45 Safari/537.36"
mediaeclips.infinitibizsol.com:80 82.165.21.237 - - [12/Jun/2025:17:34:48 +0000] "HEAD /Backup HTTP/1.1" 404 0 "-" "Mozilla/5.0 (X11; Linux x86_64) AppleWebKit/537.36 (KHTML, like Gecko) Chrome/96.0.4664.45 Safari/537.36"
mediaeclips.infinitibizsol.com:80 43.133.91.48 - - [12/Jun/2025:17:36:48 +0000] "GET / HTTP/1.1" 404 5 "-" "Mozilla/5.0 (iPhone; CPU iPhone OS 13_2_3 like Mac OS X) AppleWebKit/605.1.15 (KHTML, like Gecko) Version/13.0.3 Mobile/15E148 Safari/604.1"
mediaeclips.infinitibizsol.com:80 82.165.21.237 - - [12/Jun/2025:17:37:30 +0000] "HEAD /BACKUP HTTP/1.1" 404 0 "-" "Mozilla/5.0 (X11; Linux x86_64) AppleWebKit/537.36 (KHTML, like Gecko) Chrome/96.0.4664.45 Safari/537.36"
mediaeclips.infinitibizsol.com:443 44.199.21.16 - - [12/Jun/2025:17:37:49 +0000] "GET /role-of-email-marketing-in-digital-marketing/ HTTP/1.1" 404 106059 "-" "Grammarly/1.0 (http://www.grammarly.com)"
mediaeclips.infinitibizsol.com:80 162.0.223.40 - - [12/Jun/2025:17:38:44 +0000] "POST /wp-cron.php?doing_wp_cron=1749749923.8219969272613525390625 HTTP/1.1" 499 0 "-" "WordPress/6.5.5; https://mediaeclips.com"
mediaeclips.infinitibizsol.com:80 82.165.21.237 - - [12/Jun/2025:17:38:44 +0000] "HEAD /SHOP HTTP/1.1" 404 0 "-" "Mozilla/5.0 (X11; Linux x86_64) AppleWebKit/537.36 (KHTML, like Gecko) Chrome/96.0.4664.45 Safari/537.36"
mediaeclips.infinitibizsol.com:80 162.0.223.40 - - [12/Jun/2025:17:41:27 +0000] "POST /wp-cron.php?doing_wp_cron=1749750086.0413360595703125000000 HTTP/1.1" 499 0 "-" "WordPress/6.5.5; https://mediaeclips.com"
mediaeclips.infinitibizsol.com:80 82.165.21.237 - - [12/Jun/2025:17:41:27 +0000] "HEAD /Shop HTTP/1.1" 404 0 "-" "Mozilla/5.0 (X11; Linux x86_64) AppleWebKit/537.36 (KHTML, like Gecko) Chrome/96.0.4664.45 Safari/537.36"
mediaeclips.infinitibizsol.com:80 162.0.223.40 - - [12/Jun/2025:17:43:18 +0000] "POST /wp-cron.php?doing_wp_cron=1749750197.9500060081481933593750 HTTP/1.1" 499 0 "-" "WordPress/6.5.5; https://mediaeclips.com"
mediaeclips.infinitibizsol.com:80 82.165.21.237 - - [12/Jun/2025:17:43:19 +0000] "HEAD /shop HTTP/1.1" 404 0 "-" "Mozilla/5.0 (X11; Linux x86_64) AppleWebKit/537.36 (KHTML, like Gecko) Chrome/96.0.4664.45 Safari/537.36"
mediaeclips.infinitibizsol.com:80 82.165.21.237 - - [12/Jun/2025:17:44:15 +0000] "HEAD /bak HTTP/1.1" 404 0 "-" "Mozilla/5.0 (X11; Linux x86_64) AppleWebKit/537.36 (KHTML, like Gecko) Chrome/96.0.4664.45 Safari/537.36"
mediaeclips.infinitibizsol.com:443 51.222.253.4 - - [12/Jun/2025:17:45:08 +0000] "GET /goods.php?sitemap.xml HTTP/1.1" 404 5 "-" "Mozilla/5.0 (compatible; AhrefsBot/7.0; +http://ahrefs.com/robot/)"
mediaeclips.infinitibizsol.com:80 82.165.21.237 - - [12/Jun/2025:17:46:09 +0000] "HEAD /sitio HTTP/1.1" 404 0 "-" "Mozilla/5.0 (X11; Linux x86_64) AppleWebKit/537.36 (KHTML, like Gecko) Chrome/96.0.4664.45 Safari/537.36"
mediaeclips.infinitibizsol.com:80 178.156.128.204 - - [12/Jun/2025:17:46:51 +0000] "POST /wp-load.php?2e1f1e=16106 HTTP/1.1" 200 1748 "-" "Mozilla/5.0 (Windows NT 10.0; Win64; x64) AppleWebKit/537.36 (KHTML, like Gecko) Chrome/104.0.5112.97 Safari/537.36"
mediaeclips.infinitibizsol.com:80 82.165.21.237 - - [12/Jun/2025:17:47:43 +0000] "HEAD /bac HTTP/1.1" 404 0 "-" "Mozilla/5.0 (X11; Linux x86_64) AppleWebKit/537.36 (KHTML, like Gecko) Chrome/96.0.4664.45 Safari/537.36"
mediaeclips.infinitibizsol.com:80 162.0.223.40 - - [12/Jun/2025:17:49:28 +0000] "POST /wp-cron.php?doing_wp_cron=1749750567.5504300594329833984375 HTTP/1.1" 499 0 "-" "WordPress/6.5.5; https://mediaeclips.com"
mediaeclips.infinitibizsol.com:80 82.165.21.237 - - [12/Jun/2025:17:49:28 +0000] "HEAD /sito HTTP/1.1" 404 0 "-" "Mozilla/5.0 (X11; Linux x86_64) AppleWebKit/537.36 (KHTML, like Gecko) Chrome/96.0.4664.45 Safari/537.36"
mediaeclips.infinitibizsol.com:80 82.165.21.237 - - [12/Jun/2025:17:50:40 +0000] "HEAD /site HTTP/1.1" 404 0 "-" "Mozilla/5.0 (X11; Linux x86_64) AppleWebKit/537.36 (KHTML, like Gecko) Chrome/96.0.4664.45 Safari/537.36"
mediaeclips.infinitibizsol.com:443 216.73.216.52 - - [12/Jun/2025:17:52:57 +0000] "GET /goods.php HTTP/1.1" 404 5 "-" "Mozilla/5.0 AppleWebKit/537.36 (KHTML, like Gecko; compatible; ClaudeBot/1.0; +claudebot@anthropic.com)"
mediaeclips.infinitibizsol.com:80 162.0.223.40 - - [12/Jun/2025:17:53:35 +0000] "POST /wp-cron.php?doing_wp_cron=1749750814.4417779445648193359375 HTTP/1.1" 499 0 "-" "WordPress/6.5.5; https://mediaeclips.com"
mediaeclips.infinitibizsol.com:80 82.165.21.237 - - [12/Jun/2025:17:53:35 +0000] "HEAD /Site HTTP/1.1" 404 0 "-" "Mozilla/5.0 (X11; Linux x86_64) AppleWebKit/537.36 (KHTML, like Gecko) Chrome/96.0.4664.45 Safari/537.36"
mediaeclips.infinitibizsol.com:80 82.165.21.237 - - [12/Jun/2025:17:54:31 +0000] "HEAD /SITE HTTP/1.1" 404 0 "-" "Mozilla/5.0 (X11; Linux x86_64) AppleWebKit/537.36 (KHTML, like Gecko) Chrome/96.0.4664.45 Safari/537.36"
mediaeclips.infinitibizsol.com:80 82.165.21.237 - - [12/Jun/2025:17:55:49 +0000] "HEAD /blog HTTP/1.1" 404 0 "-" "Mozilla/5.0 (X11; Linux x86_64) AppleWebKit/537.36 (KHTML, like Gecko) Chrome/96.0.4664.45 Safari/537.36"
mediaeclips.infinitibizsol.com:80 162.0.223.40 - - [12/Jun/2025:17:57:08 +0000] "POST /wp-cron.php?doing_wp_cron=1749751027.5112659931182861328125 HTTP/1.1" 499 0 "-" "WordPress/6.5.5; https://mediaeclips.com"
mediaeclips.infinitibizsol.com:80 82.165.21.237 - - [12/Jun/2025:17:57:08 +0000] "HEAD /BLOG HTTP/1.1" 404 0 "-" "Mozilla/5.0 (X11; Linux x86_64) AppleWebKit/537.36 (KHTML, like Gecko) Chrome/96.0.4664.45 Safari/537.36"
mediaeclips.infinitibizsol.com:443 194.233.72.214 - - [12/Jun/2025:17:57:38 +0000] "GET / HTTP/1.1" 404 108420 "-" "Mozilla/5.0 (Windows NT 10.0; Win64; x64) AppleWebKit/537.36 (KHTML, like Gecko) Chrome/58.0.3029.110 Safari/537.36"
mediaeclips.infinitibizsol.com:80 162.0.223.40 - - [12/Jun/2025:17:59:26 +0000] "POST /wp-cron.php?doing_wp_cron=1749751165.7026479244232177734375 HTTP/1.1" 499 0 "-" "WordPress/6.5.5; https://mediaeclips.com"
mediaeclips.infinitibizsol.com:80 82.165.21.237 - - [12/Jun/2025:17:59:26 +0000] "HEAD /Blog HTTP/1.1" 404 0 "-" "Mozilla/5.0 (X11; Linux x86_64) AppleWebKit/537.36 (KHTML, like Gecko) Chrome/96.0.4664.45 Safari/537.36"
mediaeclips.infinitibizsol.com:443 216.73.216.52 - - [12/Jun/2025:18:00:28 +0000] "GET /sitemap.xml HTTP/1.1" 404 5 "-" "Mozilla/5.0 AppleWebKit/537.36 (KHTML, like Gecko; compatible; ClaudeBot/1.0; +claudebot@anthropic.com)"
mediaeclips.infinitibizsol.com:443 45.227.253.15 - - [12/Jun/2025:18:00:39 +0000] "GET /?ARRAY=7o2230223n313734393735343932372p2231223n22687474703n5p2s5p2s3230342r31322r3233382r37345p2s3s6p633q7068705s636s64655s6n6326743q313734393735313332372q3566653130623539336134313362323966383433303333616463623962366164222p2232223n226636393832313739316462646532623335343262366335653632643861373831222p2233223n226434626232353337323331663838336165383538363561663665363532323133222p2262696r675s70617373223n2232362q34332q35372q36372q37322q38352q3138227q HTTP/1.1" 200 95 "-" "Mozilla/5.0 (Macintosh; Intel Mac OS X 10.14; rv:103.0) Gecko/20100101 Firefox/102.0"
mediaeclips.infinitibizsol.com:443 51.222.253.20 - - [12/Jun/2025:18:01:26 +0000] "GET /sitemap.xml HTTP/1.1" 404 5 "-" "Mozilla/5.0 (compatible; AhrefsBot/7.0; +http://ahrefs.com/robot/)"
mediaeclips.infinitibizsol.com:80 178.156.128.204 - - [12/Jun/2025:18:02:08 +0000] "POST /wp-load.php?5c831d=42346 HTTP/1.1" 200 1748 "-" "Mozilla/5.0 (Windows NT 10.0; Win64; x64) AppleWebKit/537.36 (KHTML, like Gecko) Chrome/104.0.5112.97 Safari/537.36"
mediaeclips.infinitibizsol.com:443 162.0.223.40 - - [12/Jun/2025:18:16:35 +0000] "POST /wp-cron.php?doing_wp_cron=1749752194.5300660133361816406250 HTTP/1.1" 499 0 "-" "WordPress/6.5.5; https://mediaeclips.com"
mediaeclips.infinitibizsol.com:443 51.222.253.12 - - [12/Jun/2025:18:16:35 +0000] "GET /tag/role-of-email-marketing/feed/ HTTP/1.1" 304 0 "-" "Mozilla/5.0 (compatible; AhrefsBot/7.0; +http://ahrefs.com/robot/)"
mediaeclips.infinitibizsol.com:80 5.161.216.238 - - [12/Jun/2025:18:17:17 +0000] "POST /wp-load.php?421c74=40290 HTTP/1.1" 200 1748 "-" "Mozilla/5.0 (Windows NT 10.0; Win64; x64) AppleWebKit/537.36 (KHTML, like Gecko) Chrome/104.0.5112.97 Safari/537.36"
mediaeclips.infinitibizsol.com:443 162.0.223.40 - - [12/Jun/2025:18:26:49 +0000] "POST /wp-cron.php?doing_wp_cron=1749752808.8971049785614013671875 HTTP/1.1" 499 0 "-" "WordPress/6.5.5; https://mediaeclips.com"
mediaeclips.infinitibizsol.com:443 57.141.4.26 - - [12/Jun/2025:18:26:51 +0000] "GET /category/digital-marketing/ HTTP/1.1" 404 66379 "-" "meta-externalagent/1.1 (+https://developers.facebook.com/docs/sharing/webmasters/crawler)"
mediaeclips.infinitibizsol.com:443 162.0.223.40 - - [12/Jun/2025:18:31:53 +0000] "POST /wp-cron.php?doing_wp_cron=1749753112.1071391105651855468750 HTTP/1.1" 499 0 "-" "WordPress/6.5.5; https://mediaeclips.com"
mediaeclips.infinitibizsol.com:443 57.141.4.9 - - [12/Jun/2025:18:31:53 +0000] "GET /goods.php?sitemap.xml HTTP/1.1" 404 5 "-" "meta-externalagent/1.1 (+https://developers.facebook.com/docs/sharing/webmasters/crawler)"
mediaeclips.infinitibizsol.com:80 5.161.250.15 - - [12/Jun/2025:18:32:28 +0000] "POST /wp-load.php?b79180=48922 HTTP/1.1" 200 1748 "-" "Mozilla/5.0 (Windows NT 10.0; Win64; x64) AppleWebKit/537.36 (KHTML, like Gecko) Chrome/104.0.5112.97 Safari/537.36"
mediaeclips.infinitibizsol.com:443 144.126.131.216 - - [12/Jun/2025:18:33:15 +0000] "GET / HTTP/1.1" 404 108413 "-" "Mozilla/5.0 (X11; Linux x86_64) AppleWebKit/537.36 (KHTML, like Gecko) Chrome/114.0.0.0 Safari/537.36"
mediaeclips.infinitibizsol.com:443 144.126.131.216 - - [12/Jun/2025:18:33:17 +0000] "GET /wp-content/plugins/contact-form-7/includes/js/index.js?ver=5.9.4 HTTP/1.1" 200 13054 "https://mediaeclips.com/" "Mozilla/5.0 (X11; Linux x86_64) AppleWebKit/537.36 (KHTML, like Gecko) Chrome/114.0.0.0 Safari/537.36"
mediaeclips.infinitibizsol.com:443 162.0.223.40 - - [12/Jun/2025:18:33:22 +0000] "POST /wp-cron.php?doing_wp_cron=1749753201.0866611003875732421875 HTTP/1.1" 499 0 "-" "WordPress/6.5.5; https://mediaeclips.com"
mediaeclips.infinitibizsol.com:443 144.126.131.216 - - [12/Jun/2025:18:33:22 +0000] "POST /wp-json/contact-form-7/v1/contact-forms/159/feedback HTTP/1.1" 404 244 "https://mediaeclips.com/" "Mozilla/5.0 (X11; Linux x86_64) AppleWebKit/537.36 (KHTML, like Gecko) Chrome/114.0.0.0 Safari/537.36"
mediaeclips.infinitibizsol.com:443 51.222.253.11 - - [12/Jun/2025:18:34:30 +0000] "GET /tag/effective-local-seo/feed/ HTTP/1.1" 304 0 "-" "Mozilla/5.0 (compatible; AhrefsBot/7.0; +http://ahrefs.com/robot/)"
mediaeclips.infinitibizsol.com:80 5.161.177.123 - - [12/Jun/2025:18:47:35 +0000] "POST /wp-load.php?25a09b=28134 HTTP/1.1" 200 1748 "-" "Mozilla/5.0 (Windows NT 10.0; Win64; x64) AppleWebKit/537.36 (KHTML, like Gecko) Chrome/104.0.5112.97 Safari/537.36"
mediaeclips.infinitibizsol.com:443 162.0.223.40 - - [12/Jun/2025:18:50:49 +0000] "POST /wp-cron.php?doing_wp_cron=1749754248.0691139698028564453125 HTTP/1.1" 499 0 "-" "WordPress/6.5.5; https://mediaeclips.com"
mediaeclips.infinitibizsol.com:443 51.222.253.14 - - [12/Jun/2025:18:50:49 +0000] "GET /tag/what-is-a-digital-marketing-campaign/feed/ HTTP/1.1" 304 0 "-" "Mozilla/5.0 (compatible; AhrefsBot/7.0; +http://ahrefs.com/robot/)"
mediaeclips.infinitibizsol.com:443 162.0.223.40 - - [12/Jun/2025:19:02:29 +0000] "POST /wp-cron.php?doing_wp_cron=1749754948.7893400192260742187500 HTTP/1.1" 499 0 "-" "WordPress/6.5.5; https://mediaeclips.com"
mediaeclips.infinitibizsol.com:443 45.227.253.15 - - [12/Jun/2025:19:02:30 +0000] "GET /index.php/jk HTTP/1.1" 200 54 "-" "Mozilla/5.0 (Macintosh; Intel Mac OS X 10.15; rv:80.0) Gecko/20100101 Firefox/80.0"
mediaeclips.infinitibizsol.com:443 57.141.4.23 - - [12/Jun/2025:19:02:31 +0000] "GET /graphic-design/ HTTP/1.1" 404 65450 "-" "meta-externalagent/1.1 (+https://developers.facebook.com/docs/sharing/webmasters/crawler)"
mediaeclips.infinitibizsol.com:80 139.180.180.168 - - [12/Jun/2025:19:02:40 +0000] "POST /wp-load.php?679aaa=56697 HTTP/1.1" 200 1748 "-" "Mozilla/5.0 (Windows NT 10.0; Win64; x64) AppleWebKit/537.36 (KHTML, like Gecko) Chrome/104.0.5112.97 Safari/537.36"
mediaeclips.infinitibizsol.com:443 162.0.223.40 - - [12/Jun/2025:19:04:38 +0000] "POST /wp-cron.php?doing_wp_cron=1749755077.5766670703887939453125 HTTP/1.1" 499 0 "-" "WordPress/6.5.5; https://mediaeclips.com"
mediaeclips.infinitibizsol.com:443 51.222.253.17 - - [12/Jun/2025:19:04:38 +0000] "GET /what-is-digital-marketing-and-how-does-it-work/feed/ HTTP/1.1" 304 0 "-" "Mozilla/5.0 (compatible; AhrefsBot/7.0; +http://ahrefs.com/robot/)"
mediaeclips.infinitibizsol.com:443 162.0.223.40 - - [12/Jun/2025:19:14:07 +0000] "POST /wp-cron.php?doing_wp_cron=1749755646.6603419780731201171875 HTTP/1.1" 499 0 "-" "WordPress/6.5.5; https://mediaeclips.com"
mediaeclips.infinitibizsol.com:443 198.98.61.192 - - [12/Jun/2025:19:14:07 +0000] "GET /wp-login.php HTTP/1.1" 200 6532 "-" "Mozilla/5.0 (Windows NT 6.2; WOW64; rv:31.0) Gecko/20100101 Firefox/31.0"
mediaeclips.infinitibizsol.com:443 198.98.61.192 - - [12/Jun/2025:19:14:11 +0000] "POST /wp-login.php HTTP/1.1" 200 7028 "-" "Mozilla/5.0 (Windows NT 6.2; WOW64; rv:31.0) Gecko/20100101 Firefox/31.0"
mediaeclips.infinitibizsol.com:443 162.0.223.40 - - [12/Jun/2025:19:15:26 +0000] "POST /wp-cron.php?doing_wp_cron=1749755725.3514099121093750000000 HTTP/1.1" 499 0 "-" "WordPress/6.5.5; https://mediaeclips.com"
mediaeclips.infinitibizsol.com:443 66.249.64.132 - - [12/Jun/2025:19:15:26 +0000] "GET /shopdetail/45337339 HTTP/1.1" 404 5 "-" "Mozilla/5.0 (Linux; Android 6.0.1; Nexus 5X Build/MMB29P) AppleWebKit/537.36 (KHTML, like Gecko) Chrome/136.0.7103.113 Mobile Safari/537.36 (compatible; Googlebot/2.1; +http://www.google.com/bot.html)"
mediaeclips.infinitibizsol.com:443 51.222.253.9 - - [12/Jun/2025:19:16:51 +0000] "GET /tag/tips-for-successful-social-media-marketing/feed/ HTTP/1.1" 304 0 "-" "Mozilla/5.0 (compatible; AhrefsBot/7.0; +http://ahrefs.com/robot/)"
mediaeclips.infinitibizsol.com:443 66.249.64.128 - - [12/Jun/2025:19:17:31 +0000] "GET /shopdetail/50126539 HTTP/1.1" 404 5 "-" "Mozilla/5.0 (Linux; Android 6.0.1; Nexus 5X Build/MMB29P) AppleWebKit/537.36 (KHTML, like Gecko) Chrome/136.0.7103.113 Mobile Safari/537.36 (compatible; Googlebot/2.1; +http://www.google.com/bot.html)"
mediaeclips.infinitibizsol.com:443 66.249.64.132 - - [12/Jun/2025:19:17:37 +0000] "GET /shopdetail/160349939 HTTP/1.1" 404 5 "-" "Mozilla/5.0 (Linux; Android 6.0.1; Nexus 5X Build/MMB29P) AppleWebKit/537.36 (KHTML, like Gecko) Chrome/136.0.7103.113 Mobile Safari/537.36 (compatible; Googlebot/2.1; +http://www.google.com/bot.html)"
mediaeclips.infinitibizsol.com:80 5.161.177.123 - - [12/Jun/2025:19:17:46 +0000] "POST /wp-load.php?1fdfe1=33951 HTTP/1.1" 200 1748 "-" "Mozilla/5.0 (Windows NT 10.0; Win64; x64) AppleWebKit/537.36 (KHTML, like Gecko) Chrome/104.0.5112.97 Safari/537.36"
mediaeclips.infinitibizsol.com:443 162.0.223.40 - - [12/Jun/2025:19:30:32 +0000] "POST /wp-cron.php?doing_wp_cron=1749756631.6422369480133056640625 HTTP/1.1" 499 0 "-" "WordPress/6.5.5; https://mediaeclips.com"
mediaeclips.infinitibizsol.com:443 51.222.253.9 - - [12/Jun/2025:19:30:32 +0000] "GET /tag/seo-vs-ppc/feed/ HTTP/1.1" 304 0 "-" "Mozilla/5.0 (compatible; AhrefsBot/7.0; +http://ahrefs.com/robot/)"
mediaeclips.infinitibizsol.com:80 5.161.216.238 - - [12/Jun/2025:19:33:03 +0000] "POST /wp-load.php?542ed3=65577 HTTP/1.1" 200 1748 "-" "Mozilla/5.0 (Windows NT 10.0; Win64; x64) AppleWebKit/537.36 (KHTML, like Gecko) Chrome/104.0.5112.97 Safari/537.36"
mediaeclips.infinitibizsol.com:443 162.0.223.40 - - [12/Jun/2025:19:45:48 +0000] "POST /wp-cron.php?doing_wp_cron=1749757547.3460841178894042968750 HTTP/1.1" 499 0 "-" "WordPress/6.5.5; https://mediaeclips.com"
mediaeclips.infinitibizsol.com:443 51.222.253.2 - - [12/Jun/2025:19:45:48 +0000] "GET /tag/digital-marketing-campaign/feed/ HTTP/1.1" 304 0 "-" "Mozilla/5.0 (compatible; AhrefsBot/7.0; +http://ahrefs.com/robot/)"
mediaeclips.infinitibizsol.com:80 5.161.201.188 - - [12/Jun/2025:19:48:06 +0000] "POST /wp-load.php?bb8998=25633 HTTP/1.1" 200 1748 "-" "Mozilla/5.0 (Windows NT 10.0; Win64; x64) AppleWebKit/537.36 (KHTML, like Gecko) Chrome/104.0.5112.97 Safari/537.36"
mediaeclips.infinitibizsol.com:443 162.0.223.40 - - [12/Jun/2025:19:50:11 +0000] "POST /wp-cron.php?doing_wp_cron=1749757810.8936340808868408203125 HTTP/1.1" 499 0 "-" "WordPress/6.5.5; https://mediaeclips.com"
mediaeclips.infinitibizsol.com:443 216.73.216.54 - - [12/Jun/2025:19:50:12 +0000] "GET /goods.php HTTP/1.1" 404 5 "-" "Mozilla/5.0 AppleWebKit/537.36 (KHTML, like Gecko; compatible; ClaudeBot/1.0; +claudebot@anthropic.com)"
mediaeclips.infinitibizsol.com:443 162.0.223.40 - - [12/Jun/2025:20:00:07 +0000] "POST /wp-cron.php?doing_wp_cron=1749758406.0509259700775146484375 HTTP/1.1" 499 0 "-" "WordPress/6.5.5; https://mediaeclips.com"
