mediaeclips.infinitibizsol.com:443 146.196.63.215 - - [12/Jun/2025:06:54:59 +0000] "POST /contact-us/ HTTP/1.1" 404 60896 "-" "Mozilla/5.0 (Windows NT 10.0; Win64; x64) AppleWebKit/537.36 (KHTML, like Gecko) Chrome/120.0.0.0 Safari/537.36"
mediaeclips.infinitibizsol.com:80 80.85.245.5 - - [12/Jun/2025:06:55:06 +0000] "GET /contact-us HTTP/1.1" 404 5 "-" "Mozilla/5.0 (Macintosh; Intel Mac OS X 10_15_7) AppleWebKit/537.36 (KHTML, like Gecko) Chrome/133.0.0.0 Safari/537.36"
mediaeclips.infinitibizsol.com:443 80.85.245.5 - - [12/Jun/2025:06:55:11 +0000] "GET /how-to-create-an-effective-seo-strategy/ HTTP/1.1" 404 107260 "-" "Mozilla/5.0 (Macintosh; Intel Mac OS X 10_15_7) AppleWebKit/537.36 (KHTML, like Gecko) Chrome/133.0.0.0 Safari/537.36"
mediaeclips.infinitibizsol.com:443 146.196.63.215 - - [12/Jun/2025:06:55:19 +0000] "POST /wp-comments-post.php HTTP/1.1" 200 2566 "-" "Mozilla/5.0 (Macintosh; Intel Mac OS X 10_15_7) AppleWebKit/537.36 (KHTML, like Gecko) Chrome/133.0.0.0 Safari/537.36"
mediaeclips.infinitibizsol.com:443 146.196.63.215 - - [12/Jun/2025:06:55:25 +0000] "POST /wp-comments-post.php HTTP/1.1" 200 5 "-" "Mozilla/5.0 (Windows NT 10.0; Win64; x64) AppleWebKit/537.36 (KHTML, like Gecko) Chrome/120.0.0.0 Safari/537.36"
mediaeclips.infinitibizsol.com:443 146.196.63.215 - - [12/Jun/2025:06:55:35 +0000] "POST /how-to-create-an-effective-seo-strategy/ HTTP/1.1" 404 107192 "-" "Mozilla/5.0 (Macintosh; Intel Mac OS X 10_15_7) AppleWebKit/537.36 (KHTML, like Gecko) Chrome/133.0.0.0 Safari/537.36"
mediaeclips.infinitibizsol.com:443 146.196.63.215 - - [12/Jun/2025:06:55:44 +0000] "POST /how-to-create-an-effective-seo-strategy/ HTTP/1.1" 404 107102 "-" "Mozilla/5.0 (Windows NT 10.0; Win64; x64) AppleWebKit/537.36 (KHTML, like Gecko) Chrome/120.0.0.0 Safari/537.36"
mediaeclips.infinitibizsol.com:443 80.85.245.5 - - [12/Jun/2025:06:55:48 +0000] "GET /how-to-create-an-effective-seo-strategy/feed/ HTTP/1.1" 404 1001 "-" "Mozilla/5.0 (Macintosh; Intel Mac OS X 10_15_7) AppleWebKit/537.36 (KHTML, like Gecko) Chrome/133.0.0.0 Safari/537.36"
mediaeclips.infinitibizsol.com:443 80.85.245.5 - - [12/Jun/2025:06:55:54 +0000] "GET /how-to-create-an-effective-seo-strategy/ HTTP/1.1" 404 107253 "-" "Mozilla/5.0 (Macintosh; Intel Mac OS X 10_15_7) AppleWebKit/537.36 (KHTML, like Gecko) Chrome/133.0.0.0 Safari/537.36"
mediaeclips.infinitibizsol.com:443 146.196.63.215 - - [12/Jun/2025:06:56:01 +0000] "POST /wp-comments-post.php HTTP/1.1" 200 2566 "-" "Mozilla/5.0 (Macintosh; Intel Mac OS X 10_15_7) AppleWebKit/537.36 (KHTML, like Gecko) Chrome/133.0.0.0 Safari/537.36"
mediaeclips.infinitibizsol.com:443 146.196.63.215 - - [12/Jun/2025:06:56:07 +0000] "POST /wp-comments-post.php HTTP/1.1" 200 5 "-" "Mozilla/5.0 (Windows NT 10.0; Win64; x64) AppleWebKit/537.36 (KHTML, like Gecko) Chrome/120.0.0.0 Safari/537.36"
mediaeclips.infinitibizsol.com:443 146.196.63.215 - - [12/Jun/2025:06:56:17 +0000] "POST /how-to-create-an-effective-seo-strategy/ HTTP/1.1" 404 107251 "-" "Mozilla/5.0 (Macintosh; Intel Mac OS X 10_15_7) AppleWebKit/537.36 (KHTML, like Gecko) Chrome/133.0.0.0 Safari/537.36"
mediaeclips.infinitibizsol.com:443 146.196.63.215 - - [12/Jun/2025:06:56:27 +0000] "POST /how-to-create-an-effective-seo-strategy/ HTTP/1.1" 404 107110 "-" "Mozilla/5.0 (Windows NT 10.0; Win64; x64) AppleWebKit/537.36 (KHTML, like Gecko) Chrome/120.0.0.0 Safari/537.36"
mediaeclips.infinitibizsol.com:443 51.222.253.14 - - [12/Jun/2025:06:56:49 +0000] "GET /tag/rewards-of-ai-content/feed/ HTTP/1.1" 304 0 "-" "Mozilla/5.0 (compatible; AhrefsBot/7.0; +http://ahrefs.com/robot/)"
mediaeclips.infinitibizsol.com:80 5.161.177.123 - - [12/Jun/2025:07:02:25 +0000] "POST /wp-load.php?7f9e04=43701 HTTP/1.1" 200 1748 "-" "Mozilla/5.0 (Windows NT 10.0; Win64; x64) AppleWebKit/537.36 (KHTML, like Gecko) Chrome/104.0.5112.97 Safari/537.36"
mediaeclips.infinitibizsol.com:443 162.0.223.40 - - [12/Jun/2025:07:04:21 +0000] "POST /wp-cron.php?doing_wp_cron=1749711860.8495960235595703125000 HTTP/1.1" 499 0 "-" "WordPress/6.5.5; https://mediaeclips.com"
mediaeclips.infinitibizsol.com:443 51.222.253.7 - - [12/Jun/2025:07:04:21 +0000] "GET /tag/why-content-marketing-is-important/feed/ HTTP/1.1" 304 0 "-" "Mozilla/5.0 (compatible; AhrefsBot/7.0; +http://ahrefs.com/robot/)"
mediaeclips.infinitibizsol.com:443 3.145.51.17 - - [12/Jun/2025:07:06:48 +0000] "GET / HTTP/1.1" 404 108413 "-" "Mozilla/5.0 (Macintosh; Intel Mac OS X 10_15_7) AppleWebKit/605.1.15 (KHTML, like Gecko) Version/17.4 Safari/605.1.15"
mediaeclips.infinitibizsol.com:443 18.191.161.81 - - [12/Jun/2025:07:07:47 +0000] "GET /wp-content/plugins/contact-form-7/includes/css/styles.css?ver=5.9.4 HTTP/1.1" 200 2894 "https://mediaeclips.com/" "Mozilla/5.0 (Macintosh; Intel Mac OS X 10_15_7) AppleWebKit/605.1.15 (KHTML, like Gecko) Version/17.4 Safari/605.1.15"
mediaeclips.infinitibizsol.com:443 3.21.37.188 - - [12/Jun/2025:07:07:47 +0000] "GET /wp-content/themes/ziptech/css/style-dark.css?ver=6.5.5 HTTP/1.1" 200 4282 "https://mediaeclips.com/" "Mozilla/5.0 (Macintosh; Intel Mac OS X 10_15_7) AppleWebKit/605.1.15 (KHTML, like Gecko) Version/17.4 Safari/605.1.15"
mediaeclips.infinitibizsol.com:443 18.189.21.110 - - [12/Jun/2025:07:07:48 +0000] "GET /wp-content/themes/ziptech/css/style.css?ver=6.5.5 HTTP/1.1" 200 256580 "https://mediaeclips.com/" "Mozilla/5.0 (Macintosh; Intel Mac OS X 10_15_7) AppleWebKit/605.1.15 (KHTML, like Gecko) Version/17.4 Safari/605.1.15"
mediaeclips.infinitibizsol.com:443 52.14.185.188 - - [12/Jun/2025:07:07:49 +0000] "GET /wp-content/themes/ziptech/css/responsive.css?ver=6.5.5 HTTP/1.1" 200 9773 "https://mediaeclips.com/" "Mozilla/5.0 (Macintosh; Intel Mac OS X 10_15_7) AppleWebKit/605.1.15 (KHTML, like Gecko) Version/17.4 Safari/605.1.15"
mediaeclips.infinitibizsol.com:443 3.145.110.136 - - [12/Jun/2025:07:07:49 +0000] "GET /wp-content/themes/ziptech/style.css?ver=2023-03-20 HTTP/1.1" 200 10974 "https://mediaeclips.com/" "Mozilla/5.0 (Macintosh; Intel Mac OS X 10_15_7) AppleWebKit/605.1.15 (KHTML, like Gecko) Version/17.4 Safari/605.1.15"
mediaeclips.infinitibizsol.com:443 3.21.37.188 - - [12/Jun/2025:07:07:50 +0000] "GET /wp-content/plugins/tablepress/css/build/default.css?ver=2.3.1 HTTP/1.1" 200 6087 "https://mediaeclips.com/" "Mozilla/5.0 (Macintosh; Intel Mac OS X 10_15_7) AppleWebKit/605.1.15 (KHTML, like Gecko) Version/17.4 Safari/605.1.15"
mediaeclips.infinitibizsol.com:443 3.148.165.153 - - [12/Jun/2025:07:07:50 +0000] "GET /wp-content/plugins/elementskit-lite/modules/elementskit-icon-pack/assets/css/ekiticons.css?ver=3.1.3 HTTP/1.1" 200 124837 "https://mediaeclips.com/" "Mozilla/5.0 (Macintosh; Intel Mac OS X 10_15_7) AppleWebKit/605.1.15 (KHTML, like Gecko) Version/17.4 Safari/605.1.15"
mediaeclips.infinitibizsol.com:443 18.189.21.110 - - [12/Jun/2025:07:07:50 +0000] "GET /wp-content/plugins/elementor/assets/lib/eicons/css/elementor-icons.min.css?ver=5.29.0 HTTP/1.1" 200 19778 "https://mediaeclips.com/" "Mozilla/5.0 (Macintosh; Intel Mac OS X 10_15_7) AppleWebKit/605.1.15 (KHTML, like Gecko) Version/17.4 Safari/605.1.15"
mediaeclips.infinitibizsol.com:443 52.14.185.188 - - [12/Jun/2025:07:07:51 +0000] "GET /wp-content/plugins/elementor/assets/css/frontend-lite.min.css?ver=3.21.5 HTTP/1.1" 200 118945 "https://mediaeclips.com/" "Mozilla/5.0 (Macintosh; Intel Mac OS X 10_15_7) AppleWebKit/605.1.15 (KHTML, like Gecko) Version/17.4 Safari/605.1.15"
mediaeclips.infinitibizsol.com:443 3.145.110.136 - - [12/Jun/2025:07:07:51 +0000] "GET /wp-content/plugins/elementor/assets/lib/swiper/v8/css/swiper.min.css?ver=8.4.5 HTTP/1.1" 200 16471 "https://mediaeclips.com/" "Mozilla/5.0 (Macintosh; Intel Mac OS X 10_15_7) AppleWebKit/605.1.15 (KHTML, like Gecko) Version/17.4 Safari/605.1.15"
mediaeclips.infinitibizsol.com:443 3.148.209.145 - - [12/Jun/2025:07:07:52 +0000] "GET /wp-content/themes/ziptech/framework/color.php?ver=6.5.5 HTTP/1.1" 404 5 "https://mediaeclips.com/" "Mozilla/5.0 (Macintosh; Intel Mac OS X 10_15_7) AppleWebKit/605.1.15 (KHTML, like Gecko) Version/17.4 Safari/605.1.15"
mediaeclips.infinitibizsol.com:443 3.21.37.188 - - [12/Jun/2025:07:07:52 +0000] "GET /wp-content/uploads/elementor/css/post-9.css?ver=1715183195 HTTP/1.1" 200 1168 "https://mediaeclips.com/" "Mozilla/5.0 (Macintosh; Intel Mac OS X 10_15_7) AppleWebKit/605.1.15 (KHTML, like Gecko) Version/17.4 Safari/605.1.15"
mediaeclips.infinitibizsol.com:443 18.119.1.72 - - [12/Jun/2025:07:07:53 +0000] "GET /wp-content/plugins/elementor-pro/assets/css/frontend-lite.min.css?ver=3.19.3 HTTP/1.1" 200 11053 "https://mediaeclips.com/" "Mozilla/5.0 (Macintosh; Intel Mac OS X 10_15_7) AppleWebKit/605.1.15 (KHTML, like Gecko) Version/17.4 Safari/605.1.15"
mediaeclips.infinitibizsol.com:443 13.59.228.148 - - [12/Jun/2025:07:07:53 +0000] "GET /wp-content/uploads/elementor/css/global.css?ver=1715183195 HTTP/1.1" 200 46618 "https://mediaeclips.com/" "Mozilla/5.0 (Macintosh; Intel Mac OS X 10_15_7) AppleWebKit/605.1.15 (KHTML, like Gecko) Version/17.4 Safari/605.1.15"
mediaeclips.infinitibizsol.com:443 52.14.185.188 - - [12/Jun/2025:07:07:53 +0000] "GET /wp-content/uploads/elementor/css/post-107.css?ver=1715800560 HTTP/1.1" 200 30721 "https://mediaeclips.com/" "Mozilla/5.0 (Macintosh; Intel Mac OS X 10_15_7) AppleWebKit/605.1.15 (KHTML, like Gecko) Version/17.4 Safari/605.1.15"
mediaeclips.infinitibizsol.com:443 18.117.172.94 - - [12/Jun/2025:07:07:54 +0000] "GET /wp-content/plugins/elementskit-lite/widgets/init/assets/css/widget-styles.css?ver=3.1.3 HTTP/1.1" 200 445845 "https://mediaeclips.com/" "Mozilla/5.0 (Macintosh; Intel Mac OS X 10_15_7) AppleWebKit/605.1.15 (KHTML, like Gecko) Version/17.4 Safari/605.1.15"
mediaeclips.infinitibizsol.com:443 18.191.161.81 - - [12/Jun/2025:07:07:55 +0000] "GET /wp-content/plugins/elementskit-lite/widgets/init/assets/css/responsive.css?ver=3.1.3 HTTP/1.1" 200 30299 "https://mediaeclips.com/" "Mozilla/5.0 (Macintosh; Intel Mac OS X 10_15_7) AppleWebKit/605.1.15 (KHTML, like Gecko) Version/17.4 Safari/605.1.15"
mediaeclips.infinitibizsol.com:443 18.117.222.105 - - [12/Jun/2025:07:07:55 +0000] "GET /wp-content/plugins/essential-addons-for-elementor-lite/assets/front-end/css/view/general.min.css?ver=5.9.21 HTTP/1.1" 200 3829 "https://mediaeclips.com/" "Mozilla/5.0 (Macintosh; Intel Mac OS X 10_15_7) AppleWebKit/605.1.15 (KHTML, like Gecko) Version/17.4 Safari/605.1.15"
mediaeclips.infinitibizsol.com:443 18.189.194.72 - - [12/Jun/2025:07:07:56 +0000] "GET /wp-content/plugins/elementor/assets/lib/font-awesome/css/fontawesome.min.css?ver=5.15.3 HTTP/1.1" 200 58071 "https://mediaeclips.com/" "Mozilla/5.0 (Macintosh; Intel Mac OS X 10_15_7) AppleWebKit/605.1.15 (KHTML, like Gecko) Version/17.4 Safari/605.1.15"
mediaeclips.infinitibizsol.com:443 13.59.228.148 - - [12/Jun/2025:07:07:56 +0000] "GET /wp-content/plugins/elementor/assets/lib/font-awesome/css/solid.min.css?ver=5.15.3 HTTP/1.1" 200 669 "https://mediaeclips.com/" "Mozilla/5.0 (Macintosh; Intel Mac OS X 10_15_7) AppleWebKit/605.1.15 (KHTML, like Gecko) Version/17.4 Safari/605.1.15"
mediaeclips.infinitibizsol.com:443 18.117.172.94 - - [12/Jun/2025:07:07:56 +0000] "GET /wp-includes/js/jquery/jquery.min.js?ver=3.7.1 HTTP/1.1" 200 87553 "https://mediaeclips.com/" "Mozilla/5.0 (Macintosh; Intel Mac OS X 10_15_7) AppleWebKit/605.1.15 (KHTML, like Gecko) Version/17.4 Safari/605.1.15"
mediaeclips.infinitibizsol.com:443 3.135.201.58 - - [12/Jun/2025:07:07:57 +0000] "GET /wp-includes/js/jquery/jquery-migrate.min.js?ver=3.4.1 HTTP/1.1" 200 13577 "https://mediaeclips.com/" "Mozilla/5.0 (Macintosh; Intel Mac OS X 10_15_7) AppleWebKit/605.1.15 (KHTML, like Gecko) Version/17.4 Safari/605.1.15"
mediaeclips.infinitibizsol.com:443 3.23.99.104 - - [12/Jun/2025:07:07:57 +0000] "GET /wp-content/plugins/contact-form-7/includes/swv/js/index.js?ver=5.9.4 HTTP/1.1" 200 11513 "https://mediaeclips.com/" "Mozilla/5.0 (Macintosh; Intel Mac OS X 10_15_7) AppleWebKit/605.1.15 (KHTML, like Gecko) Version/17.4 Safari/605.1.15"
mediaeclips.infinitibizsol.com:443 18.188.78.223 - - [12/Jun/2025:07:07:58 +0000] "GET /wp-content/plugins/contact-form-7/includes/js/index.js?ver=5.9.4 HTTP/1.1" 200 13054 "https://mediaeclips.com/" "Mozilla/5.0 (Macintosh; Intel Mac OS X 10_15_7) AppleWebKit/605.1.15 (KHTML, like Gecko) Version/17.4 Safari/605.1.15"
mediaeclips.infinitibizsol.com:443 18.117.222.105 - - [12/Jun/2025:07:07:58 +0000] "GET /wp-content/themes/ziptech/js/jquery-3.6.0.min.js?ver=6.5.5 HTTP/1.1" 200 89501 "https://mediaeclips.com/" "Mozilla/5.0 (Macintosh; Intel Mac OS X 10_15_7) AppleWebKit/605.1.15 (KHTML, like Gecko) Version/17.4 Safari/605.1.15"
mediaeclips.infinitibizsol.com:443 3.148.209.145 - - [12/Jun/2025:07:07:59 +0000] "GET /wp-content/themes/ziptech/js/jquery.nice-select.min.js?ver=6.5.5 HTTP/1.1" 200 2942 "https://mediaeclips.com/" "Mozilla/5.0 (Macintosh; Intel Mac OS X 10_15_7) AppleWebKit/605.1.15 (KHTML, like Gecko) Version/17.4 Safari/605.1.15"
mediaeclips.infinitibizsol.com:443 18.191.161.81 - - [12/Jun/2025:07:07:59 +0000] "GET /wp-content/themes/ziptech/js/bootstrap.min.js?ver=6.5.5 HTTP/1.1" 200 60089 "https://mediaeclips.com/" "Mozilla/5.0 (Macintosh; Intel Mac OS X 10_15_7) AppleWebKit/605.1.15 (KHTML, like Gecko) Version/17.4 Safari/605.1.15"
mediaeclips.infinitibizsol.com:443 18.221.73.154 - - [12/Jun/2025:07:08:00 +0000] "GET /wp-content/themes/ziptech/js/jquery.appear.min.js?ver=6.5.5 HTTP/1.1" 200 1266 "https://mediaeclips.com/" "Mozilla/5.0 (Macintosh; Intel Mac OS X 10_15_7) AppleWebKit/605.1.15 (KHTML, like Gecko) Version/17.4 Safari/605.1.15"
mediaeclips.infinitibizsol.com:443 3.144.31.100 - - [12/Jun/2025:07:08:01 +0000] "GET /wp-content/themes/ziptech/js/wow.min.js?ver=6.5.5 HTTP/1.1" 200 8155 "https://mediaeclips.com/" "Mozilla/5.0 (Macintosh; Intel Mac OS X 10_15_7) AppleWebKit/605.1.15 (KHTML, like Gecko) Version/17.4 Safari/605.1.15"
mediaeclips.infinitibizsol.com:443 18.188.78.223 - - [12/Jun/2025:07:08:01 +0000] "GET /wp-content/themes/ziptech/js/owl.carousel.min.js?ver=6.5.5 HTTP/1.1" 200 44342 "https://mediaeclips.com/" "Mozilla/5.0 (Macintosh; Intel Mac OS X 10_15_7) AppleWebKit/605.1.15 (KHTML, like Gecko) Version/17.4 Safari/605.1.15"
mediaeclips.infinitibizsol.com:443 18.117.172.94 - - [12/Jun/2025:07:08:01 +0000] "GET /wp-content/themes/ziptech/js/jquery.event.move.js?ver=6.5.5 HTTP/1.1" 200 14530 "https://mediaeclips.com/" "Mozilla/5.0 (Macintosh; Intel Mac OS X 10_15_7) AppleWebKit/605.1.15 (KHTML, like Gecko) Version/17.4 Safari/605.1.15"
mediaeclips.infinitibizsol.com:443 3.148.209.145 - - [12/Jun/2025:07:08:02 +0000] "GET /wp-content/themes/ziptech/js/jquery.twentytwenty.js?ver=6.5.5 HTTP/1.1" 200 5414 "https://mediaeclips.com/" "Mozilla/5.0 (Macintosh; Intel Mac OS X 10_15_7) AppleWebKit/605.1.15 (KHTML, like Gecko) Version/17.4 Safari/605.1.15"
mediaeclips.infinitibizsol.com:443 18.191.161.81 - - [12/Jun/2025:07:08:02 +0000] "GET /wp-content/themes/ziptech/js/tilt.jquery.min.js?ver=6.5.5 HTTP/1.1" 200 5640 "https://mediaeclips.com/" "Mozilla/5.0 (Macintosh; Intel Mac OS X 10_15_7) AppleWebKit/605.1.15 (KHTML, like Gecko) Version/17.4 Safari/605.1.15"
mediaeclips.infinitibizsol.com:443 18.221.73.154 - - [12/Jun/2025:07:08:03 +0000] "GET /wp-content/themes/ziptech/js/magnific-popup.min.js?ver=6.5.5 HTTP/1.1" 200 20216 "https://mediaeclips.com/" "Mozilla/5.0 (Macintosh; Intel Mac OS X 10_15_7) AppleWebKit/605.1.15 (KHTML, like Gecko) Version/17.4 Safari/605.1.15"
mediaeclips.infinitibizsol.com:443 18.119.1.72 - - [12/Jun/2025:07:08:03 +0000] "GET /wp-content/themes/ziptech/js/backtotop.js?ver=6.5.5 HTTP/1.1" 200 1199 "https://mediaeclips.com/" "Mozilla/5.0 (Macintosh; Intel Mac OS X 10_15_7) AppleWebKit/605.1.15 (KHTML, like Gecko) Version/17.4 Safari/605.1.15"
mediaeclips.infinitibizsol.com:443 3.23.99.104 - - [12/Jun/2025:07:08:04 +0000] "GET /wp-content/themes/ziptech/js/trigger.js?ver=6.5.5 HTTP/1.1" 200 23845 "https://mediaeclips.com/" "Mozilla/5.0 (Macintosh; Intel Mac OS X 10_15_7) AppleWebKit/605.1.15 (KHTML, like Gecko) Version/17.4 Safari/605.1.15"
mediaeclips.infinitibizsol.com:443 18.223.99.206 - - [12/Jun/2025:07:08:05 +0000] "GET /wp-content/plugins/elementskit-lite/libs/framework/assets/js/frontend-script.js?ver=3.1.3 HTTP/1.1" 200 40 "https://mediaeclips.com/" "Mozilla/5.0 (Macintosh; Intel Mac OS X 10_15_7) AppleWebKit/605.1.15 (KHTML, like Gecko) Version/17.4 Safari/605.1.15"
mediaeclips.infinitibizsol.com:443 18.189.194.72 - - [12/Jun/2025:07:08:05 +0000] "GET /wp-content/plugins/essential-addons-for-elementor-lite/assets/front-end/js/view/general.min.js?ver=5.9.21 HTTP/1.1" 200 10364 "https://mediaeclips.com/" "Mozilla/5.0 (Macintosh; Intel Mac OS X 10_15_7) AppleWebKit/605.1.15 (KHTML, like Gecko) Version/17.4 Safari/605.1.15"
mediaeclips.infinitibizsol.com:443 3.143.213.206 - - [12/Jun/2025:07:08:05 +0000] "GET /wp-content/plugins/elementskit-lite/widgets/init/assets/js/widget-scripts.js?ver=3.1.3 HTTP/1.1" 200 137549 "https://mediaeclips.com/" "Mozilla/5.0 (Macintosh; Intel Mac OS X 10_15_7) AppleWebKit/605.1.15 (KHTML, like Gecko) Version/17.4 Safari/605.1.15"
mediaeclips.infinitibizsol.com:443 18.117.172.94 - - [12/Jun/2025:07:08:06 +0000] "GET /wp-content/plugins/ziptech-elementor/assets/js/bdevs-elementor.js?ver=1.0.0 HTTP/1.1" 200 591 "https://mediaeclips.com/" "Mozilla/5.0 (Macintosh; Intel Mac OS X 10_15_7) AppleWebKit/605.1.15 (KHTML, like Gecko) Version/17.4 Safari/605.1.15"
mediaeclips.infinitibizsol.com:443 18.119.1.72 - - [12/Jun/2025:07:08:06 +0000] "GET /wp-content/plugins/elementor-pro/assets/js/webpack-pro.runtime.min.js?ver=3.19.3 HTTP/1.1" 200 5825 "https://mediaeclips.com/" "Mozilla/5.0 (Macintosh; Intel Mac OS X 10_15_7) AppleWebKit/605.1.15 (KHTML, like Gecko) Version/17.4 Safari/605.1.15"
mediaeclips.infinitibizsol.com:443 18.222.226.136 - - [12/Jun/2025:07:08:07 +0000] "GET /wp-content/plugins/elementor/assets/js/webpack.runtime.min.js?ver=3.21.5 HTTP/1.1" 200 4997 "https://mediaeclips.com/" "Mozilla/5.0 (Macintosh; Intel Mac OS X 10_15_7) AppleWebKit/605.1.15 (KHTML, like Gecko) Version/17.4 Safari/605.1.15"
mediaeclips.infinitibizsol.com:443 3.23.99.104 - - [12/Jun/2025:07:08:07 +0000] "GET /wp-content/plugins/elementor/assets/js/frontend-modules.min.js?ver=3.21.5 HTTP/1.1" 200 63275 "https://mediaeclips.com/" "Mozilla/5.0 (Macintosh; Intel Mac OS X 10_15_7) AppleWebKit/605.1.15 (KHTML, like Gecko) Version/17.4 Safari/605.1.15"
mediaeclips.infinitibizsol.com:443 18.189.194.72 - - [12/Jun/2025:07:08:08 +0000] "GET /wp-includes/js/dist/vendor/wp-polyfill-inert.min.js?ver=3.1.2 HTTP/1.1" 200 8171 "https://mediaeclips.com/" "Mozilla/5.0 (Macintosh; Intel Mac OS X 10_15_7) AppleWebKit/605.1.15 (KHTML, like Gecko) Version/17.4 Safari/605.1.15"
mediaeclips.infinitibizsol.com:443 18.191.161.81 - - [12/Jun/2025:07:08:08 +0000] "GET /wp-includes/js/dist/vendor/regenerator-runtime.min.js?ver=0.14.0 HTTP/1.1" 200 6625 "https://mediaeclips.com/" "Mozilla/5.0 (Macintosh; Intel Mac OS X 10_15_7) AppleWebKit/605.1.15 (KHTML, like Gecko) Version/17.4 Safari/605.1.15"
mediaeclips.infinitibizsol.com:443 3.17.80.177 - - [12/Jun/2025:07:08:09 +0000] "GET /wp-includes/js/dist/vendor/wp-polyfill.min.js?ver=3.15.0 HTTP/1.1" 200 38590 "https://mediaeclips.com/" "Mozilla/5.0 (Macintosh; Intel Mac OS X 10_15_7) AppleWebKit/605.1.15 (KHTML, like Gecko) Version/17.4 Safari/605.1.15"
mediaeclips.infinitibizsol.com:443 3.148.252.72 - - [12/Jun/2025:07:08:09 +0000] "GET /wp-includes/js/dist/hooks.min.js?ver=2810c76e705dd1a53b18 HTTP/1.1" 200 4307 "https://mediaeclips.com/" "Mozilla/5.0 (Macintosh; Intel Mac OS X 10_15_7) AppleWebKit/605.1.15 (KHTML, like Gecko) Version/17.4 Safari/605.1.15"
mediaeclips.infinitibizsol.com:443 18.222.226.136 - - [12/Jun/2025:07:08:10 +0000] "GET /wp-includes/js/dist/i18n.min.js?ver=5e580eb46a90c2b997e6 HTTP/1.1" 200 9141 "https://mediaeclips.com/" "Mozilla/5.0 (Macintosh; Intel Mac OS X 10_15_7) AppleWebKit/605.1.15 (KHTML, like Gecko) Version/17.4 Safari/605.1.15"
mediaeclips.infinitibizsol.com:443 3.23.99.104 - - [12/Jun/2025:07:08:10 +0000] "GET /wp-content/plugins/elementor-pro/assets/js/frontend.min.js?ver=3.19.3 HTTP/1.1" 200 25066 "https://mediaeclips.com/" "Mozilla/5.0 (Macintosh; Intel Mac OS X 10_15_7) AppleWebKit/605.1.15 (KHTML, like Gecko) Version/17.4 Safari/605.1.15"
mediaeclips.infinitibizsol.com:443 18.189.194.72 - - [12/Jun/2025:07:08:11 +0000] "GET /wp-content/plugins/elementor/assets/lib/waypoints/waypoints.min.js?ver=4.0.2 HTTP/1.1" 200 12198 "https://mediaeclips.com/" "Mozilla/5.0 (Macintosh; Intel Mac OS X 10_15_7) AppleWebKit/605.1.15 (KHTML, like Gecko) Version/17.4 Safari/605.1.15"
mediaeclips.infinitibizsol.com:443 18.191.161.81 - - [12/Jun/2025:07:08:11 +0000] "GET /wp-includes/js/jquery/ui/core.min.js?ver=1.13.2 HTTP/1.1" 200 21438 "https://mediaeclips.com/" "Mozilla/5.0 (Macintosh; Intel Mac OS X 10_15_7) AppleWebKit/605.1.15 (KHTML, like Gecko) Version/17.4 Safari/605.1.15"
mediaeclips.infinitibizsol.com:443 3.17.80.177 - - [12/Jun/2025:07:08:12 +0000] "GET /wp-content/plugins/elementor/assets/js/frontend.min.js?ver=3.21.5 HTTP/1.1" 200 39972 "https://mediaeclips.com/" "Mozilla/5.0 (Macintosh; Intel Mac OS X 10_15_7) AppleWebKit/605.1.15 (KHTML, like Gecko) Version/17.4 Safari/605.1.15"
mediaeclips.infinitibizsol.com:443 3.145.110.136 - - [12/Jun/2025:07:08:12 +0000] "GET /wp-content/plugins/elementor-pro/assets/js/elements-handlers.min.js?ver=3.19.3 HTTP/1.1" 200 38254 "https://mediaeclips.com/" "Mozilla/5.0 (Macintosh; Intel Mac OS X 10_15_7) AppleWebKit/605.1.15 (KHTML, like Gecko) Version/17.4 Safari/605.1.15"
mediaeclips.infinitibizsol.com:443 3.19.241.59 - - [12/Jun/2025:07:08:13 +0000] "GET /wp-content/plugins/elementskit-lite/widgets/init/assets/js/animate-circle.min.js?ver=3.1.3 HTTP/1.1" 200 681 "https://mediaeclips.com/" "Mozilla/5.0 (Macintosh; Intel Mac OS X 10_15_7) AppleWebKit/605.1.15 (KHTML, like Gecko) Version/17.4 Safari/605.1.15"
mediaeclips.infinitibizsol.com:443 18.223.99.206 - - [12/Jun/2025:07:08:13 +0000] "GET /wp-content/plugins/elementskit-lite/widgets/init/assets/js/elementor.js?ver=3.1.3 HTTP/1.1" 200 18774 "https://mediaeclips.com/" "Mozilla/5.0 (Macintosh; Intel Mac OS X 10_15_7) AppleWebKit/605.1.15 (KHTML, like Gecko) Version/17.4 Safari/605.1.15"
mediaeclips.infinitibizsol.com:443 18.189.194.72 - - [12/Jun/2025:07:08:14 +0000] "GET /wp-content/themes/ziptech/css/bootstrap.min.css HTTP/1.1" 200 155845 "https://mediaeclips.com/" "Mozilla/5.0 (Macintosh; Intel Mac OS X 10_15_7) AppleWebKit/605.1.15 (KHTML, like Gecko) Version/17.4 Safari/605.1.15"
mediaeclips.infinitibizsol.com:443 18.191.161.81 - - [12/Jun/2025:07:08:14 +0000] "GET /wp-content/themes/ziptech/fonts/fontawesome/css/all.css HTTP/1.1" 200 72670 "https://mediaeclips.com/" "Mozilla/5.0 (Macintosh; Intel Mac OS X 10_15_7) AppleWebKit/605.1.15 (KHTML, like Gecko) Version/17.4 Safari/605.1.15"
mediaeclips.infinitibizsol.com:443 18.188.78.223 - - [12/Jun/2025:07:08:15 +0000] "GET /wp-content/themes/ziptech/fonts/webexbaseicon/style.css HTTP/1.1" 200 28784 "https://mediaeclips.com/" "Mozilla/5.0 (Macintosh; Intel Mac OS X 10_15_7) AppleWebKit/605.1.15 (KHTML, like Gecko) Version/17.4 Safari/605.1.15"
mediaeclips.infinitibizsol.com:443 3.145.110.136 - - [12/Jun/2025:07:08:15 +0000] "GET /wp-content/themes/ziptech/fonts/webexthemeicon/style.css HTTP/1.1" 200 7008 "https://mediaeclips.com/" "Mozilla/5.0 (Macintosh; Intel Mac OS X 10_15_7) AppleWebKit/605.1.15 (KHTML, like Gecko) Version/17.4 Safari/605.1.15"
mediaeclips.infinitibizsol.com:443 3.19.241.59 - - [12/Jun/2025:07:08:16 +0000] "GET /wp-content/themes/ziptech/css/nice-select.css HTTP/1.1" 200 4007 "https://mediaeclips.com/" "Mozilla/5.0 (Macintosh; Intel Mac OS X 10_15_7) AppleWebKit/605.1.15 (KHTML, like Gecko) Version/17.4 Safari/605.1.15"
mediaeclips.infinitibizsol.com:443 18.223.99.206 - - [12/Jun/2025:07:08:16 +0000] "GET /wp-content/themes/ziptech/css/twentytwenty.css HTTP/1.1" 200 6537 "https://mediaeclips.com/" "Mozilla/5.0 (Macintosh; Intel Mac OS X 10_15_7) AppleWebKit/605.1.15 (KHTML, like Gecko) Version/17.4 Safari/605.1.15"
mediaeclips.infinitibizsol.com:443 18.189.194.72 - - [12/Jun/2025:07:08:17 +0000] "GET /wp-content/themes/ziptech/css/owl.carousel.min.css HTTP/1.1" 200 3356 "https://mediaeclips.com/" "Mozilla/5.0 (Macintosh; Intel Mac OS X 10_15_7) AppleWebKit/605.1.15 (KHTML, like Gecko) Version/17.4 Safari/605.1.15"
mediaeclips.infinitibizsol.com:443 18.191.161.81 - - [12/Jun/2025:07:08:17 +0000] "GET /wp-content/themes/ziptech/css/magnific-popup.css HTTP/1.1" 200 6951 "https://mediaeclips.com/" "Mozilla/5.0 (Macintosh; Intel Mac OS X 10_15_7) AppleWebKit/605.1.15 (KHTML, like Gecko) Version/17.4 Safari/605.1.15"
mediaeclips.infinitibizsol.com:443 18.188.78.223 - - [12/Jun/2025:07:08:18 +0000] "GET /wp-content/themes/ziptech/css/animate.css HTTP/1.1" 200 80426 "https://mediaeclips.com/" "Mozilla/5.0 (Macintosh; Intel Mac OS X 10_15_7) AppleWebKit/605.1.15 (KHTML, like Gecko) Version/17.4 Safari/605.1.15"
mediaeclips.infinitibizsol.com:443 3.145.110.136 - - [12/Jun/2025:07:08:18 +0000] "GET /wp-content/themes/ziptech/css/custom-animation.css HTTP/1.1" 200 9217 "https://mediaeclips.com/" "Mozilla/5.0 (Macintosh; Intel Mac OS X 10_15_7) AppleWebKit/605.1.15 (KHTML, like Gecko) Version/17.4 Safari/605.1.15"
mediaeclips.infinitibizsol.com:443 18.219.208.107 - - [12/Jun/2025:07:08:19 +0000] "GET /wp-content/themes/ziptech/css/kursor.css HTTP/1.1" 200 6346 "https://mediaeclips.com/" "Mozilla/5.0 (Macintosh; Intel Mac OS X 10_15_7) AppleWebKit/605.1.15 (KHTML, like Gecko) Version/17.4 Safari/605.1.15"
mediaeclips.infinitibizsol.com:443 3.148.252.72 - - [12/Jun/2025:07:08:22 +0000] "GET /wp-content/plugins/elementor/assets/js/text-editor.2c35aafbe5bf0e127950.bundle.min.js HTTP/1.1" 200 1360 "https://mediaeclips.com/" "Mozilla/5.0 (Macintosh; Intel Mac OS X 10_15_7) AppleWebKit/605.1.15 (KHTML, like Gecko) Version/17.4 Safari/605.1.15"
mediaeclips.infinitibizsol.com:443 162.0.223.40 - - [12/Jun/2025:07:08:25 +0000] "POST /wp-cron.php?doing_wp_cron=1749712104.4118509292602539062500 HTTP/1.1" 499 0 "-" "WordPress/6.5.5; https://mediaeclips.com"
mediaeclips.infinitibizsol.com:443 18.117.172.94 - - [12/Jun/2025:07:08:25 +0000] "GET /wp-json/contact-form-7/v1/contact-forms/158/feedback/schema HTTP/1.1" 404 241 "https://mediaeclips.com/" "Mozilla/5.0 (Macintosh; Intel Mac OS X 10_15_7) AppleWebKit/605.1.15 (KHTML, like Gecko) Version/17.4 Safari/605.1.15"
mediaeclips.infinitibizsol.com:443 18.117.172.94 - - [12/Jun/2025:07:08:29 +0000] "GET /wp-json/contact-form-7/v1/contact-forms/158/refill HTTP/1.1" 404 12 "https://mediaeclips.com/" "Mozilla/5.0 (Macintosh; Intel Mac OS X 10_15_7) AppleWebKit/605.1.15 (KHTML, like Gecko) Version/17.4 Safari/605.1.15"
mediaeclips.infinitibizsol.com:443 3.145.110.136 - - [12/Jun/2025:07:08:32 +0000] "GET /wp-json/contact-form-7/v1/contact-forms/159/feedback/schema HTTP/1.1" 404 777 "https://mediaeclips.com/" "Mozilla/5.0 (Macintosh; Intel Mac OS X 10_15_7) AppleWebKit/605.1.15 (KHTML, like Gecko) Version/17.4 Safari/605.1.15"
mediaeclips.infinitibizsol.com:443 18.191.204.215 - - [12/Jun/2025:07:08:36 +0000] "GET /wp-json/contact-form-7/v1/contact-forms/159/refill HTTP/1.1" 404 12 "https://mediaeclips.com/" "Mozilla/5.0 (Macintosh; Intel Mac OS X 10_15_7) AppleWebKit/605.1.15 (KHTML, like Gecko) Version/17.4 Safari/605.1.15"
mediaeclips.infinitibizsol.com:443 57.141.4.8 - - [12/Jun/2025:07:12:09 +0000] "GET /seo-services-in-garladn-tx/ HTTP/1.1" 404 118053 "-" "meta-externalagent/1.1 (+https://developers.facebook.com/docs/sharing/webmasters/crawler)"
mediaeclips.infinitibizsol.com:443 162.0.223.40 - - [12/Jun/2025:07:16:01 +0000] "POST /wp-cron.php?doing_wp_cron=1749712560.9559109210968017578125 HTTP/1.1" 499 0 "-" "WordPress/6.5.5; https://mediaeclips.com"
mediaeclips.infinitibizsol.com:443 51.222.253.8 - - [12/Jun/2025:07:16:02 +0000] "GET /tag/inbound-vs-outbound-marketing/feed/ HTTP/1.1" 304 0 "-" "Mozilla/5.0 (compatible; AhrefsBot/7.0; +http://ahrefs.com/robot/)"
mediaeclips.infinitibizsol.com:80 139.180.180.168 - - [12/Jun/2025:07:17:35 +0000] "POST /wp-load.php?16c045=84610 HTTP/1.1" 200 1748 "-" "Mozilla/5.0 (Windows NT 10.0; Win64; x64) AppleWebKit/537.36 (KHTML, like Gecko) Chrome/104.0.5112.97 Safari/537.36"
mediaeclips.infinitibizsol.com:80 196.251.83.121 - - [12/Jun/2025:07:18:07 +0000] "GET / HTTP/1.1" 499 0 "-" "-"
mediaeclips.infinitibizsol.com:80 162.0.223.40 - - [12/Jun/2025:07:18:08 +0000] "POST /wp-cron.php?doing_wp_cron=1749712687.5616650581359863281250 HTTP/1.1" 499 0 "-" "WordPress/6.5.5; https://mediaeclips.com"
mediaeclips.infinitibizsol.com:80 196.251.83.121 - - [12/Jun/2025:07:18:12 +0000] "GET / HTTP/1.1" 404 5 "-" "-"
mediaeclips.infinitibizsol.com:443 51.222.253.18 - - [12/Jun/2025:07:23:04 +0000] "GET /tag/best-social-media-marketing-tools/feed/ HTTP/1.1" 304 0 "-" "Mozilla/5.0 (compatible; AhrefsBot/7.0; +http://ahrefs.com/robot/)"
mediaeclips.infinitibizsol.com:80 162.0.223.40 - - [12/Jun/2025:07:25:12 +0000] "POST /wp-cron.php?doing_wp_cron=1749713111.2265720367431640625000 HTTP/1.1" 499 0 "-" "WordPress/6.5.5; https://mediaeclips.com"
mediaeclips.infinitibizsol.com:80 38.246.32.198 - - [12/Jun/2025:07:25:12 +0000] "GET /wp-content/plugins/excel-like-price-change-for-woocommerce-and-wp-e-commerce-light/readme.txt HTTP/1.1" 404 5 "-" "Mozilla/5.0 (Linux; Android 12; Pixel 6) AppleWebKit/537.36 (KHTML, like Gecko) Chrome/99.0.4844.58 Mobile Safari/537.36"
mediaeclips.infinitibizsol.com:443 66.249.64.165 - - [12/Jun/2025:07:25:57 +0000] "GET /shopdetail/133250639 HTTP/1.1" 404 5 "-" "Mozilla/5.0 (Linux; Android 6.0.1; Nexus 5X Build/MMB29P) AppleWebKit/537.36 (KHTML, like Gecko) Chrome/136.0.7103.113 Mobile Safari/537.36 (compatible; Googlebot/2.1; +http://www.google.com/bot.html)"
mediaeclips.infinitibizsol.com:80 43.135.182.95 - - [12/Jun/2025:07:28:05 +0000] "GET / HTTP/1.1" 404 5 "-" "Mozilla/5.0 (iPhone; CPU iPhone OS 13_2_3 like Mac OS X) AppleWebKit/605.1.15 (KHTML, like Gecko) Version/13.0.3 Mobile/15E148 Safari/604.1"
mediaeclips.infinitibizsol.com:443 162.0.223.40 - - [12/Jun/2025:07:32:16 +0000] "POST /wp-cron.php?doing_wp_cron=1749713535.5959250926971435546875 HTTP/1.1" 499 0 "-" "WordPress/6.5.5; https://mediaeclips.com"
mediaeclips.infinitibizsol.com:443 51.222.253.2 - - [12/Jun/2025:07:32:16 +0000] "GET /tag/web-development-trends-in-2024/feed/ HTTP/1.1" 304 0 "-" "Mozilla/5.0 (compatible; AhrefsBot/7.0; +http://ahrefs.com/robot/)"
mediaeclips.infinitibizsol.com:80 5.161.106.94 - - [12/Jun/2025:07:32:35 +0000] "POST /wp-load.php?c3ddfe=72228 HTTP/1.1" 200 1748 "-" "Mozilla/5.0 (Windows NT 10.0; Win64; x64) AppleWebKit/537.36 (KHTML, like Gecko) Chrome/104.0.5112.97 Safari/537.36"
mediaeclips.infinitibizsol.com:443 162.0.223.40 - - [12/Jun/2025:07:39:42 +0000] "POST /wp-cron.php?doing_wp_cron=1749713980.9765300750732421875000 HTTP/1.1" 499 0 "-" "WordPress/6.5.5; https://mediaeclips.com"
mediaeclips.infinitibizsol.com:443 51.222.253.2 - - [12/Jun/2025:07:39:42 +0000] "GET /tag/ppc-and-seo/feed/ HTTP/1.1" 304 0 "-" "Mozilla/5.0 (compatible; AhrefsBot/7.0; +http://ahrefs.com/robot/)"
mediaeclips.infinitibizsol.com:443 212.34.146.152 - - [12/Jun/2025:07:40:58 +0000] "GET / HTTP/1.1" 404 108420 "-" "Mozilla/5.0 (Macintosh; Intel Mac OS X 10_15_7) AppleWebKit/537.36 (KHTML, like Gecko) Chrome/133.0.0.0 Safari/537.36"
mediaeclips.infinitibizsol.com:443 113.161.223.206 - - [12/Jun/2025:07:41:06 +0000] "POST / HTTP/1.1" 404 108698 "-" "Mozilla/5.0 (Macintosh; Intel Mac OS X 10_15_7) AppleWebKit/537.36 (KHTML, like Gecko) Chrome/133.0.0.0 Safari/537.36"
mediaeclips.infinitibizsol.com:443 113.161.223.206 - - [12/Jun/2025:07:41:14 +0000] "POST / HTTP/1.1" 404 108270 "-" "Mozilla/5.0 (Windows NT 10.0; Win64; x64) AppleWebKit/537.36 (KHTML, like Gecko) Chrome/120.0.0.0 Safari/537.36"
mediaeclips.infinitibizsol.com:443 113.161.223.206 - - [12/Jun/2025:07:41:22 +0000] "POST / HTTP/1.1" 404 108358 "-" "Mozilla/5.0 (Macintosh; Intel Mac OS X 10_15_7) AppleWebKit/537.36 (KHTML, like Gecko) Chrome/133.0.0.0 Safari/537.36"
mediaeclips.infinitibizsol.com:443 113.161.223.206 - - [12/Jun/2025:07:41:29 +0000] "POST / HTTP/1.1" 404 108270 "-" "Mozilla/5.0 (Windows NT 10.0; Win64; x64) AppleWebKit/537.36 (KHTML, like Gecko) Chrome/120.0.0.0 Safari/537.36"
mediaeclips.infinitibizsol.com:443 212.34.146.152 - - [12/Jun/2025:07:41:34 +0000] "GET /comments/feed/ HTTP/1.1" 404 937 "-" "Mozilla/5.0 (Macintosh; Intel Mac OS X 10_15_7) AppleWebKit/537.36 (KHTML, like Gecko) Chrome/133.0.0.0 Safari/537.36"
mediaeclips.infinitibizsol.com:443 212.34.146.152 - - [12/Jun/2025:07:41:35 +0000] "GET /graphic-design/ HTTP/1.1" 404 65450 "-" "Mozilla/5.0 (Macintosh; Intel Mac OS X 10_15_7) AppleWebKit/537.36 (KHTML, like Gecko) Chrome/133.0.0.0 Safari/537.36"
mediaeclips.infinitibizsol.com:443 113.161.223.206 - - [12/Jun/2025:07:41:42 +0000] "POST /graphic-design/ HTTP/1.1" 404 65424 "-" "Mozilla/5.0 (Macintosh; Intel Mac OS X 10_15_7) AppleWebKit/537.36 (KHTML, like Gecko) Chrome/133.0.0.0 Safari/537.36"
mediaeclips.infinitibizsol.com:443 113.161.223.206 - - [12/Jun/2025:07:41:49 +0000] "POST /graphic-design/ HTTP/1.1" 404 65313 "-" "Mozilla/5.0 (Windows NT 10.0; Win64; x64) AppleWebKit/537.36 (KHTML, like Gecko) Chrome/120.0.0.0 Safari/537.36"
mediaeclips.infinitibizsol.com:443 212.34.146.152 - - [12/Jun/2025:07:41:50 +0000] "GET /blogs/ HTTP/1.1" 404 57812 "-" "Mozilla/5.0 (Macintosh; Intel Mac OS X 10_15_7) AppleWebKit/537.36 (KHTML, like Gecko) Chrome/133.0.0.0 Safari/537.36"
mediaeclips.infinitibizsol.com:443 113.161.223.206 - - [12/Jun/2025:07:41:57 +0000] "POST /blogs/ HTTP/1.1" 404 57801 "-" "Mozilla/5.0 (Macintosh; Intel Mac OS X 10_15_7) AppleWebKit/537.36 (KHTML, like Gecko) Chrome/133.0.0.0 Safari/537.36"
mediaeclips.infinitibizsol.com:443 113.161.223.206 - - [12/Jun/2025:07:42:03 +0000] "POST /blogs/ HTTP/1.1" 404 57733 "-" "Mozilla/5.0 (Windows NT 10.0; Win64; x64) AppleWebKit/537.36 (KHTML, like Gecko) Chrome/120.0.0.0 Safari/537.36"
mediaeclips.infinitibizsol.com:443 212.34.146.152 - - [12/Jun/2025:07:42:05 +0000] "GET /blogs/page/2/ HTTP/1.1" 404 57697 "-" "Mozilla/5.0 (Macintosh; Intel Mac OS X 10_15_7) AppleWebKit/537.36 (KHTML, like Gecko) Chrome/133.0.0.0 Safari/537.36"
mediaeclips.infinitibizsol.com:443 113.161.223.206 - - [12/Jun/2025:07:42:13 +0000] "POST /blogs/page/2/ HTTP/1.1" 404 57762 "-" "Mozilla/5.0 (Macintosh; Intel Mac OS X 10_15_7) AppleWebKit/537.36 (KHTML, like Gecko) Chrome/133.0.0.0 Safari/537.36"
mediaeclips.infinitibizsol.com:443 113.161.223.206 - - [12/Jun/2025:07:42:20 +0000] "POST /blogs/page/2/ HTTP/1.1" 404 58289 "-" "Mozilla/5.0 (Windows NT 10.0; Win64; x64) AppleWebKit/537.36 (KHTML, like Gecko) Chrome/120.0.0.0 Safari/537.36"
mediaeclips.infinitibizsol.com:443 212.34.146.152 - - [12/Jun/2025:07:42:22 +0000] "GET /blogs/page/3/ HTTP/1.1" 404 57934 "-" "Mozilla/5.0 (Macintosh; Intel Mac OS X 10_15_7) AppleWebKit/537.36 (KHTML, like Gecko) Chrome/133.0.0.0 Safari/537.36"
mediaeclips.infinitibizsol.com:443 113.161.223.206 - - [12/Jun/2025:07:42:30 +0000] "POST /blogs/page/3/ HTTP/1.1" 404 58009 "-" "Mozilla/5.0 (Macintosh; Intel Mac OS X 10_15_7) AppleWebKit/537.36 (KHTML, like Gecko) Chrome/133.0.0.0 Safari/537.36"
mediaeclips.infinitibizsol.com:443 113.161.223.206 - - [12/Jun/2025:07:42:36 +0000] "POST /blogs/page/3/ HTTP/1.1" 404 57869 "-" "Mozilla/5.0 (Windows NT 10.0; Win64; x64) AppleWebKit/537.36 (KHTML, like Gecko) Chrome/120.0.0.0 Safari/537.36"
mediaeclips.infinitibizsol.com:443 212.34.146.152 - - [12/Jun/2025:07:42:38 +0000] "GET /blogs/page/4/ HTTP/1.1" 404 57951 "-" "Mozilla/5.0 (Macintosh; Intel Mac OS X 10_15_7) AppleWebKit/537.36 (KHTML, like Gecko) Chrome/133.0.0.0 Safari/537.36"
mediaeclips.infinitibizsol.com:443 113.161.223.206 - - [12/Jun/2025:07:42:44 +0000] "POST /blogs/page/4/ HTTP/1.1" 404 57939 "-" "Mozilla/5.0 (Macintosh; Intel Mac OS X 10_15_7) AppleWebKit/537.36 (KHTML, like Gecko) Chrome/133.0.0.0 Safari/537.36"
mediaeclips.infinitibizsol.com:443 113.161.223.206 - - [12/Jun/2025:07:42:49 +0000] "POST /blogs/page/4/ HTTP/1.1" 404 57882 "-" "Mozilla/5.0 (Windows NT 10.0; Win64; x64) AppleWebKit/537.36 (KHTML, like Gecko) Chrome/120.0.0.0 Safari/537.36"
mediaeclips.infinitibizsol.com:443 212.34.146.152 - - [12/Jun/2025:07:42:51 +0000] "GET /blogs/page/6/ HTTP/1.1" 404 58062 "-" "Mozilla/5.0 (Macintosh; Intel Mac OS X 10_15_7) AppleWebKit/537.36 (KHTML, like Gecko) Chrome/133.0.0.0 Safari/537.36"
mediaeclips.infinitibizsol.com:443 113.161.223.206 - - [12/Jun/2025:07:42:57 +0000] "POST /blogs/page/6/ HTTP/1.1" 404 58067 "-" "Mozilla/5.0 (Macintosh; Intel Mac OS X 10_15_7) AppleWebKit/537.36 (KHTML, like Gecko) Chrome/133.0.0.0 Safari/537.36"
mediaeclips.infinitibizsol.com:443 113.161.223.206 - - [12/Jun/2025:07:43:04 +0000] "POST /blogs/page/6/ HTTP/1.1" 404 57991 "-" "Mozilla/5.0 (Windows NT 10.0; Win64; x64) AppleWebKit/537.36 (KHTML, like Gecko) Chrome/120.0.0.0 Safari/537.36"
mediaeclips.infinitibizsol.com:443 212.34.146.152 - - [12/Jun/2025:07:43:07 +0000] "GET /blogs/page/7/ HTTP/1.1" 404 57999 "-" "Mozilla/5.0 (Macintosh; Intel Mac OS X 10_15_7) AppleWebKit/537.36 (KHTML, like Gecko) Chrome/133.0.0.0 Safari/537.36"
mediaeclips.infinitibizsol.com:443 162.0.223.40 - - [12/Jun/2025:07:43:15 +0000] "POST /wp-cron.php?doing_wp_cron=1749714193.9401059150695800781250 HTTP/1.1" 499 0 "-" "WordPress/6.5.5; https://mediaeclips.com"
mediaeclips.infinitibizsol.com:443 113.161.223.206 - - [12/Jun/2025:07:43:16 +0000] "POST /blogs/page/7/ HTTP/1.1" 404 58014 "-" "Mozilla/5.0 (Macintosh; Intel Mac OS X 10_15_7) AppleWebKit/537.36 (KHTML, like Gecko) Chrome/133.0.0.0 Safari/537.36"
mediaeclips.infinitibizsol.com:443 113.161.223.206 - - [12/Jun/2025:07:43:23 +0000] "POST /blogs/page/7/ HTTP/1.1" 404 57977 "-" "Mozilla/5.0 (Windows NT 10.0; Win64; x64) AppleWebKit/537.36 (KHTML, like Gecko) Chrome/120.0.0.0 Safari/537.36"
mediaeclips.infinitibizsol.com:443 212.34.146.152 - - [12/Jun/2025:07:43:24 +0000] "GET /blogs/page/8/ HTTP/1.1" 404 55996 "-" "Mozilla/5.0 (Macintosh; Intel Mac OS X 10_15_7) AppleWebKit/537.36 (KHTML, like Gecko) Chrome/133.0.0.0 Safari/537.36"
mediaeclips.infinitibizsol.com:443 113.161.223.206 - - [12/Jun/2025:07:43:31 +0000] "POST /blogs/page/8/ HTTP/1.1" 404 56058 "-" "Mozilla/5.0 (Macintosh; Intel Mac OS X 10_15_7) AppleWebKit/537.36 (KHTML, like Gecko) Chrome/133.0.0.0 Safari/537.36"
mediaeclips.infinitibizsol.com:443 113.161.223.206 - - [12/Jun/2025:07:43:37 +0000] "POST /blogs/page/8/ HTTP/1.1" 404 55938 "-" "Mozilla/5.0 (Windows NT 10.0; Win64; x64) AppleWebKit/537.36 (KHTML, like Gecko) Chrome/120.0.0.0 Safari/537.36"
mediaeclips.infinitibizsol.com:443 212.34.146.152 - - [12/Jun/2025:07:43:38 +0000] "GET /category/ux-ui-design/ HTTP/1.1" 404 48017 "-" "Mozilla/5.0 (Macintosh; Intel Mac OS X 10_15_7) AppleWebKit/537.36 (KHTML, like Gecko) Chrome/133.0.0.0 Safari/537.36"
mediaeclips.infinitibizsol.com:443 113.161.223.206 - - [12/Jun/2025:07:43:44 +0000] "POST /category/ux-ui-design/ HTTP/1.1" 404 47971 "-" "Mozilla/5.0 (Macintosh; Intel Mac OS X 10_15_7) AppleWebKit/537.36 (KHTML, like Gecko) Chrome/133.0.0.0 Safari/537.36"
mediaeclips.infinitibizsol.com:443 113.161.223.206 - - [12/Jun/2025:07:43:50 +0000] "POST /category/ux-ui-design/ HTTP/1.1" 404 47941 "-" "Mozilla/5.0 (Windows NT 10.0; Win64; x64) AppleWebKit/537.36 (KHTML, like Gecko) Chrome/120.0.0.0 Safari/537.36"
mediaeclips.infinitibizsol.com:443 212.34.146.152 - - [12/Jun/2025:07:43:51 +0000] "GET /contact-us/ HTTP/1.1" 404 61011 "-" "Mozilla/5.0 (Macintosh; Intel Mac OS X 10_15_7) AppleWebKit/537.36 (KHTML, like Gecko) Chrome/133.0.0.0 Safari/537.36"
mediaeclips.infinitibizsol.com:443 113.161.223.206 - - [12/Jun/2025:07:43:57 +0000] "POST /contact-us/ HTTP/1.1" 404 61321 "-" "Mozilla/5.0 (Macintosh; Intel Mac OS X 10_15_7) AppleWebKit/537.36 (KHTML, like Gecko) Chrome/133.0.0.0 Safari/537.36"
mediaeclips.infinitibizsol.com:443 113.161.223.206 - - [12/Jun/2025:07:44:05 +0000] "POST /contact-us/ HTTP/1.1" 404 60921 "-" "Mozilla/5.0 (Windows NT 10.0; Win64; x64) AppleWebKit/537.36 (KHTML, like Gecko) Chrome/120.0.0.0 Safari/537.36"
mediaeclips.infinitibizsol.com:443 113.161.223.206 - - [12/Jun/2025:07:44:12 +0000] "POST /contact-us/ HTTP/1.1" 404 60985 "-" "Mozilla/5.0 (Macintosh; Intel Mac OS X 10_15_7) AppleWebKit/537.36 (KHTML, like Gecko) Chrome/133.0.0.0 Safari/537.36"
mediaeclips.infinitibizsol.com:443 113.161.223.206 - - [12/Jun/2025:07:44:19 +0000] "POST /contact-us/ HTTP/1.1" 404 61350 "-" "Mozilla/5.0 (Windows NT 10.0; Win64; x64) AppleWebKit/537.36 (KHTML, like Gecko) Chrome/120.0.0.0 Safari/537.36"
mediaeclips.infinitibizsol.com:80 212.34.146.152 - - [12/Jun/2025:07:44:23 +0000] "GET /contact-us HTTP/1.1" 404 5 "-" "Mozilla/5.0 (Macintosh; Intel Mac OS X 10_15_7) AppleWebKit/537.36 (KHTML, like Gecko) Chrome/133.0.0.0 Safari/537.36"
mediaeclips.infinitibizsol.com:443 212.34.146.152 - - [12/Jun/2025:07:44:24 +0000] "GET /how-to-create-an-effective-seo-strategy/ HTTP/1.1" 404 107260 "-" "Mozilla/5.0 (Macintosh; Intel Mac OS X 10_15_7) AppleWebKit/537.36 (KHTML, like Gecko) Chrome/133.0.0.0 Safari/537.36"
mediaeclips.infinitibizsol.com:443 113.161.223.206 - - [12/Jun/2025:07:44:30 +0000] "POST /wp-comments-post.php HTTP/1.1" 200 2566 "-" "Mozilla/5.0 (Macintosh; Intel Mac OS X 10_15_7) AppleWebKit/537.36 (KHTML, like Gecko) Chrome/133.0.0.0 Safari/537.36"
mediaeclips.infinitibizsol.com:443 113.161.223.206 - - [12/Jun/2025:07:44:34 +0000] "POST /wp-comments-post.php HTTP/1.1" 200 5 "-" "Mozilla/5.0 (Windows NT 10.0; Win64; x64) AppleWebKit/537.36 (KHTML, like Gecko) Chrome/120.0.0.0 Safari/537.36"
mediaeclips.infinitibizsol.com:443 113.161.223.206 - - [12/Jun/2025:07:44:43 +0000] "POST /how-to-create-an-effective-seo-strategy/ HTTP/1.1" 404 107192 "-" "Mozilla/5.0 (Macintosh; Intel Mac OS X 10_15_7) AppleWebKit/537.36 (KHTML, like Gecko) Chrome/133.0.0.0 Safari/537.36"
mediaeclips.infinitibizsol.com:443 113.161.223.206 - - [12/Jun/2025:07:44:49 +0000] "POST /how-to-create-an-effective-seo-strategy/ HTTP/1.1" 404 107164 "-" "Mozilla/5.0 (Windows NT 10.0; Win64; x64) AppleWebKit/537.36 (KHTML, like Gecko) Chrome/120.0.0.0 Safari/537.36"
mediaeclips.infinitibizsol.com:443 212.34.146.152 - - [12/Jun/2025:07:44:55 +0000] "GET /how-to-create-an-effective-seo-strategy/feed/ HTTP/1.1" 404 1001 "-" "Mozilla/5.0 (Macintosh; Intel Mac OS X 10_15_7) AppleWebKit/537.36 (KHTML, like Gecko) Chrome/133.0.0.0 Safari/537.36"
mediaeclips.infinitibizsol.com:443 212.34.146.152 - - [12/Jun/2025:07:44:57 +0000] "GET /how-to-create-an-effective-seo-strategy/ HTTP/1.1" 404 107260 "-" "Mozilla/5.0 (Macintosh; Intel Mac OS X 10_15_7) AppleWebKit/537.36 (KHTML, like Gecko) Chrome/133.0.0.0 Safari/537.36"
mediaeclips.infinitibizsol.com:443 113.161.223.206 - - [12/Jun/2025:07:45:04 +0000] "POST /wp-comments-post.php HTTP/1.1" 200 2566 "-" "Mozilla/5.0 (Macintosh; Intel Mac OS X 10_15_7) AppleWebKit/537.36 (KHTML, like Gecko) Chrome/133.0.0.0 Safari/537.36"
mediaeclips.infinitibizsol.com:443 113.161.223.206 - - [12/Jun/2025:07:45:10 +0000] "POST /wp-comments-post.php HTTP/1.1" 200 5 "-" "Mozilla/5.0 (Windows NT 10.0; Win64; x64) AppleWebKit/537.36 (KHTML, like Gecko) Chrome/120.0.0.0 Safari/537.36"
mediaeclips.infinitibizsol.com:443 113.161.223.206 - - [12/Jun/2025:07:45:18 +0000] "POST /how-to-create-an-effective-seo-strategy/ HTTP/1.1" 404 107234 "-" "Mozilla/5.0 (Macintosh; Intel Mac OS X 10_15_7) AppleWebKit/537.36 (KHTML, like Gecko) Chrome/133.0.0.0 Safari/537.36"
mediaeclips.infinitibizsol.com:443 113.161.223.206 - - [12/Jun/2025:07:45:25 +0000] "POST /how-to-create-an-effective-seo-strategy/ HTTP/1.1" 404 107144 "-" "Mozilla/5.0 (Windows NT 10.0; Win64; x64) AppleWebKit/537.36 (KHTML, like Gecko) Chrome/120.0.0.0 Safari/537.36"
mediaeclips.infinitibizsol.com:443 51.222.253.4 - - [12/Jun/2025:07:46:18 +0000] "GET /tag/google-business-profile/feed/ HTTP/1.1" 304 0 "-" "Mozilla/5.0 (compatible; AhrefsBot/7.0; +http://ahrefs.com/robot/)"
mediaeclips.infinitibizsol.com:80 5.161.216.238 - - [12/Jun/2025:07:47:43 +0000] "POST /wp-load.php?5e140a=10539 HTTP/1.1" 200 1748 "-" "Mozilla/5.0 (Windows NT 10.0; Win64; x64) AppleWebKit/537.36 (KHTML, like Gecko) Chrome/104.0.5112.97 Safari/537.36"
mediaeclips.infinitibizsol.com:80 5.161.69.178 - - [12/Jun/2025:07:52:31 +0000] "POST /wp-load.php?91be61=72833 HTTP/1.1" 200 2676 "http://mediaeclips.com/" "Mozilla/5.0 (Windows NT 10.0; Win64; x64) AppleWebKit/537.36 (KHTML, like Gecko) Chrome/104.0.5112.97 Safari/537.36"
mediaeclips.infinitibizsol.com:80 139.180.180.168 - - [12/Jun/2025:07:52:34 +0000] "POST /wp-load.php?5297d1=46677 HTTP/1.1" 200 2664 "http://mediaeclips.com/" "Mozilla/5.0 (Windows NT 10.0; Win64; x64) AppleWebKit/537.36 (KHTML, like Gecko) Chrome/104.0.5112.97 Safari/537.36"
mediaeclips.infinitibizsol.com:80 5.75.228.162 - - [12/Jun/2025:07:52:37 +0000] "POST /wp-load.php?10c45a=39338 HTTP/1.1" 200 2676 "http://mediaeclips.com/" "Mozilla/5.0 (Windows NT 10.0; Win64; x64) AppleWebKit/537.36 (KHTML, like Gecko) Chrome/104.0.5112.97 Safari/537.36"
mediaeclips.infinitibizsol.com:80 178.156.128.204 - - [12/Jun/2025:07:52:39 +0000] "POST /wp-load.php?de9ee2=72160 HTTP/1.1" 200 11061 "http://mediaeclips.com/" "Mozilla/5.0 (Windows NT 10.0; Win64; x64) AppleWebKit/537.36 (KHTML, like Gecko) Chrome/104.0.5112.97 Safari/537.36"
mediaeclips.infinitibizsol.com:80 5.161.201.188 - - [12/Jun/2025:07:52:40 +0000] "POST /wp-load.php?36d85e=37925 HTTP/1.1" 200 1844 "http://mediaeclips.com/" "Mozilla/5.0 (Windows NT 10.0; Win64; x64) AppleWebKit/537.36 (KHTML, like Gecko) Chrome/104.0.5112.97 Safari/537.36"
mediaeclips.infinitibizsol.com:80 5.161.250.15 - - [12/Jun/2025:07:52:43 +0000] "POST /wp-load.php?137e9f=11949 HTTP/1.1" 200 1972 "http://mediaeclips.com/" "Mozilla/5.0 (Windows NT 10.0; Win64; x64) AppleWebKit/537.36 (KHTML, like Gecko) Chrome/104.0.5112.97 Safari/537.36"
mediaeclips.infinitibizsol.com:80 5.161.52.234 - - [12/Jun/2025:07:52:45 +0000] "POST /wp-load.php?c7d640=2950 HTTP/1.1" 200 20153 "http://mediaeclips.com/" "Mozilla/5.0 (Windows NT 10.0; Win64; x64) AppleWebKit/537.36 (KHTML, like Gecko) Chrome/104.0.5112.97 Safari/537.36"
mediaeclips.infinitibizsol.com:80 5.161.52.234 - - [12/Jun/2025:07:52:49 +0000] "GET /wp-load.php?bvprms=ZXlKMWMyVnlibUZ0WlNJNklsbFhVblJoVnpROUlpd2lZblp3ZEdsdFpTSTZNVGMwT1RjeE5EYzJOWDA9&bvprmsmac=2d9d86784c6dfa781759e3724814ff6d98ed7220&sersafe=bvprms&unser%5B%5D=bvprms&b64%5B%5D=bvprms&b64%5B%5D=bvprms&wing=manage&bvplugname=airlift&bvb64=true&bvreqmerge=true&apipage=blogvault&checksum=md5&bvb64resp=true&afterload=true&memset=512&bvTime=1749714765&bvVersion=0.1&bvMethod=atolgn&pubkey=e46aad5359fbdc0dd1b7ffec78df281f&sha1=true&sighshalgo&sig=C0z5%2BtKwrXKy8wU0N%2Fh8DG3zpzDxmdv4ZPUpUZ2E0t4f8pUFhZGPp%2FXkFd7zFXpMi6ILxHuxE%2BM9sOHozT9DgNgMKPhK%2F%2BzV8AnQfsn%2FJYlTu3OtxLr6Z7LkjBjhy2ueeVTzslThws0P9vVyEMn%2FVkuLZGVjnI17buryr%2F9hPCebaXCr5YbvkKnu1YlEb6xS1%2Bp7o35gEedzkau9RYb12S4wvqVZwc7Cjhv7ZGKEBEtTCG2%2F9QOxBdlo5ALNGfko%2FoBrn7RY4uqvIVvPSM0WOqPHGcQbHn%2Bc0l2NOhdUk2UXaBIKa4PFCSu894IB9hm9LyNc8WMw9SZ1TjWKAmvfhw%3D%3D HTTP/1.1" 302 5 "http://mediaeclips.com/" "Mozilla/5.0 (Windows NT 10.0; Win64; x64) AppleWebKit/537.36 (KHTML, like Gecko) Chrome/104.0.5112.97 Safari/537.36"
mediaeclips.infinitibizsol.com:80 178.156.128.204 - - [12/Jun/2025:07:52:53 +0000] "POST /wp-load.php?cd6323=45069 HTTP/1.1" 200 1748 "-" "Mozilla/5.0 (Windows NT 10.0; Win64; x64) AppleWebKit/537.36 (KHTML, like Gecko) Chrome/104.0.5112.97 Safari/537.36"
mediaeclips.infinitibizsol.com:80 162.0.223.40 - - [12/Jun/2025:07:52:55 +0000] "POST /wp-cron.php?doing_wp_cron=1749714774.1141819953918457031250 HTTP/1.1" 499 0 "-" "WordPress/6.5.5; https://mediaeclips.com"
mediaeclips.infinitibizsol.com:80 5.161.52.234 - - [12/Jun/2025:07:52:58 +0000] "POST /wp-admin/admin-ajax.php?b2b872=35741 HTTP/1.1" 200 92061 "http://mediaeclips.com/" "Mozilla/5.0 (Windows NT 10.0; Win64; x64) AppleWebKit/537.36 (KHTML, like Gecko) Chrome/104.0.5112.97 Safari/537.36"
mediaeclips.infinitibizsol.com:80 5.161.250.15 - - [12/Jun/2025:07:53:00 +0000] "POST /wp-load.php?76a49a=60538 HTTP/1.1" 200 1612 "http://mediaeclips.com/" "Mozilla/5.0 (Windows NT 10.0; Win64; x64) AppleWebKit/537.36 (KHTML, like Gecko) Chrome/104.0.5112.97 Safari/537.36"
mediaeclips.infinitibizsol.com:80 5.161.216.238 - - [12/Jun/2025:07:53:02 +0000] "POST /wp-load.php?aa7768=72093 HTTP/1.1" 200 19183 "http://mediaeclips.com/" "Mozilla/5.0 (Windows NT 10.0; Win64; x64) AppleWebKit/537.36 (KHTML, like Gecko) Chrome/104.0.5112.97 Safari/537.36"
mediaeclips.infinitibizsol.com:80 5.161.216.238 - - [12/Jun/2025:07:53:05 +0000] "POST /wp-load.php?54df89=71865 HTTP/1.1" 200 1564 "http://mediaeclips.com/" "Mozilla/5.0 (Windows NT 10.0; Win64; x64) AppleWebKit/537.36 (KHTML, like Gecko) Chrome/104.0.5112.97 Safari/537.36"
mediaeclips.infinitibizsol.com:80 5.161.52.234 - - [12/Jun/2025:07:53:08 +0000] "POST /wp-load.php?eb7b1e=22105 HTTP/1.1" 200 1751 "http://mediaeclips.com/" "Mozilla/5.0 (Windows NT 10.0; Win64; x64) AppleWebKit/537.36 (KHTML, like Gecko) Chrome/104.0.5112.97 Safari/537.36"
mediaeclips.infinitibizsol.com:80 139.180.180.168 - - [12/Jun/2025:07:53:11 +0000] "POST /wp-load.php?ff68cd=55396 HTTP/1.1" 200 4705 "http://mediaeclips.com/" "Mozilla/5.0 (Windows NT 10.0; Win64; x64) AppleWebKit/537.36 (KHTML, like Gecko) Chrome/104.0.5112.97 Safari/537.36"
mediaeclips.infinitibizsol.com:80 5.161.250.15 - - [12/Jun/2025:07:53:13 +0000] "POST /wp-load.php?5cf25e=58103 HTTP/1.1" 200 1624 "http://mediaeclips.com/" "Mozilla/5.0 (Windows NT 10.0; Win64; x64) AppleWebKit/537.36 (KHTML, like Gecko) Chrome/104.0.5112.97 Safari/537.36"
mediaeclips.infinitibizsol.com:443 51.222.253.15 - - [12/Jun/2025:07:53:15 +0000] "GET /tag/what-is-search-engine-marketing/feed/ HTTP/1.1" 304 0 "-" "Mozilla/5.0 (compatible; AhrefsBot/7.0; +http://ahrefs.com/robot/)"
