Sindbad~EG File Manager

Current Path : /home/infinitibizsol/access-logs/
Upload File :
Current File : /home/infinitibizsol/access-logs/mediaeclips.infinitibizsol.com

mediaeclips.infinitibizsol.com:443 162.0.223.40 - - [10/Jun/2025:04:08:53 +0000] "POST /wp-cron.php?doing_wp_cron=1749528532.7024919986724853515625 HTTP/1.1" 499 0 "-" "WordPress/6.5.5; https://mediaeclips.com"
mediaeclips.infinitibizsol.com:443 51.222.253.16 - - [10/Jun/2025:04:08:53 +0000] "GET /sitemap.xml HTTP/1.1" 404 5 "-" "Mozilla/5.0 (compatible; AhrefsBot/7.0; +http://ahrefs.com/robot/)"
mediaeclips.infinitibizsol.com:80 58.49.233.126 - - [10/Jun/2025:04:10:49 +0000] "GET / HTTP/1.1" 404 5 "-" "Mozilla/5.0 (iPhone; CPU iPhone OS 13_2_3 like Mac OS X) AppleWebKit/605.1.15 (KHTML, like Gecko) Version/13.0.3 Mobile/15E148 Safari/604.1"
mediaeclips.infinitibizsol.com:80 5.161.44.164 - - [10/Jun/2025:04:15:55 +0000] "POST /wp-load.php?2ac0c4=89455 HTTP/1.1" 200 1748 "-" "Mozilla/5.0 (Windows NT 10.0; Win64; x64) AppleWebKit/537.36 (KHTML, like Gecko) Chrome/104.0.5112.97 Safari/537.36"
mediaeclips.infinitibizsol.com:443 162.0.223.40 - - [10/Jun/2025:04:23:28 +0000] "POST /wp-cron.php?doing_wp_cron=1749529407.7583138942718505859375 HTTP/1.1" 499 0 "-" "WordPress/6.5.5; https://mediaeclips.com"
mediaeclips.infinitibizsol.com:443 198.98.53.81 - - [10/Jun/2025:04:23:28 +0000] "GET /wp-login.php HTTP/1.1" 200 6532 "-" "Mozilla/5.0 (iPhone; CPU iPhone OS 7_1_2 like Mac OS X) AppleWebKit/537.51.1 (KHTML, like Gecko) GSA/4.1.0.31802 Mobile/11D257 Safari/9537.53"
mediaeclips.infinitibizsol.com:443 198.98.53.81 - - [10/Jun/2025:04:23:33 +0000] "POST /wp-login.php HTTP/1.1" 200 7016 "-" "Mozilla/5.0 (iPhone; CPU iPhone OS 7_1_2 like Mac OS X) AppleWebKit/537.51.1 (KHTML, like Gecko) GSA/4.1.0.31802 Mobile/11D257 Safari/9537.53"
mediaeclips.infinitibizsol.com:443 162.0.223.40 - - [10/Jun/2025:04:26:14 +0000] "POST /wp-cron.php?doing_wp_cron=1749529573.4203500747680664062500 HTTP/1.1" 499 0 "-" "WordPress/6.5.5; https://mediaeclips.com"
mediaeclips.infinitibizsol.com:443 51.222.253.3 - - [10/Jun/2025:04:26:14 +0000] "GET /tag/role-of-email-marketing/feed/ HTTP/1.1" 304 0 "-" "Mozilla/5.0 (compatible; AhrefsBot/7.0; +http://ahrefs.com/robot/)"
mediaeclips.infinitibizsol.com:80 5.161.52.234 - - [10/Jun/2025:04:30:55 +0000] "POST /wp-load.php?13276b=48853 HTTP/1.1" 200 1748 "-" "Mozilla/5.0 (Windows NT 10.0; Win64; x64) AppleWebKit/537.36 (KHTML, like Gecko) Chrome/104.0.5112.97 Safari/537.36"
mediaeclips.infinitibizsol.com:80 162.0.223.40 - - [10/Jun/2025:04:33:02 +0000] "POST /wp-cron.php?doing_wp_cron=1749529981.1816790103912353515625 HTTP/1.1" 499 0 "-" "WordPress/6.5.5; https://mediaeclips.com"
mediaeclips.infinitibizsol.com:80 110.172.98.2 - - [10/Jun/2025:04:33:02 +0000] "GET / HTTP/1.1" 404 5 "-" "Mozilla/5.0 (Windows NT 10.0; Win64; x64) AppleWebKit/537.36 (KHTML, like Gecko) Chrome/79.0.3945.130 Safari/537.36"
mediaeclips.infinitibizsol.com:443 162.0.223.40 - - [10/Jun/2025:04:36:50 +0000] "POST /wp-cron.php?doing_wp_cron=1749530209.8260440826416015625000 HTTP/1.1" 499 0 "-" "WordPress/6.5.5; https://mediaeclips.com"
mediaeclips.infinitibizsol.com:443 45.134.140.238 - - [10/Jun/2025:04:36:50 +0000] "GET /contact-us/ HTTP/1.1" 404 5 "-" "Mozilla/5.0 (X11; Fedora; Linux x86_64; rv:114.0) Gecko/20100101 Firefox/114.0"
mediaeclips.infinitibizsol.com:443 45.134.140.238 - - [10/Jun/2025:04:36:54 +0000] "GET /contact-us/ HTTP/1.1" 404 5 "-" "Mozilla/5.0 (X11; Fedora; Linux x86_64; rv:114.0) Gecko/20100101 Firefox/114.0"
mediaeclips.infinitibizsol.com:443 45.134.140.238 - - [10/Jun/2025:04:36:59 +0000] "GET /contact-us/ HTTP/1.1" 404 5 "-" "Mozilla/5.0 (X11; Fedora; Linux x86_64; rv:114.0) Gecko/20100101 Firefox/114.0"
mediaeclips.infinitibizsol.com:443 45.134.140.238 - - [10/Jun/2025:04:37:04 +0000] "GET / HTTP/1.1" 404 5 "-" "Mozilla/5.0 (X11; Fedora; Linux x86_64; rv:114.0) Gecko/20100101 Firefox/114.0"
mediaeclips.infinitibizsol.com:443 45.134.140.238 - - [10/Jun/2025:04:37:10 +0000] "GET / HTTP/1.1" 404 5 "-" "Mozilla/5.0 (X11; Fedora; Linux x86_64; rv:114.0) Gecko/20100101 Firefox/114.0"
mediaeclips.infinitibizsol.com:443 45.134.140.238 - - [10/Jun/2025:04:37:16 +0000] "GET / HTTP/1.1" 404 5 "-" "Mozilla/5.0 (X11; Fedora; Linux x86_64; rv:114.0) Gecko/20100101 Firefox/114.0"
mediaeclips.infinitibizsol.com:443 162.0.223.40 - - [10/Jun/2025:04:39:57 +0000] "POST /wp-cron.php?doing_wp_cron=1749530396.3183569908142089843750 HTTP/1.1" 499 0 "-" "WordPress/6.5.5; https://mediaeclips.com"
mediaeclips.infinitibizsol.com:443 51.222.253.2 - - [10/Jun/2025:04:39:57 +0000] "GET /tag/effective-local-seo/feed/ HTTP/1.1" 304 0 "-" "Mozilla/5.0 (compatible; AhrefsBot/7.0; +http://ahrefs.com/robot/)"
mediaeclips.infinitibizsol.com:443 34.174.130.213 - - [10/Jun/2025:04:43:34 +0000] "GET /graphic-design/ HTTP/1.1" 404 65450 "-" "Mozilla/5.0 (Macintosh; Intel Mac OS X 10.15; rv:109.0) Gecko/20100101 Firefox/116.0"
mediaeclips.infinitibizsol.com:80 5.161.52.234 - - [10/Jun/2025:04:45:55 +0000] "POST /wp-load.php?911234=79225 HTTP/1.1" 200 1748 "-" "Mozilla/5.0 (Windows NT 10.0; Win64; x64) AppleWebKit/537.36 (KHTML, like Gecko) Chrome/104.0.5112.97 Safari/537.36"
mediaeclips.infinitibizsol.com:443 162.0.223.40 - - [10/Jun/2025:04:51:20 +0000] "POST /wp-cron.php?doing_wp_cron=1749531079.9022469520568847656250 HTTP/1.1" 499 0 "-" "WordPress/6.5.5; https://mediaeclips.com"
mediaeclips.infinitibizsol.com:443 51.222.253.14 - - [10/Jun/2025:04:51:42 +0000] "GET /tag/what-is-a-digital-marketing-campaign/feed/ HTTP/1.1" 304 0 "-" "Mozilla/5.0 (compatible; AhrefsBot/7.0; +http://ahrefs.com/robot/)"
mediaeclips.infinitibizsol.com:443 162.0.223.40 - - [10/Jun/2025:04:58:44 +0000] "POST /wp-cron.php?doing_wp_cron=1749531523.1943769454956054687500 HTTP/1.1" 499 0 "-" "WordPress/6.5.5; https://mediaeclips.com"
mediaeclips.infinitibizsol.com:80 5.161.106.94 - - [10/Jun/2025:05:01:04 +0000] "POST /wp-load.php?62b127=34015 HTTP/1.1" 200 1748 "-" "Mozilla/5.0 (Windows NT 10.0; Win64; x64) AppleWebKit/537.36 (KHTML, like Gecko) Chrome/104.0.5112.97 Safari/537.36"
mediaeclips.infinitibizsol.com:443 170.39.218.62 - - [10/Jun/2025:05:04:52 +0000] "GET /wp-content/plugins/elementor-pro/assets/js/frontend.min.js?ver=3.19.3 HTTP/1.1" 200 25066 "-" "Mozilla/5.0 (Macintosh; Intel Mac OS X 10_15_7) AppleWebKit/537.36 Chrome/120.0.0.0"
mediaeclips.infinitibizsol.com:443 162.0.223.40 - - [10/Jun/2025:05:05:15 +0000] "POST /wp-cron.php?doing_wp_cron=1749531914.7081639766693115234375 HTTP/1.1" 499 0 "-" "WordPress/6.5.5; https://mediaeclips.com"
mediaeclips.infinitibizsol.com:443 51.222.253.18 - - [10/Jun/2025:05:05:15 +0000] "GET /what-is-digital-marketing-and-how-does-it-work/feed/ HTTP/1.1" 304 0 "-" "Mozilla/5.0 (compatible; AhrefsBot/7.0; +http://ahrefs.com/robot/)"
mediaeclips.infinitibizsol.com:443 162.0.223.40 - - [10/Jun/2025:05:10:12 +0000] "POST /wp-cron.php?doing_wp_cron=1749532211.0692028999328613281250 HTTP/1.1" 499 0 "-" "WordPress/6.5.5; https://mediaeclips.com"
mediaeclips.infinitibizsol.com:443 198.98.61.192 - - [10/Jun/2025:05:10:12 +0000] "GET /wp-login.php HTTP/1.1" 200 6532 "-" "Mozilla/5.0 (Macintosh; Intel Mac OS X 10.6; rv:31.0) Gecko/20100101 Firefox/31.0"
mediaeclips.infinitibizsol.com:443 198.98.61.192 - - [10/Jun/2025:05:10:16 +0000] "POST /wp-login.php HTTP/1.1" 200 7034 "-" "Mozilla/5.0 (Macintosh; Intel Mac OS X 10.6; rv:31.0) Gecko/20100101 Firefox/31.0"
mediaeclips.infinitibizsol.com:443 47.128.122.106 - - [10/Jun/2025:05:12:30 +0000] "GET /top-5-social-media-platforms-you-should-focus-on/ HTTP/1.1" 404 102361 "-" "Mozilla/5.0 (Linux; Android 5.0) AppleWebKit/537.36 (KHTML, like Gecko) Mobile Safari/537.36 (compatible; TikTokSpider; ttspider-feedback@tiktok.com)"
mediaeclips.infinitibizsol.com:443 47.128.122.106 - - [10/Jun/2025:05:12:31 +0000] "GET /wp-content/uploads/elementor/css/post-3380.css?ver=1715183347 HTTP/1.1" 200 4086 "https://mediaeclips.com/top-5-social-media-platforms-you-should-focus-on/" "Mozilla/5.0 (Linux; Android 5.0) AppleWebKit/537.36 (KHTML, like Gecko) Mobile Safari/537.36 (compatible; TikTokSpider; ttspider-feedback@tiktok.com)"
mediaeclips.infinitibizsol.com:443 47.128.122.106 - - [10/Jun/2025:05:12:31 +0000] "GET /wp-content/uploads/2024/05/Top-5-social-media-platforms-you-should-focus-595xh.webp HTTP/1.1" 206 500 "https://mediaeclips.com/top-5-social-media-platforms-you-should-focus-on/" "Mozilla/5.0 (Linux; Android 5.0) AppleWebKit/537.36 (KHTML, like Gecko) Mobile Safari/537.36 (compatible; TikTokSpider; ttspider-feedback@tiktok.com)"
mediaeclips.infinitibizsol.com:443 47.128.122.106 - - [10/Jun/2025:05:12:31 +0000] "GET /wp-content/uploads/2024/05/What-To-Know-About-Social-Media-Platforms-For-Your-Business-595xh.webp HTTP/1.1" 206 500 "https://mediaeclips.com/top-5-social-media-platforms-you-should-focus-on/" "Mozilla/5.0 (Linux; Android 5.0) AppleWebKit/537.36 (KHTML, like Gecko) Mobile Safari/537.36 (compatible; TikTokSpider; ttspider-feedback@tiktok.com)"
mediaeclips.infinitibizsol.com:443 47.128.122.106 - - [10/Jun/2025:05:12:31 +0000] "GET /wp-content/uploads/2024/04/facebook-595xh.webp HTTP/1.1" 206 500 "https://mediaeclips.com/top-5-social-media-platforms-you-should-focus-on/" "Mozilla/5.0 (Linux; Android 5.0) AppleWebKit/537.36 (KHTML, like Gecko) Mobile Safari/537.36 (compatible; TikTokSpider; ttspider-feedback@tiktok.com)"
mediaeclips.infinitibizsol.com:443 47.128.122.106 - - [10/Jun/2025:05:12:34 +0000] "GET /wp-content/themes/ziptech/framework/color.php?ver=6.5.5 HTTP/1.1" 404 5 "https://mediaeclips.com/top-5-social-media-platforms-you-should-focus-on/" "Mozilla/5.0 (Linux; Android 5.0) AppleWebKit/537.36 (KHTML, like Gecko) Mobile Safari/537.36 (compatible; TikTokSpider; ttspider-feedback@tiktok.com)"
mediaeclips.infinitibizsol.com:443 34.174.190.220 - - [10/Jun/2025:05:13:56 +0000] "GET /social-media-engagement-tips-how-to-increase-it/ HTTP/1.1" 404 127107 "-" "Mozilla/5.0 (Macintosh; Intel Mac OS X 10.15; rv:109.0) Gecko/20100101 Firefox/116.0"
mediaeclips.infinitibizsol.com:443 162.0.223.40 - - [10/Jun/2025:05:15:21 +0000] "POST /wp-cron.php?doing_wp_cron=1749532520.1672079563140869140625 HTTP/1.1" 499 0 "-" "WordPress/6.5.5; https://mediaeclips.com"
mediaeclips.infinitibizsol.com:443 216.73.216.193 - - [10/Jun/2025:05:15:21 +0000] "GET /sitemap.xml HTTP/1.1" 404 5 "-" "Mozilla/5.0 AppleWebKit/537.36 (KHTML, like Gecko; compatible; ClaudeBot/1.0; +claudebot@anthropic.com)"
mediaeclips.infinitibizsol.com:443 51.222.253.2 - - [10/Jun/2025:05:15:52 +0000] "GET /tag/tips-for-successful-social-media-marketing/feed/ HTTP/1.1" 304 0 "-" "Mozilla/5.0 (compatible; AhrefsBot/7.0; +http://ahrefs.com/robot/)"
mediaeclips.infinitibizsol.com:80 5.161.106.94 - - [10/Jun/2025:05:16:04 +0000] "POST /wp-load.php?6d85a0=68001 HTTP/1.1" 200 1748 "-" "Mozilla/5.0 (Windows NT 10.0; Win64; x64) AppleWebKit/537.36 (KHTML, like Gecko) Chrome/104.0.5112.97 Safari/537.36"
mediaeclips.infinitibizsol.com:443 162.0.223.40 - - [10/Jun/2025:05:17:23 +0000] "POST /wp-cron.php?doing_wp_cron=1749532642.0126919746398925781250 HTTP/1.1" 499 0 "-" "WordPress/6.5.5; https://mediaeclips.com"
mediaeclips.infinitibizsol.com:443 66.249.64.164 - - [10/Jun/2025:05:17:23 +0000] "GET /shopdetail/133250639 HTTP/1.1" 404 5 "-" "Mozilla/5.0 (Linux; Android 6.0.1; Nexus 5X Build/MMB29P) AppleWebKit/537.36 (KHTML, like Gecko) Chrome/136.0.7103.113 Mobile Safari/537.36 (compatible; Googlebot/2.1; +http://www.google.com/bot.html)"
mediaeclips.infinitibizsol.com:443 170.39.218.62 - - [10/Jun/2025:05:24:52 +0000] "GET /wp-includes/js/dist/i18n.min.js?ver=5e580eb46a90c2b997e6 HTTP/1.1" 200 9141 "-" "Mozilla/5.0 (Windows NT 10.0; Win64; x64) AppleWebKit/537.36 Chrome/121.0.0.0"
mediaeclips.infinitibizsol.com:443 162.0.223.40 - - [10/Jun/2025:05:25:12 +0000] "POST /wp-cron.php?doing_wp_cron=1749533111.0574250221252441406250 HTTP/1.1" 499 0 "-" "WordPress/6.5.5; https://mediaeclips.com"
mediaeclips.infinitibizsol.com:443 51.222.253.9 - - [10/Jun/2025:05:25:12 +0000] "GET /tag/seo-vs-ppc/feed/ HTTP/1.1" 304 0 "-" "Mozilla/5.0 (compatible; AhrefsBot/7.0; +http://ahrefs.com/robot/)"
mediaeclips.infinitibizsol.com:80 43.130.111.40 - - [10/Jun/2025:05:27:33 +0000] "GET / HTTP/1.1" 404 5 "-" "Mozilla/5.0 (iPhone; CPU iPhone OS 13_2_3 like Mac OS X) AppleWebKit/605.1.15 (KHTML, like Gecko) Version/13.0.3 Mobile/15E148 Safari/604.1"
mediaeclips.infinitibizsol.com:80 139.180.180.168 - - [10/Jun/2025:05:31:08 +0000] "POST /wp-load.php?6faa64=16510 HTTP/1.1" 200 1748 "-" "Mozilla/5.0 (Windows NT 10.0; Win64; x64) AppleWebKit/537.36 (KHTML, like Gecko) Chrome/104.0.5112.97 Safari/537.36"
mediaeclips.infinitibizsol.com:443 162.0.223.40 - - [10/Jun/2025:05:34:12 +0000] "POST /wp-cron.php?doing_wp_cron=1749533651.4337110519409179687500 HTTP/1.1" 499 0 "-" "WordPress/6.5.5; https://mediaeclips.com"
mediaeclips.infinitibizsol.com:443 51.222.253.6 - - [10/Jun/2025:05:34:12 +0000] "GET /tag/digital-marketing-campaign/feed/ HTTP/1.1" 304 0 "-" "Mozilla/5.0 (compatible; AhrefsBot/7.0; +http://ahrefs.com/robot/)"
mediaeclips.infinitibizsol.com:443 162.0.223.40 - - [10/Jun/2025:05:44:53 +0000] "POST /wp-cron.php?doing_wp_cron=1749534292.9291501045227050781250 HTTP/1.1" 499 0 "-" "WordPress/6.5.5; https://mediaeclips.com"
mediaeclips.infinitibizsol.com:443 51.222.253.9 - - [10/Jun/2025:05:44:54 +0000] "GET /tag/managed-it-services/feed/ HTTP/1.1" 304 0 "-" "Mozilla/5.0 (compatible; AhrefsBot/7.0; +http://ahrefs.com/robot/)"
mediaeclips.infinitibizsol.com:80 5.161.177.123 - - [10/Jun/2025:05:46:15 +0000] "POST /wp-load.php?b634c6=20093 HTTP/1.1" 200 1748 "-" "Mozilla/5.0 (Windows NT 10.0; Win64; x64) AppleWebKit/537.36 (KHTML, like Gecko) Chrome/104.0.5112.97 Safari/537.36"
mediaeclips.infinitibizsol.com:443 162.0.223.40 - - [10/Jun/2025:05:54:23 +0000] "POST /wp-cron.php?doing_wp_cron=1749534862.1364998817443847656250 HTTP/1.1" 499 0 "-" "WordPress/6.5.5; https://mediaeclips.com"
mediaeclips.infinitibizsol.com:443 51.222.253.7 - - [10/Jun/2025:05:54:23 +0000] "GET /tag/videography-services/feed/ HTTP/1.1" 304 0 "-" "Mozilla/5.0 (compatible; AhrefsBot/7.0; +http://ahrefs.com/robot/)"
mediaeclips.infinitibizsol.com:443 34.174.137.232 - - [10/Jun/2025:05:57:41 +0000] "GET /terms-conditions HTTP/1.1" 499 0 "-" "Mozilla/5.0 (Macintosh; Intel Mac OS X 10.15; rv:109.0) Gecko/20100101 Firefox/116.0"
mediaeclips.infinitibizsol.com:443 162.0.223.40 - - [10/Jun/2025:05:57:42 +0000] "POST /wp-cron.php?doing_wp_cron=1749535061.6212890148162841796875 HTTP/1.1" 499 0 "-" "WordPress/6.5.5; https://mediaeclips.com"
mediaeclips.infinitibizsol.com:80 139.180.180.168 - - [10/Jun/2025:06:01:16 +0000] "POST /wp-load.php?65c15b=15382 HTTP/1.1" 200 1748 "-" "Mozilla/5.0 (Windows NT 10.0; Win64; x64) AppleWebKit/537.36 (KHTML, like Gecko) Chrome/104.0.5112.97 Safari/537.36"
mediaeclips.infinitibizsol.com:443 47.238.13.6 - - [10/Jun/2025:06:01:40 +0000] "GET /category/digital-marketing/ HTTP/1.1" 404 66386 "-" "Mozilla/5.0 (Macintosh; Intel Mac OS X 10_15_7) AppleWebKit/537.36 (KHTML, like Gecko) Chrome/109.0.0.0 Safari/537.36"
mediaeclips.infinitibizsol.com:443 162.0.223.40 - - [10/Jun/2025:06:03:46 +0000] "POST /wp-cron.php?doing_wp_cron=1749535425.2247610092163085937500 HTTP/1.1" 499 0 "-" "WordPress/6.5.5; https://mediaeclips.com"
mediaeclips.infinitibizsol.com:443 51.222.253.1 - - [10/Jun/2025:06:03:46 +0000] "GET /tag/what-is-local-seo/feed/ HTTP/1.1" 304 0 "-" "Mozilla/5.0 (compatible; AhrefsBot/7.0; +http://ahrefs.com/robot/)"
mediaeclips.infinitibizsol.com:443 172.241.239.129 - - [10/Jun/2025:06:07:33 +0000] "GET /contact-us HTTP/1.1" 404 61027 "-" "Mozilla/5.0 (X11; Fedora; Linux x86_64; rv:114.0) Gecko/20100101 Firefox/114.0"
mediaeclips.infinitibizsol.com:443 172.241.239.129 - - [10/Jun/2025:06:07:35 +0000] "GET / HTTP/1.1" 404 108420 "-" "Mozilla/5.0 (X11; Fedora; Linux x86_64; rv:114.0) Gecko/20100101 Firefox/114.0"
mediaeclips.infinitibizsol.com:443 172.241.239.129 - - [10/Jun/2025:06:07:35 +0000] "GET /wp-content/plugins/contact-form-7/includes/js/index.js?ver=5.9.4 HTTP/1.1" 200 13054 "https://mediaeclips.com/" "Mozilla/5.0 (X11; Fedora; Linux x86_64; rv:114.0) Gecko/20100101 Firefox/114.0"
mediaeclips.infinitibizsol.com:443 172.241.239.129 - - [10/Jun/2025:06:07:41 +0000] "POST /wp-json/contact-form-7/v1/contact-forms/159/feedback HTTP/1.1" 404 244 "https://mediaeclips.com/" "Mozilla/5.0 (X11; Fedora; Linux x86_64; rv:114.0) Gecko/20100101 Firefox/114.0"
mediaeclips.infinitibizsol.com:443 162.0.223.40 - - [10/Jun/2025:06:09:57 +0000] "POST /wp-cron.php?doing_wp_cron=1749535796.2597401142120361328125 HTTP/1.1" 499 0 "-" "WordPress/6.5.5; https://mediaeclips.com"
mediaeclips.infinitibizsol.com:443 95.108.213.124 - - [10/Jun/2025:06:09:57 +0000] "GET /smm-services-in-frisco-tx HTTP/1.1" 404 5 "-" "Mozilla/5.0 (compatible; YandexBot/3.0; +http://yandex.com/bots)"
mediaeclips.infinitibizsol.com:443 34.174.108.117 - - [10/Jun/2025:06:10:45 +0000] "GET /how-to-create-a-social-media-marketing-strategy/ HTTP/1.1" 499 0 "-" "Mozilla/5.0 (Macintosh; Intel Mac OS X 10.15; rv:109.0) Gecko/20100101 Firefox/116.0"
mediaeclips.infinitibizsol.com:443 51.222.253.3 - - [10/Jun/2025:06:12:48 +0000] "GET /tag/texas-web-design/feed/ HTTP/1.1" 304 0 "-" "Mozilla/5.0 (compatible; AhrefsBot/7.0; +http://ahrefs.com/robot/)"
mediaeclips.infinitibizsol.com:443 170.39.218.62 - - [10/Jun/2025:06:14:34 +0000] "GET /wp-includes/js/jquery/ui/core.min.js?ver=1.13.2 HTTP/1.1" 200 21438 "-" "Mozilla/5.0 (Windows NT 10.0; Win64; x64) AppleWebKit/537.36 Chrome/121.0.0.0"
mediaeclips.infinitibizsol.com:80 5.161.44.164 - - [10/Jun/2025:06:16:24 +0000] "POST /wp-load.php?f3c797=50293 HTTP/1.1" 200 1748 "-" "Mozilla/5.0 (Windows NT 10.0; Win64; x64) AppleWebKit/537.36 (KHTML, like Gecko) Chrome/104.0.5112.97 Safari/537.36"
mediaeclips.infinitibizsol.com:443 162.0.223.40 - - [10/Jun/2025:06:22:57 +0000] "POST /wp-cron.php?doing_wp_cron=1749536576.3226599693298339843750 HTTP/1.1" 499 0 "-" "WordPress/6.5.5; https://mediaeclips.com"
mediaeclips.infinitibizsol.com:443 51.222.253.15 - - [10/Jun/2025:06:22:57 +0000] "GET /tag/sem/feed/ HTTP/1.1" 304 0 "-" "Mozilla/5.0 (compatible; AhrefsBot/7.0; +http://ahrefs.com/robot/)"
mediaeclips.infinitibizsol.com:80 5.161.201.188 - - [10/Jun/2025:06:31:34 +0000] "POST /wp-load.php?be2844=95251 HTTP/1.1" 200 1748 "-" "Mozilla/5.0 (Windows NT 10.0; Win64; x64) AppleWebKit/537.36 (KHTML, like Gecko) Chrome/104.0.5112.97 Safari/537.36"
mediaeclips.infinitibizsol.com:443 162.0.223.40 - - [10/Jun/2025:06:32:34 +0000] "POST /wp-cron.php?doing_wp_cron=1749537152.9984200000762939453125 HTTP/1.1" 499 0 "-" "WordPress/6.5.5; https://mediaeclips.com"
mediaeclips.infinitibizsol.com:443 51.222.253.4 - - [10/Jun/2025:06:32:34 +0000] "GET /tag/videography/feed/ HTTP/1.1" 304 0 "-" "Mozilla/5.0 (compatible; AhrefsBot/7.0; +http://ahrefs.com/robot/)"
mediaeclips.infinitibizsol.com:443 162.0.223.40 - - [10/Jun/2025:06:34:57 +0000] "POST /wp-cron.php?doing_wp_cron=1749537296.2849431037902832031250 HTTP/1.1" 499 0 "-" "WordPress/6.5.5; https://mediaeclips.com"
mediaeclips.infinitibizsol.com:443 77.75.78.160 - - [10/Jun/2025:06:34:58 +0000] "GET /locations/ HTTP/1.1" 404 70262 "-" "Mozilla/5.0 (compatible; SeznamBot/4.0; +https://o-seznam.cz/napoveda/vyhledavani/en/seznambot-crawler/)"
mediaeclips.infinitibizsol.com:443 162.0.223.40 - - [10/Jun/2025:06:43:29 +0000] "POST /wp-cron.php?doing_wp_cron=1749537808.8348050117492675781250 HTTP/1.1" 499 0 "-" "WordPress/6.5.5; https://mediaeclips.com"
mediaeclips.infinitibizsol.com:443 51.222.253.14 - - [10/Jun/2025:06:43:29 +0000] "GET /tag/what-is-ui-design/feed/ HTTP/1.1" 304 0 "-" "Mozilla/5.0 (compatible; AhrefsBot/7.0; +http://ahrefs.com/robot/)"
mediaeclips.infinitibizsol.com:80 5.161.177.123 - - [10/Jun/2025:06:46:36 +0000] "POST /wp-load.php?569fb7=10378 HTTP/1.1" 200 1748 "-" "Mozilla/5.0 (Windows NT 10.0; Win64; x64) AppleWebKit/537.36 (KHTML, like Gecko) Chrome/104.0.5112.97 Safari/537.36"
mediaeclips.infinitibizsol.com:443 162.0.223.40 - - [10/Jun/2025:06:51:16 +0000] "POST /wp-cron.php?doing_wp_cron=1749538275.8767380714416503906250 HTTP/1.1" 499 0 "-" "WordPress/6.5.5; https://mediaeclips.com"
mediaeclips.infinitibizsol.com:443 51.222.253.8 - - [10/Jun/2025:06:51:17 +0000] "GET /tag/rewards-of-ai-content/feed/ HTTP/1.1" 304 0 "-" "Mozilla/5.0 (compatible; AhrefsBot/7.0; +http://ahrefs.com/robot/)"
mediaeclips.infinitibizsol.com:443 138.68.82.23 - - [10/Jun/2025:06:56:37 +0000] "GET / HTTP/1.1" 404 108428 "-" "-"
mediaeclips.infinitibizsol.com:443 138.68.82.23 - - [10/Jun/2025:06:56:42 +0000] "GET / HTTP/1.1" 404 108420 "-" "Mozilla/5.0 (Linux; Android 6.0; HTC One M9 Build/MRA969554) AppleWebKit/537.36 (KHTML, like Gecko) Chrome/52.0.2717.98 Mobile Safari/537.3"
mediaeclips.infinitibizsol.com:443 138.68.82.23 - - [10/Jun/2025:06:56:45 +0000] "GET /@vite/env HTTP/1.1" 499 0 "-" "Go-http-client/1.1"
mediaeclips.infinitibizsol.com:443 162.0.223.40 - - [10/Jun/2025:06:56:47 +0000] "POST /wp-cron.php?doing_wp_cron=1749538606.7228209972381591796875 HTTP/1.1" 499 0 "-" "WordPress/6.5.5; https://mediaeclips.com"
mediaeclips.infinitibizsol.com:443 138.68.82.23 - - [10/Jun/2025:06:56:48 +0000] "GET /actuator/env HTTP/1.1" 499 0 "-" "Go-http-client/1.1"
mediaeclips.infinitibizsol.com:443 162.0.223.40 - - [10/Jun/2025:06:56:50 +0000] "POST /wp-cron.php?doing_wp_cron=1749538609.3442931175231933593750 HTTP/1.1" 499 0 "-" "WordPress/6.5.5; https://mediaeclips.com"
mediaeclips.infinitibizsol.com:443 138.68.82.23 - - [10/Jun/2025:06:56:51 +0000] "GET /server HTTP/1.1" 499 0 "-" "Go-http-client/1.1"
mediaeclips.infinitibizsol.com:443 138.68.82.23 - - [10/Jun/2025:06:56:54 +0000] "GET /version HTTP/1.1" 499 0 "-" "Go-http-client/1.1"
mediaeclips.infinitibizsol.com:443 138.68.82.23 - - [10/Jun/2025:06:56:57 +0000] "GET /.vscode/sftp.json HTTP/1.1" 499 0 "-" "Go-http-client/1.1"
mediaeclips.infinitibizsol.com:443 138.68.82.23 - - [10/Jun/2025:06:57:00 +0000] "GET /about HTTP/1.1" 499 0 "-" "Go-http-client/1.1"
mediaeclips.infinitibizsol.com:443 138.68.82.23 - - [10/Jun/2025:06:57:03 +0000] "GET /debug/default/view?panel=config HTTP/1.1" 499 0 "-" "Go-http-client/1.1"
mediaeclips.infinitibizsol.com:443 138.68.82.23 - - [10/Jun/2025:06:57:06 +0000] "GET /v2/_catalog HTTP/1.1" 499 0 "-" "Go-http-client/1.1"
mediaeclips.infinitibizsol.com:443 138.68.82.23 - - [10/Jun/2025:06:57:09 +0000] "GET /ecp/Current/exporttool/microsoft.exchange.ediscovery.exporttool.application HTTP/1.1" 499 0 "-" "Go-http-client/1.1"
mediaeclips.infinitibizsol.com:443 138.68.82.23 - - [10/Jun/2025:06:57:12 +0000] "GET /server-status HTTP/1.1" 499 0 "-" "Go-http-client/1.1"
mediaeclips.infinitibizsol.com:443 138.68.82.23 - - [10/Jun/2025:06:57:15 +0000] "GET /login.action HTTP/1.1" 499 0 "-" "Go-http-client/1.1"
mediaeclips.infinitibizsol.com:443 138.68.82.23 - - [10/Jun/2025:06:57:18 +0000] "GET /_all_dbs HTTP/1.1" 499 0 "-" "Mozilla/5.0 (l9scan/2.0.0343e2332323e203e2236313; +https://leakix.net)"
mediaeclips.infinitibizsol.com:443 138.68.82.23 - - [10/Jun/2025:06:57:21 +0000] "GET /.DS_Store HTTP/1.1" 499 0 "-" "Go-http-client/1.1"
mediaeclips.infinitibizsol.com:443 138.68.82.23 - - [10/Jun/2025:06:57:24 +0000] "GET /.env HTTP/1.1" 499 0 "-" "Go-http-client/1.1"
mediaeclips.infinitibizsol.com:443 138.68.82.23 - - [10/Jun/2025:06:57:27 +0000] "GET /.git/config HTTP/1.1" 499 0 "-" "Go-http-client/1.1"
mediaeclips.infinitibizsol.com:443 138.68.82.23 - - [10/Jun/2025:06:57:30 +0000] "GET /s/0343e2332323e203e2236313/_/;/META-INF/maven/com.atlassian.jira/jira-webapp-dist/pom.properties HTTP/1.1" 499 0 "-" "Go-http-client/1.1"
mediaeclips.infinitibizsol.com:443 138.68.82.23 - - [10/Jun/2025:06:57:33 +0000] "GET /config.json HTTP/1.1" 499 0 "-" "Go-http-client/1.1"
mediaeclips.infinitibizsol.com:443 138.68.82.23 - - [10/Jun/2025:06:57:36 +0000] "GET /telescope/requests HTTP/1.1" 499 0 "-" "Go-http-client/1.1"
mediaeclips.infinitibizsol.com:443 138.68.82.23 - - [10/Jun/2025:06:57:39 +0000] "GET /info.php HTTP/1.1" 499 0 "-" "Go-http-client/1.1"
mediaeclips.infinitibizsol.com:443 138.68.82.23 - - [10/Jun/2025:06:57:42 +0000] "GET /?rest_route=/wp/v2/users/ HTTP/1.1" 499 0 "-" "Go-http-client/1.1"
mediaeclips.infinitibizsol.com:443 51.222.253.1 - - [10/Jun/2025:06:57:56 +0000] "GET /tag/why-content-marketing-is-important/feed/ HTTP/1.1" 304 0 "-" "Mozilla/5.0 (compatible; AhrefsBot/7.0; +http://ahrefs.com/robot/)"
mediaeclips.infinitibizsol.com:443 162.0.223.40 - - [10/Jun/2025:07:01:08 +0000] "POST /wp-cron.php?doing_wp_cron=1749538867.6330349445343017578125 HTTP/1.1" 499 0 "-" "WordPress/6.5.5; https://mediaeclips.com"
mediaeclips.infinitibizsol.com:443 199.45.155.75 - - [10/Jun/2025:07:01:08 +0000] "GET / HTTP/1.1" 404 5 "-" "Mozilla/5.0 (compatible; CensysInspect/1.1; +https://about.censys.io/)"
mediaeclips.infinitibizsol.com:443 199.45.155.75 - - [10/Jun/2025:07:01:41 +0000] "GET /wp-content/uploads/2024/02/cropped-Media-Eclips-2.png-32x32.webp HTTP/1.1" 200 968 "https://mail.mediaeclips.com/favicon.ico" "Mozilla/5.0 (compatible; CensysInspect/1.1; +https://about.censys.io/)"
mediaeclips.infinitibizsol.com:80 5.161.250.15 - - [10/Jun/2025:07:01:46 +0000] "POST /wp-load.php?c9c58e=2286 HTTP/1.1" 200 1748 "-" "Mozilla/5.0 (Windows NT 10.0; Win64; x64) AppleWebKit/537.36 (KHTML, like Gecko) Chrome/104.0.5112.97 Safari/537.36"
mediaeclips.infinitibizsol.com:443 199.45.155.75 - - [10/Jun/2025:07:01:50 +0000] "GET /wiki HTTP/1.1" 404 5 "-" "Mozilla/5.0 (compatible; CensysInspect/1.1; +https://about.censys.io/)"
mediaeclips.infinitibizsol.com:443 199.45.155.75 - - [10/Jun/2025:07:01:59 +0000] "GET /wp-content/uploads/2024/02/cropped-Media-Eclips-2.png-32x32.webp HTTP/1.1" 200 968 "https://mail.mediaeclips.com/favicon.ico" "Mozilla/5.0 (compatible; CensysInspect/1.1; +https://about.censys.io/)"
mediaeclips.infinitibizsol.com:443 57.141.4.21 - - [10/Jun/2025:07:04:01 +0000] "GET /latest-seo-trends-you-need-to-know-in-2024/ HTTP/1.1" 404 102252 "-" "meta-externalagent/1.1 (+https://developers.facebook.com/docs/sharing/webmasters/crawler)"
mediaeclips.infinitibizsol.com:443 162.0.223.40 - - [10/Jun/2025:07:05:10 +0000] "POST /wp-cron.php?doing_wp_cron=1749539109.7189319133758544921875 HTTP/1.1" 499 0 "-" "WordPress/6.5.5; https://mediaeclips.com"
mediaeclips.infinitibizsol.com:443 51.222.253.12 - - [10/Jun/2025:07:05:11 +0000] "GET /tag/best-social-media-marketing-tools/feed/ HTTP/1.1" 304 0 "-" "Mozilla/5.0 (compatible; AhrefsBot/7.0; +http://ahrefs.com/robot/)"
mediaeclips.infinitibizsol.com:443 45.227.253.15 - - [10/Jun/2025:07:08:02 +0000] "GET /index.php/jk HTTP/1.1" 200 54 "-" "Mozilla/5.0 (Macintosh; Intel Mac OS X 10.13; rv:103.0) Gecko/20100101 Firefox/102.0"
mediaeclips.infinitibizsol.com:443 162.0.223.40 - - [10/Jun/2025:07:11:27 +0000] "POST /wp-cron.php?doing_wp_cron=1749539486.8574979305267333984375 HTTP/1.1" 499 0 "-" "WordPress/6.5.5; https://mediaeclips.com"
mediaeclips.infinitibizsol.com:443 51.222.253.14 - - [10/Jun/2025:07:11:28 +0000] "GET /tag/web-development-trends-in-2024/feed/ HTTP/1.1" 304 0 "-" "Mozilla/5.0 (compatible; AhrefsBot/7.0; +http://ahrefs.com/robot/)"
mediaeclips.infinitibizsol.com:80 43.135.140.225 - - [10/Jun/2025:07:12:30 +0000] "GET / HTTP/1.1" 404 5 "-" "Mozilla/5.0 (iPhone; CPU iPhone OS 13_2_3 like Mac OS X) AppleWebKit/605.1.15 (KHTML, like Gecko) Version/13.0.3 Mobile/15E148 Safari/604.1"
mediaeclips.infinitibizsol.com:80 5.161.216.238 - - [10/Jun/2025:07:16:58 +0000] "POST /wp-load.php?ce1e27=42139 HTTP/1.1" 200 1748 "-" "Mozilla/5.0 (Windows NT 10.0; Win64; x64) AppleWebKit/537.36 (KHTML, like Gecko) Chrome/104.0.5112.97 Safari/537.36"
mediaeclips.infinitibizsol.com:80 162.0.223.40 - - [10/Jun/2025:07:19:20 +0000] "POST /wp-cron.php?doing_wp_cron=1749539959.9519569873809814453125 HTTP/1.1" 499 0 "-" "WordPress/6.5.5; https://mediaeclips.com"
mediaeclips.infinitibizsol.com:80 180.102.134.69 - - [10/Jun/2025:07:19:21 +0000] "GET / HTTP/1.1" 404 5 "-" "Mozilla/5.0 (iPhone; CPU iPhone OS 13_2_3 like Mac OS X) AppleWebKit/605.1.15 (KHTML, like Gecko) Version/13.0.3 Mobile/15E148 Safari/604.1"
mediaeclips.infinitibizsol.com:443 162.0.223.40 - - [10/Jun/2025:07:28:11 +0000] "POST /wp-cron.php?doing_wp_cron=1749540490.1362659931182861328125 HTTP/1.1" 499 0 "-" "WordPress/6.5.5; https://mediaeclips.com"
mediaeclips.infinitibizsol.com:443 66.249.64.164 - - [10/Jun/2025:07:28:11 +0000] "GET /sitemap.xml HTTP/1.1" 404 5 "-" "Mozilla/5.0 (compatible; Googlebot/2.1; +http://www.google.com/bot.html)"
mediaeclips.infinitibizsol.com:443 34.174.145.230 - - [10/Jun/2025:07:31:11 +0000] "GET /top-web-development-trends-in-2024/ HTTP/1.1" 404 105985 "-" "Mozilla/5.0 (Macintosh; Intel Mac OS X 10.15; rv:109.0) Gecko/20100101 Firefox/116.0"
mediaeclips.infinitibizsol.com:80 5.161.216.238 - - [10/Jun/2025:07:32:04 +0000] "POST /wp-load.php?1672b6=30411 HTTP/1.1" 200 1748 "-" "Mozilla/5.0 (Windows NT 10.0; Win64; x64) AppleWebKit/537.36 (KHTML, like Gecko) Chrome/104.0.5112.97 Safari/537.36"
mediaeclips.infinitibizsol.com:443 52.167.144.163 - - [10/Jun/2025:07:34:48 +0000] "GET /wp-content/uploads/2024/01/Top-Web-Development-Trends-in-2024-Featured.jpg HTTP/1.1" 200 70237 "-" "Mozilla/5.0 AppleWebKit/537.36 (KHTML, like Gecko; compatible; bingbot/2.0; +http://www.bing.com/bingbot.htm) Chrome/116.0.1938.76 Safari/537.36"
mediaeclips.infinitibizsol.com:443 162.0.223.40 - - [10/Jun/2025:07:36:16 +0000] "POST /wp-cron.php?doing_wp_cron=1749540974.9828879833221435546875 HTTP/1.1" 499 0 "-" "WordPress/6.5.5; https://mediaeclips.com"
mediaeclips.infinitibizsol.com:443 66.249.64.163 - - [10/Jun/2025:07:36:16 +0000] "GET /shopdetail/4290339 HTTP/1.1" 404 5 "-" "Mozilla/5.0 (compatible; Googlebot/2.1; +http://www.google.com/bot.html)"
mediaeclips.infinitibizsol.com:443 170.39.218.62 - - [10/Jun/2025:07:38:30 +0000] "GET /wp-content/plugins/elementskit-lite/widgets/init/assets/js/animate-circle.min.js?ver=3.1.3 HTTP/1.1" 200 681 "-" "Mozilla/5.0 (Windows NT 10.0; Win64; x64) AppleWebKit/537.36 Chrome/121.0.0.0"
mediaeclips.infinitibizsol.com:80 5.161.44.164 - - [10/Jun/2025:07:47:06 +0000] "POST /wp-load.php?06743c=80829 HTTP/1.1" 200 1748 "-" "Mozilla/5.0 (Windows NT 10.0; Win64; x64) AppleWebKit/537.36 (KHTML, like Gecko) Chrome/104.0.5112.97 Safari/537.36"
mediaeclips.infinitibizsol.com:443 156.228.124.68 - - [10/Jun/2025:07:49:03 +0000] "GET / HTTP/1.1" 404 108444 "-" "Mozilla/5.0 (X11; Linux i686) AppleWebKit/537.36 (KHTML, like Gecko) Chrome/114.0.0.0 Safari/537.36 Vivaldi/5.3.2679.68"
mediaeclips.infinitibizsol.com:443 156.228.124.68 - - [10/Jun/2025:07:49:04 +0000] "GET /wp-content/plugins/contact-form-7/includes/js/index.js?ver=5.9.4 HTTP/1.1" 200 13054 "https://mediaeclips.com/" "Mozilla/5.0 (X11; Linux i686) AppleWebKit/537.36 (KHTML, like Gecko) Chrome/114.0.0.0 Safari/537.36 Vivaldi/5.3.2679.68"
mediaeclips.infinitibizsol.com:443 162.0.223.40 - - [10/Jun/2025:07:49:29 +0000] "POST /wp-cron.php?doing_wp_cron=1749541768.1052269935607910156250 HTTP/1.1" 499 0 "-" "WordPress/6.5.5; https://mediaeclips.com"
mediaeclips.infinitibizsol.com:443 156.228.124.68 - - [10/Jun/2025:07:49:29 +0000] "POST /wp-json/contact-form-7/v1/contact-forms/159/feedback HTTP/1.1" 404 244 "https://mediaeclips.com/" "Mozilla/5.0 (X11; Linux i686) AppleWebKit/537.36 (KHTML, like Gecko) Chrome/114.0.0.0 Safari/537.36 Vivaldi/5.3.2679.68"
mediaeclips.infinitibizsol.com:80 139.180.180.168 - - [10/Jun/2025:07:52:45 +0000] "POST /wp-load.php?5ad1f2=27035 HTTP/1.1" 200 2676 "http://mediaeclips.com/" "Mozilla/5.0 (Windows NT 10.0; Win64; x64) AppleWebKit/537.36 (KHTML, like Gecko) Chrome/104.0.5112.97 Safari/537.36"
mediaeclips.infinitibizsol.com:80 5.161.177.123 - - [10/Jun/2025:07:52:46 +0000] "POST /wp-load.php?6a5523=42462 HTTP/1.1" 200 2676 "http://mediaeclips.com/" "Mozilla/5.0 (Windows NT 10.0; Win64; x64) AppleWebKit/537.36 (KHTML, like Gecko) Chrome/104.0.5112.97 Safari/537.36"
mediaeclips.infinitibizsol.com:80 116.202.110.255 - - [10/Jun/2025:07:52:48 +0000] "POST /wp-load.php?58b39f=7459 HTTP/1.1" 200 2676 "http://mediaeclips.com/" "Mozilla/5.0 (Windows NT 10.0; Win64; x64) AppleWebKit/537.36 (KHTML, like Gecko) Chrome/104.0.5112.97 Safari/537.36"
mediaeclips.infinitibizsol.com:80 178.156.136.36 - - [10/Jun/2025:07:52:50 +0000] "POST /wp-load.php?7a0cb6=7098 HTTP/1.1" 200 11053 "http://mediaeclips.com/" "Mozilla/5.0 (Windows NT 10.0; Win64; x64) AppleWebKit/537.36 (KHTML, like Gecko) Chrome/104.0.5112.97 Safari/537.36"
mediaeclips.infinitibizsol.com:80 5.161.201.188 - - [10/Jun/2025:07:52:52 +0000] "POST /wp-load.php?395298=64219 HTTP/1.1" 200 1844 "http://mediaeclips.com/" "Mozilla/5.0 (Windows NT 10.0; Win64; x64) AppleWebKit/537.36 (KHTML, like Gecko) Chrome/104.0.5112.97 Safari/537.36"
mediaeclips.infinitibizsol.com:80 5.161.106.94 - - [10/Jun/2025:07:52:53 +0000] "POST /wp-load.php?aeb17c=86735 HTTP/1.1" 200 20153 "http://mediaeclips.com/" "Mozilla/5.0 (Windows NT 10.0; Win64; x64) AppleWebKit/537.36 (KHTML, like Gecko) Chrome/104.0.5112.97 Safari/537.36"
mediaeclips.infinitibizsol.com:80 5.161.201.188 - - [10/Jun/2025:07:52:55 +0000] "POST /wp-load.php?6d671f=39179 HTTP/1.1" 200 1748 "-" "Mozilla/5.0 (Windows NT 10.0; Win64; x64) AppleWebKit/537.36 (KHTML, like Gecko) Chrome/104.0.5112.97 Safari/537.36"
mediaeclips.infinitibizsol.com:80 5.161.216.238 - - [10/Jun/2025:07:52:57 +0000] "GET /wp-load.php?bvprms=ZXlKMWMyVnlibUZ0WlNJNklsbFhVblJoVnpROUlpd2lZblp3ZEdsdFpTSTZNVGMwT1RVME1UazNOSDA9&bvprmsmac=ad4825667e4731a994a443a5cb16d150a3dc0c27&sersafe=bvprms&unser%5B%5D=bvprms&b64%5B%5D=bvprms&b64%5B%5D=bvprms&wing=manage&bvplugname=airlift&bvb64=true&bvreqmerge=true&apipage=blogvault&checksum=md5&bvb64resp=true&afterload=true&memset=512&bvTime=1749541974&bvVersion=0.1&bvMethod=atolgn&pubkey=e46aad5359fbdc0dd1b7ffec78df281f&sha1=true&sighshalgo&sig=ntj57xegBCk9z01qA6qR3WYHlnc5QqdM%2B0Qw2EOjxt%2BA86HnmjYz2bIQKimSGd3DiWDG%2FRC8z6hqXAPSJ1Bqi03SOI9J6DrbD8kOj9SoEt3mcEdGuEk4YjeCV9EgONXvc%2B8hN6zn2TyilfiRQ5nCCDLUYWpSOYsMScQ8bVNKuaUp4xfl1iQE%2Bp8bsrROl1Uj21HqDBJw6VobTJ%2BOMtLI7gbOMdHzEHdDlvnbVU1jZxDbYgOW0dqLHudBuLAwNTIpiat%2FwUYauVmwUnjppyCPrD%2F4YM%2BK8hRke3%2Fj9B%2BrxUfVdCttAFw08E3Szwfh9wbFnRFsfcNW%2F6by%2B9VugzW3xQ%3D%3D HTTP/1.1" 302 5 "http://mediaeclips.com/" "Mozilla/5.0 (Windows NT 10.0; Win64; x64) AppleWebKit/537.36 (KHTML, like Gecko) Chrome/104.0.5112.97 Safari/537.36"
mediaeclips.infinitibizsol.com:80 5.161.216.238 - - [10/Jun/2025:07:53:04 +0000] "POST /wp-admin/admin-ajax.php?a82455=75339 HTTP/1.1" 200 92053 "http://mediaeclips.com/" "Mozilla/5.0 (Windows NT 10.0; Win64; x64) AppleWebKit/537.36 (KHTML, like Gecko) Chrome/104.0.5112.97 Safari/537.36"
mediaeclips.infinitibizsol.com:80 5.161.201.188 - - [10/Jun/2025:07:53:06 +0000] "POST /wp-load.php?78b4d3=16510 HTTP/1.1" 200 1612 "http://mediaeclips.com/" "Mozilla/5.0 (Windows NT 10.0; Win64; x64) AppleWebKit/537.36 (KHTML, like Gecko) Chrome/104.0.5112.97 Safari/537.36"
mediaeclips.infinitibizsol.com:80 178.156.136.36 - - [10/Jun/2025:07:53:08 +0000] "POST /wp-load.php?70fa28=75344 HTTP/1.1" 200 19188 "http://mediaeclips.com/" "Mozilla/5.0 (Windows NT 10.0; Win64; x64) AppleWebKit/537.36 (KHTML, like Gecko) Chrome/104.0.5112.97 Safari/537.36"
mediaeclips.infinitibizsol.com:80 5.161.250.15 - - [10/Jun/2025:07:53:09 +0000] "POST /wp-load.php?52b05d=52404 HTTP/1.1" 200 1732 "http://mediaeclips.com/" "Mozilla/5.0 (Windows NT 10.0; Win64; x64) AppleWebKit/537.36 (KHTML, like Gecko) Chrome/104.0.5112.97 Safari/537.36"
mediaeclips.infinitibizsol.com:80 5.161.216.238 - - [10/Jun/2025:07:53:10 +0000] "POST /wp-load.php?e478e7=17864 HTTP/1.1" 200 1564 "http://mediaeclips.com/" "Mozilla/5.0 (Windows NT 10.0; Win64; x64) AppleWebKit/537.36 (KHTML, like Gecko) Chrome/104.0.5112.97 Safari/537.36"
mediaeclips.infinitibizsol.com:80 139.180.180.168 - - [10/Jun/2025:07:53:12 +0000] "POST /wp-load.php?85d4fb=96615 HTTP/1.1" 200 1746 "http://mediaeclips.com/" "Mozilla/5.0 (Windows NT 10.0; Win64; x64) AppleWebKit/537.36 (KHTML, like Gecko) Chrome/104.0.5112.97 Safari/537.36"
mediaeclips.infinitibizsol.com:80 188.245.87.173 - - [10/Jun/2025:07:53:13 +0000] "POST /wp-load.php?31b61a=45228 HTTP/1.1" 200 5594282 "http://mediaeclips.com/" "Mozilla/5.0 (Windows NT 10.0; Win64; x64) AppleWebKit/537.36 (KHTML, like Gecko) Chrome/104.0.5112.97 Safari/537.36"
mediaeclips.infinitibizsol.com:80 5.161.106.94 - - [10/Jun/2025:07:53:13 +0000] "POST /wp-load.php?43fc50=699 HTTP/1.1" 200 4705 "http://mediaeclips.com/" "Mozilla/5.0 (Windows NT 10.0; Win64; x64) AppleWebKit/537.36 (KHTML, like Gecko) Chrome/104.0.5112.97 Safari/537.36"
mediaeclips.infinitibizsol.com:80 5.161.216.238 - - [10/Jun/2025:07:53:15 +0000] "POST /wp-load.php?70bce3=53553 HTTP/1.1" 200 1624 "http://mediaeclips.com/" "Mozilla/5.0 (Windows NT 10.0; Win64; x64) AppleWebKit/537.36 (KHTML, like Gecko) Chrome/104.0.5112.97 Safari/537.36"
mediaeclips.infinitibizsol.com:80 178.156.136.36 - - [10/Jun/2025:07:53:17 +0000] "POST /wp-load.php?c6b96f=14949 HTTP/1.1" 200 1588 "http://mediaeclips.com/" "Mozilla/5.0 (Windows NT 10.0; Win64; x64) AppleWebKit/537.36 (KHTML, like Gecko) Chrome/104.0.5112.97 Safari/537.36"
mediaeclips.infinitibizsol.com:80 5.161.201.188 - - [10/Jun/2025:07:53:19 +0000] "POST /wp-load.php?56a4cf=20984 HTTP/1.1" 200 1680 "http://mediaeclips.com/" "Mozilla/5.0 (Windows NT 10.0; Win64; x64) AppleWebKit/537.36 (KHTML, like Gecko) Chrome/104.0.5112.97 Safari/537.36"
mediaeclips.infinitibizsol.com:80 5.161.201.188 - - [10/Jun/2025:07:53:21 +0000] "POST /wp-load.php?418fc4=764 HTTP/1.1" 200 1592 "http://mediaeclips.com/" "Mozilla/5.0 (Windows NT 10.0; Win64; x64) AppleWebKit/537.36 (KHTML, like Gecko) Chrome/104.0.5112.97 Safari/537.36"
mediaeclips.infinitibizsol.com:80 5.161.177.123 - - [10/Jun/2025:07:53:23 +0000] "POST /wp-load.php?b12386=79850 HTTP/1.1" 200 1752 "http://mediaeclips.com/" "Mozilla/5.0 (Windows NT 10.0; Win64; x64) AppleWebKit/537.36 (KHTML, like Gecko) Chrome/104.0.5112.97 Safari/537.36"
mediaeclips.infinitibizsol.com:80 162.0.223.40 - - [10/Jun/2025:07:53:29 +0000] "POST /wp-cron.php?doing_wp_cron=1749542007.9553699493408203125000 HTTP/1.1" 499 0 "-" "WordPress/6.5.5; https://mediaeclips.com"
mediaeclips.infinitibizsol.com:80 139.180.180.168 - - [10/Jun/2025:07:53:29 +0000] "POST /ca94dc9d1665afa0d9421663ce8122348701f8caa0c42aefcc979c113e180eb1.php?025a1f=53383 HTTP/1.1" 404 5 "http://mediaeclips.com/" "Mozilla/5.0 (Windows NT 10.0; Win64; x64) AppleWebKit/537.36 (KHTML, like Gecko) Chrome/104.0.5112.97 Safari/537.36"
mediaeclips.infinitibizsol.com:80 5.161.250.15 - - [10/Jun/2025:07:53:34 +0000] "POST /ca94dc9d1665afa0d9421663ce8122348701f8caa0c42aefcc979c113e180eb1.php?6b5974=69479 HTTP/1.1" 404 5 "http://mediaeclips.com/" "Mozilla/5.0 (Windows NT 10.0; Win64; x64) AppleWebKit/537.36 (KHTML, like Gecko) Chrome/104.0.5112.97 Safari/537.36"
mediaeclips.infinitibizsol.com:80 5.161.250.15 - - [10/Jun/2025:07:53:38 +0000] "POST /ca94dc9d1665afa0d9421663ce8122348701f8caa0c42aefcc979c113e180eb1.php?200673=71378 HTTP/1.1" 404 5 "http://mediaeclips.com/" "Mozilla/5.0 (Windows NT 10.0; Win64; x64) AppleWebKit/537.36 (KHTML, like Gecko) Chrome/104.0.5112.97 Safari/537.36"
mediaeclips.infinitibizsol.com:80 5.161.52.234 - - [10/Jun/2025:07:53:41 +0000] "POST /ca94dc9d1665afa0d9421663ce8122348701f8caa0c42aefcc979c113e180eb1.php?83ed66=738 HTTP/1.1" 404 5 "http://mediaeclips.com/" "Mozilla/5.0 (Windows NT 10.0; Win64; x64) AppleWebKit/537.36 (KHTML, like Gecko) Chrome/104.0.5112.97 Safari/537.36"
mediaeclips.infinitibizsol.com:80 139.180.180.168 - - [10/Jun/2025:07:53:46 +0000] "POST /ca94dc9d1665afa0d9421663ce8122348701f8caa0c42aefcc979c113e180eb1.php?58b3da=35184 HTTP/1.1" 404 5 "http://mediaeclips.com/" "Mozilla/5.0 (Windows NT 10.0; Win64; x64) AppleWebKit/537.36 (KHTML, like Gecko) Chrome/104.0.5112.97 Safari/537.36"
mediaeclips.infinitibizsol.com:80 139.180.180.168 - - [10/Jun/2025:07:53:51 +0000] "POST /ca94dc9d1665afa0d9421663ce8122348701f8caa0c42aefcc979c113e180eb1.php?c2bf8b=51599 HTTP/1.1" 404 5 "http://mediaeclips.com/" "Mozilla/5.0 (Windows NT 10.0; Win64; x64) AppleWebKit/537.36 (KHTML, like Gecko) Chrome/104.0.5112.97 Safari/537.36"
mediaeclips.infinitibizsol.com:80 5.161.44.164 - - [10/Jun/2025:07:53:53 +0000] "POST /wp-load.php?e8790f=52441 HTTP/1.1" 200 1752 "http://mediaeclips.com/" "Mozilla/5.0 (Windows NT 10.0; Win64; x64) AppleWebKit/537.36 (KHTML, like Gecko) Chrome/104.0.5112.97 Safari/537.36"
mediaeclips.infinitibizsol.com:80 139.180.180.168 - - [10/Jun/2025:07:53:55 +0000] "POST /wp-load.php?2d980d=89388 HTTP/1.1" 200 29224 "http://mediaeclips.com/" "Mozilla/5.0 (Windows NT 10.0; Win64; x64) AppleWebKit/537.36 (KHTML, like Gecko) Chrome/104.0.5112.97 Safari/537.36"
mediaeclips.infinitibizsol.com:80 5.161.106.94 - - [10/Jun/2025:07:53:57 +0000] "POST /wp-load.php?d8f35f=67743 HTTP/1.1" 200 1616 "http://mediaeclips.com/" "Mozilla/5.0 (Windows NT 10.0; Win64; x64) AppleWebKit/537.36 (KHTML, like Gecko) Chrome/104.0.5112.97 Safari/537.36"
mediaeclips.infinitibizsol.com:80 5.161.106.94 - - [10/Jun/2025:07:53:58 +0000] "POST /wp-load.php?a04ea6=3293 HTTP/1.1" 200 35652 "http://mediaeclips.com/" "Mozilla/5.0 (Windows NT 10.0; Win64; x64) AppleWebKit/537.36 (KHTML, like Gecko) Chrome/104.0.5112.97 Safari/537.36"
mediaeclips.infinitibizsol.com:80 5.161.216.238 - - [10/Jun/2025:07:53:59 +0000] "POST /wp-load.php?17651f=94684 HTTP/1.1" 200 3983 "http://mediaeclips.com/" "Mozilla/5.0 (Windows NT 10.0; Win64; x64) AppleWebKit/537.36 (KHTML, like Gecko) Chrome/104.0.5112.97 Safari/537.36"
mediaeclips.infinitibizsol.com:80 5.161.216.238 - - [10/Jun/2025:07:54:01 +0000] "POST /wp-load.php?c08100=69248 HTTP/1.1" 200 15076 "http://mediaeclips.com/" "Mozilla/5.0 (Windows NT 10.0; Win64; x64) AppleWebKit/537.36 (KHTML, like Gecko) Chrome/104.0.5112.97 Safari/537.36"
mediaeclips.infinitibizsol.com:80 5.161.201.188 - - [10/Jun/2025:07:54:09 +0000] "POST /wp-load.php?742e7e=60997 HTTP/1.1" 200 2732 "http://mediaeclips.com/" "Mozilla/5.0 (Windows NT 10.0; Win64; x64) AppleWebKit/537.36 (KHTML, like Gecko) Chrome/104.0.5112.97 Safari/537.36"
mediaeclips.infinitibizsol.com:80 139.180.180.168 - - [10/Jun/2025:07:54:12 +0000] "POST /wp-load.php?a0700f=8302 HTTP/1.1" 200 4593 "http://mediaeclips.com/" "Mozilla/5.0 (Windows NT 10.0; Win64; x64) AppleWebKit/537.36 (KHTML, like Gecko) Chrome/104.0.5112.97 Safari/537.36"
mediaeclips.infinitibizsol.com:80 139.180.180.168 - - [10/Jun/2025:07:54:16 +0000] "POST /wp-load.php?4b5975=50890 HTTP/1.1" 200 6973 "http://mediaeclips.com/" "Mozilla/5.0 (Windows NT 10.0; Win64; x64) AppleWebKit/537.36 (KHTML, like Gecko) Chrome/104.0.5112.97 Safari/537.36"
mediaeclips.infinitibizsol.com:443 178.156.128.204 - null [10/Jun/2025:07:54:24 +0000] "GET /?bvspeed=true?x=85715278417218 HTTP/1.1" 404 5 "https://www.google.com/" "Mozilla/5.0 (X11; Linux x86_64) AppleWebKit/537.36 (KHTML, like Gecko) Chrome/117.0.0.0 Safari/537.36"
mediaeclips.infinitibizsol.com:443 5.161.201.188 - - [10/Jun/2025:07:54:25 +0000] "GET /?bv_print_buffer=true&nonitro=true&x=robots.txt&two_nooptimize=true&before_optm=true HTTP/1.1" 404 108462 "-" "Mozilla/5.0 (Windows NT 10.0; Win64; x64) AppleWebKit/537.36 (KHTML, like Gecko) Chrome/Chrome/129.0.0.0 Safari/537.36"
mediaeclips.infinitibizsol.com:443 178.156.128.204 - - [10/Jun/2025:07:54:26 +0000] "GET /?bvspeed=true HTTP/1.1" 404 108288 "-" "Mozilla/5.0 (Linux; Android 11; moto g power (2022)) AppleWebKit/537.36 (KHTML, like Gecko) Chrome/109.0.0.0 Mobile Safari/537.36"
mediaeclips.infinitibizsol.com:443 178.156.128.204 - - [10/Jun/2025:07:54:27 +0000] "GET /wp-content/plugins/contact-form-7/includes/css/styles.css?ver=5.9.4 HTTP/1.1" 200 2894 "https://mediaeclips.com/?bvspeed=true" "Mozilla/5.0 (Linux; Android 11; moto g power (2022)) AppleWebKit/537.36 (KHTML, like Gecko) Chrome/109.0.0.0 Mobile Safari/537.36"
mediaeclips.infinitibizsol.com:443 178.156.128.204 - - [10/Jun/2025:07:54:27 +0000] "GET /wp-content/themes/ziptech/css/responsive.css?ver=6.5.5 HTTP/1.1" 200 9773 "https://mediaeclips.com/?bvspeed=true" "Mozilla/5.0 (Linux; Android 11; moto g power (2022)) AppleWebKit/537.36 (KHTML, like Gecko) Chrome/109.0.0.0 Mobile Safari/537.36"
mediaeclips.infinitibizsol.com:443 178.156.128.204 - - [10/Jun/2025:07:54:27 +0000] "GET /wp-content/themes/ziptech/style.css?ver=2023-03-20 HTTP/1.1" 200 10974 "https://mediaeclips.com/?bvspeed=true" "Mozilla/5.0 (Linux; Android 11; moto g power (2022)) AppleWebKit/537.36 (KHTML, like Gecko) Chrome/109.0.0.0 Mobile Safari/537.36"
mediaeclips.infinitibizsol.com:443 178.156.128.204 - - [10/Jun/2025:07:54:27 +0000] "GET /wp-content/themes/ziptech/css/style-dark.css?ver=6.5.5 HTTP/1.1" 200 4282 "https://mediaeclips.com/?bvspeed=true" "Mozilla/5.0 (Linux; Android 11; moto g power (2022)) AppleWebKit/537.36 (KHTML, like Gecko) Chrome/109.0.0.0 Mobile Safari/537.36"
mediaeclips.infinitibizsol.com:443 178.156.128.204 - - [10/Jun/2025:07:54:27 +0000] "GET /wp-content/themes/ziptech/css/style.css?ver=6.5.5 HTTP/1.1" 200 256580 "https://mediaeclips.com/?bvspeed=true" "Mozilla/5.0 (Linux; Android 11; moto g power (2022)) AppleWebKit/537.36 (KHTML, like Gecko) Chrome/109.0.0.0 Mobile Safari/537.36"
mediaeclips.infinitibizsol.com:443 178.156.128.204 - - [10/Jun/2025:07:54:27 +0000] "GET /wp-content/plugins/elementskit-lite/modules/elementskit-icon-pack/assets/css/ekiticons.css?ver=3.1.3 HTTP/1.1" 200 124837 "https://mediaeclips.com/?bvspeed=true" "Mozilla/5.0 (Linux; Android 11; moto g power (2022)) AppleWebKit/537.36 (KHTML, like Gecko) Chrome/109.0.0.0 Mobile Safari/537.36"
mediaeclips.infinitibizsol.com:443 178.156.128.204 - - [10/Jun/2025:07:54:27 +0000] "GET /wp-content/plugins/tablepress/css/build/default.css?ver=2.3.1 HTTP/1.1" 200 6087 "https://mediaeclips.com/?bvspeed=true" "Mozilla/5.0 (Linux; Android 11; moto g power (2022)) AppleWebKit/537.36 (KHTML, like Gecko) Chrome/109.0.0.0 Mobile Safari/537.36"
mediaeclips.infinitibizsol.com:443 178.156.128.204 - - [10/Jun/2025:07:54:27 +0000] "GET /wp-content/plugins/elementor/assets/lib/eicons/css/elementor-icons.min.css?ver=5.29.0 HTTP/1.1" 200 19778 "https://mediaeclips.com/?bvspeed=true" "Mozilla/5.0 (Linux; Android 11; moto g power (2022)) AppleWebKit/537.36 (KHTML, like Gecko) Chrome/109.0.0.0 Mobile Safari/537.36"
mediaeclips.infinitibizsol.com:443 178.156.128.204 - - [10/Jun/2025:07:54:27 +0000] "GET /wp-content/plugins/elementor/assets/css/frontend-lite.min.css?ver=3.21.5 HTTP/1.1" 200 118945 "https://mediaeclips.com/?bvspeed=true" "Mozilla/5.0 (Linux; Android 11; moto g power (2022)) AppleWebKit/537.36 (KHTML, like Gecko) Chrome/109.0.0.0 Mobile Safari/537.36"
mediaeclips.infinitibizsol.com:443 178.156.128.204 - - [10/Jun/2025:07:54:27 +0000] "GET /wp-content/uploads/elementor/css/post-9.css?ver=1715183195 HTTP/1.1" 200 1168 "https://mediaeclips.com/?bvspeed=true" "Mozilla/5.0 (Linux; Android 11; moto g power (2022)) AppleWebKit/537.36 (KHTML, like Gecko) Chrome/109.0.0.0 Mobile Safari/537.36"
mediaeclips.infinitibizsol.com:443 178.156.128.204 - - [10/Jun/2025:07:54:27 +0000] "GET /wp-content/plugins/elementor/assets/lib/swiper/v8/css/swiper.min.css?ver=8.4.5 HTTP/1.1" 200 16471 "https://mediaeclips.com/?bvspeed=true" "Mozilla/5.0 (Linux; Android 11; moto g power (2022)) AppleWebKit/537.36 (KHTML, like Gecko) Chrome/109.0.0.0 Mobile Safari/537.36"
mediaeclips.infinitibizsol.com:443 178.156.128.204 - - [10/Jun/2025:07:54:27 +0000] "GET /wp-content/plugins/elementor-pro/assets/css/frontend-lite.min.css?ver=3.19.3 HTTP/1.1" 200 11053 "https://mediaeclips.com/?bvspeed=true" "Mozilla/5.0 (Linux; Android 11; moto g power (2022)) AppleWebKit/537.36 (KHTML, like Gecko) Chrome/109.0.0.0 Mobile Safari/537.36"
mediaeclips.infinitibizsol.com:443 178.156.128.204 - - [10/Jun/2025:07:54:27 +0000] "GET /wp-content/uploads/elementor/css/global.css?ver=1715183195 HTTP/1.1" 200 46618 "https://mediaeclips.com/?bvspeed=true" "Mozilla/5.0 (Linux; Android 11; moto g power (2022)) AppleWebKit/537.36 (KHTML, like Gecko) Chrome/109.0.0.0 Mobile Safari/537.36"
mediaeclips.infinitibizsol.com:443 178.156.128.204 - - [10/Jun/2025:07:54:27 +0000] "GET /wp-content/uploads/elementor/css/post-107.css?ver=1715800560 HTTP/1.1" 200 30721 "https://mediaeclips.com/?bvspeed=true" "Mozilla/5.0 (Linux; Android 11; moto g power (2022)) AppleWebKit/537.36 (KHTML, like Gecko) Chrome/109.0.0.0 Mobile Safari/537.36"
mediaeclips.infinitibizsol.com:443 178.156.128.204 - - [10/Jun/2025:07:54:27 +0000] "GET /wp-content/plugins/elementskit-lite/widgets/init/assets/css/widget-styles.css?ver=3.1.3 HTTP/1.1" 200 445845 "https://mediaeclips.com/?bvspeed=true" "Mozilla/5.0 (Linux; Android 11; moto g power (2022)) AppleWebKit/537.36 (KHTML, like Gecko) Chrome/109.0.0.0 Mobile Safari/537.36"
mediaeclips.infinitibizsol.com:443 178.156.128.204 - - [10/Jun/2025:07:54:27 +0000] "GET /wp-content/plugins/elementskit-lite/widgets/init/assets/css/responsive.css?ver=3.1.3 HTTP/1.1" 200 30299 "https://mediaeclips.com/?bvspeed=true" "Mozilla/5.0 (Linux; Android 11; moto g power (2022)) AppleWebKit/537.36 (KHTML, like Gecko) Chrome/109.0.0.0 Mobile Safari/537.36"
mediaeclips.infinitibizsol.com:443 178.156.128.204 - - [10/Jun/2025:07:54:27 +0000] "GET /wp-content/plugins/elementor/assets/lib/font-awesome/css/fontawesome.min.css?ver=5.15.3 HTTP/1.1" 200 58071 "https://mediaeclips.com/?bvspeed=true" "Mozilla/5.0 (Linux; Android 11; moto g power (2022)) AppleWebKit/537.36 (KHTML, like Gecko) Chrome/109.0.0.0 Mobile Safari/537.36"
mediaeclips.infinitibizsol.com:443 178.156.128.204 - - [10/Jun/2025:07:54:27 +0000] "GET /wp-content/plugins/essential-addons-for-elementor-lite/assets/front-end/css/view/general.min.css?ver=5.9.21 HTTP/1.1" 200 3829 "https://mediaeclips.com/?bvspeed=true" "Mozilla/5.0 (Linux; Android 11; moto g power (2022)) AppleWebKit/537.36 (KHTML, like Gecko) Chrome/109.0.0.0 Mobile Safari/537.36"
