mediaeclips.infinitibizsol.com:443 110.249.201.89 - - [11/Jun/2025:22:37:44 +0000] "GET /wp-content/themes/ziptech/css/custom-animation.css HTTP/1.1" 200 9217 "https://mediaeclips.com/wp-content/themes/ziptech/css/style.css?ver=6.5.5" "Mozilla/5.0 (Linux; Android 5.0) AppleWebKit/537.36 (KHTML, like Gecko) Mobile Safari/537.36 (compatible; Bytespider; https://zhanzhang.toutiao.com/)"
mediaeclips.infinitibizsol.com:443 110.249.201.95 - - [11/Jun/2025:22:37:45 +0000] "GET /wp-content/themes/ziptech/css/kursor.css HTTP/1.1" 200 6346 "https://mediaeclips.com/wp-content/themes/ziptech/css/style.css?ver=6.5.5" "Mozilla/5.0 (Linux; Android 5.0) AppleWebKit/537.36 (KHTML, like Gecko) Mobile Safari/537.36 (compatible; Bytespider; https://zhanzhang.toutiao.com/)"
mediaeclips.infinitibizsol.com:443 110.249.201.91 - - [11/Jun/2025:22:37:45 +0000] "GET /wp-content/themes/ziptech/js/jquery-3.6.0.min.js?ver=6.5.5 HTTP/1.1" 200 89501 "https://mediaeclips.com/" "Mozilla/5.0 (Linux; Android 5.0) AppleWebKit/537.36 (KHTML, like Gecko) Mobile Safari/537.36 (compatible; Bytespider; https://zhanzhang.toutiao.com/)"
mediaeclips.infinitibizsol.com:443 110.249.201.89 - - [11/Jun/2025:22:37:45 +0000] "GET /wp-content/themes/ziptech/js/jquery.nice-select.min.js?ver=6.5.5 HTTP/1.1" 200 2942 "https://mediaeclips.com/" "Mozilla/5.0 (Linux; Android 5.0) AppleWebKit/537.36 (KHTML, like Gecko) Mobile Safari/537.36 (compatible; Bytespider; https://zhanzhang.toutiao.com/)"
mediaeclips.infinitibizsol.com:443 110.249.201.85 - - [11/Jun/2025:22:37:45 +0000] "GET /wp-content/themes/ziptech/js/owl.carousel.min.js?ver=6.5.5 HTTP/1.1" 200 44342 "https://mediaeclips.com/" "Mozilla/5.0 (Linux; Android 5.0) AppleWebKit/537.36 (KHTML, like Gecko) Mobile Safari/537.36 (compatible; Bytespider; https://zhanzhang.toutiao.com/)"
mediaeclips.infinitibizsol.com:443 110.249.201.91 - - [11/Jun/2025:22:37:45 +0000] "GET /wp-content/themes/ziptech/js/bootstrap.min.js?ver=6.5.5 HTTP/1.1" 200 60089 "https://mediaeclips.com/" "Mozilla/5.0 (Linux; Android 5.0) AppleWebKit/537.36 (KHTML, like Gecko) Mobile Safari/537.36 (compatible; Bytespider; https://zhanzhang.toutiao.com/)"
mediaeclips.infinitibizsol.com:443 110.249.201.91 - - [11/Jun/2025:22:37:45 +0000] "GET /wp-content/themes/ziptech/js/jquery.event.move.js?ver=6.5.5 HTTP/1.1" 200 14530 "https://mediaeclips.com/" "Mozilla/5.0 (Linux; Android 5.0) AppleWebKit/537.36 (KHTML, like Gecko) Mobile Safari/537.36 (compatible; Bytespider; https://zhanzhang.toutiao.com/)"
mediaeclips.infinitibizsol.com:443 110.249.201.97 - - [11/Jun/2025:22:37:45 +0000] "GET /wp-content/themes/ziptech/js/jquery.appear.min.js?ver=6.5.5 HTTP/1.1" 200 1266 "https://mediaeclips.com/" "Mozilla/5.0 (Linux; Android 5.0) AppleWebKit/537.36 (KHTML, like Gecko) Mobile Safari/537.36 (compatible; Bytespider; https://zhanzhang.toutiao.com/)"
mediaeclips.infinitibizsol.com:443 110.249.201.95 - - [11/Jun/2025:22:37:45 +0000] "GET /wp-content/themes/ziptech/js/wow.min.js?ver=6.5.5 HTTP/1.1" 200 8155 "https://mediaeclips.com/" "Mozilla/5.0 (Linux; Android 5.0) AppleWebKit/537.36 (KHTML, like Gecko) Mobile Safari/537.36 (compatible; Bytespider; https://zhanzhang.toutiao.com/)"
mediaeclips.infinitibizsol.com:443 110.249.201.89 - - [11/Jun/2025:22:37:46 +0000] "GET /wp-content/themes/ziptech/js/magnific-popup.min.js?ver=6.5.5 HTTP/1.1" 200 20216 "https://mediaeclips.com/" "Mozilla/5.0 (Linux; Android 5.0) AppleWebKit/537.36 (KHTML, like Gecko) Mobile Safari/537.36 (compatible; Bytespider; https://zhanzhang.toutiao.com/)"
mediaeclips.infinitibizsol.com:443 110.249.201.95 - - [11/Jun/2025:22:37:46 +0000] "GET /wp-content/themes/ziptech/js/tilt.jquery.min.js?ver=6.5.5 HTTP/1.1" 200 5640 "https://mediaeclips.com/" "Mozilla/5.0 (Linux; Android 5.0) AppleWebKit/537.36 (KHTML, like Gecko) Mobile Safari/537.36 (compatible; Bytespider; https://zhanzhang.toutiao.com/)"
mediaeclips.infinitibizsol.com:443 110.249.201.85 - - [11/Jun/2025:22:37:46 +0000] "GET /wp-content/uploads/2024/03/imgpsh_fullsize_anim-2-e1709678697288.png HTTP/1.1" 206 500 "https://mediaeclips.com/" "Mozilla/5.0 (Linux; Android 5.0) AppleWebKit/537.36 (KHTML, like Gecko) Mobile Safari/537.36 (compatible; Bytespider; https://zhanzhang.toutiao.com/)"
mediaeclips.infinitibizsol.com:443 110.249.201.97 - - [11/Jun/2025:22:37:46 +0000] "GET /wp-content/themes/ziptech/js/jquery.twentytwenty.js?ver=6.5.5 HTTP/1.1" 200 5414 "https://mediaeclips.com/" "Mozilla/5.0 (Linux; Android 5.0) AppleWebKit/537.36 (KHTML, like Gecko) Mobile Safari/537.36 (compatible; Bytespider; https://zhanzhang.toutiao.com/)"
mediaeclips.infinitibizsol.com:443 110.249.201.91 - - [11/Jun/2025:22:37:46 +0000] "GET /wp-content/plugins/elementor-pro/assets/js/webpack-pro.runtime.min.js?ver=3.19.3 HTTP/1.1" 200 5825 "https://mediaeclips.com/" "Mozilla/5.0 (Linux; Android 5.0) AppleWebKit/537.36 (KHTML, like Gecko) Mobile Safari/537.36 (compatible; Bytespider; https://zhanzhang.toutiao.com/)"
mediaeclips.infinitibizsol.com:443 110.249.201.95 - - [11/Jun/2025:22:37:46 +0000] "GET /wp-content/plugins/ziptech-elementor/assets/js/bdevs-elementor.js?ver=1.0.0 HTTP/1.1" 200 591 "https://mediaeclips.com/" "Mozilla/5.0 (Linux; Android 5.0) AppleWebKit/537.36 (KHTML, like Gecko) Mobile Safari/537.36 (compatible; Bytespider; https://zhanzhang.toutiao.com/)"
mediaeclips.infinitibizsol.com:443 110.249.201.97 - - [11/Jun/2025:22:37:46 +0000] "GET /wp-content/plugins/elementskit-lite/widgets/init/assets/js/widget-scripts.js?ver=3.1.3 HTTP/1.1" 200 137549 "https://mediaeclips.com/" "Mozilla/5.0 (Linux; Android 5.0) AppleWebKit/537.36 (KHTML, like Gecko) Mobile Safari/537.36 (compatible; Bytespider; https://zhanzhang.toutiao.com/)"
mediaeclips.infinitibizsol.com:443 110.249.201.91 - - [11/Jun/2025:22:37:46 +0000] "GET /wp-content/plugins/elementskit-lite/libs/framework/assets/js/frontend-script.js?ver=3.1.3 HTTP/1.1" 200 40 "https://mediaeclips.com/" "Mozilla/5.0 (Linux; Android 5.0) AppleWebKit/537.36 (KHTML, like Gecko) Mobile Safari/537.36 (compatible; Bytespider; https://zhanzhang.toutiao.com/)"
mediaeclips.infinitibizsol.com:443 110.249.201.89 - - [11/Jun/2025:22:37:46 +0000] "GET /wp-content/themes/ziptech/js/backtotop.js?ver=6.5.5 HTTP/1.1" 200 1199 "https://mediaeclips.com/" "Mozilla/5.0 (Linux; Android 5.0) AppleWebKit/537.36 (KHTML, like Gecko) Mobile Safari/537.36 (compatible; Bytespider; https://zhanzhang.toutiao.com/)"
mediaeclips.infinitibizsol.com:443 110.249.201.95 - - [11/Jun/2025:22:37:46 +0000] "GET /wp-content/plugins/essential-addons-for-elementor-lite/assets/front-end/js/view/general.min.js?ver=5.9.21 HTTP/1.1" 200 10364 "https://mediaeclips.com/" "Mozilla/5.0 (Linux; Android 5.0) AppleWebKit/537.36 (KHTML, like Gecko) Mobile Safari/537.36 (compatible; Bytespider; https://zhanzhang.toutiao.com/)"
mediaeclips.infinitibizsol.com:443 110.249.201.91 - - [11/Jun/2025:22:37:46 +0000] "GET /wp-content/themes/ziptech/js/trigger.js?ver=6.5.5 HTTP/1.1" 200 23845 "https://mediaeclips.com/" "Mozilla/5.0 (Linux; Android 5.0) AppleWebKit/537.36 (KHTML, like Gecko) Mobile Safari/537.36 (compatible; Bytespider; https://zhanzhang.toutiao.com/)"
mediaeclips.infinitibizsol.com:443 110.249.201.91 - - [11/Jun/2025:22:37:46 +0000] "GET /wp-includes/js/dist/vendor/wp-polyfill-inert.min.js?ver=3.1.2 HTTP/1.1" 200 8171 "https://mediaeclips.com/" "Mozilla/5.0 (Linux; Android 5.0) AppleWebKit/537.36 (KHTML, like Gecko) Mobile Safari/537.36 (compatible; Bytespider; https://zhanzhang.toutiao.com/)"
mediaeclips.infinitibizsol.com:443 110.249.201.89 - - [11/Jun/2025:22:37:47 +0000] "GET /wp-content/plugins/elementor/assets/js/frontend-modules.min.js?ver=3.21.5 HTTP/1.1" 200 63275 "https://mediaeclips.com/" "Mozilla/5.0 (Linux; Android 5.0) AppleWebKit/537.36 (KHTML, like Gecko) Mobile Safari/537.36 (compatible; Bytespider; https://zhanzhang.toutiao.com/)"
mediaeclips.infinitibizsol.com:443 110.249.201.95 - - [11/Jun/2025:22:37:47 +0000] "GET /wp-includes/js/dist/vendor/regenerator-runtime.min.js?ver=0.14.0 HTTP/1.1" 200 6625 "https://mediaeclips.com/" "Mozilla/5.0 (Linux; Android 5.0) AppleWebKit/537.36 (KHTML, like Gecko) Mobile Safari/537.36 (compatible; Bytespider; https://zhanzhang.toutiao.com/)"
mediaeclips.infinitibizsol.com:443 110.249.201.91 - - [11/Jun/2025:22:37:47 +0000] "GET /wp-content/plugins/elementor/assets/js/webpack.runtime.min.js?ver=3.21.5 HTTP/1.1" 200 4997 "https://mediaeclips.com/" "Mozilla/5.0 (Linux; Android 5.0) AppleWebKit/537.36 (KHTML, like Gecko) Mobile Safari/537.36 (compatible; Bytespider; https://zhanzhang.toutiao.com/)"
mediaeclips.infinitibizsol.com:443 110.249.201.85 - - [11/Jun/2025:22:37:47 +0000] "GET /wp-includes/js/dist/i18n.min.js?ver=5e580eb46a90c2b997e6 HTTP/1.1" 200 9141 "https://mediaeclips.com/" "Mozilla/5.0 (Linux; Android 5.0) AppleWebKit/537.36 (KHTML, like Gecko) Mobile Safari/537.36 (compatible; Bytespider; https://zhanzhang.toutiao.com/)"
mediaeclips.infinitibizsol.com:443 110.249.201.91 - - [11/Jun/2025:22:37:47 +0000] "GET /wp-includes/js/dist/vendor/wp-polyfill.min.js?ver=3.15.0 HTTP/1.1" 200 38590 "https://mediaeclips.com/" "Mozilla/5.0 (Linux; Android 5.0) AppleWebKit/537.36 (KHTML, like Gecko) Mobile Safari/537.36 (compatible; Bytespider; https://zhanzhang.toutiao.com/)"
mediaeclips.infinitibizsol.com:443 110.249.201.95 - - [11/Jun/2025:22:37:47 +0000] "GET /wp-includes/js/dist/hooks.min.js?ver=2810c76e705dd1a53b18 HTTP/1.1" 200 4307 "https://mediaeclips.com/" "Mozilla/5.0 (Linux; Android 5.0) AppleWebKit/537.36 (KHTML, like Gecko) Mobile Safari/537.36 (compatible; Bytespider; https://zhanzhang.toutiao.com/)"
mediaeclips.infinitibizsol.com:443 110.249.201.91 - - [11/Jun/2025:22:37:47 +0000] "GET /wp-includes/js/jquery/ui/core.min.js?ver=1.13.2 HTTP/1.1" 200 21438 "https://mediaeclips.com/" "Mozilla/5.0 (Linux; Android 5.0) AppleWebKit/537.36 (KHTML, like Gecko) Mobile Safari/537.36 (compatible; Bytespider; https://zhanzhang.toutiao.com/)"
mediaeclips.infinitibizsol.com:443 110.249.201.85 - - [11/Jun/2025:22:37:47 +0000] "GET /wp-content/plugins/elementor-pro/assets/js/frontend.min.js?ver=3.19.3 HTTP/1.1" 200 25066 "https://mediaeclips.com/" "Mozilla/5.0 (Linux; Android 5.0) AppleWebKit/537.36 (KHTML, like Gecko) Mobile Safari/537.36 (compatible; Bytespider; https://zhanzhang.toutiao.com/)"
mediaeclips.infinitibizsol.com:443 110.249.201.91 - - [11/Jun/2025:22:37:47 +0000] "GET /wp-content/plugins/elementor/assets/lib/waypoints/waypoints.min.js?ver=4.0.2 HTTP/1.1" 200 12198 "https://mediaeclips.com/" "Mozilla/5.0 (Linux; Android 5.0) AppleWebKit/537.36 (KHTML, like Gecko) Mobile Safari/537.36 (compatible; Bytespider; https://zhanzhang.toutiao.com/)"
mediaeclips.infinitibizsol.com:443 110.249.201.89 - - [11/Jun/2025:22:37:47 +0000] "GET /wp-content/plugins/elementor-pro/assets/js/elements-handlers.min.js?ver=3.19.3 HTTP/1.1" 200 38254 "https://mediaeclips.com/" "Mozilla/5.0 (Linux; Android 5.0) AppleWebKit/537.36 (KHTML, like Gecko) Mobile Safari/537.36 (compatible; Bytespider; https://zhanzhang.toutiao.com/)"
mediaeclips.infinitibizsol.com:443 110.249.201.95 - - [11/Jun/2025:22:37:47 +0000] "GET /wp-content/plugins/elementskit-lite/widgets/init/assets/js/animate-circle.min.js?ver=3.1.3 HTTP/1.1" 200 681 "https://mediaeclips.com/" "Mozilla/5.0 (Linux; Android 5.0) AppleWebKit/537.36 (KHTML, like Gecko) Mobile Safari/537.36 (compatible; Bytespider; https://zhanzhang.toutiao.com/)"
mediaeclips.infinitibizsol.com:443 110.249.201.97 - - [11/Jun/2025:22:37:47 +0000] "GET /wp-content/plugins/elementor/assets/js/frontend.min.js?ver=3.21.5 HTTP/1.1" 200 39972 "https://mediaeclips.com/" "Mozilla/5.0 (Linux; Android 5.0) AppleWebKit/537.36 (KHTML, like Gecko) Mobile Safari/537.36 (compatible; Bytespider; https://zhanzhang.toutiao.com/)"
mediaeclips.infinitibizsol.com:443 110.249.201.91 - - [11/Jun/2025:22:37:47 +0000] "GET /wp-content/plugins/elementskit-lite/widgets/init/assets/js/elementor.js?ver=3.1.3 HTTP/1.1" 200 18774 "https://mediaeclips.com/" "Mozilla/5.0 (Linux; Android 5.0) AppleWebKit/537.36 (KHTML, like Gecko) Mobile Safari/537.36 (compatible; Bytespider; https://zhanzhang.toutiao.com/)"
mediaeclips.infinitibizsol.com:443 110.249.201.91 - - [11/Jun/2025:22:37:47 +0000] "GET /wp-content/uploads/2024/03/about3-img1.webp HTTP/1.1" 206 500 "https://mediaeclips.com/" "Mozilla/5.0 (Linux; Android 5.0) AppleWebKit/537.36 (KHTML, like Gecko) Mobile Safari/537.36 (compatible; Bytespider; https://zhanzhang.toutiao.com/)"
mediaeclips.infinitibizsol.com:443 110.249.201.89 - - [11/Jun/2025:22:37:47 +0000] "GET /wp-content/uploads/2024/03/about3-img2.webp HTTP/1.1" 206 500 "https://mediaeclips.com/" "Mozilla/5.0 (Linux; Android 5.0) AppleWebKit/537.36 (KHTML, like Gecko) Mobile Safari/537.36 (compatible; Bytespider; https://zhanzhang.toutiao.com/)"
mediaeclips.infinitibizsol.com:443 110.249.201.95 - - [11/Jun/2025:22:37:47 +0000] "GET /wp-content/uploads/2024/05/1-How-to-Create-an-Effective-SEO-Strategy-in-2024.webp HTTP/1.1" 206 500 "https://mediaeclips.com/" "Mozilla/5.0 (Linux; Android 5.0) AppleWebKit/537.36 (KHTML, like Gecko) Mobile Safari/537.36 (compatible; Bytespider; https://zhanzhang.toutiao.com/)"
mediaeclips.infinitibizsol.com:443 110.249.201.97 - - [11/Jun/2025:22:37:47 +0000] "GET /wp-content/themes/ziptech/images/testimonials/testimonial-img1.jpg HTTP/1.1" 206 500 "https://mediaeclips.com/" "Mozilla/5.0 (Linux; Android 5.0) AppleWebKit/537.36 (KHTML, like Gecko) Mobile Safari/537.36 (compatible; Bytespider; https://zhanzhang.toutiao.com/)"
mediaeclips.infinitibizsol.com:443 110.249.201.91 - - [11/Jun/2025:22:37:47 +0000] "GET /wp-content/uploads/2024/05/1-What-is-Video-Marketing-An-Ultimate-Guide.webp HTTP/1.1" 206 500 "https://mediaeclips.com/" "Mozilla/5.0 (Linux; Android 5.0) AppleWebKit/537.36 (KHTML, like Gecko) Mobile Safari/537.36 (compatible; Bytespider; https://zhanzhang.toutiao.com/)"
mediaeclips.infinitibizsol.com:443 110.249.201.85 - - [11/Jun/2025:22:37:48 +0000] "GET /wp-content/uploads/2024/02/Media-Eclips-2.png.webp HTTP/1.1" 206 500 "https://mediaeclips.com/" "Mozilla/5.0 (Linux; Android 5.0) AppleWebKit/537.36 (KHTML, like Gecko) Mobile Safari/537.36 (compatible; Bytespider; https://zhanzhang.toutiao.com/)"
mediaeclips.infinitibizsol.com:443 110.249.201.91 - - [11/Jun/2025:22:37:48 +0000] "GET /wp-content/themes/ziptech/images/down-arrow.png HTTP/1.1" 206 427 "https://mediaeclips.com/wp-content/themes/ziptech/css/style.css?ver=6.5.5" "Mozilla/5.0 (Linux; Android 5.0) AppleWebKit/537.36 (KHTML, like Gecko) Mobile Safari/537.36 (compatible; Bytespider; https://zhanzhang.toutiao.com/)"
mediaeclips.infinitibizsol.com:443 110.249.201.89 - - [11/Jun/2025:22:37:48 +0000] "GET /wp-content/themes/ziptech/images/objects/footer-obj1.png HTTP/1.1" 206 500 "https://mediaeclips.com/" "Mozilla/5.0 (Linux; Android 5.0) AppleWebKit/537.36 (KHTML, like Gecko) Mobile Safari/537.36 (compatible; Bytespider; https://zhanzhang.toutiao.com/)"
mediaeclips.infinitibizsol.com:443 110.249.201.95 - - [11/Jun/2025:22:37:48 +0000] "GET /wp-content/themes/ziptech/images/about/wave2.png HTTP/1.1" 206 500 "https://mediaeclips.com/wp-content/themes/ziptech/css/style.css?ver=6.5.5" "Mozilla/5.0 (Linux; Android 5.0) AppleWebKit/537.36 (KHTML, like Gecko) Mobile Safari/537.36 (compatible; Bytespider; https://zhanzhang.toutiao.com/)"
mediaeclips.infinitibizsol.com:443 110.249.201.97 - - [11/Jun/2025:22:37:48 +0000] "GET /wp-content/uploads/2024/03/divider-img2.webp HTTP/1.1" 206 500 "https://mediaeclips.com/" "Mozilla/5.0 (Linux; Android 5.0) AppleWebKit/537.36 (KHTML, like Gecko) Mobile Safari/537.36 (compatible; Bytespider; https://zhanzhang.toutiao.com/)"
mediaeclips.infinitibizsol.com:443 110.249.201.91 - - [11/Jun/2025:22:37:48 +0000] "GET /wp-content/themes/ziptech/images/bg/5.jpg HTTP/1.1" 206 500 "https://mediaeclips.com/" "Mozilla/5.0 (Linux; Android 5.0) AppleWebKit/537.36 (KHTML, like Gecko) Mobile Safari/537.36 (compatible; Bytespider; https://zhanzhang.toutiao.com/)"
mediaeclips.infinitibizsol.com:443 110.249.201.89 - - [11/Jun/2025:22:37:48 +0000] "GET /wp-content/plugins/elementor/assets/js/text-editor.2c35aafbe5bf0e127950.bundle.min.js HTTP/1.1" 200 1360 "https://mediaeclips.com/" "Mozilla/5.0 (Linux; Android 5.0) AppleWebKit/537.36 (KHTML, like Gecko) Mobile Safari/537.36 (compatible; Bytespider; https://zhanzhang.toutiao.com/)"
mediaeclips.infinitibizsol.com:443 110.249.201.89 - - [11/Jun/2025:22:37:51 +0000] "GET /wp-json/contact-form-7/v1/contact-forms/158/refill HTTP/1.1" 499 0 "https://mediaeclips.com/" "Mozilla/5.0 (Linux; Android 5.0) AppleWebKit/537.36 (KHTML, like Gecko) Mobile Safari/537.36 (compatible; Bytespider; https://zhanzhang.toutiao.com/)"
mediaeclips.infinitibizsol.com:443 110.249.201.85 - - [11/Jun/2025:22:37:51 +0000] "GET /wp-json/contact-form-7/v1/contact-forms/159/feedback/schema HTTP/1.1" 499 0 "https://mediaeclips.com/" "Mozilla/5.0 (Linux; Android 5.0) AppleWebKit/537.36 (KHTML, like Gecko) Mobile Safari/537.36 (compatible; Bytespider; https://zhanzhang.toutiao.com/)"
mediaeclips.infinitibizsol.com:443 110.249.201.91 - - [11/Jun/2025:22:37:51 +0000] "GET /wp-json/contact-form-7/v1/contact-forms/159/refill HTTP/1.1" 499 0 "https://mediaeclips.com/" "Mozilla/5.0 (Linux; Android 5.0) AppleWebKit/537.36 (KHTML, like Gecko) Mobile Safari/537.36 (compatible; Bytespider; https://zhanzhang.toutiao.com/)"
mediaeclips.infinitibizsol.com:443 110.249.201.91 - - [11/Jun/2025:22:37:51 +0000] "GET /wp-json/contact-form-7/v1/contact-forms/158/feedback/schema HTTP/1.1" 499 0 "https://mediaeclips.com/" "Mozilla/5.0 (Linux; Android 5.0) AppleWebKit/537.36 (KHTML, like Gecko) Mobile Safari/537.36 (compatible; Bytespider; https://zhanzhang.toutiao.com/)"
mediaeclips.infinitibizsol.com:443 162.0.223.40 - - [11/Jun/2025:22:44:04 +0000] "POST /wp-cron.php?doing_wp_cron=1749681843.2030611038208007812500 HTTP/1.1" 499 0 "-" "WordPress/6.5.5; https://mediaeclips.com"
mediaeclips.infinitibizsol.com:443 51.222.253.15 - - [11/Jun/2025:22:44:04 +0000] "GET /what-is-digital-marketing-and-how-does-it-work/feed/ HTTP/1.1" 304 0 "-" "Mozilla/5.0 (compatible; AhrefsBot/7.0; +http://ahrefs.com/robot/)"
mediaeclips.infinitibizsol.com:80 5.161.44.164 - - [11/Jun/2025:22:44:05 +0000] "POST /wp-load.php?5ee074=31626 HTTP/1.1" 200 1748 "-" "Mozilla/5.0 (Windows NT 10.0; Win64; x64) AppleWebKit/537.36 (KHTML, like Gecko) Chrome/104.0.5112.97 Safari/537.36"
mediaeclips.infinitibizsol.com:80 5.161.52.234 - - [11/Jun/2025:22:59:15 +0000] "POST /wp-load.php?cc0227=88325 HTTP/1.1" 200 1748 "-" "Mozilla/5.0 (Windows NT 10.0; Win64; x64) AppleWebKit/537.36 (KHTML, like Gecko) Chrome/104.0.5112.97 Safari/537.36"
mediaeclips.infinitibizsol.com:443 162.0.223.40 - - [11/Jun/2025:23:01:26 +0000] "POST /wp-cron.php?doing_wp_cron=1749682884.8304860591888427734375 HTTP/1.1" 499 0 "-" "WordPress/6.5.5; https://mediaeclips.com"
mediaeclips.infinitibizsol.com:443 51.222.253.5 - - [11/Jun/2025:23:01:26 +0000] "GET /tag/tips-for-successful-social-media-marketing/feed/ HTTP/1.1" 304 0 "-" "Mozilla/5.0 (compatible; AhrefsBot/7.0; +http://ahrefs.com/robot/)"
mediaeclips.infinitibizsol.com:443 162.0.223.40 - - [11/Jun/2025:23:05:07 +0000] "POST /wp-cron.php?doing_wp_cron=1749683106.1033658981323242187500 HTTP/1.1" 499 0 "-" "WordPress/6.5.5; https://mediaeclips.com"
mediaeclips.infinitibizsol.com:443 66.249.70.137 - - [11/Jun/2025:23:05:07 +0000] "GET / HTTP/1.1" 404 5 "-" "GoogleBot"
mediaeclips.infinitibizsol.com:80 124.226.222.66 - - [11/Jun/2025:23:06:52 +0000] "GET / HTTP/1.1" 404 5 "-" "Mozilla/5.0 (iPhone; CPU iPhone OS 13_2_3 like Mac OS X) AppleWebKit/605.1.15 (KHTML, like Gecko) Version/13.0.3 Mobile/15E148 Safari/604.1"
mediaeclips.infinitibizsol.com:80 5.161.44.164 - - [11/Jun/2025:23:14:24 +0000] "POST /wp-load.php?5d55b6=94840 HTTP/1.1" 200 1748 "-" "Mozilla/5.0 (Windows NT 10.0; Win64; x64) AppleWebKit/537.36 (KHTML, like Gecko) Chrome/104.0.5112.97 Safari/537.36"
mediaeclips.infinitibizsol.com:443 162.0.223.40 - - [11/Jun/2025:23:16:03 +0000] "POST /wp-cron.php?doing_wp_cron=1749683762.3442649841308593750000 HTTP/1.1" 499 0 "-" "WordPress/6.5.5; https://mediaeclips.com"
mediaeclips.infinitibizsol.com:443 51.222.253.3 - - [11/Jun/2025:23:16:03 +0000] "GET /tag/seo-vs-ppc/feed/ HTTP/1.1" 304 0 "-" "Mozilla/5.0 (compatible; AhrefsBot/7.0; +http://ahrefs.com/robot/)"
mediaeclips.infinitibizsol.com:443 162.0.223.40 - - [11/Jun/2025:23:16:06 +0000] "POST /wp-cron.php?doing_wp_cron=1749683765.5705630779266357421875 HTTP/1.1" 499 0 "-" "WordPress/6.5.5; https://mediaeclips.com"
mediaeclips.infinitibizsol.com:443 8.210.152.184 - - [11/Jun/2025:23:16:07 +0000] "GET /category/seach-engine-marketing-sem/ HTTP/1.1" 404 52349 "-" "Mozilla/5.0 (Macintosh; Intel Mac OS X 10_15_7) AppleWebKit/537.36 (KHTML, like Gecko) Chrome/109.0.0.0 Safari/537.36"
mediaeclips.infinitibizsol.com:80 178.156.128.204 - - [11/Jun/2025:23:29:26 +0000] "POST /wp-load.php?55d368=33786 HTTP/1.1" 200 1748 "-" "Mozilla/5.0 (Windows NT 10.0; Win64; x64) AppleWebKit/537.36 (KHTML, like Gecko) Chrome/104.0.5112.97 Safari/537.36"
mediaeclips.infinitibizsol.com:443 162.0.223.40 - - [11/Jun/2025:23:29:26 +0000] "POST /wp-cron.php?doing_wp_cron=1749684565.8719708919525146484375 HTTP/1.1" 499 0 "-" "WordPress/6.5.5; https://mediaeclips.com"
mediaeclips.infinitibizsol.com:443 51.222.253.8 - - [11/Jun/2025:23:29:26 +0000] "GET /tag/digital-marketing-campaign/feed/ HTTP/1.1" 304 0 "-" "Mozilla/5.0 (compatible; AhrefsBot/7.0; +http://ahrefs.com/robot/)"
mediaeclips.infinitibizsol.com:443 162.0.223.40 - - [11/Jun/2025:23:35:11 +0000] "POST /wp-cron.php?doing_wp_cron=1749684910.5211799144744873046875 HTTP/1.1" 499 0 "-" "WordPress/6.5.5; https://mediaeclips.com"
mediaeclips.infinitibizsol.com:443 34.174.165.2 - - [11/Jun/2025:23:35:11 +0000] "GET /why-is-social-media-marketing-great-for-small-businesses/ HTTP/1.1" 499 0 "-" "Mozilla/5.0 (Macintosh; Intel Mac OS X 10_15_7) AppleWebKit/605.1.15 (KHTML, like Gecko) Version/17.0 Safari/605.1.15"
mediaeclips.infinitibizsol.com:443 162.0.223.40 - - [11/Jun/2025:23:40:08 +0000] "POST /wp-cron.php?doing_wp_cron=1749685207.2547779083251953125000 HTTP/1.1" 499 0 "-" "WordPress/6.5.5; https://mediaeclips.com"
mediaeclips.infinitibizsol.com:443 51.222.253.5 - - [11/Jun/2025:23:40:08 +0000] "GET /tag/managed-it-services/feed/ HTTP/1.1" 304 0 "-" "Mozilla/5.0 (compatible; AhrefsBot/7.0; +http://ahrefs.com/robot/)"
mediaeclips.infinitibizsol.com:80 5.161.216.238 - - [11/Jun/2025:23:44:36 +0000] "POST /wp-load.php?ec8a96=2179 HTTP/1.1" 200 1748 "-" "Mozilla/5.0 (Windows NT 10.0; Win64; x64) AppleWebKit/537.36 (KHTML, like Gecko) Chrome/104.0.5112.97 Safari/537.36"
mediaeclips.infinitibizsol.com:443 162.0.223.40 - - [11/Jun/2025:23:51:42 +0000] "POST /wp-cron.php?doing_wp_cron=1749685901.0289490222930908203125 HTTP/1.1" 499 0 "-" "WordPress/6.5.5; https://mediaeclips.com"
mediaeclips.infinitibizsol.com:443 51.222.253.5 - - [11/Jun/2025:23:51:42 +0000] "GET /tag/videography-services/feed/ HTTP/1.1" 304 0 "-" "Mozilla/5.0 (compatible; AhrefsBot/7.0; +http://ahrefs.com/robot/)"
mediaeclips.infinitibizsol.com:80 5.161.201.188 - - [11/Jun/2025:23:59:45 +0000] "POST /wp-load.php?a954c2=33168 HTTP/1.1" 200 1748 "-" "Mozilla/5.0 (Windows NT 10.0; Win64; x64) AppleWebKit/537.36 (KHTML, like Gecko) Chrome/104.0.5112.97 Safari/537.36"
mediaeclips.infinitibizsol.com:443 162.0.223.40 - - [12/Jun/2025:00:05:13 +0000] "POST /wp-cron.php?doing_wp_cron=1749686712.9335360527038574218750 HTTP/1.1" 499 0 "-" "WordPress/6.5.5; https://mediaeclips.com"
mediaeclips.infinitibizsol.com:443 51.222.253.17 - - [12/Jun/2025:00:05:14 +0000] "GET /tag/what-is-local-seo/feed/ HTTP/1.1" 304 0 "-" "Mozilla/5.0 (compatible; AhrefsBot/7.0; +http://ahrefs.com/robot/)"
mediaeclips.infinitibizsol.com:443 162.0.223.40 - - [12/Jun/2025:00:14:43 +0000] "POST /wp-cron.php?doing_wp_cron=1749687282.9149770736694335937500 HTTP/1.1" 499 0 "-" "WordPress/6.5.5; https://mediaeclips.com"
mediaeclips.infinitibizsol.com:443 57.141.4.7 - - [12/Jun/2025:00:14:45 +0000] "GET /sem-services-in-garland-tx/ HTTP/1.1" 404 118053 "-" "meta-externalagent/1.1 (+https://developers.facebook.com/docs/sharing/webmasters/crawler)"
mediaeclips.infinitibizsol.com:80 5.161.201.188 - - [12/Jun/2025:00:14:55 +0000] "POST /wp-load.php?da7a5d=87595 HTTP/1.1" 200 1748 "-" "Mozilla/5.0 (Windows NT 10.0; Win64; x64) AppleWebKit/537.36 (KHTML, like Gecko) Chrome/104.0.5112.97 Safari/537.36"
mediaeclips.infinitibizsol.com:443 162.0.223.40 - - [12/Jun/2025:00:16:22 +0000] "POST /wp-cron.php?doing_wp_cron=1749687381.2739150524139404296875 HTTP/1.1" 499 0 "-" "WordPress/6.5.5; https://mediaeclips.com"
mediaeclips.infinitibizsol.com:443 51.222.253.13 - - [12/Jun/2025:00:16:22 +0000] "GET /tag/texas-web-design/feed/ HTTP/1.1" 304 0 "-" "Mozilla/5.0 (compatible; AhrefsBot/7.0; +http://ahrefs.com/robot/)"
mediaeclips.infinitibizsol.com:80 162.0.223.40 - - [12/Jun/2025:00:24:33 +0000] "POST /wp-cron.php?doing_wp_cron=1749687872.1148951053619384765625 HTTP/1.1" 499 0 "-" "WordPress/6.5.5; https://mediaeclips.com"
mediaeclips.infinitibizsol.com:80 202.79.174.86 - - [12/Jun/2025:00:24:33 +0000] "GET /static/images/nopic.png HTTP/1.1" 301 5 "http://mediaeclips.com/static/images/nopic.png" "Mozilla/5.0 (Windows NT 10.0; WOW64; rv:48.0) Gecko/20100101 Firefox/48.0"
mediaeclips.infinitibizsol.com:443 57.141.4.24 - - [12/Jun/2025:00:25:40 +0000] "GET /tag/impact-of-ai-on-digital-marketing/ HTTP/1.1" 404 48236 "-" "meta-externalagent/1.1 (+https://developers.facebook.com/docs/sharing/webmasters/crawler)"
mediaeclips.infinitibizsol.com:443 162.0.223.40 - - [12/Jun/2025:00:28:14 +0000] "POST /wp-cron.php?doing_wp_cron=1749688093.4339261054992675781250 HTTP/1.1" 499 0 "-" "WordPress/6.5.5; https://mediaeclips.com"
mediaeclips.infinitibizsol.com:443 51.222.253.13 - - [12/Jun/2025:00:28:15 +0000] "GET /tag/sem/feed/ HTTP/1.1" 304 0 "-" "Mozilla/5.0 (compatible; AhrefsBot/7.0; +http://ahrefs.com/robot/)"
mediaeclips.infinitibizsol.com:80 139.180.180.168 - - [12/Jun/2025:00:29:56 +0000] "POST /wp-load.php?b5c593=59092 HTTP/1.1" 200 1748 "-" "Mozilla/5.0 (Windows NT 10.0; Win64; x64) AppleWebKit/537.36 (KHTML, like Gecko) Chrome/104.0.5112.97 Safari/537.36"
mediaeclips.infinitibizsol.com:443 150.109.196.248 - - [12/Jun/2025:00:33:51 +0000] "GET /wp-content/uploads/2023/08/SEO.png HTTP/1.1" 200 21199 "-" "Mozilla/5.0 (Windows NT 10.0; Win64; x64) AppleWebKit/537.36 (KHTML, like Gecko) Chrome/119.0 Safari/537.36"
mediaeclips.infinitibizsol.com:443 195.2.70.209 - - [12/Jun/2025:00:38:59 +0000] "GET / HTTP/1.1" 404 108460 "-" "Mozilla/5.0 (Macintosh; Intel Mac OS X 10_15_7) AppleWebKit/537.36 (KHTML, like Gecko) Chrome/133.0.0.0 Safari/537.36"
mediaeclips.infinitibizsol.com:443 162.0.223.40 - - [12/Jun/2025:00:39:08 +0000] "POST /wp-cron.php?doing_wp_cron=1749688747.3897669315338134765625 HTTP/1.1" 499 0 "-" "WordPress/6.5.5; https://mediaeclips.com"
mediaeclips.infinitibizsol.com:443 93.175.248.198 - - [12/Jun/2025:00:39:10 +0000] "POST / HTTP/1.1" 404 108688 "-" "Mozilla/5.0 (Macintosh; Intel Mac OS X 10_15_7) AppleWebKit/537.36 (KHTML, like Gecko) Chrome/133.0.0.0 Safari/537.36"
mediaeclips.infinitibizsol.com:443 93.175.248.198 - - [12/Jun/2025:00:39:17 +0000] "POST / HTTP/1.1" 404 108289 "-" "Mozilla/5.0 (Windows NT 10.0; Win64; x64) AppleWebKit/537.36 (KHTML, like Gecko) Chrome/120.0.0.0 Safari/537.36"
mediaeclips.infinitibizsol.com:443 93.175.248.198 - - [12/Jun/2025:00:39:23 +0000] "POST / HTTP/1.1" 404 108374 "-" "Mozilla/5.0 (Macintosh; Intel Mac OS X 10_15_7) AppleWebKit/537.36 (KHTML, like Gecko) Chrome/133.0.0.0 Safari/537.36"
mediaeclips.infinitibizsol.com:443 93.175.248.198 - - [12/Jun/2025:00:39:28 +0000] "POST / HTTP/1.1" 404 108277 "-" "Mozilla/5.0 (Windows NT 10.0; Win64; x64) AppleWebKit/537.36 (KHTML, like Gecko) Chrome/120.0.0.0 Safari/537.36"
mediaeclips.infinitibizsol.com:443 195.2.70.209 - - [12/Jun/2025:00:39:32 +0000] "GET /comments/feed/ HTTP/1.1" 404 937 "-" "Mozilla/5.0 (Macintosh; Intel Mac OS X 10_15_7) AppleWebKit/537.36 (KHTML, like Gecko) Chrome/133.0.0.0 Safari/537.36"
mediaeclips.infinitibizsol.com:443 195.2.70.209 - - [12/Jun/2025:00:39:33 +0000] "GET /graphic-design/ HTTP/1.1" 404 65450 "-" "Mozilla/5.0 (Macintosh; Intel Mac OS X 10_15_7) AppleWebKit/537.36 (KHTML, like Gecko) Chrome/133.0.0.0 Safari/537.36"
mediaeclips.infinitibizsol.com:443 93.175.248.198 - - [12/Jun/2025:00:39:40 +0000] "POST /graphic-design/ HTTP/1.1" 404 65419 "-" "Mozilla/5.0 (Macintosh; Intel Mac OS X 10_15_7) AppleWebKit/537.36 (KHTML, like Gecko) Chrome/133.0.0.0 Safari/537.36"
mediaeclips.infinitibizsol.com:443 93.175.248.198 - - [12/Jun/2025:00:39:45 +0000] "POST /graphic-design/ HTTP/1.1" 404 65313 "-" "Mozilla/5.0 (Windows NT 10.0; Win64; x64) AppleWebKit/537.36 (KHTML, like Gecko) Chrome/120.0.0.0 Safari/537.36"
mediaeclips.infinitibizsol.com:443 195.2.70.209 - - [12/Jun/2025:00:39:46 +0000] "GET /blogs/ HTTP/1.1" 404 57796 "-" "Mozilla/5.0 (Macintosh; Intel Mac OS X 10_15_7) AppleWebKit/537.36 (KHTML, like Gecko) Chrome/133.0.0.0 Safari/537.36"
mediaeclips.infinitibizsol.com:443 93.175.248.198 - - [12/Jun/2025:00:39:52 +0000] "POST /blogs/ HTTP/1.1" 404 57827 "-" "Mozilla/5.0 (Macintosh; Intel Mac OS X 10_15_7) AppleWebKit/537.36 (KHTML, like Gecko) Chrome/133.0.0.0 Safari/537.36"
mediaeclips.infinitibizsol.com:443 93.175.248.198 - - [12/Jun/2025:00:39:56 +0000] "POST /blogs/ HTTP/1.1" 404 57701 "-" "Mozilla/5.0 (Windows NT 10.0; Win64; x64) AppleWebKit/537.36 (KHTML, like Gecko) Chrome/120.0.0.0 Safari/537.36"
mediaeclips.infinitibizsol.com:443 195.2.70.209 - - [12/Jun/2025:00:39:57 +0000] "GET /blogs/page/2/ HTTP/1.1" 404 57713 "-" "Mozilla/5.0 (Macintosh; Intel Mac OS X 10_15_7) AppleWebKit/537.36 (KHTML, like Gecko) Chrome/133.0.0.0 Safari/537.36"
mediaeclips.infinitibizsol.com:443 93.175.248.198 - - [12/Jun/2025:00:40:04 +0000] "POST /blogs/page/2/ HTTP/1.1" 404 57689 "-" "Mozilla/5.0 (Macintosh; Intel Mac OS X 10_15_7) AppleWebKit/537.36 (KHTML, like Gecko) Chrome/133.0.0.0 Safari/537.36"
mediaeclips.infinitibizsol.com:443 93.175.248.198 - - [12/Jun/2025:00:40:09 +0000] "POST /blogs/page/2/ HTTP/1.1" 404 57607 "-" "Mozilla/5.0 (Windows NT 10.0; Win64; x64) AppleWebKit/537.36 (KHTML, like Gecko) Chrome/120.0.0.0 Safari/537.36"
mediaeclips.infinitibizsol.com:443 195.2.70.209 - - [12/Jun/2025:00:40:10 +0000] "GET /blogs/page/3/ HTTP/1.1" 404 57934 "-" "Mozilla/5.0 (Macintosh; Intel Mac OS X 10_15_7) AppleWebKit/537.36 (KHTML, like Gecko) Chrome/133.0.0.0 Safari/537.36"
mediaeclips.infinitibizsol.com:443 93.175.248.198 - - [12/Jun/2025:00:40:17 +0000] "POST /blogs/page/3/ HTTP/1.1" 404 57983 "-" "Mozilla/5.0 (Macintosh; Intel Mac OS X 10_15_7) AppleWebKit/537.36 (KHTML, like Gecko) Chrome/133.0.0.0 Safari/537.36"
mediaeclips.infinitibizsol.com:443 93.175.248.198 - - [12/Jun/2025:00:40:21 +0000] "POST /blogs/page/3/ HTTP/1.1" 404 57873 "-" "Mozilla/5.0 (Windows NT 10.0; Win64; x64) AppleWebKit/537.36 (KHTML, like Gecko) Chrome/120.0.0.0 Safari/537.36"
mediaeclips.infinitibizsol.com:443 195.2.70.209 - - [12/Jun/2025:00:40:22 +0000] "GET /blogs/page/4/ HTTP/1.1" 404 57967 "-" "Mozilla/5.0 (Macintosh; Intel Mac OS X 10_15_7) AppleWebKit/537.36 (KHTML, like Gecko) Chrome/133.0.0.0 Safari/537.36"
mediaeclips.infinitibizsol.com:443 51.222.253.19 - - [12/Jun/2025:00:40:25 +0000] "GET /tag/videography/feed/ HTTP/1.1" 304 0 "-" "Mozilla/5.0 (compatible; AhrefsBot/7.0; +http://ahrefs.com/robot/)"
mediaeclips.infinitibizsol.com:443 93.175.248.198 - - [12/Jun/2025:00:40:28 +0000] "POST /blogs/page/4/ HTTP/1.1" 404 57972 "-" "Mozilla/5.0 (Macintosh; Intel Mac OS X 10_15_7) AppleWebKit/537.36 (KHTML, like Gecko) Chrome/133.0.0.0 Safari/537.36"
mediaeclips.infinitibizsol.com:443 93.175.248.198 - - [12/Jun/2025:00:40:33 +0000] "POST /blogs/page/4/ HTTP/1.1" 404 57859 "-" "Mozilla/5.0 (Windows NT 10.0; Win64; x64) AppleWebKit/537.36 (KHTML, like Gecko) Chrome/120.0.0.0 Safari/537.36"
mediaeclips.infinitibizsol.com:443 195.2.70.209 - - [12/Jun/2025:00:40:35 +0000] "GET /blogs/page/6/ HTTP/1.1" 404 58062 "-" "Mozilla/5.0 (Macintosh; Intel Mac OS X 10_15_7) AppleWebKit/537.36 (KHTML, like Gecko) Chrome/133.0.0.0 Safari/537.36"
mediaeclips.infinitibizsol.com:443 93.175.248.198 - - [12/Jun/2025:00:40:41 +0000] "POST /blogs/page/6/ HTTP/1.1" 404 58139 "-" "Mozilla/5.0 (Macintosh; Intel Mac OS X 10_15_7) AppleWebKit/537.36 (KHTML, like Gecko) Chrome/133.0.0.0 Safari/537.36"
mediaeclips.infinitibizsol.com:443 93.175.248.198 - - [12/Jun/2025:00:40:46 +0000] "POST /blogs/page/6/ HTTP/1.1" 404 57990 "-" "Mozilla/5.0 (Windows NT 10.0; Win64; x64) AppleWebKit/537.36 (KHTML, like Gecko) Chrome/120.0.0.0 Safari/537.36"
mediaeclips.infinitibizsol.com:443 195.2.70.209 - - [12/Jun/2025:00:40:48 +0000] "GET /blogs/page/7/ HTTP/1.1" 404 57999 "-" "Mozilla/5.0 (Macintosh; Intel Mac OS X 10_15_7) AppleWebKit/537.36 (KHTML, like Gecko) Chrome/133.0.0.0 Safari/537.36"
mediaeclips.infinitibizsol.com:443 93.175.248.198 - - [12/Jun/2025:00:40:54 +0000] "POST /blogs/page/7/ HTTP/1.1" 404 57974 "-" "Mozilla/5.0 (Macintosh; Intel Mac OS X 10_15_7) AppleWebKit/537.36 (KHTML, like Gecko) Chrome/133.0.0.0 Safari/537.36"
mediaeclips.infinitibizsol.com:443 93.175.248.198 - - [12/Jun/2025:00:40:59 +0000] "POST /blogs/page/7/ HTTP/1.1" 404 58004 "-" "Mozilla/5.0 (Windows NT 10.0; Win64; x64) AppleWebKit/537.36 (KHTML, like Gecko) Chrome/120.0.0.0 Safari/537.36"
mediaeclips.infinitibizsol.com:443 195.2.70.209 - - [12/Jun/2025:00:41:01 +0000] "GET /blogs/page/8/ HTTP/1.1" 404 55996 "-" "Mozilla/5.0 (Macintosh; Intel Mac OS X 10_15_7) AppleWebKit/537.36 (KHTML, like Gecko) Chrome/133.0.0.0 Safari/537.36"
mediaeclips.infinitibizsol.com:443 93.175.248.198 - - [12/Jun/2025:00:41:08 +0000] "POST /blogs/page/8/ HTTP/1.1" 404 56080 "-" "Mozilla/5.0 (Macintosh; Intel Mac OS X 10_15_7) AppleWebKit/537.36 (KHTML, like Gecko) Chrome/133.0.0.0 Safari/537.36"
mediaeclips.infinitibizsol.com:443 93.175.248.198 - - [12/Jun/2025:00:41:15 +0000] "POST /blogs/page/8/ HTTP/1.1" 404 56016 "-" "Mozilla/5.0 (Windows NT 10.0; Win64; x64) AppleWebKit/537.36 (KHTML, like Gecko) Chrome/120.0.0.0 Safari/537.36"
mediaeclips.infinitibizsol.com:443 195.2.70.209 - - [12/Jun/2025:00:41:16 +0000] "GET /category/ux-ui-design/ HTTP/1.1" 404 48025 "-" "Mozilla/5.0 (Macintosh; Intel Mac OS X 10_15_7) AppleWebKit/537.36 (KHTML, like Gecko) Chrome/133.0.0.0 Safari/537.36"
mediaeclips.infinitibizsol.com:443 93.175.248.198 - - [12/Jun/2025:00:41:23 +0000] "POST /category/ux-ui-design/ HTTP/1.1" 404 47990 "-" "Mozilla/5.0 (Macintosh; Intel Mac OS X 10_15_7) AppleWebKit/537.36 (KHTML, like Gecko) Chrome/133.0.0.0 Safari/537.36"
mediaeclips.infinitibizsol.com:443 93.175.248.198 - - [12/Jun/2025:00:41:28 +0000] "POST /category/ux-ui-design/ HTTP/1.1" 404 47882 "-" "Mozilla/5.0 (Windows NT 10.0; Win64; x64) AppleWebKit/537.36 (KHTML, like Gecko) Chrome/120.0.0.0 Safari/537.36"
mediaeclips.infinitibizsol.com:443 195.2.70.209 - - [12/Jun/2025:00:41:29 +0000] "GET /contact-us/ HTTP/1.1" 404 61011 "-" "Mozilla/5.0 (Macintosh; Intel Mac OS X 10_15_7) AppleWebKit/537.36 (KHTML, like Gecko) Chrome/133.0.0.0 Safari/537.36"
mediaeclips.infinitibizsol.com:443 93.175.248.198 - - [12/Jun/2025:00:41:35 +0000] "POST /contact-us/ HTTP/1.1" 404 61324 "-" "Mozilla/5.0 (Macintosh; Intel Mac OS X 10_15_7) AppleWebKit/537.36 (KHTML, like Gecko) Chrome/133.0.0.0 Safari/537.36"
mediaeclips.infinitibizsol.com:443 93.175.248.198 - - [12/Jun/2025:00:41:41 +0000] "POST /contact-us/ HTTP/1.1" 404 60910 "-" "Mozilla/5.0 (Windows NT 10.0; Win64; x64) AppleWebKit/537.36 (KHTML, like Gecko) Chrome/120.0.0.0 Safari/537.36"
mediaeclips.infinitibizsol.com:443 93.175.248.198 - - [12/Jun/2025:00:41:47 +0000] "POST /contact-us/ HTTP/1.1" 404 61020 "-" "Mozilla/5.0 (Macintosh; Intel Mac OS X 10_15_7) AppleWebKit/537.36 (KHTML, like Gecko) Chrome/133.0.0.0 Safari/537.36"
mediaeclips.infinitibizsol.com:443 93.175.248.198 - - [12/Jun/2025:00:41:53 +0000] "POST /contact-us/ HTTP/1.1" 404 60969 "-" "Mozilla/5.0 (Windows NT 10.0; Win64; x64) AppleWebKit/537.36 (KHTML, like Gecko) Chrome/120.0.0.0 Safari/537.36"
mediaeclips.infinitibizsol.com:80 195.2.70.209 - - [12/Jun/2025:00:41:57 +0000] "GET /contact-us HTTP/1.1" 404 5 "-" "Mozilla/5.0 (Macintosh; Intel Mac OS X 10_15_7) AppleWebKit/537.36 (KHTML, like Gecko) Chrome/133.0.0.0 Safari/537.36"
mediaeclips.infinitibizsol.com:443 195.2.70.209 - - [12/Jun/2025:00:41:58 +0000] "GET /how-to-create-an-effective-seo-strategy/ HTTP/1.1" 404 107253 "-" "Mozilla/5.0 (Macintosh; Intel Mac OS X 10_15_7) AppleWebKit/537.36 (KHTML, like Gecko) Chrome/133.0.0.0 Safari/537.36"
mediaeclips.infinitibizsol.com:443 93.175.248.198 - - [12/Jun/2025:00:42:02 +0000] "POST /wp-comments-post.php HTTP/1.1" 200 2572 "-" "Mozilla/5.0 (Macintosh; Intel Mac OS X 10_15_7) AppleWebKit/537.36 (KHTML, like Gecko) Chrome/133.0.0.0 Safari/537.36"
mediaeclips.infinitibizsol.com:443 93.175.248.198 - - [12/Jun/2025:00:42:07 +0000] "POST /wp-comments-post.php HTTP/1.1" 200 5 "-" "Mozilla/5.0 (Windows NT 10.0; Win64; x64) AppleWebKit/537.36 (KHTML, like Gecko) Chrome/120.0.0.0 Safari/537.36"
mediaeclips.infinitibizsol.com:443 93.175.248.198 - - [12/Jun/2025:00:42:13 +0000] "POST /how-to-create-an-effective-seo-strategy/ HTTP/1.1" 404 107214 "-" "Mozilla/5.0 (Macintosh; Intel Mac OS X 10_15_7) AppleWebKit/537.36 (KHTML, like Gecko) Chrome/133.0.0.0 Safari/537.36"
mediaeclips.infinitibizsol.com:443 93.175.248.198 - - [12/Jun/2025:00:42:18 +0000] "POST /how-to-create-an-effective-seo-strategy/ HTTP/1.1" 404 107102 "-" "Mozilla/5.0 (Windows NT 10.0; Win64; x64) AppleWebKit/537.36 (KHTML, like Gecko) Chrome/120.0.0.0 Safari/537.36"
mediaeclips.infinitibizsol.com:443 195.2.70.209 - - [12/Jun/2025:00:42:22 +0000] "GET /how-to-create-an-effective-seo-strategy/feed/ HTTP/1.1" 404 1001 "-" "Mozilla/5.0 (Macintosh; Intel Mac OS X 10_15_7) AppleWebKit/537.36 (KHTML, like Gecko) Chrome/133.0.0.0 Safari/537.36"
mediaeclips.infinitibizsol.com:443 195.2.70.209 - - [12/Jun/2025:00:42:24 +0000] "GET /how-to-create-an-effective-seo-strategy/ HTTP/1.1" 404 107253 "-" "Mozilla/5.0 (Macintosh; Intel Mac OS X 10_15_7) AppleWebKit/537.36 (KHTML, like Gecko) Chrome/133.0.0.0 Safari/537.36"
mediaeclips.infinitibizsol.com:443 93.175.248.198 - - [12/Jun/2025:00:42:28 +0000] "POST /wp-comments-post.php HTTP/1.1" 200 2628 "-" "Mozilla/5.0 (Macintosh; Intel Mac OS X 10_15_7) AppleWebKit/537.36 (KHTML, like Gecko) Chrome/133.0.0.0 Safari/537.36"
mediaeclips.infinitibizsol.com:443 93.175.248.198 - - [12/Jun/2025:00:42:31 +0000] "POST /wp-comments-post.php HTTP/1.1" 200 5 "-" "Mozilla/5.0 (Windows NT 10.0; Win64; x64) AppleWebKit/537.36 (KHTML, like Gecko) Chrome/120.0.0.0 Safari/537.36"
mediaeclips.infinitibizsol.com:443 93.175.248.198 - - [12/Jun/2025:00:42:37 +0000] "POST /how-to-create-an-effective-seo-strategy/ HTTP/1.1" 404 107192 "-" "Mozilla/5.0 (Macintosh; Intel Mac OS X 10_15_7) AppleWebKit/537.36 (KHTML, like Gecko) Chrome/133.0.0.0 Safari/537.36"
mediaeclips.infinitibizsol.com:443 93.175.248.198 - - [12/Jun/2025:00:42:42 +0000] "POST /how-to-create-an-effective-seo-strategy/ HTTP/1.1" 404 107110 "-" "Mozilla/5.0 (Windows NT 10.0; Win64; x64) AppleWebKit/537.36 (KHTML, like Gecko) Chrome/120.0.0.0 Safari/537.36"
mediaeclips.infinitibizsol.com:80 178.156.128.204 - - [12/Jun/2025:00:44:58 +0000] "POST /wp-load.php?f4555e=89698 HTTP/1.1" 200 1748 "-" "Mozilla/5.0 (Windows NT 10.0; Win64; x64) AppleWebKit/537.36 (KHTML, like Gecko) Chrome/104.0.5112.97 Safari/537.36"
mediaeclips.infinitibizsol.com:443 162.0.223.40 - - [12/Jun/2025:00:49:12 +0000] "POST /wp-cron.php?doing_wp_cron=1749689351.8369100093841552734375 HTTP/1.1" 499 0 "-" "WordPress/6.5.5; https://mediaeclips.com"
mediaeclips.infinitibizsol.com:443 51.222.253.3 - - [12/Jun/2025:00:49:12 +0000] "GET /tag/latest-seo-trends/feed/ HTTP/1.1" 304 0 "-" "Mozilla/5.0 (compatible; AhrefsBot/7.0; +http://ahrefs.com/robot/)"
mediaeclips.infinitibizsol.com:443 198.98.53.81 - - [12/Jun/2025:00:52:41 +0000] "GET /wp-login.php HTTP/1.1" 200 6532 "-" "Mozilla/5.0 (Macintosh; Intel Mac OS X 10.7; rv:31.0) Gecko/20100101 Firefox/31.0"
mediaeclips.infinitibizsol.com:443 198.98.53.81 - - [12/Jun/2025:00:52:44 +0000] "POST /wp-login.php HTTP/1.1" 200 7281 "-" "Mozilla/5.0 (Macintosh; Intel Mac OS X 10.7; rv:31.0) Gecko/20100101 Firefox/31.0"
mediaeclips.infinitibizsol.com:443 162.0.223.40 - - [12/Jun/2025:00:56:23 +0000] "POST /wp-cron.php?doing_wp_cron=1749689782.6830639839172363281250 HTTP/1.1" 499 0 "-" "WordPress/6.5.5; https://mediaeclips.com"
mediaeclips.infinitibizsol.com:443 205.185.120.167 - - [12/Jun/2025:00:56:23 +0000] "GET /wp-login.php HTTP/1.1" 200 6532 "-" "Mozilla/5.0 (iPad; CPU OS 7_1_2 like Mac OS X) AppleWebKit/537.51.2 (KHTML, like Gecko) Version/7.0 Mobile/11D257 Safari/9537.53"
mediaeclips.infinitibizsol.com:443 205.185.120.167 - - [12/Jun/2025:00:56:29 +0000] "POST /wp-login.php HTTP/1.1" 200 7021 "-" "Mozilla/5.0 (iPad; CPU OS 7_1_2 like Mac OS X) AppleWebKit/537.51.2 (KHTML, like Gecko) Version/7.0 Mobile/11D257 Safari/9537.53"
mediaeclips.infinitibizsol.com:80 139.180.180.168 - - [12/Jun/2025:01:00:08 +0000] "POST /wp-load.php?fae040=5042 HTTP/1.1" 200 1748 "-" "Mozilla/5.0 (Windows NT 10.0; Win64; x64) AppleWebKit/537.36 (KHTML, like Gecko) Chrome/104.0.5112.97 Safari/537.36"
mediaeclips.infinitibizsol.com:443 162.0.223.40 - - [12/Jun/2025:01:02:11 +0000] "POST /wp-cron.php?doing_wp_cron=1749690130.6514310836791992187500 HTTP/1.1" 499 0 "-" "WordPress/6.5.5; https://mediaeclips.com"
mediaeclips.infinitibizsol.com:443 51.222.253.13 - - [12/Jun/2025:01:02:11 +0000] "GET /tag/what-is-ui-design/feed/ HTTP/1.1" 304 0 "-" "Mozilla/5.0 (compatible; AhrefsBot/7.0; +http://ahrefs.com/robot/)"
mediaeclips.infinitibizsol.com:80 5.161.106.94 - - [12/Jun/2025:01:15:07 +0000] "POST /wp-load.php?7a6018=29590 HTTP/1.1" 200 1748 "-" "Mozilla/5.0 (Windows NT 10.0; Win64; x64) AppleWebKit/537.36 (KHTML, like Gecko) Chrome/104.0.5112.97 Safari/537.36"
mediaeclips.infinitibizsol.com:443 162.0.223.40 - - [12/Jun/2025:01:18:10 +0000] "POST /wp-cron.php?doing_wp_cron=1749691089.0583839416503906250000 HTTP/1.1" 499 0 "-" "WordPress/6.5.5; https://mediaeclips.com"
mediaeclips.infinitibizsol.com:443 216.73.216.52 - - [12/Jun/2025:01:18:10 +0000] "GET /sitemap.xml HTTP/1.1" 404 5 "-" "Mozilla/5.0 AppleWebKit/537.36 (KHTML, like Gecko; compatible; ClaudeBot/1.0; +claudebot@anthropic.com)"
mediaeclips.infinitibizsol.com:443 216.73.216.52 - - [12/Jun/2025:01:19:05 +0000] "GET /goods.php HTTP/1.1" 404 5 "-" "Mozilla/5.0 AppleWebKit/537.36 (KHTML, like Gecko; compatible; ClaudeBot/1.0; +claudebot@anthropic.com)"
mediaeclips.infinitibizsol.com:443 162.0.223.40 - - [12/Jun/2025:01:19:40 +0000] "POST /wp-cron.php?doing_wp_cron=1749691179.4272530078887939453125 HTTP/1.1" 499 0 "-" "WordPress/6.5.5; https://mediaeclips.com"
mediaeclips.infinitibizsol.com:443 51.222.253.20 - - [12/Jun/2025:01:19:40 +0000] "GET /tag/rewards-of-ai-content/feed/ HTTP/1.1" 304 0 "-" "Mozilla/5.0 (compatible; AhrefsBot/7.0; +http://ahrefs.com/robot/)"
mediaeclips.infinitibizsol.com:80 5.161.106.94 - - [12/Jun/2025:01:30:16 +0000] "POST /wp-load.php?1aaed1=38117 HTTP/1.1" 200 1748 "-" "Mozilla/5.0 (Windows NT 10.0; Win64; x64) AppleWebKit/537.36 (KHTML, like Gecko) Chrome/104.0.5112.97 Safari/537.36"
mediaeclips.infinitibizsol.com:443 162.0.223.40 - - [12/Jun/2025:01:36:52 +0000] "POST /wp-cron.php?doing_wp_cron=1749692211.5335500240325927734375 HTTP/1.1" 499 0 "-" "WordPress/6.5.5; https://mediaeclips.com"
mediaeclips.infinitibizsol.com:443 51.222.253.7 - - [12/Jun/2025:01:36:52 +0000] "GET /tag/why-content-marketing-is-important/feed/ HTTP/1.1" 304 0 "-" "Mozilla/5.0 (compatible; AhrefsBot/7.0; +http://ahrefs.com/robot/)"
mediaeclips.infinitibizsol.com:443 45.168.202.167 - - [12/Jun/2025:01:37:29 +0000] "GET /?utm_medium=referral&utm_source=topdesignfirms.com HTTP/1.1" 404 108364 "-" "Mozilla/5.0 (iPhone; CPU iPhone OS 17_0 like Mac OS X) AppleWebKit/605.1.15 (KHTML, like Gecko) EdgiOS/117.0.2045.48 Version/17.0 Mobile/15E148 Safari/604.1"
mediaeclips.infinitibizsol.com:443 57.141.4.20 - - [12/Jun/2025:01:43:18 +0000] "GET /tag/popular-seo-trends/ HTTP/1.1" 404 47912 "-" "meta-externalagent/1.1 (+https://developers.facebook.com/docs/sharing/webmasters/crawler)"
mediaeclips.infinitibizsol.com:443 23.21.119.232 - - [12/Jun/2025:01:45:10 +0000] "GET /? HTTP/1.1" 404 108421 "-" "Mozilla/5.0 AppleWebKit/537.36 (KHTML, like Gecko; compatible; Amazonbot/0.1; +https://developer.amazon.com/support/amazonbot) Chrome/119.0.6045.214 Safari/537.36"
mediaeclips.infinitibizsol.com:80 5.161.250.15 - - [12/Jun/2025:01:45:24 +0000] "POST /wp-load.php?f9bb5c=33752 HTTP/1.1" 200 1748 "-" "Mozilla/5.0 (Windows NT 10.0; Win64; x64) AppleWebKit/537.36 (KHTML, like Gecko) Chrome/104.0.5112.97 Safari/537.36"
mediaeclips.infinitibizsol.com:443 162.0.223.40 - - [12/Jun/2025:01:54:35 +0000] "POST /wp-cron.php?doing_wp_cron=1749693274.7433059215545654296875 HTTP/1.1" 499 0 "-" "WordPress/6.5.5; https://mediaeclips.com"
mediaeclips.infinitibizsol.com:443 51.222.253.10 - - [12/Jun/2025:01:54:35 +0000] "GET /tag/inbound-vs-outbound-marketing/feed/ HTTP/1.1" 304 0 "-" "Mozilla/5.0 (compatible; AhrefsBot/7.0; +http://ahrefs.com/robot/)"
mediaeclips.infinitibizsol.com:443 57.141.4.28 - - [12/Jun/2025:01:57:49 +0000] "GET /author/admin/page/2/ HTTP/1.1" 404 66080 "-" "meta-externalagent/1.1 (+https://developers.facebook.com/docs/sharing/webmasters/crawler)"
mediaeclips.infinitibizsol.com:443 45.227.253.15 - - [12/Jun/2025:01:59:41 +0000] "GET /index.php/jk HTTP/1.1" 200 54 "-" "Mozilla/5.0 (iPhone; CPU iPhone OS 10_3 like Mac OS X) AppleWebKit/605.1.15 (KHTML, like Gecko) Version/10.0.4 Mobile/15E148 Safari/604.1"
mediaeclips.infinitibizsol.com:80 5.161.52.234 - - [12/Jun/2025:02:00:27 +0000] "POST /wp-load.php?2b301f=37834 HTTP/1.1" 200 1748 "-" "Mozilla/5.0 (Windows NT 10.0; Win64; x64) AppleWebKit/537.36 (KHTML, like Gecko) Chrome/104.0.5112.97 Safari/537.36"
mediaeclips.infinitibizsol.com:80 162.0.223.40 - - [12/Jun/2025:02:04:05 +0000] "POST /wp-cron.php?doing_wp_cron=1749693844.3761959075927734375000 HTTP/1.1" 499 0 "-" "WordPress/6.5.5; https://mediaeclips.com"
mediaeclips.infinitibizsol.com:80 182.44.2.148 - - [12/Jun/2025:02:04:05 +0000] "GET / HTTP/1.1" 404 5 "-" "Mozilla/5.0 (iPhone; CPU iPhone OS 13_2_3 like Mac OS X) AppleWebKit/605.1.15 (KHTML, like Gecko) Version/13.0.3 Mobile/15E148 Safari/604.1"
mediaeclips.infinitibizsol.com:443 162.0.223.40 - - [12/Jun/2025:02:05:17 +0000] "POST /wp-cron.php?doing_wp_cron=1749693916.5523209571838378906250 HTTP/1.1" 499 0 "-" "WordPress/6.5.5; https://mediaeclips.com"
mediaeclips.infinitibizsol.com:443 57.141.4.12 - - [12/Jun/2025:02:05:18 +0000] "GET /tag/latest-seo-trends/ HTTP/1.1" 404 47886 "-" "meta-externalagent/1.1 (+https://developers.facebook.com/docs/sharing/webmasters/crawler)"
mediaeclips.infinitibizsol.com:443 162.0.223.40 - - [12/Jun/2025:02:09:36 +0000] "POST /wp-cron.php?doing_wp_cron=1749694175.6937630176544189453125 HTTP/1.1" 499 0 "-" "WordPress/6.5.5; https://mediaeclips.com"
mediaeclips.infinitibizsol.com:443 57.141.4.13 - - [12/Jun/2025:02:09:37 +0000] "GET /tag/seo-strategy/ HTTP/1.1" 404 47881 "-" "meta-externalagent/1.1 (+https://developers.facebook.com/docs/sharing/webmasters/crawler)"
mediaeclips.infinitibizsol.com:80 5.161.44.164 - - [12/Jun/2025:02:15:34 +0000] "POST /wp-load.php?8d02c1=24204 HTTP/1.1" 200 1748 "-" "Mozilla/5.0 (Windows NT 10.0; Win64; x64) AppleWebKit/537.36 (KHTML, like Gecko) Chrome/104.0.5112.97 Safari/537.36"
mediaeclips.infinitibizsol.com:443 162.0.223.40 - - [12/Jun/2025:02:16:05 +0000] "POST /wp-cron.php?doing_wp_cron=1749694564.5397379398345947265625 HTTP/1.1" 499 0 "-" "WordPress/6.5.5; https://mediaeclips.com"
mediaeclips.infinitibizsol.com:443 51.222.253.8 - - [12/Jun/2025:02:16:05 +0000] "GET /tag/google-business-profile/feed/ HTTP/1.1" 304 0 "-" "Mozilla/5.0 (compatible; AhrefsBot/7.0; +http://ahrefs.com/robot/)"
mediaeclips.infinitibizsol.com:443 89.110.109.74 - - [12/Jun/2025:02:16:37 +0000] "GET / HTTP/1.1" 404 108421 "-" "Mozilla/5.0 (Macintosh; Intel Mac OS X 10_15_7) AppleWebKit/537.36 (KHTML, like Gecko) Chrome/133.0.0.0 Safari/537.36"
mediaeclips.infinitibizsol.com:443 171.248.36.28 - - [12/Jun/2025:02:16:44 +0000] "POST / HTTP/1.1" 404 108697 "-" "Mozilla/5.0 (Macintosh; Intel Mac OS X 10_15_7) AppleWebKit/537.36 (KHTML, like Gecko) Chrome/133.0.0.0 Safari/537.36"
mediaeclips.infinitibizsol.com:443 171.248.36.28 - - [12/Jun/2025:02:16:51 +0000] "POST / HTTP/1.1" 404 108270 "-" "Mozilla/5.0 (Windows NT 10.0; Win64; x64) AppleWebKit/537.36 (KHTML, like Gecko) Chrome/120.0.0.0 Safari/537.36"
mediaeclips.infinitibizsol.com:443 171.248.36.28 - - [12/Jun/2025:02:16:58 +0000] "POST / HTTP/1.1" 404 108358 "-" "Mozilla/5.0 (Macintosh; Intel Mac OS X 10_15_7) AppleWebKit/537.36 (KHTML, like Gecko) Chrome/133.0.0.0 Safari/537.36"
mediaeclips.infinitibizsol.com:443 171.248.36.28 - - [12/Jun/2025:02:17:05 +0000] "POST / HTTP/1.1" 404 108262 "-" "Mozilla/5.0 (Windows NT 10.0; Win64; x64) AppleWebKit/537.36 (KHTML, like Gecko) Chrome/120.0.0.0 Safari/537.36"
mediaeclips.infinitibizsol.com:443 162.0.223.40 - - [12/Jun/2025:02:17:11 +0000] "POST /wp-cron.php?doing_wp_cron=1749694630.1373579502105712890625 HTTP/1.1" 499 0 "-" "WordPress/6.5.5; https://mediaeclips.com"
mediaeclips.infinitibizsol.com:443 89.110.109.74 - - [12/Jun/2025:02:17:11 +0000] "GET /comments/feed/ HTTP/1.1" 404 937 "-" "Mozilla/5.0 (Macintosh; Intel Mac OS X 10_15_7) AppleWebKit/537.36 (KHTML, like Gecko) Chrome/133.0.0.0 Safari/537.36"
mediaeclips.infinitibizsol.com:443 89.110.109.74 - - [12/Jun/2025:02:17:12 +0000] "GET /graphic-design/ HTTP/1.1" 404 65450 "-" "Mozilla/5.0 (Macintosh; Intel Mac OS X 10_15_7) AppleWebKit/537.36 (KHTML, like Gecko) Chrome/133.0.0.0 Safari/537.36"
