mediaeclips.infinitibizsol.com:443 68.163.34.134 - - [11/Jun/2025:21:22:10 +0000] "GET /wp-content/themes/ziptech/js/trigger.js?ver=6.5.5 HTTP/1.1" 200 23845 "https://mediaeclips.com/" "Mozilla/5.0 (Windows NT 10.0; Win64; x64) AppleWebKit/537.36 (KHTML, like Gecko) Chrome/137.0.0.0 Safari/537.36"
mediaeclips.infinitibizsol.com:443 68.163.34.134 - - [11/Jun/2025:21:22:10 +0000] "GET /wp-content/plugins/elementskit-lite/libs/framework/assets/js/frontend-script.js?ver=3.1.3 HTTP/1.1" 200 40 "https://mediaeclips.com/" "Mozilla/5.0 (Windows NT 10.0; Win64; x64) AppleWebKit/537.36 (KHTML, like Gecko) Chrome/137.0.0.0 Safari/537.36"
mediaeclips.infinitibizsol.com:443 68.163.34.134 - - [11/Jun/2025:21:22:10 +0000] "GET /wp-content/plugins/essential-addons-for-elementor-lite/assets/front-end/js/view/general.min.js?ver=5.9.21 HTTP/1.1" 200 10364 "https://mediaeclips.com/" "Mozilla/5.0 (Windows NT 10.0; Win64; x64) AppleWebKit/537.36 (KHTML, like Gecko) Chrome/137.0.0.0 Safari/537.36"
mediaeclips.infinitibizsol.com:443 68.163.34.134 - - [11/Jun/2025:21:22:10 +0000] "GET /wp-content/plugins/ziptech-elementor/assets/js/bdevs-elementor.js?ver=1.0.0 HTTP/1.1" 200 591 "https://mediaeclips.com/" "Mozilla/5.0 (Windows NT 10.0; Win64; x64) AppleWebKit/537.36 (KHTML, like Gecko) Chrome/137.0.0.0 Safari/537.36"
mediaeclips.infinitibizsol.com:443 68.163.34.134 - - [11/Jun/2025:21:22:10 +0000] "GET /wp-content/plugins/elementor-pro/assets/js/webpack-pro.runtime.min.js?ver=3.19.3 HTTP/1.1" 200 5825 "https://mediaeclips.com/" "Mozilla/5.0 (Windows NT 10.0; Win64; x64) AppleWebKit/537.36 (KHTML, like Gecko) Chrome/137.0.0.0 Safari/537.36"
mediaeclips.infinitibizsol.com:443 68.163.34.134 - - [11/Jun/2025:21:22:10 +0000] "GET /wp-content/plugins/elementskit-lite/widgets/init/assets/js/widget-scripts.js?ver=3.1.3 HTTP/1.1" 200 137549 "https://mediaeclips.com/" "Mozilla/5.0 (Windows NT 10.0; Win64; x64) AppleWebKit/537.36 (KHTML, like Gecko) Chrome/137.0.0.0 Safari/537.36"
mediaeclips.infinitibizsol.com:443 68.163.34.134 - - [11/Jun/2025:21:22:10 +0000] "GET /wp-content/plugins/elementor/assets/js/webpack.runtime.min.js?ver=3.21.5 HTTP/1.1" 200 4997 "https://mediaeclips.com/" "Mozilla/5.0 (Windows NT 10.0; Win64; x64) AppleWebKit/537.36 (KHTML, like Gecko) Chrome/137.0.0.0 Safari/537.36"
mediaeclips.infinitibizsol.com:443 68.163.34.134 - - [11/Jun/2025:21:22:10 +0000] "GET /wp-includes/js/dist/vendor/regenerator-runtime.min.js?ver=0.14.0 HTTP/1.1" 200 6625 "https://mediaeclips.com/" "Mozilla/5.0 (Windows NT 10.0; Win64; x64) AppleWebKit/537.36 (KHTML, like Gecko) Chrome/137.0.0.0 Safari/537.36"
mediaeclips.infinitibizsol.com:443 68.163.34.134 - - [11/Jun/2025:21:22:10 +0000] "GET /wp-includes/js/dist/vendor/wp-polyfill-inert.min.js?ver=3.1.2 HTTP/1.1" 200 8171 "https://mediaeclips.com/" "Mozilla/5.0 (Windows NT 10.0; Win64; x64) AppleWebKit/537.36 (KHTML, like Gecko) Chrome/137.0.0.0 Safari/537.36"
mediaeclips.infinitibizsol.com:443 68.163.34.134 - - [11/Jun/2025:21:22:10 +0000] "GET /wp-content/plugins/elementor/assets/js/frontend-modules.min.js?ver=3.21.5 HTTP/1.1" 200 63275 "https://mediaeclips.com/" "Mozilla/5.0 (Windows NT 10.0; Win64; x64) AppleWebKit/537.36 (KHTML, like Gecko) Chrome/137.0.0.0 Safari/537.36"
mediaeclips.infinitibizsol.com:443 68.163.34.134 - - [11/Jun/2025:21:22:10 +0000] "GET /wp-includes/js/dist/vendor/wp-polyfill.min.js?ver=3.15.0 HTTP/1.1" 200 38590 "https://mediaeclips.com/" "Mozilla/5.0 (Windows NT 10.0; Win64; x64) AppleWebKit/537.36 (KHTML, like Gecko) Chrome/137.0.0.0 Safari/537.36"
mediaeclips.infinitibizsol.com:443 68.163.34.134 - - [11/Jun/2025:21:22:10 +0000] "GET /wp-includes/js/dist/hooks.min.js?ver=2810c76e705dd1a53b18 HTTP/1.1" 200 4307 "https://mediaeclips.com/" "Mozilla/5.0 (Windows NT 10.0; Win64; x64) AppleWebKit/537.36 (KHTML, like Gecko) Chrome/137.0.0.0 Safari/537.36"
mediaeclips.infinitibizsol.com:443 68.163.34.134 - - [11/Jun/2025:21:22:10 +0000] "GET /wp-includes/js/dist/i18n.min.js?ver=5e580eb46a90c2b997e6 HTTP/1.1" 200 9141 "https://mediaeclips.com/" "Mozilla/5.0 (Windows NT 10.0; Win64; x64) AppleWebKit/537.36 (KHTML, like Gecko) Chrome/137.0.0.0 Safari/537.36"
mediaeclips.infinitibizsol.com:443 68.163.34.134 - - [11/Jun/2025:21:22:10 +0000] "GET /wp-content/plugins/elementor-pro/assets/js/frontend.min.js?ver=3.19.3 HTTP/1.1" 200 25066 "https://mediaeclips.com/" "Mozilla/5.0 (Windows NT 10.0; Win64; x64) AppleWebKit/537.36 (KHTML, like Gecko) Chrome/137.0.0.0 Safari/537.36"
mediaeclips.infinitibizsol.com:443 68.163.34.134 - - [11/Jun/2025:21:22:10 +0000] "GET /wp-content/plugins/elementor/assets/lib/waypoints/waypoints.min.js?ver=4.0.2 HTTP/1.1" 200 12198 "https://mediaeclips.com/" "Mozilla/5.0 (Windows NT 10.0; Win64; x64) AppleWebKit/537.36 (KHTML, like Gecko) Chrome/137.0.0.0 Safari/537.36"
mediaeclips.infinitibizsol.com:443 68.163.34.134 - - [11/Jun/2025:21:22:11 +0000] "GET /wp-includes/js/jquery/ui/core.min.js?ver=1.13.2 HTTP/1.1" 200 21438 "https://mediaeclips.com/" "Mozilla/5.0 (Windows NT 10.0; Win64; x64) AppleWebKit/537.36 (KHTML, like Gecko) Chrome/137.0.0.0 Safari/537.36"
mediaeclips.infinitibizsol.com:443 68.163.34.134 - - [11/Jun/2025:21:22:11 +0000] "GET /wp-content/plugins/elementor/assets/js/frontend.min.js?ver=3.21.5 HTTP/1.1" 200 39972 "https://mediaeclips.com/" "Mozilla/5.0 (Windows NT 10.0; Win64; x64) AppleWebKit/537.36 (KHTML, like Gecko) Chrome/137.0.0.0 Safari/537.36"
mediaeclips.infinitibizsol.com:443 68.163.34.134 - - [11/Jun/2025:21:22:11 +0000] "GET /wp-content/plugins/elementor-pro/assets/js/elements-handlers.min.js?ver=3.19.3 HTTP/1.1" 200 38254 "https://mediaeclips.com/" "Mozilla/5.0 (Windows NT 10.0; Win64; x64) AppleWebKit/537.36 (KHTML, like Gecko) Chrome/137.0.0.0 Safari/537.36"
mediaeclips.infinitibizsol.com:443 68.163.34.134 - - [11/Jun/2025:21:22:11 +0000] "GET /wp-content/plugins/elementskit-lite/widgets/init/assets/js/animate-circle.min.js?ver=3.1.3 HTTP/1.1" 200 681 "https://mediaeclips.com/" "Mozilla/5.0 (Windows NT 10.0; Win64; x64) AppleWebKit/537.36 (KHTML, like Gecko) Chrome/137.0.0.0 Safari/537.36"
mediaeclips.infinitibizsol.com:443 68.163.34.134 - - [11/Jun/2025:21:22:11 +0000] "GET /wp-content/plugins/elementskit-lite/widgets/init/assets/js/elementor.js?ver=3.1.3 HTTP/1.1" 200 18774 "https://mediaeclips.com/" "Mozilla/5.0 (Windows NT 10.0; Win64; x64) AppleWebKit/537.36 (KHTML, like Gecko) Chrome/137.0.0.0 Safari/537.36"
mediaeclips.infinitibizsol.com:443 68.163.34.134 - - [11/Jun/2025:21:22:11 +0000] "GET /wp-content/uploads/2024/03/about3-img1.webp HTTP/1.1" 200 19794 "https://mediaeclips.com/" "Mozilla/5.0 (Windows NT 10.0; Win64; x64) AppleWebKit/537.36 (KHTML, like Gecko) Chrome/137.0.0.0 Safari/537.36"
mediaeclips.infinitibizsol.com:443 68.163.34.134 - - [11/Jun/2025:21:22:11 +0000] "GET /wp-content/themes/ziptech/images/testimonials/testimonial-img1.jpg HTTP/1.1" 200 2731 "https://mediaeclips.com/" "Mozilla/5.0 (Windows NT 10.0; Win64; x64) AppleWebKit/537.36 (KHTML, like Gecko) Chrome/137.0.0.0 Safari/537.36"
mediaeclips.infinitibizsol.com:443 68.163.34.134 - - [11/Jun/2025:21:22:11 +0000] "GET /wp-content/uploads/2024/05/1-How-to-Create-an-Effective-SEO-Strategy-in-2024.webp HTTP/1.1" 200 48010 "https://mediaeclips.com/" "Mozilla/5.0 (Windows NT 10.0; Win64; x64) AppleWebKit/537.36 (KHTML, like Gecko) Chrome/137.0.0.0 Safari/537.36"
mediaeclips.infinitibizsol.com:443 68.163.34.134 - - [11/Jun/2025:21:22:11 +0000] "GET /wp-content/uploads/2024/05/1-What-is-Video-Marketing-An-Ultimate-Guide.webp HTTP/1.1" 200 50864 "https://mediaeclips.com/" "Mozilla/5.0 (Windows NT 10.0; Win64; x64) AppleWebKit/537.36 (KHTML, like Gecko) Chrome/137.0.0.0 Safari/537.36"
mediaeclips.infinitibizsol.com:443 68.163.34.134 - - [11/Jun/2025:21:22:11 +0000] "GET /wp-content/uploads/2024/02/Media-Eclips-2.png.webp HTTP/1.1" 200 27510 "https://mediaeclips.com/" "Mozilla/5.0 (Windows NT 10.0; Win64; x64) AppleWebKit/537.36 (KHTML, like Gecko) Chrome/137.0.0.0 Safari/537.36"
mediaeclips.infinitibizsol.com:443 68.163.34.134 - - [11/Jun/2025:21:22:11 +0000] "GET /wp-content/themes/ziptech/images/down-arrow.png HTTP/1.1" 200 427 "https://mediaeclips.com/wp-content/themes/ziptech/css/style.css?ver=6.5.5" "Mozilla/5.0 (Windows NT 10.0; Win64; x64) AppleWebKit/537.36 (KHTML, like Gecko) Chrome/137.0.0.0 Safari/537.36"
mediaeclips.infinitibizsol.com:443 68.163.34.134 - - [11/Jun/2025:21:22:11 +0000] "GET /wp-content/themes/ziptech/images/objects/footer-obj1.png HTTP/1.1" 200 119869 "https://mediaeclips.com/" "Mozilla/5.0 (Windows NT 10.0; Win64; x64) AppleWebKit/537.36 (KHTML, like Gecko) Chrome/137.0.0.0 Safari/537.36"
mediaeclips.infinitibizsol.com:443 68.163.34.134 - - [11/Jun/2025:21:22:11 +0000] "GET /wp-content/themes/ziptech/images/about/wave2.png HTTP/1.1" 200 4908 "https://mediaeclips.com/wp-content/themes/ziptech/css/style.css?ver=6.5.5" "Mozilla/5.0 (Windows NT 10.0; Win64; x64) AppleWebKit/537.36 (KHTML, like Gecko) Chrome/137.0.0.0 Safari/537.36"
mediaeclips.infinitibizsol.com:443 68.163.34.134 - - [11/Jun/2025:21:22:11 +0000] "GET /wp-content/uploads/2024/03/divider-img2.webp HTTP/1.1" 200 36330 "https://mediaeclips.com/" "Mozilla/5.0 (Windows NT 10.0; Win64; x64) AppleWebKit/537.36 (KHTML, like Gecko) Chrome/137.0.0.0 Safari/537.36"
mediaeclips.infinitibizsol.com:443 68.163.34.134 - - [11/Jun/2025:21:22:12 +0000] "GET /wp-content/themes/ziptech/fonts/webexthemeicon/fonts/webexthemeicon.ttf?e77yny HTTP/1.1" 200 99192 "https://mediaeclips.com/wp-content/themes/ziptech/fonts/webexthemeicon/style.css" "Mozilla/5.0 (Windows NT 10.0; Win64; x64) AppleWebKit/537.36 (KHTML, like Gecko) Chrome/137.0.0.0 Safari/537.36"
mediaeclips.infinitibizsol.com:443 68.163.34.134 - - [11/Jun/2025:21:22:12 +0000] "GET /wp-content/plugins/elementor/assets/lib/font-awesome/webfonts/fa-solid-900.woff2 HTTP/1.1" 200 78196 "https://mediaeclips.com/wp-content/plugins/elementor/assets/lib/font-awesome/css/solid.min.css?ver=5.15.3" "Mozilla/5.0 (Windows NT 10.0; Win64; x64) AppleWebKit/537.36 (KHTML, like Gecko) Chrome/137.0.0.0 Safari/537.36"
mediaeclips.infinitibizsol.com:443 68.163.34.134 - - [11/Jun/2025:21:22:12 +0000] "GET /wp-content/themes/ziptech/fonts/webexbaseicon/fonts/webexbaseicon.ttf?wtzu32 HTTP/1.1" 200 273460 "https://mediaeclips.com/wp-content/themes/ziptech/fonts/webexbaseicon/style.css" "Mozilla/5.0 (Windows NT 10.0; Win64; x64) AppleWebKit/537.36 (KHTML, like Gecko) Chrome/137.0.0.0 Safari/537.36"
mediaeclips.infinitibizsol.com:443 68.163.34.134 - - [11/Jun/2025:21:22:12 +0000] "GET /wp-content/themes/ziptech/fonts/fontawesome/webfonts/fa-brands-400.woff2 HTTP/1.1" 200 76612 "https://mediaeclips.com/wp-content/themes/ziptech/fonts/fontawesome/css/all.css" "Mozilla/5.0 (Windows NT 10.0; Win64; x64) AppleWebKit/537.36 (KHTML, like Gecko) Chrome/137.0.0.0 Safari/537.36"
mediaeclips.infinitibizsol.com:443 68.163.34.134 - - [11/Jun/2025:21:22:12 +0000] "GET /wp-content/themes/ziptech/images/bg/5.jpg HTTP/1.1" 200 197658 "https://mediaeclips.com/" "Mozilla/5.0 (Windows NT 10.0; Win64; x64) AppleWebKit/537.36 (KHTML, like Gecko) Chrome/137.0.0.0 Safari/537.36"
mediaeclips.infinitibizsol.com:443 68.163.34.134 - - [11/Jun/2025:21:22:12 +0000] "GET /wp-content/plugins/elementskit-lite/modules/elementskit-icon-pack/assets/fonts/elementskit.woff?y24e1e HTTP/1.1" 200 459244 "https://mediaeclips.com/wp-content/plugins/elementskit-lite/modules/elementskit-icon-pack/assets/css/ekiticons.css?ver=3.1.3" "Mozilla/5.0 (Windows NT 10.0; Win64; x64) AppleWebKit/537.36 (KHTML, like Gecko) Chrome/137.0.0.0 Safari/537.36"
mediaeclips.infinitibizsol.com:443 68.163.34.134 - - [11/Jun/2025:21:22:12 +0000] "GET /wp-content/themes/ziptech/fonts/fontawesome/webfonts/fa-regular-400.woff2 HTTP/1.1" 200 13584 "https://mediaeclips.com/wp-content/themes/ziptech/fonts/fontawesome/css/all.css" "Mozilla/5.0 (Windows NT 10.0; Win64; x64) AppleWebKit/537.36 (KHTML, like Gecko) Chrome/137.0.0.0 Safari/537.36"
mediaeclips.infinitibizsol.com:443 68.163.34.134 - - [11/Jun/2025:21:22:12 +0000] "GET /wp-includes/js/wp-emoji-release.min.js?ver=6.5.5 HTTP/1.1" 200 18726 "https://mediaeclips.com/" "Mozilla/5.0 (Windows NT 10.0; Win64; x64) AppleWebKit/537.36 (KHTML, like Gecko) Chrome/137.0.0.0 Safari/537.36"
mediaeclips.infinitibizsol.com:443 68.163.34.134 - - [11/Jun/2025:21:22:12 +0000] "GET /wp-content/plugins/elementor/assets/js/text-editor.2c35aafbe5bf0e127950.bundle.min.js HTTP/1.1" 200 1360 "https://mediaeclips.com/" "Mozilla/5.0 (Windows NT 10.0; Win64; x64) AppleWebKit/537.36 (KHTML, like Gecko) Chrome/137.0.0.0 Safari/537.36"
mediaeclips.infinitibizsol.com:443 68.163.34.134 - - [11/Jun/2025:21:22:14 +0000] "GET /wp-content/uploads/2024/02/cropped-Media-Eclips-2.png-32x32.webp HTTP/1.1" 200 968 "https://mediaeclips.com/" "Mozilla/5.0 (Windows NT 10.0; Win64; x64) AppleWebKit/537.36 (KHTML, like Gecko) Chrome/137.0.0.0 Safari/537.36"
mediaeclips.infinitibizsol.com:443 68.163.34.134 - - [11/Jun/2025:21:22:15 +0000] "GET /wp-json/contact-form-7/v1/contact-forms/159/feedback/schema HTTP/1.1" 404 777 "https://mediaeclips.com/" "Mozilla/5.0 (Windows NT 10.0; Win64; x64) AppleWebKit/537.36 (KHTML, like Gecko) Chrome/137.0.0.0 Safari/537.36"
mediaeclips.infinitibizsol.com:443 68.163.34.134 - - [11/Jun/2025:21:22:18 +0000] "GET /wp-json/contact-form-7/v1/contact-forms/158/refill HTTP/1.1" 404 12 "https://mediaeclips.com/" "Mozilla/5.0 (Windows NT 10.0; Win64; x64) AppleWebKit/537.36 (KHTML, like Gecko) Chrome/137.0.0.0 Safari/537.36"
mediaeclips.infinitibizsol.com:443 68.163.34.134 - - [11/Jun/2025:21:22:21 +0000] "GET /wp-json/contact-form-7/v1/contact-forms/158/feedback/schema HTTP/1.1" 404 241 "https://mediaeclips.com/" "Mozilla/5.0 (Windows NT 10.0; Win64; x64) AppleWebKit/537.36 (KHTML, like Gecko) Chrome/137.0.0.0 Safari/537.36"
mediaeclips.infinitibizsol.com:443 68.163.34.134 - - [11/Jun/2025:21:22:24 +0000] "GET /wp-json/contact-form-7/v1/contact-forms/159/refill HTTP/1.1" 404 12 "https://mediaeclips.com/" "Mozilla/5.0 (Windows NT 10.0; Win64; x64) AppleWebKit/537.36 (KHTML, like Gecko) Chrome/137.0.0.0 Safari/537.36"
mediaeclips.infinitibizsol.com:443 68.163.34.134 - - [11/Jun/2025:21:22:24 +0000] "GET / HTTP/1.1" 404 108428 "-" "Mozilla/5.0 (Windows NT 10.0; Win64; x64) AppleWebKit/537.36 (KHTML, like Gecko) Chrome/137.0.0.0 Safari/537.36"
mediaeclips.infinitibizsol.com:443 68.163.34.134 - - [11/Jun/2025:21:22:27 +0000] "GET /wp-content/themes/ziptech/framework/color.php?ver=6.5.5 HTTP/1.1" 404 5 "https://mediaeclips.com/" "Mozilla/5.0 (Windows NT 10.0; Win64; x64) AppleWebKit/537.36 (KHTML, like Gecko) Chrome/137.0.0.0 Safari/537.36"
mediaeclips.infinitibizsol.com:443 68.163.34.134 - - [11/Jun/2025:21:22:28 +0000] "GET /wp-json/contact-form-7/v1/contact-forms/158/feedback/schema HTTP/1.1" 499 0 "https://mediaeclips.com/" "Mozilla/5.0 (Windows NT 10.0; Win64; x64) AppleWebKit/537.36 (KHTML, like Gecko) Chrome/137.0.0.0 Safari/537.36"
mediaeclips.infinitibizsol.com:443 68.163.34.134 - - [11/Jun/2025:21:22:28 +0000] "GET /wp-json/contact-form-7/v1/contact-forms/158/refill HTTP/1.1" 499 0 "https://mediaeclips.com/" "Mozilla/5.0 (Windows NT 10.0; Win64; x64) AppleWebKit/537.36 (KHTML, like Gecko) Chrome/137.0.0.0 Safari/537.36"
mediaeclips.infinitibizsol.com:443 68.163.34.134 - - [11/Jun/2025:21:22:28 +0000] "GET /wp-json/contact-form-7/v1/contact-forms/159/feedback/schema HTTP/1.1" 499 0 "https://mediaeclips.com/" "Mozilla/5.0 (Windows NT 10.0; Win64; x64) AppleWebKit/537.36 (KHTML, like Gecko) Chrome/137.0.0.0 Safari/537.36"
mediaeclips.infinitibizsol.com:443 68.163.34.134 - - [11/Jun/2025:21:22:28 +0000] "GET /wp-json/contact-form-7/v1/contact-forms/159/refill HTTP/1.1" 499 0 "https://mediaeclips.com/" "Mozilla/5.0 (Windows NT 10.0; Win64; x64) AppleWebKit/537.36 (KHTML, like Gecko) Chrome/137.0.0.0 Safari/537.36"
mediaeclips.infinitibizsol.com:80 134.209.41.189 - - [11/Jun/2025:21:22:33 +0000] "GET /0b5a9e8b7178624e2d5303b2.mkv HTTP/1.1" 404 5 "-" "Mozilla/5.0 (Windows NT 10.0; Win64; x64) AppleWebKit/537.36 (KHTML, like Gecko) Chrome/137.0.0.0 Safari/537.36 Edg/137.0.1948.12"
mediaeclips.infinitibizsol.com:80 152.39.233.97 - - [11/Jun/2025:21:22:33 +0000] "GET / HTTP/1.1" 404 5 "-" "Mozilla/5.0 (Windows NT 10.0; Win64; x64) AppleWebKit/537.36 (KHTML, like Gecko) Chrome/137.0.0.0 Safari/537.36 Edg/137.0.1709.95"
mediaeclips.infinitibizsol.com:80 74.110.160.168 - - [11/Jun/2025:21:22:33 +0000] "GET http://www.mediaeclips.com/ HTTP/1.1" 404 5 "-" "Mozilla/5.0 (Macintosh; Intel Mac OS X 10_15_7) AppleWebKit/605.1.15 (KHTML, like Gecko) Version/18.3 Safari/605.1.15"
mediaeclips.infinitibizsol.com:80 209.188.72.45 - - [11/Jun/2025:21:22:34 +0000] "GET /2d9980add444b7e75ab12b6bdc526b1c1dc69b.avi HTTP/1.1" 404 5 "-" "Mozilla/5.0 (Windows NT 10.0; Win64; x64) AppleWebKit/537.36 (KHTML, like Gecko) Chrome/137.0.0.0 Safari/537.36 Edg/137.0.1948.12"
mediaeclips.infinitibizsol.com:80 66.36.98.34 - - [11/Jun/2025:21:22:34 +0000] "GET http://www.mediaeclips.com/aeb128417958635948.avi HTTP/1.1" 404 5 "-" "Mozilla/5.0 (Windows NT 10.0; Win64; x64) AppleWebKit/537.36 (KHTML, like Gecko) Chrome/137.0.0.0 Safari/537.36"
mediaeclips.infinitibizsol.com:80 206.204.31.253 - - [11/Jun/2025:21:22:34 +0000] "GET http://www.mediaeclips.com/c000368475b704ab46.webm HTTP/1.1" 404 5 "-" "Mozilla/5.0 (Windows NT 10.0; Win64; x64) AppleWebKit/537.36 (KHTML, like Gecko) Chrome/137.0.0.0 Safari/537.36"
mediaeclips.infinitibizsol.com:80 172.58.145.85 - - [11/Jun/2025:21:22:35 +0000] "GET / HTTP/1.1" 404 5 "-" "Mozilla/5.0 (Windows NT 10.0; Win64; x64) AppleWebKit/537.36 (KHTML, like Gecko) Chrome/137.0.0.0 Safari/537.36 Edg/137.0.1709.95"
mediaeclips.infinitibizsol.com:80 73.24.205.141 - - [11/Jun/2025:21:22:35 +0000] "GET / HTTP/1.1" 404 5 "-" "Mozilla/5.0 (Windows NT 10.0; Win64; x64) AppleWebKit/537.36 (KHTML, like Gecko) Chrome/137.0.0.0 Safari/537.36 Edg/137.0.1995.66"
mediaeclips.infinitibizsol.com:80 152.39.244.10 - - [11/Jun/2025:21:22:35 +0000] "GET /03b1806d2909ba18ea4c5e.mkv HTTP/1.1" 404 5 "-" "Mozilla/5.0 (Windows NT 10.0; Win64; x64) AppleWebKit/537.36 (KHTML, like Gecko) Chrome/137.0.0.0 Safari/537.36 Edg/137.0.1948.12"
mediaeclips.infinitibizsol.com:80 94.176.63.206 - - [11/Jun/2025:21:22:36 +0000] "GET / HTTP/1.1" 404 5 "-" "Mozilla/5.0 (Windows NT 10.0; Win64; x64) AppleWebKit/537.36 (KHTML, like Gecko) Chrome/137.0.0.0 Safari/537.36 Edg/137.0.1995.66"
mediaeclips.infinitibizsol.com:80 134.199.67.162 - - [11/Jun/2025:21:22:36 +0000] "GET http://www.mediaeclips.com/ HTTP/1.1" 404 5 "-" "Mozilla/5.0 (Macintosh; Intel Mac OS X 10_15_7) AppleWebKit/605.1.15 (KHTML, like Gecko) Version/18.3 Safari/605.1.15"
mediaeclips.infinitibizsol.com:80 66.36.98.34 - - [11/Jun/2025:21:22:38 +0000] "GET http://www.mediaeclips.com/ HTTP/1.1" 404 5 "http://www.mediaeclips.com/aeb128417958635948.avi" "Mozilla/5.0 (Windows NT 10.0; Win64; x64) AppleWebKit/537.36 (KHTML, like Gecko) Chrome/137.0.0.0 Safari/537.36"
mediaeclips.infinitibizsol.com:80 209.188.72.45 - - [11/Jun/2025:21:22:38 +0000] "GET / HTTP/1.1" 404 5 "http://www.mediaeclips.com/2d9980add444b7e75ab12b6bdc526b1c1dc69b.avi" "Mozilla/5.0 (Windows NT 10.0; Win64; x64) AppleWebKit/537.36 (KHTML, like Gecko) Chrome/137.0.0.0 Safari/537.36 Edg/137.0.1948.12"
mediaeclips.infinitibizsol.com:80 172.58.145.85 - - [11/Jun/2025:21:22:39 +0000] "GET / HTTP/1.1" 404 5 "http://www.mediaeclips.com/" "Mozilla/5.0 (Windows NT 10.0; Win64; x64) AppleWebKit/537.36 (KHTML, like Gecko) Chrome/137.0.0.0 Safari/537.36 Edg/137.0.1709.95"
mediaeclips.infinitibizsol.com:80 73.24.205.141 - - [11/Jun/2025:21:22:40 +0000] "GET / HTTP/1.1" 404 5 "http://www.mediaeclips.com/" "Mozilla/5.0 (Windows NT 10.0; Win64; x64) AppleWebKit/537.36 (KHTML, like Gecko) Chrome/137.0.0.0 Safari/537.36 Edg/137.0.1995.66"
mediaeclips.infinitibizsol.com:80 208.207.178.38 - - [11/Jun/2025:21:22:40 +0000] "GET http://www.mediaeclips.com/ HTTP/1.1" 404 5 "-" "Mozilla/5.0 (Macintosh; Intel Mac OS X 10_15_7) AppleWebKit/605.1.15 (KHTML, like Gecko) Version/18.3 Safari/605.1.15"
mediaeclips.infinitibizsol.com:80 208.207.176.99 - - [11/Jun/2025:21:22:41 +0000] "GET http://www.mediaeclips.com/e86d23ac226b3340d15b80b936ecc38b387895a983a873eb.ogg HTTP/1.1" 404 5 "-" "Mozilla/5.0 (Windows NT 10.0; Win64; x64) AppleWebKit/537.36 (KHTML, like Gecko) Chrome/137.0.0.0 Safari/537.36"
mediaeclips.infinitibizsol.com:80 208.196.109.144 - - [11/Jun/2025:21:22:45 +0000] "GET / HTTP/1.1" 404 5 "-" "Mozilla/5.0 (Windows NT 10.0; Win64; x64) AppleWebKit/537.36 (KHTML, like Gecko) Chrome/137.0.0.0 Safari/537.36 Edg/137.0.1995.66"
mediaeclips.infinitibizsol.com:443 76.149.126.121 - - [11/Jun/2025:21:22:48 +0000] "GET / HTTP/1.1" 499 0 "-" "Mozilla/5.0 (Windows NT 10.0; Win64; x64) AppleWebKit/537.36 (KHTML, like Gecko) Chrome/137.0.0.0 Safari/537.36"
mediaeclips.infinitibizsol.com:80 76.149.126.121 - - [11/Jun/2025:21:22:52 +0000] "GET / HTTP/1.1" 404 5 "-" "Mozilla/5.0 (Windows NT 10.0; Win64; x64) AppleWebKit/537.36 (KHTML, like Gecko) Chrome/137.0.0.0 Safari/537.36"
mediaeclips.infinitibizsol.com:80 76.149.126.121 - - [11/Jun/2025:21:22:56 +0000] "GET / HTTP/1.1" 404 5 "-" "Mozilla/5.0 (Windows NT 10.0; Win64; x64) AppleWebKit/537.36 (KHTML, like Gecko) Chrome/137.0.0.0 Safari/537.36"
mediaeclips.infinitibizsol.com:443 82.97.199.22 - - [11/Jun/2025:21:23:02 +0000] "GET / HTTP/1.1" 404 108413 "-" "Brightbot 1.0"
mediaeclips.infinitibizsol.com:443 164.90.142.33 - - [11/Jun/2025:21:23:03 +0000] "GET / HTTP/1.1" 404 108420 "https://mediaeclips.com/" "Mozilla/5.0 (Windows NT 10.0; Win64; x64) AppleWebKit/537.36 (KHTML, like Gecko) Chrome/137.0.0.0 Safari/537.36 Edg/137.0.1729.59"
mediaeclips.infinitibizsol.com:443 136.227.169.141 - - [11/Jun/2025:21:23:05 +0000] "GET / HTTP/1.1" 404 108436 "https://mediaeclips.com/" "Mozilla/5.0 (Windows NT 10.0; Win64; x64) AppleWebKit/537.36 (KHTML, like Gecko) Chrome/137.0.0.0 Safari/537.36 Edg/137.0.1729.59"
mediaeclips.infinitibizsol.com:443 178.171.35.132 - - [11/Jun/2025:21:23:06 +0000] "GET / HTTP/1.1" 404 108413 "https://mediaeclips.com/" "Mozilla/5.0 (Windows NT 10.0; Win64; x64) AppleWebKit/537.36 (KHTML, like Gecko) Chrome/137.0.0.0 Safari/537.36 Edg/137.0.1729.59"
mediaeclips.infinitibizsol.com:443 73.225.72.10 - - [11/Jun/2025:21:23:07 +0000] "GET / HTTP/1.1" 404 108413 "https://mediaeclips.com/" "Mozilla/5.0 (Windows NT 10.0; Win64; x64) AppleWebKit/537.36 (KHTML, like Gecko) Chrome/137.0.0.0 Safari/537.36 Edg/137.0.1729.59"
mediaeclips.infinitibizsol.com:443 162.0.223.40 - - [11/Jun/2025:21:23:14 +0000] "POST /wp-cron.php?doing_wp_cron=1749676993.4162299633026123046875 HTTP/1.1" 499 0 "-" "WordPress/6.5.5; https://mediaeclips.com"
mediaeclips.infinitibizsol.com:443 162.0.223.40 - - [11/Jun/2025:21:23:14 +0000] "POST /wp-cron.php?doing_wp_cron=1749676993.5284590721130371093750 HTTP/1.1" 499 0 "-" "WordPress/6.5.5; https://mediaeclips.com"
mediaeclips.infinitibizsol.com:443 45.77.157.52 - - [11/Jun/2025:21:23:14 +0000] "GET /a138a6e0c88874179e38913986b1.flv HTTP/1.1" 404 5 "https://www.mediaeclips.com/43e388a625b348335973b4c9e4d561b5c6147a5344ed.mpg" "Mozilla/5.0 (Macintosh; Intel Mac OS X 10_15_7) AppleWebKit/605.1.15 (KHTML, like Gecko) Version/18.5 Safari/605.1.15"
mediaeclips.infinitibizsol.com:443 206.204.57.124 - - [11/Jun/2025:21:23:14 +0000] "GET /1a5c2d4d98a9e65e1d739a576e71a6.avi HTTP/1.1" 404 5 "https://www.mediaeclips.com/665630e0d7e9bbdd7b28b82b268ee37d1005.wmv" "Mozilla/5.0 (Macintosh; Intel Mac OS X 10_15_7) AppleWebKit/605.1.15 (KHTML, like Gecko) Version/18.5 Safari/605.1.15"
mediaeclips.infinitibizsol.com:443 162.0.223.40 - - [11/Jun/2025:21:23:14 +0000] "POST /wp-cron.php?doing_wp_cron=1749676993.8404130935668945312500 HTTP/1.1" 499 0 "-" "WordPress/6.5.5; https://mediaeclips.com"
mediaeclips.infinitibizsol.com:443 84.39.225.219 - - [11/Jun/2025:21:23:14 +0000] "GET / HTTP/1.1" 404 5 "https://www.mediaeclips.com/" "Mozilla/5.0 (Windows NT 10.0; Win64; x64) AppleWebKit/537.36 (KHTML, like Gecko) Chrome/137.0.0.0 Safari/537.36 Edg/137.0.1821.96"
mediaeclips.infinitibizsol.com:443 162.0.223.40 - - [11/Jun/2025:21:23:15 +0000] "POST /wp-cron.php?doing_wp_cron=1749676994.0139610767364501953125 HTTP/1.1" 499 0 "-" "WordPress/6.5.5; https://mediaeclips.com"
mediaeclips.infinitibizsol.com:443 74.49.13.69 - - [11/Jun/2025:21:23:15 +0000] "GET / HTTP/1.1" 404 5 "https://www.mediaeclips.com/" "Mozilla/5.0 (Macintosh; Intel Mac OS X 10_15_7) AppleWebKit/605.1.15 (KHTML, like Gecko) Version/18.4 Safari/605.1.15"
mediaeclips.infinitibizsol.com:443 162.0.223.40 - - [11/Jun/2025:21:23:15 +0000] "POST /wp-cron.php?doing_wp_cron=1749676994.5054450035095214843750 HTTP/1.1" 499 0 "-" "WordPress/6.5.5; https://mediaeclips.com"
mediaeclips.infinitibizsol.com:443 152.39.253.204 - - [11/Jun/2025:21:23:15 +0000] "GET / HTTP/1.1" 404 5 "https://www.mediaeclips.com/" "Mozilla/5.0 (Windows NT 10.0; Win64; x64) AppleWebKit/537.36 (KHTML, like Gecko) Chrome/137.0.0.0 Safari/537.36 Edg/137.0.1743.79"
mediaeclips.infinitibizsol.com:443 162.0.223.40 - - [11/Jun/2025:21:23:16 +0000] "POST /wp-cron.php?doing_wp_cron=1749676995.0349130630493164062500 HTTP/1.1" 499 0 "-" "WordPress/6.5.5; https://mediaeclips.com"
mediaeclips.infinitibizsol.com:443 198.66.175.230 - - [11/Jun/2025:21:23:16 +0000] "GET / HTTP/1.1" 404 5 "https://www.mediaeclips.com/" "Mozilla/5.0 (Windows NT 10.0; Win64; x64) AppleWebKit/537.36 (KHTML, like Gecko) Chrome/137.0.0.0 Safari/537.36 Edg/137.0.1743.79"
mediaeclips.infinitibizsol.com:443 162.0.223.40 - - [11/Jun/2025:21:23:16 +0000] "POST /wp-cron.php?doing_wp_cron=1749676995.5047531127929687500000 HTTP/1.1" 499 0 "-" "WordPress/6.5.5; https://mediaeclips.com"
mediaeclips.infinitibizsol.com:443 136.227.176.218 - - [11/Jun/2025:21:23:16 +0000] "GET / HTTP/1.1" 404 5 "https://www.mediaeclips.com/" "Mozilla/5.0 (Macintosh; Intel Mac OS X 10_15_7) AppleWebKit/605.1.15 (KHTML, like Gecko) Version/18.4 Safari/605.1.15"
mediaeclips.infinitibizsol.com:443 162.0.223.40 - - [11/Jun/2025:21:23:16 +0000] "POST /wp-cron.php?doing_wp_cron=1749676995.8193259239196777343750 HTTP/1.1" 499 0 "-" "WordPress/6.5.5; https://mediaeclips.com"
mediaeclips.infinitibizsol.com:443 134.199.81.247 - - [11/Jun/2025:21:23:16 +0000] "GET / HTTP/1.1" 404 5 "https://www.mediaeclips.com/" "Mozilla/5.0 (Windows NT 10.0; Win64; x64) AppleWebKit/537.36 (KHTML, like Gecko) Chrome/137.0.0.0 Safari/537.36"
mediaeclips.infinitibizsol.com:443 162.0.223.40 - - [11/Jun/2025:21:23:17 +0000] "POST /wp-cron.php?doing_wp_cron=1749676996.4964261054992675781250 HTTP/1.1" 499 0 "-" "WordPress/6.5.5; https://mediaeclips.com"
mediaeclips.infinitibizsol.com:443 162.0.223.40 - - [11/Jun/2025:21:23:17 +0000] "POST /wp-cron.php?doing_wp_cron=1749676996.6652009487152099609375 HTTP/1.1" 499 0 "-" "WordPress/6.5.5; https://mediaeclips.com"
mediaeclips.infinitibizsol.com:443 172.101.147.190 - - [11/Jun/2025:21:23:17 +0000] "GET /9e62ca97d7e5174993b0b9b873.avi HTTP/1.1" 404 5 "https://www.mediaeclips.com/09cb72cc0cc844227a4e.webm" "Mozilla/5.0 (Macintosh; Intel Mac OS X 10_15_7) AppleWebKit/605.1.15 (KHTML, like Gecko) Version/18.5 Safari/605.1.15"
mediaeclips.infinitibizsol.com:443 71.222.164.86 - - [11/Jun/2025:21:23:17 +0000] "GET / HTTP/1.1" 404 5 "https://www.mediaeclips.com/" "Mozilla/5.0 (Windows NT 10.0; Win64; x64) AppleWebKit/537.36 (KHTML, like Gecko) Chrome/137.0.0.0 Safari/537.36 Edg/137.0.1821.96"
mediaeclips.infinitibizsol.com:443 162.0.223.40 - - [11/Jun/2025:21:23:19 +0000] "POST /wp-cron.php?doing_wp_cron=1749676998.3738958835601806640625 HTTP/1.1" 499 0 "-" "WordPress/6.5.5; https://mediaeclips.com"
mediaeclips.infinitibizsol.com:443 76.36.20.114 - - [11/Jun/2025:21:23:19 +0000] "GET / HTTP/1.1" 404 5 "https://www.mediaeclips.com/" "Mozilla/5.0 (Windows NT 10.0; Win64; x64) AppleWebKit/537.36 (KHTML, like Gecko) Chrome/137.0.0.0 Safari/537.36"
mediaeclips.infinitibizsol.com:443 74.49.13.69 - - [11/Jun/2025:21:23:20 +0000] "GET / HTTP/1.1" 404 5 "https://www.mediaeclips.com/" "Mozilla/5.0 (Macintosh; Intel Mac OS X 10_15_7) AppleWebKit/605.1.15 (KHTML, like Gecko) Version/18.4 Safari/605.1.15"
mediaeclips.infinitibizsol.com:443 71.222.164.86 - - [11/Jun/2025:21:23:22 +0000] "GET / HTTP/1.1" 404 5 "https://www.mediaeclips.com/" "Mozilla/5.0 (Windows NT 10.0; Win64; x64) AppleWebKit/537.36 (KHTML, like Gecko) Chrome/137.0.0.0 Safari/537.36 Edg/137.0.1821.96"
mediaeclips.infinitibizsol.com:443 198.66.175.230 - - [11/Jun/2025:21:23:23 +0000] "GET / HTTP/1.1" 404 5 "https://www.mediaeclips.com/" "Mozilla/5.0 (Windows NT 10.0; Win64; x64) AppleWebKit/537.36 (KHTML, like Gecko) Chrome/137.0.0.0 Safari/537.36 Edg/137.0.1743.79"
mediaeclips.infinitibizsol.com:443 172.101.147.190 - - [11/Jun/2025:21:23:23 +0000] "GET / HTTP/1.1" 404 5 "https://www.mediaeclips.com/9e62ca97d7e5174993b0b9b873.avi" "Mozilla/5.0 (Macintosh; Intel Mac OS X 10_15_7) AppleWebKit/605.1.15 (KHTML, like Gecko) Version/18.5 Safari/605.1.15"
mediaeclips.infinitibizsol.com:443 76.36.20.114 - - [11/Jun/2025:21:23:24 +0000] "GET / HTTP/1.1" 404 5 "https://www.mediaeclips.com/" "Mozilla/5.0 (Windows NT 10.0; Win64; x64) AppleWebKit/537.36 (KHTML, like Gecko) Chrome/137.0.0.0 Safari/537.36"
mediaeclips.infinitibizsol.com:443 208.207.215.206 - - [11/Jun/2025:21:23:26 +0000] "GET / HTTP/1.1" 404 5 "https://www.mediaeclips.com/" "Mozilla/5.0 (Windows NT 10.0; Win64; x64) AppleWebKit/537.36 (KHTML, like Gecko) Chrome/137.0.0.0 Safari/537.36 Edg/137.0.1743.79"
mediaeclips.infinitibizsol.com:443 208.202.248.32 - - [11/Jun/2025:21:23:28 +0000] "GET / HTTP/1.1" 404 5 "https://www.mediaeclips.com/" "Mozilla/5.0 (Windows NT 10.0; Win64; x64) AppleWebKit/537.36 (KHTML, like Gecko) Chrome/137.0.0.0 Safari/537.36"
mediaeclips.infinitibizsol.com:443 208.207.188.52 - - [11/Jun/2025:21:23:29 +0000] "GET /a85e0d499d47eede6e52a74b3b6b9b.webm HTTP/1.1" 404 5 "https://www.mediaeclips.com/a57786172b765a2a62b502e4e1c54eb2901d1cc13dee4cbd.flac" "Mozilla/5.0 (Macintosh; Intel Mac OS X 10_15_7) AppleWebKit/605.1.15 (KHTML, like Gecko) Version/18.5 Safari/605.1.15"
mediaeclips.infinitibizsol.com:443 76.34.228.95 - - [11/Jun/2025:21:23:38 +0000] "GET / HTTP/1.1" 404 5 "-" "Mozilla/5.0 (Windows NT 10.0; Win64; x64) AppleWebKit/537.36 (KHTML, like Gecko) Chrome/133.0.0.0 Safari/537.36"
mediaeclips.infinitibizsol.com:80 139.180.180.168 - - [11/Jun/2025:21:28:35 +0000] "POST /wp-load.php?575828=95172 HTTP/1.1" 200 1748 "-" "Mozilla/5.0 (Windows NT 10.0; Win64; x64) AppleWebKit/537.36 (KHTML, like Gecko) Chrome/104.0.5112.97 Safari/537.36"
mediaeclips.infinitibizsol.com:443 162.0.223.40 - - [11/Jun/2025:21:28:35 +0000] "POST /wp-cron.php?doing_wp_cron=1749677314.1501939296722412109375 HTTP/1.1" 499 0 "-" "WordPress/6.5.5; https://mediaeclips.com"
mediaeclips.infinitibizsol.com:443 51.222.253.9 - - [11/Jun/2025:21:28:35 +0000] "GET /tag/what-is-seo/feed/ HTTP/1.1" 304 0 "-" "Mozilla/5.0 (compatible; AhrefsBot/7.0; +http://ahrefs.com/robot/)"
mediaeclips.infinitibizsol.com:443 162.0.223.40 - - [11/Jun/2025:21:40:14 +0000] "POST /wp-cron.php?doing_wp_cron=1749678013.4457828998565673828125 HTTP/1.1" 499 0 "-" "WordPress/6.5.5; https://mediaeclips.com"
mediaeclips.infinitibizsol.com:443 51.222.253.7 - - [11/Jun/2025:21:40:14 +0000] "GET /goods.php?sitemap.xml HTTP/1.1" 404 5 "-" "Mozilla/5.0 (compatible; AhrefsBot/7.0; +http://ahrefs.com/robot/)"
mediaeclips.infinitibizsol.com:80 5.161.216.238 - - [11/Jun/2025:21:43:36 +0000] "POST /wp-load.php?82d658=39607 HTTP/1.1" 200 1748 "-" "Mozilla/5.0 (Windows NT 10.0; Win64; x64) AppleWebKit/537.36 (KHTML, like Gecko) Chrome/104.0.5112.97 Safari/537.36"
mediaeclips.infinitibizsol.com:80 162.0.223.40 - - [11/Jun/2025:21:43:53 +0000] "POST /wp-cron.php?doing_wp_cron=1749678232.5806279182434082031250 HTTP/1.1" 499 0 "-" "WordPress/6.5.5; https://mediaeclips.com"
mediaeclips.infinitibizsol.com:80 66.249.64.164 - - [11/Jun/2025:21:43:53 +0000] "GET / HTTP/1.1" 404 5 "-" "Mozilla/5.0 (Linux; Android 6.0.1; Nexus 5X Build/MMB29P) AppleWebKit/537.36 (KHTML, like Gecko) Chrome/136.0.7103.113 Mobile Safari/537.36 (compatible; Googlebot/2.1; +http://www.google.com/bot.html)"
mediaeclips.infinitibizsol.com:443 162.0.223.40 - - [11/Jun/2025:21:53:56 +0000] "POST /wp-cron.php?doing_wp_cron=1749678834.9873950481414794921875 HTTP/1.1" 499 0 "-" "WordPress/6.5.5; https://mediaeclips.com"
mediaeclips.infinitibizsol.com:443 51.222.253.20 - - [11/Jun/2025:21:53:56 +0000] "GET /sitemap.xml HTTP/1.1" 404 5 "-" "Mozilla/5.0 (compatible; AhrefsBot/7.0; +http://ahrefs.com/robot/)"
mediaeclips.infinitibizsol.com:80 178.156.128.204 - - [11/Jun/2025:21:58:47 +0000] "POST /wp-load.php?cf8e88=61108 HTTP/1.1" 200 1748 "-" "Mozilla/5.0 (Windows NT 10.0; Win64; x64) AppleWebKit/537.36 (KHTML, like Gecko) Chrome/104.0.5112.97 Safari/537.36"
mediaeclips.infinitibizsol.com:80 162.0.223.40 - - [11/Jun/2025:22:01:04 +0000] "POST /wp-cron.php?doing_wp_cron=1749679263.3494288921356201171875 HTTP/1.1" 499 0 "-" "WordPress/6.5.5; https://mediaeclips.com"
mediaeclips.infinitibizsol.com:80 43.157.38.228 - - [11/Jun/2025:22:01:04 +0000] "GET / HTTP/1.1" 404 5 "-" "Mozilla/5.0 (iPhone; CPU iPhone OS 13_2_3 like Mac OS X) AppleWebKit/605.1.15 (KHTML, like Gecko) Version/13.0.3 Mobile/15E148 Safari/604.1"
mediaeclips.infinitibizsol.com:443 57.141.4.6 - - [11/Jun/2025:22:01:59 +0000] "GET /tag/seo-and-social-media/ HTTP/1.1" 404 48007 "-" "meta-externalagent/1.1 (+https://developers.facebook.com/docs/sharing/webmasters/crawler)"
mediaeclips.infinitibizsol.com:443 162.0.223.40 - - [11/Jun/2025:22:03:16 +0000] "POST /wp-cron.php?doing_wp_cron=1749679395.6618709564208984375000 HTTP/1.1" 499 0 "-" "WordPress/6.5.5; https://mediaeclips.com"
mediaeclips.infinitibizsol.com:443 51.222.253.20 - - [11/Jun/2025:22:03:16 +0000] "GET /tag/role-of-email-marketing/feed/ HTTP/1.1" 304 0 "-" "Mozilla/5.0 (compatible; AhrefsBot/7.0; +http://ahrefs.com/robot/)"
mediaeclips.infinitibizsol.com:443 198.98.52.243 - - [11/Jun/2025:22:07:06 +0000] "GET /wp-login.php HTTP/1.1" 200 6532 "-" "Mozilla/5.0 (Windows NT 6.2; WOW64; rv:30.0) Gecko/20100101 Firefox/30.0"
mediaeclips.infinitibizsol.com:443 198.98.52.243 - - [11/Jun/2025:22:07:27 +0000] "POST /wp-login.php HTTP/1.1" 200 7021 "-" "Mozilla/5.0 (Windows NT 6.2; WOW64; rv:30.0) Gecko/20100101 Firefox/30.0"
mediaeclips.infinitibizsol.com:443 162.0.223.40 - - [11/Jun/2025:22:12:02 +0000] "POST /wp-cron.php?doing_wp_cron=1749679921.4641880989074707031250 HTTP/1.1" 499 0 "-" "WordPress/6.5.5; https://mediaeclips.com"
mediaeclips.infinitibizsol.com:443 51.222.253.9 - - [11/Jun/2025:22:12:02 +0000] "GET /tag/effective-local-seo/feed/ HTTP/1.1" 304 0 "-" "Mozilla/5.0 (compatible; AhrefsBot/7.0; +http://ahrefs.com/robot/)"
mediaeclips.infinitibizsol.com:80 5.161.250.15 - - [11/Jun/2025:22:13:55 +0000] "POST /wp-load.php?c7ba53=7208 HTTP/1.1" 200 1748 "-" "Mozilla/5.0 (Windows NT 10.0; Win64; x64) AppleWebKit/537.36 (KHTML, like Gecko) Chrome/104.0.5112.97 Safari/537.36"
mediaeclips.infinitibizsol.com:443 45.227.253.15 - - [11/Jun/2025:22:20:07 +0000] "GET /index.php/jk HTTP/1.1" 200 54 "-" "Mozilla/5.0 (iPhone; CPU iPhone OS 14_1 like Mac OS X) AppleWebKit/605.1.15 (KHTML, like Gecko) Version/14.0 Mobile/15E148 Safari/604.1"
mediaeclips.infinitibizsol.com:443 162.0.223.40 - - [11/Jun/2025:22:25:15 +0000] "POST /wp-cron.php?doing_wp_cron=1749680714.4136710166931152343750 HTTP/1.1" 499 0 "-" "WordPress/6.5.5; https://mediaeclips.com"
mediaeclips.infinitibizsol.com:443 51.222.253.15 - - [11/Jun/2025:22:25:15 +0000] "GET /tag/what-is-a-digital-marketing-campaign/feed/ HTTP/1.1" 304 0 "-" "Mozilla/5.0 (compatible; AhrefsBot/7.0; +http://ahrefs.com/robot/)"
mediaeclips.infinitibizsol.com:80 209.38.121.244 - - [11/Jun/2025:22:28:42 +0000] "GET / HTTP/1.1" 499 0 "-" "Mozilla/5.0 (X11; Linux x86_64) AppleWebKit/537.36 (KHTML, like Gecko) Chrome/137.0.0.0 Safari/537.36"
mediaeclips.infinitibizsol.com:80 162.0.223.40 - - [11/Jun/2025:22:28:43 +0000] "POST /wp-cron.php?doing_wp_cron=1749680922.3533020019531250000000 HTTP/1.1" 499 0 "-" "WordPress/6.5.5; https://mediaeclips.com"
mediaeclips.infinitibizsol.com:443 209.38.121.244 - - [11/Jun/2025:22:28:43 +0000] "GET / HTTP/1.1" 404 108413 "-" "Mozilla/5.0 (X11; Linux x86_64) AppleWebKit/537.36 (KHTML, like Gecko) Chrome/137.0.0.0 Safari/537.36"
mediaeclips.infinitibizsol.com:443 209.38.121.244 - - [11/Jun/2025:22:28:50 +0000] "GET /wp-content/uploads/2024/02/cropped-Media-Eclips-2.png-32x32.webp HTTP/1.1" 200 968 "https://mediaeclips.com/" "Mozilla/5.0 (X11; Linux x86_64) AppleWebKit/537.36 (KHTML, like Gecko) Chrome/137.0.0.0 Safari/537.36"
mediaeclips.infinitibizsol.com:443 209.38.121.244 - - [11/Jun/2025:22:28:56 +0000] "GET /ads.txt HTTP/1.1" 499 0 "-" "Mozilla/5.0 (X11; Linux x86_64) AppleWebKit/537.36 (KHTML, like Gecko) Chrome/137.0.0.0 Safari/537.36"
mediaeclips.infinitibizsol.com:80 5.161.201.188 - - [11/Jun/2025:22:29:04 +0000] "POST /wp-load.php?20c15e=93322 HTTP/1.1" 200 1736 "-" "Mozilla/5.0 (Windows NT 10.0; Win64; x64) AppleWebKit/537.36 (KHTML, like Gecko) Chrome/104.0.5112.97 Safari/537.36"
mediaeclips.infinitibizsol.com:443 162.0.223.40 - - [11/Jun/2025:22:33:56 +0000] "POST /wp-cron.php?doing_wp_cron=1749681234.9842019081115722656250 HTTP/1.1" 499 0 "-" "WordPress/6.5.5; https://mediaeclips.com"
mediaeclips.infinitibizsol.com:443 110.249.201.97 - - [11/Jun/2025:22:37:28 +0000] "GET / HTTP/1.1" 404 108420 "-" "Mozilla/5.0 (Linux; Android 5.0) AppleWebKit/537.36 (KHTML, like Gecko) Mobile Safari/537.36 (compatible; Bytespider; https://zhanzhang.toutiao.com/)"
mediaeclips.infinitibizsol.com:443 110.249.201.97 - - [11/Jun/2025:22:37:29 +0000] "GET /wp-content/plugins/contact-form-7/includes/css/styles.css?ver=5.9.4 HTTP/1.1" 200 2894 "https://mediaeclips.com/" "Mozilla/5.0 (Linux; Android 5.0) AppleWebKit/537.36 (KHTML, like Gecko) Mobile Safari/537.36 (compatible; Bytespider; https://zhanzhang.toutiao.com/)"
mediaeclips.infinitibizsol.com:443 110.249.201.95 - - [11/Jun/2025:22:37:29 +0000] "GET /wp-content/plugins/tablepress/css/build/default.css?ver=2.3.1 HTTP/1.1" 200 6087 "https://mediaeclips.com/" "Mozilla/5.0 (Linux; Android 5.0) AppleWebKit/537.36 (KHTML, like Gecko) Mobile Safari/537.36 (compatible; Bytespider; https://zhanzhang.toutiao.com/)"
mediaeclips.infinitibizsol.com:443 110.249.201.85 - - [11/Jun/2025:22:37:29 +0000] "GET /wp-content/themes/ziptech/style.css?ver=2023-03-20 HTTP/1.1" 200 10974 "https://mediaeclips.com/" "Mozilla/5.0 (Linux; Android 5.0) AppleWebKit/537.36 (KHTML, like Gecko) Mobile Safari/537.36 (compatible; Bytespider; https://zhanzhang.toutiao.com/)"
mediaeclips.infinitibizsol.com:443 110.249.201.91 - - [11/Jun/2025:22:37:29 +0000] "GET /wp-content/themes/ziptech/css/responsive.css?ver=6.5.5 HTTP/1.1" 200 9773 "https://mediaeclips.com/" "Mozilla/5.0 (Linux; Android 5.0) AppleWebKit/537.36 (KHTML, like Gecko) Mobile Safari/537.36 (compatible; Bytespider; https://zhanzhang.toutiao.com/)"
mediaeclips.infinitibizsol.com:443 110.249.201.97 - - [11/Jun/2025:22:37:30 +0000] "GET /wp-content/themes/ziptech/css/style.css?ver=6.5.5 HTTP/1.1" 200 256580 "https://mediaeclips.com/" "Mozilla/5.0 (Linux; Android 5.0) AppleWebKit/537.36 (KHTML, like Gecko) Mobile Safari/537.36 (compatible; Bytespider; https://zhanzhang.toutiao.com/)"
mediaeclips.infinitibizsol.com:443 110.249.201.95 - - [11/Jun/2025:22:37:30 +0000] "GET /wp-content/themes/ziptech/css/style-dark.css?ver=6.5.5 HTTP/1.1" 200 4282 "https://mediaeclips.com/" "Mozilla/5.0 (Linux; Android 5.0) AppleWebKit/537.36 (KHTML, like Gecko) Mobile Safari/537.36 (compatible; Bytespider; https://zhanzhang.toutiao.com/)"
mediaeclips.infinitibizsol.com:443 110.249.201.89 - - [11/Jun/2025:22:37:30 +0000] "GET /wp-content/plugins/elementskit-lite/modules/elementskit-icon-pack/assets/css/ekiticons.css?ver=3.1.3 HTTP/1.1" 200 124837 "https://mediaeclips.com/" "Mozilla/5.0 (Linux; Android 5.0) AppleWebKit/537.36 (KHTML, like Gecko) Mobile Safari/537.36 (compatible; Bytespider; https://zhanzhang.toutiao.com/)"
mediaeclips.infinitibizsol.com:443 110.249.201.91 - - [11/Jun/2025:22:37:30 +0000] "GET /wp-content/plugins/elementor/assets/lib/eicons/css/elementor-icons.min.css?ver=5.29.0 HTTP/1.1" 200 19778 "https://mediaeclips.com/" "Mozilla/5.0 (Linux; Android 5.0) AppleWebKit/537.36 (KHTML, like Gecko) Mobile Safari/537.36 (compatible; Bytespider; https://zhanzhang.toutiao.com/)"
mediaeclips.infinitibizsol.com:443 110.249.201.97 - - [11/Jun/2025:22:37:30 +0000] "GET /wp-content/uploads/elementor/css/global.css?ver=1715183195 HTTP/1.1" 200 46618 "https://mediaeclips.com/" "Mozilla/5.0 (Linux; Android 5.0) AppleWebKit/537.36 (KHTML, like Gecko) Mobile Safari/537.36 (compatible; Bytespider; https://zhanzhang.toutiao.com/)"
mediaeclips.infinitibizsol.com:443 110.249.201.95 - - [11/Jun/2025:22:37:30 +0000] "GET /wp-content/plugins/elementor-pro/assets/css/frontend-lite.min.css?ver=3.19.3 HTTP/1.1" 200 11053 "https://mediaeclips.com/" "Mozilla/5.0 (Linux; Android 5.0) AppleWebKit/537.36 (KHTML, like Gecko) Mobile Safari/537.36 (compatible; Bytespider; https://zhanzhang.toutiao.com/)"
mediaeclips.infinitibizsol.com:443 110.249.201.85 - - [11/Jun/2025:22:37:30 +0000] "GET /wp-content/plugins/elementor/assets/css/frontend-lite.min.css?ver=3.21.5 HTTP/1.1" 200 118945 "https://mediaeclips.com/" "Mozilla/5.0 (Linux; Android 5.0) AppleWebKit/537.36 (KHTML, like Gecko) Mobile Safari/537.36 (compatible; Bytespider; https://zhanzhang.toutiao.com/)"
mediaeclips.infinitibizsol.com:443 110.249.201.91 - - [11/Jun/2025:22:37:30 +0000] "GET /wp-content/uploads/elementor/css/post-9.css?ver=1715183195 HTTP/1.1" 200 1168 "https://mediaeclips.com/" "Mozilla/5.0 (Linux; Android 5.0) AppleWebKit/537.36 (KHTML, like Gecko) Mobile Safari/537.36 (compatible; Bytespider; https://zhanzhang.toutiao.com/)"
mediaeclips.infinitibizsol.com:443 110.249.201.97 - - [11/Jun/2025:22:37:30 +0000] "GET /wp-content/plugins/elementor/assets/lib/swiper/v8/css/swiper.min.css?ver=8.4.5 HTTP/1.1" 200 16471 "https://mediaeclips.com/" "Mozilla/5.0 (Linux; Android 5.0) AppleWebKit/537.36 (KHTML, like Gecko) Mobile Safari/537.36 (compatible; Bytespider; https://zhanzhang.toutiao.com/)"
mediaeclips.infinitibizsol.com:443 110.249.201.95 - - [11/Jun/2025:22:37:30 +0000] "GET /wp-content/plugins/elementskit-lite/widgets/init/assets/css/responsive.css?ver=3.1.3 HTTP/1.1" 200 30299 "https://mediaeclips.com/" "Mozilla/5.0 (Linux; Android 5.0) AppleWebKit/537.36 (KHTML, like Gecko) Mobile Safari/537.36 (compatible; Bytespider; https://zhanzhang.toutiao.com/)"
mediaeclips.infinitibizsol.com:443 110.249.201.89 - - [11/Jun/2025:22:37:30 +0000] "GET /wp-content/plugins/essential-addons-for-elementor-lite/assets/front-end/css/view/general.min.css?ver=5.9.21 HTTP/1.1" 200 3829 "https://mediaeclips.com/" "Mozilla/5.0 (Linux; Android 5.0) AppleWebKit/537.36 (KHTML, like Gecko) Mobile Safari/537.36 (compatible; Bytespider; https://zhanzhang.toutiao.com/)"
mediaeclips.infinitibizsol.com:443 110.249.201.97 - - [11/Jun/2025:22:37:30 +0000] "GET /wp-content/uploads/elementor/css/post-107.css?ver=1715800560 HTTP/1.1" 200 30721 "https://mediaeclips.com/" "Mozilla/5.0 (Linux; Android 5.0) AppleWebKit/537.36 (KHTML, like Gecko) Mobile Safari/537.36 (compatible; Bytespider; https://zhanzhang.toutiao.com/)"
mediaeclips.infinitibizsol.com:443 110.249.201.85 - - [11/Jun/2025:22:37:31 +0000] "GET /wp-content/plugins/elementor/assets/lib/font-awesome/css/solid.min.css?ver=5.15.3 HTTP/1.1" 200 669 "https://mediaeclips.com/" "Mozilla/5.0 (Linux; Android 5.0) AppleWebKit/537.36 (KHTML, like Gecko) Mobile Safari/537.36 (compatible; Bytespider; https://zhanzhang.toutiao.com/)"
mediaeclips.infinitibizsol.com:443 110.249.201.95 - - [11/Jun/2025:22:37:31 +0000] "GET /wp-content/plugins/elementor/assets/lib/font-awesome/css/fontawesome.min.css?ver=5.15.3 HTTP/1.1" 200 58071 "https://mediaeclips.com/" "Mozilla/5.0 (Linux; Android 5.0) AppleWebKit/537.36 (KHTML, like Gecko) Mobile Safari/537.36 (compatible; Bytespider; https://zhanzhang.toutiao.com/)"
mediaeclips.infinitibizsol.com:443 110.249.201.89 - - [11/Jun/2025:22:37:31 +0000] "GET /wp-includes/js/jquery/jquery.min.js?ver=3.7.1 HTTP/1.1" 200 87553 "https://mediaeclips.com/" "Mozilla/5.0 (Linux; Android 5.0) AppleWebKit/537.36 (KHTML, like Gecko) Mobile Safari/537.36 (compatible; Bytespider; https://zhanzhang.toutiao.com/)"
mediaeclips.infinitibizsol.com:443 110.249.201.97 - - [11/Jun/2025:22:37:31 +0000] "GET /wp-includes/js/jquery/jquery-migrate.min.js?ver=3.4.1 HTTP/1.1" 200 13577 "https://mediaeclips.com/" "Mozilla/5.0 (Linux; Android 5.0) AppleWebKit/537.36 (KHTML, like Gecko) Mobile Safari/537.36 (compatible; Bytespider; https://zhanzhang.toutiao.com/)"
mediaeclips.infinitibizsol.com:443 110.249.201.85 - - [11/Jun/2025:22:37:31 +0000] "GET /wp-content/uploads/2024/05/imgpsh_fullsize_anim__6_-removebg-preview.webp HTTP/1.1" 206 500 "https://mediaeclips.com/" "Mozilla/5.0 (Linux; Android 5.0) AppleWebKit/537.36 (KHTML, like Gecko) Mobile Safari/537.36 (compatible; Bytespider; https://zhanzhang.toutiao.com/)"
mediaeclips.infinitibizsol.com:443 110.249.201.91 - - [11/Jun/2025:22:37:31 +0000] "GET /wp-content/plugins/elementskit-lite/widgets/init/assets/css/widget-styles.css?ver=3.1.3 HTTP/1.1" 200 445845 "https://mediaeclips.com/" "Mozilla/5.0 (Linux; Android 5.0) AppleWebKit/537.36 (KHTML, like Gecko) Mobile Safari/537.36 (compatible; Bytespider; https://zhanzhang.toutiao.com/)"
mediaeclips.infinitibizsol.com:443 110.249.201.91 - - [11/Jun/2025:22:37:33 +0000] "GET /wp-content/themes/ziptech/framework/color.php?ver=6.5.5 HTTP/1.1" 404 5 "https://mediaeclips.com/" "Mozilla/5.0 (Linux; Android 5.0) AppleWebKit/537.36 (KHTML, like Gecko) Mobile Safari/537.36 (compatible; Bytespider; https://zhanzhang.toutiao.com/)"
mediaeclips.infinitibizsol.com:443 110.249.201.91 - - [11/Jun/2025:22:37:44 +0000] "GET /wp-content/plugins/contact-form-7/includes/swv/js/index.js?ver=5.9.4 HTTP/1.1" 200 11513 "https://mediaeclips.com/" "Mozilla/5.0 (Linux; Android 5.0) AppleWebKit/537.36 (KHTML, like Gecko) Mobile Safari/537.36 (compatible; Bytespider; https://zhanzhang.toutiao.com/)"
mediaeclips.infinitibizsol.com:443 110.249.201.91 - - [11/Jun/2025:22:37:44 +0000] "GET /wp-content/plugins/contact-form-7/includes/js/index.js?ver=5.9.4 HTTP/1.1" 200 13054 "https://mediaeclips.com/" "Mozilla/5.0 (Linux; Android 5.0) AppleWebKit/537.36 (KHTML, like Gecko) Mobile Safari/537.36 (compatible; Bytespider; https://zhanzhang.toutiao.com/)"
mediaeclips.infinitibizsol.com:443 110.249.201.95 - - [11/Jun/2025:22:37:44 +0000] "GET /wp-content/themes/ziptech/fonts/fontawesome/css/all.css HTTP/1.1" 200 72670 "https://mediaeclips.com/wp-content/themes/ziptech/css/style.css?ver=6.5.5" "Mozilla/5.0 (Linux; Android 5.0) AppleWebKit/537.36 (KHTML, like Gecko) Mobile Safari/537.36 (compatible; Bytespider; https://zhanzhang.toutiao.com/)"
mediaeclips.infinitibizsol.com:443 110.249.201.85 - - [11/Jun/2025:22:37:44 +0000] "GET /wp-content/themes/ziptech/css/bootstrap.min.css HTTP/1.1" 200 155845 "https://mediaeclips.com/wp-content/themes/ziptech/css/style.css?ver=6.5.5" "Mozilla/5.0 (Linux; Android 5.0) AppleWebKit/537.36 (KHTML, like Gecko) Mobile Safari/537.36 (compatible; Bytespider; https://zhanzhang.toutiao.com/)"
mediaeclips.infinitibizsol.com:443 110.249.201.89 - - [11/Jun/2025:22:37:44 +0000] "GET /wp-content/themes/ziptech/css/owl.carousel.min.css HTTP/1.1" 200 3356 "https://mediaeclips.com/wp-content/themes/ziptech/css/style.css?ver=6.5.5" "Mozilla/5.0 (Linux; Android 5.0) AppleWebKit/537.36 (KHTML, like Gecko) Mobile Safari/537.36 (compatible; Bytespider; https://zhanzhang.toutiao.com/)"
mediaeclips.infinitibizsol.com:443 110.249.201.97 - - [11/Jun/2025:22:37:44 +0000] "GET /wp-content/themes/ziptech/css/magnific-popup.css HTTP/1.1" 200 6951 "https://mediaeclips.com/wp-content/themes/ziptech/css/style.css?ver=6.5.5" "Mozilla/5.0 (Linux; Android 5.0) AppleWebKit/537.36 (KHTML, like Gecko) Mobile Safari/537.36 (compatible; Bytespider; https://zhanzhang.toutiao.com/)"
mediaeclips.infinitibizsol.com:443 110.249.201.91 - - [11/Jun/2025:22:37:44 +0000] "GET /wp-content/themes/ziptech/css/animate.css HTTP/1.1" 200 80426 "https://mediaeclips.com/wp-content/themes/ziptech/css/style.css?ver=6.5.5" "Mozilla/5.0 (Linux; Android 5.0) AppleWebKit/537.36 (KHTML, like Gecko) Mobile Safari/537.36 (compatible; Bytespider; https://zhanzhang.toutiao.com/)"
mediaeclips.infinitibizsol.com:443 110.249.201.91 - - [11/Jun/2025:22:37:44 +0000] "GET /wp-content/themes/ziptech/css/twentytwenty.css HTTP/1.1" 200 6537 "https://mediaeclips.com/wp-content/themes/ziptech/css/style.css?ver=6.5.5" "Mozilla/5.0 (Linux; Android 5.0) AppleWebKit/537.36 (KHTML, like Gecko) Mobile Safari/537.36 (compatible; Bytespider; https://zhanzhang.toutiao.com/)"
mediaeclips.infinitibizsol.com:443 110.249.201.89 - - [11/Jun/2025:22:37:44 +0000] "GET /wp-content/themes/ziptech/css/nice-select.css HTTP/1.1" 200 4007 "https://mediaeclips.com/wp-content/themes/ziptech/css/style.css?ver=6.5.5" "Mozilla/5.0 (Linux; Android 5.0) AppleWebKit/537.36 (KHTML, like Gecko) Mobile Safari/537.36 (compatible; Bytespider; https://zhanzhang.toutiao.com/)"
mediaeclips.infinitibizsol.com:443 110.249.201.97 - - [11/Jun/2025:22:37:44 +0000] "GET /wp-content/themes/ziptech/fonts/webexbaseicon/style.css HTTP/1.1" 200 28784 "https://mediaeclips.com/wp-content/themes/ziptech/css/style.css?ver=6.5.5" "Mozilla/5.0 (Linux; Android 5.0) AppleWebKit/537.36 (KHTML, like Gecko) Mobile Safari/537.36 (compatible; Bytespider; https://zhanzhang.toutiao.com/)"
mediaeclips.infinitibizsol.com:443 110.249.201.91 - - [11/Jun/2025:22:37:44 +0000] "GET /wp-content/themes/ziptech/fonts/webexthemeicon/style.css HTTP/1.1" 200 7008 "https://mediaeclips.com/wp-content/themes/ziptech/css/style.css?ver=6.5.5" "Mozilla/5.0 (Linux; Android 5.0) AppleWebKit/537.36 (KHTML, like Gecko) Mobile Safari/537.36 (compatible; Bytespider; https://zhanzhang.toutiao.com/)"
