mediaeclips.infinitibizsol.com:443 34.12.24.156 - - [12/Jun/2025:10:28:56 +0000] "GET /wp-content/plugins/elementskit-lite/widgets/init/assets/js/animate-circle.min.js?ver=3.1.3 HTTP/1.1" 200 681 "https://mediaeclips.com/" "Mozilla/5.0 (Windows NT 10.0; Win64; x64) AppleWebKit/537.36 (KHTML, like Gecko) Chrome/136.0.0.0 Safari/537.36"
mediaeclips.infinitibizsol.com:443 34.12.24.156 - - [12/Jun/2025:10:28:56 +0000] "GET /wp-content/plugins/elementskit-lite/widgets/init/assets/js/elementor.js?ver=3.1.3 HTTP/1.1" 200 18774 "https://mediaeclips.com/" "Mozilla/5.0 (Windows NT 10.0; Win64; x64) AppleWebKit/537.36 (KHTML, like Gecko) Chrome/136.0.0.0 Safari/537.36"
mediaeclips.infinitibizsol.com:443 34.12.24.156 - - [12/Jun/2025:10:28:56 +0000] "GET /wp-content/uploads/2024/03/about3-img1.webp HTTP/1.1" 200 19794 "https://mediaeclips.com/" "Mozilla/5.0 (Windows NT 10.0; Win64; x64) AppleWebKit/537.36 (KHTML, like Gecko) Chrome/136.0.0.0 Safari/537.36"
mediaeclips.infinitibizsol.com:443 162.0.223.40 - - [12/Jun/2025:10:28:57 +0000] "POST /wp-cron.php?doing_wp_cron=1749724136.2714331150054931640625 HTTP/1.1" 499 0 "-" "WordPress/6.5.5; https://mediaeclips.com"
mediaeclips.infinitibizsol.com:443 34.12.24.156 - - [12/Jun/2025:10:28:57 +0000] "GET /wp-content/themes/ziptech/framework/color.php?ver=6.5.5 HTTP/1.1" 404 5 "https://mediaeclips.com/" "Mozilla/5.0 (Windows NT 10.0; Win64; x64) AppleWebKit/537.36 (KHTML, like Gecko) Chrome/136.0.0.0 Safari/537.36"
mediaeclips.infinitibizsol.com:443 34.12.24.156 - - [12/Jun/2025:10:28:57 +0000] "GET /wp-content/themes/ziptech/images/testimonials/testimonial-img1.jpg HTTP/1.1" 200 2731 "https://mediaeclips.com/" "Mozilla/5.0 (Windows NT 10.0; Win64; x64) AppleWebKit/537.36 (KHTML, like Gecko) Chrome/136.0.0.0 Safari/537.36"
mediaeclips.infinitibizsol.com:443 34.12.24.156 - - [12/Jun/2025:10:28:57 +0000] "GET /wp-content/themes/ziptech/images/objects/footer-obj1.png HTTP/1.1" 200 119869 "https://mediaeclips.com/" "Mozilla/5.0 (Windows NT 10.0; Win64; x64) AppleWebKit/537.36 (KHTML, like Gecko) Chrome/136.0.0.0 Safari/537.36"
mediaeclips.infinitibizsol.com:443 34.12.24.156 - - [12/Jun/2025:10:28:57 +0000] "GET /wp-content/uploads/2024/05/1-How-to-Create-an-Effective-SEO-Strategy-in-2024.webp HTTP/1.1" 200 48010 "https://mediaeclips.com/" "Mozilla/5.0 (Windows NT 10.0; Win64; x64) AppleWebKit/537.36 (KHTML, like Gecko) Chrome/136.0.0.0 Safari/537.36"
mediaeclips.infinitibizsol.com:443 34.12.24.156 - - [12/Jun/2025:10:28:57 +0000] "GET /wp-content/uploads/2024/05/1-What-is-Video-Marketing-An-Ultimate-Guide.webp HTTP/1.1" 200 50864 "https://mediaeclips.com/" "Mozilla/5.0 (Windows NT 10.0; Win64; x64) AppleWebKit/537.36 (KHTML, like Gecko) Chrome/136.0.0.0 Safari/537.36"
mediaeclips.infinitibizsol.com:443 34.12.24.156 - - [12/Jun/2025:10:28:57 +0000] "GET /wp-content/uploads/2024/02/Media-Eclips-2.png.webp HTTP/1.1" 200 27510 "https://mediaeclips.com/" "Mozilla/5.0 (Windows NT 10.0; Win64; x64) AppleWebKit/537.36 (KHTML, like Gecko) Chrome/136.0.0.0 Safari/537.36"
mediaeclips.infinitibizsol.com:443 34.12.24.156 - - [12/Jun/2025:10:28:57 +0000] "GET /wp-content/themes/ziptech/images/down-arrow.png HTTP/1.1" 200 427 "https://mediaeclips.com/wp-content/themes/ziptech/css/style.css?ver=6.5.5" "Mozilla/5.0 (Windows NT 10.0; Win64; x64) AppleWebKit/537.36 (KHTML, like Gecko) Chrome/136.0.0.0 Safari/537.36"
mediaeclips.infinitibizsol.com:443 34.12.24.156 - - [12/Jun/2025:10:28:57 +0000] "GET /wp-content/themes/ziptech/images/about/wave2.png HTTP/1.1" 200 4908 "https://mediaeclips.com/wp-content/themes/ziptech/css/style.css?ver=6.5.5" "Mozilla/5.0 (Windows NT 10.0; Win64; x64) AppleWebKit/537.36 (KHTML, like Gecko) Chrome/136.0.0.0 Safari/537.36"
mediaeclips.infinitibizsol.com:443 34.12.24.156 - - [12/Jun/2025:10:28:57 +0000] "GET /wp-content/uploads/2024/03/divider-img2.webp HTTP/1.1" 200 36330 "https://mediaeclips.com/" "Mozilla/5.0 (Windows NT 10.0; Win64; x64) AppleWebKit/537.36 (KHTML, like Gecko) Chrome/136.0.0.0 Safari/537.36"
mediaeclips.infinitibizsol.com:443 34.12.24.156 - - [12/Jun/2025:10:28:58 +0000] "GET /wp-content/themes/ziptech/fonts/webexbaseicon/fonts/webexbaseicon.ttf?wtzu32 HTTP/1.1" 200 273460 "https://mediaeclips.com/wp-content/themes/ziptech/fonts/webexbaseicon/style.css" "Mozilla/5.0 (Windows NT 10.0; Win64; x64) AppleWebKit/537.36 (KHTML, like Gecko) Chrome/136.0.0.0 Safari/537.36"
mediaeclips.infinitibizsol.com:443 34.12.24.156 - - [12/Jun/2025:10:28:58 +0000] "GET /wp-content/themes/ziptech/fonts/fontawesome/webfonts/fa-brands-400.woff2 HTTP/1.1" 200 76612 "https://mediaeclips.com/wp-content/themes/ziptech/fonts/fontawesome/css/all.css" "Mozilla/5.0 (Windows NT 10.0; Win64; x64) AppleWebKit/537.36 (KHTML, like Gecko) Chrome/136.0.0.0 Safari/537.36"
mediaeclips.infinitibizsol.com:443 34.12.24.156 - - [12/Jun/2025:10:28:58 +0000] "GET /wp-content/plugins/elementor/assets/lib/font-awesome/webfonts/fa-solid-900.woff2 HTTP/1.1" 200 78196 "https://mediaeclips.com/wp-content/plugins/elementor/assets/lib/font-awesome/css/solid.min.css?ver=5.15.3" "Mozilla/5.0 (Windows NT 10.0; Win64; x64) AppleWebKit/537.36 (KHTML, like Gecko) Chrome/136.0.0.0 Safari/537.36"
mediaeclips.infinitibizsol.com:443 34.12.24.156 - - [12/Jun/2025:10:28:58 +0000] "GET /wp-content/themes/ziptech/fonts/webexthemeicon/fonts/webexthemeicon.ttf?e77yny HTTP/1.1" 200 99192 "https://mediaeclips.com/wp-content/themes/ziptech/fonts/webexthemeicon/style.css" "Mozilla/5.0 (Windows NT 10.0; Win64; x64) AppleWebKit/537.36 (KHTML, like Gecko) Chrome/136.0.0.0 Safari/537.36"
mediaeclips.infinitibizsol.com:443 34.12.24.156 - - [12/Jun/2025:10:28:58 +0000] "GET /wp-content/themes/ziptech/fonts/fontawesome/webfonts/fa-regular-400.woff2 HTTP/1.1" 200 13584 "https://mediaeclips.com/wp-content/themes/ziptech/fonts/fontawesome/css/all.css" "Mozilla/5.0 (Windows NT 10.0; Win64; x64) AppleWebKit/537.36 (KHTML, like Gecko) Chrome/136.0.0.0 Safari/537.36"
mediaeclips.infinitibizsol.com:443 34.12.24.156 - - [12/Jun/2025:10:28:58 +0000] "GET /wp-content/themes/ziptech/images/bg/5.jpg HTTP/1.1" 200 197658 "https://mediaeclips.com/" "Mozilla/5.0 (Windows NT 10.0; Win64; x64) AppleWebKit/537.36 (KHTML, like Gecko) Chrome/136.0.0.0 Safari/537.36"
mediaeclips.infinitibizsol.com:443 34.12.24.156 - - [12/Jun/2025:10:28:58 +0000] "GET /wp-includes/js/wp-emoji-release.min.js?ver=6.5.5 HTTP/1.1" 200 18726 "https://mediaeclips.com/" "Mozilla/5.0 (Windows NT 10.0; Win64; x64) AppleWebKit/537.36 (KHTML, like Gecko) Chrome/136.0.0.0 Safari/537.36"
mediaeclips.infinitibizsol.com:443 34.12.24.156 - - [12/Jun/2025:10:28:58 +0000] "GET /wp-content/plugins/elementor/assets/js/text-editor.2c35aafbe5bf0e127950.bundle.min.js HTTP/1.1" 200 1360 "https://mediaeclips.com/" "Mozilla/5.0 (Windows NT 10.0; Win64; x64) AppleWebKit/537.36 (KHTML, like Gecko) Chrome/136.0.0.0 Safari/537.36"
mediaeclips.infinitibizsol.com:443 34.12.24.156 - - [12/Jun/2025:10:28:58 +0000] "GET /wp-content/plugins/elementskit-lite/modules/elementskit-icon-pack/assets/fonts/elementskit.woff?y24e1e HTTP/1.1" 200 459244 "https://mediaeclips.com/wp-content/plugins/elementskit-lite/modules/elementskit-icon-pack/assets/css/ekiticons.css?ver=3.1.3" "Mozilla/5.0 (Windows NT 10.0; Win64; x64) AppleWebKit/537.36 (KHTML, like Gecko) Chrome/136.0.0.0 Safari/537.36"
mediaeclips.infinitibizsol.com:443 34.12.24.156 - - [12/Jun/2025:10:28:59 +0000] "GET /wp-content/uploads/2024/02/cropped-Media-Eclips-2.png-32x32.webp HTTP/1.1" 200 968 "https://mediaeclips.com/" "Mozilla/5.0 (Windows NT 10.0; Win64; x64) AppleWebKit/537.36 (KHTML, like Gecko) Chrome/136.0.0.0 Safari/537.36"
mediaeclips.infinitibizsol.com:443 34.12.24.156 - - [12/Jun/2025:10:28:59 +0000] "GET /wp-json/contact-form-7/v1/contact-forms/159/feedback/schema HTTP/1.1" 499 0 "https://mediaeclips.com/" "Mozilla/5.0 (Windows NT 10.0; Win64; x64) AppleWebKit/537.36 (KHTML, like Gecko) Chrome/136.0.0.0 Safari/537.36"
mediaeclips.infinitibizsol.com:443 34.12.24.156 - - [12/Jun/2025:10:28:59 +0000] "GET /wp-json/contact-form-7/v1/contact-forms/159/refill HTTP/1.1" 499 0 "https://mediaeclips.com/" "Mozilla/5.0 (Windows NT 10.0; Win64; x64) AppleWebKit/537.36 (KHTML, like Gecko) Chrome/136.0.0.0 Safari/537.36"
mediaeclips.infinitibizsol.com:443 34.12.24.156 - - [12/Jun/2025:10:28:59 +0000] "GET /wp-json/contact-form-7/v1/contact-forms/158/refill HTTP/1.1" 499 0 "https://mediaeclips.com/" "Mozilla/5.0 (Windows NT 10.0; Win64; x64) AppleWebKit/537.36 (KHTML, like Gecko) Chrome/136.0.0.0 Safari/537.36"
mediaeclips.infinitibizsol.com:443 34.12.24.156 - - [12/Jun/2025:10:28:59 +0000] "GET /wp-json/contact-form-7/v1/contact-forms/158/feedback/schema HTTP/1.1" 499 0 "https://mediaeclips.com/" "Mozilla/5.0 (Windows NT 10.0; Win64; x64) AppleWebKit/537.36 (KHTML, like Gecko) Chrome/136.0.0.0 Safari/537.36"
mediaeclips.infinitibizsol.com:443 168.90.23.141 - - [12/Jun/2025:10:32:34 +0000] "GET /tag/on-page-seo-techniques/ HTTP/1.1" 404 48132 "-" "Mozilla/5.0 (iPhone; CPU iPhone OS 17_0 like Mac OS X) AppleWebKit/605.1.15 (KHTML, like Gecko) Version/17.0 Mobile/15E148 Safari/604.1 OPX/2.0.1"
mediaeclips.infinitibizsol.com:443 162.0.223.40 - - [12/Jun/2025:10:34:33 +0000] "POST /wp-cron.php?doing_wp_cron=1749724472.4449939727783203125000 HTTP/1.1" 499 0 "-" "WordPress/6.5.5; https://mediaeclips.com"
mediaeclips.infinitibizsol.com:443 51.222.253.7 - - [12/Jun/2025:10:34:33 +0000] "GET /tag/what-is-local-seo/feed/ HTTP/1.1" 304 0 "-" "Mozilla/5.0 (compatible; AhrefsBot/7.0; +http://ahrefs.com/robot/)"
mediaeclips.infinitibizsol.com:80 139.180.180.168 - - [12/Jun/2025:10:39:06 +0000] "POST /wp-load.php?04d6a5=76087 HTTP/1.1" 200 1748 "-" "Mozilla/5.0 (Windows NT 10.0; Win64; x64) AppleWebKit/537.36 (KHTML, like Gecko) Chrome/104.0.5112.97 Safari/537.36"
mediaeclips.infinitibizsol.com:443 152.42.255.42 - - [12/Jun/2025:10:41:12 +0000] "GET /wp-content/uploads/2024/05/Cream-Black-Modern-Monogram-Initial-Name-Logo-7-1024x1024.png HTTP/1.1" 200 71527 "-" "Mozilla/5.0 (Linux; Android 10; K) AppleWebKit/537.36 (KHTML, like Gecko) Chrome/122.0.0.0 Mobile Safari/537.36"
mediaeclips.infinitibizsol.com:443 162.0.223.40 - - [12/Jun/2025:10:43:37 +0000] "POST /wp-cron.php?doing_wp_cron=1749725016.0590469837188720703125 HTTP/1.1" 499 0 "-" "WordPress/6.5.5; https://mediaeclips.com"
mediaeclips.infinitibizsol.com:443 66.249.64.163 - - [12/Jun/2025:10:43:37 +0000] "GET /shopdetail/140002639 HTTP/1.1" 404 5 "-" "Mozilla/5.0 (Linux; Android 6.0.1; Nexus 5X Build/MMB29P) AppleWebKit/537.36 (KHTML, like Gecko) Chrome/136.0.7103.113 Mobile Safari/537.36 (compatible; Googlebot/2.1; +http://www.google.com/bot.html)"
mediaeclips.infinitibizsol.com:443 150.109.196.248 - - [12/Jun/2025:10:44:41 +0000] "GET /wp-content/uploads/2023/08/SEM.png HTTP/1.1" 200 22574 "-" "Mozilla/5.0 (Windows NT 10.0; Win64; x64) AppleWebKit/537.36 (KHTML, like Gecko) Chrome/119.0 Safari/537.36"
mediaeclips.infinitibizsol.com:443 184.174.43.70 - - [12/Jun/2025:10:45:17 +0000] "GET /some-great-website-builders-that-are-free/ HTTP/1.1" 404 127156 "-" "Mozilla/5.0 (X11; Linux x86_64) AppleWebKit/537.36 (KHTML, like Gecko) Chrome/106.0.0.0 Safari/537.36"
mediaeclips.infinitibizsol.com:443 51.222.253.16 - - [12/Jun/2025:10:47:05 +0000] "GET /tag/texas-web-design/feed/ HTTP/1.1" 304 0 "-" "Mozilla/5.0 (compatible; AhrefsBot/7.0; +http://ahrefs.com/robot/)"
mediaeclips.infinitibizsol.com:443 45.227.253.15 - - [12/Jun/2025:10:47:54 +0000] "GET /?ARRAY=7o2230223n313734393732383934322p2231223n22687474703n5p2s5p2s3230342r31322r3233382r37345p2s3s6p633q7068705s636s64655s6n6326743q313734393732353334322q6366316636643136333564333833383535336431386661613365366466653930222p2232223n226636393832313739316462646532623335343262366335653632643861373831222p2233223n226434626232353337323331663838336165383538363561663665363532323133222p2262696r675s70617373223n2232362q34332q35372q36372q37322q38352q3138227q HTTP/1.1" 200 68 "-" "Mozilla/5.0 (Macintosh; Intel Mac OS X 10.11; rv:103.0) Gecko/20100101 Firefox/103.0"
mediaeclips.infinitibizsol.com:80 5.161.201.188 - - [12/Jun/2025:10:54:06 +0000] "POST /wp-load.php?3242fb=24734 HTTP/1.1" 200 1748 "-" "Mozilla/5.0 (Windows NT 10.0; Win64; x64) AppleWebKit/537.36 (KHTML, like Gecko) Chrome/104.0.5112.97 Safari/537.36"
mediaeclips.infinitibizsol.com:443 162.0.223.40 - - [12/Jun/2025:10:54:46 +0000] "POST /wp-cron.php?doing_wp_cron=1749725685.2085750102996826171875 HTTP/1.1" 499 0 "-" "WordPress/6.5.5; https://mediaeclips.com"
mediaeclips.infinitibizsol.com:443 216.73.216.52 - - [12/Jun/2025:10:54:46 +0000] "GET /goods.php HTTP/1.1" 404 5 "-" "Mozilla/5.0 AppleWebKit/537.36 (KHTML, like Gecko; compatible; ClaudeBot/1.0; +claudebot@anthropic.com)"
mediaeclips.infinitibizsol.com:443 162.0.223.40 - - [12/Jun/2025:10:59:29 +0000] "POST /wp-cron.php?doing_wp_cron=1749725968.2274100780487060546875 HTTP/1.1" 499 0 "-" "WordPress/6.5.5; https://mediaeclips.com"
mediaeclips.infinitibizsol.com:443 51.222.253.20 - - [12/Jun/2025:10:59:29 +0000] "GET /tag/sem/feed/ HTTP/1.1" 304 0 "-" "Mozilla/5.0 (compatible; AhrefsBot/7.0; +http://ahrefs.com/robot/)"
mediaeclips.infinitibizsol.com:443 47.128.121.15 - - [12/Jun/2025:11:00:32 +0000] "GET /search-engine-marketing/ HTTP/1.1" 404 68737 "-" "Mozilla/5.0 (Linux; Android 5.0) AppleWebKit/537.36 (KHTML, like Gecko) Mobile Safari/537.36 (compatible; TikTokSpider; ttspider-feedback@tiktok.com)"
mediaeclips.infinitibizsol.com:443 47.128.121.15 - - [12/Jun/2025:11:00:33 +0000] "GET /wp-content/themes/ziptech/css/style.css?ver=6.5.5 HTTP/1.1" 200 256580 "https://mediaeclips.com/search-engine-marketing/" "Mozilla/5.0 (Linux; Android 5.0) AppleWebKit/537.36 (KHTML, like Gecko) Mobile Safari/537.36 (compatible; TikTokSpider; ttspider-feedback@tiktok.com)"
mediaeclips.infinitibizsol.com:443 47.128.121.15 - - [12/Jun/2025:11:00:33 +0000] "GET /wp-content/plugins/contact-form-7/includes/css/styles.css?ver=5.9.4 HTTP/1.1" 200 2894 "https://mediaeclips.com/search-engine-marketing/" "Mozilla/5.0 (Linux; Android 5.0) AppleWebKit/537.36 (KHTML, like Gecko) Mobile Safari/537.36 (compatible; TikTokSpider; ttspider-feedback@tiktok.com)"
mediaeclips.infinitibizsol.com:443 47.128.121.15 - - [12/Jun/2025:11:00:33 +0000] "GET /wp-content/themes/ziptech/style.css?ver=2023-03-20 HTTP/1.1" 200 10974 "https://mediaeclips.com/search-engine-marketing/" "Mozilla/5.0 (Linux; Android 5.0) AppleWebKit/537.36 (KHTML, like Gecko) Mobile Safari/537.36 (compatible; TikTokSpider; ttspider-feedback@tiktok.com)"
mediaeclips.infinitibizsol.com:443 47.128.121.15 - - [12/Jun/2025:11:00:33 +0000] "GET /wp-content/themes/ziptech/css/responsive.css?ver=6.5.5 HTTP/1.1" 200 9773 "https://mediaeclips.com/search-engine-marketing/" "Mozilla/5.0 (Linux; Android 5.0) AppleWebKit/537.36 (KHTML, like Gecko) Mobile Safari/537.36 (compatible; TikTokSpider; ttspider-feedback@tiktok.com)"
mediaeclips.infinitibizsol.com:443 47.128.121.15 - - [12/Jun/2025:11:00:33 +0000] "GET /wp-content/plugins/elementor/assets/lib/eicons/css/elementor-icons.min.css?ver=5.29.0 HTTP/1.1" 200 19778 "https://mediaeclips.com/search-engine-marketing/" "Mozilla/5.0 (Linux; Android 5.0) AppleWebKit/537.36 (KHTML, like Gecko) Mobile Safari/537.36 (compatible; TikTokSpider; ttspider-feedback@tiktok.com)"
mediaeclips.infinitibizsol.com:443 47.128.121.15 - - [12/Jun/2025:11:00:33 +0000] "GET /wp-content/plugins/tablepress/css/build/default.css?ver=2.3.1 HTTP/1.1" 200 6087 "https://mediaeclips.com/search-engine-marketing/" "Mozilla/5.0 (Linux; Android 5.0) AppleWebKit/537.36 (KHTML, like Gecko) Mobile Safari/537.36 (compatible; TikTokSpider; ttspider-feedback@tiktok.com)"
mediaeclips.infinitibizsol.com:443 47.128.121.15 - - [12/Jun/2025:11:00:33 +0000] "GET /wp-content/plugins/elementskit-lite/modules/elementskit-icon-pack/assets/css/ekiticons.css?ver=3.1.3 HTTP/1.1" 200 124837 "https://mediaeclips.com/search-engine-marketing/" "Mozilla/5.0 (Linux; Android 5.0) AppleWebKit/537.36 (KHTML, like Gecko) Mobile Safari/537.36 (compatible; TikTokSpider; ttspider-feedback@tiktok.com)"
mediaeclips.infinitibizsol.com:443 47.128.121.15 - - [12/Jun/2025:11:00:33 +0000] "GET /wp-content/plugins/elementor/assets/lib/swiper/v8/css/swiper.min.css?ver=8.4.5 HTTP/1.1" 200 16471 "https://mediaeclips.com/search-engine-marketing/" "Mozilla/5.0 (Linux; Android 5.0) AppleWebKit/537.36 (KHTML, like Gecko) Mobile Safari/537.36 (compatible; TikTokSpider; ttspider-feedback@tiktok.com)"
mediaeclips.infinitibizsol.com:443 47.128.121.15 - - [12/Jun/2025:11:00:33 +0000] "GET /wp-content/plugins/elementor-pro/assets/css/frontend-lite.min.css?ver=3.19.3 HTTP/1.1" 200 11053 "https://mediaeclips.com/search-engine-marketing/" "Mozilla/5.0 (Linux; Android 5.0) AppleWebKit/537.36 (KHTML, like Gecko) Mobile Safari/537.36 (compatible; TikTokSpider; ttspider-feedback@tiktok.com)"
mediaeclips.infinitibizsol.com:443 47.128.121.15 - - [12/Jun/2025:11:00:33 +0000] "GET /wp-content/uploads/elementor/css/post-9.css?ver=1715183195 HTTP/1.1" 200 1168 "https://mediaeclips.com/search-engine-marketing/" "Mozilla/5.0 (Linux; Android 5.0) AppleWebKit/537.36 (KHTML, like Gecko) Mobile Safari/537.36 (compatible; TikTokSpider; ttspider-feedback@tiktok.com)"
mediaeclips.infinitibizsol.com:443 47.128.121.15 - - [12/Jun/2025:11:00:33 +0000] "GET /wp-content/plugins/elementor/assets/css/frontend-lite.min.css?ver=3.21.5 HTTP/1.1" 200 118945 "https://mediaeclips.com/search-engine-marketing/" "Mozilla/5.0 (Linux; Android 5.0) AppleWebKit/537.36 (KHTML, like Gecko) Mobile Safari/537.36 (compatible; TikTokSpider; ttspider-feedback@tiktok.com)"
mediaeclips.infinitibizsol.com:443 47.128.121.15 - - [12/Jun/2025:11:00:33 +0000] "GET /wp-content/uploads/elementor/css/post-1502.css?ver=1715199468 HTTP/1.1" 200 3382 "https://mediaeclips.com/search-engine-marketing/" "Mozilla/5.0 (Linux; Android 5.0) AppleWebKit/537.36 (KHTML, like Gecko) Mobile Safari/537.36 (compatible; TikTokSpider; ttspider-feedback@tiktok.com)"
mediaeclips.infinitibizsol.com:443 47.128.121.15 - - [12/Jun/2025:11:00:33 +0000] "GET /wp-content/uploads/elementor/css/global.css?ver=1715183195 HTTP/1.1" 200 46618 "https://mediaeclips.com/search-engine-marketing/" "Mozilla/5.0 (Linux; Android 5.0) AppleWebKit/537.36 (KHTML, like Gecko) Mobile Safari/537.36 (compatible; TikTokSpider; ttspider-feedback@tiktok.com)"
mediaeclips.infinitibizsol.com:443 47.128.121.15 - - [12/Jun/2025:11:00:33 +0000] "GET /wp-content/plugins/elementskit-lite/widgets/init/assets/css/responsive.css?ver=3.1.3 HTTP/1.1" 200 30299 "https://mediaeclips.com/search-engine-marketing/" "Mozilla/5.0 (Linux; Android 5.0) AppleWebKit/537.36 (KHTML, like Gecko) Mobile Safari/537.36 (compatible; TikTokSpider; ttspider-feedback@tiktok.com)"
mediaeclips.infinitibizsol.com:443 47.128.121.15 - - [12/Jun/2025:11:00:34 +0000] "GET /wp-content/plugins/essential-addons-for-elementor-lite/assets/front-end/css/view/general.min.css?ver=5.9.21 HTTP/1.1" 200 3829 "https://mediaeclips.com/search-engine-marketing/" "Mozilla/5.0 (Linux; Android 5.0) AppleWebKit/537.36 (KHTML, like Gecko) Mobile Safari/537.36 (compatible; TikTokSpider; ttspider-feedback@tiktok.com)"
mediaeclips.infinitibizsol.com:443 47.128.121.15 - - [12/Jun/2025:11:00:34 +0000] "GET /wp-content/themes/ziptech/css/bootstrap.min.css HTTP/1.1" 200 155845 "https://mediaeclips.com/wp-content/themes/ziptech/css/style.css?ver=6.5.5" "Mozilla/5.0 (Linux; Android 5.0) AppleWebKit/537.36 (KHTML, like Gecko) Mobile Safari/537.36 (compatible; TikTokSpider; ttspider-feedback@tiktok.com)"
mediaeclips.infinitibizsol.com:443 47.128.121.15 - - [12/Jun/2025:11:00:34 +0000] "GET /wp-content/themes/ziptech/fonts/webexbaseicon/style.css HTTP/1.1" 200 28784 "https://mediaeclips.com/wp-content/themes/ziptech/css/style.css?ver=6.5.5" "Mozilla/5.0 (Linux; Android 5.0) AppleWebKit/537.36 (KHTML, like Gecko) Mobile Safari/537.36 (compatible; TikTokSpider; ttspider-feedback@tiktok.com)"
mediaeclips.infinitibizsol.com:443 47.128.121.15 - - [12/Jun/2025:11:00:34 +0000] "GET /wp-content/plugins/elementskit-lite/widgets/init/assets/css/widget-styles.css?ver=3.1.3 HTTP/1.1" 200 445845 "https://mediaeclips.com/search-engine-marketing/" "Mozilla/5.0 (Linux; Android 5.0) AppleWebKit/537.36 (KHTML, like Gecko) Mobile Safari/537.36 (compatible; TikTokSpider; ttspider-feedback@tiktok.com)"
mediaeclips.infinitibizsol.com:443 47.128.121.15 - - [12/Jun/2025:11:00:34 +0000] "GET /wp-content/themes/ziptech/fonts/fontawesome/css/all.css HTTP/1.1" 200 72670 "https://mediaeclips.com/wp-content/themes/ziptech/css/style.css?ver=6.5.5" "Mozilla/5.0 (Linux; Android 5.0) AppleWebKit/537.36 (KHTML, like Gecko) Mobile Safari/537.36 (compatible; TikTokSpider; ttspider-feedback@tiktok.com)"
mediaeclips.infinitibizsol.com:443 47.128.121.15 - - [12/Jun/2025:11:00:34 +0000] "GET /wp-content/themes/ziptech/css/nice-select.css HTTP/1.1" 200 4007 "https://mediaeclips.com/wp-content/themes/ziptech/css/style.css?ver=6.5.5" "Mozilla/5.0 (Linux; Android 5.0) AppleWebKit/537.36 (KHTML, like Gecko) Mobile Safari/537.36 (compatible; TikTokSpider; ttspider-feedback@tiktok.com)"
mediaeclips.infinitibizsol.com:443 47.128.121.15 - - [12/Jun/2025:11:00:34 +0000] "GET /wp-content/themes/ziptech/fonts/webexthemeicon/style.css HTTP/1.1" 200 7008 "https://mediaeclips.com/wp-content/themes/ziptech/css/style.css?ver=6.5.5" "Mozilla/5.0 (Linux; Android 5.0) AppleWebKit/537.36 (KHTML, like Gecko) Mobile Safari/537.36 (compatible; TikTokSpider; ttspider-feedback@tiktok.com)"
mediaeclips.infinitibizsol.com:443 47.128.121.15 - - [12/Jun/2025:11:00:34 +0000] "GET /wp-content/themes/ziptech/css/owl.carousel.min.css HTTP/1.1" 200 3356 "https://mediaeclips.com/wp-content/themes/ziptech/css/style.css?ver=6.5.5" "Mozilla/5.0 (Linux; Android 5.0) AppleWebKit/537.36 (KHTML, like Gecko) Mobile Safari/537.36 (compatible; TikTokSpider; ttspider-feedback@tiktok.com)"
mediaeclips.infinitibizsol.com:443 47.128.121.15 - - [12/Jun/2025:11:00:34 +0000] "GET /wp-content/themes/ziptech/css/twentytwenty.css HTTP/1.1" 200 6537 "https://mediaeclips.com/wp-content/themes/ziptech/css/style.css?ver=6.5.5" "Mozilla/5.0 (Linux; Android 5.0) AppleWebKit/537.36 (KHTML, like Gecko) Mobile Safari/537.36 (compatible; TikTokSpider; ttspider-feedback@tiktok.com)"
mediaeclips.infinitibizsol.com:443 47.128.121.15 - - [12/Jun/2025:11:00:34 +0000] "GET /wp-content/themes/ziptech/css/animate.css HTTP/1.1" 200 80426 "https://mediaeclips.com/wp-content/themes/ziptech/css/style.css?ver=6.5.5" "Mozilla/5.0 (Linux; Android 5.0) AppleWebKit/537.36 (KHTML, like Gecko) Mobile Safari/537.36 (compatible; TikTokSpider; ttspider-feedback@tiktok.com)"
mediaeclips.infinitibizsol.com:443 47.128.121.15 - - [12/Jun/2025:11:00:34 +0000] "GET /wp-content/themes/ziptech/css/magnific-popup.css HTTP/1.1" 200 6951 "https://mediaeclips.com/wp-content/themes/ziptech/css/style.css?ver=6.5.5" "Mozilla/5.0 (Linux; Android 5.0) AppleWebKit/537.36 (KHTML, like Gecko) Mobile Safari/537.36 (compatible; TikTokSpider; ttspider-feedback@tiktok.com)"
mediaeclips.infinitibizsol.com:443 47.128.121.15 - - [12/Jun/2025:11:00:34 +0000] "GET /wp-content/themes/ziptech/css/custom-animation.css HTTP/1.1" 200 9217 "https://mediaeclips.com/wp-content/themes/ziptech/css/style.css?ver=6.5.5" "Mozilla/5.0 (Linux; Android 5.0) AppleWebKit/537.36 (KHTML, like Gecko) Mobile Safari/537.36 (compatible; TikTokSpider; ttspider-feedback@tiktok.com)"
mediaeclips.infinitibizsol.com:443 47.128.121.15 - - [12/Jun/2025:11:00:34 +0000] "GET /wp-content/themes/ziptech/css/kursor.css HTTP/1.1" 200 6346 "https://mediaeclips.com/wp-content/themes/ziptech/css/style.css?ver=6.5.5" "Mozilla/5.0 (Linux; Android 5.0) AppleWebKit/537.36 (KHTML, like Gecko) Mobile Safari/537.36 (compatible; TikTokSpider; ttspider-feedback@tiktok.com)"
mediaeclips.infinitibizsol.com:443 47.128.121.15 - - [12/Jun/2025:11:00:34 +0000] "GET /wp-content/uploads/2024/03/Accept-request.gif HTTP/1.1" 206 500 "https://mediaeclips.com/search-engine-marketing/" "Mozilla/5.0 (Linux; Android 5.0) AppleWebKit/537.36 (KHTML, like Gecko) Mobile Safari/537.36 (compatible; TikTokSpider; ttspider-feedback@tiktok.com)"
mediaeclips.infinitibizsol.com:443 47.128.121.15 - - [12/Jun/2025:11:00:35 +0000] "GET /wp-content/uploads/2024/03/imgpsh_fullsize_anim-2-e1709678697288.png HTTP/1.1" 206 500 "https://mediaeclips.com/search-engine-marketing/" "Mozilla/5.0 (Linux; Android 5.0) AppleWebKit/537.36 (KHTML, like Gecko) Mobile Safari/537.36 (compatible; TikTokSpider; ttspider-feedback@tiktok.com)"
mediaeclips.infinitibizsol.com:443 47.128.121.15 - - [12/Jun/2025:11:00:35 +0000] "GET /wp-content/uploads/2024/03/virtual-conference-15.png HTTP/1.1" 206 500 "https://mediaeclips.com/search-engine-marketing/" "Mozilla/5.0 (Linux; Android 5.0) AppleWebKit/537.36 (KHTML, like Gecko) Mobile Safari/537.36 (compatible; TikTokSpider; ttspider-feedback@tiktok.com)"
mediaeclips.infinitibizsol.com:443 47.128.121.15 - - [12/Jun/2025:11:00:35 +0000] "GET /wp-content/themes/ziptech/images/objects/footer-obj1.png HTTP/1.1" 206 500 "https://mediaeclips.com/search-engine-marketing/" "Mozilla/5.0 (Linux; Android 5.0) AppleWebKit/537.36 (KHTML, like Gecko) Mobile Safari/537.36 (compatible; TikTokSpider; ttspider-feedback@tiktok.com)"
mediaeclips.infinitibizsol.com:443 47.128.121.15 - - [12/Jun/2025:11:00:35 +0000] "GET /wp-content/uploads/2024/02/Media-Eclips-2.png.webp HTTP/1.1" 206 500 "https://mediaeclips.com/search-engine-marketing/" "Mozilla/5.0 (Linux; Android 5.0) AppleWebKit/537.36 (KHTML, like Gecko) Mobile Safari/537.36 (compatible; TikTokSpider; ttspider-feedback@tiktok.com)"
mediaeclips.infinitibizsol.com:443 47.128.121.15 - - [12/Jun/2025:11:00:37 +0000] "GET /wp-content/themes/ziptech/framework/color.php?ver=6.5.5 HTTP/1.1" 404 5 "https://mediaeclips.com/search-engine-marketing/" "Mozilla/5.0 (Linux; Android 5.0) AppleWebKit/537.36 (KHTML, like Gecko) Mobile Safari/537.36 (compatible; TikTokSpider; ttspider-feedback@tiktok.com)"
mediaeclips.infinitibizsol.com:443 47.128.121.15 - - [12/Jun/2025:11:00:37 +0000] "GET /wp-content/uploads/2023/04/3-2.jpg HTTP/1.1" 206 500 "https://mediaeclips.com/search-engine-marketing/" "Mozilla/5.0 (Linux; Android 5.0) AppleWebKit/537.36 (KHTML, like Gecko) Mobile Safari/537.36 (compatible; TikTokSpider; ttspider-feedback@tiktok.com)"
mediaeclips.infinitibizsol.com:443 162.0.223.40 - - [12/Jun/2025:11:05:23 +0000] "POST /wp-cron.php?doing_wp_cron=1749726322.7868199348449707031250 HTTP/1.1" 499 0 "-" "WordPress/6.5.5; https://mediaeclips.com"
mediaeclips.infinitibizsol.com:443 216.73.216.52 - - [12/Jun/2025:11:05:23 +0000] "GET /sitemap.xml HTTP/1.1" 404 5 "-" "Mozilla/5.0 AppleWebKit/537.36 (KHTML, like Gecko; compatible; ClaudeBot/1.0; +claudebot@anthropic.com)"
mediaeclips.infinitibizsol.com:443 51.222.253.9 - - [12/Jun/2025:11:07:18 +0000] "GET /tag/videography/feed/ HTTP/1.1" 304 0 "-" "Mozilla/5.0 (compatible; AhrefsBot/7.0; +http://ahrefs.com/robot/)"
mediaeclips.infinitibizsol.com:80 5.161.250.15 - - [12/Jun/2025:11:09:17 +0000] "POST /wp-load.php?a6bb8c=2690 HTTP/1.1" 200 1748 "-" "Mozilla/5.0 (Windows NT 10.0; Win64; x64) AppleWebKit/537.36 (KHTML, like Gecko) Chrome/104.0.5112.97 Safari/537.36"
mediaeclips.infinitibizsol.com:80 162.0.223.40 - - [12/Jun/2025:11:10:24 +0000] "POST /wp-cron.php?doing_wp_cron=1749726623.4730019569396972656250 HTTP/1.1" 499 0 "-" "WordPress/6.5.5; https://mediaeclips.com"
mediaeclips.infinitibizsol.com:80 182.42.111.156 - - [12/Jun/2025:11:10:24 +0000] "GET / HTTP/1.1" 404 5 "-" "Mozilla/5.0 (iPhone; CPU iPhone OS 13_2_3 like Mac OS X) AppleWebKit/605.1.15 (KHTML, like Gecko) Version/13.0.3 Mobile/15E148 Safari/604.1"
mediaeclips.infinitibizsol.com:443 66.249.64.132 - - [12/Jun/2025:11:10:50 +0000] "GET /shopdetail/132181239 HTTP/1.1" 404 5 "-" "Mozilla/5.0 (Linux; Android 6.0.1; Nexus 5X Build/MMB29P) AppleWebKit/537.36 (KHTML, like Gecko) Chrome/136.0.7103.113 Mobile Safari/537.36 (compatible; Googlebot/2.1; +http://www.google.com/bot.html)"
mediaeclips.infinitibizsol.com:443 162.0.223.40 - - [12/Jun/2025:11:14:33 +0000] "POST /wp-cron.php?doing_wp_cron=1749726872.0491371154785156250000 HTTP/1.1" 499 0 "-" "WordPress/6.5.5; https://mediaeclips.com"
mediaeclips.infinitibizsol.com:443 51.222.253.12 - - [12/Jun/2025:11:14:33 +0000] "GET /tag/latest-seo-trends/feed/ HTTP/1.1" 304 0 "-" "Mozilla/5.0 (compatible; AhrefsBot/7.0; +http://ahrefs.com/robot/)"
mediaeclips.infinitibizsol.com:443 162.0.223.40 - - [12/Jun/2025:11:21:24 +0000] "POST /wp-cron.php?doing_wp_cron=1749727283.0798909664154052734375 HTTP/1.1" 499 0 "-" "WordPress/6.5.5; https://mediaeclips.com"
mediaeclips.infinitibizsol.com:443 51.222.253.9 - - [12/Jun/2025:11:21:24 +0000] "GET /tag/what-is-ui-design/feed/ HTTP/1.1" 304 0 "-" "Mozilla/5.0 (compatible; AhrefsBot/7.0; +http://ahrefs.com/robot/)"
mediaeclips.infinitibizsol.com:80 5.161.69.178 - - [12/Jun/2025:11:24:24 +0000] "POST /wp-load.php?c48bcf=72924 HTTP/1.1" 200 1748 "-" "Mozilla/5.0 (Windows NT 10.0; Win64; x64) AppleWebKit/537.36 (KHTML, like Gecko) Chrome/104.0.5112.97 Safari/537.36"
mediaeclips.infinitibizsol.com:443 162.0.223.40 - - [12/Jun/2025:11:27:42 +0000] "POST /wp-cron.php?doing_wp_cron=1749727661.0665149688720703125000 HTTP/1.1" 499 0 "-" "WordPress/6.5.5; https://mediaeclips.com"
mediaeclips.infinitibizsol.com:443 66.249.70.139 - - [12/Jun/2025:11:27:42 +0000] "GET /goods.php?sitemap.xml HTTP/1.1" 404 5 "-" "Mozilla/5.0 (compatible; Googlebot/2.1; +http://www.google.com/bot.html)"
mediaeclips.infinitibizsol.com:443 45.227.253.15 - - [12/Jun/2025:11:27:53 +0000] "GET /index.php/jk HTTP/1.1" 200 54 "-" "Mozilla/5.0 (Macintosh; Intel Mac OS X 10.11; rv:103.0) Gecko/20100101 Firefox/101.0"
mediaeclips.infinitibizsol.com:443 162.0.223.40 - - [12/Jun/2025:11:28:49 +0000] "POST /wp-cron.php?doing_wp_cron=1749727728.3098781108856201171875 HTTP/1.1" 499 0 "-" "WordPress/6.5.5; https://mediaeclips.com"
mediaeclips.infinitibizsol.com:443 51.222.253.17 - - [12/Jun/2025:11:28:49 +0000] "GET /tag/rewards-of-ai-content/feed/ HTTP/1.1" 304 0 "-" "Mozilla/5.0 (compatible; AhrefsBot/7.0; +http://ahrefs.com/robot/)"
mediaeclips.infinitibizsol.com:443 162.0.223.40 - - [12/Jun/2025:11:36:31 +0000] "POST /wp-cron.php?doing_wp_cron=1749728190.4741570949554443359375 HTTP/1.1" 499 0 "-" "WordPress/6.5.5; https://mediaeclips.com"
mediaeclips.infinitibizsol.com:443 51.222.253.18 - - [12/Jun/2025:11:36:31 +0000] "GET /tag/why-content-marketing-is-important/feed/ HTTP/1.1" 304 0 "-" "Mozilla/5.0 (compatible; AhrefsBot/7.0; +http://ahrefs.com/robot/)"
mediaeclips.infinitibizsol.com:80 5.161.177.123 - - [12/Jun/2025:11:39:26 +0000] "POST /wp-load.php?2b9f0a=96833 HTTP/1.1" 200 1748 "-" "Mozilla/5.0 (Windows NT 10.0; Win64; x64) AppleWebKit/537.36 (KHTML, like Gecko) Chrome/104.0.5112.97 Safari/537.36"
mediaeclips.infinitibizsol.com:443 162.0.223.40 - - [12/Jun/2025:11:42:54 +0000] "POST /wp-cron.php?doing_wp_cron=1749728573.2449409961700439453125 HTTP/1.1" 499 0 "-" "WordPress/6.5.5; https://mediaeclips.com"
mediaeclips.infinitibizsol.com:443 51.222.253.15 - - [12/Jun/2025:11:42:54 +0000] "GET /tag/inbound-vs-outbound-marketing/feed/ HTTP/1.1" 304 0 "-" "Mozilla/5.0 (compatible; AhrefsBot/7.0; +http://ahrefs.com/robot/)"
mediaeclips.infinitibizsol.com:443 162.0.223.40 - - [12/Jun/2025:11:44:30 +0000] "POST /wp-cron.php?doing_wp_cron=1749728669.1474430561065673828125 HTTP/1.1" 499 0 "-" "WordPress/6.5.5; https://mediaeclips.com"
mediaeclips.infinitibizsol.com:443 66.249.64.128 - - [12/Jun/2025:11:44:30 +0000] "GET /shopdetail/100132139 HTTP/1.1" 404 5 "-" "Mozilla/5.0 (Linux; Android 6.0.1; Nexus 5X Build/MMB29P) AppleWebKit/537.36 (KHTML, like Gecko) Chrome/136.0.7103.113 Mobile Safari/537.36 (compatible; Googlebot/2.1; +http://www.google.com/bot.html)"
mediaeclips.infinitibizsol.com:80 134.122.20.107 - - [12/Jun/2025:11:45:05 +0000] "GET / HTTP/1.1" 499 0 "-" "Mozilla/5.0 (X11; Linux x86_64; rv:137.0) Gecko/20100101 Firefox/137.0"
mediaeclips.infinitibizsol.com:443 134.122.20.107 - - [12/Jun/2025:11:45:10 +0000] "GET / HTTP/1.1" 499 0 "-" "Mozilla/5.0 (X11; Linux x86_64) AppleWebKit/537.36 (KHTML, like Gecko) Chrome/137.0.0.0 Safari/537.36"
mediaeclips.infinitibizsol.com:80 162.62.231.139 - - [12/Jun/2025:11:46:40 +0000] "GET / HTTP/1.1" 404 5 "-" "Mozilla/5.0 (iPhone; CPU iPhone OS 13_2_3 like Mac OS X) AppleWebKit/605.1.15 (KHTML, like Gecko) Version/13.0.3 Mobile/15E148 Safari/604.1"
mediaeclips.infinitibizsol.com:443 162.0.223.40 - - [12/Jun/2025:11:50:45 +0000] "POST /wp-cron.php?doing_wp_cron=1749729044.6849219799041748046875 HTTP/1.1" 499 0 "-" "WordPress/6.5.5; https://mediaeclips.com"
mediaeclips.infinitibizsol.com:443 51.222.253.13 - - [12/Jun/2025:11:50:45 +0000] "GET /tag/best-social-media-marketing-tools/feed/ HTTP/1.1" 304 0 "-" "Mozilla/5.0 (compatible; AhrefsBot/7.0; +http://ahrefs.com/robot/)"
mediaeclips.infinitibizsol.com:443 162.0.223.40 - - [12/Jun/2025:11:50:46 +0000] "POST /wp-cron.php?doing_wp_cron=1749729045.0286889076232910156250 HTTP/1.1" 499 0 "-" "WordPress/6.5.5; https://mediaeclips.com"
mediaeclips.infinitibizsol.com:443 66.249.64.132 - - [12/Jun/2025:11:50:47 +0000] "GET /tag/what-is-video-marketing/feed/ HTTP/1.1" 404 46440 "-" "Mozilla/5.0 (Linux; Android 6.0.1; Nexus 5X Build/MMB29P) AppleWebKit/537.36 (KHTML, like Gecko) Chrome/136.0.7103.113 Mobile Safari/537.36 (compatible; Googlebot/2.1; +http://www.google.com/bot.html)"
mediaeclips.infinitibizsol.com:80 5.161.106.94 - - [12/Jun/2025:11:54:34 +0000] "POST /wp-load.php?e01b6c=73034 HTTP/1.1" 200 1748 "-" "Mozilla/5.0 (Windows NT 10.0; Win64; x64) AppleWebKit/537.36 (KHTML, like Gecko) Chrome/104.0.5112.97 Safari/537.36"
mediaeclips.infinitibizsol.com:443 162.0.223.40 - - [12/Jun/2025:11:57:40 +0000] "POST /wp-cron.php?doing_wp_cron=1749729459.0638890266418457031250 HTTP/1.1" 499 0 "-" "WordPress/6.5.5; https://mediaeclips.com"
mediaeclips.infinitibizsol.com:443 51.222.253.12 - - [12/Jun/2025:11:57:40 +0000] "GET /tag/impact-of-ai-on-digital-marketing/feed/ HTTP/1.1" 304 0 "-" "Mozilla/5.0 (compatible; AhrefsBot/7.0; +http://ahrefs.com/robot/)"
mediaeclips.infinitibizsol.com:443 34.60.126.145 - - [12/Jun/2025:12:01:25 +0000] "GET /wp-content/themes/ziptech/images/objects/footer-obj1.png HTTP/1.1" 200 119869 "-" "Mozilla/5.0 (Windows NT 10.0; Win64; x64) AppleWebKit/537.36 (KHTML, like Gecko) Chrome/97.0.4692.71 Safari/537.36"
mediaeclips.infinitibizsol.com:443 162.0.223.40 - - [12/Jun/2025:12:05:21 +0000] "POST /wp-cron.php?doing_wp_cron=1749729920.7156770229339599609375 HTTP/1.1" 499 0 "-" "WordPress/6.5.5; https://mediaeclips.com"
mediaeclips.infinitibizsol.com:443 51.222.253.15 - - [12/Jun/2025:12:05:21 +0000] "GET /category/uncategorized/feed/ HTTP/1.1" 304 0 "-" "Mozilla/5.0 (compatible; AhrefsBot/7.0; +http://ahrefs.com/robot/)"
mediaeclips.infinitibizsol.com:80 5.161.52.234 - - [12/Jun/2025:12:09:45 +0000] "POST /wp-load.php?d7d741=60488 HTTP/1.1" 200 1748 "-" "Mozilla/5.0 (Windows NT 10.0; Win64; x64) AppleWebKit/537.36 (KHTML, like Gecko) Chrome/104.0.5112.97 Safari/537.36"
mediaeclips.infinitibizsol.com:80 167.99.71.237 - - [12/Jun/2025:12:10:34 +0000] "GET /wp-content/plugins/litespeed-cache/readme.txt HTTP/1.1" 499 0 "-" "Mozlila/5.0 (Linux; Android 7.0; SM-G892A Bulid/NRD90M; wv) AppleWebKit/537.36 (KHTML, like Gecko) Version/4.0 Chrome/60.0.3112.107 Moblie Safari/537.36"
mediaeclips.infinitibizsol.com:80 162.0.223.40 - - [12/Jun/2025:12:10:36 +0000] "POST /wp-cron.php?doing_wp_cron=1749730235.5138399600982666015625 HTTP/1.1" 499 0 "-" "WordPress/6.5.5; https://mediaeclips.com"
mediaeclips.infinitibizsol.com:443 162.0.223.40 - - [12/Jun/2025:12:13:18 +0000] "POST /wp-cron.php?doing_wp_cron=1749730397.6064209938049316406250 HTTP/1.1" 499 0 "-" "WordPress/6.5.5; https://mediaeclips.com"
mediaeclips.infinitibizsol.com:443 51.222.253.10 - - [12/Jun/2025:12:13:18 +0000] "GET /services/feed/ HTTP/1.1" 304 0 "-" "Mozilla/5.0 (compatible; AhrefsBot/7.0; +http://ahrefs.com/robot/)"
mediaeclips.infinitibizsol.com:443 198.98.61.192 - - [12/Jun/2025:12:13:30 +0000] "GET /wp-login.php HTTP/1.1" 200 6532 "-" "Mozilla/5.0 (Windows NT 6.3; WOW64; rv:31.0) Gecko/20100101 Firefox/31.0"
mediaeclips.infinitibizsol.com:443 198.98.61.192 - - [12/Jun/2025:12:13:41 +0000] "POST /wp-login.php HTTP/1.1" 200 7093 "-" "Mozilla/5.0 (Windows NT 6.3; WOW64; rv:31.0) Gecko/20100101 Firefox/31.0"
mediaeclips.infinitibizsol.com:443 162.0.223.40 - - [12/Jun/2025:12:21:36 +0000] "POST /wp-cron.php?doing_wp_cron=1749730895.1787750720977783203125 HTTP/1.1" 499 0 "-" "WordPress/6.5.5; https://mediaeclips.com"
mediaeclips.infinitibizsol.com:443 51.222.253.11 - - [12/Jun/2025:12:21:36 +0000] "GET /author/admin/feed/ HTTP/1.1" 304 0 "-" "Mozilla/5.0 (compatible; AhrefsBot/7.0; +http://ahrefs.com/robot/)"
mediaeclips.infinitibizsol.com:80 5.161.201.188 - - [12/Jun/2025:12:24:44 +0000] "POST /wp-load.php?fdde60=82888 HTTP/1.1" 200 1748 "-" "Mozilla/5.0 (Windows NT 10.0; Win64; x64) AppleWebKit/537.36 (KHTML, like Gecko) Chrome/104.0.5112.97 Safari/537.36"
mediaeclips.infinitibizsol.com:443 162.0.223.40 - - [12/Jun/2025:12:29:09 +0000] "POST /wp-cron.php?doing_wp_cron=1749731348.2166221141815185546875 HTTP/1.1" 499 0 "-" "WordPress/6.5.5; https://mediaeclips.com"
mediaeclips.infinitibizsol.com:443 51.222.253.8 - - [12/Jun/2025:12:29:09 +0000] "GET /goods.php?sitemap.xml HTTP/1.1" 404 5 "-" "Mozilla/5.0 (compatible; AhrefsBot/7.0; +http://ahrefs.com/robot/)"
mediaeclips.infinitibizsol.com:80 162.0.223.40 - - [12/Jun/2025:12:36:03 +0000] "POST /wp-cron.php?doing_wp_cron=1749731762.2517669200897216796875 HTTP/1.1" 499 0 "-" "WordPress/6.5.5; https://mediaeclips.com"
mediaeclips.infinitibizsol.com:80 185.39.19.97 - - [12/Jun/2025:12:36:03 +0000] "GET / HTTP/1.0" 404 0 "http://mediaeclips.com/" "Mozilla/5.0 (Windows NT 10.0; Win64; x64) AppleWebKit/537.36 (KHTML, like Gecko) Chrome/131.0.0.0 Safari/537.36 Avast/131.0.0.0"
mediaeclips.infinitibizsol.com:80 185.39.19.97 - - [12/Jun/2025:12:36:08 +0000] "GET / HTTP/1.0" 404 0 "http://mediaeclips.com/" "Mozilla/5.0 (Windows NT 10.0; Win64; x64) AppleWebKit/537.36 (KHTML, like Gecko) Chrome/131.0.0.0 Safari/537.36 Avast/131.0.0.0"
mediaeclips.infinitibizsol.com:443 34.69.167.47 - - [12/Jun/2025:12:38:03 +0000] "GET /wp-content/uploads/2024/03/imgpsh_fullsize_anim-2-e1709678697288.png HTTP/1.1" 200 36340 "-" "Mozilla/5.0 (Windows NT 10.0; Win64; x64) AppleWebKit/537.36 (KHTML, like Gecko) Chrome/97.0.4692.71 Safari/537.36"
mediaeclips.infinitibizsol.com:80 5.161.201.188 - - [12/Jun/2025:12:39:54 +0000] "POST /wp-load.php?a8f65a=91472 HTTP/1.1" 200 1748 "-" "Mozilla/5.0 (Windows NT 10.0; Win64; x64) AppleWebKit/537.36 (KHTML, like Gecko) Chrome/104.0.5112.97 Safari/537.36"
mediaeclips.infinitibizsol.com:443 162.0.223.40 - - [12/Jun/2025:12:42:33 +0000] "POST /wp-cron.php?doing_wp_cron=1749732152.2548129558563232421875 HTTP/1.1" 499 0 "-" "WordPress/6.5.5; https://mediaeclips.com"
mediaeclips.infinitibizsol.com:443 51.222.253.13 - - [12/Jun/2025:12:42:33 +0000] "GET /sitemap.xml HTTP/1.1" 404 5 "-" "Mozilla/5.0 (compatible; AhrefsBot/7.0; +http://ahrefs.com/robot/)"
mediaeclips.infinitibizsol.com:443 162.0.223.40 - - [12/Jun/2025:12:44:45 +0000] "POST /wp-cron.php?doing_wp_cron=1749732284.2386500835418701171875 HTTP/1.1" 499 0 "-" "WordPress/6.5.5; https://mediaeclips.com"
mediaeclips.infinitibizsol.com:443 66.249.64.131 - - [12/Jun/2025:12:44:48 +0000] "GET /feed/ HTTP/1.1" 404 394434 "-" "Mozilla/5.0 (Linux; Android 6.0.1; Nexus 5X Build/MMB29P) AppleWebKit/537.36 (KHTML, like Gecko) Chrome/136.0.7103.113 Mobile Safari/537.36 (compatible; Googlebot/2.1; +http://www.google.com/bot.html)"
mediaeclips.infinitibizsol.com:443 162.0.223.40 - - [12/Jun/2025:12:52:32 +0000] "POST /wp-cron.php?doing_wp_cron=1749732750.9811749458312988281250 HTTP/1.1" 499 0 "-" "WordPress/6.5.5; https://mediaeclips.com"
mediaeclips.infinitibizsol.com:443 51.222.253.20 - - [12/Jun/2025:12:52:32 +0000] "GET /tag/role-of-email-marketing/feed/ HTTP/1.1" 304 0 "-" "Mozilla/5.0 (compatible; AhrefsBot/7.0; +http://ahrefs.com/robot/)"
mediaeclips.infinitibizsol.com:80 5.161.52.234 - - [12/Jun/2025:12:58:38 +0000] "POST /wp-load.php?390ea1=37062 HTTP/1.1" 200 1748 "-" "Mozilla/5.0 (Windows NT 10.0; Win64; x64) AppleWebKit/537.36 (KHTML, like Gecko) Chrome/104.0.5112.97 Safari/537.36"
mediaeclips.infinitibizsol.com:443 162.0.223.40 - - [12/Jun/2025:12:59:23 +0000] "POST /wp-cron.php?doing_wp_cron=1749733162.2843110561370849609375 HTTP/1.1" 499 0 "-" "WordPress/6.5.5; https://mediaeclips.com"
mediaeclips.infinitibizsol.com:443 198.98.50.39 - - [12/Jun/2025:12:59:23 +0000] "GET /wp-login.php HTTP/1.1" 200 6532 "-" "Mozilla/5.0 (Macintosh; Intel Mac OS X 10_9_4 AppleWebKit/537.36 (KHTML, like Gecko) Chrome/36.0.1985.125 Safari/537.36"
mediaeclips.infinitibizsol.com:443 198.98.50.39 - - [12/Jun/2025:13:00:28 +0000] "POST /wp-login.php HTTP/1.1" 200 7042 "-" "Mozilla/5.0 (Macintosh; Intel Mac OS X 10_9_4 AppleWebKit/537.36 (KHTML, like Gecko) Chrome/36.0.1985.125 Safari/537.36"
mediaeclips.infinitibizsol.com:443 180.142.248.241 - - [12/Jun/2025:13:01:33 +0000] "POST /wp-comments-post.php HTTP/1.1" 302 5 "-" "Mozilla/5.0 (Windows NT 10.0; Win64; x64) AppleWebKit/537.36 (KHTML, like Gecko) Chrome/108.0.0.0 Safari/537.36 Edg/108.0.1462.46"
mediaeclips.infinitibizsol.com:443 180.142.248.241 - - [12/Jun/2025:13:01:39 +0000] "GET /the-structure-of-typical-digital-marketing-campaign/?unapproved=1208&moderation-hash=6f5c0a40f09167ffeef034d612ce5e5e HTTP/1.1" 404 99483 "-" "Mozilla/5.0 (Windows NT 10.0; Win64; x64) AppleWebKit/537.36 (KHTML, like Gecko) Chrome/108.0.0.0 Safari/537.36 Edg/108.0.1462.46"
mediaeclips.infinitibizsol.com:443 51.222.253.14 - - [12/Jun/2025:13:02:08 +0000] "GET /tag/effective-local-seo/feed/ HTTP/1.1" 304 0 "-" "Mozilla/5.0 (compatible; AhrefsBot/7.0; +http://ahrefs.com/robot/)"
mediaeclips.infinitibizsol.com:443 162.0.223.40 - - [12/Jun/2025:13:12:25 +0000] "POST /wp-cron.php?doing_wp_cron=1749733944.6392590999603271484375 HTTP/1.1" 499 0 "-" "WordPress/6.5.5; https://mediaeclips.com"
mediaeclips.infinitibizsol.com:443 51.222.253.1 - - [12/Jun/2025:13:12:25 +0000] "GET /tag/what-is-a-digital-marketing-campaign/feed/ HTTP/1.1" 304 0 "-" "Mozilla/5.0 (compatible; AhrefsBot/7.0; +http://ahrefs.com/robot/)"
mediaeclips.infinitibizsol.com:80 5.161.52.234 - - [12/Jun/2025:13:13:51 +0000] "POST /wp-load.php?3c0e7f=72780 HTTP/1.1" 200 1748 "-" "Mozilla/5.0 (Windows NT 10.0; Win64; x64) AppleWebKit/537.36 (KHTML, like Gecko) Chrome/104.0.5112.97 Safari/537.36"
mediaeclips.infinitibizsol.com:443 45.227.253.15 - - [12/Jun/2025:13:16:23 +0000] "GET /index.php/jk HTTP/1.1" 200 43 "-" "Mozilla/5.0 (Linux; Android 10; Z832 Build/MMB29M) AppleWebKit/537.36 (KHTML, like Gecko) Chrome/85.0.4183.83 Mobile Safari/537.36"
mediaeclips.infinitibizsol.com:443 162.0.223.40 - - [12/Jun/2025:13:21:49 +0000] "POST /wp-cron.php?doing_wp_cron=1749734508.9372758865356445312500 HTTP/1.1" 499 0 "-" "WordPress/6.5.5; https://mediaeclips.com"
mediaeclips.infinitibizsol.com:443 66.249.64.131 - - [12/Jun/2025:13:21:50 +0000] "GET /what-is-video-marketing/feed/ HTTP/1.1" 404 963 "-" "Mozilla/5.0 (Linux; Android 6.0.1; Nexus 5X Build/MMB29P) AppleWebKit/537.36 (KHTML, like Gecko) Chrome/136.0.7103.113 Mobile Safari/537.36 (compatible; Googlebot/2.1; +http://www.google.com/bot.html)"
mediaeclips.infinitibizsol.com:443 162.0.223.40 - - [12/Jun/2025:13:24:11 +0000] "POST /wp-cron.php?doing_wp_cron=1749734650.3797430992126464843750 HTTP/1.1" 499 0 "-" "WordPress/6.5.5; https://mediaeclips.com"
mediaeclips.infinitibizsol.com:443 51.222.253.19 - - [12/Jun/2025:13:24:11 +0000] "GET /what-is-digital-marketing-and-how-does-it-work/feed/ HTTP/1.1" 304 0 "-" "Mozilla/5.0 (compatible; AhrefsBot/7.0; +http://ahrefs.com/robot/)"
mediaeclips.infinitibizsol.com:443 45.61.188.211 - - [12/Jun/2025:13:24:37 +0000] "GET /wp-login.php HTTP/1.1" 200 6532 "-" "Mozilla/5.0 (Windows NT 6.1) AppleWebKit/537.36 (KHTML, like Gecko) Chrome/36.0.1985.143 Safari/537.36"
mediaeclips.infinitibizsol.com:443 45.61.188.211 - - [12/Jun/2025:13:24:41 +0000] "POST /wp-login.php HTTP/1.1" 200 7021 "-" "Mozilla/5.0 (Windows NT 6.1) AppleWebKit/537.36 (KHTML, like Gecko) Chrome/36.0.1985.143 Safari/537.36"
mediaeclips.infinitibizsol.com:443 45.61.186.36 - - [12/Jun/2025:13:26:51 +0000] "GET /wp-login.php HTTP/1.1" 200 6532 "-" "Mozilla/5.0 (X11; Linux x86_64; rv:30.0) Gecko/20100101 Firefox/30.0"
mediaeclips.infinitibizsol.com:443 45.61.186.36 - - [12/Jun/2025:13:27:00 +0000] "POST /wp-login.php HTTP/1.1" 200 7015 "-" "Mozilla/5.0 (X11; Linux x86_64; rv:30.0) Gecko/20100101 Firefox/30.0"
mediaeclips.infinitibizsol.com:80 5.161.250.15 - - [12/Jun/2025:13:28:57 +0000] "POST /wp-load.php?d68e41=51542 HTTP/1.1" 200 1748 "-" "Mozilla/5.0 (Windows NT 10.0; Win64; x64) AppleWebKit/537.36 (KHTML, like Gecko) Chrome/104.0.5112.97 Safari/537.36"
mediaeclips.infinitibizsol.com:443 66.249.64.128 - - [12/Jun/2025:13:34:26 +0000] "GET / HTTP/1.1" 404 108413 "-" "Mozilla/5.0 (Linux; Android 6.0.1; Nexus 5X Build/MMB29P) AppleWebKit/537.36 (KHTML, like Gecko) Chrome/136.0.7103.113 Mobile Safari/537.36 (compatible; Googlebot/2.1; +http://www.google.com/bot.html)"
mediaeclips.infinitibizsol.com:443 162.0.223.40 - - [12/Jun/2025:13:34:28 +0000] "POST /wp-cron.php?doing_wp_cron=1749735267.2083120346069335937500 HTTP/1.1" 499 0 "-" "WordPress/6.5.5; https://mediaeclips.com"
mediaeclips.infinitibizsol.com:443 51.222.253.20 - - [12/Jun/2025:13:34:28 +0000] "GET /tag/tips-for-successful-social-media-marketing/feed/ HTTP/1.1" 304 0 "-" "Mozilla/5.0 (compatible; AhrefsBot/7.0; +http://ahrefs.com/robot/)"
mediaeclips.infinitibizsol.com:80 162.0.223.40 - - [12/Jun/2025:13:39:27 +0000] "POST /wp-cron.php?doing_wp_cron=1749735566.8808279037475585937500 HTTP/1.1" 499 0 "-" "WordPress/6.5.5; https://mediaeclips.com"
mediaeclips.infinitibizsol.com:80 43.157.172.39 - - [12/Jun/2025:13:39:27 +0000] "GET / HTTP/1.1" 404 5 "-" "Mozilla/5.0 (iPhone; CPU iPhone OS 13_2_3 like Mac OS X) AppleWebKit/605.1.15 (KHTML, like Gecko) Version/13.0.3 Mobile/15E148 Safari/604.1"
mediaeclips.infinitibizsol.com:443 66.249.64.132 - - [12/Jun/2025:13:39:32 +0000] "GET / HTTP/1.1" 404 108436 "-" "Mozilla/5.0 (Linux; Android 6.0.1; Nexus 5X Build/MMB29P) AppleWebKit/537.36 (KHTML, like Gecko) Chrome/136.0.7103.113 Mobile Safari/537.36 (compatible; Googlebot/2.1; +http://www.google.com/bot.html)"
mediaeclips.infinitibizsol.com:80 195.82.146.212 - - [12/Jun/2025:13:40:13 +0000] "GET / HTTP/1.0" 404 0 "http://mediaeclips.com/" "Mozilla/5.0 (Windows NT 10.0; Win64; x64) AppleWebKit/537.36 (KHTML, like Gecko) Chrome/130.0.0.0 Safari/537.36"
mediaeclips.infinitibizsol.com:80 195.82.146.212 - - [12/Jun/2025:13:40:18 +0000] "GET / HTTP/1.0" 404 0 "http://mediaeclips.com/" "Mozilla/5.0 (Windows NT 10.0; Win64; x64) AppleWebKit/537.36 (KHTML, like Gecko) Chrome/130.0.0.0 Safari/537.36"
mediaeclips.infinitibizsol.com:443 222.84.84.32 - - [12/Jun/2025:13:41:09 +0000] "POST /wp-comments-post.php HTTP/1.1" 302 5 "-" "Mozilla/5.0 (Windows NT 10.0; Win64; x64) AppleWebKit/537.36 (KHTML, like Gecko) Chrome/108.0.0.0 Safari/537.36 Edg/108.0.1462.46"
mediaeclips.infinitibizsol.com:443 222.84.84.32 - - [12/Jun/2025:13:41:14 +0000] "GET /why-is-social-media-marketing-great-for-small-businesses/?unapproved=1209&moderation-hash=2727687ef3eca49ac30ad7fbb13d03a4 HTTP/1.1" 404 95711 "-" "Mozilla/5.0 (Windows NT 10.0; Win64; x64) AppleWebKit/537.36 (KHTML, like Gecko) Chrome/108.0.0.0 Safari/537.36 Edg/108.0.1462.46"
mediaeclips.infinitibizsol.com:443 162.0.223.40 - - [12/Jun/2025:13:43:27 +0000] "POST /wp-cron.php?doing_wp_cron=1749735806.6849451065063476562500 HTTP/1.1" 499 0 "-" "WordPress/6.5.5; https://mediaeclips.com"
mediaeclips.infinitibizsol.com:443 51.222.253.5 - - [12/Jun/2025:13:43:27 +0000] "GET /tag/seo-vs-ppc/feed/ HTTP/1.1" 304 0 "-" "Mozilla/5.0 (compatible; AhrefsBot/7.0; +http://ahrefs.com/robot/)"
mediaeclips.infinitibizsol.com:80 5.161.250.15 - - [12/Jun/2025:13:44:09 +0000] "POST /wp-load.php?c3d416=96104 HTTP/1.1" 200 1748 "-" "Mozilla/5.0 (Windows NT 10.0; Win64; x64) AppleWebKit/537.36 (KHTML, like Gecko) Chrome/104.0.5112.97 Safari/537.36"
mediaeclips.infinitibizsol.com:443 66.249.64.132 - - [12/Jun/2025:13:44:11 +0000] "GET /comments/feed/ HTTP/1.1" 404 937 "-" "Mozilla/5.0 (Linux; Android 6.0.1; Nexus 5X Build/MMB29P) AppleWebKit/537.36 (KHTML, like Gecko) Chrome/136.0.7103.113 Mobile Safari/537.36 (compatible; Googlebot/2.1; +http://www.google.com/bot.html)"
mediaeclips.infinitibizsol.com:80 162.0.223.40 - - [12/Jun/2025:13:54:58 +0000] "POST /wp-cron.php?doing_wp_cron=1749736497.3934020996093750000000 HTTP/1.1" 499 0 "-" "WordPress/6.5.5; https://mediaeclips.com"
mediaeclips.infinitibizsol.com:80 66.249.64.132 - - [12/Jun/2025:13:54:58 +0000] "GET / HTTP/1.1" 404 5 "-" "Mozilla/5.0 (Linux; Android 6.0.1; Nexus 5X Build/MMB29P) AppleWebKit/537.36 (KHTML, like Gecko) Chrome/136.0.7103.113 Mobile Safari/537.36 (compatible; Googlebot/2.1; +http://www.google.com/bot.html)"
mediaeclips.infinitibizsol.com:443 51.222.253.5 - - [12/Jun/2025:13:56:36 +0000] "GET /tag/digital-marketing-campaign/feed/ HTTP/1.1" 304 0 "-" "Mozilla/5.0 (compatible; AhrefsBot/7.0; +http://ahrefs.com/robot/)"
mediaeclips.infinitibizsol.com:443 162.0.223.40 - - [12/Jun/2025:13:58:57 +0000] "POST /wp-cron.php?doing_wp_cron=1749736736.1399390697479248046875 HTTP/1.1" 499 0 "-" "WordPress/6.5.5; https://mediaeclips.com"
mediaeclips.infinitibizsol.com:443 209.141.36.186 - - [12/Jun/2025:13:58:57 +0000] "GET /wp-login.php HTTP/1.1" 200 6532 "-" "Mozilla/5.0 (X11; Linux i686) AppleWebKit/537.36 (KHTML, like Gecko) Chrome/36.0.1985.125 Safari/537.36"
mediaeclips.infinitibizsol.com:443 209.141.36.186 - - [12/Jun/2025:13:59:00 +0000] "POST /wp-login.php HTTP/1.1" 200 7015 "-" "Mozilla/5.0 (X11; Linux i686) AppleWebKit/537.36 (KHTML, like Gecko) Chrome/36.0.1985.125 Safari/537.36"
