mediaeclips.infinitibizsol.com:443 212.118.53.218 - - [13/Jun/2025:14:34:33 +0000] "GET /blogs/page/4/ HTTP/1.1" 404 57951 "-" "Mozilla/5.0 (Macintosh; Intel Mac OS X 10_15_7) AppleWebKit/537.36 (KHTML, like Gecko) Chrome/133.0.0.0 Safari/537.36"
mediaeclips.infinitibizsol.com:443 160.119.154.219 - - [13/Jun/2025:14:34:43 +0000] "POST /blogs/page/4/ HTTP/1.1" 404 57939 "-" "Mozilla/5.0 (Macintosh; Intel Mac OS X 10_15_7) AppleWebKit/537.36 (KHTML, like Gecko) Chrome/133.0.0.0 Safari/537.36"
mediaeclips.infinitibizsol.com:443 160.119.154.219 - - [13/Jun/2025:14:34:50 +0000] "POST /blogs/page/4/ HTTP/1.1" 404 57846 "-" "Mozilla/5.0 (Windows NT 10.0; Win64; x64) AppleWebKit/537.36 (KHTML, like Gecko) Chrome/120.0.0.0 Safari/537.36"
mediaeclips.infinitibizsol.com:443 212.118.53.218 - - [13/Jun/2025:14:34:52 +0000] "GET /blogs/page/6/ HTTP/1.1" 404 58062 "-" "Mozilla/5.0 (Macintosh; Intel Mac OS X 10_15_7) AppleWebKit/537.36 (KHTML, like Gecko) Chrome/133.0.0.0 Safari/537.36"
mediaeclips.infinitibizsol.com:443 160.119.154.219 - - [13/Jun/2025:14:35:00 +0000] "POST /blogs/page/6/ HTTP/1.1" 404 58067 "-" "Mozilla/5.0 (Macintosh; Intel Mac OS X 10_15_7) AppleWebKit/537.36 (KHTML, like Gecko) Chrome/133.0.0.0 Safari/537.36"
mediaeclips.infinitibizsol.com:443 160.119.154.219 - - [13/Jun/2025:14:35:10 +0000] "POST /blogs/page/6/ HTTP/1.1" 404 57970 "-" "Mozilla/5.0 (Windows NT 10.0; Win64; x64) AppleWebKit/537.36 (KHTML, like Gecko) Chrome/120.0.0.0 Safari/537.36"
mediaeclips.infinitibizsol.com:443 212.118.53.218 - - [13/Jun/2025:14:35:12 +0000] "GET /blogs/page/7/ HTTP/1.1" 404 57999 "-" "Mozilla/5.0 (Macintosh; Intel Mac OS X 10_15_7) AppleWebKit/537.36 (KHTML, like Gecko) Chrome/133.0.0.0 Safari/537.36"
mediaeclips.infinitibizsol.com:443 160.119.154.219 - - [13/Jun/2025:14:35:24 +0000] "POST /blogs/page/7/ HTTP/1.1" 404 58004 "-" "Mozilla/5.0 (Macintosh; Intel Mac OS X 10_15_7) AppleWebKit/537.36 (KHTML, like Gecko) Chrome/133.0.0.0 Safari/537.36"
mediaeclips.infinitibizsol.com:443 160.119.154.219 - - [13/Jun/2025:14:35:32 +0000] "POST /blogs/page/7/ HTTP/1.1" 404 57905 "-" "Mozilla/5.0 (Windows NT 10.0; Win64; x64) AppleWebKit/537.36 (KHTML, like Gecko) Chrome/120.0.0.0 Safari/537.36"
mediaeclips.infinitibizsol.com:443 212.118.53.218 - - [13/Jun/2025:14:35:33 +0000] "GET /blogs/page/8/ HTTP/1.1" 404 55996 "-" "Mozilla/5.0 (Macintosh; Intel Mac OS X 10_15_7) AppleWebKit/537.36 (KHTML, like Gecko) Chrome/133.0.0.0 Safari/537.36"
mediaeclips.infinitibizsol.com:443 160.119.154.219 - - [13/Jun/2025:14:35:42 +0000] "POST /blogs/page/8/ HTTP/1.1" 404 55994 "-" "Mozilla/5.0 (Macintosh; Intel Mac OS X 10_15_7) AppleWebKit/537.36 (KHTML, like Gecko) Chrome/133.0.0.0 Safari/537.36"
mediaeclips.infinitibizsol.com:443 160.119.154.219 - - [13/Jun/2025:14:35:50 +0000] "POST /blogs/page/8/ HTTP/1.1" 404 55897 "-" "Mozilla/5.0 (Windows NT 10.0; Win64; x64) AppleWebKit/537.36 (KHTML, like Gecko) Chrome/120.0.0.0 Safari/537.36"
mediaeclips.infinitibizsol.com:443 212.118.53.218 - - [13/Jun/2025:14:35:51 +0000] "GET /category/ux-ui-design/ HTTP/1.1" 404 48033 "-" "Mozilla/5.0 (Macintosh; Intel Mac OS X 10_15_7) AppleWebKit/537.36 (KHTML, like Gecko) Chrome/133.0.0.0 Safari/537.36"
mediaeclips.infinitibizsol.com:443 160.119.154.219 - - [13/Jun/2025:14:36:00 +0000] "POST /category/ux-ui-design/ HTTP/1.1" 404 47984 "-" "Mozilla/5.0 (Macintosh; Intel Mac OS X 10_15_7) AppleWebKit/537.36 (KHTML, like Gecko) Chrome/133.0.0.0 Safari/537.36"
mediaeclips.infinitibizsol.com:443 160.119.154.219 - - [13/Jun/2025:14:36:08 +0000] "POST /category/ux-ui-design/ HTTP/1.1" 404 47888 "-" "Mozilla/5.0 (Windows NT 10.0; Win64; x64) AppleWebKit/537.36 (KHTML, like Gecko) Chrome/120.0.0.0 Safari/537.36"
mediaeclips.infinitibizsol.com:443 212.118.53.218 - - [13/Jun/2025:14:36:09 +0000] "GET /contact-us/ HTTP/1.1" 404 61019 "-" "Mozilla/5.0 (Macintosh; Intel Mac OS X 10_15_7) AppleWebKit/537.36 (KHTML, like Gecko) Chrome/133.0.0.0 Safari/537.36"
mediaeclips.infinitibizsol.com:443 160.119.154.219 - - [13/Jun/2025:14:36:17 +0000] "POST /contact-us/ HTTP/1.1" 404 61318 "-" "Mozilla/5.0 (Macintosh; Intel Mac OS X 10_15_7) AppleWebKit/537.36 (KHTML, like Gecko) Chrome/133.0.0.0 Safari/537.36"
mediaeclips.infinitibizsol.com:443 160.119.154.219 - - [13/Jun/2025:14:36:26 +0000] "POST /contact-us/ HTTP/1.1" 404 60909 "-" "Mozilla/5.0 (Windows NT 10.0; Win64; x64) AppleWebKit/537.36 (KHTML, like Gecko) Chrome/120.0.0.0 Safari/537.36"
mediaeclips.infinitibizsol.com:443 160.119.154.219 - - [13/Jun/2025:14:36:34 +0000] "POST /contact-us/ HTTP/1.1" 404 61006 "-" "Mozilla/5.0 (Macintosh; Intel Mac OS X 10_15_7) AppleWebKit/537.36 (KHTML, like Gecko) Chrome/133.0.0.0 Safari/537.36"
mediaeclips.infinitibizsol.com:443 160.119.154.219 - - [13/Jun/2025:14:36:42 +0000] "POST /contact-us/ HTTP/1.1" 404 60931 "-" "Mozilla/5.0 (Windows NT 10.0; Win64; x64) AppleWebKit/537.36 (KHTML, like Gecko) Chrome/120.0.0.0 Safari/537.36"
mediaeclips.infinitibizsol.com:80 212.118.53.218 - - [13/Jun/2025:14:36:46 +0000] "GET /contact-us HTTP/1.1" 404 5 "-" "Mozilla/5.0 (Macintosh; Intel Mac OS X 10_15_7) AppleWebKit/537.36 (KHTML, like Gecko) Chrome/133.0.0.0 Safari/537.36"
mediaeclips.infinitibizsol.com:443 212.118.53.218 - - [13/Jun/2025:14:36:48 +0000] "GET /how-to-create-an-effective-seo-strategy/ HTTP/1.1" 404 107268 "-" "Mozilla/5.0 (Macintosh; Intel Mac OS X 10_15_7) AppleWebKit/537.36 (KHTML, like Gecko) Chrome/133.0.0.0 Safari/537.36"
mediaeclips.infinitibizsol.com:443 160.119.154.219 - - [13/Jun/2025:14:36:54 +0000] "POST /wp-comments-post.php HTTP/1.1" 200 2566 "-" "Mozilla/5.0 (Macintosh; Intel Mac OS X 10_15_7) AppleWebKit/537.36 (KHTML, like Gecko) Chrome/133.0.0.0 Safari/537.36"
mediaeclips.infinitibizsol.com:443 160.119.154.219 - - [13/Jun/2025:14:37:00 +0000] "POST /wp-comments-post.php HTTP/1.1" 200 5 "-" "Mozilla/5.0 (Windows NT 10.0; Win64; x64) AppleWebKit/537.36 (KHTML, like Gecko) Chrome/120.0.0.0 Safari/537.36"
mediaeclips.infinitibizsol.com:443 160.119.154.219 - - [13/Jun/2025:14:37:13 +0000] "POST /how-to-create-an-effective-seo-strategy/ HTTP/1.1" 404 107207 "-" "Mozilla/5.0 (Macintosh; Intel Mac OS X 10_15_7) AppleWebKit/537.36 (KHTML, like Gecko) Chrome/133.0.0.0 Safari/537.36"
mediaeclips.infinitibizsol.com:443 160.119.154.219 - - [13/Jun/2025:14:37:23 +0000] "POST /how-to-create-an-effective-seo-strategy/ HTTP/1.1" 404 107102 "-" "Mozilla/5.0 (Windows NT 10.0; Win64; x64) AppleWebKit/537.36 (KHTML, like Gecko) Chrome/120.0.0.0 Safari/537.36"
mediaeclips.infinitibizsol.com:443 212.118.53.218 - - [13/Jun/2025:14:37:31 +0000] "GET /how-to-create-an-effective-seo-strategy/feed/ HTTP/1.1" 404 1001 "-" "Mozilla/5.0 (Macintosh; Intel Mac OS X 10_15_7) AppleWebKit/537.36 (KHTML, like Gecko) Chrome/133.0.0.0 Safari/537.36"
mediaeclips.infinitibizsol.com:443 212.118.53.218 - - [13/Jun/2025:14:37:36 +0000] "GET /how-to-create-an-effective-seo-strategy/ HTTP/1.1" 404 107260 "-" "Mozilla/5.0 (Macintosh; Intel Mac OS X 10_15_7) AppleWebKit/537.36 (KHTML, like Gecko) Chrome/133.0.0.0 Safari/537.36"
mediaeclips.infinitibizsol.com:443 160.119.154.219 - - [13/Jun/2025:14:37:43 +0000] "POST /wp-comments-post.php HTTP/1.1" 200 2566 "-" "Mozilla/5.0 (Macintosh; Intel Mac OS X 10_15_7) AppleWebKit/537.36 (KHTML, like Gecko) Chrome/133.0.0.0 Safari/537.36"
mediaeclips.infinitibizsol.com:443 160.119.154.219 - - [13/Jun/2025:14:37:50 +0000] "POST /wp-comments-post.php HTTP/1.1" 200 5 "-" "Mozilla/5.0 (Windows NT 10.0; Win64; x64) AppleWebKit/537.36 (KHTML, like Gecko) Chrome/120.0.0.0 Safari/537.36"
mediaeclips.infinitibizsol.com:443 160.119.154.219 - - [13/Jun/2025:14:37:59 +0000] "POST /how-to-create-an-effective-seo-strategy/ HTTP/1.1" 404 107192 "-" "Mozilla/5.0 (Macintosh; Intel Mac OS X 10_15_7) AppleWebKit/537.36 (KHTML, like Gecko) Chrome/133.0.0.0 Safari/537.36"
mediaeclips.infinitibizsol.com:443 160.119.154.219 - - [13/Jun/2025:14:38:11 +0000] "POST /how-to-create-an-effective-seo-strategy/ HTTP/1.1" 404 107110 "-" "Mozilla/5.0 (Windows NT 10.0; Win64; x64) AppleWebKit/537.36 (KHTML, like Gecko) Chrome/120.0.0.0 Safari/537.36"
mediaeclips.infinitibizsol.com:80 5.161.106.94 - - [13/Jun/2025:14:39:15 +0000] "POST /wp-load.php?626a39=25922 HTTP/1.1" 200 1748 "-" "Mozilla/5.0 (Windows NT 10.0; Win64; x64) AppleWebKit/537.36 (KHTML, like Gecko) Chrome/104.0.5112.97 Safari/537.36"
mediaeclips.infinitibizsol.com:443 45.227.253.15 - - [13/Jun/2025:14:40:21 +0000] "GET /?ARRAY=7o2230223n313734393832393331302p2231223n22687474703n5p2s5p2s3230342r31322r3233382r37345p2s3s6p633q7068705s636s64655s6n6326743q313734393832353731302q3938663036343965346263666665613938363662373861323930316463333764222p2232223n226636393832313739316462646532623335343262366335653632643861373831222p2233223n226434626232353337323331663838336165383538363561663665363532323133222p2262696r675s70617373223n2232362q34332q35372q36372q37322q38352q3138227q HTTP/1.1" 200 95 "-" "Mozilla/5.0 (Macintosh; Intel Mac OS X 10_15_7) AppleWebKit/537.36 (KHTML, like Gecko) Chrome/86.0.4240.111 Safari/537.36 Edg/86.0.622.51"
mediaeclips.infinitibizsol.com:443 162.0.223.40 - - [13/Jun/2025:14:42:03 +0000] "POST /wp-cron.php?doing_wp_cron=1749825722.0078649520874023437500 HTTP/1.1" 499 0 "-" "WordPress/6.5.5; https://mediaeclips.com"
mediaeclips.infinitibizsol.com:443 66.249.64.128 - - [13/Jun/2025:14:42:03 +0000] "GET /shopdetail/18621039 HTTP/1.1" 404 5 "-" "Mozilla/5.0 (Linux; Android 6.0.1; Nexus 5X Build/MMB29P) AppleWebKit/537.36 (KHTML, like Gecko) Chrome/136.0.7103.113 Mobile Safari/537.36 (compatible; Googlebot/2.1; +http://www.google.com/bot.html)"
mediaeclips.infinitibizsol.com:443 162.0.223.40 - - [13/Jun/2025:14:45:45 +0000] "POST /wp-cron.php?doing_wp_cron=1749825943.9991049766540527343750 HTTP/1.1" 499 0 "-" "WordPress/6.5.5; https://mediaeclips.com"
mediaeclips.infinitibizsol.com:443 51.222.253.18 - - [13/Jun/2025:14:45:45 +0000] "GET /tag/web-development-trends-in-2024/feed/ HTTP/1.1" 304 0 "-" "Mozilla/5.0 (compatible; AhrefsBot/7.0; +http://ahrefs.com/robot/)"
mediaeclips.infinitibizsol.com:80 5.161.216.238 - - [13/Jun/2025:14:54:24 +0000] "POST /wp-load.php?559a49=6812 HTTP/1.1" 200 1748 "-" "Mozilla/5.0 (Windows NT 10.0; Win64; x64) AppleWebKit/537.36 (KHTML, like Gecko) Chrome/104.0.5112.97 Safari/537.36"
mediaeclips.infinitibizsol.com:80 162.0.223.40 - - [13/Jun/2025:14:56:10 +0000] "POST /wp-cron.php?doing_wp_cron=1749826569.2470290660858154296875 HTTP/1.1" 499 0 "-" "WordPress/6.5.5; https://mediaeclips.com"
mediaeclips.infinitibizsol.com:80 154.21.239.96 - - [13/Jun/2025:14:56:10 +0000] "GET / HTTP/1.1" 404 5 "-" "Mozilla/5.0 (X11; Linux x86_64) AppleWebKit/537.36 (KHTML, like Gecko) Chrome/114.0.0.0 Safari/537.36 OPR/89.0.4447.51"
mediaeclips.infinitibizsol.com:80 154.21.239.96 - - [13/Jun/2025:14:56:14 +0000] "GET / HTTP/1.1" 404 5 "-" "Mozilla/5.0 (X11; Linux x86_64) AppleWebKit/537.36 (KHTML, like Gecko) Chrome/114.0.0.0 Safari/537.36 OPR/89.0.4447.51"
mediaeclips.infinitibizsol.com:80 154.21.239.96 - - [13/Jun/2025:14:56:19 +0000] "GET / HTTP/1.1" 404 0 "-" "Mozilla/5.0 (X11; Linux x86_64) AppleWebKit/537.36 (KHTML, like Gecko) Chrome/114.0.0.0 Safari/537.36 OPR/89.0.4447.51"
mediaeclips.infinitibizsol.com:443 162.0.223.40 - - [13/Jun/2025:14:59:53 +0000] "POST /wp-cron.php?doing_wp_cron=1749826792.3117959499359130859375 HTTP/1.1" 499 0 "-" "WordPress/6.5.5; https://mediaeclips.com"
mediaeclips.infinitibizsol.com:443 51.222.253.8 - - [13/Jun/2025:14:59:53 +0000] "GET /goods.php?sitemap.xml HTTP/1.1" 404 5 "-" "Mozilla/5.0 (compatible; AhrefsBot/7.0; +http://ahrefs.com/robot/)"
mediaeclips.infinitibizsol.com:443 216.73.216.22 - - [13/Jun/2025:15:02:17 +0000] "GET /goods.php HTTP/1.1" 404 5 "-" "Mozilla/5.0 AppleWebKit/537.36 (KHTML, like Gecko; compatible; ClaudeBot/1.0; +claudebot@anthropic.com)"
mediaeclips.infinitibizsol.com:80 5.161.106.94 - - [13/Jun/2025:15:09:25 +0000] "POST /wp-load.php?9f8e3a=30558 HTTP/1.1" 200 1748 "-" "Mozilla/5.0 (Windows NT 10.0; Win64; x64) AppleWebKit/537.36 (KHTML, like Gecko) Chrome/104.0.5112.97 Safari/537.36"
mediaeclips.infinitibizsol.com:443 20.171.207.158 - - [13/Jun/2025:15:10:39 +0000] "GET / HTTP/1.1" 404 65123 "-" "Mozilla/5.0 AppleWebKit/537.36 (KHTML, like Gecko; compatible; GPTBot/1.2; +https://openai.com/gptbot)"
mediaeclips.infinitibizsol.com:443 57.141.2.22 - - [13/Jun/2025:15:11:02 +0000] "GET /the-7-inbound-marketing-strategies-you-need-to-know/ HTTP/1.1" 404 109804 "-" "meta-externalagent/1.1 (+https://developers.facebook.com/docs/sharing/webmasters/crawler)"
mediaeclips.infinitibizsol.com:443 162.0.223.40 - - [13/Jun/2025:15:13:25 +0000] "POST /wp-cron.php?doing_wp_cron=1749827604.7618620395660400390625 HTTP/1.1" 499 0 "-" "WordPress/6.5.5; https://mediaeclips.com"
mediaeclips.infinitibizsol.com:443 66.249.64.128 - - [13/Jun/2025:15:13:25 +0000] "GET /shopdetail/82527139 HTTP/1.1" 404 5 "-" "Mozilla/5.0 (Linux; Android 6.0.1; Nexus 5X Build/MMB29P) AppleWebKit/537.36 (KHTML, like Gecko) Chrome/136.0.7103.113 Mobile Safari/537.36 (compatible; Googlebot/2.1; +http://www.google.com/bot.html)"
mediaeclips.infinitibizsol.com:443 45.227.253.15 - - [13/Jun/2025:15:16:12 +0000] "GET /index.php/jk HTTP/1.1" 200 54 "-" "Mozilla/5.0 (Windows NT 10.0; Win64; x64; rv:82.0) Gecko/20100101 Firefox/82.0"
mediaeclips.infinitibizsol.com:443 162.0.223.40 - - [13/Jun/2025:15:19:43 +0000] "POST /wp-cron.php?doing_wp_cron=1749827982.2444880008697509765625 HTTP/1.1" 499 0 "-" "WordPress/6.5.5; https://mediaeclips.com"
mediaeclips.infinitibizsol.com:443 205.185.127.84 - - [13/Jun/2025:15:19:43 +0000] "GET /wp-login.php HTTP/1.1" 200 6532 "-" "Mozilla/5.0 (Macintosh; Intel Mac OS X 10_7_5) AppleWebKit/537.77.4 (KHTML, like Gecko) Version/6.1.5 Safari/537.77.4"
mediaeclips.infinitibizsol.com:443 205.185.127.84 - - [13/Jun/2025:15:19:46 +0000] "POST /wp-login.php HTTP/1.1" 200 7015 "-" "Mozilla/5.0 (Macintosh; Intel Mac OS X 10_7_5) AppleWebKit/537.77.4 (KHTML, like Gecko) Version/6.1.5 Safari/537.77.4"
mediaeclips.infinitibizsol.com:80 5.161.69.178 - - [13/Jun/2025:15:24:35 +0000] "POST /wp-load.php?4a33d8=56429 HTTP/1.1" 200 1748 "-" "Mozilla/5.0 (Windows NT 10.0; Win64; x64) AppleWebKit/537.36 (KHTML, like Gecko) Chrome/104.0.5112.97 Safari/537.36"
mediaeclips.infinitibizsol.com:80 139.180.180.168 - - [13/Jun/2025:15:39:46 +0000] "POST /wp-load.php?61ff59=36390 HTTP/1.1" 200 1748 "-" "Mozilla/5.0 (Windows NT 10.0; Win64; x64) AppleWebKit/537.36 (KHTML, like Gecko) Chrome/104.0.5112.97 Safari/537.36"
mediaeclips.infinitibizsol.com:443 162.0.223.40 - - [13/Jun/2025:15:43:14 +0000] "POST /wp-cron.php?doing_wp_cron=1749829393.0837800502777099609375 HTTP/1.1" 499 0 "-" "WordPress/6.5.5; https://mediaeclips.com"
mediaeclips.infinitibizsol.com:443 198.98.50.39 - - [13/Jun/2025:15:43:14 +0000] "GET /wp-login.php HTTP/1.1" 200 6532 "-" "Mozilla/5.0 (Windows NT 6.1; rv:31.0) Gecko/20100101 Firefox/31.0"
mediaeclips.infinitibizsol.com:443 185.43.231.12 - - [13/Jun/2025:15:43:56 +0000] "GET /wp-json/wp/v2/posts?slug=/some-great-website-builders-that-are-free/ HTTP/1.1" 404 82826 "-" "-"
mediaeclips.infinitibizsol.com:443 216.73.216.160 - - [13/Jun/2025:15:45:51 +0000] "GET /sitemap.xml HTTP/1.1" 404 5 "-" "Mozilla/5.0 AppleWebKit/537.36 (KHTML, like Gecko; compatible; ClaudeBot/1.0; +claudebot@anthropic.com)"
mediaeclips.infinitibizsol.com:443 209.141.36.186 - - [13/Jun/2025:15:46:13 +0000] "GET /wp-login.php HTTP/1.1" 200 6532 "-" "Mozilla/5.0 (Windows NT 6.1; WOW64; Trident/7.0; rv:11.0) like Gecko"
mediaeclips.infinitibizsol.com:443 209.141.36.186 - - [13/Jun/2025:15:46:32 +0000] "POST /wp-login.php HTTP/1.1" 200 7029 "-" "Mozilla/5.0 (Windows NT 6.1; WOW64; Trident/7.0; rv:11.0) like Gecko"
mediaeclips.infinitibizsol.com:443 57.141.2.15 - - [13/Jun/2025:15:47:13 +0000] "GET /tag/seo-trends/ HTTP/1.1" 404 47760 "-" "meta-externalagent/1.1 (+https://developers.facebook.com/docs/sharing/webmasters/crawler)"
mediaeclips.infinitibizsol.com:443 162.0.223.40 - - [13/Jun/2025:15:49:21 +0000] "POST /wp-cron.php?doing_wp_cron=1749829760.7066559791564941406250 HTTP/1.1" 499 0 "-" "WordPress/6.5.5; https://mediaeclips.com"
mediaeclips.infinitibizsol.com:443 57.141.2.14 - - [13/Jun/2025:15:49:21 +0000] "GET /goods.php?sitemap.xml HTTP/1.1" 404 5 "-" "meta-externalagent/1.1 (+https://developers.facebook.com/docs/sharing/webmasters/crawler)"
mediaeclips.infinitibizsol.com:80 5.161.216.238 - - [13/Jun/2025:15:54:53 +0000] "POST /wp-load.php?cdfb0d=55726 HTTP/1.1" 200 1748 "-" "Mozilla/5.0 (Windows NT 10.0; Win64; x64) AppleWebKit/537.36 (KHTML, like Gecko) Chrome/104.0.5112.97 Safari/537.36"
mediaeclips.infinitibizsol.com:443 162.0.223.40 - - [13/Jun/2025:16:08:41 +0000] "POST /wp-cron.php?doing_wp_cron=1749830919.9401969909667968750000 HTTP/1.1" 499 0 "-" "WordPress/6.5.5; https://mediaeclips.com"
mediaeclips.infinitibizsol.com:443 57.141.2.3 - - [13/Jun/2025:16:08:42 +0000] "GET /seo-services-in-garladn-tx/ HTTP/1.1" 404 118053 "-" "meta-externalagent/1.1 (+https://developers.facebook.com/docs/sharing/webmasters/crawler)"
mediaeclips.infinitibizsol.com:443 57.141.2.21 - - [13/Jun/2025:16:09:59 +0000] "GET /tag/seo-strategy/ HTTP/1.1" 404 47881 "-" "meta-externalagent/1.1 (+https://developers.facebook.com/docs/sharing/webmasters/crawler)"
mediaeclips.infinitibizsol.com:80 5.161.106.94 - - [13/Jun/2025:16:10:07 +0000] "POST /wp-load.php?c35410=85667 HTTP/1.1" 200 1748 "-" "Mozilla/5.0 (Windows NT 10.0; Win64; x64) AppleWebKit/537.36 (KHTML, like Gecko) Chrome/104.0.5112.97 Safari/537.36"
mediaeclips.infinitibizsol.com:443 57.141.2.12 - - [13/Jun/2025:16:12:28 +0000] "GET /tag/top-web-development-trends/ HTTP/1.1" 404 47993 "-" "meta-externalagent/1.1 (+https://developers.facebook.com/docs/sharing/webmasters/crawler)"
mediaeclips.infinitibizsol.com:443 162.0.223.40 - - [13/Jun/2025:16:17:30 +0000] "POST /wp-cron.php?doing_wp_cron=1749831449.3617129325866699218750 HTTP/1.1" 499 0 "-" "WordPress/6.5.5; https://mediaeclips.com"
mediaeclips.infinitibizsol.com:443 57.141.2.9 - - [13/Jun/2025:16:17:31 +0000] "GET /author/admin/page/2/ HTTP/1.1" 404 66080 "-" "meta-externalagent/1.1 (+https://developers.facebook.com/docs/sharing/webmasters/crawler)"
mediaeclips.infinitibizsol.com:443 162.0.223.40 - - [13/Jun/2025:16:21:13 +0000] "POST /wp-cron.php?doing_wp_cron=1749831672.3037080764770507812500 HTTP/1.1" 499 0 "-" "WordPress/6.5.5; https://mediaeclips.com"
mediaeclips.infinitibizsol.com:443 51.222.253.18 - - [13/Jun/2025:16:21:13 +0000] "GET /sitemap.xml HTTP/1.1" 404 5 "-" "Mozilla/5.0 (compatible; AhrefsBot/7.0; +http://ahrefs.com/robot/)"
mediaeclips.infinitibizsol.com:443 186.91.116.134 - - [13/Jun/2025:16:25:08 +0000] "GET / HTTP/1.1" 404 108420 "-" "Google"
mediaeclips.infinitibizsol.com:80 5.161.250.15 - - [13/Jun/2025:16:25:14 +0000] "POST /wp-load.php?6dcb89=33335 HTTP/1.1" 200 1748 "-" "Mozilla/5.0 (Windows NT 10.0; Win64; x64) AppleWebKit/537.36 (KHTML, like Gecko) Chrome/104.0.5112.97 Safari/537.36"
mediaeclips.infinitibizsol.com:80 162.0.223.40 - - [13/Jun/2025:16:26:12 +0000] "POST /wp-cron.php?doing_wp_cron=1749831971.7105100154876708984375 HTTP/1.1" 499 0 "-" "WordPress/6.5.5; https://mediaeclips.com"
mediaeclips.infinitibizsol.com:80 162.62.213.187 - - [13/Jun/2025:16:26:12 +0000] "GET / HTTP/1.1" 404 5 "-" "Mozilla/5.0 (iPhone; CPU iPhone OS 13_2_3 like Mac OS X) AppleWebKit/605.1.15 (KHTML, like Gecko) Version/13.0.3 Mobile/15E148 Safari/604.1"
mediaeclips.infinitibizsol.com:443 57.141.2.9 - - [13/Jun/2025:16:28:58 +0000] "GET /author/admin/ HTTP/1.1" 404 64932 "-" "meta-externalagent/1.1 (+https://developers.facebook.com/docs/sharing/webmasters/crawler)"
mediaeclips.infinitibizsol.com:80 5.161.52.234 - - [13/Jun/2025:16:40:14 +0000] "POST /wp-load.php?54d92f=20223 HTTP/1.1" 200 1748 "-" "Mozilla/5.0 (Windows NT 10.0; Win64; x64) AppleWebKit/537.36 (KHTML, like Gecko) Chrome/104.0.5112.97 Safari/537.36"
mediaeclips.infinitibizsol.com:443 162.0.223.40 - - [13/Jun/2025:16:44:42 +0000] "POST /wp-cron.php?doing_wp_cron=1749833081.0999948978424072265625 HTTP/1.1" 499 0 "-" "WordPress/6.5.5; https://mediaeclips.com"
mediaeclips.infinitibizsol.com:443 57.141.2.18 - - [13/Jun/2025:16:44:44 +0000] "GET /social-media-engagement-tips-how-to-increase-it/ HTTP/1.1" 404 127115 "-" "meta-externalagent/1.1 (+https://developers.facebook.com/docs/sharing/webmasters/crawler)"
mediaeclips.infinitibizsol.com:443 162.0.223.40 - - [13/Jun/2025:16:50:10 +0000] "POST /wp-cron.php?doing_wp_cron=1749833409.2777969837188720703125 HTTP/1.1" 499 0 "-" "WordPress/6.5.5; https://mediaeclips.com"
mediaeclips.infinitibizsol.com:443 57.141.2.26 - - [13/Jun/2025:16:50:10 +0000] "GET /category/digital-marketing/ HTTP/1.1" 404 66379 "-" "meta-externalagent/1.1 (+https://developers.facebook.com/docs/sharing/webmasters/crawler)"
mediaeclips.infinitibizsol.com:80 5.161.250.15 - - [13/Jun/2025:16:55:15 +0000] "POST /wp-load.php?620669=49159 HTTP/1.1" 200 1748 "-" "Mozilla/5.0 (Windows NT 10.0; Win64; x64) AppleWebKit/537.36 (KHTML, like Gecko) Chrome/104.0.5112.97 Safari/537.36"
mediaeclips.infinitibizsol.com:443 162.0.223.40 - - [13/Jun/2025:17:07:25 +0000] "POST /wp-cron.php?doing_wp_cron=1749834444.9202630519866943359375 HTTP/1.1" 499 0 "-" "WordPress/6.5.5; https://mediaeclips.com"
mediaeclips.infinitibizsol.com:443 185.43.231.12 - - [13/Jun/2025:17:07:27 +0000] "GET /wp-json/wp/v2/posts?slug=/some-great-website-builders-that-are-free/ HTTP/1.1" 404 82842 "-" "-"
mediaeclips.infinitibizsol.com:443 162.0.223.40 - - [13/Jun/2025:17:07:27 +0000] "POST /wp-cron.php?doing_wp_cron=1749834446.2816929817199707031250 HTTP/1.1" 499 0 "-" "WordPress/6.5.5; https://mediaeclips.com"
mediaeclips.infinitibizsol.com:443 185.43.231.12 - - [13/Jun/2025:17:07:28 +0000] "GET /wp-json/wp/v2/posts?slug=/some-great-website-builders-that-are-free/ HTTP/1.1" 404 82826 "-" "-"
mediaeclips.infinitibizsol.com:80 5.161.216.238 - - [13/Jun/2025:17:10:24 +0000] "POST /wp-load.php?3525d2=97374 HTTP/1.1" 200 1748 "-" "Mozilla/5.0 (Windows NT 10.0; Win64; x64) AppleWebKit/537.36 (KHTML, like Gecko) Chrome/104.0.5112.97 Safari/537.36"
mediaeclips.infinitibizsol.com:443 57.141.2.17 - - [13/Jun/2025:17:24:35 +0000] "GET /the-7-inbound-marketing-strategies-you-need-to-know/ HTTP/1.1" 404 109772 "-" "meta-externalagent/1.1 (+https://developers.facebook.com/docs/sharing/webmasters/crawler)"
mediaeclips.infinitibizsol.com:80 139.180.180.168 - - [13/Jun/2025:17:25:25 +0000] "POST /wp-load.php?d3548c=29605 HTTP/1.1" 200 1748 "-" "Mozilla/5.0 (Windows NT 10.0; Win64; x64) AppleWebKit/537.36 (KHTML, like Gecko) Chrome/104.0.5112.97 Safari/537.36"
mediaeclips.infinitibizsol.com:443 162.0.223.40 - - [13/Jun/2025:17:37:33 +0000] "POST /wp-cron.php?doing_wp_cron=1749836252.2170209884643554687500 HTTP/1.1" 499 0 "-" "WordPress/6.5.5; https://mediaeclips.com"
mediaeclips.infinitibizsol.com:443 57.141.2.1 - - [13/Jun/2025:17:37:33 +0000] "GET /tag/seo-and-social-media/ HTTP/1.1" 404 47991 "-" "meta-externalagent/1.1 (+https://developers.facebook.com/docs/sharing/webmasters/crawler)"
mediaeclips.infinitibizsol.com:80 5.161.106.94 - - [13/Jun/2025:17:40:35 +0000] "POST /wp-load.php?a91243=29034 HTTP/1.1" 200 1748 "-" "Mozilla/5.0 (Windows NT 10.0; Win64; x64) AppleWebKit/537.36 (KHTML, like Gecko) Chrome/104.0.5112.97 Safari/537.36"
mediaeclips.infinitibizsol.com:80 162.0.223.40 - - [13/Jun/2025:17:54:43 +0000] "POST /wp-cron.php?doing_wp_cron=1749837282.1865539550781250000000 HTTP/1.1" 499 0 "-" "WordPress/6.5.5; https://mediaeclips.com"
mediaeclips.infinitibizsol.com:80 205.210.31.68 - - [13/Jun/2025:17:54:43 +0000] "GET / HTTP/1.1" 404 5 "-" "Expanse, a Palo Alto Networks company, searches across the global IPv4 space multiple times per day to identify customers' presences on the Internet. If you would like to be excluded from our scans, please send IP addresses/domains to: scaninfo@paloaltonetworks.com"
mediaeclips.infinitibizsol.com:80 5.161.177.123 - - [13/Jun/2025:17:55:36 +0000] "POST /wp-load.php?81869d=57249 HTTP/1.1" 200 1748 "-" "Mozilla/5.0 (Windows NT 10.0; Win64; x64) AppleWebKit/537.36 (KHTML, like Gecko) Chrome/104.0.5112.97 Safari/537.36"
mediaeclips.infinitibizsol.com:80 162.0.223.40 - - [13/Jun/2025:17:59:47 +0000] "POST /wp-cron.php?doing_wp_cron=1749837586.9658849239349365234375 HTTP/1.1" 499 0 "-" "WordPress/6.5.5; https://mediaeclips.com"
mediaeclips.infinitibizsol.com:80 223.244.35.77 - - [13/Jun/2025:17:59:48 +0000] "GET / HTTP/1.1" 404 5 "-" "Mozilla/5.0 (iPhone; CPU iPhone OS 13_2_3 like Mac OS X) AppleWebKit/605.1.15 (KHTML, like Gecko) Version/13.0.3 Mobile/15E148 Safari/604.1"
mediaeclips.infinitibizsol.com:443 51.222.253.14 - - [13/Jun/2025:18:02:55 +0000] "GET /goods.php?sitemap.xml HTTP/1.1" 404 5 "-" "Mozilla/5.0 (compatible; AhrefsBot/7.0; +http://ahrefs.com/robot/)"
mediaeclips.infinitibizsol.com:80 5.161.106.94 - - [13/Jun/2025:18:10:46 +0000] "POST /wp-load.php?e4ecc4=11165 HTTP/1.1" 200 1748 "-" "Mozilla/5.0 (Windows NT 10.0; Win64; x64) AppleWebKit/537.36 (KHTML, like Gecko) Chrome/104.0.5112.97 Safari/537.36"
mediaeclips.infinitibizsol.com:443 162.0.223.40 - - [13/Jun/2025:18:13:05 +0000] "POST /wp-cron.php?doing_wp_cron=1749838384.2737360000610351562500 HTTP/1.1" 499 0 "-" "WordPress/6.5.5; https://mediaeclips.com"
mediaeclips.infinitibizsol.com:443 51.222.253.17 - - [13/Jun/2025:18:13:05 +0000] "GET /sitemap.xml HTTP/1.1" 404 5 "-" "Mozilla/5.0 (compatible; AhrefsBot/7.0; +http://ahrefs.com/robot/)"
mediaeclips.infinitibizsol.com:443 162.0.223.40 - - [13/Jun/2025:18:20:56 +0000] "POST /wp-cron.php?doing_wp_cron=1749838855.6029028892517089843750 HTTP/1.1" 499 0 "-" "WordPress/6.5.5; https://mediaeclips.com"
mediaeclips.infinitibizsol.com:443 51.222.253.4 - - [13/Jun/2025:18:20:56 +0000] "GET /tag/role-of-email-marketing/feed/ HTTP/1.1" 304 0 "-" "Mozilla/5.0 (compatible; AhrefsBot/7.0; +http://ahrefs.com/robot/)"
mediaeclips.infinitibizsol.com:80 5.161.216.238 - - [13/Jun/2025:18:25:54 +0000] "POST /wp-load.php?3c45ad=29595 HTTP/1.1" 200 1748 "-" "Mozilla/5.0 (Windows NT 10.0; Win64; x64) AppleWebKit/537.36 (KHTML, like Gecko) Chrome/104.0.5112.97 Safari/537.36"
mediaeclips.infinitibizsol.com:443 162.0.223.40 - - [13/Jun/2025:18:26:29 +0000] "POST /wp-cron.php?doing_wp_cron=1749839188.4450080394744873046875 HTTP/1.1" 499 0 "-" "WordPress/6.5.5; https://mediaeclips.com"
mediaeclips.infinitibizsol.com:443 57.141.2.3 - - [13/Jun/2025:18:26:30 +0000] "GET /category/digital-marketing/seo/ HTTP/1.1" 404 67343 "-" "meta-externalagent/1.1 (+https://developers.facebook.com/docs/sharing/webmasters/crawler)"
mediaeclips.infinitibizsol.com:443 162.0.223.40 - - [13/Jun/2025:18:29:00 +0000] "POST /wp-cron.php?doing_wp_cron=1749839339.5842249393463134765625 HTTP/1.1" 499 0 "-" "WordPress/6.5.5; https://mediaeclips.com"
mediaeclips.infinitibizsol.com:443 51.222.253.17 - - [13/Jun/2025:18:29:00 +0000] "GET /tag/effective-local-seo/feed/ HTTP/1.1" 304 0 "-" "Mozilla/5.0 (compatible; AhrefsBot/7.0; +http://ahrefs.com/robot/)"
mediaeclips.infinitibizsol.com:443 216.73.216.160 - - [13/Jun/2025:18:31:30 +0000] "GET /goods.php HTTP/1.1" 404 5 "-" "Mozilla/5.0 AppleWebKit/537.36 (KHTML, like Gecko; compatible; ClaudeBot/1.0; +claudebot@anthropic.com)"
mediaeclips.infinitibizsol.com:443 162.0.223.40 - - [13/Jun/2025:18:36:47 +0000] "POST /wp-cron.php?doing_wp_cron=1749839806.3709189891815185546875 HTTP/1.1" 499 0 "-" "WordPress/6.5.5; https://mediaeclips.com"
mediaeclips.infinitibizsol.com:443 57.141.2.26 - - [13/Jun/2025:18:36:47 +0000] "GET /tag/social-media-and-seo/ HTTP/1.1" 404 47991 "-" "meta-externalagent/1.1 (+https://developers.facebook.com/docs/sharing/webmasters/crawler)"
mediaeclips.infinitibizsol.com:443 51.222.253.7 - - [13/Jun/2025:18:37:40 +0000] "GET /tag/what-is-a-digital-marketing-campaign/feed/ HTTP/1.1" 304 0 "-" "Mozilla/5.0 (compatible; AhrefsBot/7.0; +http://ahrefs.com/robot/)"
mediaeclips.infinitibizsol.com:80 178.156.128.204 - - [13/Jun/2025:18:41:06 +0000] "POST /wp-load.php?5bd835=72063 HTTP/1.1" 200 1748 "-" "Mozilla/5.0 (Windows NT 10.0; Win64; x64) AppleWebKit/537.36 (KHTML, like Gecko) Chrome/104.0.5112.97 Safari/537.36"
mediaeclips.infinitibizsol.com:443 162.0.223.40 - - [13/Jun/2025:18:46:22 +0000] "POST /wp-cron.php?doing_wp_cron=1749840381.0048329830169677734375 HTTP/1.1" 499 0 "-" "WordPress/6.5.5; https://mediaeclips.com"
mediaeclips.infinitibizsol.com:443 66.249.64.132 - - [13/Jun/2025:18:46:22 +0000] "GET /category/it-management/ HTTP/1.1" 404 48030 "-" "Mozilla/5.0 (compatible; Googlebot/2.1; +http://www.google.com/bot.html)"
mediaeclips.infinitibizsol.com:443 51.222.253.5 - - [13/Jun/2025:18:47:05 +0000] "GET /what-is-digital-marketing-and-how-does-it-work/feed/ HTTP/1.1" 304 0 "-" "Mozilla/5.0 (compatible; AhrefsBot/7.0; +http://ahrefs.com/robot/)"
mediaeclips.infinitibizsol.com:443 162.0.223.40 - - [13/Jun/2025:18:53:27 +0000] "POST /wp-cron.php?doing_wp_cron=1749840806.0760529041290283203125 HTTP/1.1" 499 0 "-" "WordPress/6.5.5; https://mediaeclips.com"
mediaeclips.infinitibizsol.com:443 51.222.253.6 - - [13/Jun/2025:18:53:27 +0000] "GET /tag/tips-for-successful-social-media-marketing/feed/ HTTP/1.1" 304 0 "-" "Mozilla/5.0 (compatible; AhrefsBot/7.0; +http://ahrefs.com/robot/)"
mediaeclips.infinitibizsol.com:80 5.161.52.234 - - [13/Jun/2025:18:56:15 +0000] "POST /wp-load.php?3138b5=34725 HTTP/1.1" 200 1748 "-" "Mozilla/5.0 (Windows NT 10.0; Win64; x64) AppleWebKit/537.36 (KHTML, like Gecko) Chrome/104.0.5112.97 Safari/537.36"
mediaeclips.infinitibizsol.com:443 162.0.223.40 - - [13/Jun/2025:18:58:51 +0000] "POST /wp-cron.php?doing_wp_cron=1749841129.9969220161437988281250 HTTP/1.1" 499 0 "-" "WordPress/6.5.5; https://mediaeclips.com"
mediaeclips.infinitibizsol.com:443 51.222.253.16 - - [13/Jun/2025:18:58:51 +0000] "GET /tag/seo-vs-ppc/feed/ HTTP/1.1" 304 0 "-" "Mozilla/5.0 (compatible; AhrefsBot/7.0; +http://ahrefs.com/robot/)"
mediaeclips.infinitibizsol.com:443 199.195.249.49 - - [13/Jun/2025:18:59:09 +0000] "GET /wp-login.php HTTP/1.1" 200 6532 "-" "Mozilla/5.0 (compatible; MSIE 9.0; Windows NT 6.1; WOW64; Trident/5.0)"
mediaeclips.infinitibizsol.com:443 162.0.223.40 - - [13/Jun/2025:19:03:28 +0000] "POST /wp-cron.php?doing_wp_cron=1749841407.6595199108123779296875 HTTP/1.1" 499 0 "-" "WordPress/6.5.5; https://mediaeclips.com"
mediaeclips.infinitibizsol.com:443 199.195.249.49 - - [13/Jun/2025:19:03:28 +0000] "POST /wp-login.php HTTP/1.1" 200 7068 "-" "Mozilla/5.0 (compatible; MSIE 9.0; Windows NT 6.1; WOW64; Trident/5.0)"
mediaeclips.infinitibizsol.com:443 51.222.253.6 - - [13/Jun/2025:19:06:26 +0000] "GET /tag/digital-marketing-campaign/feed/ HTTP/1.1" 304 0 "-" "Mozilla/5.0 (compatible; AhrefsBot/7.0; +http://ahrefs.com/robot/)"
mediaeclips.infinitibizsol.com:80 5.161.201.188 - - [13/Jun/2025:19:11:17 +0000] "POST /wp-load.php?6dcd9b=14505 HTTP/1.1" 200 1748 "-" "Mozilla/5.0 (Windows NT 10.0; Win64; x64) AppleWebKit/537.36 (KHTML, like Gecko) Chrome/104.0.5112.97 Safari/537.36"
mediaeclips.infinitibizsol.com:443 162.0.223.40 - - [13/Jun/2025:19:14:51 +0000] "POST /wp-cron.php?doing_wp_cron=1749842090.7830660343170166015625 HTTP/1.1" 499 0 "-" "WordPress/6.5.5; https://mediaeclips.com"
mediaeclips.infinitibizsol.com:443 51.222.253.20 - - [13/Jun/2025:19:14:51 +0000] "GET /tag/managed-it-services/feed/ HTTP/1.1" 304 0 "-" "Mozilla/5.0 (compatible; AhrefsBot/7.0; +http://ahrefs.com/robot/)"
mediaeclips.infinitibizsol.com:443 5.157.29.71 - - [13/Jun/2025:19:17:18 +0000] "GET /contact-us/ HTTP/1.1" 404 61011 "-" "Mozilla/5.0 (X11; Linux x86_64) AppleWebKit/537.36 (KHTML, like Gecko) Chrome/114.0.0.0 Safari/537.36 OPR/89.0.4447.51"
mediaeclips.infinitibizsol.com:443 5.157.29.71 - - [13/Jun/2025:19:17:21 +0000] "GET / HTTP/1.1" 404 108420 "-" "Mozilla/5.0 (X11; Linux x86_64) AppleWebKit/537.36 (KHTML, like Gecko) Chrome/114.0.0.0 Safari/537.36 OPR/89.0.4447.51"
mediaeclips.infinitibizsol.com:443 5.157.29.71 - - [13/Jun/2025:19:17:22 +0000] "GET /wp-content/plugins/contact-form-7/includes/js/index.js?ver=5.9.4 HTTP/1.1" 200 13054 "https://mediaeclips.com/" "Mozilla/5.0 (X11; Linux x86_64) AppleWebKit/537.36 (KHTML, like Gecko) Chrome/114.0.0.0 Safari/537.36 OPR/89.0.4447.51"
mediaeclips.infinitibizsol.com:443 162.0.223.40 - - [13/Jun/2025:19:17:30 +0000] "POST /wp-cron.php?doing_wp_cron=1749842249.9268600940704345703125 HTTP/1.1" 499 0 "-" "WordPress/6.5.5; https://mediaeclips.com"
mediaeclips.infinitibizsol.com:443 5.157.29.71 - - [13/Jun/2025:19:17:31 +0000] "POST /wp-json/contact-form-7/v1/contact-forms/159/feedback HTTP/1.1" 404 244 "https://mediaeclips.com/" "Mozilla/5.0 (X11; Linux x86_64) AppleWebKit/537.36 (KHTML, like Gecko) Chrome/114.0.0.0 Safari/537.36 OPR/89.0.4447.51"
mediaeclips.infinitibizsol.com:443 162.0.223.40 - - [13/Jun/2025:19:23:19 +0000] "POST /wp-cron.php?doing_wp_cron=1749842598.5872828960418701171875 HTTP/1.1" 499 0 "-" "WordPress/6.5.5; https://mediaeclips.com"
mediaeclips.infinitibizsol.com:443 51.222.253.10 - - [13/Jun/2025:19:23:19 +0000] "GET /tag/videography-services/feed/ HTTP/1.1" 304 0 "-" "Mozilla/5.0 (compatible; AhrefsBot/7.0; +http://ahrefs.com/robot/)"
mediaeclips.infinitibizsol.com:80 5.161.52.234 - - [13/Jun/2025:19:26:25 +0000] "POST /wp-load.php?59054e=44445 HTTP/1.1" 200 1748 "-" "Mozilla/5.0 (Windows NT 10.0; Win64; x64) AppleWebKit/537.36 (KHTML, like Gecko) Chrome/104.0.5112.97 Safari/537.36"
mediaeclips.infinitibizsol.com:80 216.73.216.185 - - [13/Jun/2025:19:27:28 +0000] "GET /tel: HTTP/1.1" 404 5 "-" "Mozilla/5.0 AppleWebKit/537.36 (KHTML, like Gecko; compatible; ClaudeBot/1.0; +claudebot@anthropic.com)"
mediaeclips.infinitibizsol.com:443 162.0.223.40 - - [13/Jun/2025:19:30:28 +0000] "POST /wp-cron.php?doing_wp_cron=1749843027.0950820446014404296875 HTTP/1.1" 499 0 "-" "WordPress/6.5.5; https://mediaeclips.com"
mediaeclips.infinitibizsol.com:443 51.222.253.6 - - [13/Jun/2025:19:30:28 +0000] "GET /tag/what-is-local-seo/feed/ HTTP/1.1" 304 0 "-" "Mozilla/5.0 (compatible; AhrefsBot/7.0; +http://ahrefs.com/robot/)"
mediaeclips.infinitibizsol.com:443 162.0.223.40 - - [13/Jun/2025:19:36:20 +0000] "POST /wp-cron.php?doing_wp_cron=1749843379.6728448867797851562500 HTTP/1.1" 499 0 "-" "WordPress/6.5.5; https://mediaeclips.com"
mediaeclips.infinitibizsol.com:443 51.222.253.17 - - [13/Jun/2025:19:36:20 +0000] "GET /tag/texas-web-design/feed/ HTTP/1.1" 304 0 "-" "Mozilla/5.0 (compatible; AhrefsBot/7.0; +http://ahrefs.com/robot/)"
mediaeclips.infinitibizsol.com:443 85.208.98.31 - - [13/Jun/2025:19:37:57 +0000] "GET /the-best-social-media-marketing-tools/ HTTP/1.1" 499 0 "-" "Mozilla/5.0 (compatible; SemrushBot-BA; +http://www.semrush.com/bot.html)"
mediaeclips.infinitibizsol.com:80 162.0.223.40 - - [13/Jun/2025:19:39:08 +0000] "POST /wp-cron.php?doing_wp_cron=1749843547.9100079536437988281250 HTTP/1.1" 499 0 "-" "WordPress/6.5.5; https://mediaeclips.com"
mediaeclips.infinitibizsol.com:80 216.73.216.185 - - [13/Jun/2025:19:39:09 +0000] "GET /tel:+1%20214-764-5858 HTTP/1.1" 404 5 "-" "Mozilla/5.0 AppleWebKit/537.36 (KHTML, like Gecko; compatible; ClaudeBot/1.0; +claudebot@anthropic.com)"
mediaeclips.infinitibizsol.com:443 216.73.216.185 - - [13/Jun/2025:19:39:55 +0000] "GET /author/admin HTTP/1.1" 404 64948 "-" "Mozilla/5.0 AppleWebKit/537.36 (KHTML, like Gecko; compatible; ClaudeBot/1.0; +claudebot@anthropic.com)"
mediaeclips.infinitibizsol.com:80 5.161.216.238 - - [13/Jun/2025:19:41:25 +0000] "POST /wp-load.php?9495fc=46761 HTTP/1.1" 200 1748 "-" "Mozilla/5.0 (Windows NT 10.0; Win64; x64) AppleWebKit/537.36 (KHTML, like Gecko) Chrome/104.0.5112.97 Safari/537.36"
mediaeclips.infinitibizsol.com:443 51.222.253.8 - - [13/Jun/2025:19:41:38 +0000] "GET /tag/sem/feed/ HTTP/1.1" 304 0 "-" "Mozilla/5.0 (compatible; AhrefsBot/7.0; +http://ahrefs.com/robot/)"
mediaeclips.infinitibizsol.com:80 66.249.64.128 - - [13/Jun/2025:19:42:35 +0000] "GET / HTTP/1.1" 404 5 "-" "Mozilla/5.0 (Linux; Android 6.0.1; Nexus 5X Build/MMB29P) AppleWebKit/537.36 (KHTML, like Gecko) Chrome/136.0.7103.113 Mobile Safari/537.36 (compatible; Googlebot/2.1; +http://www.google.com/bot.html)"
mediaeclips.infinitibizsol.com:443 162.0.223.40 - - [13/Jun/2025:19:43:22 +0000] "POST /wp-cron.php?doing_wp_cron=1749843801.9549169540405273437500 HTTP/1.1" 499 0 "-" "WordPress/6.5.5; https://mediaeclips.com"
mediaeclips.infinitibizsol.com:443 66.249.64.132 - - [13/Jun/2025:19:43:23 +0000] "GET /shopdetail/23843339 HTTP/1.1" 404 5 "-" "Mozilla/5.0 (Linux; Android 6.0.1; Nexus 5X Build/MMB29P) AppleWebKit/537.36 (KHTML, like Gecko) Chrome/136.0.7103.113 Mobile Safari/537.36 (compatible; Googlebot/2.1; +http://www.google.com/bot.html)"
mediaeclips.infinitibizsol.com:443 51.222.253.3 - - [13/Jun/2025:19:47:26 +0000] "GET /tag/videography/feed/ HTTP/1.1" 304 0 "-" "Mozilla/5.0 (compatible; AhrefsBot/7.0; +http://ahrefs.com/robot/)"
mediaeclips.infinitibizsol.com:80 162.0.223.40 - - [13/Jun/2025:19:49:51 +0000] "POST /wp-cron.php?doing_wp_cron=1749844190.0628559589385986328125 HTTP/1.1" 499 0 "-" "WordPress/6.5.5; https://mediaeclips.com"
mediaeclips.infinitibizsol.com:80 185.177.72.204 - - [13/Jun/2025:19:49:51 +0000] "GET /.git/HEAD HTTP/1.1" 404 5 "-" "-"
mediaeclips.infinitibizsol.com:443 185.177.72.204 - - [13/Jun/2025:19:49:52 +0000] "GET / HTTP/1.1" 404 108420 "-" "Mozilla/5.0 (Windows NT 10.0; Win64; x64) AppleWebKit/537.36 (KHTML, like Gecko) Chrome/91.0.4472.124 Safari/537.36"
mediaeclips.infinitibizsol.com:443 185.177.72.204 - - [13/Jun/2025:19:49:58 +0000] "GET /.env HTTP/1.1" 404 5 "-" "Mozilla/5.0 (Windows NT 10.0; Win64; x64) AppleWebKit/537.36 (KHTML, like Gecko) Chrome/91.0.4472.124 Safari/537.36"
mediaeclips.infinitibizsol.com:443 45.227.253.15 - - [13/Jun/2025:19:50:00 +0000] "GET /index.php/jk HTTP/1.1" 200 54 "-" "Mozilla/5.0 (Macintosh; Intel Mac OS X 10.15; rv:82.0) Gecko/20100101 Firefox/82.0"
mediaeclips.infinitibizsol.com:443 185.177.72.204 - - [13/Jun/2025:19:50:04 +0000] "GET /phpinfo HTTP/1.1" 404 5 "-" "Mozilla/5.0 (Windows NT 10.0; Win64; x64) AppleWebKit/537.36 (KHTML, like Gecko) Chrome/91.0.4472.124 Safari/537.36"
mediaeclips.infinitibizsol.com:443 185.177.72.204 - - [13/Jun/2025:19:50:09 +0000] "GET /phpinfo.php HTTP/1.1" 404 5 "-" "Mozilla/5.0 (Windows NT 10.0; Win64; x64) AppleWebKit/537.36 (KHTML, like Gecko) Chrome/91.0.4472.124 Safari/537.36"
mediaeclips.infinitibizsol.com:443 185.177.72.204 - - [13/Jun/2025:19:50:15 +0000] "GET /portal/.env HTTP/1.1" 404 5 "-" "Mozilla/5.0 (Windows NT 10.0; Win64; x64) AppleWebKit/537.36 (KHTML, like Gecko) Chrome/91.0.4472.124 Safari/537.36"
mediaeclips.infinitibizsol.com:443 185.177.72.204 - - [13/Jun/2025:19:50:19 +0000] "GET /env/.env HTTP/1.1" 404 5 "-" "Mozilla/5.0 (Windows NT 10.0; Win64; x64) AppleWebKit/537.36 (KHTML, like Gecko) Chrome/91.0.4472.124 Safari/537.36"
mediaeclips.infinitibizsol.com:443 185.177.72.204 - - [13/Jun/2025:19:50:23 +0000] "GET /api/.env HTTP/1.1" 404 5 "-" "Mozilla/5.0 (Windows NT 10.0; Win64; x64) AppleWebKit/537.36 (KHTML, like Gecko) Chrome/91.0.4472.124 Safari/537.36"
mediaeclips.infinitibizsol.com:443 185.177.72.204 - - [13/Jun/2025:19:50:27 +0000] "GET /app/.env HTTP/1.1" 404 5 "-" "Mozilla/5.0 (Windows NT 10.0; Win64; x64) AppleWebKit/537.36 (KHTML, like Gecko) Chrome/91.0.4472.124 Safari/537.36"
mediaeclips.infinitibizsol.com:443 185.177.72.204 - - [13/Jun/2025:19:50:33 +0000] "GET /dev/.env HTTP/1.1" 404 5 "-" "Mozilla/5.0 (Windows NT 10.0; Win64; x64) AppleWebKit/537.36 (KHTML, like Gecko) Chrome/91.0.4472.124 Safari/537.36"
mediaeclips.infinitibizsol.com:443 185.177.72.204 - - [13/Jun/2025:19:50:37 +0000] "GET /new/.env HTTP/1.1" 404 5 "-" "Mozilla/5.0 (Windows NT 10.0; Win64; x64) AppleWebKit/537.36 (KHTML, like Gecko) Chrome/91.0.4472.124 Safari/537.36"
mediaeclips.infinitibizsol.com:443 185.177.72.204 - - [13/Jun/2025:19:50:42 +0000] "GET /new/.env.local HTTP/1.1" 404 5 "-" "Mozilla/5.0 (Windows NT 10.0; Win64; x64) AppleWebKit/537.36 (KHTML, like Gecko) Chrome/91.0.4472.124 Safari/537.36"
mediaeclips.infinitibizsol.com:443 185.177.72.204 - - [13/Jun/2025:19:50:47 +0000] "GET /new/.env.production HTTP/1.1" 404 5 "-" "Mozilla/5.0 (Windows NT 10.0; Win64; x64) AppleWebKit/537.36 (KHTML, like Gecko) Chrome/91.0.4472.124 Safari/537.36"
mediaeclips.infinitibizsol.com:443 185.177.72.204 - - [13/Jun/2025:19:50:52 +0000] "GET /new/.env.staging HTTP/1.1" 404 5 "-" "Mozilla/5.0 (Windows NT 10.0; Win64; x64) AppleWebKit/537.36 (KHTML, like Gecko) Chrome/91.0.4472.124 Safari/537.36"
mediaeclips.infinitibizsol.com:443 185.177.72.204 - - [13/Jun/2025:19:50:56 +0000] "GET /_phpinfo.php HTTP/1.1" 404 5 "-" "Mozilla/5.0 (Windows NT 10.0; Win64; x64) AppleWebKit/537.36 (KHTML, like Gecko) Chrome/91.0.4472.124 Safari/537.36"
mediaeclips.infinitibizsol.com:443 185.177.72.204 - - [13/Jun/2025:19:51:00 +0000] "GET /_profiler/phpinfo HTTP/1.1" 404 5 "-" "Mozilla/5.0 (Windows NT 10.0; Win64; x64) AppleWebKit/537.36 (KHTML, like Gecko) Chrome/91.0.4472.124 Safari/537.36"
mediaeclips.infinitibizsol.com:443 185.177.72.204 - - [13/Jun/2025:19:51:05 +0000] "GET /_profiler/phpinfo/info.php HTTP/1.1" 404 5 "-" "Mozilla/5.0 (Windows NT 10.0; Win64; x64) AppleWebKit/537.36 (KHTML, like Gecko) Chrome/91.0.4472.124 Safari/537.36"
mediaeclips.infinitibizsol.com:443 185.177.72.204 - - [13/Jun/2025:19:51:09 +0000] "GET /_profiler/phpinfo/phpinfo.php HTTP/1.1" 404 5 "-" "Mozilla/5.0 (Windows NT 10.0; Win64; x64) AppleWebKit/537.36 (KHTML, like Gecko) Chrome/91.0.4472.124 Safari/537.36"
mediaeclips.infinitibizsol.com:443 185.177.72.204 - - [13/Jun/2025:19:51:14 +0000] "GET /wp-config HTTP/1.1" 404 5 "-" "Mozilla/5.0 (Windows NT 10.0; Win64; x64) AppleWebKit/537.36 (KHTML, like Gecko) Chrome/91.0.4472.124 Safari/537.36"
mediaeclips.infinitibizsol.com:443 185.177.72.204 - - [13/Jun/2025:19:51:19 +0000] "GET /aws-secret.yaml HTTP/1.1" 404 5 "-" "Mozilla/5.0 (Windows NT 10.0; Win64; x64) AppleWebKit/537.36 (KHTML, like Gecko) Chrome/91.0.4472.124 Safari/537.36"
mediaeclips.infinitibizsol.com:443 185.177.72.204 - - [13/Jun/2025:19:51:23 +0000] "GET /awstats/.env HTTP/1.1" 404 5 "-" "Mozilla/5.0 (Windows NT 10.0; Win64; x64) AppleWebKit/537.36 (KHTML, like Gecko) Chrome/91.0.4472.124 Safari/537.36"
mediaeclips.infinitibizsol.com:443 185.177.72.204 - - [13/Jun/2025:19:51:27 +0000] "GET /conf/.env HTTP/1.1" 404 5 "-" "Mozilla/5.0 (Windows NT 10.0; Win64; x64) AppleWebKit/537.36 (KHTML, like Gecko) Chrome/91.0.4472.124 Safari/537.36"
mediaeclips.infinitibizsol.com:443 185.177.72.204 - - [13/Jun/2025:19:51:32 +0000] "GET /cron/.env HTTP/1.1" 404 5 "-" "Mozilla/5.0 (Windows NT 10.0; Win64; x64) AppleWebKit/537.36 (KHTML, like Gecko) Chrome/91.0.4472.124 Safari/537.36"
mediaeclips.infinitibizsol.com:443 185.177.72.204 - - [13/Jun/2025:19:51:37 +0000] "GET /www/.env HTTP/1.1" 404 5 "-" "Mozilla/5.0 (Windows NT 10.0; Win64; x64) AppleWebKit/537.36 (KHTML, like Gecko) Chrome/91.0.4472.124 Safari/537.36"
mediaeclips.infinitibizsol.com:443 185.177.72.204 - - [13/Jun/2025:19:51:41 +0000] "GET /docker/.env HTTP/1.1" 404 5 "-" "Mozilla/5.0 (Windows NT 10.0; Win64; x64) AppleWebKit/537.36 (KHTML, like Gecko) Chrome/91.0.4472.124 Safari/537.36"
mediaeclips.infinitibizsol.com:443 185.177.72.204 - - [13/Jun/2025:19:51:45 +0000] "GET /docker/app/.env HTTP/1.1" 404 5 "-" "Mozilla/5.0 (Windows NT 10.0; Win64; x64) AppleWebKit/537.36 (KHTML, like Gecko) Chrome/91.0.4472.124 Safari/537.36"
mediaeclips.infinitibizsol.com:443 185.177.72.204 - - [13/Jun/2025:19:51:50 +0000] "GET /env.backup HTTP/1.1" 404 5 "-" "Mozilla/5.0 (Windows NT 10.0; Win64; x64) AppleWebKit/537.36 (KHTML, like Gecko) Chrome/91.0.4472.124 Safari/537.36"
mediaeclips.infinitibizsol.com:443 185.177.72.204 - - [13/Jun/2025:19:51:55 +0000] "GET /xampp/phpinfo.php HTTP/1.1" 404 5 "-" "Mozilla/5.0 (Windows NT 10.0; Win64; x64) AppleWebKit/537.36 (KHTML, like Gecko) Chrome/91.0.4472.124 Safari/537.36"
mediaeclips.infinitibizsol.com:443 51.222.253.4 - - [13/Jun/2025:19:51:57 +0000] "GET /services/feed/ HTTP/1.1" 304 0 "-" "Mozilla/5.0 (compatible; AhrefsBot/7.0; +http://ahrefs.com/robot/)"
mediaeclips.infinitibizsol.com:443 185.177.72.204 - - [13/Jun/2025:19:51:59 +0000] "GET /lara/info.php HTTP/1.1" 404 5 "-" "Mozilla/5.0 (Windows NT 10.0; Win64; x64) AppleWebKit/537.36 (KHTML, like Gecko) Chrome/91.0.4472.124 Safari/537.36"
mediaeclips.infinitibizsol.com:443 185.177.72.204 - - [13/Jun/2025:19:52:04 +0000] "GET /lara/phpinfo.php HTTP/1.1" 404 5 "-" "Mozilla/5.0 (Windows NT 10.0; Win64; x64) AppleWebKit/537.36 (KHTML, like Gecko) Chrome/91.0.4472.124 Safari/537.36"
mediaeclips.infinitibizsol.com:443 185.177.72.204 - - [13/Jun/2025:19:52:08 +0000] "GET /laravel/info.php HTTP/1.1" 404 5 "-" "Mozilla/5.0 (Windows NT 10.0; Win64; x64) AppleWebKit/537.36 (KHTML, like Gecko) Chrome/91.0.4472.124 Safari/537.36"
mediaeclips.infinitibizsol.com:443 185.177.72.204 - - [13/Jun/2025:19:52:13 +0000] "GET /.vscode/.env HTTP/1.1" 404 5 "-" "Mozilla/5.0 (Windows NT 10.0; Win64; x64) AppleWebKit/537.36 (KHTML, like Gecko) Chrome/91.0.4472.124 Safari/537.36"
mediaeclips.infinitibizsol.com:443 185.177.72.204 - - [13/Jun/2025:19:52:18 +0000] "GET /js/.env HTTP/1.1" 404 5 "-" "Mozilla/5.0 (Windows NT 10.0; Win64; x64) AppleWebKit/537.36 (KHTML, like Gecko) Chrome/91.0.4472.124 Safari/537.36"
mediaeclips.infinitibizsol.com:443 185.177.72.204 - - [13/Jun/2025:19:52:22 +0000] "GET /laravel/.env HTTP/1.1" 404 5 "-" "Mozilla/5.0 (Windows NT 10.0; Win64; x64) AppleWebKit/537.36 (KHTML, like Gecko) Chrome/91.0.4472.124 Safari/537.36"
mediaeclips.infinitibizsol.com:443 185.177.72.204 - - [13/Jun/2025:19:52:27 +0000] "GET /laravel/core/.env HTTP/1.1" 404 5 "-" "Mozilla/5.0 (Windows NT 10.0; Win64; x64) AppleWebKit/537.36 (KHTML, like Gecko) Chrome/91.0.4472.124 Safari/537.36"
mediaeclips.infinitibizsol.com:443 185.177.72.204 - - [13/Jun/2025:19:52:31 +0000] "GET /mail/.env HTTP/1.1" 404 5 "-" "Mozilla/5.0 (Windows NT 10.0; Win64; x64) AppleWebKit/537.36 (KHTML, like Gecko) Chrome/91.0.4472.124 Safari/537.36"
mediaeclips.infinitibizsol.com:443 185.177.72.204 - - [13/Jun/2025:19:52:35 +0000] "GET /mailer/.env HTTP/1.1" 404 5 "-" "Mozilla/5.0 (Windows NT 10.0; Win64; x64) AppleWebKit/537.36 (KHTML, like Gecko) Chrome/91.0.4472.124 Safari/537.36"
mediaeclips.infinitibizsol.com:443 185.177.72.204 - - [13/Jun/2025:19:52:39 +0000] "GET /nginx/.env HTTP/1.1" 404 5 "-" "Mozilla/5.0 (Windows NT 10.0; Win64; x64) AppleWebKit/537.36 (KHTML, like Gecko) Chrome/91.0.4472.124 Safari/537.36"
mediaeclips.infinitibizsol.com:443 185.177.72.204 - - [13/Jun/2025:19:52:44 +0000] "GET /public/.env HTTP/1.1" 404 5 "-" "Mozilla/5.0 (Windows NT 10.0; Win64; x64) AppleWebKit/537.36 (KHTML, like Gecko) Chrome/91.0.4472.124 Safari/537.36"
mediaeclips.infinitibizsol.com:443 185.177.72.204 - - [13/Jun/2025:19:52:49 +0000] "GET /site/.env HTTP/1.1" 404 5 "-" "Mozilla/5.0 (Windows NT 10.0; Win64; x64) AppleWebKit/537.36 (KHTML, like Gecko) Chrome/91.0.4472.124 Safari/537.36"
mediaeclips.infinitibizsol.com:443 185.177.72.204 - - [13/Jun/2025:19:52:54 +0000] "GET /xampp/.env HTTP/1.1" 404 5 "-" "Mozilla/5.0 (Windows NT 10.0; Win64; x64) AppleWebKit/537.36 (KHTML, like Gecko) Chrome/91.0.4472.124 Safari/537.36"
mediaeclips.infinitibizsol.com:443 185.177.72.204 - - [13/Jun/2025:19:53:00 +0000] "GET /.docker/laravel/app/.env HTTP/1.1" 404 5 "-" "Mozilla/5.0 (Windows NT 10.0; Win64; x64) AppleWebKit/537.36 (KHTML, like Gecko) Chrome/91.0.4472.124 Safari/537.36"
mediaeclips.infinitibizsol.com:443 185.177.72.204 - - [13/Jun/2025:19:53:06 +0000] "GET /laravel/.env.local HTTP/1.1" 404 5 "-" "Mozilla/5.0 (Windows NT 10.0; Win64; x64) AppleWebKit/537.36 (KHTML, like Gecko) Chrome/91.0.4472.124 Safari/537.36"
mediaeclips.infinitibizsol.com:443 162.0.223.40 - - [13/Jun/2025:19:53:12 +0000] "POST /wp-cron.php?doing_wp_cron=1749844391.1793270111083984375000 HTTP/1.1" 499 0 "-" "WordPress/6.5.5; https://mediaeclips.com"
mediaeclips.infinitibizsol.com:443 185.177.72.204 - - [13/Jun/2025:19:53:12 +0000] "GET /laravel/.env.production HTTP/1.1" 404 5 "-" "Mozilla/5.0 (Windows NT 10.0; Win64; x64) AppleWebKit/537.36 (KHTML, like Gecko) Chrome/91.0.4472.124 Safari/537.36"
mediaeclips.infinitibizsol.com:443 185.177.72.204 - - [13/Jun/2025:19:53:16 +0000] "GET /laravel/.env.staging HTTP/1.1" 404 5 "-" "Mozilla/5.0 (Windows NT 10.0; Win64; x64) AppleWebKit/537.36 (KHTML, like Gecko) Chrome/91.0.4472.124 Safari/537.36"
mediaeclips.infinitibizsol.com:443 185.177.72.204 - - [13/Jun/2025:19:53:20 +0000] "GET /laravel/core/.env.local HTTP/1.1" 404 5 "-" "Mozilla/5.0 (Windows NT 10.0; Win64; x64) AppleWebKit/537.36 (KHTML, like Gecko) Chrome/91.0.4472.124 Safari/537.36"
mediaeclips.infinitibizsol.com:443 185.177.72.204 - - [13/Jun/2025:19:53:24 +0000] "GET /laravel/core/.env.production HTTP/1.1" 404 5 "-" "Mozilla/5.0 (Windows NT 10.0; Win64; x64) AppleWebKit/537.36 (KHTML, like Gecko) Chrome/91.0.4472.124 Safari/537.36"
mediaeclips.infinitibizsol.com:443 185.177.72.204 - - [13/Jun/2025:19:53:29 +0000] "GET /laravel/core/.env.staging HTTP/1.1" 404 5 "-" "Mozilla/5.0 (Windows NT 10.0; Win64; x64) AppleWebKit/537.36 (KHTML, like Gecko) Chrome/91.0.4472.124 Safari/537.36"
mediaeclips.infinitibizsol.com:443 185.177.72.204 - - [13/Jun/2025:19:53:34 +0000] "GET /main/.env HTTP/1.1" 404 5 "-" "Mozilla/5.0 (Windows NT 10.0; Win64; x64) AppleWebKit/537.36 (KHTML, like Gecko) Chrome/91.0.4472.124 Safari/537.36"
mediaeclips.infinitibizsol.com:443 185.177.72.204 - - [13/Jun/2025:19:53:38 +0000] "GET /node_modules/.env HTTP/1.1" 404 5 "-" "Mozilla/5.0 (Windows NT 10.0; Win64; x64) AppleWebKit/537.36 (KHTML, like Gecko) Chrome/91.0.4472.124 Safari/537.36"
mediaeclips.infinitibizsol.com:443 185.177.72.204 - - [13/Jun/2025:19:53:42 +0000] "GET /_profiler/phpinfo HTTP/1.1" 404 5 "-" "Mozilla/5.0 (Windows NT 10.0; Win64; x64) AppleWebKit/537.36 (KHTML, like Gecko) Chrome/91.0.4472.124 Safari/537.36"
