mediaeclips.infinitibizsol.com:443 51.222.253.17 - - [14/Jun/2025:05:41:07 +0000] "GET /tag/impact-of-ai-on-digital-marketing/feed/ HTTP/1.1" 304 0 "-" "Mozilla/5.0 (compatible; AhrefsBot/7.0; +http://ahrefs.com/robot/)"
mediaeclips.infinitibizsol.com:80 34.61.239.223 - - [14/Jun/2025:05:42:21 +0000] "GET /media/system/js/core.js HTTP/1.1" 301 5 "-" "Mozilla/5.0 (Macintosh; Intel Mac OS X 10_10_1) AppleWebKit/537.36 (KHTML, like Gecko) Chrome/39.0.2171.95 Safari/537.36"
mediaeclips.infinitibizsol.com:443 34.61.239.223 - - [14/Jun/2025:05:42:22 +0000] "GET / HTTP/1.1" 404 108420 "http://mediaeclips.com/media/system/js/core.js" "Mozilla/5.0 (Macintosh; Intel Mac OS X 10_10_1) AppleWebKit/537.36 (KHTML, like Gecko) Chrome/39.0.2171.95 Safari/537.36"
mediaeclips.infinitibizsol.com:80 34.61.239.223 - - [14/Jun/2025:05:42:23 +0000] "GET /wp-includes/js/jquery/jquery.js HTTP/1.1" 200 285334 "-" "Mozilla/5.0 (Macintosh; Intel Mac OS X 10_10_1) AppleWebKit/537.36 (KHTML, like Gecko) Chrome/39.0.2171.95 Safari/537.36"
mediaeclips.infinitibizsol.com:443 162.0.223.40 - - [14/Jun/2025:05:46:19 +0000] "POST /wp-cron.php?doing_wp_cron=1749879978.4300959110260009765625 HTTP/1.1" 499 0 "-" "WordPress/6.5.5; https://mediaeclips.com"
mediaeclips.infinitibizsol.com:443 51.222.253.18 - - [14/Jun/2025:05:46:19 +0000] "GET /category/uncategorized/feed/ HTTP/1.1" 304 0 "-" "Mozilla/5.0 (compatible; AhrefsBot/7.0; +http://ahrefs.com/robot/)"
mediaeclips.infinitibizsol.com:80 5.161.250.15 - - [14/Jun/2025:05:46:45 +0000] "POST /wp-load.php?a524a9=81161 HTTP/1.1" 200 1748 "-" "Mozilla/5.0 (Windows NT 10.0; Win64; x64) AppleWebKit/537.36 (KHTML, like Gecko) Chrome/104.0.5112.97 Safari/537.36"
mediaeclips.infinitibizsol.com:443 57.141.2.27 - - [14/Jun/2025:05:47:46 +0000] "GET /tag/popular-seo-trends/ HTTP/1.1" 404 47904 "-" "meta-externalagent/1.1 (+https://developers.facebook.com/docs/sharing/webmasters/crawler)"
mediaeclips.infinitibizsol.com:443 162.0.223.40 - - [14/Jun/2025:05:50:31 +0000] "POST /wp-cron.php?doing_wp_cron=1749880230.7839839458465576171875 HTTP/1.1" 499 0 "-" "WordPress/6.5.5; https://mediaeclips.com"
mediaeclips.infinitibizsol.com:443 51.222.253.2 - - [14/Jun/2025:05:50:31 +0000] "GET /tag/what-is-search-engine-marketing/feed/ HTTP/1.1" 304 0 "-" "Mozilla/5.0 (compatible; AhrefsBot/7.0; +http://ahrefs.com/robot/)"
mediaeclips.infinitibizsol.com:443 162.0.223.40 - - [14/Jun/2025:05:55:33 +0000] "POST /wp-cron.php?doing_wp_cron=1749880532.9374499320983886718750 HTTP/1.1" 499 0 "-" "WordPress/6.5.5; https://mediaeclips.com"
mediaeclips.infinitibizsol.com:443 51.222.253.4 - - [14/Jun/2025:05:55:34 +0000] "GET /tag/what-is-seo/feed/ HTTP/1.1" 304 0 "-" "Mozilla/5.0 (compatible; AhrefsBot/7.0; +http://ahrefs.com/robot/)"
mediaeclips.infinitibizsol.com:443 54.236.1.11 - - [14/Jun/2025:05:55:53 +0000] "GET /the-role-of-mobile-marketing-in-digital-marketing/ HTTP/1.1" 404 104430 "-" "Mozilla/5.0 (compatible; Pinterestbot/1.0; +http://www.pinterest.com/bot.html)"
mediaeclips.infinitibizsol.com:443 66.249.70.138 - - [14/Jun/2025:05:56:11 +0000] "GET / HTTP/1.1" 404 5 "-" "GoogleBot"
mediaeclips.infinitibizsol.com:443 162.0.223.40 - - [14/Jun/2025:05:58:29 +0000] "POST /wp-cron.php?doing_wp_cron=1749880708.9593069553375244140625 HTTP/1.1" 499 0 "-" "WordPress/6.5.5; https://mediaeclips.com"
mediaeclips.infinitibizsol.com:443 216.73.216.160 - - [14/Jun/2025:05:58:30 +0000] "GET /goods.php HTTP/1.1" 404 5 "-" "Mozilla/5.0 AppleWebKit/537.36 (KHTML, like Gecko; compatible; ClaudeBot/1.0; +claudebot@anthropic.com)"
mediaeclips.infinitibizsol.com:443 51.222.253.1 - - [14/Jun/2025:05:59:54 +0000] "GET /author/admin/feed/ HTTP/1.1" 304 0 "-" "Mozilla/5.0 (compatible; AhrefsBot/7.0; +http://ahrefs.com/robot/)"
mediaeclips.infinitibizsol.com:80 139.155.139.22 - - [14/Jun/2025:06:01:32 +0000] "GET / HTTP/1.1" 404 5 "-" "Mozilla/5.0 (iPhone; CPU iPhone OS 13_2_3 like Mac OS X) AppleWebKit/605.1.15 (KHTML, like Gecko) Version/13.0.3 Mobile/15E148 Safari/604.1"
mediaeclips.infinitibizsol.com:80 178.156.128.204 - - [14/Jun/2025:06:01:56 +0000] "POST /wp-load.php?b06642=81495 HTTP/1.1" 200 1748 "-" "Mozilla/5.0 (Windows NT 10.0; Win64; x64) AppleWebKit/537.36 (KHTML, like Gecko) Chrome/104.0.5112.97 Safari/537.36"
mediaeclips.infinitibizsol.com:443 45.153.100.94 - - [14/Jun/2025:06:02:47 +0000] "GET /the-7-inbound-marketing-strategies-you-need-to-know/ HTTP/1.1" 404 109772 "-" "Mozilla/5.0 (Macintosh; Intel Mac OS X 10_15_7) AppleWebKit/537.36 (KHTML, like Gecko) Chrome/127.0.0.0 Safari/537.3"
mediaeclips.infinitibizsol.com:443 162.0.223.40 - - [14/Jun/2025:06:04:16 +0000] "POST /wp-cron.php?doing_wp_cron=1749881055.6345939636230468750000 HTTP/1.1" 499 0 "-" "WordPress/6.5.5; https://mediaeclips.com"
mediaeclips.infinitibizsol.com:443 51.222.253.15 - - [14/Jun/2025:06:04:16 +0000] "GET /tag/use-of-ai-for-seo/feed/ HTTP/1.1" 304 0 "-" "Mozilla/5.0 (compatible; AhrefsBot/7.0; +http://ahrefs.com/robot/)"
mediaeclips.infinitibizsol.com:80 216.244.66.244 - - [14/Jun/2025:06:05:37 +0000] "GET /services/web-development/feed/ HTTP/1.1" 404 5 "-" "Mozilla/5.0 (compatible; DotBot/1.2; +https://opensiteexplorer.org/dotbot; help@moz.com)"
mediaeclips.infinitibizsol.com:443 162.0.223.40 - - [14/Jun/2025:06:08:56 +0000] "POST /wp-cron.php?doing_wp_cron=1749881335.4552750587463378906250 HTTP/1.1" 499 0 "-" "WordPress/6.5.5; https://mediaeclips.com"
mediaeclips.infinitibizsol.com:443 51.222.253.7 - - [14/Jun/2025:06:08:56 +0000] "GET /tag/local-seo-plano/feed/ HTTP/1.1" 304 0 "-" "Mozilla/5.0 (compatible; AhrefsBot/7.0; +http://ahrefs.com/robot/)"
mediaeclips.infinitibizsol.com:443 166.88.56.172 - - [14/Jun/2025:06:09:14 +0000] "GET /7-reasons-why-video-marketing-is-so-important/ HTTP/1.1" 404 103445 "-" "Mozilla/5.0 (Macintosh; Intel Mac OS X 10_15_7) AppleWebKit/605.1.15 (KHTML, like Gecko) Version/17.10 Safari/605.1.1"
mediaeclips.infinitibizsol.com:443 45.138.251.79 - - [14/Jun/2025:06:12:50 +0000] "GET /how-to-create-an-effective-seo-strategy/ HTTP/1.1" 404 107253 "-" "Mozilla/5.0 (Windows NT 10.0; Win64; x64) AppleWebKit/537.36 (KHTML, like Gecko) Chrome/134.0.0.0 Safari/537.3"
mediaeclips.infinitibizsol.com:443 162.0.223.40 - - [14/Jun/2025:06:13:26 +0000] "POST /wp-cron.php?doing_wp_cron=1749881605.7751100063323974609375 HTTP/1.1" 499 0 "-" "WordPress/6.5.5; https://mediaeclips.com"
mediaeclips.infinitibizsol.com:443 51.222.253.18 - - [14/Jun/2025:06:13:26 +0000] "GET /tag/video-marketing/feed/ HTTP/1.1" 304 0 "-" "Mozilla/5.0 (compatible; AhrefsBot/7.0; +http://ahrefs.com/robot/)"
mediaeclips.infinitibizsol.com:443 216.73.216.160 - - [14/Jun/2025:06:15:07 +0000] "GET /sitemap.xml HTTP/1.1" 499 0 "-" "Mozilla/5.0 AppleWebKit/537.36 (KHTML, like Gecko; compatible; ClaudeBot/1.0; +claudebot@anthropic.com)"
mediaeclips.infinitibizsol.com:443 162.0.223.40 - - [14/Jun/2025:06:15:10 +0000] "POST /wp-cron.php?doing_wp_cron=1749881709.1771678924560546875000 HTTP/1.1" 499 0 "-" "WordPress/6.5.5; https://mediaeclips.com"
mediaeclips.infinitibizsol.com:443 103.75.223.107 - - [14/Jun/2025:06:15:54 +0000] "GET /what-is-video-marketing/ HTTP/1.1" 404 105245 "-" "Mozilla/5.0 (Windows NT 10.0; Win64; x64) AppleWebKit/537.36 (KHTML, like Gecko) Chrome/134.0.0.0 Safari/537.36 Trailer/93.3.8652.5"
mediaeclips.infinitibizsol.com:80 139.180.180.168 - - [14/Jun/2025:06:17:05 +0000] "POST /wp-load.php?6d2dee=6428 HTTP/1.1" 200 1748 "-" "Mozilla/5.0 (Windows NT 10.0; Win64; x64) AppleWebKit/537.36 (KHTML, like Gecko) Chrome/104.0.5112.97 Safari/537.36"
mediaeclips.infinitibizsol.com:443 51.222.253.12 - - [14/Jun/2025:06:18:20 +0000] "GET /seo-services-in-allen-tx/ HTTP/1.1" 404 118697 "-" "Mozilla/5.0 (compatible; AhrefsBot/7.0; +http://ahrefs.com/robot/)"
mediaeclips.infinitibizsol.com:443 162.0.223.40 - - [14/Jun/2025:06:18:25 +0000] "POST /wp-cron.php?doing_wp_cron=1749881904.2882540225982666015625 HTTP/1.1" 499 0 "-" "WordPress/6.5.5; https://mediaeclips.com"
mediaeclips.infinitibizsol.com:443 159.148.158.190 - - [14/Jun/2025:06:18:27 +0000] "GET /what-are-the-common-mistakes-to-avoid-in-digital-marketing/ HTTP/1.1" 404 97317 "-" "Mozilla/5.0 (Macintosh; Intel Mac OS X 10_15_7) AppleWebKit/537.36 (KHTML, like Gecko) Chrome/113.0.0.0 Safari/537.3"
mediaeclips.infinitibizsol.com:443 140.99.218.185 - - [14/Jun/2025:06:20:21 +0000] "GET /how-to-optimize-google-my-business-for-local-seo/ HTTP/1.1" 404 103410 "-" "Mozilla/5.0 (Macintosh; Intel Mac OS X 10_15_7) AppleWebKit/605.1.15 (KHTML, like Gecko) Version/17.10 Safari/605.1.1"
mediaeclips.infinitibizsol.com:443 23.239.184.36 - - [14/Jun/2025:06:21:41 +0000] "GET /local-seo-trends-you-need-to-know-in-2024/ HTTP/1.1" 404 5 "-" "Mozilla/5.0 (Windows NT 10.0; Win64; x64) AppleWebKit/537.36 (KHTML, like Gecko) Chrome/132.0.0.0 Safari/537.36 OPR/117.0.0.0"
mediaeclips.infinitibizsol.com:443 51.222.253.1 - - [14/Jun/2025:06:23:06 +0000] "GET /tag/google-my-business/feed/ HTTP/1.1" 304 0 "-" "Mozilla/5.0 (compatible; AhrefsBot/7.0; +http://ahrefs.com/robot/)"
mediaeclips.infinitibizsol.com:443 162.0.223.40 - - [14/Jun/2025:06:26:56 +0000] "POST /wp-cron.php?doing_wp_cron=1749882415.4616019725799560546875 HTTP/1.1" 499 0 "-" "WordPress/6.5.5; https://mediaeclips.com"
mediaeclips.infinitibizsol.com:443 57.141.2.21 - - [14/Jun/2025:06:26:57 +0000] "GET /tag/risks-of-ai-content/ HTTP/1.1" 404 48078 "-" "meta-externalagent/1.1 (+https://developers.facebook.com/docs/sharing/webmasters/crawler)"
mediaeclips.infinitibizsol.com:443 51.222.253.7 - - [14/Jun/2025:06:27:42 +0000] "GET /category/digital-marketing/seo/ HTTP/1.1" 304 0 "-" "Mozilla/5.0 (compatible; AhrefsBot/7.0; +http://ahrefs.com/robot/)"
mediaeclips.infinitibizsol.com:80 178.156.128.204 - - [14/Jun/2025:06:32:08 +0000] "POST /wp-load.php?f0ecad=52423 HTTP/1.1" 200 1736 "-" "Mozilla/5.0 (Windows NT 10.0; Win64; x64) AppleWebKit/537.36 (KHTML, like Gecko) Chrome/104.0.5112.97 Safari/537.36"
mediaeclips.infinitibizsol.com:443 51.222.253.12 - - [14/Jun/2025:06:32:49 +0000] "GET /category/seach-engine-marketing-sem/ HTTP/1.1" 404 52349 "-" "Mozilla/5.0 (compatible; AhrefsBot/7.0; +http://ahrefs.com/robot/)"
mediaeclips.infinitibizsol.com:443 51.222.253.13 - - [14/Jun/2025:06:37:58 +0000] "GET /locations/ HTTP/1.1" 304 0 "-" "Mozilla/5.0 (compatible; AhrefsBot/7.0; +http://ahrefs.com/robot/)"
mediaeclips.infinitibizsol.com:443 51.222.253.5 - - [14/Jun/2025:06:42:56 +0000] "GET /tag/seo-and-social-media/ HTTP/1.1" 404 47999 "-" "Mozilla/5.0 (compatible; AhrefsBot/7.0; +http://ahrefs.com/robot/)"
mediaeclips.infinitibizsol.com:80 178.156.128.204 - - [14/Jun/2025:06:47:17 +0000] "POST /wp-load.php?4d2736=12795 HTTP/1.1" 200 1748 "-" "Mozilla/5.0 (Windows NT 10.0; Win64; x64) AppleWebKit/537.36 (KHTML, like Gecko) Chrome/104.0.5112.97 Safari/537.36"
mediaeclips.infinitibizsol.com:443 162.0.223.40 - - [14/Jun/2025:06:48:23 +0000] "POST /wp-cron.php?doing_wp_cron=1749883702.5635659694671630859375 HTTP/1.1" 499 0 "-" "WordPress/6.5.5; https://mediaeclips.com"
mediaeclips.infinitibizsol.com:443 51.222.253.18 - - [14/Jun/2025:06:48:24 +0000] "GET /tag/r%D0%B5sponsiv%D0%B5-web-design/ HTTP/1.1" 404 48015 "-" "Mozilla/5.0 (compatible; AhrefsBot/7.0; +http://ahrefs.com/robot/)"
mediaeclips.infinitibizsol.com:443 162.0.223.40 - - [14/Jun/2025:06:53:21 +0000] "POST /wp-cron.php?doing_wp_cron=1749884000.2257559299468994140625 HTTP/1.1" 499 0 "-" "WordPress/6.5.5; https://mediaeclips.com"
mediaeclips.infinitibizsol.com:443 51.222.253.14 - - [14/Jun/2025:06:53:22 +0000] "GET /why-is-social-media-an-important-part-of-inbound-marketing/ HTTP/1.1" 404 93680 "-" "Mozilla/5.0 (compatible; AhrefsBot/7.0; +http://ahrefs.com/robot/)"
mediaeclips.infinitibizsol.com:443 45.227.253.15 - - [14/Jun/2025:06:55:31 +0000] "GET /index.php/jk HTTP/1.1" 200 54 "-" "Mozilla/5.0 (Windows NT 6.2; WOW64; rv:72.0) Gecko/20100101 Firefox/72.0"
mediaeclips.infinitibizsol.com:443 162.0.223.40 - - [14/Jun/2025:06:58:32 +0000] "POST /wp-cron.php?doing_wp_cron=1749884310.9904320240020751953125 HTTP/1.1" 499 0 "-" "WordPress/6.5.5; https://mediaeclips.com"
mediaeclips.infinitibizsol.com:443 51.222.253.2 - - [14/Jun/2025:06:58:32 +0000] "GET /tag/social-medias-role-in-inbound-marketing/ HTTP/1.1" 404 48503 "-" "Mozilla/5.0 (compatible; AhrefsBot/7.0; +http://ahrefs.com/robot/)"
mediaeclips.infinitibizsol.com:80 5.161.216.238 - - [14/Jun/2025:07:02:25 +0000] "POST /wp-load.php?df83d6=64947 HTTP/1.1" 200 1748 "-" "Mozilla/5.0 (Windows NT 10.0; Win64; x64) AppleWebKit/537.36 (KHTML, like Gecko) Chrome/104.0.5112.97 Safari/537.36"
mediaeclips.infinitibizsol.com:443 162.0.223.40 - - [14/Jun/2025:07:07:24 +0000] "POST /wp-cron.php?doing_wp_cron=1749884843.2619690895080566406250 HTTP/1.1" 499 0 "-" "WordPress/6.5.5; https://mediaeclips.com"
mediaeclips.infinitibizsol.com:443 51.222.253.2 - - [14/Jun/2025:07:07:25 +0000] "GET /tag/seo-agency-in-texas/ HTTP/1.1" 404 47821 "-" "Mozilla/5.0 (compatible; AhrefsBot/7.0; +http://ahrefs.com/robot/)"
mediaeclips.infinitibizsol.com:443 162.0.223.40 - - [14/Jun/2025:07:12:34 +0000] "POST /wp-cron.php?doing_wp_cron=1749885153.7909018993377685546875 HTTP/1.1" 499 0 "-" "WordPress/6.5.5; https://mediaeclips.com"
mediaeclips.infinitibizsol.com:443 51.222.253.10 - - [14/Jun/2025:07:12:35 +0000] "GET /it-services/ HTTP/1.1" 404 5 "-" "Mozilla/5.0 (compatible; AhrefsBot/7.0; +http://ahrefs.com/robot/)"
mediaeclips.infinitibizsol.com:80 5.161.216.238 - - [14/Jun/2025:07:17:26 +0000] "POST /wp-load.php?34167f=49835 HTTP/1.1" 200 1748 "-" "Mozilla/5.0 (Windows NT 10.0; Win64; x64) AppleWebKit/537.36 (KHTML, like Gecko) Chrome/104.0.5112.97 Safari/537.36"
mediaeclips.infinitibizsol.com:443 162.0.223.40 - - [14/Jun/2025:07:18:03 +0000] "POST /wp-cron.php?doing_wp_cron=1749885482.9060440063476562500000 HTTP/1.1" 499 0 "-" "WordPress/6.5.5; https://mediaeclips.com"
mediaeclips.infinitibizsol.com:443 51.222.253.1 - - [14/Jun/2025:07:18:04 +0000] "GET /tag/best-seo-agency-in-texas/ HTTP/1.1" 404 47911 "-" "Mozilla/5.0 (compatible; AhrefsBot/7.0; +http://ahrefs.com/robot/)"
mediaeclips.infinitibizsol.com:443 57.141.2.12 - - [14/Jun/2025:07:21:52 +0000] "GET /category/digital-marketing/seo/ HTTP/1.1" 404 67350 "-" "meta-externalagent/1.1 (+https://developers.facebook.com/docs/sharing/webmasters/crawler)"
mediaeclips.infinitibizsol.com:443 51.222.253.13 - - [14/Jun/2025:07:23:30 +0000] "GET /tag/top-web-development-trends/ HTTP/1.1" 404 47993 "-" "Mozilla/5.0 (compatible; AhrefsBot/7.0; +http://ahrefs.com/robot/)"
mediaeclips.infinitibizsol.com:443 162.0.223.40 - - [14/Jun/2025:07:28:27 +0000] "POST /wp-cron.php?doing_wp_cron=1749886105.9409160614013671875000 HTTP/1.1" 499 0 "-" "WordPress/6.5.5; https://mediaeclips.com"
mediaeclips.infinitibizsol.com:443 51.222.253.5 - - [14/Jun/2025:07:28:27 +0000] "GET /tag/how-to-choose-an-seo-company/ HTTP/1.1" 404 47983 "-" "Mozilla/5.0 (compatible; AhrefsBot/7.0; +http://ahrefs.com/robot/)"
mediaeclips.infinitibizsol.com:443 80.85.245.250 - - [14/Jun/2025:07:29:27 +0000] "GET / HTTP/1.1" 404 108444 "-" "Mozilla/5.0 (Macintosh; Intel Mac OS X 10_15_7) AppleWebKit/537.36 (KHTML, like Gecko) Chrome/133.0.0.0 Safari/537.36"
mediaeclips.infinitibizsol.com:443 181.224.183.105 - - [14/Jun/2025:07:29:36 +0000] "POST / HTTP/1.1" 404 108692 "-" "Mozilla/5.0 (Macintosh; Intel Mac OS X 10_15_7) AppleWebKit/537.36 (KHTML, like Gecko) Chrome/133.0.0.0 Safari/537.36"
mediaeclips.infinitibizsol.com:443 181.224.183.105 - - [14/Jun/2025:07:29:44 +0000] "POST / HTTP/1.1" 404 108286 "-" "Mozilla/5.0 (Windows NT 10.0; Win64; x64) AppleWebKit/537.36 (KHTML, like Gecko) Chrome/120.0.0.0 Safari/537.36"
mediaeclips.infinitibizsol.com:443 181.224.183.105 - - [14/Jun/2025:07:29:52 +0000] "POST / HTTP/1.1" 404 108352 "-" "Mozilla/5.0 (Macintosh; Intel Mac OS X 10_15_7) AppleWebKit/537.36 (KHTML, like Gecko) Chrome/133.0.0.0 Safari/537.36"
mediaeclips.infinitibizsol.com:443 181.224.183.105 - - [14/Jun/2025:07:30:03 +0000] "POST / HTTP/1.1" 404 108262 "-" "Mozilla/5.0 (Windows NT 10.0; Win64; x64) AppleWebKit/537.36 (KHTML, like Gecko) Chrome/120.0.0.0 Safari/537.36"
mediaeclips.infinitibizsol.com:443 80.85.245.250 - - [14/Jun/2025:07:30:09 +0000] "GET /comments/feed/ HTTP/1.1" 404 937 "-" "Mozilla/5.0 (Macintosh; Intel Mac OS X 10_15_7) AppleWebKit/537.36 (KHTML, like Gecko) Chrome/133.0.0.0 Safari/537.36"
mediaeclips.infinitibizsol.com:443 80.85.245.250 - - [14/Jun/2025:07:30:11 +0000] "GET /graphic-design/ HTTP/1.1" 404 65442 "-" "Mozilla/5.0 (Macintosh; Intel Mac OS X 10_15_7) AppleWebKit/537.36 (KHTML, like Gecko) Chrome/133.0.0.0 Safari/537.36"
mediaeclips.infinitibizsol.com:443 181.224.183.105 - - [14/Jun/2025:07:30:20 +0000] "POST /graphic-design/ HTTP/1.1" 404 65390 "-" "Mozilla/5.0 (Macintosh; Intel Mac OS X 10_15_7) AppleWebKit/537.36 (KHTML, like Gecko) Chrome/133.0.0.0 Safari/537.36"
mediaeclips.infinitibizsol.com:443 181.224.183.105 - - [14/Jun/2025:07:30:28 +0000] "POST /graphic-design/ HTTP/1.1" 404 65334 "-" "Mozilla/5.0 (Windows NT 10.0; Win64; x64) AppleWebKit/537.36 (KHTML, like Gecko) Chrome/120.0.0.0 Safari/537.36"
mediaeclips.infinitibizsol.com:443 80.85.245.250 - - [14/Jun/2025:07:30:29 +0000] "GET /blogs/ HTTP/1.1" 404 57796 "-" "Mozilla/5.0 (Macintosh; Intel Mac OS X 10_15_7) AppleWebKit/537.36 (KHTML, like Gecko) Chrome/133.0.0.0 Safari/537.36"
mediaeclips.infinitibizsol.com:443 181.224.183.105 - - [14/Jun/2025:07:30:42 +0000] "POST /blogs/ HTTP/1.1" 404 57834 "-" "Mozilla/5.0 (Macintosh; Intel Mac OS X 10_15_7) AppleWebKit/537.36 (KHTML, like Gecko) Chrome/133.0.0.0 Safari/537.36"
mediaeclips.infinitibizsol.com:443 47.238.13.6 - - [14/Jun/2025:07:30:45 +0000] "GET /category/content-marketing/ HTTP/1.1" 404 50282 "-" "Mozilla/5.0 (Macintosh; Intel Mac OS X 10_15_7) AppleWebKit/537.36 (KHTML, like Gecko) Chrome/109.0.0.0 Safari/537.36"
mediaeclips.infinitibizsol.com:443 181.224.183.105 - - [14/Jun/2025:07:30:49 +0000] "POST /blogs/ HTTP/1.1" 404 57747 "-" "Mozilla/5.0 (Windows NT 10.0; Win64; x64) AppleWebKit/537.36 (KHTML, like Gecko) Chrome/120.0.0.0 Safari/537.36"
mediaeclips.infinitibizsol.com:443 80.85.245.250 - - [14/Jun/2025:07:30:51 +0000] "GET /blogs/page/2/ HTTP/1.1" 404 57697 "-" "Mozilla/5.0 (Macintosh; Intel Mac OS X 10_15_7) AppleWebKit/537.36 (KHTML, like Gecko) Chrome/133.0.0.0 Safari/537.36"
mediaeclips.infinitibizsol.com:443 181.224.183.105 - - [14/Jun/2025:07:31:02 +0000] "POST /blogs/page/2/ HTTP/1.1" 404 57687 "-" "Mozilla/5.0 (Macintosh; Intel Mac OS X 10_15_7) AppleWebKit/537.36 (KHTML, like Gecko) Chrome/133.0.0.0 Safari/537.36"
mediaeclips.infinitibizsol.com:443 181.224.183.105 - - [14/Jun/2025:07:31:10 +0000] "POST /blogs/page/2/ HTTP/1.1" 404 57742 "-" "Mozilla/5.0 (Windows NT 10.0; Win64; x64) AppleWebKit/537.36 (KHTML, like Gecko) Chrome/120.0.0.0 Safari/537.36"
mediaeclips.infinitibizsol.com:443 80.85.245.250 - - [14/Jun/2025:07:31:11 +0000] "GET /blogs/page/3/ HTTP/1.1" 404 57942 "-" "Mozilla/5.0 (Macintosh; Intel Mac OS X 10_15_7) AppleWebKit/537.36 (KHTML, like Gecko) Chrome/133.0.0.0 Safari/537.36"
mediaeclips.infinitibizsol.com:443 181.224.183.105 - - [14/Jun/2025:07:31:20 +0000] "POST /blogs/page/3/ HTTP/1.1" 404 58002 "-" "Mozilla/5.0 (Macintosh; Intel Mac OS X 10_15_7) AppleWebKit/537.36 (KHTML, like Gecko) Chrome/133.0.0.0 Safari/537.36"
mediaeclips.infinitibizsol.com:443 181.224.183.105 - - [14/Jun/2025:07:31:28 +0000] "POST /blogs/page/3/ HTTP/1.1" 404 57850 "-" "Mozilla/5.0 (Windows NT 10.0; Win64; x64) AppleWebKit/537.36 (KHTML, like Gecko) Chrome/120.0.0.0 Safari/537.36"
mediaeclips.infinitibizsol.com:443 80.85.245.250 - - [14/Jun/2025:07:31:30 +0000] "GET /blogs/page/4/ HTTP/1.1" 404 57967 "-" "Mozilla/5.0 (Macintosh; Intel Mac OS X 10_15_7) AppleWebKit/537.36 (KHTML, like Gecko) Chrome/133.0.0.0 Safari/537.36"
mediaeclips.infinitibizsol.com:80 185.39.19.34 - - [14/Jun/2025:07:31:33 +0000] "GET / HTTP/1.0" 404 0 "http://mediaeclips.com/" "Mozilla/5.0 (Windows NT 10.0; Win64; x64) AppleWebKit/537.36 (KHTML, like Gecko) Chrome/130.0.0.0 Safari/537.36"
mediaeclips.infinitibizsol.com:443 181.224.183.105 - - [14/Jun/2025:07:31:38 +0000] "POST /blogs/page/4/ HTTP/1.1" 404 57949 "-" "Mozilla/5.0 (Macintosh; Intel Mac OS X 10_15_7) AppleWebKit/537.36 (KHTML, like Gecko) Chrome/133.0.0.0 Safari/537.36"
mediaeclips.infinitibizsol.com:80 185.39.19.34 - - [14/Jun/2025:07:31:38 +0000] "GET / HTTP/1.0" 404 0 "http://mediaeclips.com/" "Mozilla/5.0 (Windows NT 10.0; Win64; x64) AppleWebKit/537.36 (KHTML, like Gecko) Chrome/130.0.0.0 Safari/537.36"
mediaeclips.infinitibizsol.com:443 181.224.183.105 - - [14/Jun/2025:07:31:45 +0000] "POST /blogs/page/4/ HTTP/1.1" 404 57860 "-" "Mozilla/5.0 (Windows NT 10.0; Win64; x64) AppleWebKit/537.36 (KHTML, like Gecko) Chrome/120.0.0.0 Safari/537.36"
mediaeclips.infinitibizsol.com:443 80.85.245.250 - - [14/Jun/2025:07:31:46 +0000] "GET /blogs/page/6/ HTTP/1.1" 404 58062 "-" "Mozilla/5.0 (Macintosh; Intel Mac OS X 10_15_7) AppleWebKit/537.36 (KHTML, like Gecko) Chrome/133.0.0.0 Safari/537.36"
mediaeclips.infinitibizsol.com:443 181.224.183.105 - - [14/Jun/2025:07:31:56 +0000] "POST /blogs/page/6/ HTTP/1.1" 404 58099 "-" "Mozilla/5.0 (Macintosh; Intel Mac OS X 10_15_7) AppleWebKit/537.36 (KHTML, like Gecko) Chrome/133.0.0.0 Safari/537.36"
mediaeclips.infinitibizsol.com:443 181.224.183.105 - - [14/Jun/2025:07:32:04 +0000] "POST /blogs/page/6/ HTTP/1.1" 404 57991 "-" "Mozilla/5.0 (Windows NT 10.0; Win64; x64) AppleWebKit/537.36 (KHTML, like Gecko) Chrome/120.0.0.0 Safari/537.36"
mediaeclips.infinitibizsol.com:443 80.85.245.250 - - [14/Jun/2025:07:32:06 +0000] "GET /blogs/page/7/ HTTP/1.1" 404 57999 "-" "Mozilla/5.0 (Macintosh; Intel Mac OS X 10_15_7) AppleWebKit/537.36 (KHTML, like Gecko) Chrome/133.0.0.0 Safari/537.36"
mediaeclips.infinitibizsol.com:443 181.224.183.105 - - [14/Jun/2025:07:32:14 +0000] "POST /blogs/page/7/ HTTP/1.1" 404 58016 "-" "Mozilla/5.0 (Macintosh; Intel Mac OS X 10_15_7) AppleWebKit/537.36 (KHTML, like Gecko) Chrome/133.0.0.0 Safari/537.36"
mediaeclips.infinitibizsol.com:443 181.224.183.105 - - [14/Jun/2025:07:32:22 +0000] "POST /blogs/page/7/ HTTP/1.1" 404 58063 "-" "Mozilla/5.0 (Windows NT 10.0; Win64; x64) AppleWebKit/537.36 (KHTML, like Gecko) Chrome/120.0.0.0 Safari/537.36"
mediaeclips.infinitibizsol.com:443 80.85.245.250 - - [14/Jun/2025:07:32:24 +0000] "GET /blogs/page/8/ HTTP/1.1" 404 55996 "-" "Mozilla/5.0 (Macintosh; Intel Mac OS X 10_15_7) AppleWebKit/537.36 (KHTML, like Gecko) Chrome/133.0.0.0 Safari/537.36"
mediaeclips.infinitibizsol.com:443 181.224.183.105 - - [14/Jun/2025:07:32:31 +0000] "POST /blogs/page/8/ HTTP/1.1" 404 56039 "-" "Mozilla/5.0 (Macintosh; Intel Mac OS X 10_15_7) AppleWebKit/537.36 (KHTML, like Gecko) Chrome/133.0.0.0 Safari/537.36"
mediaeclips.infinitibizsol.com:80 5.161.177.123 - - [14/Jun/2025:07:32:36 +0000] "POST /wp-load.php?77819a=99170 HTTP/1.1" 200 1748 "-" "Mozilla/5.0 (Windows NT 10.0; Win64; x64) AppleWebKit/537.36 (KHTML, like Gecko) Chrome/104.0.5112.97 Safari/537.36"
mediaeclips.infinitibizsol.com:443 181.224.183.105 - - [14/Jun/2025:07:32:42 +0000] "POST /blogs/page/8/ HTTP/1.1" 404 55947 "-" "Mozilla/5.0 (Windows NT 10.0; Win64; x64) AppleWebKit/537.36 (KHTML, like Gecko) Chrome/120.0.0.0 Safari/537.36"
mediaeclips.infinitibizsol.com:443 80.85.245.250 - - [14/Jun/2025:07:32:44 +0000] "GET /category/ux-ui-design/ HTTP/1.1" 404 48033 "-" "Mozilla/5.0 (Macintosh; Intel Mac OS X 10_15_7) AppleWebKit/537.36 (KHTML, like Gecko) Chrome/133.0.0.0 Safari/537.36"
mediaeclips.infinitibizsol.com:443 181.224.183.105 - - [14/Jun/2025:07:32:51 +0000] "POST /category/ux-ui-design/ HTTP/1.1" 404 47969 "-" "Mozilla/5.0 (Macintosh; Intel Mac OS X 10_15_7) AppleWebKit/537.36 (KHTML, like Gecko) Chrome/133.0.0.0 Safari/537.36"
mediaeclips.infinitibizsol.com:443 181.224.183.105 - - [14/Jun/2025:07:32:58 +0000] "POST /category/ux-ui-design/ HTTP/1.1" 404 47894 "-" "Mozilla/5.0 (Windows NT 10.0; Win64; x64) AppleWebKit/537.36 (KHTML, like Gecko) Chrome/120.0.0.0 Safari/537.36"
mediaeclips.infinitibizsol.com:443 80.85.245.250 - - [14/Jun/2025:07:32:59 +0000] "GET /contact-us/ HTTP/1.1" 404 61011 "-" "Mozilla/5.0 (Macintosh; Intel Mac OS X 10_15_7) AppleWebKit/537.36 (KHTML, like Gecko) Chrome/133.0.0.0 Safari/537.36"
mediaeclips.infinitibizsol.com:443 181.224.183.105 - - [14/Jun/2025:07:33:08 +0000] "POST /contact-us/ HTTP/1.1" 404 61367 "-" "Mozilla/5.0 (Macintosh; Intel Mac OS X 10_15_7) AppleWebKit/537.36 (KHTML, like Gecko) Chrome/133.0.0.0 Safari/537.36"
mediaeclips.infinitibizsol.com:443 162.0.223.40 - - [14/Jun/2025:07:33:15 +0000] "POST /wp-cron.php?doing_wp_cron=1749886394.8170680999755859375000 HTTP/1.1" 499 0 "-" "WordPress/6.5.5; https://mediaeclips.com"
mediaeclips.infinitibizsol.com:443 181.224.183.105 - - [14/Jun/2025:07:33:18 +0000] "POST /contact-us/ HTTP/1.1" 404 60923 "-" "Mozilla/5.0 (Windows NT 10.0; Win64; x64) AppleWebKit/537.36 (KHTML, like Gecko) Chrome/120.0.0.0 Safari/537.36"
mediaeclips.infinitibizsol.com:443 51.222.253.12 - - [14/Jun/2025:07:33:25 +0000] "GET /tag/seo-trends/ HTTP/1.1" 404 47760 "-" "Mozilla/5.0 (compatible; AhrefsBot/7.0; +http://ahrefs.com/robot/)"
mediaeclips.infinitibizsol.com:443 181.224.183.105 - - [14/Jun/2025:07:33:26 +0000] "POST /contact-us/ HTTP/1.1" 404 60979 "-" "Mozilla/5.0 (Macintosh; Intel Mac OS X 10_15_7) AppleWebKit/537.36 (KHTML, like Gecko) Chrome/133.0.0.0 Safari/537.36"
mediaeclips.infinitibizsol.com:443 181.224.183.105 - - [14/Jun/2025:07:33:33 +0000] "POST /contact-us/ HTTP/1.1" 404 60930 "-" "Mozilla/5.0 (Windows NT 10.0; Win64; x64) AppleWebKit/537.36 (KHTML, like Gecko) Chrome/120.0.0.0 Safari/537.36"
mediaeclips.infinitibizsol.com:80 80.85.245.250 - - [14/Jun/2025:07:33:38 +0000] "GET /contact-us HTTP/1.1" 404 5 "-" "Mozilla/5.0 (Macintosh; Intel Mac OS X 10_15_7) AppleWebKit/537.36 (KHTML, like Gecko) Chrome/133.0.0.0 Safari/537.36"
mediaeclips.infinitibizsol.com:443 80.85.245.250 - - [14/Jun/2025:07:33:39 +0000] "GET /how-to-create-an-effective-seo-strategy/ HTTP/1.1" 404 107260 "-" "Mozilla/5.0 (Macintosh; Intel Mac OS X 10_15_7) AppleWebKit/537.36 (KHTML, like Gecko) Chrome/133.0.0.0 Safari/537.36"
mediaeclips.infinitibizsol.com:443 181.224.183.105 - - [14/Jun/2025:07:33:46 +0000] "POST /wp-comments-post.php HTTP/1.1" 200 2566 "-" "Mozilla/5.0 (Macintosh; Intel Mac OS X 10_15_7) AppleWebKit/537.36 (KHTML, like Gecko) Chrome/133.0.0.0 Safari/537.36"
mediaeclips.infinitibizsol.com:443 181.224.183.105 - - [14/Jun/2025:07:33:51 +0000] "POST /wp-comments-post.php HTTP/1.1" 200 5 "-" "Mozilla/5.0 (Windows NT 10.0; Win64; x64) AppleWebKit/537.36 (KHTML, like Gecko) Chrome/120.0.0.0 Safari/537.36"
mediaeclips.infinitibizsol.com:443 181.224.183.105 - - [14/Jun/2025:07:34:01 +0000] "POST /how-to-create-an-effective-seo-strategy/ HTTP/1.1" 404 107192 "-" "Mozilla/5.0 (Macintosh; Intel Mac OS X 10_15_7) AppleWebKit/537.36 (KHTML, like Gecko) Chrome/133.0.0.0 Safari/537.36"
mediaeclips.infinitibizsol.com:443 181.224.183.105 - - [14/Jun/2025:07:34:10 +0000] "POST /how-to-create-an-effective-seo-strategy/ HTTP/1.1" 404 107110 "-" "Mozilla/5.0 (Windows NT 10.0; Win64; x64) AppleWebKit/537.36 (KHTML, like Gecko) Chrome/120.0.0.0 Safari/537.36"
mediaeclips.infinitibizsol.com:443 80.85.245.250 - - [14/Jun/2025:07:34:15 +0000] "GET /how-to-create-an-effective-seo-strategy/feed/ HTTP/1.1" 404 1001 "-" "Mozilla/5.0 (Macintosh; Intel Mac OS X 10_15_7) AppleWebKit/537.36 (KHTML, like Gecko) Chrome/133.0.0.0 Safari/537.36"
mediaeclips.infinitibizsol.com:443 80.85.245.250 - - [14/Jun/2025:07:34:17 +0000] "GET /how-to-create-an-effective-seo-strategy/ HTTP/1.1" 404 107260 "-" "Mozilla/5.0 (Macintosh; Intel Mac OS X 10_15_7) AppleWebKit/537.36 (KHTML, like Gecko) Chrome/133.0.0.0 Safari/537.36"
mediaeclips.infinitibizsol.com:443 181.224.183.105 - - [14/Jun/2025:07:34:24 +0000] "POST /wp-comments-post.php HTTP/1.1" 200 2566 "-" "Mozilla/5.0 (Macintosh; Intel Mac OS X 10_15_7) AppleWebKit/537.36 (KHTML, like Gecko) Chrome/133.0.0.0 Safari/537.36"
mediaeclips.infinitibizsol.com:443 181.224.183.105 - - [14/Jun/2025:07:34:29 +0000] "POST /wp-comments-post.php HTTP/1.1" 200 5 "-" "Mozilla/5.0 (Windows NT 10.0; Win64; x64) AppleWebKit/537.36 (KHTML, like Gecko) Chrome/120.0.0.0 Safari/537.36"
mediaeclips.infinitibizsol.com:443 181.224.183.105 - - [14/Jun/2025:07:34:38 +0000] "POST /how-to-create-an-effective-seo-strategy/ HTTP/1.1" 404 107200 "-" "Mozilla/5.0 (Macintosh; Intel Mac OS X 10_15_7) AppleWebKit/537.36 (KHTML, like Gecko) Chrome/133.0.0.0 Safari/537.36"
mediaeclips.infinitibizsol.com:443 181.224.183.105 - - [14/Jun/2025:07:34:47 +0000] "POST /how-to-create-an-effective-seo-strategy/ HTTP/1.1" 404 107102 "-" "Mozilla/5.0 (Windows NT 10.0; Win64; x64) AppleWebKit/537.36 (KHTML, like Gecko) Chrome/120.0.0.0 Safari/537.36"
mediaeclips.infinitibizsol.com:443 51.222.253.10 - - [14/Jun/2025:07:38:59 +0000] "GET /tag/popular-seo-trends/ HTTP/1.1" 404 47920 "-" "Mozilla/5.0 (compatible; AhrefsBot/7.0; +http://ahrefs.com/robot/)"
mediaeclips.infinitibizsol.com:443 162.0.223.40 - - [14/Jun/2025:07:44:30 +0000] "POST /wp-cron.php?doing_wp_cron=1749887069.4789230823516845703125 HTTP/1.1" 499 0 "-" "WordPress/6.5.5; https://mediaeclips.com"
mediaeclips.infinitibizsol.com:443 51.222.253.2 - - [14/Jun/2025:07:44:31 +0000] "GET /tag/seo-and-sem/ HTTP/1.1" 404 47876 "-" "Mozilla/5.0 (compatible; AhrefsBot/7.0; +http://ahrefs.com/robot/)"
mediaeclips.infinitibizsol.com:80 5.161.201.188 - - [14/Jun/2025:07:47:47 +0000] "POST /wp-load.php?34063a=21199 HTTP/1.1" 200 1748 "-" "Mozilla/5.0 (Windows NT 10.0; Win64; x64) AppleWebKit/537.36 (KHTML, like Gecko) Chrome/104.0.5112.97 Safari/537.36"
mediaeclips.infinitibizsol.com:443 162.0.223.40 - - [14/Jun/2025:07:49:42 +0000] "POST /wp-cron.php?doing_wp_cron=1749887381.2228980064392089843750 HTTP/1.1" 499 0 "-" "WordPress/6.5.5; https://mediaeclips.com"
mediaeclips.infinitibizsol.com:443 51.222.253.11 - - [14/Jun/2025:07:49:42 +0000] "GET /tag/social-media-strategy/ HTTP/1.1" 404 47904 "-" "Mozilla/5.0 (compatible; AhrefsBot/7.0; +http://ahrefs.com/robot/)"
mediaeclips.infinitibizsol.com:80 5.161.250.15 - - [14/Jun/2025:07:52:36 +0000] "POST /wp-load.php?43b8ca=17308 HTTP/1.1" 200 2676 "http://mediaeclips.com/" "Mozilla/5.0 (Windows NT 10.0; Win64; x64) AppleWebKit/537.36 (KHTML, like Gecko) Chrome/104.0.5112.97 Safari/537.36"
mediaeclips.infinitibizsol.com:80 188.245.58.208 - - [14/Jun/2025:07:52:38 +0000] "POST /wp-load.php?81fcfd=71464 HTTP/1.1" 200 2676 "http://mediaeclips.com/" "Mozilla/5.0 (Windows NT 10.0; Win64; x64) AppleWebKit/537.36 (KHTML, like Gecko) Chrome/104.0.5112.97 Safari/537.36"
mediaeclips.infinitibizsol.com:80 178.156.128.204 - - [14/Jun/2025:07:52:40 +0000] "POST /wp-load.php?65cc71=18206 HTTP/1.1" 200 2676 "http://mediaeclips.com/" "Mozilla/5.0 (Windows NT 10.0; Win64; x64) AppleWebKit/537.36 (KHTML, like Gecko) Chrome/104.0.5112.97 Safari/537.36"
mediaeclips.infinitibizsol.com:80 5.161.69.178 - - [14/Jun/2025:07:52:43 +0000] "POST /wp-load.php?6c4826=82335 HTTP/1.1" 200 11049 "http://mediaeclips.com/" "Mozilla/5.0 (Windows NT 10.0; Win64; x64) AppleWebKit/537.36 (KHTML, like Gecko) Chrome/104.0.5112.97 Safari/537.36"
mediaeclips.infinitibizsol.com:80 178.156.128.204 - - [14/Jun/2025:07:52:45 +0000] "POST /wp-load.php?037295=30267 HTTP/1.1" 200 1844 "http://mediaeclips.com/" "Mozilla/5.0 (Windows NT 10.0; Win64; x64) AppleWebKit/537.36 (KHTML, like Gecko) Chrome/104.0.5112.97 Safari/537.36"
mediaeclips.infinitibizsol.com:80 178.156.128.204 - - [14/Jun/2025:07:52:48 +0000] "POST /wp-load.php?c09f14=77271 HTTP/1.1" 200 20161 "http://mediaeclips.com/" "Mozilla/5.0 (Windows NT 10.0; Win64; x64) AppleWebKit/537.36 (KHTML, like Gecko) Chrome/104.0.5112.97 Safari/537.36"
mediaeclips.infinitibizsol.com:80 5.161.52.234 - - [14/Jun/2025:07:52:53 +0000] "GET /wp-load.php?bvprms=ZXlKMWMyVnlibUZ0WlNJNklsbFhVblJoVnpROUlpd2lZblp3ZEdsdFpTSTZNVGMwT1RnNE56VTJPWDA9&bvprmsmac=aa187c1a5919b9d3de0c019f51ae46e53281100a&sersafe=bvprms&unser%5B%5D=bvprms&b64%5B%5D=bvprms&b64%5B%5D=bvprms&wing=manage&bvplugname=airlift&bvb64=true&bvreqmerge=true&apipage=blogvault&checksum=md5&bvb64resp=true&afterload=true&memset=512&bvTime=1749887569&bvVersion=0.1&bvMethod=atolgn&pubkey=e46aad5359fbdc0dd1b7ffec78df281f&sha1=true&sighshalgo&sig=MWP5SV1bY%2Bk9mRbyX4o4kZ7BL1WxY3sgVQ5pqGRE1G2LM6jf2o1h6X6D3g8FoZiTJ6rgl48t91lM9aopHe8BqJzd9Buasp1VxRdqhsQZMZu7ZeacrbZuNuFEB8ip9mJM1muvxgoBFa5VciZigBJ3D6BvNUsp5pUfeuRPOs%2FX3ua%2B49oZ12NOaNhLeDWXBY0qGBpsjcyfLEvK8VCi8Do6N1ij4YtN61U2JsZjBBhO0LLZrMdWESk8G%2BfDs0fQtZ5OjVSprdsNDiCao2qCVWWrZefj6zZNKQcVHWsLQdluo6zXwr42yGZAiKPZuCi7zEuBKqprSQCCbLFiRUkS%2Fq8oUw%3D%3D HTTP/1.1" 302 5 "http://mediaeclips.com/" "Mozilla/5.0 (Windows NT 10.0; Win64; x64) AppleWebKit/537.36 (KHTML, like Gecko) Chrome/104.0.5112.97 Safari/537.36"
mediaeclips.infinitibizsol.com:80 5.161.69.178 - - [14/Jun/2025:07:52:56 +0000] "POST /wp-load.php?80c553=47389 HTTP/1.1" 200 1748 "-" "Mozilla/5.0 (Windows NT 10.0; Win64; x64) AppleWebKit/537.36 (KHTML, like Gecko) Chrome/104.0.5112.97 Safari/537.36"
mediaeclips.infinitibizsol.com:80 178.156.128.204 - - [14/Jun/2025:07:53:02 +0000] "POST /wp-admin/admin-ajax.php?344ee9=74780 HTTP/1.1" 200 92061 "http://mediaeclips.com/" "Mozilla/5.0 (Windows NT 10.0; Win64; x64) AppleWebKit/537.36 (KHTML, like Gecko) Chrome/104.0.5112.97 Safari/537.36"
mediaeclips.infinitibizsol.com:80 5.161.177.123 - - [14/Jun/2025:07:53:05 +0000] "POST /wp-load.php?b06f1b=6283 HTTP/1.1" 200 1612 "http://mediaeclips.com/" "Mozilla/5.0 (Windows NT 10.0; Win64; x64) AppleWebKit/537.36 (KHTML, like Gecko) Chrome/104.0.5112.97 Safari/537.36"
mediaeclips.infinitibizsol.com:80 139.180.180.168 - - [14/Jun/2025:07:53:08 +0000] "POST /wp-load.php?d740f8=12956 HTTP/1.1" 200 19188 "http://mediaeclips.com/" "Mozilla/5.0 (Windows NT 10.0; Win64; x64) AppleWebKit/537.36 (KHTML, like Gecko) Chrome/104.0.5112.97 Safari/537.36"
mediaeclips.infinitibizsol.com:80 5.161.201.188 - - [14/Jun/2025:07:53:10 +0000] "POST /wp-load.php?7ef4fc=35761 HTTP/1.1" 200 1564 "http://mediaeclips.com/" "Mozilla/5.0 (Windows NT 10.0; Win64; x64) AppleWebKit/537.36 (KHTML, like Gecko) Chrome/104.0.5112.97 Safari/537.36"
mediaeclips.infinitibizsol.com:80 178.156.128.204 - - [14/Jun/2025:07:53:12 +0000] "POST /wp-load.php?f63475=37345 HTTP/1.1" 200 1746 "http://mediaeclips.com/" "Mozilla/5.0 (Windows NT 10.0; Win64; x64) AppleWebKit/537.36 (KHTML, like Gecko) Chrome/104.0.5112.97 Safari/537.36"
mediaeclips.infinitibizsol.com:80 139.180.180.168 - - [14/Jun/2025:07:53:15 +0000] "POST /wp-load.php?2a488e=94601 HTTP/1.1" 200 4705 "http://mediaeclips.com/" "Mozilla/5.0 (Windows NT 10.0; Win64; x64) AppleWebKit/537.36 (KHTML, like Gecko) Chrome/104.0.5112.97 Safari/537.36"
mediaeclips.infinitibizsol.com:80 5.161.177.123 - - [14/Jun/2025:07:53:17 +0000] "POST /wp-load.php?321220=7033 HTTP/1.1" 200 1624 "http://mediaeclips.com/" "Mozilla/5.0 (Windows NT 10.0; Win64; x64) AppleWebKit/537.36 (KHTML, like Gecko) Chrome/104.0.5112.97 Safari/537.36"
mediaeclips.infinitibizsol.com:80 5.161.201.188 - - [14/Jun/2025:07:53:21 +0000] "POST /wp-load.php?d1481d=27075 HTTP/1.1" 200 1588 "http://mediaeclips.com/" "Mozilla/5.0 (Windows NT 10.0; Win64; x64) AppleWebKit/537.36 (KHTML, like Gecko) Chrome/104.0.5112.97 Safari/537.36"
mediaeclips.infinitibizsol.com:80 5.161.69.178 - - [14/Jun/2025:07:53:23 +0000] "POST /wp-load.php?7b0498=30238 HTTP/1.1" 200 1680 "http://mediaeclips.com/" "Mozilla/5.0 (Windows NT 10.0; Win64; x64) AppleWebKit/537.36 (KHTML, like Gecko) Chrome/104.0.5112.97 Safari/537.36"
mediaeclips.infinitibizsol.com:80 139.180.180.168 - - [14/Jun/2025:07:53:26 +0000] "POST /wp-load.php?a3e371=27899 HTTP/1.1" 200 1592 "http://mediaeclips.com/" "Mozilla/5.0 (Windows NT 10.0; Win64; x64) AppleWebKit/537.36 (KHTML, like Gecko) Chrome/104.0.5112.97 Safari/537.36"
mediaeclips.infinitibizsol.com:80 139.180.180.168 - - [14/Jun/2025:07:53:29 +0000] "POST /wp-load.php?76fde6=11516 HTTP/1.1" 200 1752 "http://mediaeclips.com/" "Mozilla/5.0 (Windows NT 10.0; Win64; x64) AppleWebKit/537.36 (KHTML, like Gecko) Chrome/104.0.5112.97 Safari/537.36"
mediaeclips.infinitibizsol.com:80 162.0.223.40 - - [14/Jun/2025:07:53:36 +0000] "POST /wp-cron.php?doing_wp_cron=1749887615.3455989360809326171875 HTTP/1.1" 499 0 "-" "WordPress/6.5.5; https://mediaeclips.com"
mediaeclips.infinitibizsol.com:80 5.161.44.164 - - [14/Jun/2025:07:53:36 +0000] "POST /3d3575bfdbbb89375458de425188906e84f47bf1661939cd40f5d3d2138e3e33.php?7dda26=95903 HTTP/1.1" 404 5 "http://mediaeclips.com/" "Mozilla/5.0 (Windows NT 10.0; Win64; x64) AppleWebKit/537.36 (KHTML, like Gecko) Chrome/104.0.5112.97 Safari/537.36"
mediaeclips.infinitibizsol.com:80 5.161.216.238 - - [14/Jun/2025:07:53:40 +0000] "POST /3d3575bfdbbb89375458de425188906e84f47bf1661939cd40f5d3d2138e3e33.php?499865=8141 HTTP/1.1" 404 5 "http://mediaeclips.com/" "Mozilla/5.0 (Windows NT 10.0; Win64; x64) AppleWebKit/537.36 (KHTML, like Gecko) Chrome/104.0.5112.97 Safari/537.36"
mediaeclips.infinitibizsol.com:80 5.161.250.15 - - [14/Jun/2025:07:53:45 +0000] "POST /3d3575bfdbbb89375458de425188906e84f47bf1661939cd40f5d3d2138e3e33.php?8e5115=18306 HTTP/1.1" 404 5 "http://mediaeclips.com/" "Mozilla/5.0 (Windows NT 10.0; Win64; x64) AppleWebKit/537.36 (KHTML, like Gecko) Chrome/104.0.5112.97 Safari/537.36"
mediaeclips.infinitibizsol.com:80 5.161.216.238 - - [14/Jun/2025:07:53:49 +0000] "POST /3d3575bfdbbb89375458de425188906e84f47bf1661939cd40f5d3d2138e3e33.php?0c4ece=59103 HTTP/1.1" 404 5 "http://mediaeclips.com/" "Mozilla/5.0 (Windows NT 10.0; Win64; x64) AppleWebKit/537.36 (KHTML, like Gecko) Chrome/104.0.5112.97 Safari/537.36"
mediaeclips.infinitibizsol.com:80 139.180.180.168 - - [14/Jun/2025:07:53:55 +0000] "POST /3d3575bfdbbb89375458de425188906e84f47bf1661939cd40f5d3d2138e3e33.php?781c98=40770 HTTP/1.1" 404 5 "http://mediaeclips.com/" "Mozilla/5.0 (Windows NT 10.0; Win64; x64) AppleWebKit/537.36 (KHTML, like Gecko) Chrome/104.0.5112.97 Safari/537.36"
mediaeclips.infinitibizsol.com:80 178.156.128.204 - - [14/Jun/2025:07:54:01 +0000] "POST /3d3575bfdbbb89375458de425188906e84f47bf1661939cd40f5d3d2138e3e33.php?39775e=96447 HTTP/1.1" 404 5 "http://mediaeclips.com/" "Mozilla/5.0 (Windows NT 10.0; Win64; x64) AppleWebKit/537.36 (KHTML, like Gecko) Chrome/104.0.5112.97 Safari/537.36"
mediaeclips.infinitibizsol.com:80 5.161.106.94 - - [14/Jun/2025:07:54:03 +0000] "POST /wp-load.php?01bcc4=22224 HTTP/1.1" 200 1752 "http://mediaeclips.com/" "Mozilla/5.0 (Windows NT 10.0; Win64; x64) AppleWebKit/537.36 (KHTML, like Gecko) Chrome/104.0.5112.97 Safari/537.36"
mediaeclips.infinitibizsol.com:80 5.161.106.94 - - [14/Jun/2025:07:54:07 +0000] "POST /wp-load.php?691157=34738 HTTP/1.1" 200 29224 "http://mediaeclips.com/" "Mozilla/5.0 (Windows NT 10.0; Win64; x64) AppleWebKit/537.36 (KHTML, like Gecko) Chrome/104.0.5112.97 Safari/537.36"
mediaeclips.infinitibizsol.com:80 5.161.216.238 - - [14/Jun/2025:07:54:10 +0000] "POST /wp-load.php?602302=5586 HTTP/1.1" 200 1616 "http://mediaeclips.com/" "Mozilla/5.0 (Windows NT 10.0; Win64; x64) AppleWebKit/537.36 (KHTML, like Gecko) Chrome/104.0.5112.97 Safari/537.36"
mediaeclips.infinitibizsol.com:80 5.161.69.178 - - [14/Jun/2025:07:54:10 +0000] "POST /wp-load.php?009351=97152 HTTP/1.1" 200 35647 "http://mediaeclips.com/" "Mozilla/5.0 (Windows NT 10.0; Win64; x64) AppleWebKit/537.36 (KHTML, like Gecko) Chrome/104.0.5112.97 Safari/537.36"
mediaeclips.infinitibizsol.com:80 5.161.250.15 - - [14/Jun/2025:07:54:12 +0000] "POST /wp-load.php?bbb47a=37950 HTTP/1.1" 200 3978 "http://mediaeclips.com/" "Mozilla/5.0 (Windows NT 10.0; Win64; x64) AppleWebKit/537.36 (KHTML, like Gecko) Chrome/104.0.5112.97 Safari/537.36"
mediaeclips.infinitibizsol.com:80 5.161.177.123 - - [14/Jun/2025:07:54:14 +0000] "POST /wp-load.php?892946=99708 HTTP/1.1" 200 15071 "http://mediaeclips.com/" "Mozilla/5.0 (Windows NT 10.0; Win64; x64) AppleWebKit/537.36 (KHTML, like Gecko) Chrome/104.0.5112.97 Safari/537.36"
mediaeclips.infinitibizsol.com:80 139.180.180.168 - - [14/Jun/2025:07:54:26 +0000] "POST /wp-load.php?d0dfd2=39585 HTTP/1.1" 200 2732 "http://mediaeclips.com/" "Mozilla/5.0 (Windows NT 10.0; Win64; x64) AppleWebKit/537.36 (KHTML, like Gecko) Chrome/104.0.5112.97 Safari/537.36"
mediaeclips.infinitibizsol.com:80 139.180.180.168 - - [14/Jun/2025:07:54:26 +0000] "POST /wp-load.php?445898=74019 HTTP/1.1" 200 4593 "http://mediaeclips.com/" "Mozilla/5.0 (Windows NT 10.0; Win64; x64) AppleWebKit/537.36 (KHTML, like Gecko) Chrome/104.0.5112.97 Safari/537.36"
mediaeclips.infinitibizsol.com:80 5.161.106.94 - - [14/Jun/2025:07:54:33 +0000] "POST /wp-load.php?84449c=2009 HTTP/1.1" 200 8365 "http://mediaeclips.com/" "Mozilla/5.0 (Windows NT 10.0; Win64; x64) AppleWebKit/537.36 (KHTML, like Gecko) Chrome/104.0.5112.97 Safari/537.36"
mediaeclips.infinitibizsol.com:80 5.161.106.94 - - [14/Jun/2025:07:54:38 +0000] "POST /wp-load.php?abee2e=80407 HTTP/1.1" 200 2580 "http://mediaeclips.com/" "Mozilla/5.0 (Windows NT 10.0; Win64; x64) AppleWebKit/537.36 (KHTML, like Gecko) Chrome/104.0.5112.97 Safari/537.36"
mediaeclips.infinitibizsol.com:443 51.222.253.8 - - [14/Jun/2025:07:54:44 +0000] "GET /tag/risks-of-ai-content/ HTTP/1.1" 404 48086 "-" "Mozilla/5.0 (compatible; AhrefsBot/7.0; +http://ahrefs.com/robot/)"
mediaeclips.infinitibizsol.com:443 178.156.128.204 - null [14/Jun/2025:07:54:45 +0000] "GET /?bvspeed=true?x=24308048361853 HTTP/1.1" 404 5 "https://www.google.com/" "Mozilla/5.0 (X11; Linux x86_64) AppleWebKit/537.36 (KHTML, like Gecko) Chrome/117.0.0.0 Safari/537.36"
mediaeclips.infinitibizsol.com:443 5.161.201.188 - - [14/Jun/2025:07:54:46 +0000] "GET /?before_optm=true&bv_print_buffer=true&nonitro=true&two_nooptimize=true&x=robots.txt HTTP/1.1" 404 108462 "-" "Mozilla/5.0 (Windows NT 10.0; Win64; x64) AppleWebKit/537.36 (KHTML, like Gecko) Chrome/Chrome/129.0.0.0 Safari/537.36"
mediaeclips.infinitibizsol.com:443 5.161.201.188 - - [14/Jun/2025:07:54:48 +0000] "GET /?bvspeed=true HTTP/1.1" 404 108280 "-" "Mozilla/5.0 (Linux; Android 11; moto g power (2022)) AppleWebKit/537.36 (KHTML, like Gecko) Chrome/109.0.0.0 Mobile Safari/537.36"
mediaeclips.infinitibizsol.com:443 5.161.201.188 - - [14/Jun/2025:07:54:48 +0000] "GET /wp-content/plugins/contact-form-7/includes/css/styles.css?ver=5.9.4 HTTP/1.1" 200 2894 "https://mediaeclips.com/?bvspeed=true" "Mozilla/5.0 (Linux; Android 11; moto g power (2022)) AppleWebKit/537.36 (KHTML, like Gecko) Chrome/109.0.0.0 Mobile Safari/537.36"
mediaeclips.infinitibizsol.com:443 5.161.201.188 - - [14/Jun/2025:07:54:48 +0000] "GET /wp-content/themes/ziptech/css/responsive.css?ver=6.5.5 HTTP/1.1" 200 9773 "https://mediaeclips.com/?bvspeed=true" "Mozilla/5.0 (Linux; Android 11; moto g power (2022)) AppleWebKit/537.36 (KHTML, like Gecko) Chrome/109.0.0.0 Mobile Safari/537.36"
mediaeclips.infinitibizsol.com:443 5.161.201.188 - - [14/Jun/2025:07:54:48 +0000] "GET /wp-content/themes/ziptech/css/style-dark.css?ver=6.5.5 HTTP/1.1" 200 4282 "https://mediaeclips.com/?bvspeed=true" "Mozilla/5.0 (Linux; Android 11; moto g power (2022)) AppleWebKit/537.36 (KHTML, like Gecko) Chrome/109.0.0.0 Mobile Safari/537.36"
mediaeclips.infinitibizsol.com:443 5.161.201.188 - - [14/Jun/2025:07:54:48 +0000] "GET /wp-content/themes/ziptech/style.css?ver=2023-03-20 HTTP/1.1" 200 10974 "https://mediaeclips.com/?bvspeed=true" "Mozilla/5.0 (Linux; Android 11; moto g power (2022)) AppleWebKit/537.36 (KHTML, like Gecko) Chrome/109.0.0.0 Mobile Safari/537.36"
mediaeclips.infinitibizsol.com:443 5.161.201.188 - - [14/Jun/2025:07:54:48 +0000] "GET /wp-content/themes/ziptech/css/style.css?ver=6.5.5 HTTP/1.1" 200 256580 "https://mediaeclips.com/?bvspeed=true" "Mozilla/5.0 (Linux; Android 11; moto g power (2022)) AppleWebKit/537.36 (KHTML, like Gecko) Chrome/109.0.0.0 Mobile Safari/537.36"
mediaeclips.infinitibizsol.com:443 5.161.201.188 - - [14/Jun/2025:07:54:48 +0000] "GET /wp-content/plugins/elementskit-lite/modules/elementskit-icon-pack/assets/css/ekiticons.css?ver=3.1.3 HTTP/1.1" 200 124837 "https://mediaeclips.com/?bvspeed=true" "Mozilla/5.0 (Linux; Android 11; moto g power (2022)) AppleWebKit/537.36 (KHTML, like Gecko) Chrome/109.0.0.0 Mobile Safari/537.36"
mediaeclips.infinitibizsol.com:443 5.161.201.188 - - [14/Jun/2025:07:54:49 +0000] "GET /wp-content/plugins/tablepress/css/build/default.css?ver=2.3.1 HTTP/1.1" 200 6087 "https://mediaeclips.com/?bvspeed=true" "Mozilla/5.0 (Linux; Android 11; moto g power (2022)) AppleWebKit/537.36 (KHTML, like Gecko) Chrome/109.0.0.0 Mobile Safari/537.36"
mediaeclips.infinitibizsol.com:443 5.161.201.188 - - [14/Jun/2025:07:54:49 +0000] "GET /wp-content/plugins/elementor/assets/css/frontend-lite.min.css?ver=3.21.5 HTTP/1.1" 200 118945 "https://mediaeclips.com/?bvspeed=true" "Mozilla/5.0 (Linux; Android 11; moto g power (2022)) AppleWebKit/537.36 (KHTML, like Gecko) Chrome/109.0.0.0 Mobile Safari/537.36"
mediaeclips.infinitibizsol.com:443 5.161.201.188 - - [14/Jun/2025:07:54:49 +0000] "GET /wp-content/plugins/elementor/assets/lib/eicons/css/elementor-icons.min.css?ver=5.29.0 HTTP/1.1" 200 19778 "https://mediaeclips.com/?bvspeed=true" "Mozilla/5.0 (Linux; Android 11; moto g power (2022)) AppleWebKit/537.36 (KHTML, like Gecko) Chrome/109.0.0.0 Mobile Safari/537.36"
mediaeclips.infinitibizsol.com:443 5.161.201.188 - - [14/Jun/2025:07:54:49 +0000] "GET /wp-content/uploads/elementor/css/post-9.css?ver=1715183195 HTTP/1.1" 200 1168 "https://mediaeclips.com/?bvspeed=true" "Mozilla/5.0 (Linux; Android 11; moto g power (2022)) AppleWebKit/537.36 (KHTML, like Gecko) Chrome/109.0.0.0 Mobile Safari/537.36"
mediaeclips.infinitibizsol.com:443 5.161.201.188 - - [14/Jun/2025:07:54:49 +0000] "GET /wp-content/plugins/elementor/assets/lib/swiper/v8/css/swiper.min.css?ver=8.4.5 HTTP/1.1" 200 16471 "https://mediaeclips.com/?bvspeed=true" "Mozilla/5.0 (Linux; Android 11; moto g power (2022)) AppleWebKit/537.36 (KHTML, like Gecko) Chrome/109.0.0.0 Mobile Safari/537.36"
mediaeclips.infinitibizsol.com:443 5.161.201.188 - - [14/Jun/2025:07:54:49 +0000] "GET /wp-content/uploads/elementor/css/global.css?ver=1715183195 HTTP/1.1" 200 46618 "https://mediaeclips.com/?bvspeed=true" "Mozilla/5.0 (Linux; Android 11; moto g power (2022)) AppleWebKit/537.36 (KHTML, like Gecko) Chrome/109.0.0.0 Mobile Safari/537.36"
mediaeclips.infinitibizsol.com:443 5.161.201.188 - - [14/Jun/2025:07:54:49 +0000] "GET /wp-content/plugins/elementor-pro/assets/css/frontend-lite.min.css?ver=3.19.3 HTTP/1.1" 200 11053 "https://mediaeclips.com/?bvspeed=true" "Mozilla/5.0 (Linux; Android 11; moto g power (2022)) AppleWebKit/537.36 (KHTML, like Gecko) Chrome/109.0.0.0 Mobile Safari/537.36"
mediaeclips.infinitibizsol.com:443 5.161.201.188 - - [14/Jun/2025:07:54:49 +0000] "GET /wp-content/uploads/elementor/css/post-107.css?ver=1715800560 HTTP/1.1" 200 30721 "https://mediaeclips.com/?bvspeed=true" "Mozilla/5.0 (Linux; Android 11; moto g power (2022)) AppleWebKit/537.36 (KHTML, like Gecko) Chrome/109.0.0.0 Mobile Safari/537.36"
mediaeclips.infinitibizsol.com:443 5.161.201.188 - - [14/Jun/2025:07:54:49 +0000] "GET /wp-content/plugins/elementskit-lite/widgets/init/assets/css/responsive.css?ver=3.1.3 HTTP/1.1" 200 30299 "https://mediaeclips.com/?bvspeed=true" "Mozilla/5.0 (Linux; Android 11; moto g power (2022)) AppleWebKit/537.36 (KHTML, like Gecko) Chrome/109.0.0.0 Mobile Safari/537.36"
mediaeclips.infinitibizsol.com:443 5.161.201.188 - - [14/Jun/2025:07:54:49 +0000] "GET /wp-content/plugins/elementskit-lite/widgets/init/assets/css/widget-styles.css?ver=3.1.3 HTTP/1.1" 200 445845 "https://mediaeclips.com/?bvspeed=true" "Mozilla/5.0 (Linux; Android 11; moto g power (2022)) AppleWebKit/537.36 (KHTML, like Gecko) Chrome/109.0.0.0 Mobile Safari/537.36"
mediaeclips.infinitibizsol.com:443 5.161.201.188 - - [14/Jun/2025:07:54:49 +0000] "GET /wp-content/plugins/elementor/assets/lib/font-awesome/css/fontawesome.min.css?ver=5.15.3 HTTP/1.1" 200 58071 "https://mediaeclips.com/?bvspeed=true" "Mozilla/5.0 (Linux; Android 11; moto g power (2022)) AppleWebKit/537.36 (KHTML, like Gecko) Chrome/109.0.0.0 Mobile Safari/537.36"
mediaeclips.infinitibizsol.com:443 5.161.201.188 - - [14/Jun/2025:07:54:49 +0000] "GET /wp-content/plugins/elementor/assets/lib/font-awesome/css/solid.min.css?ver=5.15.3 HTTP/1.1" 200 669 "https://mediaeclips.com/?bvspeed=true" "Mozilla/5.0 (Linux; Android 11; moto g power (2022)) AppleWebKit/537.36 (KHTML, like Gecko) Chrome/109.0.0.0 Mobile Safari/537.36"
mediaeclips.infinitibizsol.com:443 5.161.201.188 - - [14/Jun/2025:07:54:49 +0000] "GET /wp-content/themes/ziptech/css/bootstrap.min.css HTTP/1.1" 200 155845 "https://mediaeclips.com/wp-content/themes/ziptech/css/style.css?ver=6.5.5" "Mozilla/5.0 (Linux; Android 11; moto g power (2022)) AppleWebKit/537.36 (KHTML, like Gecko) Chrome/109.0.0.0 Mobile Safari/537.36"
mediaeclips.infinitibizsol.com:443 5.161.201.188 - - [14/Jun/2025:07:54:49 +0000] "GET /wp-content/plugins/essential-addons-for-elementor-lite/assets/front-end/css/view/general.min.css?ver=5.9.21 HTTP/1.1" 200 3829 "https://mediaeclips.com/?bvspeed=true" "Mozilla/5.0 (Linux; Android 11; moto g power (2022)) AppleWebKit/537.36 (KHTML, like Gecko) Chrome/109.0.0.0 Mobile Safari/537.36"
mediaeclips.infinitibizsol.com:443 5.161.201.188 - - [14/Jun/2025:07:54:49 +0000] "GET /wp-content/themes/ziptech/fonts/fontawesome/css/all.css HTTP/1.1" 200 72670 "https://mediaeclips.com/wp-content/themes/ziptech/css/style.css?ver=6.5.5" "Mozilla/5.0 (Linux; Android 11; moto g power (2022)) AppleWebKit/537.36 (KHTML, like Gecko) Chrome/109.0.0.0 Mobile Safari/537.36"
mediaeclips.infinitibizsol.com:443 5.161.201.188 - - [14/Jun/2025:07:54:49 +0000] "GET /wp-content/themes/ziptech/fonts/webexbaseicon/style.css HTTP/1.1" 200 28784 "https://mediaeclips.com/wp-content/themes/ziptech/css/style.css?ver=6.5.5" "Mozilla/5.0 (Linux; Android 11; moto g power (2022)) AppleWebKit/537.36 (KHTML, like Gecko) Chrome/109.0.0.0 Mobile Safari/537.36"
