mediaeclips.infinitibizsol.com:443 51.222.253.9 - - [14/Jun/2025:02:06:13 +0000] "GET /tag/best-social-media-marketing-tools/feed/ HTTP/1.1" 304 0 "-" "Mozilla/5.0 (compatible; AhrefsBot/7.0; +http://ahrefs.com/robot/)"
mediaeclips.infinitibizsol.com:80 162.0.223.40 - - [14/Jun/2025:02:10:08 +0000] "POST /wp-cron.php?doing_wp_cron=1749867007.8142869472503662109375 HTTP/1.1" 499 0 "-" "WordPress/6.5.5; https://mediaeclips.com"
mediaeclips.infinitibizsol.com:80 192.145.30.64 - - [14/Jun/2025:02:10:08 +0000] "GET /wp-content/plugins/wp-time-capsule/wptc-dialog.css HTTP/1.1" 301 5 "-" "Mozilla/5.0 (X11; Linux i686 on x86_64; rv:51.0) Gecko/20100101 Firefox/51.0"
mediaeclips.infinitibizsol.com:443 192.145.30.64 - - [14/Jun/2025:02:10:10 +0000] "GET / HTTP/1.1" 404 108420 "-" "Mozilla/5.0 (X11; Linux i686 on x86_64; rv:51.0) Gecko/20100101 Firefox/51.0"
mediaeclips.infinitibizsol.com:443 51.222.253.17 - - [14/Jun/2025:02:10:26 +0000] "GET /tag/web-development-trends-in-2024/feed/ HTTP/1.1" 304 0 "-" "Mozilla/5.0 (compatible; AhrefsBot/7.0; +http://ahrefs.com/robot/)"
mediaeclips.infinitibizsol.com:80 5.161.250.15 - - [14/Jun/2025:02:14:36 +0000] "POST /wp-load.php?fd3c7f=69977 HTTP/1.1" 200 1748 "-" "Mozilla/5.0 (Windows NT 10.0; Win64; x64) AppleWebKit/537.36 (KHTML, like Gecko) Chrome/104.0.5112.97 Safari/537.36"
mediaeclips.infinitibizsol.com:443 162.0.223.40 - - [14/Jun/2025:02:14:50 +0000] "POST /wp-cron.php?doing_wp_cron=1749867289.8190209865570068359375 HTTP/1.1" 499 0 "-" "WordPress/6.5.5; https://mediaeclips.com"
mediaeclips.infinitibizsol.com:443 51.222.253.9 - - [14/Jun/2025:02:14:50 +0000] "GET /tag/ppc-and-seo/feed/ HTTP/1.1" 304 0 "-" "Mozilla/5.0 (compatible; AhrefsBot/7.0; +http://ahrefs.com/robot/)"
mediaeclips.infinitibizsol.com:443 162.0.223.40 - - [14/Jun/2025:02:19:19 +0000] "POST /wp-cron.php?doing_wp_cron=1749867558.8497760295867919921875 HTTP/1.1" 499 0 "-" "WordPress/6.5.5; https://mediaeclips.com"
mediaeclips.infinitibizsol.com:443 51.222.253.17 - - [14/Jun/2025:02:19:19 +0000] "GET /tag/google-business-profile/feed/ HTTP/1.1" 304 0 "-" "Mozilla/5.0 (compatible; AhrefsBot/7.0; +http://ahrefs.com/robot/)"
mediaeclips.infinitibizsol.com:443 162.0.223.40 - - [14/Jun/2025:02:23:39 +0000] "POST /wp-cron.php?doing_wp_cron=1749867818.4412679672241210937500 HTTP/1.1" 499 0 "-" "WordPress/6.5.5; https://mediaeclips.com"
mediaeclips.infinitibizsol.com:443 51.222.253.16 - - [14/Jun/2025:02:23:39 +0000] "GET /tag/impact-of-ai-on-digital-marketing/feed/ HTTP/1.1" 304 0 "-" "Mozilla/5.0 (compatible; AhrefsBot/7.0; +http://ahrefs.com/robot/)"
mediaeclips.infinitibizsol.com:443 51.222.253.20 - - [14/Jun/2025:02:27:48 +0000] "GET /category/uncategorized/feed/ HTTP/1.1" 304 0 "-" "Mozilla/5.0 (compatible; AhrefsBot/7.0; +http://ahrefs.com/robot/)"
mediaeclips.infinitibizsol.com:80 5.161.106.94 - - [14/Jun/2025:02:29:46 +0000] "POST /wp-load.php?8138a6=24700 HTTP/1.1" 200 1748 "-" "Mozilla/5.0 (Windows NT 10.0; Win64; x64) AppleWebKit/537.36 (KHTML, like Gecko) Chrome/104.0.5112.97 Safari/537.36"
mediaeclips.infinitibizsol.com:443 162.0.223.40 - - [14/Jun/2025:02:31:44 +0000] "POST /wp-cron.php?doing_wp_cron=1749868303.8159348964691162109375 HTTP/1.1" 499 0 "-" "WordPress/6.5.5; https://mediaeclips.com"
mediaeclips.infinitibizsol.com:443 51.222.253.17 - - [14/Jun/2025:02:31:44 +0000] "GET /tag/what-is-search-engine-marketing/feed/ HTTP/1.1" 304 0 "-" "Mozilla/5.0 (compatible; AhrefsBot/7.0; +http://ahrefs.com/robot/)"
mediaeclips.infinitibizsol.com:80 54.89.8.136 - - [14/Jun/2025:02:33:21 +0000] "GET / HTTP/1.1" 499 0 "-" "axios/1.9.0"
mediaeclips.infinitibizsol.com:80 162.0.223.40 - - [14/Jun/2025:02:33:22 +0000] "POST /wp-cron.php?doing_wp_cron=1749868401.0379068851470947265625 HTTP/1.1" 499 0 "-" "WordPress/6.5.5; https://mediaeclips.com"
mediaeclips.infinitibizsol.com:80 54.89.8.136 - - [14/Jun/2025:02:33:29 +0000] "GET / HTTP/1.1" 499 0 "-" "axios/1.9.0"
mediaeclips.infinitibizsol.com:443 51.222.253.9 - - [14/Jun/2025:02:35:59 +0000] "GET /tag/what-is-seo/feed/ HTTP/1.1" 304 0 "-" "Mozilla/5.0 (compatible; AhrefsBot/7.0; +http://ahrefs.com/robot/)"
mediaeclips.infinitibizsol.com:443 162.0.223.40 - - [14/Jun/2025:02:40:59 +0000] "POST /wp-cron.php?doing_wp_cron=1749868858.5468730926513671875000 HTTP/1.1" 499 0 "-" "WordPress/6.5.5; https://mediaeclips.com"
mediaeclips.infinitibizsol.com:443 51.222.253.7 - - [14/Jun/2025:02:40:59 +0000] "GET /author/admin/feed/ HTTP/1.1" 304 0 "-" "Mozilla/5.0 (compatible; AhrefsBot/7.0; +http://ahrefs.com/robot/)"
mediaeclips.infinitibizsol.com:80 5.161.250.15 - - [14/Jun/2025:02:44:56 +0000] "POST /wp-load.php?2849b5=17069 HTTP/1.1" 200 1748 "-" "Mozilla/5.0 (Windows NT 10.0; Win64; x64) AppleWebKit/537.36 (KHTML, like Gecko) Chrome/104.0.5112.97 Safari/537.36"
mediaeclips.infinitibizsol.com:443 162.0.223.40 - - [14/Jun/2025:02:45:50 +0000] "POST /wp-cron.php?doing_wp_cron=1749869149.2281301021575927734375 HTTP/1.1" 499 0 "-" "WordPress/6.5.5; https://mediaeclips.com"
mediaeclips.infinitibizsol.com:443 51.222.253.2 - - [14/Jun/2025:02:45:50 +0000] "GET /tag/use-of-ai-for-seo/feed/ HTTP/1.1" 304 0 "-" "Mozilla/5.0 (compatible; AhrefsBot/7.0; +http://ahrefs.com/robot/)"
mediaeclips.infinitibizsol.com:80 162.0.223.40 - - [14/Jun/2025:02:49:33 +0000] "POST /wp-cron.php?doing_wp_cron=1749869372.5884130001068115234375 HTTP/1.1" 499 0 "-" "WordPress/6.5.5; https://mediaeclips.com"
mediaeclips.infinitibizsol.com:80 143.244.183.164 - - [14/Jun/2025:02:49:33 +0000] "GET /uploaded_script.php HTTP/1.1" 404 5 "www.google.com" "Mozilla/5.0 (Linux; Android 7.0; SM-G892A Build/NRD90M; wv) AppleWebKit/537.36 (KHTML, like Gecko) Version/4.0 Chrome/60.0.3112.107 Mobile Safari/537.36"
mediaeclips.infinitibizsol.com:443 143.244.183.164 - - [14/Jun/2025:02:49:38 +0000] "GET /uploaded_script.php HTTP/1.1" 404 5 "www.google.com" "Mozilla/5.0 (Linux; Android 7.0; SM-G892A Build/NRD90M; wv) AppleWebKit/537.36 (KHTML, like Gecko) Version/4.0 Chrome/60.0.3112.107 Mobile Safari/537.36"
mediaeclips.infinitibizsol.com:443 51.222.253.5 - - [14/Jun/2025:02:50:22 +0000] "GET /tag/local-seo-plano/feed/ HTTP/1.1" 304 0 "-" "Mozilla/5.0 (compatible; AhrefsBot/7.0; +http://ahrefs.com/robot/)"
mediaeclips.infinitibizsol.com:443 185.157.214.24 - - [14/Jun/2025:02:50:33 +0000] "GET / HTTP/1.1" 404 108421 "-" "Mozilla/5.0 (Macintosh; Intel Mac OS X 10_15_7) AppleWebKit/537.36 (KHTML, like Gecko) Chrome/133.0.0.0 Safari/537.36"
mediaeclips.infinitibizsol.com:443 201.20.81.114 - - [14/Jun/2025:02:50:40 +0000] "POST / HTTP/1.1" 404 108709 "-" "Mozilla/5.0 (Macintosh; Intel Mac OS X 10_15_7) AppleWebKit/537.36 (KHTML, like Gecko) Chrome/133.0.0.0 Safari/537.36"
mediaeclips.infinitibizsol.com:443 201.20.81.114 - - [14/Jun/2025:02:50:48 +0000] "POST / HTTP/1.1" 404 108284 "-" "Mozilla/5.0 (Windows NT 10.0; Win64; x64) AppleWebKit/537.36 (KHTML, like Gecko) Chrome/120.0.0.0 Safari/537.36"
mediaeclips.infinitibizsol.com:443 201.20.81.114 - - [14/Jun/2025:02:50:54 +0000] "POST / HTTP/1.1" 404 108393 "-" "Mozilla/5.0 (Macintosh; Intel Mac OS X 10_15_7) AppleWebKit/537.36 (KHTML, like Gecko) Chrome/133.0.0.0 Safari/537.36"
mediaeclips.infinitibizsol.com:443 201.20.81.114 - - [14/Jun/2025:02:51:02 +0000] "POST / HTTP/1.1" 404 108309 "-" "Mozilla/5.0 (Windows NT 10.0; Win64; x64) AppleWebKit/537.36 (KHTML, like Gecko) Chrome/120.0.0.0 Safari/537.36"
mediaeclips.infinitibizsol.com:443 185.157.214.24 - - [14/Jun/2025:02:51:09 +0000] "GET /comments/feed/ HTTP/1.1" 404 937 "-" "Mozilla/5.0 (Macintosh; Intel Mac OS X 10_15_7) AppleWebKit/537.36 (KHTML, like Gecko) Chrome/133.0.0.0 Safari/537.36"
mediaeclips.infinitibizsol.com:443 185.157.214.24 - - [14/Jun/2025:02:51:10 +0000] "GET /graphic-design/ HTTP/1.1" 404 65442 "-" "Mozilla/5.0 (Macintosh; Intel Mac OS X 10_15_7) AppleWebKit/537.36 (KHTML, like Gecko) Chrome/133.0.0.0 Safari/537.36"
mediaeclips.infinitibizsol.com:443 201.20.81.114 - - [14/Jun/2025:02:51:18 +0000] "POST /graphic-design/ HTTP/1.1" 404 65396 "-" "Mozilla/5.0 (Macintosh; Intel Mac OS X 10_15_7) AppleWebKit/537.36 (KHTML, like Gecko) Chrome/133.0.0.0 Safari/537.36"
mediaeclips.infinitibizsol.com:443 201.20.81.114 - - [14/Jun/2025:02:51:27 +0000] "POST /graphic-design/ HTTP/1.1" 404 65306 "-" "Mozilla/5.0 (Windows NT 10.0; Win64; x64) AppleWebKit/537.36 (KHTML, like Gecko) Chrome/120.0.0.0 Safari/537.36"
mediaeclips.infinitibizsol.com:443 185.157.214.24 - - [14/Jun/2025:02:51:29 +0000] "GET /blogs/ HTTP/1.1" 404 57796 "-" "Mozilla/5.0 (Macintosh; Intel Mac OS X 10_15_7) AppleWebKit/537.36 (KHTML, like Gecko) Chrome/133.0.0.0 Safari/537.36"
mediaeclips.infinitibizsol.com:443 201.20.81.114 - - [14/Jun/2025:02:51:36 +0000] "POST /blogs/ HTTP/1.1" 404 57861 "-" "Mozilla/5.0 (Macintosh; Intel Mac OS X 10_15_7) AppleWebKit/537.36 (KHTML, like Gecko) Chrome/133.0.0.0 Safari/537.36"
mediaeclips.infinitibizsol.com:443 201.20.81.114 - - [14/Jun/2025:02:51:42 +0000] "POST /blogs/ HTTP/1.1" 404 57756 "-" "Mozilla/5.0 (Windows NT 10.0; Win64; x64) AppleWebKit/537.36 (KHTML, like Gecko) Chrome/120.0.0.0 Safari/537.36"
mediaeclips.infinitibizsol.com:443 185.157.214.24 - - [14/Jun/2025:02:51:43 +0000] "GET /blogs/page/2/ HTTP/1.1" 404 57697 "-" "Mozilla/5.0 (Macintosh; Intel Mac OS X 10_15_7) AppleWebKit/537.36 (KHTML, like Gecko) Chrome/133.0.0.0 Safari/537.36"
mediaeclips.infinitibizsol.com:443 201.20.81.114 - - [14/Jun/2025:02:51:50 +0000] "POST /blogs/page/2/ HTTP/1.1" 404 57773 "-" "Mozilla/5.0 (Macintosh; Intel Mac OS X 10_15_7) AppleWebKit/537.36 (KHTML, like Gecko) Chrome/133.0.0.0 Safari/537.36"
mediaeclips.infinitibizsol.com:443 201.20.81.114 - - [14/Jun/2025:02:51:56 +0000] "POST /blogs/page/2/ HTTP/1.1" 404 57658 "-" "Mozilla/5.0 (Windows NT 10.0; Win64; x64) AppleWebKit/537.36 (KHTML, like Gecko) Chrome/120.0.0.0 Safari/537.36"
mediaeclips.infinitibizsol.com:443 185.157.214.24 - - [14/Jun/2025:02:51:57 +0000] "GET /blogs/page/3/ HTTP/1.1" 404 57934 "-" "Mozilla/5.0 (Macintosh; Intel Mac OS X 10_15_7) AppleWebKit/537.36 (KHTML, like Gecko) Chrome/133.0.0.0 Safari/537.36"
mediaeclips.infinitibizsol.com:443 201.20.81.114 - - [14/Jun/2025:02:52:07 +0000] "POST /blogs/page/3/ HTTP/1.1" 404 58033 "-" "Mozilla/5.0 (Macintosh; Intel Mac OS X 10_15_7) AppleWebKit/537.36 (KHTML, like Gecko) Chrome/133.0.0.0 Safari/537.36"
mediaeclips.infinitibizsol.com:443 201.20.81.114 - - [14/Jun/2025:02:52:14 +0000] "POST /blogs/page/3/ HTTP/1.1" 404 57857 "-" "Mozilla/5.0 (Windows NT 10.0; Win64; x64) AppleWebKit/537.36 (KHTML, like Gecko) Chrome/120.0.0.0 Safari/537.36"
mediaeclips.infinitibizsol.com:443 185.157.214.24 - - [14/Jun/2025:02:52:16 +0000] "GET /blogs/page/4/ HTTP/1.1" 404 57951 "-" "Mozilla/5.0 (Macintosh; Intel Mac OS X 10_15_7) AppleWebKit/537.36 (KHTML, like Gecko) Chrome/133.0.0.0 Safari/537.36"
mediaeclips.infinitibizsol.com:443 201.20.81.114 - - [14/Jun/2025:02:52:25 +0000] "POST /blogs/page/4/ HTTP/1.1" 404 57975 "-" "Mozilla/5.0 (Macintosh; Intel Mac OS X 10_15_7) AppleWebKit/537.36 (KHTML, like Gecko) Chrome/133.0.0.0 Safari/537.36"
mediaeclips.infinitibizsol.com:443 201.20.81.114 - - [14/Jun/2025:02:52:31 +0000] "POST /blogs/page/4/ HTTP/1.1" 404 57867 "-" "Mozilla/5.0 (Windows NT 10.0; Win64; x64) AppleWebKit/537.36 (KHTML, like Gecko) Chrome/120.0.0.0 Safari/537.36"
mediaeclips.infinitibizsol.com:443 185.157.214.24 - - [14/Jun/2025:02:52:33 +0000] "GET /blogs/page/6/ HTTP/1.1" 404 58062 "-" "Mozilla/5.0 (Macintosh; Intel Mac OS X 10_15_7) AppleWebKit/537.36 (KHTML, like Gecko) Chrome/133.0.0.0 Safari/537.36"
mediaeclips.infinitibizsol.com:443 201.20.81.114 - - [14/Jun/2025:02:52:41 +0000] "POST /blogs/page/6/ HTTP/1.1" 404 58079 "-" "Mozilla/5.0 (Macintosh; Intel Mac OS X 10_15_7) AppleWebKit/537.36 (KHTML, like Gecko) Chrome/133.0.0.0 Safari/537.36"
mediaeclips.infinitibizsol.com:443 201.20.81.114 - - [14/Jun/2025:02:52:48 +0000] "POST /blogs/page/6/ HTTP/1.1" 404 58058 "-" "Mozilla/5.0 (Windows NT 10.0; Win64; x64) AppleWebKit/537.36 (KHTML, like Gecko) Chrome/120.0.0.0 Safari/537.36"
mediaeclips.infinitibizsol.com:443 185.157.214.24 - - [14/Jun/2025:02:52:50 +0000] "GET /blogs/page/7/ HTTP/1.1" 404 57999 "-" "Mozilla/5.0 (Macintosh; Intel Mac OS X 10_15_7) AppleWebKit/537.36 (KHTML, like Gecko) Chrome/133.0.0.0 Safari/537.36"
mediaeclips.infinitibizsol.com:443 201.20.81.114 - - [14/Jun/2025:02:53:02 +0000] "POST /blogs/page/7/ HTTP/1.1" 404 58029 "-" "Mozilla/5.0 (Macintosh; Intel Mac OS X 10_15_7) AppleWebKit/537.36 (KHTML, like Gecko) Chrome/133.0.0.0 Safari/537.36"
mediaeclips.infinitibizsol.com:443 162.0.223.40 - - [14/Jun/2025:02:53:13 +0000] "POST /wp-cron.php?doing_wp_cron=1749869592.9395279884338378906250 HTTP/1.1" 499 0 "-" "WordPress/6.5.5; https://mediaeclips.com"
mediaeclips.infinitibizsol.com:443 201.20.81.114 - - [14/Jun/2025:02:53:15 +0000] "POST /blogs/page/7/ HTTP/1.1" 404 58179 "-" "Mozilla/5.0 (Windows NT 10.0; Win64; x64) AppleWebKit/537.36 (KHTML, like Gecko) Chrome/120.0.0.0 Safari/537.36"
mediaeclips.infinitibizsol.com:443 185.157.214.24 - - [14/Jun/2025:02:53:17 +0000] "GET /blogs/page/8/ HTTP/1.1" 404 55996 "-" "Mozilla/5.0 (Macintosh; Intel Mac OS X 10_15_7) AppleWebKit/537.36 (KHTML, like Gecko) Chrome/133.0.0.0 Safari/537.36"
mediaeclips.infinitibizsol.com:443 201.20.81.114 - - [14/Jun/2025:02:53:24 +0000] "POST /blogs/page/8/ HTTP/1.1" 404 55994 "-" "Mozilla/5.0 (Macintosh; Intel Mac OS X 10_15_7) AppleWebKit/537.36 (KHTML, like Gecko) Chrome/133.0.0.0 Safari/537.36"
mediaeclips.infinitibizsol.com:443 201.20.81.114 - - [14/Jun/2025:02:53:31 +0000] "POST /blogs/page/8/ HTTP/1.1" 404 56065 "-" "Mozilla/5.0 (Windows NT 10.0; Win64; x64) AppleWebKit/537.36 (KHTML, like Gecko) Chrome/120.0.0.0 Safari/537.36"
mediaeclips.infinitibizsol.com:443 185.157.214.24 - - [14/Jun/2025:02:53:33 +0000] "GET /category/ux-ui-design/ HTTP/1.1" 404 48017 "-" "Mozilla/5.0 (Macintosh; Intel Mac OS X 10_15_7) AppleWebKit/537.36 (KHTML, like Gecko) Chrome/133.0.0.0 Safari/537.36"
mediaeclips.infinitibizsol.com:443 201.20.81.114 - - [14/Jun/2025:02:53:41 +0000] "POST /category/ux-ui-design/ HTTP/1.1" 404 47984 "-" "Mozilla/5.0 (Macintosh; Intel Mac OS X 10_15_7) AppleWebKit/537.36 (KHTML, like Gecko) Chrome/133.0.0.0 Safari/537.36"
mediaeclips.infinitibizsol.com:443 201.20.81.114 - - [14/Jun/2025:02:53:47 +0000] "POST /category/ux-ui-design/ HTTP/1.1" 404 47888 "-" "Mozilla/5.0 (Windows NT 10.0; Win64; x64) AppleWebKit/537.36 (KHTML, like Gecko) Chrome/120.0.0.0 Safari/537.36"
mediaeclips.infinitibizsol.com:443 185.157.214.24 - - [14/Jun/2025:02:53:49 +0000] "GET /contact-us/ HTTP/1.1" 404 61011 "-" "Mozilla/5.0 (Macintosh; Intel Mac OS X 10_15_7) AppleWebKit/537.36 (KHTML, like Gecko) Chrome/133.0.0.0 Safari/537.36"
mediaeclips.infinitibizsol.com:443 201.20.81.114 - - [14/Jun/2025:02:53:57 +0000] "POST /contact-us/ HTTP/1.1" 404 61339 "-" "Mozilla/5.0 (Macintosh; Intel Mac OS X 10_15_7) AppleWebKit/537.36 (KHTML, like Gecko) Chrome/133.0.0.0 Safari/537.36"
mediaeclips.infinitibizsol.com:443 201.20.81.114 - - [14/Jun/2025:02:54:06 +0000] "POST /contact-us/ HTTP/1.1" 404 60917 "-" "Mozilla/5.0 (Windows NT 10.0; Win64; x64) AppleWebKit/537.36 (KHTML, like Gecko) Chrome/120.0.0.0 Safari/537.36"
mediaeclips.infinitibizsol.com:443 201.20.81.114 - - [14/Jun/2025:02:54:32 +0000] "POST /contact-us/ HTTP/1.1" 404 60977 "-" "Mozilla/5.0 (Windows NT 10.0; Win64; x64) AppleWebKit/537.36 (KHTML, like Gecko) Chrome/120.0.0.0 Safari/537.36"
mediaeclips.infinitibizsol.com:80 185.157.214.24 - - [14/Jun/2025:02:54:37 +0000] "GET /contact-us HTTP/1.1" 404 5 "-" "Mozilla/5.0 (Macintosh; Intel Mac OS X 10_15_7) AppleWebKit/537.36 (KHTML, like Gecko) Chrome/133.0.0.0 Safari/537.36"
mediaeclips.infinitibizsol.com:443 185.157.214.24 - - [14/Jun/2025:02:54:39 +0000] "GET /how-to-create-an-effective-seo-strategy/ HTTP/1.1" 404 107260 "-" "Mozilla/5.0 (Macintosh; Intel Mac OS X 10_15_7) AppleWebKit/537.36 (KHTML, like Gecko) Chrome/133.0.0.0 Safari/537.36"
mediaeclips.infinitibizsol.com:443 201.20.81.114 - - [14/Jun/2025:02:54:45 +0000] "POST /wp-comments-post.php HTTP/1.1" 200 2566 "-" "Mozilla/5.0 (Macintosh; Intel Mac OS X 10_15_7) AppleWebKit/537.36 (KHTML, like Gecko) Chrome/133.0.0.0 Safari/537.36"
mediaeclips.infinitibizsol.com:443 201.20.81.114 - - [14/Jun/2025:02:54:50 +0000] "POST /wp-comments-post.php HTTP/1.1" 200 5 "-" "Mozilla/5.0 (Windows NT 10.0; Win64; x64) AppleWebKit/537.36 (KHTML, like Gecko) Chrome/120.0.0.0 Safari/537.36"
mediaeclips.infinitibizsol.com:443 57.141.2.27 - - [14/Jun/2025:02:54:52 +0000] "GET /tag/top-web-development-trends/ HTTP/1.1" 404 47993 "-" "meta-externalagent/1.1 (+https://developers.facebook.com/docs/sharing/webmasters/crawler)"
mediaeclips.infinitibizsol.com:443 201.20.81.114 - - [14/Jun/2025:02:55:07 +0000] "POST /how-to-create-an-effective-seo-strategy/ HTTP/1.1" 404 107206 "-" "Mozilla/5.0 (Macintosh; Intel Mac OS X 10_15_7) AppleWebKit/537.36 (KHTML, like Gecko) Chrome/133.0.0.0 Safari/537.36"
mediaeclips.infinitibizsol.com:443 51.222.253.6 - - [14/Jun/2025:02:55:09 +0000] "GET /tag/video-marketing/feed/ HTTP/1.1" 304 0 "-" "Mozilla/5.0 (compatible; AhrefsBot/7.0; +http://ahrefs.com/robot/)"
mediaeclips.infinitibizsol.com:443 201.20.81.114 - - [14/Jun/2025:02:55:18 +0000] "POST /how-to-create-an-effective-seo-strategy/ HTTP/1.1" 404 107154 "-" "Mozilla/5.0 (Windows NT 10.0; Win64; x64) AppleWebKit/537.36 (KHTML, like Gecko) Chrome/120.0.0.0 Safari/537.36"
mediaeclips.infinitibizsol.com:443 185.157.214.24 - - [14/Jun/2025:02:55:23 +0000] "GET /how-to-create-an-effective-seo-strategy/feed/ HTTP/1.1" 404 1001 "-" "Mozilla/5.0 (Macintosh; Intel Mac OS X 10_15_7) AppleWebKit/537.36 (KHTML, like Gecko) Chrome/133.0.0.0 Safari/537.36"
mediaeclips.infinitibizsol.com:443 185.157.214.24 - - [14/Jun/2025:02:55:25 +0000] "GET /how-to-create-an-effective-seo-strategy/ HTTP/1.1" 404 107260 "-" "Mozilla/5.0 (Macintosh; Intel Mac OS X 10_15_7) AppleWebKit/537.36 (KHTML, like Gecko) Chrome/133.0.0.0 Safari/537.36"
mediaeclips.infinitibizsol.com:443 201.20.81.114 - - [14/Jun/2025:02:55:37 +0000] "POST /wp-comments-post.php HTTP/1.1" 200 2566 "-" "Mozilla/5.0 (Macintosh; Intel Mac OS X 10_15_7) AppleWebKit/537.36 (KHTML, like Gecko) Chrome/133.0.0.0 Safari/537.36"
mediaeclips.infinitibizsol.com:443 201.20.81.114 - - [14/Jun/2025:02:55:42 +0000] "POST /wp-comments-post.php HTTP/1.1" 200 5 "-" "Mozilla/5.0 (Windows NT 10.0; Win64; x64) AppleWebKit/537.36 (KHTML, like Gecko) Chrome/120.0.0.0 Safari/537.36"
mediaeclips.infinitibizsol.com:443 201.20.81.114 - - [14/Jun/2025:02:55:50 +0000] "POST /how-to-create-an-effective-seo-strategy/ HTTP/1.1" 404 107252 "-" "Mozilla/5.0 (Macintosh; Intel Mac OS X 10_15_7) AppleWebKit/537.36 (KHTML, like Gecko) Chrome/133.0.0.0 Safari/537.36"
mediaeclips.infinitibizsol.com:443 201.20.81.114 - - [14/Jun/2025:02:56:05 +0000] "POST /how-to-create-an-effective-seo-strategy/ HTTP/1.1" 404 107138 "-" "Mozilla/5.0 (Windows NT 10.0; Win64; x64) AppleWebKit/537.36 (KHTML, like Gecko) Chrome/120.0.0.0 Safari/537.36"
mediaeclips.infinitibizsol.com:443 57.141.2.25 - - [14/Jun/2025:02:59:06 +0000] "GET /seo-services-in-garladn-tx/ HTTP/1.1" 404 118053 "-" "meta-externalagent/1.1 (+https://developers.facebook.com/docs/sharing/webmasters/crawler)"
mediaeclips.infinitibizsol.com:443 162.0.223.40 - - [14/Jun/2025:02:59:31 +0000] "POST /wp-cron.php?doing_wp_cron=1749869970.6328020095825195312500 HTTP/1.1" 499 0 "-" "WordPress/6.5.5; https://mediaeclips.com"
mediaeclips.infinitibizsol.com:443 51.222.253.15 - - [14/Jun/2025:02:59:31 +0000] "GET /tag/google-my-business/feed/ HTTP/1.1" 304 0 "-" "Mozilla/5.0 (compatible; AhrefsBot/7.0; +http://ahrefs.com/robot/)"
mediaeclips.infinitibizsol.com:80 178.156.128.204 - - [14/Jun/2025:03:00:09 +0000] "POST /wp-load.php?02c473=68591 HTTP/1.1" 200 1748 "-" "Mozilla/5.0 (Windows NT 10.0; Win64; x64) AppleWebKit/537.36 (KHTML, like Gecko) Chrome/104.0.5112.97 Safari/537.36"
mediaeclips.infinitibizsol.com:443 51.222.253.8 - - [14/Jun/2025:03:03:05 +0000] "GET /seo-services-in-allen-tx/ HTTP/1.1" 404 118698 "-" "Mozilla/5.0 (compatible; AhrefsBot/7.0; +http://ahrefs.com/robot/)"
mediaeclips.infinitibizsol.com:443 51.222.253.11 - - [14/Jun/2025:03:07:12 +0000] "GET /category/digital-marketing/seo/ HTTP/1.1" 404 67365 "-" "Mozilla/5.0 (compatible; AhrefsBot/7.0; +http://ahrefs.com/robot/)"
mediaeclips.infinitibizsol.com:443 162.0.223.40 - - [14/Jun/2025:03:11:21 +0000] "POST /wp-cron.php?doing_wp_cron=1749870680.6930339336395263671875 HTTP/1.1" 499 0 "-" "WordPress/6.5.5; https://mediaeclips.com"
mediaeclips.infinitibizsol.com:443 51.222.253.10 - - [14/Jun/2025:03:11:22 +0000] "GET /category/seach-engine-marketing-sem/ HTTP/1.1" 404 52349 "-" "Mozilla/5.0 (compatible; AhrefsBot/7.0; +http://ahrefs.com/robot/)"
mediaeclips.infinitibizsol.com:80 5.161.201.188 - - [14/Jun/2025:03:15:16 +0000] "POST /wp-load.php?3b2d5f=64947 HTTP/1.1" 200 1748 "-" "Mozilla/5.0 (Windows NT 10.0; Win64; x64) AppleWebKit/537.36 (KHTML, like Gecko) Chrome/104.0.5112.97 Safari/537.36"
mediaeclips.infinitibizsol.com:443 51.222.253.19 - - [14/Jun/2025:03:15:22 +0000] "GET /locations/ HTTP/1.1" 404 70254 "-" "Mozilla/5.0 (compatible; AhrefsBot/7.0; +http://ahrefs.com/robot/)"
mediaeclips.infinitibizsol.com:443 51.222.253.8 - - [14/Jun/2025:03:19:22 +0000] "GET /search-engine-marketing/ HTTP/1.1" 404 68730 "-" "Mozilla/5.0 (compatible; AhrefsBot/7.0; +http://ahrefs.com/robot/)"
mediaeclips.infinitibizsol.com:80 162.0.223.40 - - [14/Jun/2025:03:21:27 +0000] "POST /wp-cron.php?doing_wp_cron=1749871286.3029930591583251953125 HTTP/1.1" 499 0 "-" "WordPress/6.5.5; https://mediaeclips.com"
mediaeclips.infinitibizsol.com:80 43.131.39.179 - - [14/Jun/2025:03:21:27 +0000] "GET / HTTP/1.1" 404 5 "-" "Mozilla/5.0 (iPhone; CPU iPhone OS 13_2_3 like Mac OS X) AppleWebKit/605.1.15 (KHTML, like Gecko) Version/13.0.3 Mobile/15E148 Safari/604.1"
mediaeclips.infinitibizsol.com:443 51.222.253.10 - - [14/Jun/2025:03:23:40 +0000] "GET /social-media-marketing/ HTTP/1.1" 404 68764 "-" "Mozilla/5.0 (compatible; AhrefsBot/7.0; +http://ahrefs.com/robot/)"
mediaeclips.infinitibizsol.com:443 162.0.223.40 - - [14/Jun/2025:03:25:53 +0000] "POST /wp-cron.php?doing_wp_cron=1749871552.2909009456634521484375 HTTP/1.1" 499 0 "-" "WordPress/6.5.5; https://mediaeclips.com"
mediaeclips.infinitibizsol.com:443 205.185.121.21 - - [14/Jun/2025:03:25:53 +0000] "GET /wp-login.php HTTP/1.1" 200 6532 "-" "Mozilla/5.0 (Windows NT 6.3; WOW64; rv:31.0) Gecko/20100101 Firefox/31.0"
mediaeclips.infinitibizsol.com:443 205.185.121.21 - - [14/Jun/2025:03:26:08 +0000] "POST /wp-login.php HTTP/1.1" 200 7035 "-" "Mozilla/5.0 (Windows NT 6.3; WOW64; rv:31.0) Gecko/20100101 Firefox/31.0"
mediaeclips.infinitibizsol.com:443 51.222.253.8 - - [14/Jun/2025:03:27:39 +0000] "GET /the-7-inbound-marketing-strategies-you-need-to-know/ HTTP/1.1" 404 109788 "-" "Mozilla/5.0 (compatible; AhrefsBot/7.0; +http://ahrefs.com/robot/)"
mediaeclips.infinitibizsol.com:80 139.180.180.168 - - [14/Jun/2025:03:30:26 +0000] "POST /wp-load.php?46c59d=58383 HTTP/1.1" 200 1748 "-" "Mozilla/5.0 (Windows NT 10.0; Win64; x64) AppleWebKit/537.36 (KHTML, like Gecko) Chrome/104.0.5112.97 Safari/537.36"
mediaeclips.infinitibizsol.com:443 162.0.223.40 - - [14/Jun/2025:03:32:16 +0000] "POST /wp-cron.php?doing_wp_cron=1749871935.7766320705413818359375 HTTP/1.1" 499 0 "-" "WordPress/6.5.5; https://mediaeclips.com"
mediaeclips.infinitibizsol.com:443 51.222.253.19 - - [14/Jun/2025:03:32:18 +0000] "GET /top-5-social-media-platforms-you-should-focus-on/ HTTP/1.1" 404 102354 "-" "Mozilla/5.0 (compatible; AhrefsBot/7.0; +http://ahrefs.com/robot/)"
mediaeclips.infinitibizsol.com:443 51.222.253.3 - - [14/Jun/2025:03:36:39 +0000] "GET /tag/social-media-and-seo/ HTTP/1.1" 404 48007 "-" "Mozilla/5.0 (compatible; AhrefsBot/7.0; +http://ahrefs.com/robot/)"
mediaeclips.infinitibizsol.com:443 162.0.223.40 - - [14/Jun/2025:03:41:15 +0000] "POST /wp-cron.php?doing_wp_cron=1749872473.9819018840789794921875 HTTP/1.1" 499 0 "-" "WordPress/6.5.5; https://mediaeclips.com"
mediaeclips.infinitibizsol.com:443 51.222.253.5 - - [14/Jun/2025:03:41:15 +0000] "GET /tag/social-media-seo/ HTTP/1.1" 404 47919 "-" "Mozilla/5.0 (compatible; AhrefsBot/7.0; +http://ahrefs.com/robot/)"
mediaeclips.infinitibizsol.com:443 216.73.216.160 - - [14/Jun/2025:03:41:20 +0000] "GET /sitemap.xml HTTP/1.1" 404 5 "-" "Mozilla/5.0 AppleWebKit/537.36 (KHTML, like Gecko; compatible; ClaudeBot/1.0; +claudebot@anthropic.com)"
mediaeclips.infinitibizsol.com:80 5.161.250.15 - - [14/Jun/2025:03:45:28 +0000] "POST /wp-load.php?180451=71312 HTTP/1.1" 200 1748 "-" "Mozilla/5.0 (Windows NT 10.0; Win64; x64) AppleWebKit/537.36 (KHTML, like Gecko) Chrome/104.0.5112.97 Safari/537.36"
mediaeclips.infinitibizsol.com:443 162.0.223.40 - - [14/Jun/2025:03:46:17 +0000] "POST /wp-cron.php?doing_wp_cron=1749872776.7855200767517089843750 HTTP/1.1" 499 0 "-" "WordPress/6.5.5; https://mediaeclips.com"
mediaeclips.infinitibizsol.com:443 51.222.253.2 - - [14/Jun/2025:03:46:17 +0000] "GET /goods.php?sitemap.xml HTTP/1.1" 404 5 "-" "Mozilla/5.0 (compatible; AhrefsBot/7.0; +http://ahrefs.com/robot/)"
mediaeclips.infinitibizsol.com:443 162.0.223.40 - - [14/Jun/2025:03:51:30 +0000] "POST /wp-cron.php?doing_wp_cron=1749873089.8300731182098388671875 HTTP/1.1" 499 0 "-" "WordPress/6.5.5; https://mediaeclips.com"
mediaeclips.infinitibizsol.com:443 51.222.253.10 - - [14/Jun/2025:03:51:31 +0000] "GET /sitemap.xml HTTP/1.1" 404 5 "-" "Mozilla/5.0 (compatible; AhrefsBot/7.0; +http://ahrefs.com/robot/)"
mediaeclips.infinitibizsol.com:443 66.249.70.137 - - [14/Jun/2025:03:52:45 +0000] "GET / HTTP/1.1" 404 5 "-" "GoogleBot"
mediaeclips.infinitibizsol.com:443 45.227.253.15 - - [14/Jun/2025:03:56:04 +0000] "GET /index.php/jk HTTP/1.1" 200 54 "-" "Mozilla/5.0 (iPhone; CPU iPhone OS 11_3 like Mac OS X) AppleWebKit/605.1.15 (KHTML, like Gecko) Version/11.0.4 Mobile/15E148 Safari/604.1"
mediaeclips.infinitibizsol.com:443 162.0.223.40 - - [14/Jun/2025:03:56:28 +0000] "POST /wp-cron.php?doing_wp_cron=1749873387.3365340232849121093750 HTTP/1.1" 499 0 "-" "WordPress/6.5.5; https://mediaeclips.com"
mediaeclips.infinitibizsol.com:443 51.222.253.14 - - [14/Jun/2025:03:56:28 +0000] "GET /tag/role-of-email-marketing/feed/ HTTP/1.1" 304 0 "-" "Mozilla/5.0 (compatible; AhrefsBot/7.0; +http://ahrefs.com/robot/)"
mediaeclips.infinitibizsol.com:80 198.235.24.231 - - [14/Jun/2025:03:57:07 +0000] "GET / HTTP/1.1" 404 5 "-" "Expanse, a Palo Alto Networks company, searches across the global IPv4 space multiple times per day to identify customers' presences on the Internet. If you would like to be excluded from our scans, please send IP addresses/domains to: scaninfo@paloaltonetworks.com"
mediaeclips.infinitibizsol.com:80 139.180.180.168 - - [14/Jun/2025:04:00:37 +0000] "POST /wp-load.php?bd80c1=84579 HTTP/1.1" 200 1748 "-" "Mozilla/5.0 (Windows NT 10.0; Win64; x64) AppleWebKit/537.36 (KHTML, like Gecko) Chrome/104.0.5112.97 Safari/537.36"
mediaeclips.infinitibizsol.com:443 162.0.223.40 - - [14/Jun/2025:04:01:20 +0000] "POST /wp-cron.php?doing_wp_cron=1749873679.8622860908508300781250 HTTP/1.1" 499 0 "-" "WordPress/6.5.5; https://mediaeclips.com"
mediaeclips.infinitibizsol.com:443 51.222.253.10 - - [14/Jun/2025:04:01:20 +0000] "GET /tag/effective-local-seo/feed/ HTTP/1.1" 304 0 "-" "Mozilla/5.0 (compatible; AhrefsBot/7.0; +http://ahrefs.com/robot/)"
mediaeclips.infinitibizsol.com:443 162.0.223.40 - - [14/Jun/2025:04:05:02 +0000] "POST /wp-cron.php?doing_wp_cron=1749873901.1440639495849609375000 HTTP/1.1" 499 0 "-" "WordPress/6.5.5; https://mediaeclips.com"
mediaeclips.infinitibizsol.com:443 51.222.253.17 - - [14/Jun/2025:04:05:02 +0000] "GET /tag/what-is-a-digital-marketing-campaign/feed/ HTTP/1.1" 304 0 "-" "Mozilla/5.0 (compatible; AhrefsBot/7.0; +http://ahrefs.com/robot/)"
mediaeclips.infinitibizsol.com:443 57.141.2.26 - - [14/Jun/2025:04:07:10 +0000] "GET /graphic-design/ HTTP/1.1" 404 65450 "-" "meta-externalagent/1.1 (+https://developers.facebook.com/docs/sharing/webmasters/crawler)"
mediaeclips.infinitibizsol.com:443 162.0.223.40 - - [14/Jun/2025:04:08:46 +0000] "POST /wp-cron.php?doing_wp_cron=1749874125.6630280017852783203125 HTTP/1.1" 499 0 "-" "WordPress/6.5.5; https://mediaeclips.com"
mediaeclips.infinitibizsol.com:443 57.141.2.26 - - [14/Jun/2025:04:08:47 +0000] "GET /tag/latest-seo-trends/ HTTP/1.1" 404 47902 "-" "meta-externalagent/1.1 (+https://developers.facebook.com/docs/sharing/webmasters/crawler)"
mediaeclips.infinitibizsol.com:443 51.222.253.15 - - [14/Jun/2025:04:09:15 +0000] "GET /services/feed/ HTTP/1.1" 304 0 "-" "Mozilla/5.0 (compatible; AhrefsBot/7.0; +http://ahrefs.com/robot/)"
mediaeclips.infinitibizsol.com:443 162.0.223.40 - - [14/Jun/2025:04:13:33 +0000] "POST /wp-cron.php?doing_wp_cron=1749874412.3405890464782714843750 HTTP/1.1" 499 0 "-" "WordPress/6.5.5; https://mediaeclips.com"
mediaeclips.infinitibizsol.com:443 51.222.253.14 - - [14/Jun/2025:04:13:33 +0000] "GET /what-is-digital-marketing-and-how-does-it-work/feed/ HTTP/1.1" 304 0 "-" "Mozilla/5.0 (compatible; AhrefsBot/7.0; +http://ahrefs.com/robot/)"
mediaeclips.infinitibizsol.com:80 5.161.69.178 - - [14/Jun/2025:04:15:46 +0000] "POST /wp-load.php?a39583=89708 HTTP/1.1" 200 1748 "-" "Mozilla/5.0 (Windows NT 10.0; Win64; x64) AppleWebKit/537.36 (KHTML, like Gecko) Chrome/104.0.5112.97 Safari/537.36"
mediaeclips.infinitibizsol.com:443 162.0.223.40 - - [14/Jun/2025:04:18:26 +0000] "POST /wp-cron.php?doing_wp_cron=1749874705.0253639221191406250000 HTTP/1.1" 499 0 "-" "WordPress/6.5.5; https://mediaeclips.com"
mediaeclips.infinitibizsol.com:443 51.222.253.8 - - [14/Jun/2025:04:18:26 +0000] "GET /tag/tips-for-successful-social-media-marketing/feed/ HTTP/1.1" 304 0 "-" "Mozilla/5.0 (compatible; AhrefsBot/7.0; +http://ahrefs.com/robot/)"
mediaeclips.infinitibizsol.com:80 198.235.24.137 - - [14/Jun/2025:04:19:40 +0000] "GET / HTTP/1.1" 404 5 "-" "-"
mediaeclips.infinitibizsol.com:443 162.0.223.40 - - [14/Jun/2025:04:23:35 +0000] "POST /wp-cron.php?doing_wp_cron=1749875014.4212949275970458984375 HTTP/1.1" 499 0 "-" "WordPress/6.5.5; https://mediaeclips.com"
mediaeclips.infinitibizsol.com:443 51.222.253.6 - - [14/Jun/2025:04:23:35 +0000] "GET /tag/seo-vs-ppc/feed/ HTTP/1.1" 304 0 "-" "Mozilla/5.0 (compatible; AhrefsBot/7.0; +http://ahrefs.com/robot/)"
mediaeclips.infinitibizsol.com:443 51.222.253.13 - - [14/Jun/2025:04:27:48 +0000] "GET /tag/digital-marketing-campaign/feed/ HTTP/1.1" 304 0 "-" "Mozilla/5.0 (compatible; AhrefsBot/7.0; +http://ahrefs.com/robot/)"
mediaeclips.infinitibizsol.com:80 5.161.106.94 - - [14/Jun/2025:04:31:00 +0000] "POST /wp-load.php?e4ac6a=7600 HTTP/1.1" 200 1748 "-" "Mozilla/5.0 (Windows NT 10.0; Win64; x64) AppleWebKit/537.36 (KHTML, like Gecko) Chrome/104.0.5112.97 Safari/537.36"
mediaeclips.infinitibizsol.com:443 162.0.223.40 - - [14/Jun/2025:04:32:09 +0000] "POST /wp-cron.php?doing_wp_cron=1749875528.7542688846588134765625 HTTP/1.1" 499 0 "-" "WordPress/6.5.5; https://mediaeclips.com"
mediaeclips.infinitibizsol.com:443 51.222.253.6 - - [14/Jun/2025:04:32:09 +0000] "GET /tag/managed-it-services/feed/ HTTP/1.1" 304 0 "-" "Mozilla/5.0 (compatible; AhrefsBot/7.0; +http://ahrefs.com/robot/)"
mediaeclips.infinitibizsol.com:443 162.0.223.40 - - [14/Jun/2025:04:36:44 +0000] "POST /wp-cron.php?doing_wp_cron=1749875803.5427970886230468750000 HTTP/1.1" 499 0 "-" "WordPress/6.5.5; https://mediaeclips.com"
mediaeclips.infinitibizsol.com:443 51.222.253.6 - - [14/Jun/2025:04:36:44 +0000] "GET /tag/videography-services/feed/ HTTP/1.1" 304 0 "-" "Mozilla/5.0 (compatible; AhrefsBot/7.0; +http://ahrefs.com/robot/)"
mediaeclips.infinitibizsol.com:443 162.0.223.40 - - [14/Jun/2025:04:40:51 +0000] "POST /wp-cron.php?doing_wp_cron=1749876050.8447918891906738281250 HTTP/1.1" 499 0 "-" "WordPress/6.5.5; https://mediaeclips.com"
mediaeclips.infinitibizsol.com:443 51.222.253.16 - - [14/Jun/2025:04:40:51 +0000] "GET /tag/what-is-local-seo/feed/ HTTP/1.1" 304 0 "-" "Mozilla/5.0 (compatible; AhrefsBot/7.0; +http://ahrefs.com/robot/)"
mediaeclips.infinitibizsol.com:443 45.61.185.227 - - [14/Jun/2025:04:41:05 +0000] "POST /wp-json/sure-triggers/v1/automation/action HTTP/1.1" 404 125 "-" "Mozilla/5.0 (Macintosh; Intel Mac OS X 10_15_7) AppleWebKit/537.36 (KHTML, like Gecko) Chrome/113.0.0.0 Safari/537.36"
mediaeclips.infinitibizsol.com:443 45.61.185.227 - - [14/Jun/2025:04:41:53 +0000] "GET / HTTP/1.1" 404 108420 "http://www.google.com.hk" "Mozilla/5.0 (Windows NT 6.1; WOW64) AppleWebKit/537.36 (KHTML, like Gecko) Chrome/42.0.2311.90 Safari/537.36"
mediaeclips.infinitibizsol.com:443 57.141.2.26 - - [14/Jun/2025:04:41:59 +0000] "GET /author/admin/ HTTP/1.1" 404 64932 "-" "meta-externalagent/1.1 (+https://developers.facebook.com/docs/sharing/webmasters/crawler)"
mediaeclips.infinitibizsol.com:443 45.61.185.227 - - [14/Jun/2025:04:42:42 +0000] "GET /wp-login.php?wp_lang=e HTTP/1.1" 200 6528 "-" "Mozilla/5.0 (Macintosh; Intel Mac OS X 10_9_4 AppleWebKit/537.36 (KHTML, like Gecko) Chrome/36.0.1985.125 Safari/537.36"
mediaeclips.infinitibizsol.com:443 45.61.185.227 - - [14/Jun/2025:04:42:57 +0000] "POST /wp-login.php?wp_lang=e HTTP/1.1" 200 7031 "-" "Mozilla/5.0 (Macintosh; Intel Mac OS X 10_9_4 AppleWebKit/537.36 (KHTML, like Gecko) Chrome/36.0.1985.125 Safari/537.36"
mediaeclips.infinitibizsol.com:443 162.0.223.40 - - [14/Jun/2025:04:45:43 +0000] "POST /wp-cron.php?doing_wp_cron=1749876342.2609438896179199218750 HTTP/1.1" 499 0 "-" "WordPress/6.5.5; https://mediaeclips.com"
mediaeclips.infinitibizsol.com:443 45.61.185.227 - - [14/Jun/2025:04:45:43 +0000] "GET /?author=1 HTTP/1.1" 404 5 "http://www.google.com.hk" "Mozilla/5.0 (Windows NT 6.1; WOW64) AppleWebKit/537.36 (KHTML, like Gecko) Chrome/42.0.2311.90 Safari/537.36"
mediaeclips.infinitibizsol.com:443 162.0.223.40 - - [14/Jun/2025:04:45:46 +0000] "POST /wp-cron.php?doing_wp_cron=1749876345.3723781108856201171875 HTTP/1.1" 499 0 "-" "WordPress/6.5.5; https://mediaeclips.com"
mediaeclips.infinitibizsol.com:443 51.222.253.7 - - [14/Jun/2025:04:45:46 +0000] "GET /tag/texas-web-design/feed/ HTTP/1.1" 304 0 "-" "Mozilla/5.0 (compatible; AhrefsBot/7.0; +http://ahrefs.com/robot/)"
mediaeclips.infinitibizsol.com:80 5.161.69.178 - - [14/Jun/2025:04:46:06 +0000] "POST /wp-load.php?1a4cf7=21233 HTTP/1.1" 200 1748 "-" "Mozilla/5.0 (Windows NT 10.0; Win64; x64) AppleWebKit/537.36 (KHTML, like Gecko) Chrome/104.0.5112.97 Safari/537.36"
mediaeclips.infinitibizsol.com:443 45.61.185.227 - - [14/Jun/2025:04:46:27 +0000] "GET /wp-login.php?wp_lang=e HTTP/1.1" 200 6528 "-" "Mozilla/5.0 (Macintosh; Intel Mac OS X 10_9_4 AppleWebKit/537.36 (KHTML, like Gecko) Chrome/36.0.1985.125 Safari/537.36"
mediaeclips.infinitibizsol.com:443 45.61.185.227 - - [14/Jun/2025:04:46:47 +0000] "POST /wp-login.php?wp_lang=e HTTP/1.1" 200 6872 "-" "Mozilla/5.0 (Macintosh; Intel Mac OS X 10_9_4 AppleWebKit/537.36 (KHTML, like Gecko) Chrome/36.0.1985.125 Safari/537.36"
mediaeclips.infinitibizsol.com:443 162.0.223.40 - - [14/Jun/2025:04:50:12 +0000] "POST /wp-cron.php?doing_wp_cron=1749876611.4627640247344970703125 HTTP/1.1" 499 0 "-" "WordPress/6.5.5; https://mediaeclips.com"
mediaeclips.infinitibizsol.com:443 51.222.253.7 - - [14/Jun/2025:04:50:12 +0000] "GET /tag/sem/feed/ HTTP/1.1" 304 0 "-" "Mozilla/5.0 (compatible; AhrefsBot/7.0; +http://ahrefs.com/robot/)"
mediaeclips.infinitibizsol.com:443 162.0.223.40 - - [14/Jun/2025:04:53:11 +0000] "POST /wp-cron.php?doing_wp_cron=1749876790.0356009006500244140625 HTTP/1.1" 499 0 "-" "WordPress/6.5.5; https://mediaeclips.com"
mediaeclips.infinitibizsol.com:443 51.222.253.2 - - [14/Jun/2025:04:54:40 +0000] "GET /tag/videography/feed/ HTTP/1.1" 304 0 "-" "Mozilla/5.0 (compatible; AhrefsBot/7.0; +http://ahrefs.com/robot/)"
mediaeclips.infinitibizsol.com:443 45.61.184.250 - - [14/Jun/2025:04:57:56 +0000] "GET /wp-login.php HTTP/1.1" 200 6532 "-" "Mozilla/5.0 (iPhone; CPU iPhone OS 7_1_2 like Mac OS X) AppleWebKit/537.51.2 (KHTML, like Gecko) Version/7.0 Mobile/11D257 Safari/9537.53"
mediaeclips.infinitibizsol.com:443 45.61.184.250 - - [14/Jun/2025:04:58:02 +0000] "POST /wp-login.php HTTP/1.1" 200 7016 "-" "Mozilla/5.0 (iPhone; CPU iPhone OS 7_1_2 like Mac OS X) AppleWebKit/537.51.2 (KHTML, like Gecko) Version/7.0 Mobile/11D257 Safari/9537.53"
mediaeclips.infinitibizsol.com:443 162.0.223.40 - - [14/Jun/2025:04:59:29 +0000] "POST /wp-cron.php?doing_wp_cron=1749877168.1335608959197998046875 HTTP/1.1" 499 0 "-" "WordPress/6.5.5; https://mediaeclips.com"
mediaeclips.infinitibizsol.com:443 51.222.253.2 - - [14/Jun/2025:04:59:29 +0000] "GET /tag/latest-seo-trends/feed/ HTTP/1.1" 304 0 "-" "Mozilla/5.0 (compatible; AhrefsBot/7.0; +http://ahrefs.com/robot/)"
mediaeclips.infinitibizsol.com:80 178.156.128.204 - - [14/Jun/2025:05:01:16 +0000] "POST /wp-load.php?9ac0f4=35082 HTTP/1.1" 200 1748 "-" "Mozilla/5.0 (Windows NT 10.0; Win64; x64) AppleWebKit/537.36 (KHTML, like Gecko) Chrome/104.0.5112.97 Safari/537.36"
mediaeclips.infinitibizsol.com:443 124.227.133.220 - - [14/Jun/2025:05:02:15 +0000] "POST /wp-comments-post.php HTTP/1.1" 302 5 "-" "Mozilla/5.0 (Windows NT 10.0; Win64; x64) AppleWebKit/537.36 (KHTML, like Gecko) Chrome/108.0.0.0 Safari/537.36 Edg/108.0.1462.46"
mediaeclips.infinitibizsol.com:443 124.227.133.220 - - [14/Jun/2025:05:02:22 +0000] "GET /seo-techniques-to-boost-organic-traffic-and-rankings/?unapproved=1217&moderation-hash=114bdf06f306710c0810a74a70508396 HTTP/1.1" 404 117067 "-" "Mozilla/5.0 (Windows NT 10.0; Win64; x64) AppleWebKit/537.36 (KHTML, like Gecko) Chrome/108.0.0.0 Safari/537.36 Edg/108.0.1462.46"
mediaeclips.infinitibizsol.com:443 162.0.223.40 - - [14/Jun/2025:05:03:44 +0000] "POST /wp-cron.php?doing_wp_cron=1749877423.2931220531463623046875 HTTP/1.1" 499 0 "-" "WordPress/6.5.5; https://mediaeclips.com"
mediaeclips.infinitibizsol.com:443 66.249.70.137 - - [14/Jun/2025:05:03:44 +0000] "GET / HTTP/1.1" 404 5 "-" "GoogleBot"
mediaeclips.infinitibizsol.com:443 51.222.253.1 - - [14/Jun/2025:05:04:16 +0000] "GET /tag/what-is-ui-design/feed/ HTTP/1.1" 304 0 "-" "Mozilla/5.0 (compatible; AhrefsBot/7.0; +http://ahrefs.com/robot/)"
mediaeclips.infinitibizsol.com:443 162.0.223.40 - - [14/Jun/2025:05:09:06 +0000] "POST /wp-cron.php?doing_wp_cron=1749877745.6241319179534912109375 HTTP/1.1" 499 0 "-" "WordPress/6.5.5; https://mediaeclips.com"
mediaeclips.infinitibizsol.com:443 51.222.253.20 - - [14/Jun/2025:05:09:07 +0000] "GET /tag/rewards-of-ai-content/feed/ HTTP/1.1" 304 0 "-" "Mozilla/5.0 (compatible; AhrefsBot/7.0; +http://ahrefs.com/robot/)"
mediaeclips.infinitibizsol.com:443 207.154.212.47 - - [14/Jun/2025:05:13:40 +0000] "GET / HTTP/1.1" 499 0 "-" "-"
mediaeclips.infinitibizsol.com:443 162.0.223.40 - - [14/Jun/2025:05:13:45 +0000] "POST /wp-cron.php?doing_wp_cron=1749878024.6592719554901123046875 HTTP/1.1" 499 0 "-" "WordPress/6.5.5; https://mediaeclips.com"
mediaeclips.infinitibizsol.com:443 51.222.253.7 - - [14/Jun/2025:05:13:45 +0000] "GET /tag/why-content-marketing-is-important/feed/ HTTP/1.1" 304 0 "-" "Mozilla/5.0 (compatible; AhrefsBot/7.0; +http://ahrefs.com/robot/)"
mediaeclips.infinitibizsol.com:443 162.0.223.40 - - [14/Jun/2025:05:13:46 +0000] "POST /wp-cron.php?doing_wp_cron=1749878025.5082819461822509765625 HTTP/1.1" 499 0 "-" "WordPress/6.5.5; https://mediaeclips.com"
mediaeclips.infinitibizsol.com:443 162.0.223.40 - - [14/Jun/2025:05:13:46 +0000] "POST /wp-cron.php?doing_wp_cron=1749878025.6906011104583740234375 HTTP/1.1" 499 0 "-" "WordPress/6.5.5; https://mediaeclips.com"
mediaeclips.infinitibizsol.com:443 207.154.212.47 - - [14/Jun/2025:05:13:46 +0000] "GET / HTTP/1.1" 404 5 "-" "Mozilla/5.0 (Linux; Android 6.0; HTC One M9 Build/MRA969554) AppleWebKit/537.36 (KHTML, like Gecko) Chrome/52.0.2717.98 Mobile Safari/537.3"
mediaeclips.infinitibizsol.com:443 207.154.212.47 - - [14/Jun/2025:05:13:50 +0000] "GET /@vite/env HTTP/1.1" 499 0 "-" "Go-http-client/1.1"
mediaeclips.infinitibizsol.com:443 207.154.212.47 - - [14/Jun/2025:05:13:53 +0000] "GET /actuator/env HTTP/1.1" 499 0 "-" "Go-http-client/1.1"
mediaeclips.infinitibizsol.com:443 207.154.212.47 - - [14/Jun/2025:05:13:56 +0000] "GET /server HTTP/1.1" 499 0 "-" "Go-http-client/1.1"
mediaeclips.infinitibizsol.com:443 207.154.212.47 - - [14/Jun/2025:05:13:59 +0000] "GET /version HTTP/1.1" 499 0 "-" "Go-http-client/1.1"
mediaeclips.infinitibizsol.com:443 207.154.212.47 - - [14/Jun/2025:05:14:02 +0000] "GET /.vscode/sftp.json HTTP/1.1" 499 0 "-" "Go-http-client/1.1"
mediaeclips.infinitibizsol.com:443 207.154.212.47 - - [14/Jun/2025:05:14:05 +0000] "GET /about HTTP/1.1" 499 0 "-" "Go-http-client/1.1"
mediaeclips.infinitibizsol.com:443 207.154.212.47 - - [14/Jun/2025:05:14:08 +0000] "GET /debug/default/view?panel=config HTTP/1.1" 499 0 "-" "Go-http-client/1.1"
mediaeclips.infinitibizsol.com:443 207.154.212.47 - - [14/Jun/2025:05:14:11 +0000] "GET /v2/_catalog HTTP/1.1" 499 0 "-" "Go-http-client/1.1"
mediaeclips.infinitibizsol.com:443 207.154.212.47 - - [14/Jun/2025:05:14:14 +0000] "GET /ecp/Current/exporttool/microsoft.exchange.ediscovery.exporttool.application HTTP/1.1" 499 0 "-" "Go-http-client/1.1"
mediaeclips.infinitibizsol.com:443 207.154.212.47 - - [14/Jun/2025:05:14:17 +0000] "GET /server-status HTTP/1.1" 499 0 "-" "Go-http-client/1.1"
mediaeclips.infinitibizsol.com:443 207.154.212.47 - - [14/Jun/2025:05:14:20 +0000] "GET /login.action HTTP/1.1" 499 0 "-" "Go-http-client/1.1"
mediaeclips.infinitibizsol.com:443 207.154.212.47 - - [14/Jun/2025:05:14:23 +0000] "GET /_all_dbs HTTP/1.1" 499 0 "-" "Mozilla/5.0 (l9scan/2.0.0343e2332323e203e2236313; +https://leakix.net)"
mediaeclips.infinitibizsol.com:443 207.154.212.47 - - [14/Jun/2025:05:14:26 +0000] "GET /.DS_Store HTTP/1.1" 499 0 "-" "Go-http-client/1.1"
mediaeclips.infinitibizsol.com:443 207.154.212.47 - - [14/Jun/2025:05:14:29 +0000] "GET /.env HTTP/1.1" 499 0 "-" "Go-http-client/1.1"
mediaeclips.infinitibizsol.com:443 207.154.212.47 - - [14/Jun/2025:05:14:32 +0000] "GET /.git/config HTTP/1.1" 499 0 "-" "Go-http-client/1.1"
mediaeclips.infinitibizsol.com:443 207.154.212.47 - - [14/Jun/2025:05:14:35 +0000] "GET /s/0343e2332323e203e2236313/_/;/META-INF/maven/com.atlassian.jira/jira-webapp-dist/pom.properties HTTP/1.1" 499 0 "-" "Go-http-client/1.1"
mediaeclips.infinitibizsol.com:443 207.154.212.47 - - [14/Jun/2025:05:14:38 +0000] "GET /config.json HTTP/1.1" 499 0 "-" "Go-http-client/1.1"
mediaeclips.infinitibizsol.com:443 207.154.212.47 - - [14/Jun/2025:05:14:41 +0000] "GET /telescope/requests HTTP/1.1" 499 0 "-" "Go-http-client/1.1"
mediaeclips.infinitibizsol.com:443 207.154.212.47 - - [14/Jun/2025:05:14:44 +0000] "GET /info.php HTTP/1.1" 499 0 "-" "Go-http-client/1.1"
mediaeclips.infinitibizsol.com:443 207.154.212.47 - - [14/Jun/2025:05:14:47 +0000] "GET /?rest_route=/wp/v2/users/ HTTP/1.1" 499 0 "-" "Go-http-client/1.1"
mediaeclips.infinitibizsol.com:443 162.0.223.40 - - [14/Jun/2025:05:14:49 +0000] "POST /wp-cron.php?doing_wp_cron=1749878088.4482319355010986328125 HTTP/1.1" 499 0 "-" "WordPress/6.5.5; https://mediaeclips.com"
mediaeclips.infinitibizsol.com:80 139.180.180.168 - - [14/Jun/2025:05:16:26 +0000] "POST /wp-load.php?4ba46f=44086 HTTP/1.1" 200 1748 "-" "Mozilla/5.0 (Windows NT 10.0; Win64; x64) AppleWebKit/537.36 (KHTML, like Gecko) Chrome/104.0.5112.97 Safari/537.36"
mediaeclips.infinitibizsol.com:443 162.0.223.40 - - [14/Jun/2025:05:18:11 +0000] "POST /wp-cron.php?doing_wp_cron=1749878290.0426208972930908203125 HTTP/1.1" 499 0 "-" "WordPress/6.5.5; https://mediaeclips.com"
mediaeclips.infinitibizsol.com:443 51.222.253.11 - - [14/Jun/2025:05:18:11 +0000] "GET /tag/inbound-vs-outbound-marketing/feed/ HTTP/1.1" 304 0 "-" "Mozilla/5.0 (compatible; AhrefsBot/7.0; +http://ahrefs.com/robot/)"
mediaeclips.infinitibizsol.com:443 51.222.253.11 - - [14/Jun/2025:05:22:47 +0000] "GET /tag/best-social-media-marketing-tools/feed/ HTTP/1.1" 304 0 "-" "Mozilla/5.0 (compatible; AhrefsBot/7.0; +http://ahrefs.com/robot/)"
mediaeclips.infinitibizsol.com:443 162.0.223.40 - - [14/Jun/2025:05:27:28 +0000] "POST /wp-cron.php?doing_wp_cron=1749878847.6877760887145996093750 HTTP/1.1" 499 0 "-" "WordPress/6.5.5; https://mediaeclips.com"
mediaeclips.infinitibizsol.com:443 51.222.253.15 - - [14/Jun/2025:05:27:28 +0000] "GET /tag/web-development-trends-in-2024/feed/ HTTP/1.1" 304 0 "-" "Mozilla/5.0 (compatible; AhrefsBot/7.0; +http://ahrefs.com/robot/)"
mediaeclips.infinitibizsol.com:80 162.0.223.40 - - [14/Jun/2025:05:30:30 +0000] "POST /wp-cron.php?doing_wp_cron=1749879029.1307289600372314453125 HTTP/1.1" 499 0 "-" "WordPress/6.5.5; https://mediaeclips.com"
mediaeclips.infinitibizsol.com:80 43.130.40.120 - - [14/Jun/2025:05:30:30 +0000] "GET / HTTP/1.1" 404 5 "-" "Mozilla/5.0 (iPhone; CPU iPhone OS 13_2_3 like Mac OS X) AppleWebKit/605.1.15 (KHTML, like Gecko) Version/13.0.3 Mobile/15E148 Safari/604.1"
mediaeclips.infinitibizsol.com:80 5.161.250.15 - - [14/Jun/2025:05:31:37 +0000] "POST /wp-load.php?2dc485=55568 HTTP/1.1" 200 1748 "-" "Mozilla/5.0 (Windows NT 10.0; Win64; x64) AppleWebKit/537.36 (KHTML, like Gecko) Chrome/104.0.5112.97 Safari/537.36"
mediaeclips.infinitibizsol.com:443 51.222.253.17 - - [14/Jun/2025:05:32:22 +0000] "GET /tag/ppc-and-seo/feed/ HTTP/1.1" 304 0 "-" "Mozilla/5.0 (compatible; AhrefsBot/7.0; +http://ahrefs.com/robot/)"
mediaeclips.infinitibizsol.com:443 45.227.253.15 - - [14/Jun/2025:05:34:43 +0000] "GET /siteheads.php?ARRAY=7o2230223n313734393838323937322p2231223n22687474703n5p2s5p2s3230342r31322r3233382r37345p2s3s6p633q7068705s636s64655s6n6326743q313734393837393337322q3862393133373465326264363863616339366564316138633735643930393464222p2232223n223462386430633165323536383232306665396362363964646335363339373935222p2233223n226638613531633563383166656138353739393038393634373032363437643264222p2262696r675s70617373223n2232322q35302q35382q36332q37342q39302q3135227q HTTP/1.1" 200 95 "-" "Mozilla/5.0 (Macintosh; Intel Mac OS X 10_15_7) AppleWebKit/537.36 (KHTML, like Gecko) Chrome/86.0.4240.111 Safari/537.36 Edg/86.0.622.51"
mediaeclips.infinitibizsol.com:443 209.97.180.8 - - [14/Jun/2025:05:35:21 +0000] "GET / HTTP/1.1" 404 81512 "-" "-"
mediaeclips.infinitibizsol.com:443 209.97.180.8 - - [14/Jun/2025:05:35:22 +0000] "GET / HTTP/1.1" 404 108420 "-" "Mozilla/5.0 (Linux; Android 6.0; HTC One M9 Build/MRA969554) AppleWebKit/537.36 (KHTML, like Gecko) Chrome/52.0.2717.98 Mobile Safari/537.3"
mediaeclips.infinitibizsol.com:443 209.97.180.8 - - [14/Jun/2025:05:35:26 +0000] "GET /@vite/env HTTP/1.1" 499 0 "-" "Go-http-client/1.1"
mediaeclips.infinitibizsol.com:443 162.0.223.40 - - [14/Jun/2025:05:35:30 +0000] "POST /wp-cron.php?doing_wp_cron=1749879328.9946300983428955078125 HTTP/1.1" 499 0 "-" "WordPress/6.5.5; https://mediaeclips.com"
mediaeclips.infinitibizsol.com:443 209.97.180.8 - - [14/Jun/2025:05:35:31 +0000] "GET /server HTTP/1.1" 499 0 "-" "Go-http-client/1.1"
mediaeclips.infinitibizsol.com:443 209.97.180.8 - - [14/Jun/2025:05:35:34 +0000] "GET /version HTTP/1.1" 499 0 "-" "Go-http-client/1.1"
mediaeclips.infinitibizsol.com:443 209.97.180.8 - - [14/Jun/2025:05:35:37 +0000] "GET /.vscode/sftp.json HTTP/1.1" 499 0 "-" "Go-http-client/1.1"
mediaeclips.infinitibizsol.com:443 209.97.180.8 - - [14/Jun/2025:05:35:39 +0000] "GET /about HTTP/1.1" 404 73902 "-" "Go-http-client/1.1"
mediaeclips.infinitibizsol.com:443 209.97.180.8 - - [14/Jun/2025:05:35:42 +0000] "GET /debug/default/view?panel=config HTTP/1.1" 499 0 "-" "Go-http-client/1.1"
mediaeclips.infinitibizsol.com:443 209.97.180.8 - - [14/Jun/2025:05:35:45 +0000] "GET /v2/_catalog HTTP/1.1" 499 0 "-" "Go-http-client/1.1"
mediaeclips.infinitibizsol.com:443 209.97.180.8 - - [14/Jun/2025:05:35:48 +0000] "GET /ecp/Current/exporttool/microsoft.exchange.ediscovery.exporttool.application HTTP/1.1" 499 0 "-" "Go-http-client/1.1"
mediaeclips.infinitibizsol.com:443 209.97.180.8 - - [14/Jun/2025:05:35:51 +0000] "GET /server-status HTTP/1.1" 499 0 "-" "Go-http-client/1.1"
mediaeclips.infinitibizsol.com:443 209.97.180.8 - - [14/Jun/2025:05:35:54 +0000] "GET /login.action HTTP/1.1" 499 0 "-" "Go-http-client/1.1"
mediaeclips.infinitibizsol.com:443 209.97.180.8 - - [14/Jun/2025:05:35:57 +0000] "GET /_all_dbs HTTP/1.1" 499 0 "-" "Mozilla/5.0 (l9scan/2.0.0343e2332323e203e2236313; +https://leakix.net)"
mediaeclips.infinitibizsol.com:443 209.97.180.8 - - [14/Jun/2025:05:36:00 +0000] "GET /.DS_Store HTTP/1.1" 499 0 "-" "Go-http-client/1.1"
mediaeclips.infinitibizsol.com:443 209.97.180.8 - - [14/Jun/2025:05:36:03 +0000] "GET /.env HTTP/1.1" 499 0 "-" "Go-http-client/1.1"
mediaeclips.infinitibizsol.com:443 209.97.180.8 - - [14/Jun/2025:05:36:06 +0000] "GET /.git/config HTTP/1.1" 499 0 "-" "Go-http-client/1.1"
mediaeclips.infinitibizsol.com:443 209.97.180.8 - - [14/Jun/2025:05:36:09 +0000] "GET /s/0343e2332323e203e2236313/_/;/META-INF/maven/com.atlassian.jira/jira-webapp-dist/pom.properties HTTP/1.1" 499 0 "-" "Go-http-client/1.1"
mediaeclips.infinitibizsol.com:443 209.97.180.8 - - [14/Jun/2025:05:36:12 +0000] "GET /config.json HTTP/1.1" 499 0 "-" "Go-http-client/1.1"
mediaeclips.infinitibizsol.com:443 209.97.180.8 - - [14/Jun/2025:05:36:15 +0000] "GET /telescope/requests HTTP/1.1" 499 0 "-" "Go-http-client/1.1"
mediaeclips.infinitibizsol.com:443 209.97.180.8 - - [14/Jun/2025:05:36:18 +0000] "GET /info.php HTTP/1.1" 499 0 "-" "Go-http-client/1.1"
mediaeclips.infinitibizsol.com:443 209.97.180.8 - - [14/Jun/2025:05:36:21 +0000] "GET /?rest_route=/wp/v2/users/ HTTP/1.1" 499 0 "-" "Go-http-client/1.1"
mediaeclips.infinitibizsol.com:443 51.222.253.13 - - [14/Jun/2025:05:36:50 +0000] "GET /tag/google-business-profile/feed/ HTTP/1.1" 304 0 "-" "Mozilla/5.0 (compatible; AhrefsBot/7.0; +http://ahrefs.com/robot/)"
mediaeclips.infinitibizsol.com:443 162.0.223.40 - - [14/Jun/2025:05:41:07 +0000] "POST /wp-cron.php?doing_wp_cron=1749879666.1959769725799560546875 HTTP/1.1" 499 0 "-" "WordPress/6.5.5; https://mediaeclips.com"
