quickautosell.com.infinitibizsol.com:443 162.0.223.40 - - [11/Jun/2025:16:16:23 +0000] "POST /wp-cron.php?doing_wp_cron=1749658582.2812678813934326171875 HTTP/1.1" 499 0 "-" "WordPress/6.8.1; https://quickautosell.com"
quickautosell.com.infinitibizsol.com:443 20.171.207.57 - - [11/Jun/2025:16:17:15 +0000] "GET /those/normally120/ahwax-19232/ HTTP/1.1" 499 0 "-" "Mozilla/5.0 AppleWebKit/537.36 (KHTML, like Gecko; compatible; GPTBot/1.2; +https://openai.com/gptbot)"
quickautosell.com.infinitibizsol.com:443 20.171.207.57 - - [11/Jun/2025:16:18:19 +0000] "GET /several/pretty125/dziws-28619/ HTTP/1.1" 499 0 "-" "Mozilla/5.0 AppleWebKit/537.36 (KHTML, like Gecko; compatible; GPTBot/1.2; +https://openai.com/gptbot)"
quickautosell.com.infinitibizsol.com:443 162.0.223.40 - - [11/Jun/2025:16:18:34 +0000] "POST /wp-cron.php?doing_wp_cron=1749658713.2105290889739990234375 HTTP/1.1" 499 0 "-" "WordPress/6.8.1; https://quickautosell.com"
quickautosell.com.infinitibizsol.com:443 20.171.207.57 - - [11/Jun/2025:16:19:23 +0000] "GET /previous/become27/yenzb-37509/ HTTP/1.1" 499 0 "-" "Mozilla/5.0 AppleWebKit/537.36 (KHTML, like Gecko; compatible; GPTBot/1.2; +https://openai.com/gptbot)"
quickautosell.com.infinitibizsol.com:443 40.77.167.123 - - [11/Jun/2025:16:19:50 +0000] "GET /inspirationist/entity/ HTTP/1.1" 200 23 "-" "Mozilla/5.0 AppleWebKit/537.36 (KHTML, like Gecko; compatible; bingbot/2.0; +http://www.bing.com/bingbot.htm) Chrome/116.0.1938.76 Safari/537.36"
quickautosell.com.infinitibizsol.com:443 20.171.207.57 - - [11/Jun/2025:16:20:26 +0000] "GET /explore/grocery72/oe9wm-12064/ HTTP/1.1" 499 0 "-" "Mozilla/5.0 AppleWebKit/537.36 (KHTML, like Gecko; compatible; GPTBot/1.2; +https://openai.com/gptbot)"
quickautosell.com.infinitibizsol.com:443 162.0.223.40 - - [11/Jun/2025:16:20:33 +0000] "POST /wp-cron.php?doing_wp_cron=1749658832.5563230514526367187500 HTTP/1.1" 499 0 "-" "WordPress/6.8.1; https://quickautosell.com"
quickautosell.com.infinitibizsol.com:443 198.204.226.18 - - [11/Jun/2025:16:21:10 +0000] "GET /wp-includes/edit.php HTTP/1.1" 499 0 "https://quickautosell.com/wp-includes/edit.php" "Mozilla/5.0 (Windows NT 10.0; Win64; x64) AppleWebKit/537.36 (KHTML, like Gecko) Chrome/58.0.3029.110 Safari/537.3"
quickautosell.com.infinitibizsol.com:443 20.171.207.57 - - [11/Jun/2025:16:21:27 +0000] "GET /breathing/speech2/eyl78-40276/ HTTP/1.1" 499 0 "-" "Mozilla/5.0 AppleWebKit/537.36 (KHTML, like Gecko; compatible; GPTBot/1.2; +https://openai.com/gptbot)"
quickautosell.com.infinitibizsol.com:443 198.204.226.18 - - [11/Jun/2025:16:22:15 +0000] "GET /wp-includes/edit.php HTTP/1.1" 200 16 "https://quickautosell.com/wp-includes/edit.php" "Mozilla/5.0 (Windows NT 10.0; Win64; x64) AppleWebKit/537.36 (KHTML, like Gecko) Chrome/58.0.3029.110 Safari/537.3"
quickautosell.com.infinitibizsol.com:443 162.0.223.40 - - [11/Jun/2025:16:22:31 +0000] "POST /wp-cron.php?doing_wp_cron=1749658950.3717210292816162109375 HTTP/1.1" 499 0 "-" "WordPress/6.8.1; https://quickautosell.com"
quickautosell.com.infinitibizsol.com:443 20.171.207.57 - - [11/Jun/2025:16:22:32 +0000] "GET /equally/harmony87/krlgt-45843/ HTTP/1.1" 404 32393 "-" "Mozilla/5.0 AppleWebKit/537.36 (KHTML, like Gecko; compatible; GPTBot/1.2; +https://openai.com/gptbot)"
quickautosell.com.infinitibizsol.com:443 198.204.226.18 - - [11/Jun/2025:16:22:45 +0000] "GET /wp-includes/edit.php HTTP/1.1" 499 0 "https://quickautosell.com/wp-includes/edit.php" "Mozilla/5.0 (Windows NT 10.0; Win64; x64) AppleWebKit/537.36 (KHTML, like Gecko) Chrome/58.0.3029.110 Safari/537.3"
quickautosell.com.infinitibizsol.com:443 198.204.226.18 - - [11/Jun/2025:16:23:04 +0000] "GET /wp-includes/edit.php HTTP/1.1" 200 16 "https://quickautosell.com/wp-includes/edit.php" "Mozilla/5.0 (Windows NT 10.0; Win64; x64) AppleWebKit/537.36 (KHTML, like Gecko) Chrome/58.0.3029.110 Safari/537.3"
quickautosell.com.infinitibizsol.com:443 173.208.204.66 - - [11/Jun/2025:16:23:09 +0000] "GET /wp-includes/edit.php HTTP/1.1" 200 16 "https://quickautosell.com/wp-includes/edit.php" "Mozilla/5.0 (Windows NT 10.0; Win64; x64) AppleWebKit/537.36 (KHTML, like Gecko) Chrome/58.0.3029.110 Safari/537.3"
quickautosell.com.infinitibizsol.com:443 20.171.207.57 - - [11/Jun/2025:16:23:33 +0000] "GET /dream/capacity133/yozpz-30187/ HTTP/1.1" 499 0 "-" "Mozilla/5.0 AppleWebKit/537.36 (KHTML, like Gecko; compatible; GPTBot/1.2; +https://openai.com/gptbot)"
quickautosell.com.infinitibizsol.com:443 162.0.223.40 - - [11/Jun/2025:16:23:39 +0000] "POST /wp-cron.php?doing_wp_cron=1749659018.8542070388793945312500 HTTP/1.1" 499 0 "-" "WordPress/6.8.1; https://quickautosell.com"
quickautosell.com.infinitibizsol.com:80 40.77.167.64 - - [11/Jun/2025:16:23:47 +0000] "GET /sitemap.txt HTTP/1.1" 200 23 "-" "Mozilla/5.0 AppleWebKit/537.36 (KHTML, like Gecko; compatible; bingbot/2.0; +http://www.bing.com/bingbot.htm) Chrome/116.0.1938.76 Safari/537.36"
quickautosell.com.infinitibizsol.com:443 20.171.207.57 - - [11/Jun/2025:16:24:36 +0000] "GET /genuine/holiday19/qwo9k-35661/ HTTP/1.1" 499 0 "-" "Mozilla/5.0 AppleWebKit/537.36 (KHTML, like Gecko; compatible; GPTBot/1.2; +https://openai.com/gptbot)"
quickautosell.com.infinitibizsol.com:443 162.0.223.40 - - [11/Jun/2025:16:24:55 +0000] "POST /wp-cron.php?doing_wp_cron=1749659094.3731920719146728515625 HTTP/1.1" 499 0 "-" "WordPress/6.8.1; https://quickautosell.com"
quickautosell.com.infinitibizsol.com:443 198.204.226.18 - - [11/Jun/2025:16:25:25 +0000] "GET /wp-includes/edit.php HTTP/1.1" 499 0 "https://quickautosell.com/wp-includes/edit.php" "Mozilla/5.0 (Windows NT 10.0; Win64; x64) AppleWebKit/537.36 (KHTML, like Gecko) Chrome/58.0.3029.110 Safari/537.3"
quickautosell.com.infinitibizsol.com:443 40.77.167.64 - - [11/Jun/2025:16:25:27 +0000] "GET /locular/product/g/ HTTP/1.1" 200 23 "-" "Mozilla/5.0 AppleWebKit/537.36 (KHTML, like Gecko; compatible; bingbot/2.0; +http://www.bing.com/bingbot.htm) Chrome/116.0.1938.76 Safari/537.36"
quickautosell.com.infinitibizsol.com:443 20.171.207.57 - - [11/Jun/2025:16:25:37 +0000] "GET /drill/overcome211/afgam-30141/ HTTP/1.1" 404 55127 "-" "Mozilla/5.0 AppleWebKit/537.36 (KHTML, like Gecko; compatible; GPTBot/1.2; +https://openai.com/gptbot)"
quickautosell.com.infinitibizsol.com:443 52.167.144.238 - - [11/Jun/2025:16:26:34 +0000] "GET /rediviva/dp1317466451.shtm HTTP/1.1" 200 23 "-" "Mozilla/5.0 AppleWebKit/537.36 (KHTML, like Gecko; compatible; bingbot/2.0; +http://www.bing.com/bingbot.htm) Chrome/116.0.1938.76 Safari/537.36"
quickautosell.com.infinitibizsol.com:443 20.171.207.57 - - [11/Jun/2025:16:26:38 +0000] "GET /thanks/aluminum294/csi0w-1312/ HTTP/1.1" 499 0 "-" "Mozilla/5.0 AppleWebKit/537.36 (KHTML, like Gecko; compatible; GPTBot/1.2; +https://openai.com/gptbot)"
quickautosell.com.infinitibizsol.com:443 162.0.223.40 - - [11/Jun/2025:16:26:41 +0000] "POST /wp-cron.php?doing_wp_cron=1749659200.9005019664764404296875 HTTP/1.1" 499 0 "-" "WordPress/6.8.1; https://quickautosell.com"
quickautosell.com.infinitibizsol.com:443 20.171.207.57 - - [11/Jun/2025:16:27:39 +0000] "GET /solely/extension4/0dhmr-46268/ HTTP/1.1" 499 0 "-" "Mozilla/5.0 AppleWebKit/537.36 (KHTML, like Gecko; compatible; GPTBot/1.2; +https://openai.com/gptbot)"
quickautosell.com.infinitibizsol.com:443 162.0.223.40 - - [11/Jun/2025:16:27:59 +0000] "POST /wp-cron.php?doing_wp_cron=1749659278.8877260684967041015625 HTTP/1.1" 499 0 "-" "WordPress/6.8.1; https://quickautosell.com"
quickautosell.com.infinitibizsol.com:443 20.171.207.57 - - [11/Jun/2025:16:28:44 +0000] "GET /motor/relation132/ruvve-45670/ HTTP/1.1" 499 0 "-" "Mozilla/5.0 AppleWebKit/537.36 (KHTML, like Gecko; compatible; GPTBot/1.2; +https://openai.com/gptbot)"
quickautosell.com.infinitibizsol.com:443 20.171.207.57 - - [11/Jun/2025:16:29:44 +0000] "GET /chain/recipient40/mwwlc-38314/ HTTP/1.1" 499 0 "-" "Mozilla/5.0 AppleWebKit/537.36 (KHTML, like Gecko; compatible; GPTBot/1.2; +https://openai.com/gptbot)"
quickautosell.com.infinitibizsol.com:443 162.0.223.40 - - [11/Jun/2025:16:29:54 +0000] "POST /wp-cron.php?doing_wp_cron=1749659393.3005359172821044921875 HTTP/1.1" 499 0 "-" "WordPress/6.8.1; https://quickautosell.com"
quickautosell.com.infinitibizsol.com:443 66.249.70.3 - - [11/Jun/2025:16:29:54 +0000] "GET /happiness/distribute40/tfpdf-37800/ HTTP/1.1" 404 54772 "-" "Mozilla/5.0 (Linux; Android 6.0.1; Nexus 5X Build/MMB29P) AppleWebKit/537.36 (KHTML, like Gecko) Chrome/136.0.7103.113 Mobile Safari/537.36 (compatible; GoogleOther)"
quickautosell.com.infinitibizsol.com:443 162.0.223.40 - - [11/Jun/2025:16:29:57 +0000] "POST /wp-cron.php?doing_wp_cron=1749659396.0385060310363769531250 HTTP/1.1" 499 0 "-" "WordPress/6.8.1; https://quickautosell.com"
quickautosell.com.infinitibizsol.com:443 20.171.207.57 - - [11/Jun/2025:16:30:47 +0000] "GET /tragedy/eating172/jvtjw-33162/ HTTP/1.1" 499 0 "-" "Mozilla/5.0 AppleWebKit/537.36 (KHTML, like Gecko; compatible; GPTBot/1.2; +https://openai.com/gptbot)"
quickautosell.com.infinitibizsol.com:443 173.208.204.66 - - [11/Jun/2025:16:31:33 +0000] "GET /wp-includes/edit.php HTTP/1.1" 499 0 "https://quickautosell.com/wp-includes/edit.php" "Mozilla/5.0 (Windows NT 10.0; Win64; x64) AppleWebKit/537.36 (KHTML, like Gecko) Chrome/58.0.3029.110 Safari/537.3"
quickautosell.com.infinitibizsol.com:443 173.208.204.66 - - [11/Jun/2025:16:31:33 +0000] "GET /wp-includes/edit.php HTTP/1.1" 200 16 "https://quickautosell.com/wp-includes/edit.php" "Mozilla/5.0 (Windows NT 10.0; Win64; x64) AppleWebKit/537.36 (KHTML, like Gecko) Chrome/58.0.3029.110 Safari/537.3"
quickautosell.com.infinitibizsol.com:443 20.171.207.57 - - [11/Jun/2025:16:31:48 +0000] "GET /regulatory/gun286/zsizw-16646/ HTTP/1.1" 499 0 "-" "Mozilla/5.0 AppleWebKit/537.36 (KHTML, like Gecko; compatible; GPTBot/1.2; +https://openai.com/gptbot)"
quickautosell.com.infinitibizsol.com:443 162.0.223.40 - - [11/Jun/2025:16:31:57 +0000] "POST /wp-cron.php?doing_wp_cron=1749659516.2074120044708251953125 HTTP/1.1" 499 0 "-" "WordPress/6.8.1; https://quickautosell.com"
quickautosell.com.infinitibizsol.com:443 20.171.207.57 - - [11/Jun/2025:16:32:50 +0000] "GET /determine/scare18/5shxj-23894/ HTTP/1.1" 499 0 "-" "Mozilla/5.0 AppleWebKit/537.36 (KHTML, like Gecko; compatible; GPTBot/1.2; +https://openai.com/gptbot)"
quickautosell.com.infinitibizsol.com:443 20.171.207.57 - - [11/Jun/2025:16:33:50 +0000] "GET /success/readily27/pl8aa-44319/ HTTP/1.1" 499 0 "-" "Mozilla/5.0 AppleWebKit/537.36 (KHTML, like Gecko; compatible; GPTBot/1.2; +https://openai.com/gptbot)"
quickautosell.com.infinitibizsol.com:443 162.0.223.40 - - [11/Jun/2025:16:34:12 +0000] "POST /wp-cron.php?doing_wp_cron=1749659651.2312879562377929687500 HTTP/1.1" 499 0 "-" "WordPress/6.8.1; https://quickautosell.com"
quickautosell.com.infinitibizsol.com:443 20.171.207.57 - - [11/Jun/2025:16:34:26 +0000] "GET /although/deploy267/wmlpr-7445/ HTTP/1.1" 404 32393 "-" "Mozilla/5.0 AppleWebKit/537.36 (KHTML, like Gecko; compatible; GPTBot/1.2; +https://openai.com/gptbot)"
quickautosell.com.infinitibizsol.com:443 52.167.144.212 - - [11/Jun/2025:16:34:58 +0000] "GET /uncleanness/io959611342.shtm HTTP/1.1" 499 0 "-" "Mozilla/5.0 AppleWebKit/537.36 (KHTML, like Gecko; compatible; bingbot/2.0; +http://www.bing.com/bingbot.htm) Chrome/116.0.1938.76 Safari/537.36"
quickautosell.com.infinitibizsol.com:443 198.204.226.18 - - [11/Jun/2025:16:35:20 +0000] "GET /wp-includes/edit.php HTTP/1.1" 499 0 "https://quickautosell.com/wp-includes/edit.php" "Mozilla/5.0 (Windows NT 10.0; Win64; x64) AppleWebKit/537.36 (KHTML, like Gecko) Chrome/58.0.3029.110 Safari/537.3"
quickautosell.com.infinitibizsol.com:443 162.0.223.40 - - [11/Jun/2025:16:35:41 +0000] "POST /wp-cron.php?doing_wp_cron=1749659740.5724210739135742187500 HTTP/1.1" 499 0 "-" "WordPress/6.8.1; https://quickautosell.com"
quickautosell.com.infinitibizsol.com:443 20.171.207.57 - - [11/Jun/2025:16:35:48 +0000] "GET /word/landscape236/nrism-49662/ HTTP/1.1" 404 55127 "-" "Mozilla/5.0 AppleWebKit/537.36 (KHTML, like Gecko; compatible; GPTBot/1.2; +https://openai.com/gptbot)"
quickautosell.com.infinitibizsol.com:443 20.171.207.57 - - [11/Jun/2025:16:36:58 +0000] "GET /rocket/justify130/rrcab-44388/ HTTP/1.1" 499 0 "-" "Mozilla/5.0 AppleWebKit/537.36 (KHTML, like Gecko; compatible; GPTBot/1.2; +https://openai.com/gptbot)"
quickautosell.com.infinitibizsol.com:443 162.0.223.40 - - [11/Jun/2025:16:37:15 +0000] "POST /wp-cron.php?doing_wp_cron=1749659834.2341060638427734375000 HTTP/1.1" 499 0 "-" "WordPress/6.8.1; https://quickautosell.com"
quickautosell.com.infinitibizsol.com:443 20.171.207.57 - - [11/Jun/2025:16:37:33 +0000] "GET /diagnosis/appear6/3iv3m-21410/ HTTP/1.1" 404 54782 "-" "Mozilla/5.0 AppleWebKit/537.36 (KHTML, like Gecko; compatible; GPTBot/1.2; +https://openai.com/gptbot)"
quickautosell.com.infinitibizsol.com:443 198.204.226.18 - - [11/Jun/2025:16:37:58 +0000] "GET /wp-includes/edit.php HTTP/1.1" 499 0 "https://quickautosell.com/wp-includes/edit.php" "Mozilla/5.0 (Windows NT 10.0; Win64; x64) AppleWebKit/537.36 (KHTML, like Gecko) Chrome/58.0.3029.110 Safari/537.3"
quickautosell.com.infinitibizsol.com:443 20.171.207.57 - - [11/Jun/2025:16:39:07 +0000] "GET /slightly/gather75/8tboy-48861/ HTTP/1.1" 499 0 "-" "Mozilla/5.0 AppleWebKit/537.36 (KHTML, like Gecko; compatible; GPTBot/1.2; +https://openai.com/gptbot)"
quickautosell.com.infinitibizsol.com:443 162.0.223.40 - - [11/Jun/2025:16:39:21 +0000] "POST /wp-cron.php?doing_wp_cron=1749659960.5249600410461425781250 HTTP/1.1" 499 0 "-" "WordPress/6.8.1; https://quickautosell.com"
quickautosell.com.infinitibizsol.com:443 66.249.70.3 - - [11/Jun/2025:16:39:26 +0000] "GET /hyperglyphe/1067780741.shtm HTTP/1.1" 404 54772 "-" "Mozilla/5.0 (Linux; Android 6.0.1; Nexus 5X Build/MMB29P) AppleWebKit/537.36 (KHTML, like Gecko) Chrome/137.0.7151.68 Mobile Safari/537.36 (compatible; Googlebot/2.1; +http://www.google.com/bot.html)"
quickautosell.com.infinitibizsol.com:443 173.208.204.66 - - [11/Jun/2025:16:39:33 +0000] "GET /wp-includes/edit.php HTTP/1.1" 499 0 "https://quickautosell.com/wp-includes/edit.php" "Mozilla/5.0 (Windows NT 10.0; Win64; x64) AppleWebKit/537.36 (KHTML, like Gecko) Chrome/58.0.3029.110 Safari/537.3"
quickautosell.com.infinitibizsol.com:443 173.208.204.66 - - [11/Jun/2025:16:39:34 +0000] "GET /wp-includes/edit.php HTTP/1.1" 200 16 "https://quickautosell.com/wp-includes/edit.php" "Mozilla/5.0 (Windows NT 10.0; Win64; x64) AppleWebKit/537.36 (KHTML, like Gecko) Chrome/58.0.3029.110 Safari/537.3"
quickautosell.com.infinitibizsol.com:443 52.167.144.232 - - [11/Jun/2025:16:39:40 +0000] "GET /manumitting/deb/ HTTP/1.1" 499 0 "-" "Mozilla/5.0 AppleWebKit/537.36 (KHTML, like Gecko; compatible; bingbot/2.0; +http://www.bing.com/bingbot.htm) Chrome/116.0.1938.76 Safari/537.36"
quickautosell.com.infinitibizsol.com:443 20.171.207.57 - - [11/Jun/2025:16:40:07 +0000] "GET /precisely/costly3/bau3r-21707/ HTTP/1.1" 404 32393 "-" "Mozilla/5.0 AppleWebKit/537.36 (KHTML, like Gecko; compatible; GPTBot/1.2; +https://openai.com/gptbot)"
quickautosell.com.infinitibizsol.com:443 20.171.207.57 - - [11/Jun/2025:16:41:09 +0000] "GET /description/rod49/5pozn-15639/ HTTP/1.1" 499 0 "-" "Mozilla/5.0 AppleWebKit/537.36 (KHTML, like Gecko; compatible; GPTBot/1.2; +https://openai.com/gptbot)"
quickautosell.com.infinitibizsol.com:443 162.0.223.40 - - [11/Jun/2025:16:41:19 +0000] "POST /wp-cron.php?doing_wp_cron=1749660078.0309600830078125000000 HTTP/1.1" 499 0 "-" "WordPress/6.8.1; https://quickautosell.com"
quickautosell.com.infinitibizsol.com:443 52.167.144.232 - - [11/Jun/2025:16:41:39 +0000] "GET /hiercifolia/zhb88183681.shtm HTTP/1.1" 499 0 "-" "Mozilla/5.0 AppleWebKit/537.36 (KHTML, like Gecko; compatible; bingbot/2.0; +http://www.bing.com/bingbot.htm) Chrome/116.0.1938.76 Safari/537.36"
quickautosell.com.infinitibizsol.com:443 66.249.70.5 - - [11/Jun/2025:16:41:50 +0000] "GET /selfseeking/w13558586.shtm HTTP/1.1" 200 5 "-" "Mozilla/5.0 (Linux; Android 6.0.1; Nexus 5X Build/MMB29P) AppleWebKit/537.36 (KHTML, like Gecko) Chrome/137.0.7151.68 Mobile Safari/537.36 (compatible; Googlebot/2.1; +http://www.google.com/bot.html)"
quickautosell.com.infinitibizsol.com:443 20.171.207.57 - - [11/Jun/2025:16:42:14 +0000] "GET /judicial/settle236/dnglf-2256/ HTTP/1.1" 499 0 "-" "Mozilla/5.0 AppleWebKit/537.36 (KHTML, like Gecko; compatible; GPTBot/1.2; +https://openai.com/gptbot)"
quickautosell.com.infinitibizsol.com:443 198.204.226.18 - - [11/Jun/2025:16:42:27 +0000] "GET /wp-includes/edit.php HTTP/1.1" 499 0 "https://quickautosell.com/wp-includes/edit.php" "Mozilla/5.0 (Windows NT 10.0; Win64; x64) AppleWebKit/537.36 (KHTML, like Gecko) Chrome/58.0.3029.110 Safari/537.3"
quickautosell.com.infinitibizsol.com:443 20.171.207.57 - - [11/Jun/2025:16:43:16 +0000] "GET /suddenly/outfit162/iagij-3372/ HTTP/1.1" 499 0 "-" "Mozilla/5.0 AppleWebKit/537.36 (KHTML, like Gecko; compatible; GPTBot/1.2; +https://openai.com/gptbot)"
quickautosell.com.infinitibizsol.com:443 162.0.223.40 - - [11/Jun/2025:16:43:23 +0000] "POST /wp-cron.php?doing_wp_cron=1749660202.1446990966796875000000 HTTP/1.1" 499 0 "-" "WordPress/6.8.1; https://quickautosell.com"
quickautosell.com.infinitibizsol.com:443 20.171.207.57 - - [11/Jun/2025:16:44:20 +0000] "GET /harvest/transit75/y9saw-44601/ HTTP/1.1" 499 0 "-" "Mozilla/5.0 AppleWebKit/537.36 (KHTML, like Gecko; compatible; GPTBot/1.2; +https://openai.com/gptbot)"
quickautosell.com.infinitibizsol.com:443 162.0.223.40 - - [11/Jun/2025:16:44:31 +0000] "POST /wp-cron.php?doing_wp_cron=1749660270.1783390045166015625000 HTTP/1.1" 499 0 "-" "WordPress/6.8.1; https://quickautosell.com"
quickautosell.com.infinitibizsol.com:443 20.171.207.57 - - [11/Jun/2025:16:45:24 +0000] "GET /whoever/success92/aphid-33094/ HTTP/1.1" 499 0 "-" "Mozilla/5.0 AppleWebKit/537.36 (KHTML, like Gecko; compatible; GPTBot/1.2; +https://openai.com/gptbot)"
quickautosell.com.infinitibizsol.com:443 162.0.223.40 - - [11/Jun/2025:16:45:40 +0000] "POST /wp-cron.php?doing_wp_cron=1749660339.4518649578094482421875 HTTP/1.1" 499 0 "-" "WordPress/6.8.1; https://quickautosell.com"
quickautosell.com.infinitibizsol.com:443 20.171.207.57 - - [11/Jun/2025:16:46:29 +0000] "GET /law/shareholder85/pyuyv-25131/ HTTP/1.1" 499 0 "-" "Mozilla/5.0 AppleWebKit/537.36 (KHTML, like Gecko; compatible; GPTBot/1.2; +https://openai.com/gptbot)"
quickautosell.com.infinitibizsol.com:443 162.0.223.40 - - [11/Jun/2025:16:46:41 +0000] "POST /wp-cron.php?doing_wp_cron=1749660399.9912819862365722656250 HTTP/1.1" 499 0 "-" "WordPress/6.8.1; https://quickautosell.com"
quickautosell.com.infinitibizsol.com:443 173.208.204.66 - - [11/Jun/2025:16:47:33 +0000] "GET /wp-includes/edit.php HTTP/1.1" 499 0 "https://quickautosell.com/wp-includes/edit.php" "Mozilla/5.0 (Windows NT 10.0; Win64; x64) AppleWebKit/537.36 (KHTML, like Gecko) Chrome/58.0.3029.110 Safari/537.3"
quickautosell.com.infinitibizsol.com:443 173.208.204.66 - - [11/Jun/2025:16:47:33 +0000] "GET /wp-includes/edit.php HTTP/1.1" 200 16 "https://quickautosell.com/wp-includes/edit.php" "Mozilla/5.0 (Windows NT 10.0; Win64; x64) AppleWebKit/537.36 (KHTML, like Gecko) Chrome/58.0.3029.110 Safari/537.3"
quickautosell.com.infinitibizsol.com:443 20.171.207.57 - - [11/Jun/2025:16:47:34 +0000] "GET /helpful/address76/xpv5n-32852/ HTTP/1.1" 499 0 "-" "Mozilla/5.0 AppleWebKit/537.36 (KHTML, like Gecko; compatible; GPTBot/1.2; +https://openai.com/gptbot)"
quickautosell.com.infinitibizsol.com:443 20.171.207.57 - - [11/Jun/2025:16:48:39 +0000] "GET /shove/hardware149/njnro-45067/ HTTP/1.1" 499 0 "-" "Mozilla/5.0 AppleWebKit/537.36 (KHTML, like Gecko; compatible; GPTBot/1.2; +https://openai.com/gptbot)"
quickautosell.com.infinitibizsol.com:443 162.0.223.40 - - [11/Jun/2025:16:48:55 +0000] "POST /wp-cron.php?doing_wp_cron=1749660534.8738570213317871093750 HTTP/1.1" 499 0 "-" "WordPress/6.8.1; https://quickautosell.com"
quickautosell.com.infinitibizsol.com:443 20.171.207.57 - - [11/Jun/2025:16:49:45 +0000] "GET /spy/preliminary20/x9hue-24572/ HTTP/1.1" 499 0 "-" "Mozilla/5.0 AppleWebKit/537.36 (KHTML, like Gecko; compatible; GPTBot/1.2; +https://openai.com/gptbot)"
quickautosell.com.infinitibizsol.com:443 162.0.223.40 - - [11/Jun/2025:16:50:41 +0000] "POST /wp-cron.php?doing_wp_cron=1749660640.1784338951110839843750 HTTP/1.1" 499 0 "-" "WordPress/6.8.1; https://quickautosell.com"
quickautosell.com.infinitibizsol.com:443 20.171.207.57 - - [11/Jun/2025:16:50:48 +0000] "GET /effort/minister51/rg6tq-47043/ HTTP/1.1" 499 0 "-" "Mozilla/5.0 AppleWebKit/537.36 (KHTML, like Gecko; compatible; GPTBot/1.2; +https://openai.com/gptbot)"
quickautosell.com.infinitibizsol.com:443 198.204.226.18 - - [11/Jun/2025:16:51:27 +0000] "GET /wp-includes/edit.php HTTP/1.1" 499 0 "https://quickautosell.com/wp-includes/edit.php" "Mozilla/5.0 (Windows NT 10.0; Win64; x64) AppleWebKit/537.36 (KHTML, like Gecko) Chrome/58.0.3029.110 Safari/537.3"
quickautosell.com.infinitibizsol.com:443 162.0.223.40 - - [11/Jun/2025:16:51:53 +0000] "POST /wp-cron.php?doing_wp_cron=1749660712.8606109619140625000000 HTTP/1.1" 499 0 "-" "WordPress/6.8.1; https://quickautosell.com"
quickautosell.com.infinitibizsol.com:443 20.171.207.57 - - [11/Jun/2025:16:51:54 +0000] "GET /exhibition/work271/ycxi1-7809/ HTTP/1.1" 499 0 "-" "Mozilla/5.0 AppleWebKit/537.36 (KHTML, like Gecko; compatible; GPTBot/1.2; +https://openai.com/gptbot)"
quickautosell.com.infinitibizsol.com:443 40.77.167.4 - - [11/Jun/2025:16:52:09 +0000] "GET /semiparabola/sa1826804772.shtm HTTP/1.1" 499 0 "-" "Mozilla/5.0 AppleWebKit/537.36 (KHTML, like Gecko; compatible; bingbot/2.0; +http://www.bing.com/bingbot.htm) Chrome/116.0.1938.76 Safari/537.36"
quickautosell.com.infinitibizsol.com:443 162.0.223.40 - - [11/Jun/2025:16:52:54 +0000] "POST /wp-cron.php?doing_wp_cron=1749660773.6026160717010498046875 HTTP/1.1" 499 0 "-" "WordPress/6.8.1; https://quickautosell.com"
quickautosell.com.infinitibizsol.com:443 20.171.207.57 - - [11/Jun/2025:16:52:58 +0000] "GET /therefore/beside154/zmc41-792/ HTTP/1.1" 499 0 "-" "Mozilla/5.0 AppleWebKit/537.36 (KHTML, like Gecko; compatible; GPTBot/1.2; +https://openai.com/gptbot)"
quickautosell.com.infinitibizsol.com:443 20.171.207.57 - - [11/Jun/2025:16:54:01 +0000] "GET /grace/violation14/ufch9-11610/ HTTP/1.1" 499 0 "-" "Mozilla/5.0 AppleWebKit/537.36 (KHTML, like Gecko; compatible; GPTBot/1.2; +https://openai.com/gptbot)"
quickautosell.com.infinitibizsol.com:443 162.0.223.40 - - [11/Jun/2025:16:54:12 +0000] "POST /wp-cron.php?doing_wp_cron=1749660851.7746839523315429687500 HTTP/1.1" 499 0 "-" "WordPress/6.8.1; https://quickautosell.com"
quickautosell.com.infinitibizsol.com:443 20.171.207.57 - - [11/Jun/2025:16:55:06 +0000] "GET /harvest/transit75/y9saw-44601/ HTTP/1.1" 499 0 "-" "Mozilla/5.0 AppleWebKit/537.36 (KHTML, like Gecko; compatible; GPTBot/1.2; +https://openai.com/gptbot)"
quickautosell.com.infinitibizsol.com:443 198.204.226.18 - - [11/Jun/2025:16:55:22 +0000] "GET /wp-includes/edit.php HTTP/1.1" 499 0 "https://quickautosell.com/wp-includes/edit.php" "Mozilla/5.0 (Windows NT 10.0; Win64; x64) AppleWebKit/537.36 (KHTML, like Gecko) Chrome/58.0.3029.110 Safari/537.3"
quickautosell.com.infinitibizsol.com:443 173.208.204.66 - - [11/Jun/2025:16:55:31 +0000] "GET /wp-includes/edit.php HTTP/1.1" 200 16 "https://quickautosell.com/wp-includes/edit.php" "Mozilla/5.0 (Windows NT 10.0; Win64; x64) AppleWebKit/537.36 (KHTML, like Gecko) Chrome/58.0.3029.110 Safari/537.3"
quickautosell.com.infinitibizsol.com:443 20.171.207.57 - - [11/Jun/2025:16:56:06 +0000] "GET /roll/convention64/tw1pg-39138/ HTTP/1.1" 499 0 "-" "Mozilla/5.0 AppleWebKit/537.36 (KHTML, like Gecko; compatible; GPTBot/1.2; +https://openai.com/gptbot)"
quickautosell.com.infinitibizsol.com:443 173.208.153.154 - - [11/Jun/2025:16:56:12 +0000] "GET /wp-includes/edit.php HTTP/1.1" 200 16 "https://quickautosell.com/wp-includes/edit.php" "Mozilla/4.0 (compatible; MSIE 7.0; Windows NT 5.1; SV1)"
quickautosell.com.infinitibizsol.com:443 162.0.223.40 - - [11/Jun/2025:16:56:16 +0000] "POST /wp-cron.php?doing_wp_cron=1749660975.8822579383850097656250 HTTP/1.1" 499 0 "-" "WordPress/6.8.1; https://quickautosell.com"
quickautosell.com.infinitibizsol.com:443 108.181.202.211 - - [11/Jun/2025:16:56:37 +0000] "GET /wp-includes/edit.php HTTP/1.1" 200 16 "https://quickautosell.com/wp-includes/edit.php" "Mozilla/5.0 (compatible; MSIE 10.0; Windows NT 6.2; Win64; x64; Trident/6.0)"
quickautosell.com.infinitibizsol.com:443 198.204.226.18 - - [11/Jun/2025:16:56:39 +0000] "GET /wp-includes/edit.php HTTP/1.1" 200 16 "https://quickautosell.com/wp-includes/edit.php" "Mozilla/5.0 (Windows NT 10.0; Win64; x64) AppleWebKit/537.36 (KHTML, like Gecko) Chrome/58.0.3029.110 Safari/537.3"
quickautosell.com.infinitibizsol.com:443 198.204.226.18 - - [11/Jun/2025:16:56:49 +0000] "GET /wp-includes/edit.php HTTP/1.1" 499 0 "https://quickautosell.com/wp-includes/edit.php" "Mozilla/5.0 (Windows NT 10.0; Win64; x64) AppleWebKit/537.36 (KHTML, like Gecko) Chrome/58.0.3029.110 Safari/537.3"
quickautosell.com.infinitibizsol.com:443 198.204.226.18 - - [11/Jun/2025:16:57:07 +0000] "GET /wp-includes/edit.php HTTP/1.1" 200 16 "https://quickautosell.com/wp-includes/edit.php" "Mozilla/5.0 (Windows NT 10.0; Win64; x64) AppleWebKit/537.36 (KHTML, like Gecko) Chrome/58.0.3029.110 Safari/537.3"
quickautosell.com.infinitibizsol.com:443 20.171.207.57 - - [11/Jun/2025:16:57:08 +0000] "GET /weight/chapter129/ezzbt-21615/ HTTP/1.1" 499 0 "-" "Mozilla/5.0 AppleWebKit/537.36 (KHTML, like Gecko; compatible; GPTBot/1.2; +https://openai.com/gptbot)"
quickautosell.com.infinitibizsol.com:443 20.171.207.57 - - [11/Jun/2025:16:58:14 +0000] "GET /exist/departure79/gcrtb-30053/ HTTP/1.1" 499 0 "-" "Mozilla/5.0 AppleWebKit/537.36 (KHTML, like Gecko; compatible; GPTBot/1.2; +https://openai.com/gptbot)"
quickautosell.com.infinitibizsol.com:443 162.0.223.40 - - [11/Jun/2025:16:58:23 +0000] "POST /wp-cron.php?doing_wp_cron=1749661102.3015871047973632812500 HTTP/1.1" 499 0 "-" "WordPress/6.8.1; https://quickautosell.com"
quickautosell.com.infinitibizsol.com:443 20.171.207.57 - - [11/Jun/2025:16:59:18 +0000] "GET /likewise/create53/1dfhj-30567/ HTTP/1.1" 499 0 "-" "Mozilla/5.0 AppleWebKit/537.36 (KHTML, like Gecko; compatible; GPTBot/1.2; +https://openai.com/gptbot)"
quickautosell.com.infinitibizsol.com:443 20.171.207.57 - - [11/Jun/2025:17:00:18 +0000] "GET /narrative/radar68/quwik-14794/ HTTP/1.1" 499 0 "-" "Mozilla/5.0 AppleWebKit/537.36 (KHTML, like Gecko; compatible; GPTBot/1.2; +https://openai.com/gptbot)"
quickautosell.com.infinitibizsol.com:443 162.0.223.40 - - [11/Jun/2025:17:00:28 +0000] "POST /wp-cron.php?doing_wp_cron=1749661227.8449089527130126953125 HTTP/1.1" 499 0 "-" "WordPress/6.8.1; https://quickautosell.com"
quickautosell.com.infinitibizsol.com:443 20.171.207.57 - - [11/Jun/2025:17:01:21 +0000] "GET /bronze/planning106/bevuz-3622/ HTTP/1.1" 499 0 "-" "Mozilla/5.0 AppleWebKit/537.36 (KHTML, like Gecko; compatible; GPTBot/1.2; +https://openai.com/gptbot)"
quickautosell.com.infinitibizsol.com:443 162.0.223.40 - - [11/Jun/2025:17:01:32 +0000] "POST /wp-cron.php?doing_wp_cron=1749661291.3064100742340087890625 HTTP/1.1" 499 0 "-" "WordPress/6.8.1; https://quickautosell.com"
quickautosell.com.infinitibizsol.com:443 20.171.207.57 - - [11/Jun/2025:17:02:24 +0000] "GET /neither/gasoline25/3h7ew-4219/ HTTP/1.1" 499 0 "-" "Mozilla/5.0 AppleWebKit/537.36 (KHTML, like Gecko; compatible; GPTBot/1.2; +https://openai.com/gptbot)"
quickautosell.com.infinitibizsol.com:443 162.0.223.40 - - [11/Jun/2025:17:02:43 +0000] "POST /wp-cron.php?doing_wp_cron=1749661362.1469669342041015625000 HTTP/1.1" 499 0 "-" "WordPress/6.8.1; https://quickautosell.com"
quickautosell.com.infinitibizsol.com:443 20.171.207.57 - - [11/Jun/2025:17:03:29 +0000] "GET /white/transport192/jkiyp-2264/ HTTP/1.1" 499 0 "-" "Mozilla/5.0 AppleWebKit/537.36 (KHTML, like Gecko; compatible; GPTBot/1.2; +https://openai.com/gptbot)"
quickautosell.com.infinitibizsol.com:443 173.208.204.66 - - [11/Jun/2025:17:03:33 +0000] "GET /wp-includes/edit.php HTTP/1.1" 499 0 "https://quickautosell.com/wp-includes/edit.php" "Mozilla/5.0 (Windows NT 10.0; Win64; x64) AppleWebKit/537.36 (KHTML, like Gecko) Chrome/58.0.3029.110 Safari/537.3"
quickautosell.com.infinitibizsol.com:443 173.208.204.66 - - [11/Jun/2025:17:03:33 +0000] "GET /wp-includes/edit.php HTTP/1.1" 200 16 "https://quickautosell.com/wp-includes/edit.php" "Mozilla/5.0 (Windows NT 10.0; Win64; x64) AppleWebKit/537.36 (KHTML, like Gecko) Chrome/58.0.3029.110 Safari/537.3"
quickautosell.com.infinitibizsol.com:443 162.0.223.40 - - [11/Jun/2025:17:03:45 +0000] "POST /wp-cron.php?doing_wp_cron=1749661424.6924469470977783203125 HTTP/1.1" 499 0 "-" "WordPress/6.8.1; https://quickautosell.com"
quickautosell.com.infinitibizsol.com:443 40.77.167.20 - - [11/Jun/2025:17:04:21 +0000] "GET /configuration/hdx952071481.shtm HTTP/1.1" 499 0 "-" "Mozilla/5.0 AppleWebKit/537.36 (KHTML, like Gecko; compatible; bingbot/2.0; +http://www.bing.com/bingbot.htm) Chrome/116.0.1938.76 Safari/537.36"
quickautosell.com.infinitibizsol.com:443 20.171.207.57 - - [11/Jun/2025:17:04:32 +0000] "GET /openly/growing240/maawb-12290/ HTTP/1.1" 499 0 "-" "Mozilla/5.0 AppleWebKit/537.36 (KHTML, like Gecko; compatible; GPTBot/1.2; +https://openai.com/gptbot)"
quickautosell.com.infinitibizsol.com:443 198.204.226.18 - - [11/Jun/2025:17:04:55 +0000] "GET /wp-includes/edit.php HTTP/1.1" 200 16 "https://quickautosell.com/wp-includes/edit.php" "Mozilla/5.0 (Windows NT 10.0; Win64; x64) AppleWebKit/537.36 (KHTML, like Gecko) Chrome/58.0.3029.110 Safari/537.3"
quickautosell.com.infinitibizsol.com:443 40.77.167.20 - - [11/Jun/2025:17:05:19 +0000] "GET /thunderproof/z/ HTTP/1.1" 499 0 "-" "Mozilla/5.0 AppleWebKit/537.36 (KHTML, like Gecko; compatible; bingbot/2.0; +http://www.bing.com/bingbot.htm) Chrome/116.0.1938.76 Safari/537.36"
quickautosell.com.infinitibizsol.com:443 20.171.207.57 - - [11/Jun/2025:17:05:36 +0000] "GET /southwest/fact138/hcyhq-30212/ HTTP/1.1" 499 0 "-" "Mozilla/5.0 AppleWebKit/537.36 (KHTML, like Gecko; compatible; GPTBot/1.2; +https://openai.com/gptbot)"
quickautosell.com.infinitibizsol.com:443 162.0.223.40 - - [11/Jun/2025:17:05:42 +0000] "POST /wp-cron.php?doing_wp_cron=1749661541.2457699775695800781250 HTTP/1.1" 499 0 "-" "WordPress/6.8.1; https://quickautosell.com"
quickautosell.com.infinitibizsol.com:443 198.204.226.18 - - [11/Jun/2025:17:05:42 +0000] "GET /wp-includes/edit.php HTTP/1.1" 499 0 "https://quickautosell.com/wp-includes/edit.php" "Mozilla/5.0 (Windows NT 10.0; Win64; x64) AppleWebKit/537.36 (KHTML, like Gecko) Chrome/58.0.3029.110 Safari/537.3"
quickautosell.com.infinitibizsol.com:443 20.171.207.57 - - [11/Jun/2025:17:06:41 +0000] "GET /dancer/weakness30/5vboo-28662/ HTTP/1.1" 499 0 "-" "Mozilla/5.0 AppleWebKit/537.36 (KHTML, like Gecko; compatible; GPTBot/1.2; +https://openai.com/gptbot)"
quickautosell.com.infinitibizsol.com:443 162.0.223.40 - - [11/Jun/2025:17:06:43 +0000] "POST /wp-cron.php?doing_wp_cron=1749661602.6285789012908935546875 HTTP/1.1" 499 0 "-" "WordPress/6.8.1; https://quickautosell.com"
quickautosell.com.infinitibizsol.com:443 52.167.144.230 - - [11/Jun/2025:17:06:50 +0000] "GET /foretoken/q293976914.shtm HTTP/1.1" 499 0 "-" "Mozilla/5.0 AppleWebKit/537.36 (KHTML, like Gecko; compatible; bingbot/2.0; +http://www.bing.com/bingbot.htm) Chrome/116.0.1938.76 Safari/537.36"
quickautosell.com.infinitibizsol.com:443 20.171.207.57 - - [11/Jun/2025:17:07:44 +0000] "GET /inspire/abandon297/kxwk6-7525/ HTTP/1.1" 499 0 "-" "Mozilla/5.0 AppleWebKit/537.36 (KHTML, like Gecko; compatible; GPTBot/1.2; +https://openai.com/gptbot)"
quickautosell.com.infinitibizsol.com:443 162.0.223.40 - - [11/Jun/2025:17:07:45 +0000] "POST /wp-cron.php?doing_wp_cron=1749661664.2502100467681884765625 HTTP/1.1" 499 0 "-" "WordPress/6.8.1; https://quickautosell.com"
quickautosell.com.infinitibizsol.com:443 20.171.207.57 - - [11/Jun/2025:17:08:46 +0000] "GET /stop/guarantee110/oiwwy-11684/ HTTP/1.1" 499 0 "-" "Mozilla/5.0 AppleWebKit/537.36 (KHTML, like Gecko; compatible; GPTBot/1.2; +https://openai.com/gptbot)"
quickautosell.com.infinitibizsol.com:443 198.204.226.18 - - [11/Jun/2025:17:08:46 +0000] "GET /wp-includes/edit.php HTTP/1.1" 499 0 "https://quickautosell.com/wp-includes/edit.php" "Mozilla/5.0 (Windows NT 10.0; Win64; x64) AppleWebKit/537.36 (KHTML, like Gecko) Chrome/58.0.3029.110 Safari/537.3"
quickautosell.com.infinitibizsol.com:443 162.0.223.40 - - [11/Jun/2025:17:09:00 +0000] "POST /wp-cron.php?doing_wp_cron=1749661739.2093160152435302734375 HTTP/1.1" 499 0 "-" "WordPress/6.8.1; https://quickautosell.com"
quickautosell.com.infinitibizsol.com:443 20.171.207.57 - - [11/Jun/2025:17:09:47 +0000] "GET /actor/journalist56/pg2f2-5534/ HTTP/1.1" 499 0 "-" "Mozilla/5.0 AppleWebKit/537.36 (KHTML, like Gecko; compatible; GPTBot/1.2; +https://openai.com/gptbot)"
quickautosell.com.infinitibizsol.com:443 20.171.207.57 - - [11/Jun/2025:17:10:49 +0000] "GET /conversion/sweet5/lb1nw-44381/ HTTP/1.1" 499 0 "-" "Mozilla/5.0 AppleWebKit/537.36 (KHTML, like Gecko; compatible; GPTBot/1.2; +https://openai.com/gptbot)"
quickautosell.com.infinitibizsol.com:443 162.0.223.40 - - [11/Jun/2025:17:11:00 +0000] "POST /wp-cron.php?doing_wp_cron=1749661859.8172049522399902343750 HTTP/1.1" 499 0 "-" "WordPress/6.8.1; https://quickautosell.com"
quickautosell.com.infinitibizsol.com:443 20.171.207.57 - - [11/Jun/2025:17:11:54 +0000] "GET /starting/listen195/3idoq-2383/ HTTP/1.1" 499 0 "-" "Mozilla/5.0 AppleWebKit/537.36 (KHTML, like Gecko; compatible; GPTBot/1.2; +https://openai.com/gptbot)"
quickautosell.com.infinitibizsol.com:443 198.204.224.34 - - [11/Jun/2025:17:11:57 +0000] "GET /wp-includes/edit.php HTTP/1.1" 200 16 "https://quickautosell.com/wp-includes/edit.php" "Mozilla/5.0 (Windows NT 10.0; Win64; x64) AppleWebKit/537.36 (KHTML, like Gecko) Chrome/58.0.3029.110 Safari/537.3"
quickautosell.com.infinitibizsol.com:443 198.204.226.18 - - [11/Jun/2025:17:11:59 +0000] "GET /wp-includes/edit.php HTTP/1.1" 499 0 "https://quickautosell.com/wp-includes/edit.php" "Mozilla/5.0 (Windows NT 10.0; Win64; x64) AppleWebKit/537.36 (KHTML, like Gecko) Chrome/58.0.3029.110 Safari/537.3"
quickautosell.com.infinitibizsol.com:443 162.0.223.40 - - [11/Jun/2025:17:12:07 +0000] "POST /wp-cron.php?doing_wp_cron=1749661926.6367380619049072265625 HTTP/1.1" 499 0 "-" "WordPress/6.8.1; https://quickautosell.com"
quickautosell.com.infinitibizsol.com:443 198.204.226.18 - - [11/Jun/2025:17:12:09 +0000] "GET /wp-includes/edit.php HTTP/1.1" 200 16 "https://quickautosell.com/wp-includes/edit.php" "Mozilla/5.0 (Windows NT 10.0; Win64; x64) AppleWebKit/537.36 (KHTML, like Gecko) Chrome/58.0.3029.110 Safari/537.3"
quickautosell.com.infinitibizsol.com:443 198.204.226.18 - - [11/Jun/2025:17:12:30 +0000] "GET /wp-includes/edit.php HTTP/1.1" 200 6 "https://quickautosell.com/wp-includes/edit.php" "Mozilla/5.0 (Windows NT 10.0; Win64; x64) AppleWebKit/537.36 (KHTML, like Gecko) Chrome/58.0.3029.110 Safari/537.3"
quickautosell.com.infinitibizsol.com:443 20.171.207.57 - - [11/Jun/2025:17:12:56 +0000] "GET /crystal/briefly95/9bplu-10991/ HTTP/1.1" 499 0 "-" "Mozilla/5.0 AppleWebKit/537.36 (KHTML, like Gecko; compatible; GPTBot/1.2; +https://openai.com/gptbot)"
quickautosell.com.infinitibizsol.com:443 20.171.207.57 - - [11/Jun/2025:17:13:56 +0000] "GET /under/environment3/6z4fy-2689/ HTTP/1.1" 499 0 "-" "Mozilla/5.0 AppleWebKit/537.36 (KHTML, like Gecko; compatible; GPTBot/1.2; +https://openai.com/gptbot)"
quickautosell.com.infinitibizsol.com:443 162.0.223.40 - - [11/Jun/2025:17:14:01 +0000] "POST /wp-cron.php?doing_wp_cron=1749662040.1695389747619628906250 HTTP/1.1" 499 0 "-" "WordPress/6.8.1; https://quickautosell.com"
quickautosell.com.infinitibizsol.com:443 198.204.226.18 - - [11/Jun/2025:17:14:14 +0000] "GET /wp-includes/edit.php HTTP/1.1" 499 0 "https://quickautosell.com/wp-includes/edit.php" "Mozilla/5.0 (Windows NT 10.0; Win64; x64) AppleWebKit/537.36 (KHTML, like Gecko) Chrome/58.0.3029.110 Safari/537.3"
quickautosell.com.infinitibizsol.com:443 20.171.207.57 - - [11/Jun/2025:17:14:29 +0000] "GET /liability/surely8/s2hft-47350/ HTTP/1.1" 404 54766 "-" "Mozilla/5.0 AppleWebKit/537.36 (KHTML, like Gecko; compatible; GPTBot/1.2; +https://openai.com/gptbot)"
quickautosell.com.infinitibizsol.com:443 198.204.226.18 - - [11/Jun/2025:17:14:32 +0000] "GET /wp-includes/edit.php HTTP/1.1" 200 16 "https://quickautosell.com/wp-includes/edit.php" "Mozilla/5.0 (Windows NT 10.0; Win64; x64) AppleWebKit/537.36 (KHTML, like Gecko) Chrome/58.0.3029.110 Safari/537.3"
quickautosell.com.infinitibizsol.com:80 43.130.60.195 - - [11/Jun/2025:17:14:54 +0000] "GET / HTTP/1.1" 499 0 "-" "Mozilla/5.0 (iPhone; CPU iPhone OS 13_2_3 like Mac OS X) AppleWebKit/605.1.15 (KHTML, like Gecko) Version/13.0.3 Mobile/15E148 Safari/604.1"
quickautosell.com.infinitibizsol.com:443 198.204.226.18 - - [11/Jun/2025:17:15:05 +0000] "GET /wp-includes/edit.php HTTP/1.1" 200 16 "https://quickautosell.com/wp-includes/edit.php" "Mozilla/5.0 (Windows NT 10.0; Win64; x64) AppleWebKit/537.36 (KHTML, like Gecko) Chrome/58.0.3029.110 Safari/537.3"
quickautosell.com.infinitibizsol.com:443 66.249.70.5 - - [11/Jun/2025:17:15:15 +0000] "GET /stemwinding/ff1067710389.shtm HTTP/1.1" 200 5 "-" "Mozilla/5.0 (Linux; Android 6.0.1; Nexus 5X Build/MMB29P) AppleWebKit/537.36 (KHTML, like Gecko) Chrome/137.0.7151.68 Mobile Safari/537.36 (compatible; Googlebot/2.1; +http://www.google.com/bot.html)"
quickautosell.com.infinitibizsol.com:443 198.204.226.18 - - [11/Jun/2025:17:15:35 +0000] "GET /wp-includes/edit.php HTTP/1.1" 200 16 "https://quickautosell.com/wp-includes/edit.php" "Mozilla/5.0 (Windows NT 10.0; Win64; x64) AppleWebKit/537.36 (KHTML, like Gecko) Chrome/58.0.3029.110 Safari/537.3"
quickautosell.com.infinitibizsol.com:443 198.204.226.18 - - [11/Jun/2025:17:15:52 +0000] "GET /wp-includes/edit.php HTTP/1.1" 499 0 "https://quickautosell.com/wp-includes/edit.php" "Mozilla/5.0 (Windows NT 10.0; Win64; x64) AppleWebKit/537.36 (KHTML, like Gecko) Chrome/58.0.3029.110 Safari/537.3"
quickautosell.com.infinitibizsol.com:443 20.171.207.57 - - [11/Jun/2025:17:16:00 +0000] "GET /riot/continent106/buzpq-46192/ HTTP/1.1" 499 0 "-" "Mozilla/5.0 AppleWebKit/537.36 (KHTML, like Gecko; compatible; GPTBot/1.2; +https://openai.com/gptbot)"
quickautosell.com.infinitibizsol.com:443 162.0.223.40 - - [11/Jun/2025:17:16:01 +0000] "POST /wp-cron.php?doing_wp_cron=1749662160.5152919292449951171875 HTTP/1.1" 499 0 "-" "WordPress/6.8.1; https://quickautosell.com"
quickautosell.com.infinitibizsol.com:443 198.204.226.18 - - [11/Jun/2025:17:16:12 +0000] "GET /wp-includes/edit.php HTTP/1.1" 200 16 "https://quickautosell.com/wp-includes/edit.php" "Mozilla/5.0 (Windows NT 10.0; Win64; x64) AppleWebKit/537.36 (KHTML, like Gecko) Chrome/58.0.3029.110 Safari/537.3"
quickautosell.com.infinitibizsol.com:443 20.171.207.57 - - [11/Jun/2025:17:17:01 +0000] "GET /assemble/pursue269/gw2fv-5939/ HTTP/1.1" 499 0 "-" "Mozilla/5.0 AppleWebKit/537.36 (KHTML, like Gecko; compatible; GPTBot/1.2; +https://openai.com/gptbot)"
quickautosell.com.infinitibizsol.com:443 162.0.223.40 - - [11/Jun/2025:17:17:11 +0000] "POST /wp-cron.php?doing_wp_cron=1749662230.2380869388580322265625 HTTP/1.1" 499 0 "-" "WordPress/6.8.1; https://quickautosell.com"
quickautosell.com.infinitibizsol.com:443 198.204.226.18 - - [11/Jun/2025:17:17:32 +0000] "GET /wp-includes/edit.php HTTP/1.1" 499 0 "https://quickautosell.com/wp-includes/edit.php" "Mozilla/5.0 (Windows NT 10.0; Win64; x64) AppleWebKit/537.36 (KHTML, like Gecko) Chrome/58.0.3029.110 Safari/537.3"
quickautosell.com.infinitibizsol.com:443 198.204.226.18 - - [11/Jun/2025:17:17:53 +0000] "GET /wp-includes/edit.php HTTP/1.1" 200 16 "https://quickautosell.com/wp-includes/edit.php" "Mozilla/5.0 (Windows NT 10.0; Win64; x64) AppleWebKit/537.36 (KHTML, like Gecko) Chrome/58.0.3029.110 Safari/537.3"
quickautosell.com.infinitibizsol.com:443 20.171.207.57 - - [11/Jun/2025:17:18:03 +0000] "GET /assign/aluminum110/qso0t-9542/ HTTP/1.1" 499 0 "-" "Mozilla/5.0 AppleWebKit/537.36 (KHTML, like Gecko; compatible; GPTBot/1.2; +https://openai.com/gptbot)"
quickautosell.com.infinitibizsol.com:443 198.204.226.18 - - [11/Jun/2025:17:18:06 +0000] "GET /wp-includes/edit.php HTTP/1.1" 200 16 "https://quickautosell.com/wp-includes/edit.php" "Mozilla/5.0 (Windows NT 10.0; Win64; x64) AppleWebKit/537.36 (KHTML, like Gecko) Chrome/58.0.3029.110 Safari/537.3"
quickautosell.com.infinitibizsol.com:443 198.204.226.18 - - [11/Jun/2025:17:18:16 +0000] "GET /wp-includes/edit.php HTTP/1.1" 200 16 "https://quickautosell.com/wp-includes/edit.php" "Mozilla/5.0 (Windows NT 10.0; Win64; x64) AppleWebKit/537.36 (KHTML, like Gecko) Chrome/58.0.3029.110 Safari/537.3"
quickautosell.com.infinitibizsol.com:443 162.0.223.40 - - [11/Jun/2025:17:19:08 +0000] "POST /wp-cron.php?doing_wp_cron=1749662347.1538119316101074218750 HTTP/1.1" 499 0 "-" "WordPress/6.8.1; https://quickautosell.com"
quickautosell.com.infinitibizsol.com:443 20.171.207.57 - - [11/Jun/2025:17:19:08 +0000] "GET /outdoor/already85/asvdw-17921/ HTTP/1.1" 499 0 "-" "Mozilla/5.0 AppleWebKit/537.36 (KHTML, like Gecko; compatible; GPTBot/1.2; +https://openai.com/gptbot)"
quickautosell.com.infinitibizsol.com:443 198.204.226.18 - - [11/Jun/2025:17:19:22 +0000] "GET /wp-includes/edit.php HTTP/1.1" 499 0 "https://quickautosell.com/wp-includes/edit.php" "Mozilla/5.0 (Windows NT 10.0; Win64; x64) AppleWebKit/537.36 (KHTML, like Gecko) Chrome/58.0.3029.110 Safari/537.3"
quickautosell.com.infinitibizsol.com:443 66.249.70.5 - - [11/Jun/2025:17:19:39 +0000] "GET /polypoid/1069068560.shtm HTTP/1.1" 200 5 "-" "Mozilla/5.0 (Linux; Android 6.0.1; Nexus 5X Build/MMB29P) AppleWebKit/537.36 (KHTML, like Gecko) Chrome/137.0.7151.68 Mobile Safari/537.36 (compatible; Googlebot/2.1; +http://www.google.com/bot.html)"
quickautosell.com.infinitibizsol.com:443 198.204.224.34 - - [11/Jun/2025:17:19:40 +0000] "GET /wp-includes/edit.php HTTP/1.1" 200 16 "https://quickautosell.com/wp-includes/edit.php" "Mozilla/5.0 (Windows NT 10.0; Win64; x64) AppleWebKit/537.36 (KHTML, like Gecko) Chrome/58.0.3029.110 Safari/537.3"
quickautosell.com.infinitibizsol.com:443 20.171.207.57 - - [11/Jun/2025:17:20:09 +0000] "GET /ball/publication93/e1agg-4437/ HTTP/1.1" 499 0 "-" "Mozilla/5.0 AppleWebKit/537.36 (KHTML, like Gecko; compatible; GPTBot/1.2; +https://openai.com/gptbot)"
quickautosell.com.infinitibizsol.com:443 162.0.223.40 - - [11/Jun/2025:17:20:17 +0000] "POST /wp-cron.php?doing_wp_cron=1749662416.1648490428924560546875 HTTP/1.1" 499 0 "-" "WordPress/6.8.1; https://quickautosell.com"
quickautosell.com.infinitibizsol.com:443 198.204.226.18 - - [11/Jun/2025:17:20:35 +0000] "GET /wp-includes/edit.php HTTP/1.1" 200 16 "https://quickautosell.com/wp-includes/edit.php" "Mozilla/5.0 (Windows NT 10.0; Win64; x64) AppleWebKit/537.36 (KHTML, like Gecko) Chrome/58.0.3029.110 Safari/537.3"
quickautosell.com.infinitibizsol.com:443 20.171.207.57 - - [11/Jun/2025:17:21:11 +0000] "GET /beneath/social293/mxgco-31355/ HTTP/1.1" 499 0 "-" "Mozilla/5.0 AppleWebKit/537.36 (KHTML, like Gecko; compatible; GPTBot/1.2; +https://openai.com/gptbot)"
quickautosell.com.infinitibizsol.com:443 198.204.226.18 - - [11/Jun/2025:17:21:25 +0000] "GET /wp-includes/edit.php HTTP/1.1" 499 0 "https://quickautosell.com/wp-includes/edit.php" "Mozilla/5.0 (Windows NT 10.0; Win64; x64) AppleWebKit/537.36 (KHTML, like Gecko) Chrome/58.0.3029.110 Safari/537.3"
quickautosell.com.infinitibizsol.com:443 198.204.226.18 - - [11/Jun/2025:17:21:54 +0000] "GET /wp-includes/edit.php HTTP/1.1" 200 16 "https://quickautosell.com/wp-includes/edit.php" "Mozilla/5.0 (Windows NT 10.0; Win64; x64) AppleWebKit/537.36 (KHTML, like Gecko) Chrome/58.0.3029.110 Safari/537.3"
quickautosell.com.infinitibizsol.com:443 20.171.207.57 - - [11/Jun/2025:17:22:12 +0000] "GET /preach/identity21/u8uou-31731/ HTTP/1.1" 499 0 "-" "Mozilla/5.0 AppleWebKit/537.36 (KHTML, like Gecko; compatible; GPTBot/1.2; +https://openai.com/gptbot)"
quickautosell.com.infinitibizsol.com:443 162.0.223.40 - - [11/Jun/2025:17:22:21 +0000] "POST /wp-cron.php?doing_wp_cron=1749662539.5204360485076904296875 HTTP/1.1" 499 0 "-" "WordPress/6.8.1; https://quickautosell.com"
quickautosell.com.infinitibizsol.com:443 198.204.226.18 - - [11/Jun/2025:17:22:24 +0000] "GET /wp-includes/edit.php HTTP/1.1" 200 16 "https://quickautosell.com/wp-includes/edit.php" "Mozilla/5.0 (Windows NT 10.0; Win64; x64) AppleWebKit/537.36 (KHTML, like Gecko) Chrome/58.0.3029.110 Safari/537.3"
quickautosell.com.infinitibizsol.com:443 198.204.226.18 - - [11/Jun/2025:17:22:41 +0000] "GET /wp-includes/edit.php HTTP/1.1" 200 16 "https://quickautosell.com/wp-includes/edit.php" "Mozilla/5.0 (Windows NT 10.0; Win64; x64) AppleWebKit/537.36 (KHTML, like Gecko) Chrome/58.0.3029.110 Safari/537.3"
quickautosell.com.infinitibizsol.com:443 198.204.226.18 - - [11/Jun/2025:17:23:10 +0000] "GET /wp-includes/edit.php HTTP/1.1" 499 0 "https://quickautosell.com/wp-includes/edit.php" "Mozilla/5.0 (Windows NT 10.0; Win64; x64) AppleWebKit/537.36 (KHTML, like Gecko) Chrome/58.0.3029.110 Safari/537.3"
quickautosell.com.infinitibizsol.com:443 20.171.207.57 - - [11/Jun/2025:17:23:13 +0000] "GET /contest/theory149/upbli-33669/ HTTP/1.1" 499 0 "-" "Mozilla/5.0 AppleWebKit/537.36 (KHTML, like Gecko; compatible; GPTBot/1.2; +https://openai.com/gptbot)"
quickautosell.com.infinitibizsol.com:443 198.204.226.18 - - [11/Jun/2025:17:23:24 +0000] "GET /wp-includes/edit.php HTTP/1.1" 200 16 "https://quickautosell.com/wp-includes/edit.php" "Mozilla/5.0 (Windows NT 10.0; Win64; x64) AppleWebKit/537.36 (KHTML, like Gecko) Chrome/58.0.3029.110 Safari/537.3"
quickautosell.com.infinitibizsol.com:443 198.204.226.18 - - [11/Jun/2025:17:23:24 +0000] "GET /wp-includes/edit.php HTTP/1.1" 200 16 "https://quickautosell.com/wp-includes/edit.php" "Mozilla/5.0 (Windows NT 10.0; Win64; x64) AppleWebKit/537.36 (KHTML, like Gecko) Chrome/58.0.3029.110 Safari/537.3"
quickautosell.com.infinitibizsol.com:443 20.171.207.57 - - [11/Jun/2025:17:24:17 +0000] "GET /vision/identification217/3svul-49689/ HTTP/1.1" 499 0 "-" "Mozilla/5.0 AppleWebKit/537.36 (KHTML, like Gecko; compatible; GPTBot/1.2; +https://openai.com/gptbot)"
quickautosell.com.infinitibizsol.com:443 162.0.223.40 - - [11/Jun/2025:17:24:35 +0000] "POST /wp-cron.php?doing_wp_cron=1749662674.6750349998474121093750 HTTP/1.1" 499 0 "-" "WordPress/6.8.1; https://quickautosell.com"
quickautosell.com.infinitibizsol.com:443 20.171.207.57 - - [11/Jun/2025:17:25:21 +0000] "GET /manufacturing/qualify100/2njfj-17800/ HTTP/1.1" 499 0 "-" "Mozilla/5.0 AppleWebKit/537.36 (KHTML, like Gecko; compatible; GPTBot/1.2; +https://openai.com/gptbot)"
quickautosell.com.infinitibizsol.com:443 198.204.226.18 - - [11/Jun/2025:17:25:23 +0000] "GET /wp-includes/edit.php HTTP/1.1" 499 0 "https://quickautosell.com/wp-includes/edit.php" "Mozilla/5.0 (Windows NT 10.0; Win64; x64) AppleWebKit/537.36 (KHTML, like Gecko) Chrome/58.0.3029.110 Safari/537.3"
quickautosell.com.infinitibizsol.com:443 20.171.207.57 - - [11/Jun/2025:17:26:23 +0000] "GET /depression/invasion193/dnmf8-18775/ HTTP/1.1" 499 0 "-" "Mozilla/5.0 AppleWebKit/537.36 (KHTML, like Gecko; compatible; GPTBot/1.2; +https://openai.com/gptbot)"
quickautosell.com.infinitibizsol.com:443 162.0.223.40 - - [11/Jun/2025:17:26:27 +0000] "POST /wp-cron.php?doing_wp_cron=1749662786.6450870037078857421875 HTTP/1.1" 499 0 "-" "WordPress/6.8.1; https://quickautosell.com"
quickautosell.com.infinitibizsol.com:443 173.208.204.66 - - [11/Jun/2025:17:26:48 +0000] "GET /wp-includes/edit.php HTTP/1.1" 499 0 "https://quickautosell.com/wp-includes/edit.php" "Mozilla/5.0 (Windows NT 10.0; Win64; x64) AppleWebKit/537.36 (KHTML, like Gecko) Chrome/58.0.3029.110 Safari/537.3"
quickautosell.com.infinitibizsol.com:443 173.208.204.66 - - [11/Jun/2025:17:26:49 +0000] "GET /wp-includes/edit.php HTTP/1.1" 200 16 "https://quickautosell.com/wp-includes/edit.php" "Mozilla/5.0 (Windows NT 10.0; Win64; x64) AppleWebKit/537.36 (KHTML, like Gecko) Chrome/58.0.3029.110 Safari/537.3"
quickautosell.com.infinitibizsol.com:443 198.204.226.18 - - [11/Jun/2025:17:27:12 +0000] "GET /wp-includes/edit.php HTTP/1.1" 200 16 "https://quickautosell.com/wp-includes/edit.php" "Mozilla/5.0 (Windows NT 10.0; Win64; x64) AppleWebKit/537.36 (KHTML, like Gecko) Chrome/58.0.3029.110 Safari/537.3"
quickautosell.com.infinitibizsol.com:443 20.171.207.57 - - [11/Jun/2025:17:27:25 +0000] "GET /frozen/cloud243/m0i12-15467/ HTTP/1.1" 404 32393 "-" "Mozilla/5.0 AppleWebKit/537.36 (KHTML, like Gecko; compatible; GPTBot/1.2; +https://openai.com/gptbot)"
quickautosell.com.infinitibizsol.com:443 66.249.70.4 - - [11/Jun/2025:17:28:28 +0000] "GET /sitemap73.xml HTTP/1.1" 200 5 "-" "Mozilla/5.0 (compatible; Googlebot/2.1; +http://www.google.com/bot.html)"
quickautosell.com.infinitibizsol.com:443 20.171.207.57 - - [11/Jun/2025:17:28:31 +0000] "GET /minority/beg286/7b9ds-43308/ HTTP/1.1" 499 0 "-" "Mozilla/5.0 AppleWebKit/537.36 (KHTML, like Gecko; compatible; GPTBot/1.2; +https://openai.com/gptbot)"
quickautosell.com.infinitibizsol.com:443 162.0.223.40 - - [11/Jun/2025:17:28:44 +0000] "POST /wp-cron.php?doing_wp_cron=1749662923.6234219074249267578125 HTTP/1.1" 499 0 "-" "WordPress/6.8.1; https://quickautosell.com"
quickautosell.com.infinitibizsol.com:443 198.204.226.18 - - [11/Jun/2025:17:29:26 +0000] "GET /wp-includes/edit.php HTTP/1.1" 499 0 "https://quickautosell.com/wp-includes/edit.php" "Mozilla/5.0 (Windows NT 10.0; Win64; x64) AppleWebKit/537.36 (KHTML, like Gecko) Chrome/58.0.3029.110 Safari/537.3"
quickautosell.com.infinitibizsol.com:443 20.171.207.57 - - [11/Jun/2025:17:29:30 +0000] "GET /favorite/blast42/9653d-32578/ HTTP/1.1" 404 55127 "-" "Mozilla/5.0 AppleWebKit/537.36 (KHTML, like Gecko; compatible; GPTBot/1.2; +https://openai.com/gptbot)"
