quickautosell.com.infinitibizsol.com:443 89.45.6.203 - - [11/Jun/2025:20:54:49 +0000] "GET / HTTP/1.1" 499 0 "-" "Mozilla/5.0 (X11; Ubuntu; Linux x86_64; rv:126.0) Gecko/20100101 Firefox/126.0"
quickautosell.com.infinitibizsol.com:443 169.150.197.154 - - [11/Jun/2025:20:54:51 +0000] "GET / HTTP/1.1" 499 0 "-" "Mozilla/5.0 (X11; Ubuntu; Linux x86_64; rv:126.0) Gecko/20100101 Firefox/126.0"
quickautosell.com.infinitibizsol.com:443 156.146.57.134 - - [11/Jun/2025:20:54:53 +0000] "GET / HTTP/1.1" 499 0 "-" "Mozilla/5.0 (X11; Ubuntu; Linux x86_64; rv:126.0) Gecko/20100101 Firefox/126.0"
quickautosell.com.infinitibizsol.com:443 69.167.30.12 - - [11/Jun/2025:20:54:54 +0000] "GET / HTTP/1.1" 499 0 "-" "Mozilla/5.0 (X11; Ubuntu; Linux x86_64; rv:126.0) Gecko/20100101 Firefox/126.0"
quickautosell.com.infinitibizsol.com:443 64.64.112.157 - - [11/Jun/2025:20:54:58 +0000] "GET / HTTP/1.1" 200 80768 "-" "Mozilla/5.0 (X11; Linux x86_64) AppleWebKit/537.36 (KHTML, like Gecko) HeadlessChrome/111.0.5563.19 Safari/537.36"
quickautosell.com.infinitibizsol.com:443 64.64.112.157 - - [11/Jun/2025:20:54:59 +0000] "GET /wp-includes/blocks/navigation/style.min.css?ver=6.8.1 HTTP/1.1" 200 16449 "https://quickautosell.com/" "Mozilla/5.0 (X11; Linux x86_64) AppleWebKit/537.36 (KHTML, like Gecko) HeadlessChrome/111.0.5563.19 Safari/537.36"
quickautosell.com.infinitibizsol.com:443 64.64.112.157 - - [11/Jun/2025:20:54:59 +0000] "GET /wp-includes/blocks/image/style.min.css?ver=6.8.1 HTTP/1.1" 200 6808 "https://quickautosell.com/" "Mozilla/5.0 (X11; Linux x86_64) AppleWebKit/537.36 (KHTML, like Gecko) HeadlessChrome/111.0.5563.19 Safari/537.36"
quickautosell.com.infinitibizsol.com:443 64.64.112.157 - - [11/Jun/2025:20:54:59 +0000] "GET /wp-includes/js/dist/script-modules/block-library/navigation/view.min.js?ver=61572d447d60c0aa5240 HTTP/1.1" 200 3358 "https://quickautosell.com/" "Mozilla/5.0 (X11; Linux x86_64) AppleWebKit/537.36 (KHTML, like Gecko) HeadlessChrome/111.0.5563.19 Safari/537.36"
quickautosell.com.infinitibizsol.com:443 64.64.112.157 - - [11/Jun/2025:20:54:59 +0000] "GET /wp-includes/js/dist/script-modules/interactivity/index.min.js?ver=55aebb6e0a16726baffb HTTP/1.1" 200 38256 "-" "Mozilla/5.0 (X11; Linux x86_64) AppleWebKit/537.36 (KHTML, like Gecko) HeadlessChrome/111.0.5563.19 Safari/537.36"
quickautosell.com.infinitibizsol.com:443 64.64.112.157 - - [11/Jun/2025:20:55:00 +0000] "GET /wp-content/themes/twentytwentyfour/assets/images/building-exterior.webp HTTP/1.1" 200 199724 "https://quickautosell.com/" "Mozilla/5.0 (X11; Linux x86_64) AppleWebKit/537.36 (KHTML, like Gecko) HeadlessChrome/111.0.5563.19 Safari/537.36"
quickautosell.com.infinitibizsol.com:443 64.64.112.157 - - [11/Jun/2025:20:55:01 +0000] "GET /wp-content/themes/twentytwentyfour/assets/images/tourist-and-building.webp HTTP/1.1" 200 66482 "https://quickautosell.com/" "Mozilla/5.0 (X11; Linux x86_64) AppleWebKit/537.36 (KHTML, like Gecko) HeadlessChrome/111.0.5563.19 Safari/537.36"
quickautosell.com.infinitibizsol.com:443 64.64.112.157 - - [11/Jun/2025:20:55:01 +0000] "GET /wp-content/themes/twentytwentyfour/assets/fonts/cardo/cardo_italic_400.woff2 HTTP/1.1" 200 105184 "https://quickautosell.com/" "Mozilla/5.0 (X11; Linux x86_64) AppleWebKit/537.36 (KHTML, like Gecko) HeadlessChrome/111.0.5563.19 Safari/537.36"
quickautosell.com.infinitibizsol.com:443 64.64.112.157 - - [11/Jun/2025:20:55:01 +0000] "GET /wp-content/themes/twentytwentyfour/assets/images/windows.webp HTTP/1.1" 200 126244 "https://quickautosell.com/" "Mozilla/5.0 (X11; Linux x86_64) AppleWebKit/537.36 (KHTML, like Gecko) HeadlessChrome/111.0.5563.19 Safari/537.36"
quickautosell.com.infinitibizsol.com:443 64.64.112.157 - - [11/Jun/2025:20:55:01 +0000] "GET /wp-content/themes/twentytwentyfour/assets/fonts/cardo/cardo_normal_400.woff2 HTTP/1.1" 200 146060 "https://quickautosell.com/" "Mozilla/5.0 (X11; Linux x86_64) AppleWebKit/537.36 (KHTML, like Gecko) HeadlessChrome/111.0.5563.19 Safari/537.36"
quickautosell.com.infinitibizsol.com:443 64.64.112.157 - - [11/Jun/2025:20:55:02 +0000] "GET /wp-content/themes/twentytwentyfour/assets/fonts/inter/Inter-VariableFont_slnt,wght.woff2 HTTP/1.1" 200 326628 "https://quickautosell.com/" "Mozilla/5.0 (X11; Linux x86_64) AppleWebKit/537.36 (KHTML, like Gecko) HeadlessChrome/111.0.5563.19 Safari/537.36"
quickautosell.com.infinitibizsol.com:443 162.0.223.40 - - [11/Jun/2025:20:55:04 +0000] "POST /wp-cron.php?doing_wp_cron=1749675303.5494999885559082031250 HTTP/1.1" 499 0 "-" "WordPress/6.8.1; https://quickautosell.com"
quickautosell.com.infinitibizsol.com:443 20.171.207.195 - - [11/Jun/2025:20:55:04 +0000] "GET /remark/tired76/ubt6z-10798/ HTTP/1.1" 404 32393 "-" "Mozilla/5.0 AppleWebKit/537.36 (KHTML, like Gecko; compatible; GPTBot/1.2; +https://openai.com/gptbot)"
quickautosell.com.infinitibizsol.com:443 20.171.207.195 - - [11/Jun/2025:20:56:02 +0000] "GET /ideal/report77/q9buc-17145/ HTTP/1.1" 404 54766 "-" "Mozilla/5.0 AppleWebKit/537.36 (KHTML, like Gecko; compatible; GPTBot/1.2; +https://openai.com/gptbot)"
quickautosell.com.infinitibizsol.com:443 162.0.223.40 - - [11/Jun/2025:20:57:06 +0000] "POST /wp-cron.php?doing_wp_cron=1749675425.5862159729003906250000 HTTP/1.1" 499 0 "-" "WordPress/6.8.1; https://quickautosell.com"
quickautosell.com.infinitibizsol.com:443 20.171.207.195 - - [11/Jun/2025:20:57:06 +0000] "GET /box/formula122/ipuvd-28258/ HTTP/1.1" 404 32393 "-" "Mozilla/5.0 AppleWebKit/537.36 (KHTML, like Gecko; compatible; GPTBot/1.2; +https://openai.com/gptbot)"
quickautosell.com.infinitibizsol.com:443 20.171.207.195 - - [11/Jun/2025:20:58:05 +0000] "GET /base/unhappy57/iqih4-14183/ HTTP/1.1" 404 54766 "-" "Mozilla/5.0 AppleWebKit/537.36 (KHTML, like Gecko; compatible; GPTBot/1.2; +https://openai.com/gptbot)"
quickautosell.com.infinitibizsol.com:443 162.0.223.40 - - [11/Jun/2025:20:59:11 +0000] "POST /wp-cron.php?doing_wp_cron=1749675550.6911458969116210937500 HTTP/1.1" 499 0 "-" "WordPress/6.8.1; https://quickautosell.com"
quickautosell.com.infinitibizsol.com:443 20.171.207.195 - - [11/Jun/2025:20:59:11 +0000] "GET /stack/system238/4eokh-4576/ HTTP/1.1" 404 32393 "-" "Mozilla/5.0 AppleWebKit/537.36 (KHTML, like Gecko; compatible; GPTBot/1.2; +https://openai.com/gptbot)"
quickautosell.com.infinitibizsol.com:443 173.208.204.66 - - [11/Jun/2025:20:59:34 +0000] "GET /wp-includes/edit.php HTTP/1.1" 499 0 "https://quickautosell.com/wp-includes/edit.php" "Mozilla/5.0 (Windows NT 10.0; Win64; x64) AppleWebKit/537.36 (KHTML, like Gecko) Chrome/58.0.3029.110 Safari/537.3"
quickautosell.com.infinitibizsol.com:443 173.208.204.66 - - [11/Jun/2025:20:59:35 +0000] "GET /wp-includes/edit.php HTTP/1.1" 200 16 "https://quickautosell.com/wp-includes/edit.php" "Mozilla/5.0 (Windows NT 10.0; Win64; x64) AppleWebKit/537.36 (KHTML, like Gecko) Chrome/58.0.3029.110 Safari/537.3"
quickautosell.com.infinitibizsol.com:443 52.167.144.159 - - [11/Jun/2025:21:00:03 +0000] "GET /silesian/ HTTP/1.1" 499 0 "-" "Mozilla/5.0 AppleWebKit/537.36 (KHTML, like Gecko; compatible; bingbot/2.0; +http://www.bing.com/bingbot.htm) Chrome/116.0.1938.76 Safari/537.36"
quickautosell.com.infinitibizsol.com:443 162.0.223.40 - - [11/Jun/2025:21:00:16 +0000] "POST /wp-cron.php?doing_wp_cron=1749675615.6176240444183349609375 HTTP/1.1" 499 0 "-" "WordPress/6.8.1; https://quickautosell.com"
quickautosell.com.infinitibizsol.com:443 20.171.207.195 - - [11/Jun/2025:21:00:16 +0000] "GET /pass/offense65/9dvgy-14069/ HTTP/1.1" 404 32393 "-" "Mozilla/5.0 AppleWebKit/537.36 (KHTML, like Gecko; compatible; GPTBot/1.2; +https://openai.com/gptbot)"
quickautosell.com.infinitibizsol.com:443 162.0.223.40 - - [11/Jun/2025:21:01:18 +0000] "POST /wp-cron.php?doing_wp_cron=1749675676.8595550060272216796875 HTTP/1.1" 499 0 "-" "WordPress/6.8.1; https://quickautosell.com"
quickautosell.com.infinitibizsol.com:443 20.171.207.195 - - [11/Jun/2025:21:01:18 +0000] "GET /lift/others228/lqkcl-11834/ HTTP/1.1" 404 54766 "-" "Mozilla/5.0 AppleWebKit/537.36 (KHTML, like Gecko; compatible; GPTBot/1.2; +https://openai.com/gptbot)"
quickautosell.com.infinitibizsol.com:443 198.204.226.18 - - [11/Jun/2025:21:02:06 +0000] "GET /wp-includes/edit.php HTTP/1.1" 499 0 "https://quickautosell.com/wp-includes/edit.php" "Mozilla/5.0 (Windows NT 10.0; Win64; x64) AppleWebKit/537.36 (KHTML, like Gecko) Chrome/58.0.3029.110 Safari/537.3"
quickautosell.com.infinitibizsol.com:443 162.0.223.40 - - [11/Jun/2025:21:02:20 +0000] "POST /wp-cron.php?doing_wp_cron=1749675739.5080420970916748046875 HTTP/1.1" 499 0 "-" "WordPress/6.8.1; https://quickautosell.com"
quickautosell.com.infinitibizsol.com:443 20.171.207.195 - - [11/Jun/2025:21:02:20 +0000] "GET /boast/almost164/0mrpg-3290/ HTTP/1.1" 404 54766 "-" "Mozilla/5.0 AppleWebKit/537.36 (KHTML, like Gecko; compatible; GPTBot/1.2; +https://openai.com/gptbot)"
quickautosell.com.infinitibizsol.com:443 162.0.223.40 - - [11/Jun/2025:21:03:24 +0000] "POST /wp-cron.php?doing_wp_cron=1749675803.0467100143432617187500 HTTP/1.1" 499 0 "-" "WordPress/6.8.1; https://quickautosell.com"
quickautosell.com.infinitibizsol.com:443 20.171.207.195 - - [11/Jun/2025:21:03:24 +0000] "GET /weekend/extra7/qs92l-41817/ HTTP/1.1" 404 32393 "-" "Mozilla/5.0 AppleWebKit/537.36 (KHTML, like Gecko; compatible; GPTBot/1.2; +https://openai.com/gptbot)"
quickautosell.com.infinitibizsol.com:443 40.77.167.247 - - [11/Jun/2025:21:03:43 +0000] "GET /permittance/273605703.shtm HTTP/1.1" 499 0 "-" "Mozilla/5.0 AppleWebKit/537.36 (KHTML, like Gecko; compatible; bingbot/2.0; +http://www.bing.com/bingbot.htm) Chrome/116.0.1938.76 Safari/537.36"
quickautosell.com.infinitibizsol.com:443 162.0.223.40 - - [11/Jun/2025:21:04:25 +0000] "POST /wp-cron.php?doing_wp_cron=1749675864.2563331127166748046875 HTTP/1.1" 499 0 "-" "WordPress/6.8.1; https://quickautosell.com"
quickautosell.com.infinitibizsol.com:443 20.171.207.195 - - [11/Jun/2025:21:04:25 +0000] "GET /record/town131/duetk-29845/ HTTP/1.1" 404 32393 "-" "Mozilla/5.0 AppleWebKit/537.36 (KHTML, like Gecko; compatible; GPTBot/1.2; +https://openai.com/gptbot)"
quickautosell.com.infinitibizsol.com:443 162.0.223.40 - - [11/Jun/2025:21:05:26 +0000] "POST /wp-cron.php?doing_wp_cron=1749675925.0598340034484863281250 HTTP/1.1" 499 0 "-" "WordPress/6.8.1; https://quickautosell.com"
quickautosell.com.infinitibizsol.com:443 20.171.207.195 - - [11/Jun/2025:21:05:26 +0000] "GET /glad/letter148/ovdja-32410/ HTTP/1.1" 404 32393 "-" "Mozilla/5.0 AppleWebKit/537.36 (KHTML, like Gecko; compatible; GPTBot/1.2; +https://openai.com/gptbot)"
quickautosell.com.infinitibizsol.com:80 188.253.121.192 - - [11/Jun/2025:21:06:07 +0000] "GET / HTTP/1.1" 200 80750 "-" "Mozilla/5.0 (Windows NT 10.0; Win64; x64) AppleWebKit/537.36 (KHTML, like Gecko) Chrome/58.0.3029.110 Safari/537.3"
quickautosell.com.infinitibizsol.com:443 52.167.144.21 - - [11/Jun/2025:21:06:29 +0000] "GET /sequester/msc/ HTTP/1.1" 499 0 "-" "Mozilla/5.0 AppleWebKit/537.36 (KHTML, like Gecko; compatible; bingbot/2.0; +http://www.bing.com/bingbot.htm) Chrome/116.0.1938.76 Safari/537.36"
quickautosell.com.infinitibizsol.com:443 162.0.223.40 - - [11/Jun/2025:21:06:30 +0000] "POST /wp-cron.php?doing_wp_cron=1749675988.9960410594940185546875 HTTP/1.1" 499 0 "-" "WordPress/6.8.1; https://quickautosell.com"
quickautosell.com.infinitibizsol.com:443 20.171.207.195 - - [11/Jun/2025:21:06:31 +0000] "GET /no/syndrome232/nzwtp-16964/ HTTP/1.1" 404 54766 "-" "Mozilla/5.0 AppleWebKit/537.36 (KHTML, like Gecko; compatible; GPTBot/1.2; +https://openai.com/gptbot)"
quickautosell.com.infinitibizsol.com:443 162.0.223.40 - - [11/Jun/2025:21:07:31 +0000] "POST /wp-cron.php?doing_wp_cron=1749676050.4521420001983642578125 HTTP/1.1" 499 0 "-" "WordPress/6.8.1; https://quickautosell.com"
quickautosell.com.infinitibizsol.com:443 20.171.207.195 - - [11/Jun/2025:21:07:31 +0000] "GET /adjust/born155/tcvzq-24205/ HTTP/1.1" 404 54766 "-" "Mozilla/5.0 AppleWebKit/537.36 (KHTML, like Gecko; compatible; GPTBot/1.2; +https://openai.com/gptbot)"
quickautosell.com.infinitibizsol.com:443 173.208.204.66 - - [11/Jun/2025:21:07:33 +0000] "GET /wp-includes/edit.php HTTP/1.1" 499 0 "https://quickautosell.com/wp-includes/edit.php" "Mozilla/5.0 (Windows NT 10.0; Win64; x64) AppleWebKit/537.36 (KHTML, like Gecko) Chrome/58.0.3029.110 Safari/537.3"
quickautosell.com.infinitibizsol.com:443 173.208.204.66 - - [11/Jun/2025:21:07:34 +0000] "GET /wp-includes/edit.php HTTP/1.1" 200 16 "https://quickautosell.com/wp-includes/edit.php" "Mozilla/5.0 (Windows NT 10.0; Win64; x64) AppleWebKit/537.36 (KHTML, like Gecko) Chrome/58.0.3029.110 Safari/537.3"
quickautosell.com.infinitibizsol.com:443 162.0.223.40 - - [11/Jun/2025:21:08:33 +0000] "POST /wp-cron.php?doing_wp_cron=1749676112.7013349533081054687500 HTTP/1.1" 499 0 "-" "WordPress/6.8.1; https://quickautosell.com"
quickautosell.com.infinitibizsol.com:443 20.171.207.195 - - [11/Jun/2025:21:08:33 +0000] "GET /analyst/meat109/uy2md-8377/ HTTP/1.1" 404 54782 "-" "Mozilla/5.0 AppleWebKit/537.36 (KHTML, like Gecko; compatible; GPTBot/1.2; +https://openai.com/gptbot)"
quickautosell.com.infinitibizsol.com:443 162.0.223.40 - - [11/Jun/2025:21:09:38 +0000] "POST /wp-cron.php?doing_wp_cron=1749676176.7200729846954345703125 HTTP/1.1" 499 0 "-" "WordPress/6.8.1; https://quickautosell.com"
quickautosell.com.infinitibizsol.com:443 20.171.207.195 - - [11/Jun/2025:21:09:38 +0000] "GET /quite/garlic56/3vclg-13284/ HTTP/1.1" 404 32393 "-" "Mozilla/5.0 AppleWebKit/537.36 (KHTML, like Gecko; compatible; GPTBot/1.2; +https://openai.com/gptbot)"
quickautosell.com.infinitibizsol.com:443 162.0.223.40 - - [11/Jun/2025:21:10:38 +0000] "POST /wp-cron.php?doing_wp_cron=1749676237.2102038860321044921875 HTTP/1.1" 499 0 "-" "WordPress/6.8.1; https://quickautosell.com"
quickautosell.com.infinitibizsol.com:443 20.171.207.195 - - [11/Jun/2025:21:10:38 +0000] "GET /rest/describe8/qlw94-28138/ HTTP/1.1" 404 32393 "-" "Mozilla/5.0 AppleWebKit/537.36 (KHTML, like Gecko; compatible; GPTBot/1.2; +https://openai.com/gptbot)"
quickautosell.com.infinitibizsol.com:443 162.0.223.40 - - [11/Jun/2025:21:11:39 +0000] "POST /wp-cron.php?doing_wp_cron=1749676298.6279149055480957031250 HTTP/1.1" 499 0 "-" "WordPress/6.8.1; https://quickautosell.com"
quickautosell.com.infinitibizsol.com:443 20.171.207.195 - - [11/Jun/2025:21:11:39 +0000] "GET /shoulder/his155/yy0aq-1261/ HTTP/1.1" 404 54782 "-" "Mozilla/5.0 AppleWebKit/537.36 (KHTML, like Gecko; compatible; GPTBot/1.2; +https://openai.com/gptbot)"
quickautosell.com.infinitibizsol.com:443 162.0.223.40 - - [11/Jun/2025:21:12:44 +0000] "POST /wp-cron.php?doing_wp_cron=1749676363.1974170207977294921875 HTTP/1.1" 499 0 "-" "WordPress/6.8.1; https://quickautosell.com"
quickautosell.com.infinitibizsol.com:443 20.171.207.195 - - [11/Jun/2025:21:12:44 +0000] "GET /coin/stable142/ddtre-48520/ HTTP/1.1" 404 54766 "-" "Mozilla/5.0 AppleWebKit/537.36 (KHTML, like Gecko; compatible; GPTBot/1.2; +https://openai.com/gptbot)"
quickautosell.com.infinitibizsol.com:443 198.204.226.18 - - [11/Jun/2025:21:13:09 +0000] "GET /wp-includes/edit.php HTTP/1.1" 499 0 "https://quickautosell.com/wp-includes/edit.php" "Mozilla/5.0 (Windows NT 10.0; Win64; x64) AppleWebKit/537.36 (KHTML, like Gecko) Chrome/58.0.3029.110 Safari/537.3"
quickautosell.com.infinitibizsol.com:443 162.0.223.40 - - [11/Jun/2025:21:13:47 +0000] "POST /wp-cron.php?doing_wp_cron=1749676426.7180800437927246093750 HTTP/1.1" 499 0 "-" "WordPress/6.8.1; https://quickautosell.com"
quickautosell.com.infinitibizsol.com:443 20.171.207.195 - - [11/Jun/2025:21:13:47 +0000] "GET /approximately/comedy47/7j9fl-26245/ HTTP/1.1" 404 32393 "-" "Mozilla/5.0 AppleWebKit/537.36 (KHTML, like Gecko; compatible; GPTBot/1.2; +https://openai.com/gptbot)"
quickautosell.com.infinitibizsol.com:443 108.181.202.211 - - [11/Jun/2025:21:14:10 +0000] "GET /wp-includes/edit.php HTTP/1.1" 200 16 "https://quickautosell.com/wp-includes/edit.php" "Mozilla/5.0 (Macintosh; U; Intel Mac OS X 10_6_2; ja-jp) AppleWebKit/531.21.8 (KHTML, like Gecko) Version/4.0.4 Safari/531.21.10"
quickautosell.com.infinitibizsol.com:443 162.0.223.40 - - [11/Jun/2025:21:14:53 +0000] "POST /wp-cron.php?doing_wp_cron=1749676492.3698279857635498046875 HTTP/1.1" 499 0 "-" "WordPress/6.8.1; https://quickautosell.com"
quickautosell.com.infinitibizsol.com:443 20.171.207.195 - - [11/Jun/2025:21:14:53 +0000] "GET /vaccine/substantial267/4mqwk-27099/ HTTP/1.1" 404 54766 "-" "Mozilla/5.0 AppleWebKit/537.36 (KHTML, like Gecko; compatible; GPTBot/1.2; +https://openai.com/gptbot)"
quickautosell.com.infinitibizsol.com:443 173.208.204.66 - - [11/Jun/2025:21:15:34 +0000] "GET /wp-includes/edit.php HTTP/1.1" 499 0 "https://quickautosell.com/wp-includes/edit.php" "Mozilla/5.0 (Windows NT 10.0; Win64; x64) AppleWebKit/537.36 (KHTML, like Gecko) Chrome/58.0.3029.110 Safari/537.3"
quickautosell.com.infinitibizsol.com:443 173.208.204.66 - - [11/Jun/2025:21:15:34 +0000] "GET /wp-includes/edit.php HTTP/1.1" 200 16 "https://quickautosell.com/wp-includes/edit.php" "Mozilla/5.0 (Windows NT 10.0; Win64; x64) AppleWebKit/537.36 (KHTML, like Gecko) Chrome/58.0.3029.110 Safari/537.3"
quickautosell.com.infinitibizsol.com:443 162.0.223.40 - - [11/Jun/2025:21:15:59 +0000] "POST /wp-cron.php?doing_wp_cron=1749676558.3575839996337890625000 HTTP/1.1" 499 0 "-" "WordPress/6.8.1; https://quickautosell.com"
quickautosell.com.infinitibizsol.com:443 20.171.207.195 - - [11/Jun/2025:21:15:59 +0000] "GET /majority/inevitable175/r5lhs-17029/ HTTP/1.1" 404 32393 "-" "Mozilla/5.0 AppleWebKit/537.36 (KHTML, like Gecko; compatible; GPTBot/1.2; +https://openai.com/gptbot)"
quickautosell.com.infinitibizsol.com:443 162.0.223.40 - - [11/Jun/2025:21:16:59 +0000] "POST /wp-cron.php?doing_wp_cron=1749676618.5763309001922607421875 HTTP/1.1" 499 0 "-" "WordPress/6.8.1; https://quickautosell.com"
quickautosell.com.infinitibizsol.com:443 20.171.207.195 - - [11/Jun/2025:21:16:59 +0000] "GET /blow/crazy173/zghap-7523/ HTTP/1.1" 404 32393 "-" "Mozilla/5.0 AppleWebKit/537.36 (KHTML, like Gecko; compatible; GPTBot/1.2; +https://openai.com/gptbot)"
quickautosell.com.infinitibizsol.com:443 198.204.226.18 - - [11/Jun/2025:21:17:22 +0000] "GET /wp-includes/edit.php HTTP/1.1" 499 0 "https://quickautosell.com/wp-includes/edit.php" "Mozilla/5.0 (Windows NT 10.0; Win64; x64) AppleWebKit/537.36 (KHTML, like Gecko) Chrome/58.0.3029.110 Safari/537.3"
quickautosell.com.infinitibizsol.com:443 162.0.223.40 - - [11/Jun/2025:21:18:01 +0000] "POST /wp-cron.php?doing_wp_cron=1749676680.1552090644836425781250 HTTP/1.1" 499 0 "-" "WordPress/6.8.1; https://quickautosell.com"
quickautosell.com.infinitibizsol.com:443 20.171.207.195 - - [11/Jun/2025:21:18:01 +0000] "GET /far/debris127/nxcwt-3021/ HTTP/1.1" 404 54766 "-" "Mozilla/5.0 AppleWebKit/537.36 (KHTML, like Gecko; compatible; GPTBot/1.2; +https://openai.com/gptbot)"
quickautosell.com.infinitibizsol.com:443 162.0.223.40 - - [11/Jun/2025:21:19:04 +0000] "POST /wp-cron.php?doing_wp_cron=1749676743.3727240562438964843750 HTTP/1.1" 499 0 "-" "WordPress/6.8.1; https://quickautosell.com"
quickautosell.com.infinitibizsol.com:443 20.171.207.195 - - [11/Jun/2025:21:19:04 +0000] "GET /bar/develop290/htwk8-948/ HTTP/1.1" 404 32393 "-" "Mozilla/5.0 AppleWebKit/537.36 (KHTML, like Gecko; compatible; GPTBot/1.2; +https://openai.com/gptbot)"
quickautosell.com.infinitibizsol.com:443 162.0.223.40 - - [11/Jun/2025:21:20:07 +0000] "POST /wp-cron.php?doing_wp_cron=1749676806.8146519660949707031250 HTTP/1.1" 499 0 "-" "WordPress/6.8.1; https://quickautosell.com"
quickautosell.com.infinitibizsol.com:443 20.171.207.195 - - [11/Jun/2025:21:20:08 +0000] "GET /chain/panel21/yf7rf-4329/ HTTP/1.1" 404 32393 "-" "Mozilla/5.0 AppleWebKit/537.36 (KHTML, like Gecko; compatible; GPTBot/1.2; +https://openai.com/gptbot)"
quickautosell.com.infinitibizsol.com:443 20.171.207.195 - - [11/Jun/2025:21:21:06 +0000] "GET /rock/artist147/e4kpz-863/ HTTP/1.1" 404 54766 "-" "Mozilla/5.0 AppleWebKit/537.36 (KHTML, like Gecko; compatible; GPTBot/1.2; +https://openai.com/gptbot)"
quickautosell.com.infinitibizsol.com:443 162.0.223.40 - - [11/Jun/2025:21:22:09 +0000] "POST /wp-cron.php?doing_wp_cron=1749676928.7064619064331054687500 HTTP/1.1" 499 0 "-" "WordPress/6.8.1; https://quickautosell.com"
quickautosell.com.infinitibizsol.com:443 20.171.207.195 - - [11/Jun/2025:21:22:09 +0000] "GET /dough/meat141/hvlqu-7563/ HTTP/1.1" 404 32393 "-" "Mozilla/5.0 AppleWebKit/537.36 (KHTML, like Gecko; compatible; GPTBot/1.2; +https://openai.com/gptbot)"
quickautosell.com.infinitibizsol.com:443 162.0.223.40 - - [11/Jun/2025:21:23:16 +0000] "POST /wp-cron.php?doing_wp_cron=1749676994.7405469417572021484375 HTTP/1.1" 499 0 "-" "WordPress/6.8.1; https://quickautosell.com"
quickautosell.com.infinitibizsol.com:443 20.171.207.195 - - [11/Jun/2025:21:23:16 +0000] "GET /chunk/dirt186/vracf-5822/ HTTP/1.1" 404 32393 "-" "Mozilla/5.0 AppleWebKit/537.36 (KHTML, like Gecko; compatible; GPTBot/1.2; +https://openai.com/gptbot)"
quickautosell.com.infinitibizsol.com:443 173.208.204.66 - - [11/Jun/2025:21:23:35 +0000] "GET /wp-includes/edit.php HTTP/1.1" 499 0 "https://quickautosell.com/wp-includes/edit.php" "Mozilla/5.0 (Windows NT 10.0; Win64; x64) AppleWebKit/537.36 (KHTML, like Gecko) Chrome/58.0.3029.110 Safari/537.3"
quickautosell.com.infinitibizsol.com:443 173.208.204.66 - - [11/Jun/2025:21:23:35 +0000] "GET /wp-includes/edit.php HTTP/1.1" 200 16 "https://quickautosell.com/wp-includes/edit.php" "Mozilla/5.0 (Windows NT 10.0; Win64; x64) AppleWebKit/537.36 (KHTML, like Gecko) Chrome/58.0.3029.110 Safari/537.3"
quickautosell.com.infinitibizsol.com:443 162.0.223.40 - - [11/Jun/2025:21:24:17 +0000] "POST /wp-cron.php?doing_wp_cron=1749677056.5401000976562500000000 HTTP/1.1" 499 0 "-" "WordPress/6.8.1; https://quickautosell.com"
quickautosell.com.infinitibizsol.com:443 20.171.207.195 - - [11/Jun/2025:21:24:17 +0000] "GET /good/shrug79/lpagf-13565/ HTTP/1.1" 404 48777 "-" "Mozilla/5.0 AppleWebKit/537.36 (KHTML, like Gecko; compatible; GPTBot/1.2; +https://openai.com/gptbot)"
quickautosell.com.infinitibizsol.com:443 162.0.223.40 - - [11/Jun/2025:21:25:22 +0000] "POST /wp-cron.php?doing_wp_cron=1749677121.1877689361572265625000 HTTP/1.1" 499 0 "-" "WordPress/6.8.1; https://quickautosell.com"
quickautosell.com.infinitibizsol.com:443 20.171.207.195 - - [11/Jun/2025:21:25:22 +0000] "GET /sound/wrong65/ykx4j-7927/ HTTP/1.1" 404 54766 "-" "Mozilla/5.0 AppleWebKit/537.36 (KHTML, like Gecko; compatible; GPTBot/1.2; +https://openai.com/gptbot)"
quickautosell.com.infinitibizsol.com:443 162.0.223.40 - - [11/Jun/2025:21:25:34 +0000] "POST /wp-cron.php?doing_wp_cron=1749677133.5293180942535400390625 HTTP/1.1" 499 0 "-" "WordPress/6.8.1; https://quickautosell.com"
quickautosell.com.infinitibizsol.com:443 20.171.207.195 - - [11/Jun/2025:21:26:51 +0000] "GET /past/spine218/vqnrl-4050/ HTTP/1.1" 499 0 "-" "Mozilla/5.0 AppleWebKit/537.36 (KHTML, like Gecko; compatible; GPTBot/1.2; +https://openai.com/gptbot)"
quickautosell.com.infinitibizsol.com:443 162.0.223.40 - - [11/Jun/2025:21:27:01 +0000] "POST /wp-cron.php?doing_wp_cron=1749677220.5252480506896972656250 HTTP/1.1" 499 0 "-" "WordPress/6.8.1; https://quickautosell.com"
quickautosell.com.infinitibizsol.com:443 198.204.226.18 - - [11/Jun/2025:21:27:20 +0000] "GET /wp-includes/edit.php HTTP/1.1" 499 0 "https://quickautosell.com/wp-includes/edit.php" "Mozilla/5.0 (Windows NT 10.0; Win64; x64) AppleWebKit/537.36 (KHTML, like Gecko) Chrome/58.0.3029.110 Safari/537.3"
quickautosell.com.infinitibizsol.com:443 20.171.207.195 - - [11/Jun/2025:21:27:52 +0000] "GET /alien/horse24/fczt8-1764/ HTTP/1.1" 499 0 "-" "Mozilla/5.0 AppleWebKit/537.36 (KHTML, like Gecko; compatible; GPTBot/1.2; +https://openai.com/gptbot)"
quickautosell.com.infinitibizsol.com:443 162.0.223.40 - - [11/Jun/2025:21:28:09 +0000] "POST /wp-cron.php?doing_wp_cron=1749677288.2742519378662109375000 HTTP/1.1" 499 0 "-" "WordPress/6.8.1; https://quickautosell.com"
quickautosell.com.infinitibizsol.com:443 20.171.207.195 - - [11/Jun/2025:21:28:55 +0000] "GET /survey/spit67/wh0ca-6383/ HTTP/1.1" 499 0 "-" "Mozilla/5.0 AppleWebKit/537.36 (KHTML, like Gecko; compatible; GPTBot/1.2; +https://openai.com/gptbot)"
quickautosell.com.infinitibizsol.com:443 20.171.207.195 - - [11/Jun/2025:21:30:00 +0000] "GET /cheap/edit17/svgwb-40371/ HTTP/1.1" 499 0 "-" "Mozilla/5.0 AppleWebKit/537.36 (KHTML, like Gecko; compatible; GPTBot/1.2; +https://openai.com/gptbot)"
quickautosell.com.infinitibizsol.com:443 162.0.223.40 - - [11/Jun/2025:21:30:05 +0000] "POST /wp-cron.php?doing_wp_cron=1749677403.9734449386596679687500 HTTP/1.1" 499 0 "-" "WordPress/6.8.1; https://quickautosell.com"
quickautosell.com.infinitibizsol.com:443 20.171.207.195 - - [11/Jun/2025:21:31:03 +0000] "GET /chain/panel21/yf7rf-4329/ HTTP/1.1" 499 0 "-" "Mozilla/5.0 AppleWebKit/537.36 (KHTML, like Gecko; compatible; GPTBot/1.2; +https://openai.com/gptbot)"
quickautosell.com.infinitibizsol.com:80 162.0.223.40 - - [11/Jun/2025:21:31:06 +0000] "POST /wp-cron.php?doing_wp_cron=1749677465.2632930278778076171875 HTTP/1.1" 499 0 "-" "WordPress/6.8.1; https://quickautosell.com"
quickautosell.com.infinitibizsol.com:80 205.169.39.51 - - [11/Jun/2025:21:31:06 +0000] "GET / HTTP/1.1" 200 80825 "-" "Mozilla/5.0 (Windows NT 10.0; Win64; x64) AppleWebKit/537.36 (KHTML, like Gecko) Chrome/117.0.5938.132 Safari/537.36"
quickautosell.com.infinitibizsol.com:80 205.169.39.51 - - [11/Jun/2025:21:31:06 +0000] "GET /wp-includes/blocks/navigation/style.min.css?ver=6.8.1 HTTP/1.1" 200 16449 "http://www.quickautosell.com.infinitibizsol.com/" "Mozilla/5.0 (Windows NT 10.0; Win64; x64) AppleWebKit/537.36 (KHTML, like Gecko) Chrome/117.0.5938.132 Safari/537.36"
quickautosell.com.infinitibizsol.com:80 205.169.39.51 - - [11/Jun/2025:21:31:06 +0000] "GET /wp-includes/blocks/image/style.min.css?ver=6.8.1 HTTP/1.1" 200 6808 "http://www.quickautosell.com.infinitibizsol.com/" "Mozilla/5.0 (Windows NT 10.0; Win64; x64) AppleWebKit/537.36 (KHTML, like Gecko) Chrome/117.0.5938.132 Safari/537.36"
quickautosell.com.infinitibizsol.com:80 205.169.39.51 - - [11/Jun/2025:21:31:06 +0000] "GET /wp-includes/js/dist/script-modules/block-library/navigation/view.min.js?ver=61572d447d60c0aa5240 HTTP/1.1" 200 3358 "http://www.quickautosell.com.infinitibizsol.com/" "Mozilla/5.0 (Windows NT 10.0; Win64; x64) AppleWebKit/537.36 (KHTML, like Gecko) Chrome/117.0.5938.132 Safari/537.36"
quickautosell.com.infinitibizsol.com:80 205.169.39.51 - - [11/Jun/2025:21:31:06 +0000] "GET /wp-includes/js/dist/script-modules/interactivity/index.min.js?ver=55aebb6e0a16726baffb HTTP/1.1" 200 38256 "http://www.quickautosell.com.infinitibizsol.com/" "Mozilla/5.0 (Windows NT 10.0; Win64; x64) AppleWebKit/537.36 (KHTML, like Gecko) Chrome/117.0.5938.132 Safari/537.36"
quickautosell.com.infinitibizsol.com:80 205.169.39.51 - - [11/Jun/2025:21:31:06 +0000] "GET /wp-content/themes/twentytwentyfour/assets/fonts/cardo/cardo_normal_400.woff2 HTTP/1.1" 200 146060 "http://www.quickautosell.com.infinitibizsol.com/" "Mozilla/5.0 (Windows NT 10.0; Win64; x64) AppleWebKit/537.36 (KHTML, like Gecko) Chrome/117.0.5938.132 Safari/537.36"
quickautosell.com.infinitibizsol.com:80 205.169.39.51 - - [11/Jun/2025:21:31:06 +0000] "GET /wp-content/themes/twentytwentyfour/assets/images/tourist-and-building.webp HTTP/1.1" 200 66482 "http://www.quickautosell.com.infinitibizsol.com/" "Mozilla/5.0 (Windows NT 10.0; Win64; x64) AppleWebKit/537.36 (KHTML, like Gecko) Chrome/117.0.5938.132 Safari/537.36"
quickautosell.com.infinitibizsol.com:80 205.169.39.51 - - [11/Jun/2025:21:31:06 +0000] "GET /wp-content/themes/twentytwentyfour/assets/fonts/cardo/cardo_italic_400.woff2 HTTP/1.1" 200 105184 "http://www.quickautosell.com.infinitibizsol.com/" "Mozilla/5.0 (Windows NT 10.0; Win64; x64) AppleWebKit/537.36 (KHTML, like Gecko) Chrome/117.0.5938.132 Safari/537.36"
quickautosell.com.infinitibizsol.com:80 205.169.39.51 - - [11/Jun/2025:21:31:06 +0000] "GET /wp-content/themes/twentytwentyfour/assets/images/windows.webp HTTP/1.1" 200 126244 "http://www.quickautosell.com.infinitibizsol.com/" "Mozilla/5.0 (Windows NT 10.0; Win64; x64) AppleWebKit/537.36 (KHTML, like Gecko) Chrome/117.0.5938.132 Safari/537.36"
quickautosell.com.infinitibizsol.com:80 205.169.39.51 - - [11/Jun/2025:21:31:07 +0000] "GET /wp-includes/js/wp-emoji-release.min.js?ver=6.8.1 HTTP/1.1" 200 19264 "http://www.quickautosell.com.infinitibizsol.com/" "Mozilla/5.0 (Windows NT 10.0; Win64; x64) AppleWebKit/537.36 (KHTML, like Gecko) Chrome/117.0.5938.132 Safari/537.36"
quickautosell.com.infinitibizsol.com:80 205.169.39.51 - - [11/Jun/2025:21:31:07 +0000] "GET /wp-content/themes/twentytwentyfour/assets/fonts/inter/Inter-VariableFont_slnt,wght.woff2 HTTP/1.1" 200 326628 "http://www.quickautosell.com.infinitibizsol.com/" "Mozilla/5.0 (Windows NT 10.0; Win64; x64) AppleWebKit/537.36 (KHTML, like Gecko) Chrome/117.0.5938.132 Safari/537.36"
quickautosell.com.infinitibizsol.com:80 205.169.39.51 - - [11/Jun/2025:21:31:07 +0000] "GET /wp-content/themes/twentytwentyfour/assets/images/building-exterior.webp HTTP/1.1" 200 199724 "http://www.quickautosell.com.infinitibizsol.com/" "Mozilla/5.0 (Windows NT 10.0; Win64; x64) AppleWebKit/537.36 (KHTML, like Gecko) Chrome/117.0.5938.132 Safari/537.36"
quickautosell.com.infinitibizsol.com:443 162.0.223.40 - - [11/Jun/2025:21:31:18 +0000] "POST /wp-cron.php?doing_wp_cron=1749677476.6759250164031982421875 HTTP/1.1" 499 0 "-" "WordPress/6.8.1; https://quickautosell.com"
quickautosell.com.infinitibizsol.com:443 173.208.204.66 - - [11/Jun/2025:21:31:34 +0000] "GET /wp-includes/edit.php HTTP/1.1" 499 0 "https://quickautosell.com/wp-includes/edit.php" "Mozilla/5.0 (Windows NT 10.0; Win64; x64) AppleWebKit/537.36 (KHTML, like Gecko) Chrome/58.0.3029.110 Safari/537.3"
quickautosell.com.infinitibizsol.com:443 40.77.167.22 - - [11/Jun/2025:21:31:35 +0000] "GET /windshaken/m757103300.shtm HTTP/1.1" 499 0 "-" "Mozilla/5.0 AppleWebKit/537.36 (KHTML, like Gecko; compatible; bingbot/2.0; +http://www.bing.com/bingbot.htm) Chrome/116.0.1938.76 Safari/537.36"
quickautosell.com.infinitibizsol.com:443 173.208.204.66 - - [11/Jun/2025:21:31:35 +0000] "GET /wp-includes/edit.php HTTP/1.1" 200 16 "https://quickautosell.com/wp-includes/edit.php" "Mozilla/5.0 (Windows NT 10.0; Win64; x64) AppleWebKit/537.36 (KHTML, like Gecko) Chrome/58.0.3029.110 Safari/537.3"
quickautosell.com.infinitibizsol.com:443 20.171.207.195 - - [11/Jun/2025:21:32:08 +0000] "GET /patch/mayor135/w3eiz-239/ HTTP/1.1" 499 0 "-" "Mozilla/5.0 AppleWebKit/537.36 (KHTML, like Gecko; compatible; GPTBot/1.2; +https://openai.com/gptbot)"
quickautosell.com.infinitibizsol.com:443 162.0.223.40 - - [11/Jun/2025:21:32:22 +0000] "POST /wp-cron.php?doing_wp_cron=1749677541.9432990550994873046875 HTTP/1.1" 499 0 "-" "WordPress/6.8.1; https://quickautosell.com"
quickautosell.com.infinitibizsol.com:443 20.171.207.195 - - [11/Jun/2025:21:33:10 +0000] "GET /hair/place27/yguzz-35995/ HTTP/1.1" 499 0 "-" "Mozilla/5.0 AppleWebKit/537.36 (KHTML, like Gecko; compatible; GPTBot/1.2; +https://openai.com/gptbot)"
quickautosell.com.infinitibizsol.com:443 173.208.153.154 - - [11/Jun/2025:21:33:54 +0000] "GET /wp-includes/edit.php HTTP/1.1" 499 0 "https://quickautosell.com/wp-includes/edit.php" "Mozilla/4.0 (compatible; MSIE 7.0; Windows NT 5.1; SV1; .NET CLR 1.0.3705; .NET CLR 2.0.50727; .NET CLR 1.1.4322)"
quickautosell.com.infinitibizsol.com:443 173.208.153.154 - - [11/Jun/2025:21:33:54 +0000] "GET /wp-includes/edit.php HTTP/1.1" 200 16 "https://quickautosell.com/wp-includes/edit.php" "Mozilla/5.0 (Windows; U; Windows NT 5.1; en-US) AppleWebKit/534.16 (KHTML, like Gecko) Chrome/10.0.648.151 Safari/534.16"
quickautosell.com.infinitibizsol.com:443 20.171.207.195 - - [11/Jun/2025:21:34:11 +0000] "GET /spoon/band15/aftmy-28507/ HTTP/1.1" 499 0 "-" "Mozilla/5.0 AppleWebKit/537.36 (KHTML, like Gecko; compatible; GPTBot/1.2; +https://openai.com/gptbot)"
quickautosell.com.infinitibizsol.com:443 162.0.223.40 - - [11/Jun/2025:21:34:15 +0000] "POST /wp-cron.php?doing_wp_cron=1749677653.5543980598449707031250 HTTP/1.1" 499 0 "-" "WordPress/6.8.1; https://quickautosell.com"
quickautosell.com.infinitibizsol.com:443 20.171.207.195 - - [11/Jun/2025:21:35:13 +0000] "GET /enough/dark62/ulfs4-3116/ HTTP/1.1" 499 0 "-" "Mozilla/5.0 AppleWebKit/537.36 (KHTML, like Gecko; compatible; GPTBot/1.2; +https://openai.com/gptbot)"
quickautosell.com.infinitibizsol.com:443 162.0.223.40 - - [11/Jun/2025:21:35:25 +0000] "POST /wp-cron.php?doing_wp_cron=1749677724.2614440917968750000000 HTTP/1.1" 499 0 "-" "WordPress/6.8.1; https://quickautosell.com"
quickautosell.com.infinitibizsol.com:443 20.171.207.195 - - [11/Jun/2025:21:35:47 +0000] "GET /admit/enable1/58aqs-4035/ HTTP/1.1" 200 5 "-" "Mozilla/5.0 AppleWebKit/537.36 (KHTML, like Gecko; compatible; GPTBot/1.2; +https://openai.com/gptbot)"
quickautosell.com.infinitibizsol.com:443 20.171.207.195 - - [11/Jun/2025:21:37:21 +0000] "GET /long/admit78/zgsge-14760/ HTTP/1.1" 499 0 "-" "Mozilla/5.0 AppleWebKit/537.36 (KHTML, like Gecko; compatible; GPTBot/1.2; +https://openai.com/gptbot)"
quickautosell.com.infinitibizsol.com:443 162.0.223.40 - - [11/Jun/2025:21:37:30 +0000] "POST /wp-cron.php?doing_wp_cron=1749677849.1415228843688964843750 HTTP/1.1" 499 0 "-" "WordPress/6.8.1; https://quickautosell.com"
quickautosell.com.infinitibizsol.com:443 20.171.207.195 - - [11/Jun/2025:21:38:16 +0000] "GET /flash/grab44/mvpse-13638/ HTTP/1.1" 404 32393 "-" "Mozilla/5.0 AppleWebKit/537.36 (KHTML, like Gecko; compatible; GPTBot/1.2; +https://openai.com/gptbot)"
quickautosell.com.infinitibizsol.com:443 40.77.167.14 - - [11/Jun/2025:21:38:39 +0000] "GET /abranchious/wxc477930416.shtm HTTP/1.1" 200 23 "-" "Mozilla/5.0 AppleWebKit/537.36 (KHTML, like Gecko; compatible; bingbot/2.0; +http://www.bing.com/bingbot.htm) Chrome/116.0.1938.76 Safari/537.36"
quickautosell.com.infinitibizsol.com:443 20.171.207.195 - - [11/Jun/2025:21:39:25 +0000] "GET /nest/shade193/urhoq-5857/ HTTP/1.1" 499 0 "-" "Mozilla/5.0 AppleWebKit/537.36 (KHTML, like Gecko; compatible; GPTBot/1.2; +https://openai.com/gptbot)"
quickautosell.com.infinitibizsol.com:443 162.0.223.40 - - [11/Jun/2025:21:39:28 +0000] "POST /wp-cron.php?doing_wp_cron=1749677967.6610109806060791015625 HTTP/1.1" 499 0 "-" "WordPress/6.8.1; https://quickautosell.com"
quickautosell.com.infinitibizsol.com:443 173.208.204.66 - - [11/Jun/2025:21:39:34 +0000] "GET /wp-includes/edit.php HTTP/1.1" 499 0 "https://quickautosell.com/wp-includes/edit.php" "Mozilla/5.0 (Windows NT 10.0; Win64; x64) AppleWebKit/537.36 (KHTML, like Gecko) Chrome/58.0.3029.110 Safari/537.3"
quickautosell.com.infinitibizsol.com:443 173.208.204.66 - - [11/Jun/2025:21:39:34 +0000] "GET /wp-includes/edit.php HTTP/1.1" 200 16 "https://quickautosell.com/wp-includes/edit.php" "Mozilla/5.0 (Windows NT 10.0; Win64; x64) AppleWebKit/537.36 (KHTML, like Gecko) Chrome/58.0.3029.110 Safari/537.3"
quickautosell.com.infinitibizsol.com:443 20.171.207.195 - - [11/Jun/2025:21:40:26 +0000] "GET /seal/toxic22/dumcf-24600/ HTTP/1.1" 499 0 "-" "Mozilla/5.0 AppleWebKit/537.36 (KHTML, like Gecko; compatible; GPTBot/1.2; +https://openai.com/gptbot)"
quickautosell.com.infinitibizsol.com:443 52.167.144.18 - - [11/Jun/2025:21:40:42 +0000] "GET /irreducible460272647.shtm HTTP/1.1" 200 23 "-" "Mozilla/5.0 AppleWebKit/537.36 (KHTML, like Gecko; compatible; bingbot/2.0; +http://www.bing.com/bingbot.htm) Chrome/116.0.1938.76 Safari/537.36"
quickautosell.com.infinitibizsol.com:443 198.204.226.18 - - [11/Jun/2025:21:41:06 +0000] "GET /wp-includes/edit.php HTTP/1.1" 499 0 "https://quickautosell.com/wp-includes/edit.php" "Mozilla/5.0 (Windows NT 10.0; Win64; x64) AppleWebKit/537.36 (KHTML, like Gecko) Chrome/58.0.3029.110 Safari/537.3"
quickautosell.com.infinitibizsol.com:443 198.204.226.18 - - [11/Jun/2025:21:41:14 +0000] "GET /wp-includes/edit.php HTTP/1.1" 200 16 "https://quickautosell.com/wp-includes/edit.php" "Mozilla/5.0 (Windows NT 10.0; Win64; x64) AppleWebKit/537.36 (KHTML, like Gecko) Chrome/58.0.3029.110 Safari/537.3"
quickautosell.com.infinitibizsol.com:443 162.0.223.40 - - [11/Jun/2025:21:41:22 +0000] "POST /wp-cron.php?doing_wp_cron=1749678081.1408240795135498046875 HTTP/1.1" 499 0 "-" "WordPress/6.8.1; https://quickautosell.com"
quickautosell.com.infinitibizsol.com:443 20.171.207.195 - - [11/Jun/2025:21:41:26 +0000] "GET /ladder/body64/mklp7-2738/ HTTP/1.1" 404 32393 "-" "Mozilla/5.0 AppleWebKit/537.36 (KHTML, like Gecko; compatible; GPTBot/1.2; +https://openai.com/gptbot)"
quickautosell.com.infinitibizsol.com:443 162.0.223.40 - - [11/Jun/2025:21:42:28 +0000] "POST /wp-cron.php?doing_wp_cron=1749678147.8282389640808105468750 HTTP/1.1" 499 0 "-" "WordPress/6.8.1; https://quickautosell.com"
quickautosell.com.infinitibizsol.com:443 20.171.207.195 - - [11/Jun/2025:21:42:30 +0000] "GET /hill/large164/hsokf-3530/ HTTP/1.1" 404 55127 "-" "Mozilla/5.0 AppleWebKit/537.36 (KHTML, like Gecko; compatible; GPTBot/1.2; +https://openai.com/gptbot)"
quickautosell.com.infinitibizsol.com:443 20.171.207.195 - - [11/Jun/2025:21:43:32 +0000] "GET /exam/cover17/lkksy-10449/ HTTP/1.1" 499 0 "-" "Mozilla/5.0 AppleWebKit/537.36 (KHTML, like Gecko; compatible; GPTBot/1.2; +https://openai.com/gptbot)"
quickautosell.com.infinitibizsol.com:443 162.0.223.40 - - [11/Jun/2025:21:43:32 +0000] "POST /wp-cron.php?doing_wp_cron=1749678211.2523949146270751953125 HTTP/1.1" 499 0 "-" "WordPress/6.8.1; https://quickautosell.com"
quickautosell.com.infinitibizsol.com:443 20.171.207.195 - - [11/Jun/2025:21:44:36 +0000] "GET /whom/productivity2/b8bmv-14960/ HTTP/1.1" 499 0 "-" "Mozilla/5.0 AppleWebKit/537.36 (KHTML, like Gecko; compatible; GPTBot/1.2; +https://openai.com/gptbot)"
quickautosell.com.infinitibizsol.com:443 162.0.223.40 - - [11/Jun/2025:21:44:40 +0000] "POST /wp-cron.php?doing_wp_cron=1749678279.3953049182891845703125 HTTP/1.1" 499 0 "-" "WordPress/6.8.1; https://quickautosell.com"
quickautosell.com.infinitibizsol.com:443 20.171.207.195 - - [11/Jun/2025:21:45:37 +0000] "GET /principal/agent214/fqmvh-33476/ HTTP/1.1" 499 0 "-" "Mozilla/5.0 AppleWebKit/537.36 (KHTML, like Gecko; compatible; GPTBot/1.2; +https://openai.com/gptbot)"
quickautosell.com.infinitibizsol.com:443 162.0.223.40 - - [11/Jun/2025:21:45:40 +0000] "POST /wp-cron.php?doing_wp_cron=1749678339.8712759017944335937500 HTTP/1.1" 499 0 "-" "WordPress/6.8.1; https://quickautosell.com"
quickautosell.com.infinitibizsol.com:443 20.171.207.195 - - [11/Jun/2025:21:46:42 +0000] "GET /diplomat/uniform10/e8gws-38530/ HTTP/1.1" 499 0 "-" "Mozilla/5.0 AppleWebKit/537.36 (KHTML, like Gecko; compatible; GPTBot/1.2; +https://openai.com/gptbot)"
quickautosell.com.infinitibizsol.com:443 198.204.226.18 - - [11/Jun/2025:21:47:27 +0000] "GET /wp-includes/edit.php HTTP/1.1" 499 0 "https://quickautosell.com/wp-includes/edit.php" "Mozilla/5.0 (Windows NT 10.0; Win64; x64) AppleWebKit/537.36 (KHTML, like Gecko) Chrome/58.0.3029.110 Safari/537.3"
quickautosell.com.infinitibizsol.com:443 173.208.204.66 - - [11/Jun/2025:21:47:33 +0000] "GET /wp-includes/edit.php HTTP/1.1" 200 16 "https://quickautosell.com/wp-includes/edit.php" "Mozilla/5.0 (Windows NT 10.0; Win64; x64) AppleWebKit/537.36 (KHTML, like Gecko) Chrome/58.0.3029.110 Safari/537.3"
quickautosell.com.infinitibizsol.com:443 198.204.226.18 - - [11/Jun/2025:21:47:34 +0000] "GET /wp-includes/edit.php HTTP/1.1" 200 16 "https://quickautosell.com/wp-includes/edit.php" "Mozilla/5.0 (Windows NT 10.0; Win64; x64) AppleWebKit/537.36 (KHTML, like Gecko) Chrome/58.0.3029.110 Safari/537.3"
quickautosell.com.infinitibizsol.com:443 198.204.226.18 - - [11/Jun/2025:21:47:38 +0000] "GET /wp-includes/edit.php HTTP/1.1" 200 16 "https://quickautosell.com/wp-includes/edit.php" "Mozilla/5.0 (Windows NT 10.0; Win64; x64) AppleWebKit/537.36 (KHTML, like Gecko) Chrome/58.0.3029.110 Safari/537.3"
quickautosell.com.infinitibizsol.com:443 20.171.207.195 - - [11/Jun/2025:21:47:47 +0000] "GET /rapidly/mention214/xurpj-30460/ HTTP/1.1" 499 0 "-" "Mozilla/5.0 AppleWebKit/537.36 (KHTML, like Gecko; compatible; GPTBot/1.2; +https://openai.com/gptbot)"
quickautosell.com.infinitibizsol.com:443 162.0.223.40 - - [11/Jun/2025:21:47:59 +0000] "POST /wp-cron.php?doing_wp_cron=1749678478.5339429378509521484375 HTTP/1.1" 499 0 "-" "WordPress/6.8.1; https://quickautosell.com"
quickautosell.com.infinitibizsol.com:443 91.134.91.17 - - [11/Jun/2025:21:48:41 +0000] "GET / HTTP/1.1" 200 80787 "-" "Mozilla/5.0 (Macintosh; Intel Mac OS X 14) AppleWebKit/616.19.3 (KHTML, like Gecko) Version/17.6.11 Safari/616.19.3"
quickautosell.com.infinitibizsol.com:443 20.171.207.195 - - [11/Jun/2025:21:48:53 +0000] "GET /flip/respondent240/acqab-21506/ HTTP/1.1" 499 0 "-" "Mozilla/5.0 AppleWebKit/537.36 (KHTML, like Gecko; compatible; GPTBot/1.2; +https://openai.com/gptbot)"
quickautosell.com.infinitibizsol.com:443 162.0.223.40 - - [11/Jun/2025:21:49:04 +0000] "POST /wp-cron.php?doing_wp_cron=1749678543.0056290626525878906250 HTTP/1.1" 499 0 "-" "WordPress/6.8.1; https://quickautosell.com"
quickautosell.com.infinitibizsol.com:443 20.171.207.195 - - [11/Jun/2025:21:49:58 +0000] "GET /overwhelm/implementation277/yvsxg-32955/ HTTP/1.1" 499 0 "-" "Mozilla/5.0 AppleWebKit/537.36 (KHTML, like Gecko; compatible; GPTBot/1.2; +https://openai.com/gptbot)"
quickautosell.com.infinitibizsol.com:443 162.0.223.40 - - [11/Jun/2025:21:50:05 +0000] "POST /wp-cron.php?doing_wp_cron=1749678604.5088789463043212890625 HTTP/1.1" 499 0 "-" "WordPress/6.8.1; https://quickautosell.com"
quickautosell.com.infinitibizsol.com:443 20.171.207.195 - - [11/Jun/2025:21:50:58 +0000] "GET /discrimination/extensive120/djkgp-41076/ HTTP/1.1" 404 55151 "-" "Mozilla/5.0 AppleWebKit/537.36 (KHTML, like Gecko; compatible; GPTBot/1.2; +https://openai.com/gptbot)"
quickautosell.com.infinitibizsol.com:443 162.0.223.40 - - [11/Jun/2025:21:51:37 +0000] "POST /wp-cron.php?doing_wp_cron=1749678695.9912090301513671875000 HTTP/1.1" 499 0 "-" "WordPress/6.8.1; https://quickautosell.com"
quickautosell.com.infinitibizsol.com:443 20.171.207.195 - - [11/Jun/2025:21:51:37 +0000] "GET /PM/heavily205/unpx6-38641/ HTTP/1.1" 404 54851 "-" "Mozilla/5.0 AppleWebKit/537.36 (KHTML, like Gecko; compatible; GPTBot/1.2; +https://openai.com/gptbot)"
quickautosell.com.infinitibizsol.com:443 4.43.184.114 - - [11/Jun/2025:21:52:03 +0000] "GET / HTTP/1.0" 200 81103 "-" "Mozilla/5.0 (X11; U; Linux x86_64; en-US) AppleWebKit/533.4 (KHTML, like Gecko) Chrome/5.0.375.53 Safari/533.4"
quickautosell.com.infinitibizsol.com:443 162.0.223.40 - - [11/Jun/2025:21:52:46 +0000] "POST /wp-cron.php?doing_wp_cron=1749678765.1515350341796875000000 HTTP/1.1" 499 0 "-" "WordPress/6.8.1; https://quickautosell.com"
quickautosell.com.infinitibizsol.com:443 20.171.207.195 - - [11/Jun/2025:21:53:00 +0000] "GET /alley/hockey105/28p98-39607/ HTTP/1.1" 404 32393 "-" "Mozilla/5.0 AppleWebKit/537.36 (KHTML, like Gecko; compatible; GPTBot/1.2; +https://openai.com/gptbot)"
quickautosell.com.infinitibizsol.com:443 66.249.70.3 - - [11/Jun/2025:21:53:02 +0000] "GET /language13644963.shtm HTTP/1.1" 200 5 "-" "Mozilla/5.0 (Linux; Android 6.0.1; Nexus 5X Build/MMB29P) AppleWebKit/537.36 (KHTML, like Gecko) Chrome/137.0.7151.68 Mobile Safari/537.36 (compatible; Googlebot/2.1; +http://www.google.com/bot.html)"
quickautosell.com.infinitibizsol.com:443 20.171.207.195 - - [11/Jun/2025:21:54:14 +0000] "GET /maker/enough25/u67dm-21325/ HTTP/1.1" 499 0 "-" "Mozilla/5.0 AppleWebKit/537.36 (KHTML, like Gecko; compatible; GPTBot/1.2; +https://openai.com/gptbot)"
quickautosell.com.infinitibizsol.com:443 162.0.223.40 - - [11/Jun/2025:21:54:18 +0000] "POST /wp-cron.php?doing_wp_cron=1749678857.3499870300292968750000 HTTP/1.1" 499 0 "-" "WordPress/6.8.1; https://quickautosell.com"
quickautosell.com.infinitibizsol.com:443 198.204.226.18 - - [11/Jun/2025:21:54:54 +0000] "GET /wp-includes/edit.php HTTP/1.1" 499 0 "https://quickautosell.com/wp-includes/edit.php" "Mozilla/5.0 (Windows NT 10.0; Win64; x64) AppleWebKit/537.36 (KHTML, like Gecko) Chrome/58.0.3029.110 Safari/537.3"
quickautosell.com.infinitibizsol.com:443 20.171.207.195 - - [11/Jun/2025:21:55:17 +0000] "GET /absence/concert4/alzpt-656/ HTTP/1.1" 499 0 "-" "Mozilla/5.0 AppleWebKit/537.36 (KHTML, like Gecko; compatible; GPTBot/1.2; +https://openai.com/gptbot)"
quickautosell.com.infinitibizsol.com:443 162.0.223.40 - - [11/Jun/2025:21:55:25 +0000] "POST /wp-cron.php?doing_wp_cron=1749678924.8725430965423583984375 HTTP/1.1" 499 0 "-" "WordPress/6.8.1; https://quickautosell.com"
quickautosell.com.infinitibizsol.com:443 52.167.144.203 - - [11/Jun/2025:21:55:26 +0000] "GET /vanillate/c271366848.shtm HTTP/1.1" 200 23 "-" "Mozilla/5.0 AppleWebKit/537.36 (KHTML, like Gecko; compatible; bingbot/2.0; +http://www.bing.com/bingbot.htm) Chrome/116.0.1938.76 Safari/537.36"
quickautosell.com.infinitibizsol.com:443 173.208.204.66 - - [11/Jun/2025:21:55:32 +0000] "GET /wp-includes/edit.php HTTP/1.1" 200 16 "https://quickautosell.com/wp-includes/edit.php" "Mozilla/5.0 (Windows NT 10.0; Win64; x64) AppleWebKit/537.36 (KHTML, like Gecko) Chrome/58.0.3029.110 Safari/537.3"
quickautosell.com.infinitibizsol.com:443 20.171.207.195 - - [11/Jun/2025:21:56:19 +0000] "GET /being/Jewish295/oukez-46089/ HTTP/1.1" 499 0 "-" "Mozilla/5.0 AppleWebKit/537.36 (KHTML, like Gecko; compatible; GPTBot/1.2; +https://openai.com/gptbot)"
quickautosell.com.infinitibizsol.com:443 66.249.70.4 - - [11/Jun/2025:21:56:27 +0000] "GET /conceivable135172108.shtm HTTP/1.1" 200 5 "-" "Mozilla/5.0 (Linux; Android 6.0.1; Nexus 5X Build/MMB29P) AppleWebKit/537.36 (KHTML, like Gecko) Chrome/137.0.7151.68 Mobile Safari/537.36 (compatible; Googlebot/2.1; +http://www.google.com/bot.html)"
quickautosell.com.infinitibizsol.com:443 162.0.223.40 - - [11/Jun/2025:21:57:20 +0000] "POST /wp-cron.php?doing_wp_cron=1749679039.8503749370574951171875 HTTP/1.1" 499 0 "-" "WordPress/6.8.1; https://quickautosell.com"
quickautosell.com.infinitibizsol.com:443 52.167.144.145 - - [11/Jun/2025:21:57:20 +0000] "GET /transisthmian1759996230.shtm HTTP/1.1" 404 54772 "-" "Mozilla/5.0 AppleWebKit/537.36 (KHTML, like Gecko; compatible; bingbot/2.0; +http://www.bing.com/bingbot.htm) Chrome/116.0.1938.76 Safari/537.36"
quickautosell.com.infinitibizsol.com:443 20.171.207.195 - - [11/Jun/2025:21:57:23 +0000] "GET /quarter/Olympic67/k1mwd-1915/ HTTP/1.1" 499 0 "-" "Mozilla/5.0 AppleWebKit/537.36 (KHTML, like Gecko; compatible; GPTBot/1.2; +https://openai.com/gptbot)"
quickautosell.com.infinitibizsol.com:443 162.0.223.40 - - [11/Jun/2025:21:57:26 +0000] "POST /wp-cron.php?doing_wp_cron=1749679045.0667181015014648437500 HTTP/1.1" 499 0 "-" "WordPress/6.8.1; https://quickautosell.com"
quickautosell.com.infinitibizsol.com:443 20.171.207.195 - - [11/Jun/2025:21:58:27 +0000] "GET /European/right16/r7yaw-28592/ HTTP/1.1" 499 0 "-" "Mozilla/5.0 AppleWebKit/537.36 (KHTML, like Gecko; compatible; GPTBot/1.2; +https://openai.com/gptbot)"
quickautosell.com.infinitibizsol.com:443 162.0.223.40 - - [11/Jun/2025:21:58:44 +0000] "POST /wp-cron.php?doing_wp_cron=1749679123.0103499889373779296875 HTTP/1.1" 499 0 "-" "WordPress/6.8.1; https://quickautosell.com"
quickautosell.com.infinitibizsol.com:443 20.171.207.195 - - [11/Jun/2025:21:59:30 +0000] "GET /Spanish/self129/barxu-42533/ HTTP/1.1" 499 0 "-" "Mozilla/5.0 AppleWebKit/537.36 (KHTML, like Gecko; compatible; GPTBot/1.2; +https://openai.com/gptbot)"
quickautosell.com.infinitibizsol.com:443 20.171.207.195 - - [11/Jun/2025:22:00:35 +0000] "GET /consent/model45/p6ued-23333/ HTTP/1.1" 499 0 "-" "Mozilla/5.0 AppleWebKit/537.36 (KHTML, like Gecko; compatible; GPTBot/1.2; +https://openai.com/gptbot)"
quickautosell.com.infinitibizsol.com:443 162.0.223.40 - - [11/Jun/2025:22:00:39 +0000] "POST /wp-cron.php?doing_wp_cron=1749679238.7833940982818603515625 HTTP/1.1" 499 0 "-" "WordPress/6.8.1; https://quickautosell.com"
quickautosell.com.infinitibizsol.com:443 20.171.207.195 - - [11/Jun/2025:22:01:35 +0000] "GET /appear/anyone253/expte-33033/ HTTP/1.1" 499 0 "-" "Mozilla/5.0 AppleWebKit/537.36 (KHTML, like Gecko; compatible; GPTBot/1.2; +https://openai.com/gptbot)"
quickautosell.com.infinitibizsol.com:443 162.0.223.40 - - [11/Jun/2025:22:01:45 +0000] "POST /wp-cron.php?doing_wp_cron=1749679304.9130198955535888671875 HTTP/1.1" 499 0 "-" "WordPress/6.8.1; https://quickautosell.com"
quickautosell.com.infinitibizsol.com:443 40.77.167.155 - - [11/Jun/2025:22:01:51 +0000] "GET /halflattice/special/cdk1831717326.shtm HTTP/1.1" 200 23 "-" "Mozilla/5.0 AppleWebKit/537.36 (KHTML, like Gecko; compatible; bingbot/2.0; +http://www.bing.com/bingbot.htm) Chrome/116.0.1938.76 Safari/537.36"
quickautosell.com.infinitibizsol.com:443 20.171.207.195 - - [11/Jun/2025:22:02:38 +0000] "GET /invention/toe236/qoemn-9262/ HTTP/1.1" 499 0 "-" "Mozilla/5.0 AppleWebKit/537.36 (KHTML, like Gecko; compatible; GPTBot/1.2; +https://openai.com/gptbot)"
quickautosell.com.infinitibizsol.com:443 162.0.223.40 - - [11/Jun/2025:22:03:03 +0000] "POST /wp-cron.php?doing_wp_cron=1749679381.7532091140747070312500 HTTP/1.1" 499 0 "-" "WordPress/6.8.1; https://quickautosell.com"
quickautosell.com.infinitibizsol.com:443 20.171.207.195 - - [11/Jun/2025:22:03:14 +0000] "GET /biology/cute2/jsvdb-36120/ HTTP/1.1" 404 54766 "-" "Mozilla/5.0 AppleWebKit/537.36 (KHTML, like Gecko; compatible; GPTBot/1.2; +https://openai.com/gptbot)"
quickautosell.com.infinitibizsol.com:443 173.208.204.66 - - [11/Jun/2025:22:03:33 +0000] "GET /wp-includes/edit.php HTTP/1.1" 499 0 "https://quickautosell.com/wp-includes/edit.php" "Mozilla/5.0 (Windows NT 10.0; Win64; x64) AppleWebKit/537.36 (KHTML, like Gecko) Chrome/58.0.3029.110 Safari/537.3"
quickautosell.com.infinitibizsol.com:443 173.208.204.66 - - [11/Jun/2025:22:03:34 +0000] "GET /wp-includes/edit.php HTTP/1.1" 200 16 "https://quickautosell.com/wp-includes/edit.php" "Mozilla/5.0 (Windows NT 10.0; Win64; x64) AppleWebKit/537.36 (KHTML, like Gecko) Chrome/58.0.3029.110 Safari/537.3"
