Sindbad~EG File Manager

Current Path : /home/infinitibizsol/access-logs/
Upload File :
Current File : /home/infinitibizsol/access-logs/quickautosell.com.infinitibizsol.com

quickautosell.com.infinitibizsol.com:443 52.167.144.214 - - [10/Jun/2025:04:08:16 +0000] "GET /roughfooted/ HTTP/1.1" 200 23 "-" "Mozilla/5.0 AppleWebKit/537.36 (KHTML, like Gecko; compatible; bingbot/2.0; +http://www.bing.com/bingbot.htm) Chrome/116.0.1938.76 Safari/537.36"
quickautosell.com.infinitibizsol.com:443 20.171.207.106 - - [10/Jun/2025:04:08:21 +0000] "GET /items/160028401.html?srsltid=AfmBOojvnytLauytotYeqd5UZZDBenegqZYveAy1e906jqBk8Q2L HTTP/1.1" 499 0 "-" "Mozilla/5.0 AppleWebKit/537.36 (KHTML, like Gecko; compatible; GPTBot/1.2; +https://openai.com/gptbot)"
quickautosell.com.infinitibizsol.com:443 40.77.167.43 - - [10/Jun/2025:04:08:39 +0000] "GET /halecina/ HTTP/1.1" 200 23 "-" "Mozilla/5.0 AppleWebKit/537.36 (KHTML, like Gecko; compatible; bingbot/2.0; +http://www.bing.com/bingbot.htm) Chrome/116.0.1938.76 Safari/537.36"
quickautosell.com.infinitibizsol.com:443 198.204.226.18 - - [10/Jun/2025:04:10:13 +0000] "GET /wp-includes/edit.php HTTP/1.1" 499 0 "https://quickautosell.com/wp-includes/edit.php" "Mozilla/5.0 (Windows NT 10.0; Win64; x64) AppleWebKit/537.36 (KHTML, like Gecko) Chrome/58.0.3029.110 Safari/537.3"
quickautosell.com.infinitibizsol.com:443 173.208.204.66 - - [10/Jun/2025:04:11:28 +0000] "GET /wp-includes/edit.php HTTP/1.1" 200 16 "https://quickautosell.com/wp-includes/edit.php" "Mozilla/5.0 (Windows NT 10.0; Win64; x64) AppleWebKit/537.36 (KHTML, like Gecko) Chrome/58.0.3029.110 Safari/537.3"
quickautosell.com.infinitibizsol.com:443 20.171.207.106 - - [10/Jun/2025:04:11:45 +0000] "GET /items/063004122.html?srsltid=AfmBOozjrGtPWXYWlPrGdxz7NUkTUAPYVeUAWh2xoFHQ58QSC0NI HTTP/1.1" 499 0 "-" "Mozilla/5.0 AppleWebKit/537.36 (KHTML, like Gecko; compatible; GPTBot/1.2; +https://openai.com/gptbot)"
quickautosell.com.infinitibizsol.com:443 162.0.223.40 - - [10/Jun/2025:04:11:48 +0000] "POST /wp-cron.php?doing_wp_cron=1749528707.5381228923797607421875 HTTP/1.1" 499 0 "-" "WordPress/6.8.1; https://quickautosell.com"
quickautosell.com.infinitibizsol.com:443 20.171.207.106 - - [10/Jun/2025:04:11:51 +0000] "GET /business/comparison269/f1atv-8959/ HTTP/1.1" 404 54782 "-" "Mozilla/5.0 AppleWebKit/537.36 (KHTML, like Gecko; compatible; GPTBot/1.2; +https://openai.com/gptbot)"
quickautosell.com.infinitibizsol.com:443 40.77.167.43 - - [10/Jun/2025:04:12:06 +0000] "GET /slowwitted/ HTTP/1.1" 200 23 "-" "Mozilla/5.0 AppleWebKit/537.36 (KHTML, like Gecko; compatible; bingbot/2.0; +http://www.bing.com/bingbot.htm) Chrome/116.0.1938.76 Safari/537.36"
quickautosell.com.infinitibizsol.com:443 20.171.207.106 - - [10/Jun/2025:04:12:46 +0000] "GET /burst/verdict199/o66yr-15569/ HTTP/1.1" 499 0 "-" "Mozilla/5.0 AppleWebKit/537.36 (KHTML, like Gecko; compatible; GPTBot/1.2; +https://openai.com/gptbot)"
quickautosell.com.infinitibizsol.com:443 162.0.223.40 - - [10/Jun/2025:04:12:49 +0000] "POST /wp-cron.php?doing_wp_cron=1749528768.1548240184783935546875 HTTP/1.1" 499 0 "-" "WordPress/6.8.1; https://quickautosell.com"
quickautosell.com.infinitibizsol.com:443 20.171.207.106 - - [10/Jun/2025:04:12:52 +0000] "GET /indeed/specific118/74yft-18050/ HTTP/1.1" 404 32393 "-" "Mozilla/5.0 AppleWebKit/537.36 (KHTML, like Gecko; compatible; GPTBot/1.2; +https://openai.com/gptbot)"
quickautosell.com.infinitibizsol.com:443 162.0.223.40 - - [10/Jun/2025:04:14:18 +0000] "POST /wp-cron.php?doing_wp_cron=1749528857.7245569229125976562500 HTTP/1.1" 499 0 "-" "WordPress/6.8.1; https://quickautosell.com"
quickautosell.com.infinitibizsol.com:443 20.171.207.106 - - [10/Jun/2025:04:14:22 +0000] "GET /unfortunately/man214/k7c2d-42144/ HTTP/1.1" 499 0 "-" "Mozilla/5.0 AppleWebKit/537.36 (KHTML, like Gecko; compatible; GPTBot/1.2; +https://openai.com/gptbot)"
quickautosell.com.infinitibizsol.com:443 198.204.226.18 - - [10/Jun/2025:04:14:52 +0000] "GET /wp-includes/edit.php HTTP/1.1" 499 0 "https://quickautosell.com/wp-includes/edit.php" "Mozilla/5.0 (Windows NT 10.0; Win64; x64) AppleWebKit/537.36 (KHTML, like Gecko) Chrome/58.0.3029.110 Safari/537.3"
quickautosell.com.infinitibizsol.com:443 20.171.207.106 - - [10/Jun/2025:04:15:25 +0000] "GET /nearby/protective93/oavzp-20237/ HTTP/1.1" 499 0 "-" "Mozilla/5.0 AppleWebKit/537.36 (KHTML, like Gecko; compatible; GPTBot/1.2; +https://openai.com/gptbot)"
quickautosell.com.infinitibizsol.com:443 40.77.167.43 - - [10/Jun/2025:04:15:27 +0000] "GET /horseleech/ HTTP/1.1" 200 23 "-" "Mozilla/5.0 AppleWebKit/537.36 (KHTML, like Gecko; compatible; bingbot/2.0; +http://www.bing.com/bingbot.htm) Chrome/116.0.1938.76 Safari/537.36"
quickautosell.com.infinitibizsol.com:443 162.0.223.40 - - [10/Jun/2025:04:15:29 +0000] "POST /wp-cron.php?doing_wp_cron=1749528928.1498498916625976562500 HTTP/1.1" 499 0 "-" "WordPress/6.8.1; https://quickautosell.com"
quickautosell.com.infinitibizsol.com:443 198.204.226.18 - - [10/Jun/2025:04:15:45 +0000] "GET /wp-includes/edit.php HTTP/1.1" 200 16 "https://quickautosell.com/wp-includes/edit.php" "Mozilla/5.0 (Windows NT 10.0; Win64; x64) AppleWebKit/537.36 (KHTML, like Gecko) Chrome/58.0.3029.110 Safari/537.3"
quickautosell.com.infinitibizsol.com:443 198.204.226.18 - - [10/Jun/2025:04:16:03 +0000] "GET /wp-includes/edit.php HTTP/1.1" 200 16 "https://quickautosell.com/wp-includes/edit.php" "Mozilla/5.0 (Windows NT 10.0; Win64; x64) AppleWebKit/537.36 (KHTML, like Gecko) Chrome/58.0.3029.110 Safari/537.3"
quickautosell.com.infinitibizsol.com:443 198.204.226.18 - - [10/Jun/2025:04:16:26 +0000] "GET /wp-includes/edit.php HTTP/1.1" 499 0 "https://quickautosell.com/wp-includes/edit.php" "Mozilla/5.0 (Windows NT 10.0; Win64; x64) AppleWebKit/537.36 (KHTML, like Gecko) Chrome/58.0.3029.110 Safari/537.3"
quickautosell.com.infinitibizsol.com:443 20.171.207.106 - - [10/Jun/2025:04:16:31 +0000] "GET /mount/summary116/19ygt-41454/ HTTP/1.1" 499 0 "-" "Mozilla/5.0 AppleWebKit/537.36 (KHTML, like Gecko; compatible; GPTBot/1.2; +https://openai.com/gptbot)"
quickautosell.com.infinitibizsol.com:443 198.204.226.18 - - [10/Jun/2025:04:16:32 +0000] "GET /wp-includes/edit.php HTTP/1.1" 200 16 "https://quickautosell.com/wp-includes/edit.php" "Mozilla/5.0 (Windows NT 10.0; Win64; x64) AppleWebKit/537.36 (KHTML, like Gecko) Chrome/58.0.3029.110 Safari/537.3"
quickautosell.com.infinitibizsol.com:443 162.0.223.40 - - [10/Jun/2025:04:16:32 +0000] "POST /wp-cron.php?doing_wp_cron=1749528991.4240639209747314453125 HTTP/1.1" 499 0 "-" "WordPress/6.8.1; https://quickautosell.com"
quickautosell.com.infinitibizsol.com:443 198.204.226.18 - - [10/Jun/2025:04:16:52 +0000] "GET /wp-includes/edit.php HTTP/1.1" 200 16 "https://quickautosell.com/wp-includes/edit.php" "Mozilla/5.0 (Windows NT 10.0; Win64; x64) AppleWebKit/537.36 (KHTML, like Gecko) Chrome/58.0.3029.110 Safari/537.3"
quickautosell.com.infinitibizsol.com:443 20.171.207.106 - - [10/Jun/2025:04:17:32 +0000] "GET /camp/execution221/1wdsj-27153/ HTTP/1.1" 499 0 "-" "Mozilla/5.0 AppleWebKit/537.36 (KHTML, like Gecko; compatible; GPTBot/1.2; +https://openai.com/gptbot)"
quickautosell.com.infinitibizsol.com:443 162.0.223.40 - - [10/Jun/2025:04:17:44 +0000] "POST /wp-cron.php?doing_wp_cron=1749529063.0825879573822021484375 HTTP/1.1" 499 0 "-" "WordPress/6.8.1; https://quickautosell.com"
quickautosell.com.infinitibizsol.com:443 20.171.207.106 - - [10/Jun/2025:04:18:34 +0000] "GET /remarkable/garbage75/dtw9b-4165/ HTTP/1.1" 499 0 "-" "Mozilla/5.0 AppleWebKit/537.36 (KHTML, like Gecko; compatible; GPTBot/1.2; +https://openai.com/gptbot)"
quickautosell.com.infinitibizsol.com:443 198.204.226.18 - - [10/Jun/2025:04:19:01 +0000] "GET /wp-includes/edit.php HTTP/1.1" 499 0 "https://quickautosell.com/wp-includes/edit.php" "Mozilla/5.0 (Windows NT 10.0; Win64; x64) AppleWebKit/537.36 (KHTML, like Gecko) Chrome/58.0.3029.110 Safari/537.3"
quickautosell.com.infinitibizsol.com:443 173.208.204.66 - - [10/Jun/2025:04:19:11 +0000] "GET /wp-includes/edit.php HTTP/1.1" 200 16 "https://quickautosell.com/wp-includes/edit.php" "Mozilla/5.0 (Windows NT 10.0; Win64; x64) AppleWebKit/537.36 (KHTML, like Gecko) Chrome/58.0.3029.110 Safari/537.3"
quickautosell.com.infinitibizsol.com:443 198.204.226.18 - - [10/Jun/2025:04:19:14 +0000] "GET /wp-includes/edit.php HTTP/1.1" 200 16 "https://quickautosell.com/wp-includes/edit.php" "Mozilla/5.0 (Windows NT 10.0; Win64; x64) AppleWebKit/537.36 (KHTML, like Gecko) Chrome/58.0.3029.110 Safari/537.3"
quickautosell.com.infinitibizsol.com:443 162.0.223.40 - - [10/Jun/2025:04:19:29 +0000] "POST /wp-cron.php?doing_wp_cron=1749529168.9507510662078857421875 HTTP/1.1" 499 0 "-" "WordPress/6.8.1; https://quickautosell.com"
quickautosell.com.infinitibizsol.com:443 20.171.207.106 - - [10/Jun/2025:04:19:35 +0000] "GET /touchdown/scenario222/p0mvr-9502/ HTTP/1.1" 499 0 "-" "Mozilla/5.0 AppleWebKit/537.36 (KHTML, like Gecko; compatible; GPTBot/1.2; +https://openai.com/gptbot)"
quickautosell.com.infinitibizsol.com:443 198.204.226.18 - - [10/Jun/2025:04:19:46 +0000] "GET /wp-includes/edit.php HTTP/1.1" 200 16 "https://quickautosell.com/wp-includes/edit.php" "Mozilla/5.0 (Windows NT 10.0; Win64; x64) AppleWebKit/537.36 (KHTML, like Gecko) Chrome/58.0.3029.110 Safari/537.3"
quickautosell.com.infinitibizsol.com:443 198.204.226.18 - - [10/Jun/2025:04:19:56 +0000] "GET /wp-includes/edit.php HTTP/1.1" 200 16 "https://quickautosell.com/wp-includes/edit.php" "Mozilla/5.0 (Windows NT 10.0; Win64; x64) AppleWebKit/537.36 (KHTML, like Gecko) Chrome/58.0.3029.110 Safari/537.3"
quickautosell.com.infinitibizsol.com:443 20.171.207.106 - - [10/Jun/2025:04:20:40 +0000] "GET /items/155024620.html?srsltid=AfmBOotzbUTBYSxGdbbuzw70UYgcrSMMO2bdk8vTa1RRfRiotL5H HTTP/1.1" 499 0 "-" "Mozilla/5.0 AppleWebKit/537.36 (KHTML, like Gecko; compatible; GPTBot/1.2; +https://openai.com/gptbot)"
quickautosell.com.infinitibizsol.com:443 162.0.223.40 - - [10/Jun/2025:04:20:48 +0000] "POST /wp-cron.php?doing_wp_cron=1749529247.3235619068145751953125 HTTP/1.1" 499 0 "-" "WordPress/6.8.1; https://quickautosell.com"
quickautosell.com.infinitibizsol.com:443 40.77.167.151 - - [10/Jun/2025:04:20:57 +0000] "GET /inthral/ HTTP/1.1" 200 23 "-" "Mozilla/5.0 AppleWebKit/537.36 (KHTML, like Gecko; compatible; bingbot/2.0; +http://www.bing.com/bingbot.htm) Chrome/116.0.1938.76 Safari/537.36"
quickautosell.com.infinitibizsol.com:443 198.204.226.18 - - [10/Jun/2025:04:21:05 +0000] "GET /wp-includes/edit.php HTTP/1.1" 499 0 "https://quickautosell.com/wp-includes/edit.php" "Mozilla/5.0 (Windows NT 10.0; Win64; x64) AppleWebKit/537.36 (KHTML, like Gecko) Chrome/58.0.3029.110 Safari/537.3"
quickautosell.com.infinitibizsol.com:443 198.204.226.18 - - [10/Jun/2025:04:21:14 +0000] "GET /wp-includes/edit.php HTTP/1.1" 200 16 "https://quickautosell.com/wp-includes/edit.php" "Mozilla/5.0 (Windows NT 10.0; Win64; x64) AppleWebKit/537.36 (KHTML, like Gecko) Chrome/58.0.3029.110 Safari/537.3"
quickautosell.com.infinitibizsol.com:443 20.171.207.106 - - [10/Jun/2025:04:21:41 +0000] "GET /items/287026840.html?srsltid=AfmBOodwhOFlBrZAdexO8gs5HSDLTIrBluq1YwTP47aEKGtmBeix HTTP/1.1" 499 0 "-" "Mozilla/5.0 AppleWebKit/537.36 (KHTML, like Gecko; compatible; GPTBot/1.2; +https://openai.com/gptbot)"
quickautosell.com.infinitibizsol.com:443 198.204.226.18 - - [10/Jun/2025:04:21:45 +0000] "GET /wp-includes/edit.php HTTP/1.1" 200 16 "https://quickautosell.com/wp-includes/edit.php" "Mozilla/5.0 (Windows NT 10.0; Win64; x64) AppleWebKit/537.36 (KHTML, like Gecko) Chrome/58.0.3029.110 Safari/537.3"
quickautosell.com.infinitibizsol.com:443 162.0.223.40 - - [10/Jun/2025:04:22:01 +0000] "POST /wp-cron.php?doing_wp_cron=1749529320.5283799171447753906250 HTTP/1.1" 499 0 "-" "WordPress/6.8.1; https://quickautosell.com"
quickautosell.com.infinitibizsol.com:443 198.204.226.18 - - [10/Jun/2025:04:22:32 +0000] "GET /wp-includes/edit.php HTTP/1.1" 499 0 "https://quickautosell.com/wp-includes/edit.php" "Mozilla/5.0 (Windows NT 10.0; Win64; x64) AppleWebKit/537.36 (KHTML, like Gecko) Chrome/58.0.3029.110 Safari/537.3"
quickautosell.com.infinitibizsol.com:443 20.171.207.106 - - [10/Jun/2025:04:22:43 +0000] "GET /items/247023462.html?srsltid=AfmBOoowmylIAbIhzZSr6PVCLVyMLpceB3jJitrcHpj72Roo4FcR HTTP/1.1" 499 0 "-" "Mozilla/5.0 AppleWebKit/537.36 (KHTML, like Gecko; compatible; GPTBot/1.2; +https://openai.com/gptbot)"
quickautosell.com.infinitibizsol.com:443 40.77.167.19 - - [10/Jun/2025:04:23:27 +0000] "GET /flatcap/s/ HTTP/1.1" 200 23 "-" "Mozilla/5.0 AppleWebKit/537.36 (KHTML, like Gecko; compatible; bingbot/2.0; +http://www.bing.com/bingbot.htm) Chrome/116.0.1938.76 Safari/537.36"
quickautosell.com.infinitibizsol.com:443 198.204.226.18 - - [10/Jun/2025:04:23:27 +0000] "GET /wp-includes/edit.php HTTP/1.1" 200 16 "https://quickautosell.com/wp-includes/edit.php" "Mozilla/5.0 (Windows NT 10.0; Win64; x64) AppleWebKit/537.36 (KHTML, like Gecko) Chrome/58.0.3029.110 Safari/537.3"
quickautosell.com.infinitibizsol.com:443 20.171.207.106 - - [10/Jun/2025:04:23:44 +0000] "GET /items/105002240.html?srsltid=AfmBOoteiGjqaRNPgtSi2BIqHPdAYIea1X8koHncVF4szc3ozc02 HTTP/1.1" 499 0 "-" "Mozilla/5.0 AppleWebKit/537.36 (KHTML, like Gecko; compatible; GPTBot/1.2; +https://openai.com/gptbot)"
quickautosell.com.infinitibizsol.com:443 162.0.223.40 - - [10/Jun/2025:04:23:46 +0000] "POST /wp-cron.php?doing_wp_cron=1749529424.9490509033203125000000 HTTP/1.1" 499 0 "-" "WordPress/6.8.1; https://quickautosell.com"
quickautosell.com.infinitibizsol.com:443 198.204.226.18 - - [10/Jun/2025:04:24:04 +0000] "GET /wp-includes/edit.php HTTP/1.1" 499 0 "https://quickautosell.com/wp-includes/edit.php" "Mozilla/5.0 (Windows NT 10.0; Win64; x64) AppleWebKit/537.36 (KHTML, like Gecko) Chrome/58.0.3029.110 Safari/537.3"
quickautosell.com.infinitibizsol.com:443 20.171.207.106 - - [10/Jun/2025:04:24:46 +0000] "GET /items/183041434.html?srsltid=AfmBOoetfamFhyOtOeWBv7AXOIYmrmxDd5Zwfu0f4xvV9WESBFRo HTTP/1.1" 499 0 "-" "Mozilla/5.0 AppleWebKit/537.36 (KHTML, like Gecko; compatible; GPTBot/1.2; +https://openai.com/gptbot)"
quickautosell.com.infinitibizsol.com:443 198.204.226.18 - - [10/Jun/2025:04:24:46 +0000] "GET /wp-includes/edit.php HTTP/1.1" 200 16 "https://quickautosell.com/wp-includes/edit.php" "Mozilla/5.0 (Windows NT 10.0; Win64; x64) AppleWebKit/537.36 (KHTML, like Gecko) Chrome/58.0.3029.110 Safari/537.3"
quickautosell.com.infinitibizsol.com:443 162.0.223.40 - - [10/Jun/2025:04:25:05 +0000] "POST /wp-cron.php?doing_wp_cron=1749529504.2960560321807861328125 HTTP/1.1" 499 0 "-" "WordPress/6.8.1; https://quickautosell.com"
quickautosell.com.infinitibizsol.com:443 198.204.226.18 - - [10/Jun/2025:04:25:23 +0000] "GET /wp-includes/edit.php HTTP/1.1" 200 16 "https://quickautosell.com/wp-includes/edit.php" "Mozilla/5.0 (Windows NT 10.0; Win64; x64) AppleWebKit/537.36 (KHTML, like Gecko) Chrome/58.0.3029.110 Safari/537.3"
quickautosell.com.infinitibizsol.com:443 20.171.207.106 - - [10/Jun/2025:04:25:50 +0000] "GET /items/176031689.html?srsltid=AfmBOozwaYCaQeRyHXrfQO23AZxcblLGHpC8nO4W9tE9Hx7wfODR HTTP/1.1" 499 0 "-" "Mozilla/5.0 AppleWebKit/537.36 (KHTML, like Gecko; compatible; GPTBot/1.2; +https://openai.com/gptbot)"
quickautosell.com.infinitibizsol.com:443 198.204.226.18 - - [10/Jun/2025:04:26:07 +0000] "GET /wp-includes/edit.php HTTP/1.1" 499 0 "https://quickautosell.com/wp-includes/edit.php" "Mozilla/5.0 (Windows NT 10.0; Win64; x64) AppleWebKit/537.36 (KHTML, like Gecko) Chrome/58.0.3029.110 Safari/537.3"
quickautosell.com.infinitibizsol.com:443 198.204.226.18 - - [10/Jun/2025:04:26:17 +0000] "GET /wp-includes/edit.php HTTP/1.1" 200 16 "https://quickautosell.com/wp-includes/edit.php" "Mozilla/5.0 (Windows NT 10.0; Win64; x64) AppleWebKit/537.36 (KHTML, like Gecko) Chrome/58.0.3029.110 Safari/537.3"
quickautosell.com.infinitibizsol.com:443 40.77.167.151 - - [10/Jun/2025:04:26:29 +0000] "GET /tanging/ HTTP/1.1" 200 23 "-" "Mozilla/5.0 AppleWebKit/537.36 (KHTML, like Gecko; compatible; bingbot/2.0; +http://www.bing.com/bingbot.htm) Chrome/116.0.1938.76 Safari/537.36"
quickautosell.com.infinitibizsol.com:443 173.208.204.66 - - [10/Jun/2025:04:26:40 +0000] "GET /wp-includes/edit.php HTTP/1.1" 200 16 "https://quickautosell.com/wp-includes/edit.php" "Mozilla/5.0 (Windows NT 10.0; Win64; x64) AppleWebKit/537.36 (KHTML, like Gecko) Chrome/58.0.3029.110 Safari/537.3"
quickautosell.com.infinitibizsol.com:443 20.171.207.106 - - [10/Jun/2025:04:26:52 +0000] "GET /items/018008921.html?srsltid=AfmBOozjgqMFcFtHzMxQUiB0BYxuyDdZsRZT1KTpj1XfXYZSh7D7 HTTP/1.1" 499 0 "-" "Mozilla/5.0 AppleWebKit/537.36 (KHTML, like Gecko; compatible; GPTBot/1.2; +https://openai.com/gptbot)"
quickautosell.com.infinitibizsol.com:443 40.77.167.151 - - [10/Jun/2025:04:26:55 +0000] "GET /dismay/i/1294753856.shtm HTTP/1.1" 200 13 "-" "Mozilla/5.0 AppleWebKit/537.36 (KHTML, like Gecko; compatible; bingbot/2.0; +http://www.bing.com/bingbot.htm) Chrome/116.0.1938.76 Safari/537.36"
quickautosell.com.infinitibizsol.com:443 162.0.223.40 - - [10/Jun/2025:04:27:06 +0000] "POST /wp-cron.php?doing_wp_cron=1749529625.0611460208892822265625 HTTP/1.1" 499 0 "-" "WordPress/6.8.1; https://quickautosell.com"
quickautosell.com.infinitibizsol.com:443 198.204.226.18 - - [10/Jun/2025:04:27:15 +0000] "GET /wp-includes/edit.php HTTP/1.1" 200 16 "https://quickautosell.com/wp-includes/edit.php" "Mozilla/5.0 (Windows NT 10.0; Win64; x64) AppleWebKit/537.36 (KHTML, like Gecko) Chrome/58.0.3029.110 Safari/537.3"
quickautosell.com.infinitibizsol.com:443 198.204.226.18 - - [10/Jun/2025:04:27:22 +0000] "GET /wp-includes/edit.php HTTP/1.1" 200 16 "https://quickautosell.com/wp-includes/edit.php" "Mozilla/5.0 (Windows NT 10.0; Win64; x64) AppleWebKit/537.36 (KHTML, like Gecko) Chrome/58.0.3029.110 Safari/537.3"
quickautosell.com.infinitibizsol.com:443 20.171.207.106 - - [10/Jun/2025:04:27:55 +0000] "GET /items/074019413.html?srsltid=AfmBOohjcaFcmPfcxJVei5BNXUmQckvlT0lHLMlmg8N7YZck5Gkq HTTP/1.1" 499 0 "-" "Mozilla/5.0 AppleWebKit/537.36 (KHTML, like Gecko; compatible; GPTBot/1.2; +https://openai.com/gptbot)"
quickautosell.com.infinitibizsol.com:443 162.0.223.40 - - [10/Jun/2025:04:28:08 +0000] "POST /wp-cron.php?doing_wp_cron=1749529687.1769869327545166015625 HTTP/1.1" 499 0 "-" "WordPress/6.8.1; https://quickautosell.com"
quickautosell.com.infinitibizsol.com:443 20.171.207.106 - - [10/Jun/2025:04:28:55 +0000] "GET /singer/trade158/xrkwo-27634/ HTTP/1.1" 499 0 "-" "Mozilla/5.0 AppleWebKit/537.36 (KHTML, like Gecko; compatible; GPTBot/1.2; +https://openai.com/gptbot)"
quickautosell.com.infinitibizsol.com:443 198.204.226.18 - - [10/Jun/2025:04:29:04 +0000] "GET /wp-includes/edit.php HTTP/1.1" 499 0 "https://quickautosell.com/wp-includes/edit.php" "Mozilla/5.0 (Windows NT 10.0; Win64; x64) AppleWebKit/537.36 (KHTML, like Gecko) Chrome/58.0.3029.110 Safari/537.3"
quickautosell.com.infinitibizsol.com:443 20.171.207.106 - - [10/Jun/2025:04:30:00 +0000] "GET /consecutive/sanction164/qnfml-28366/ HTTP/1.1" 499 0 "-" "Mozilla/5.0 AppleWebKit/537.36 (KHTML, like Gecko; compatible; GPTBot/1.2; +https://openai.com/gptbot)"
quickautosell.com.infinitibizsol.com:443 162.0.223.40 - - [10/Jun/2025:04:30:15 +0000] "POST /wp-cron.php?doing_wp_cron=1749529813.8991079330444335937500 HTTP/1.1" 499 0 "-" "WordPress/6.8.1; https://quickautosell.com"
quickautosell.com.infinitibizsol.com:443 198.204.226.18 - - [10/Jun/2025:04:30:18 +0000] "GET /wp-includes/edit.php HTTP/1.1" 200 16 "https://quickautosell.com/wp-includes/edit.php" "Mozilla/5.0 (Windows NT 10.0; Win64; x64) AppleWebKit/537.36 (KHTML, like Gecko) Chrome/58.0.3029.110 Safari/537.3"
quickautosell.com.infinitibizsol.com:443 20.171.207.106 - - [10/Jun/2025:04:31:06 +0000] "GET /pillow/lap292/494bq-14204/ HTTP/1.1" 499 0 "-" "Mozilla/5.0 AppleWebKit/537.36 (KHTML, like Gecko; compatible; GPTBot/1.2; +https://openai.com/gptbot)"
quickautosell.com.infinitibizsol.com:443 162.0.223.40 - - [10/Jun/2025:04:31:18 +0000] "POST /wp-cron.php?doing_wp_cron=1749529877.9415400028228759765625 HTTP/1.1" 499 0 "-" "WordPress/6.8.1; https://quickautosell.com"
quickautosell.com.infinitibizsol.com:443 20.171.207.106 - - [10/Jun/2025:04:32:11 +0000] "GET /small/sponsor149/wcqkk-42333/ HTTP/1.1" 499 0 "-" "Mozilla/5.0 AppleWebKit/537.36 (KHTML, like Gecko; compatible; GPTBot/1.2; +https://openai.com/gptbot)"
quickautosell.com.infinitibizsol.com:443 162.0.223.40 - - [10/Jun/2025:04:32:24 +0000] "POST /wp-cron.php?doing_wp_cron=1749529943.2057480812072753906250 HTTP/1.1" 499 0 "-" "WordPress/6.8.1; https://quickautosell.com"
quickautosell.com.infinitibizsol.com:443 20.171.207.106 - - [10/Jun/2025:04:32:55 +0000] "GET /slow/afraid68/htbqn-47928/ HTTP/1.1" 404 55143 "-" "Mozilla/5.0 AppleWebKit/537.36 (KHTML, like Gecko; compatible; GPTBot/1.2; +https://openai.com/gptbot)"
quickautosell.com.infinitibizsol.com:443 198.204.226.18 - - [10/Jun/2025:04:33:02 +0000] "GET /wp-includes/edit.php HTTP/1.1" 499 0 "https://quickautosell.com/wp-includes/edit.php" "Mozilla/5.0 (Windows NT 10.0; Win64; x64) AppleWebKit/537.36 (KHTML, like Gecko) Chrome/58.0.3029.110 Safari/537.3"
quickautosell.com.infinitibizsol.com:443 8.217.191.155 - - [10/Jun/2025:04:33:35 +0000] "GET /swinesty740209610.shtm HTTP/1.1" 499 0 "-" "AliyunSecBot/Aliyun (AliyunSecBot@service.alibaba.com)"
quickautosell.com.infinitibizsol.com:443 162.0.223.40 - - [10/Jun/2025:04:33:51 +0000] "POST /wp-cron.php?doing_wp_cron=1749530030.7286720275878906250000 HTTP/1.1" 499 0 "-" "WordPress/6.8.1; https://quickautosell.com"
quickautosell.com.infinitibizsol.com:443 20.171.207.106 - - [10/Jun/2025:04:33:52 +0000] "GET /behave/president72/yog6z-254/ HTTP/1.1" 404 32393 "-" "Mozilla/5.0 AppleWebKit/537.36 (KHTML, like Gecko; compatible; GPTBot/1.2; +https://openai.com/gptbot)"
quickautosell.com.infinitibizsol.com:443 162.0.223.40 - - [10/Jun/2025:04:33:53 +0000] "POST /wp-cron.php?doing_wp_cron=1749530032.1339509487152099609375 HTTP/1.1" 499 0 "-" "WordPress/6.8.1; https://quickautosell.com"
quickautosell.com.infinitibizsol.com:443 8.217.213.76 - - [10/Jun/2025:04:33:53 +0000] "GET /incommunicating/1068853602.shtm HTTP/1.1" 404 54779 "-" "AliyunSecBot/Aliyun (AliyunSecBot@service.alibaba.com)"
quickautosell.com.infinitibizsol.com:443 162.0.223.40 - - [10/Jun/2025:04:33:57 +0000] "POST /wp-cron.php?doing_wp_cron=1749530036.7395451068878173828125 HTTP/1.1" 499 0 "-" "WordPress/6.8.1; https://quickautosell.com"
quickautosell.com.infinitibizsol.com:80 173.249.147.129 - - [10/Jun/2025:04:34:00 +0000] "POST /xmlrpc.php HTTP/1.1" 404 54820 "-" "Mozilla/5.0 (X11; Ubuntu; Linux x86_64; rv:85.0) Gecko/20100101 Firefox/91.0"
quickautosell.com.infinitibizsol.com:443 173.208.204.66 - - [10/Jun/2025:04:34:12 +0000] "GET /wp-includes/edit.php HTTP/1.1" 200 16 "https://quickautosell.com/wp-includes/edit.php" "Mozilla/5.0 (Windows NT 10.0; Win64; x64) AppleWebKit/537.36 (KHTML, like Gecko) Chrome/58.0.3029.110 Safari/537.3"
quickautosell.com.infinitibizsol.com:443 198.204.226.18 - - [10/Jun/2025:04:34:24 +0000] "GET /wp-includes/edit.php HTTP/1.1" 200 16 "https://quickautosell.com/wp-includes/edit.php" "Mozilla/5.0 (Windows NT 10.0; Win64; x64) AppleWebKit/537.36 (KHTML, like Gecko) Chrome/58.0.3029.110 Safari/537.3"
quickautosell.com.infinitibizsol.com:443 198.204.226.18 - - [10/Jun/2025:04:34:37 +0000] "GET /wp-includes/edit.php HTTP/1.1" 499 0 "https://quickautosell.com/wp-includes/edit.php" "Mozilla/5.0 (Windows NT 10.0; Win64; x64) AppleWebKit/537.36 (KHTML, like Gecko) Chrome/58.0.3029.110 Safari/537.3"
quickautosell.com.infinitibizsol.com:443 20.171.207.106 - - [10/Jun/2025:04:35:23 +0000] "GET /oxygen/seek119/1bnfu-41625/ HTTP/1.1" 499 0 "-" "Mozilla/5.0 AppleWebKit/537.36 (KHTML, like Gecko; compatible; GPTBot/1.2; +https://openai.com/gptbot)"
quickautosell.com.infinitibizsol.com:443 162.0.223.40 - - [10/Jun/2025:04:35:26 +0000] "POST /wp-cron.php?doing_wp_cron=1749530125.3815619945526123046875 HTTP/1.1" 499 0 "-" "WordPress/6.8.1; https://quickautosell.com"
quickautosell.com.infinitibizsol.com:443 198.204.226.18 - - [10/Jun/2025:04:35:40 +0000] "GET /wp-includes/edit.php HTTP/1.1" 200 16 "https://quickautosell.com/wp-includes/edit.php" "Mozilla/5.0 (Windows NT 10.0; Win64; x64) AppleWebKit/537.36 (KHTML, like Gecko) Chrome/58.0.3029.110 Safari/537.3"
quickautosell.com.infinitibizsol.com:443 198.204.226.18 - - [10/Jun/2025:04:36:11 +0000] "GET /wp-includes/edit.php HTTP/1.1" 499 0 "https://quickautosell.com/wp-includes/edit.php" "Mozilla/5.0 (Windows NT 10.0; Win64; x64) AppleWebKit/537.36 (KHTML, like Gecko) Chrome/58.0.3029.110 Safari/537.3"
quickautosell.com.infinitibizsol.com:443 20.171.207.106 - - [10/Jun/2025:04:36:24 +0000] "GET /surprising/striking247/slz2d-17533/ HTTP/1.1" 499 0 "-" "Mozilla/5.0 AppleWebKit/537.36 (KHTML, like Gecko; compatible; GPTBot/1.2; +https://openai.com/gptbot)"
quickautosell.com.infinitibizsol.com:443 198.204.226.18 - - [10/Jun/2025:04:36:46 +0000] "GET /wp-includes/edit.php HTTP/1.1" 200 16 "https://quickautosell.com/wp-includes/edit.php" "Mozilla/5.0 (Windows NT 10.0; Win64; x64) AppleWebKit/537.36 (KHTML, like Gecko) Chrome/58.0.3029.110 Safari/537.3"
quickautosell.com.infinitibizsol.com:443 198.204.226.18 - - [10/Jun/2025:04:37:02 +0000] "GET /wp-includes/edit.php HTTP/1.1" 200 16 "https://quickautosell.com/wp-includes/edit.php" "Mozilla/5.0 (Windows NT 10.0; Win64; x64) AppleWebKit/537.36 (KHTML, like Gecko) Chrome/58.0.3029.110 Safari/537.3"
quickautosell.com.infinitibizsol.com:443 20.171.207.106 - - [10/Jun/2025:04:37:25 +0000] "GET /Olympic/God245/3y8t2-16661/ HTTP/1.1" 499 0 "-" "Mozilla/5.0 AppleWebKit/537.36 (KHTML, like Gecko; compatible; GPTBot/1.2; +https://openai.com/gptbot)"
quickautosell.com.infinitibizsol.com:443 162.0.223.40 - - [10/Jun/2025:04:37:34 +0000] "POST /wp-cron.php?doing_wp_cron=1749530253.7567999362945556640625 HTTP/1.1" 499 0 "-" "WordPress/6.8.1; https://quickautosell.com"
quickautosell.com.infinitibizsol.com:443 52.167.144.139 - - [10/Jun/2025:04:37:47 +0000] "GET /wordless/d/ HTTP/1.1" 200 13 "-" "Mozilla/5.0 AppleWebKit/537.36 (KHTML, like Gecko; compatible; bingbot/2.0; +http://www.bing.com/bingbot.htm) Chrome/116.0.1938.76 Safari/537.36"
quickautosell.com.infinitibizsol.com:443 198.204.226.18 - - [10/Jun/2025:04:37:55 +0000] "GET /wp-includes/edit.php HTTP/1.1" 499 0 "https://quickautosell.com/wp-includes/edit.php" "Mozilla/5.0 (Windows NT 10.0; Win64; x64) AppleWebKit/537.36 (KHTML, like Gecko) Chrome/58.0.3029.110 Safari/537.3"
quickautosell.com.infinitibizsol.com:443 198.204.226.18 - - [10/Jun/2025:04:38:00 +0000] "GET /wp-includes/edit.php HTTP/1.1" 200 16 "https://quickautosell.com/wp-includes/edit.php" "Mozilla/5.0 (Windows NT 10.0; Win64; x64) AppleWebKit/537.36 (KHTML, like Gecko) Chrome/58.0.3029.110 Safari/537.3"
quickautosell.com.infinitibizsol.com:443 20.171.207.106 - - [10/Jun/2025:04:38:30 +0000] "GET /story/blood60/whqkw-21136/ HTTP/1.1" 499 0 "-" "Mozilla/5.0 AppleWebKit/537.36 (KHTML, like Gecko; compatible; GPTBot/1.2; +https://openai.com/gptbot)"
quickautosell.com.infinitibizsol.com:443 52.167.144.186 - - [10/Jun/2025:04:39:05 +0000] "GET /transmew/i/1003341866.shtm HTTP/1.1" 200 23 "-" "Mozilla/5.0 AppleWebKit/537.36 (KHTML, like Gecko; compatible; bingbot/2.0; +http://www.bing.com/bingbot.htm) Chrome/116.0.1938.76 Safari/537.36"
quickautosell.com.infinitibizsol.com:443 198.204.226.18 - - [10/Jun/2025:04:39:25 +0000] "GET /wp-includes/edit.php HTTP/1.1" 499 0 "https://quickautosell.com/wp-includes/edit.php" "Mozilla/5.0 (Windows NT 10.0; Win64; x64) AppleWebKit/537.36 (KHTML, like Gecko) Chrome/58.0.3029.110 Safari/537.3"
quickautosell.com.infinitibizsol.com:443 20.171.207.106 - - [10/Jun/2025:04:39:33 +0000] "GET /teacher/may269/ry56p-44029/ HTTP/1.1" 499 0 "-" "Mozilla/5.0 AppleWebKit/537.36 (KHTML, like Gecko; compatible; GPTBot/1.2; +https://openai.com/gptbot)"
quickautosell.com.infinitibizsol.com:443 162.0.223.40 - - [10/Jun/2025:04:39:46 +0000] "POST /wp-cron.php?doing_wp_cron=1749530385.2159559726715087890625 HTTP/1.1" 499 0 "-" "WordPress/6.8.1; https://quickautosell.com"
quickautosell.com.infinitibizsol.com:443 198.204.226.18 - - [10/Jun/2025:04:39:46 +0000] "GET /wp-includes/edit.php HTTP/1.1" 200 16 "https://quickautosell.com/wp-includes/edit.php" "Mozilla/5.0 (Windows NT 10.0; Win64; x64) AppleWebKit/537.36 (KHTML, like Gecko) Chrome/58.0.3029.110 Safari/537.3"
quickautosell.com.infinitibizsol.com:443 20.171.207.106 - - [10/Jun/2025:04:40:35 +0000] "GET /election/age13/446qr-12133/ HTTP/1.1" 499 0 "-" "Mozilla/5.0 AppleWebKit/537.36 (KHTML, like Gecko; compatible; GPTBot/1.2; +https://openai.com/gptbot)"
quickautosell.com.infinitibizsol.com:443 173.208.204.66 - - [10/Jun/2025:04:41:29 +0000] "GET /wp-includes/edit.php HTTP/1.1" 499 0 "https://quickautosell.com/wp-includes/edit.php" "Mozilla/5.0 (Windows NT 10.0; Win64; x64) AppleWebKit/537.36 (KHTML, like Gecko) Chrome/58.0.3029.110 Safari/537.3"
quickautosell.com.infinitibizsol.com:443 173.208.204.66 - - [10/Jun/2025:04:41:29 +0000] "GET /wp-includes/edit.php HTTP/1.1" 200 16 "https://quickautosell.com/wp-includes/edit.php" "Mozilla/5.0 (Windows NT 10.0; Win64; x64) AppleWebKit/537.36 (KHTML, like Gecko) Chrome/58.0.3029.110 Safari/537.3"
quickautosell.com.infinitibizsol.com:443 162.0.223.40 - - [10/Jun/2025:04:41:36 +0000] "POST /wp-cron.php?doing_wp_cron=1749530495.0635249614715576171875 HTTP/1.1" 499 0 "-" "WordPress/6.8.1; https://quickautosell.com"
quickautosell.com.infinitibizsol.com:443 20.171.207.106 - - [10/Jun/2025:04:41:40 +0000] "GET /missionary/hallway237/jcz07-15263/ HTTP/1.1" 499 0 "-" "Mozilla/5.0 AppleWebKit/537.36 (KHTML, like Gecko; compatible; GPTBot/1.2; +https://openai.com/gptbot)"
quickautosell.com.infinitibizsol.com:443 20.171.207.106 - - [10/Jun/2025:04:42:43 +0000] "GET /?_bd_prev_page=https%3A%2F%2Fquickautosell.com%2Fbuy.htm%3Farmy%2Fimpulse1%2F251rk-19453%2F&_bdsid=eata9t.n%7EWIBET.1704709280148.1753345332 HTTP/1.1" 499 0 "-" "Mozilla/5.0 AppleWebKit/537.36 (KHTML, like Gecko; compatible; GPTBot/1.2; +https://openai.com/gptbot)"
quickautosell.com.infinitibizsol.com:443 162.0.223.40 - - [10/Jun/2025:04:42:46 +0000] "POST /wp-cron.php?doing_wp_cron=1749530565.6920850276947021484375 HTTP/1.1" 499 0 "-" "WordPress/6.8.1; https://quickautosell.com"
quickautosell.com.infinitibizsol.com:443 198.204.226.18 - - [10/Jun/2025:04:43:42 +0000] "GET /wp-includes/edit.php HTTP/1.1" 499 0 "https://quickautosell.com/wp-includes/edit.php" "Mozilla/5.0 (Windows NT 10.0; Win64; x64) AppleWebKit/537.36 (KHTML, like Gecko) Chrome/58.0.3029.110 Safari/537.3"
quickautosell.com.infinitibizsol.com:443 20.171.207.106 - - [10/Jun/2025:04:43:43 +0000] "GET /farmer/shooting45/to0g9-45639/ HTTP/1.1" 499 0 "-" "Mozilla/5.0 AppleWebKit/537.36 (KHTML, like Gecko; compatible; GPTBot/1.2; +https://openai.com/gptbot)"
quickautosell.com.infinitibizsol.com:443 8.217.191.94 - - [10/Jun/2025:04:44:14 +0000] "GET /agama/g/1267311514.shtm HTTP/1.1" 499 0 "-" "AliyunSecBot/Aliyun (AliyunSecBot@service.alibaba.com)"
quickautosell.com.infinitibizsol.com:443 162.0.223.40 - - [10/Jun/2025:04:44:20 +0000] "POST /wp-cron.php?doing_wp_cron=1749530659.9040510654449462890625 HTTP/1.1" 499 0 "-" "WordPress/6.8.1; https://quickautosell.com"
quickautosell.com.infinitibizsol.com:443 20.171.207.106 - - [10/Jun/2025:04:44:21 +0000] "GET /?_bd_prev_page=https%3A%2F%2Fquickautosell.com%2Fbuy.htm%3Fuseful%2Feager1%2Fnjmii-22547%2F&_bdsid=eata9t.n%7EWIBET.1704709280148.1753345332 HTTP/1.1" 200 80756 "-" "Mozilla/5.0 AppleWebKit/537.36 (KHTML, like Gecko; compatible; GPTBot/1.2; +https://openai.com/gptbot)"
quickautosell.com.infinitibizsol.com:443 198.204.226.18 - - [10/Jun/2025:04:44:24 +0000] "GET /wp-includes/edit.php HTTP/1.1" 200 16 "https://quickautosell.com/wp-includes/edit.php" "Mozilla/5.0 (Windows NT 10.0; Win64; x64) AppleWebKit/537.36 (KHTML, like Gecko) Chrome/58.0.3029.110 Safari/537.3"
quickautosell.com.infinitibizsol.com:443 198.204.226.18 - - [10/Jun/2025:04:45:09 +0000] "GET /wp-includes/edit.php HTTP/1.1" 499 0 "https://quickautosell.com/wp-includes/edit.php" "Mozilla/5.0 (Windows NT 10.0; Win64; x64) AppleWebKit/537.36 (KHTML, like Gecko) Chrome/58.0.3029.110 Safari/537.3"
quickautosell.com.infinitibizsol.com:443 40.77.167.70 - - [10/Jun/2025:04:45:43 +0000] "GET /prevarication/ses/ HTTP/1.1" 200 23 "-" "Mozilla/5.0 AppleWebKit/537.36 (KHTML, like Gecko; compatible; bingbot/2.0; +http://www.bing.com/bingbot.htm) Chrome/116.0.1938.76 Safari/537.36"
quickautosell.com.infinitibizsol.com:443 20.171.207.106 - - [10/Jun/2025:04:45:48 +0000] "GET /impossible/neighbor2/7x9dc-3512/ HTTP/1.1" 499 0 "-" "Mozilla/5.0 AppleWebKit/537.36 (KHTML, like Gecko; compatible; GPTBot/1.2; +https://openai.com/gptbot)"
quickautosell.com.infinitibizsol.com:443 162.0.223.40 - - [10/Jun/2025:04:45:49 +0000] "POST /wp-cron.php?doing_wp_cron=1749530748.0861980915069580078125 HTTP/1.1" 499 0 "-" "WordPress/6.8.1; https://quickautosell.com"
quickautosell.com.infinitibizsol.com:443 8.217.212.166 - - [10/Jun/2025:04:45:56 +0000] "GET /foughten/1136186666.shtm HTTP/1.1" 404 54774 "-" "AliyunSecBot/Aliyun (AliyunSecBot@service.alibaba.com)"
quickautosell.com.infinitibizsol.com:443 20.171.207.106 - - [10/Jun/2025:04:46:46 +0000] "GET /?_bd_prev_page=https%3A%2F%2Fquickautosell.com%2Fbuy.htm%3Fbut%2Fexchange3%2Ft3ecj-24325%2F&_bdsid=eata9t.n%7EWIBET.1704709280148.1753345332 HTTP/1.1" 499 0 "-" "Mozilla/5.0 AppleWebKit/537.36 (KHTML, like Gecko; compatible; GPTBot/1.2; +https://openai.com/gptbot)"
quickautosell.com.infinitibizsol.com:443 162.0.223.40 - - [10/Jun/2025:04:46:54 +0000] "POST /wp-cron.php?doing_wp_cron=1749530813.3584060668945312500000 HTTP/1.1" 499 0 "-" "WordPress/6.8.1; https://quickautosell.com"
quickautosell.com.infinitibizsol.com:80 156.233.95.225 - - [10/Jun/2025:04:47:42 +0000] "GET / HTTP/1.1" 200 80763 "-" "Mozilla/5.0 (X11; Linux x86_64) AppleWebKit/537.36 (KHTML, like Gecko) Chrome/114.0.0.0 Safari/537.36 OPR/89.0.4447.51"
quickautosell.com.infinitibizsol.com:443 156.228.174.50 - - [10/Jun/2025:04:47:45 +0000] "GET /sample-page/ HTTP/1.1" 200 58428 "http://quickautosell.com" "Mozilla/5.0 (X11; Linux x86_64) AppleWebKit/537.36 (KHTML, like Gecko) Chrome/114.0.0.0 Safari/537.36 OPR/89.0.4447.51"
quickautosell.com.infinitibizsol.com:443 20.171.207.106 - - [10/Jun/2025:04:47:46 +0000] "GET /?_bd_prev_page=https%3A%2F%2Fquickautosell.com%2Fbuy.htm%3Fawait%2Fdefend1%2F9sxm9-1449%2F&_bdsid=eata9t.n%7EWIBET.1704709280148.1753345332 HTTP/1.1" 499 0 "-" "Mozilla/5.0 AppleWebKit/537.36 (KHTML, like Gecko; compatible; GPTBot/1.2; +https://openai.com/gptbot)"
quickautosell.com.infinitibizsol.com:80 156.233.95.225 - - [10/Jun/2025:04:47:46 +0000] "GET /wp-content/themes/twentytwentyfour/assets/fonts/cardo/cardo_italic_400.woff2 HTTP/1.1" 200 105184 "http://quickautosell.com" "Mozilla/5.0 (X11; Linux x86_64) AppleWebKit/537.36 (KHTML, like Gecko) Chrome/114.0.0.0 Safari/537.36 OPR/89.0.4447.51"
quickautosell.com.infinitibizsol.com:443 156.228.174.50 - - [10/Jun/2025:04:47:49 +0000] "GET /author/asim/ HTTP/1.1" 200 61842 "http://quickautosell.com" "Mozilla/5.0 (X11; Linux x86_64) AppleWebKit/537.36 (KHTML, like Gecko) Chrome/114.0.0.0 Safari/537.36 OPR/89.0.4447.51"
quickautosell.com.infinitibizsol.com:443 198.204.226.18 - - [10/Jun/2025:04:47:51 +0000] "GET /wp-includes/edit.php HTTP/1.1" 499 0 "https://quickautosell.com/wp-includes/edit.php" "Mozilla/5.0 (Windows NT 10.0; Win64; x64) AppleWebKit/537.36 (KHTML, like Gecko) Chrome/58.0.3029.110 Safari/537.3"
quickautosell.com.infinitibizsol.com:80 156.233.95.225 - - [10/Jun/2025:04:47:51 +0000] "GET /wp-content/themes/twentytwentyfour/assets/fonts/cardo/cardo_normal_400.woff2 HTTP/1.1" 200 146060 "http://quickautosell.com" "Mozilla/5.0 (X11; Linux x86_64) AppleWebKit/537.36 (KHTML, like Gecko) Chrome/114.0.0.0 Safari/537.36 OPR/89.0.4447.51"
quickautosell.com.infinitibizsol.com:443 198.204.226.18 - - [10/Jun/2025:04:47:55 +0000] "GET /wp-includes/edit.php HTTP/1.1" 200 16 "https://quickautosell.com/wp-includes/edit.php" "Mozilla/5.0 (Windows NT 10.0; Win64; x64) AppleWebKit/537.36 (KHTML, like Gecko) Chrome/58.0.3029.110 Safari/537.3"
quickautosell.com.infinitibizsol.com:443 162.0.223.40 - - [10/Jun/2025:04:47:57 +0000] "POST /wp-cron.php?doing_wp_cron=1749530875.9522600173950195312500 HTTP/1.1" 499 0 "-" "WordPress/6.8.1; https://quickautosell.com"
quickautosell.com.infinitibizsol.com:443 156.228.174.50 - - [10/Jun/2025:04:47:57 +0000] "GET /category/uncategorized/ HTTP/1.1" 200 61875 "http://quickautosell.com" "Mozilla/5.0 (X11; Linux x86_64) AppleWebKit/537.36 (KHTML, like Gecko) Chrome/114.0.0.0 Safari/537.36 OPR/89.0.4447.51"
quickautosell.com.infinitibizsol.com:80 156.233.95.225 - - [10/Jun/2025:04:47:57 +0000] "GET /wp-content/themes/twentytwentyfour/assets/fonts/cardo/cardo_normal_700.woff2 HTTP/1.1" 200 132564 "http://quickautosell.com" "Mozilla/5.0 (X11; Linux x86_64) AppleWebKit/537.36 (KHTML, like Gecko) Chrome/114.0.0.0 Safari/537.36 OPR/89.0.4447.51"
quickautosell.com.infinitibizsol.com:443 156.228.174.50 - - [10/Jun/2025:04:48:10 +0000] "GET / HTTP/1.1" 200 81140 "http://quickautosell.com" "Mozilla/5.0 (X11; Linux x86_64) AppleWebKit/537.36 (KHTML, like Gecko) Chrome/114.0.0.0 Safari/537.36 OPR/89.0.4447.51"
quickautosell.com.infinitibizsol.com:80 156.233.95.225 - - [10/Jun/2025:04:48:11 +0000] "GET /wp-content/themes/twentytwentyfour/assets/fonts/inter/Inter-VariableFont_slnt,wght.woff2 HTTP/1.1" 200 326628 "http://quickautosell.com" "Mozilla/5.0 (X11; Linux x86_64) AppleWebKit/537.36 (KHTML, like Gecko) Chrome/114.0.0.0 Safari/537.36 OPR/89.0.4447.51"
quickautosell.com.infinitibizsol.com:443 20.171.207.106 - - [10/Jun/2025:04:48:20 +0000] "GET /?_bd_prev_page=https%3A%2F%2Fquickautosell.com%2Fbuy.htm%3Falien%2Fbat2%2Fgr3ck-2898%2F&_bdsid=eata9t.n%7EWIBET.1704709280148.1753345332 HTTP/1.1" 200 80756 "-" "Mozilla/5.0 AppleWebKit/537.36 (KHTML, like Gecko; compatible; GPTBot/1.2; +https://openai.com/gptbot)"
quickautosell.com.infinitibizsol.com:80 156.233.95.225 - - [10/Jun/2025:04:48:41 +0000] "GET / HTTP/1.1" 499 0 "http://quickautosell.com" "Mozilla/5.0 (X11; Linux x86_64) AppleWebKit/537.36 (KHTML, like Gecko) Chrome/114.0.0.0 Safari/537.36 OPR/89.0.4447.51"
quickautosell.com.infinitibizsol.com:80 156.242.33.242 - - [10/Jun/2025:04:48:41 +0000] "GET /wp-content/themes/twentytwentyfour/assets/images/building-exterior.webp HTTP/1.1" 200 199724 "http://quickautosell.com" "Mozilla/5.0 (X11; Linux x86_64) AppleWebKit/537.36 (KHTML, like Gecko) Chrome/114.0.0.0 Safari/537.36 OPR/89.0.4447.51"
quickautosell.com.infinitibizsol.com:443 198.204.224.34 - - [10/Jun/2025:04:48:44 +0000] "GET /wp-includes/edit.php HTTP/1.1" 200 16 "https://quickautosell.com/wp-includes/edit.php" "Mozilla/5.0 (Windows NT 10.0; Win64; x64) AppleWebKit/537.36 (KHTML, like Gecko) Chrome/58.0.3029.110 Safari/537.3"
quickautosell.com.infinitibizsol.com:443 156.228.174.50 - - [10/Jun/2025:04:48:45 +0000] "GET /xmlrpc.php?rsd HTTP/1.1" 404 55135 "http://quickautosell.com" "Mozilla/5.0 (X11; Linux x86_64) AppleWebKit/537.36 (KHTML, like Gecko) Chrome/114.0.0.0 Safari/537.36 OPR/89.0.4447.51"
quickautosell.com.infinitibizsol.com:80 156.242.33.242 - - [10/Jun/2025:04:48:49 +0000] "GET /wp-content/themes/twentytwentyfour/assets/images/tourist-and-building.webp HTTP/1.1" 200 66482 "http://quickautosell.com" "Mozilla/5.0 (X11; Linux x86_64) AppleWebKit/537.36 (KHTML, like Gecko) Chrome/114.0.0.0 Safari/537.36 OPR/89.0.4447.51"
quickautosell.com.infinitibizsol.com:443 198.204.226.18 - - [10/Jun/2025:04:48:52 +0000] "GET /wp-includes/edit.php HTTP/1.1" 200 16 "https://quickautosell.com/wp-includes/edit.php" "Mozilla/5.0 (Windows NT 10.0; Win64; x64) AppleWebKit/537.36 (KHTML, like Gecko) Chrome/58.0.3029.110 Safari/537.3"
quickautosell.com.infinitibizsol.com:443 198.204.226.18 - - [10/Jun/2025:04:49:06 +0000] "GET /wp-includes/edit.php HTTP/1.1" 200 16 "https://quickautosell.com/wp-includes/edit.php" "Mozilla/5.0 (Windows NT 10.0; Win64; x64) AppleWebKit/537.36 (KHTML, like Gecko) Chrome/58.0.3029.110 Safari/537.3"
quickautosell.com.infinitibizsol.com:443 156.228.174.50 - - [10/Jun/2025:04:49:20 +0000] "GET /wp-json/ HTTP/1.1" 499 0 "http://quickautosell.com" "Mozilla/5.0 (X11; Linux x86_64) AppleWebKit/537.36 (KHTML, like Gecko) Chrome/114.0.0.0 Safari/537.36 OPR/89.0.4447.51"
quickautosell.com.infinitibizsol.com:80 156.242.33.242 - - [10/Jun/2025:04:49:20 +0000] "GET /wp-content/themes/twentytwentyfour/assets/images/windows.webp HTTP/1.1" 200 126244 "http://quickautosell.com" "Mozilla/5.0 (X11; Linux x86_64) AppleWebKit/537.36 (KHTML, like Gecko) Chrome/114.0.0.0 Safari/537.36 OPR/89.0.4447.51"
quickautosell.com.infinitibizsol.com:443 162.0.223.40 - - [10/Jun/2025:04:49:21 +0000] "POST /wp-cron.php?doing_wp_cron=1749530960.9043729305267333984375 HTTP/1.1" 499 0 "-" "WordPress/6.8.1; https://quickautosell.com"
quickautosell.com.infinitibizsol.com:443 20.171.207.106 - - [10/Jun/2025:04:49:26 +0000] "GET /story/fare263/ztc8z-33635/ HTTP/1.1" 404 54766 "-" "Mozilla/5.0 AppleWebKit/537.36 (KHTML, like Gecko; compatible; GPTBot/1.2; +https://openai.com/gptbot)"
quickautosell.com.infinitibizsol.com:443 156.228.175.253 - - [10/Jun/2025:04:49:51 +0000] "GET /feed/ HTTP/1.1" 499 0 "http://quickautosell.com" "Mozilla/5.0 (X11; Linux x86_64) AppleWebKit/537.36 (KHTML, like Gecko) Chrome/114.0.0.0 Safari/537.36 OPR/89.0.4447.51"
quickautosell.com.infinitibizsol.com:443 20.171.207.106 - - [10/Jun/2025:04:50:51 +0000] "GET /post/winter48/jv9wi-42130/ HTTP/1.1" 499 0 "-" "Mozilla/5.0 AppleWebKit/537.36 (KHTML, like Gecko; compatible; GPTBot/1.2; +https://openai.com/gptbot)"
quickautosell.com.infinitibizsol.com:443 162.0.223.40 - - [10/Jun/2025:04:51:02 +0000] "POST /wp-cron.php?doing_wp_cron=1749531061.6680049896240234375000 HTTP/1.1" 499 0 "-" "WordPress/6.8.1; https://quickautosell.com"
quickautosell.com.infinitibizsol.com:443 20.171.207.106 - - [10/Jun/2025:04:51:22 +0000] "GET /opinion/official43/x8ohy-13147/ HTTP/1.1" 404 54766 "-" "Mozilla/5.0 AppleWebKit/537.36 (KHTML, like Gecko; compatible; GPTBot/1.2; +https://openai.com/gptbot)"
quickautosell.com.infinitibizsol.com:443 162.0.223.40 - - [10/Jun/2025:04:52:06 +0000] "POST /wp-cron.php?doing_wp_cron=1749531125.1721520423889160156250 HTTP/1.1" 499 0 "-" "WordPress/6.8.1; https://quickautosell.com"
quickautosell.com.infinitibizsol.com:443 20.171.207.106 - - [10/Jun/2025:04:52:26 +0000] "GET /director/while84/puxzq-17098/ HTTP/1.1" 404 54772 "-" "Mozilla/5.0 AppleWebKit/537.36 (KHTML, like Gecko; compatible; GPTBot/1.2; +https://openai.com/gptbot)"
quickautosell.com.infinitibizsol.com:443 198.204.226.18 - - [10/Jun/2025:04:53:04 +0000] "GET /wp-includes/edit.php HTTP/1.1" 499 0 "https://quickautosell.com/wp-includes/edit.php" "Mozilla/5.0 (Windows NT 10.0; Win64; x64) AppleWebKit/537.36 (KHTML, like Gecko) Chrome/58.0.3029.110 Safari/537.3"
quickautosell.com.infinitibizsol.com:443 198.204.226.18 - - [10/Jun/2025:04:53:48 +0000] "GET /wp-includes/edit.php HTTP/1.1" 200 16 "https://quickautosell.com/wp-includes/edit.php" "Mozilla/5.0 (Windows NT 10.0; Win64; x64) AppleWebKit/537.36 (KHTML, like Gecko) Chrome/58.0.3029.110 Safari/537.3"
quickautosell.com.infinitibizsol.com:443 20.171.207.106 - - [10/Jun/2025:04:53:58 +0000] "GET /opinion/fiction156/zftwx-13590/ HTTP/1.1" 499 0 "-" "Mozilla/5.0 AppleWebKit/537.36 (KHTML, like Gecko; compatible; GPTBot/1.2; +https://openai.com/gptbot)"
quickautosell.com.infinitibizsol.com:443 162.0.223.40 - - [10/Jun/2025:04:53:59 +0000] "POST /wp-cron.php?doing_wp_cron=1749531238.8801219463348388671875 HTTP/1.1" 499 0 "-" "WordPress/6.8.1; https://quickautosell.com"
quickautosell.com.infinitibizsol.com:443 198.204.226.18 - - [10/Jun/2025:04:54:03 +0000] "GET /wp-includes/edit.php HTTP/1.1" 200 16 "https://quickautosell.com/wp-includes/edit.php" "Mozilla/5.0 (Windows NT 10.0; Win64; x64) AppleWebKit/537.36 (KHTML, like Gecko) Chrome/58.0.3029.110 Safari/537.3"
quickautosell.com.infinitibizsol.com:443 20.171.207.106 - - [10/Jun/2025:04:54:57 +0000] "GET / HTTP/1.1" 200 81131 "-" "Mozilla/5.0 AppleWebKit/537.36 (KHTML, like Gecko; compatible; GPTBot/1.2; +https://openai.com/gptbot)"
quickautosell.com.infinitibizsol.com:443 40.77.167.9 - - [10/Jun/2025:04:55:02 +0000] "GET /modena/ HTTP/1.1" 200 23 "-" "Mozilla/5.0 AppleWebKit/537.36 (KHTML, like Gecko; compatible; bingbot/2.0; +http://www.bing.com/bingbot.htm) Chrome/116.0.1938.76 Safari/537.36"
quickautosell.com.infinitibizsol.com:443 173.208.204.66 - - [10/Jun/2025:04:55:26 +0000] "GET /wp-includes/edit.php HTTP/1.1" 499 0 "https://quickautosell.com/wp-includes/edit.php" "Mozilla/5.0 (Windows NT 10.0; Win64; x64) AppleWebKit/537.36 (KHTML, like Gecko) Chrome/58.0.3029.110 Safari/537.3"
quickautosell.com.infinitibizsol.com:443 173.208.204.66 - - [10/Jun/2025:04:55:26 +0000] "GET /wp-includes/edit.php HTTP/1.1" 200 16 "https://quickautosell.com/wp-includes/edit.php" "Mozilla/5.0 (Windows NT 10.0; Win64; x64) AppleWebKit/537.36 (KHTML, like Gecko) Chrome/58.0.3029.110 Safari/537.3"
quickautosell.com.infinitibizsol.com:443 162.0.223.40 - - [10/Jun/2025:04:56:02 +0000] "POST /wp-cron.php?doing_wp_cron=1749531361.5459930896759033203125 HTTP/1.1" 499 0 "-" "WordPress/6.8.1; https://quickautosell.com"
quickautosell.com.infinitibizsol.com:443 20.171.207.106 - - [10/Jun/2025:04:56:09 +0000] "GET /envision/rhythm17/9kvzi-24391/ HTTP/1.1" 499 0 "-" "Mozilla/5.0 AppleWebKit/537.36 (KHTML, like Gecko; compatible; GPTBot/1.2; +https://openai.com/gptbot)"
quickautosell.com.infinitibizsol.com:443 20.171.207.106 - - [10/Jun/2025:04:57:04 +0000] "GET /ego/leadership172/estcl-10092/ HTTP/1.1" 499 0 "-" "Mozilla/5.0 AppleWebKit/537.36 (KHTML, like Gecko; compatible; GPTBot/1.2; +https://openai.com/gptbot)"
quickautosell.com.infinitibizsol.com:443 162.0.223.40 - - [10/Jun/2025:04:57:09 +0000] "POST /wp-cron.php?doing_wp_cron=1749531428.6531128883361816406250 HTTP/1.1" 499 0 "-" "WordPress/6.8.1; https://quickautosell.com"
quickautosell.com.infinitibizsol.com:443 198.204.226.18 - - [10/Jun/2025:04:57:32 +0000] "GET /wp-includes/edit.php HTTP/1.1" 499 0 "https://quickautosell.com/wp-includes/edit.php" "Mozilla/5.0 (Windows NT 10.0; Win64; x64) AppleWebKit/537.36 (KHTML, like Gecko) Chrome/58.0.3029.110 Safari/537.3"
quickautosell.com.infinitibizsol.com:443 20.171.207.106 - - [10/Jun/2025:04:57:55 +0000] "GET /recruit/purse268/ijo8k-47300/ HTTP/1.1" 404 55143 "-" "Mozilla/5.0 AppleWebKit/537.36 (KHTML, like Gecko; compatible; GPTBot/1.2; +https://openai.com/gptbot)"
quickautosell.com.infinitibizsol.com:443 40.77.167.254 - - [10/Jun/2025:04:58:31 +0000] "GET /dysaesthesia/shopbrand/emc/ HTTP/1.1" 200 23 "-" "Mozilla/5.0 AppleWebKit/537.36 (KHTML, like Gecko; compatible; bingbot/2.0; +http://www.bing.com/bingbot.htm) Chrome/116.0.1938.76 Safari/537.36"
quickautosell.com.infinitibizsol.com:443 162.0.223.40 - - [10/Jun/2025:04:58:47 +0000] "POST /wp-cron.php?doing_wp_cron=1749531526.2275309562683105468750 HTTP/1.1" 499 0 "-" "WordPress/6.8.1; https://quickautosell.com"
quickautosell.com.infinitibizsol.com:443 20.171.207.106 - - [10/Jun/2025:04:59:04 +0000] "GET /loan/surgeon273/6busv-16509/ HTTP/1.1" 499 0 "-" "Mozilla/5.0 AppleWebKit/537.36 (KHTML, like Gecko; compatible; GPTBot/1.2; +https://openai.com/gptbot)"
quickautosell.com.infinitibizsol.com:443 40.77.167.9 - - [10/Jun/2025:05:00:10 +0000] "GET /koala/info/ewe/ HTTP/1.1" 200 23 "-" "Mozilla/5.0 AppleWebKit/537.36 (KHTML, like Gecko; compatible; bingbot/2.0; +http://www.bing.com/bingbot.htm) Chrome/116.0.1938.76 Safari/537.36"
quickautosell.com.infinitibizsol.com:443 20.171.207.106 - - [10/Jun/2025:05:00:10 +0000] "GET /lane/broadcast171/1bj87-34393/ HTTP/1.1" 499 0 "-" "Mozilla/5.0 AppleWebKit/537.36 (KHTML, like Gecko; compatible; GPTBot/1.2; +https://openai.com/gptbot)"
quickautosell.com.infinitibizsol.com:443 162.0.223.40 - - [10/Jun/2025:05:00:19 +0000] "POST /wp-cron.php?doing_wp_cron=1749531618.6022779941558837890625 HTTP/1.1" 499 0 "-" "WordPress/6.8.1; https://quickautosell.com"
quickautosell.com.infinitibizsol.com:443 20.171.207.106 - - [10/Jun/2025:05:01:14 +0000] "GET /basis/sympathy176/44a9u-32498/ HTTP/1.1" 499 0 "-" "Mozilla/5.0 AppleWebKit/537.36 (KHTML, like Gecko; compatible; GPTBot/1.2; +https://openai.com/gptbot)"
quickautosell.com.infinitibizsol.com:443 162.0.223.40 - - [10/Jun/2025:05:01:39 +0000] "POST /wp-cron.php?doing_wp_cron=1749531698.7165169715881347656250 HTTP/1.1" 499 0 "-" "WordPress/6.8.1; https://quickautosell.com"
quickautosell.com.infinitibizsol.com:443 20.171.207.106 - - [10/Jun/2025:05:01:48 +0000] "GET /post/determine111/r7yaw-28497/ HTTP/1.1" 404 32393 "-" "Mozilla/5.0 AppleWebKit/537.36 (KHTML, like Gecko; compatible; GPTBot/1.2; +https://openai.com/gptbot)"
quickautosell.com.infinitibizsol.com:443 198.204.224.34 - - [10/Jun/2025:05:02:44 +0000] "GET /wp-includes/edit.php HTTP/1.1" 499 0 "https://quickautosell.com/wp-includes/edit.php" "Mozilla/5.0 (Windows NT 10.0; Win64; x64) AppleWebKit/537.36 (KHTML, like Gecko) Chrome/58.0.3029.110 Safari/537.3"
quickautosell.com.infinitibizsol.com:443 198.204.224.34 - - [10/Jun/2025:05:02:45 +0000] "GET /wp-includes/edit.php HTTP/1.1" 200 16 "https://quickautosell.com/wp-includes/edit.php" "Mozilla/5.0 (Windows NT 10.0; Win64; x64) AppleWebKit/537.36 (KHTML, like Gecko) Chrome/58.0.3029.110 Safari/537.3"
quickautosell.com.infinitibizsol.com:443 162.0.223.40 - - [10/Jun/2025:05:03:11 +0000] "POST /wp-cron.php?doing_wp_cron=1749531790.1888749599456787109375 HTTP/1.1" 499 0 "-" "WordPress/6.8.1; https://quickautosell.com"
quickautosell.com.infinitibizsol.com:443 20.171.207.106 - - [10/Jun/2025:05:03:15 +0000] "GET /news/conceive194/xrorc-31570/ HTTP/1.1" 404 32393 "-" "Mozilla/5.0 AppleWebKit/537.36 (KHTML, like Gecko; compatible; GPTBot/1.2; +https://openai.com/gptbot)"
