quickautosell.com.infinitibizsol.com:443 198.204.226.18 - - [10/Jun/2025:09:34:25 +0000] "GET /wp-includes/edit.php HTTP/1.1" 200 16 "https://quickautosell.com/wp-includes/edit.php" "Mozilla/5.0 (Windows NT 10.0; Win64; x64) AppleWebKit/537.36 (KHTML, like Gecko) Chrome/58.0.3029.110 Safari/537.3"
quickautosell.com.infinitibizsol.com:443 20.171.207.106 - - [10/Jun/2025:09:34:38 +0000] "GET /pleasure/thinking170/rwcea-13624/ HTTP/1.1" 499 0 "-" "Mozilla/5.0 AppleWebKit/537.36 (KHTML, like Gecko; compatible; GPTBot/1.2; +https://openai.com/gptbot)"
quickautosell.com.infinitibizsol.com:443 52.167.144.209 - - [10/Jun/2025:09:34:42 +0000] "GET /transpatronize/product/ HTTP/1.1" 200 23 "-" "Mozilla/5.0 AppleWebKit/537.36 (KHTML, like Gecko; compatible; bingbot/2.0; +http://www.bing.com/bingbot.htm) Chrome/116.0.1938.76 Safari/537.36"
quickautosell.com.infinitibizsol.com:443 20.171.207.106 - - [10/Jun/2025:09:35:41 +0000] "GET /foreign/journalism98/t5bsx-43842/ HTTP/1.1" 499 0 "-" "Mozilla/5.0 AppleWebKit/537.36 (KHTML, like Gecko; compatible; GPTBot/1.2; +https://openai.com/gptbot)"
quickautosell.com.infinitibizsol.com:443 162.0.223.40 - - [10/Jun/2025:09:35:45 +0000] "POST /wp-cron.php?doing_wp_cron=1749548144.5408849716186523437500 HTTP/1.1" 499 0 "-" "WordPress/6.8.1; https://quickautosell.com"
quickautosell.com.infinitibizsol.com:443 20.171.207.106 - - [10/Jun/2025:09:36:43 +0000] "GET /speculation/wisdom98/np9gt-15260/ HTTP/1.1" 499 0 "-" "Mozilla/5.0 AppleWebKit/537.36 (KHTML, like Gecko; compatible; GPTBot/1.2; +https://openai.com/gptbot)"
quickautosell.com.infinitibizsol.com:443 162.0.223.40 - - [10/Jun/2025:09:37:07 +0000] "POST /wp-cron.php?doing_wp_cron=1749548226.4958429336547851562500 HTTP/1.1" 499 0 "-" "WordPress/6.8.1; https://quickautosell.com"
quickautosell.com.infinitibizsol.com:443 173.208.204.66 - - [10/Jun/2025:09:37:12 +0000] "GET /wp-includes/edit.php HTTP/1.1" 200 16 "https://quickautosell.com/wp-includes/edit.php" "Mozilla/5.0 (Windows NT 10.0; Win64; x64) AppleWebKit/537.36 (KHTML, like Gecko) Chrome/58.0.3029.110 Safari/537.3"
quickautosell.com.infinitibizsol.com:443 198.204.226.18 - - [10/Jun/2025:09:37:13 +0000] "GET /wp-includes/edit.php HTTP/1.1" 499 0 "https://quickautosell.com/wp-includes/edit.php" "Mozilla/5.0 (Windows NT 10.0; Win64; x64) AppleWebKit/537.36 (KHTML, like Gecko) Chrome/58.0.3029.110 Safari/537.3"
quickautosell.com.infinitibizsol.com:443 198.204.226.18 - - [10/Jun/2025:09:37:31 +0000] "GET /wp-includes/edit.php HTTP/1.1" 200 16 "https://quickautosell.com/wp-includes/edit.php" "Mozilla/5.0 (Windows NT 10.0; Win64; x64) AppleWebKit/537.36 (KHTML, like Gecko) Chrome/58.0.3029.110 Safari/537.3"
quickautosell.com.infinitibizsol.com:443 20.171.207.106 - - [10/Jun/2025:09:37:41 +0000] "GET /exotic/republican129/tkhtv-26003/ HTTP/1.1" 404 55127 "-" "Mozilla/5.0 AppleWebKit/537.36 (KHTML, like Gecko; compatible; GPTBot/1.2; +https://openai.com/gptbot)"
quickautosell.com.infinitibizsol.com:443 162.0.223.40 - - [10/Jun/2025:09:38:36 +0000] "POST /wp-cron.php?doing_wp_cron=1749548315.3855869770050048828125 HTTP/1.1" 499 0 "-" "WordPress/6.8.1; https://quickautosell.com"
quickautosell.com.infinitibizsol.com:443 20.171.207.106 - - [10/Jun/2025:09:38:38 +0000] "GET /substance/philosophical277/3bbhu-37969/ HTTP/1.1" 404 55127 "-" "Mozilla/5.0 AppleWebKit/537.36 (KHTML, like Gecko; compatible; GPTBot/1.2; +https://openai.com/gptbot)"
quickautosell.com.infinitibizsol.com:443 20.171.207.106 - - [10/Jun/2025:09:39:48 +0000] "GET /disappointment/happiness68/bjy52-48220/ HTTP/1.1" 499 0 "-" "Mozilla/5.0 AppleWebKit/537.36 (KHTML, like Gecko; compatible; GPTBot/1.2; +https://openai.com/gptbot)"
quickautosell.com.infinitibizsol.com:443 162.0.223.40 - - [10/Jun/2025:09:39:49 +0000] "POST /wp-cron.php?doing_wp_cron=1749548388.7479538917541503906250 HTTP/1.1" 499 0 "-" "WordPress/6.8.1; https://quickautosell.com"
quickautosell.com.infinitibizsol.com:443 20.171.207.106 - - [10/Jun/2025:09:40:45 +0000] "GET /sand/hope114/742cm-39360/ HTTP/1.1" 404 55127 "-" "Mozilla/5.0 AppleWebKit/537.36 (KHTML, like Gecko; compatible; GPTBot/1.2; +https://openai.com/gptbot)"
quickautosell.com.infinitibizsol.com:443 52.167.144.230 - - [10/Jun/2025:09:41:08 +0000] "GET /chagres/ HTTP/1.1" 200 23 "-" "Mozilla/5.0 AppleWebKit/537.36 (KHTML, like Gecko; compatible; bingbot/2.0; +http://www.bing.com/bingbot.htm) Chrome/116.0.1938.76 Safari/537.36"
quickautosell.com.infinitibizsol.com:443 198.204.226.18 - - [10/Jun/2025:09:41:11 +0000] "GET /wp-includes/edit.php HTTP/1.1" 499 0 "https://quickautosell.com/wp-includes/edit.php" "Mozilla/5.0 (Windows NT 10.0; Win64; x64) AppleWebKit/537.36 (KHTML, like Gecko) Chrome/58.0.3029.110 Safari/537.3"
quickautosell.com.infinitibizsol.com:443 162.0.223.40 - - [10/Jun/2025:09:41:51 +0000] "POST /wp-cron.php?doing_wp_cron=1749548510.5755929946899414062500 HTTP/1.1" 499 0 "-" "WordPress/6.8.1; https://quickautosell.com"
quickautosell.com.infinitibizsol.com:443 20.171.207.106 - - [10/Jun/2025:09:41:56 +0000] "GET /shout/ear122/7f69l-49008/ HTTP/1.1" 404 32393 "-" "Mozilla/5.0 AppleWebKit/537.36 (KHTML, like Gecko; compatible; GPTBot/1.2; +https://openai.com/gptbot)"
quickautosell.com.infinitibizsol.com:443 198.204.226.18 - - [10/Jun/2025:09:42:10 +0000] "GET /wp-includes/edit.php HTTP/1.1" 200 16 "https://quickautosell.com/wp-includes/edit.php" "Mozilla/5.0 (Windows NT 10.0; Win64; x64) AppleWebKit/537.36 (KHTML, like Gecko) Chrome/58.0.3029.110 Safari/537.3"
quickautosell.com.infinitibizsol.com:443 162.0.223.40 - - [10/Jun/2025:09:42:56 +0000] "POST /wp-cron.php?doing_wp_cron=1749548575.2128529548645019531250 HTTP/1.1" 499 0 "-" "WordPress/6.8.1; https://quickautosell.com"
quickautosell.com.infinitibizsol.com:443 20.171.207.106 - - [10/Jun/2025:09:43:01 +0000] "GET /towel/ski165/932zg-23867/ HTTP/1.1" 499 0 "-" "Mozilla/5.0 AppleWebKit/537.36 (KHTML, like Gecko; compatible; GPTBot/1.2; +https://openai.com/gptbot)"
quickautosell.com.infinitibizsol.com:443 20.171.207.106 - - [10/Jun/2025:09:44:04 +0000] "GET /resident/residence139/587zd-33539/ HTTP/1.1" 499 0 "-" "Mozilla/5.0 AppleWebKit/537.36 (KHTML, like Gecko; compatible; GPTBot/1.2; +https://openai.com/gptbot)"
quickautosell.com.infinitibizsol.com:443 162.0.223.40 - - [10/Jun/2025:09:44:06 +0000] "POST /wp-cron.php?doing_wp_cron=1749548645.7038700580596923828125 HTTP/1.1" 499 0 "-" "WordPress/6.8.1; https://quickautosell.com"
quickautosell.com.infinitibizsol.com:443 198.204.226.18 - - [10/Jun/2025:09:44:27 +0000] "GET /wp-includes/edit.php HTTP/1.1" 499 0 "https://quickautosell.com/wp-includes/edit.php" "Mozilla/5.0 (Windows NT 10.0; Win64; x64) AppleWebKit/537.36 (KHTML, like Gecko) Chrome/58.0.3029.110 Safari/537.3"
quickautosell.com.infinitibizsol.com:443 198.204.226.18 - - [10/Jun/2025:09:44:30 +0000] "GET /wp-includes/edit.php HTTP/1.1" 200 16 "https://quickautosell.com/wp-includes/edit.php" "Mozilla/5.0 (Windows NT 10.0; Win64; x64) AppleWebKit/537.36 (KHTML, like Gecko) Chrome/58.0.3029.110 Safari/537.3"
quickautosell.com.infinitibizsol.com:443 198.204.226.18 - - [10/Jun/2025:09:44:35 +0000] "GET /wp-includes/edit.php HTTP/1.1" 200 16 "https://quickautosell.com/wp-includes/edit.php" "Mozilla/5.0 (Windows NT 10.0; Win64; x64) AppleWebKit/537.36 (KHTML, like Gecko) Chrome/58.0.3029.110 Safari/537.3"
quickautosell.com.infinitibizsol.com:443 20.171.207.106 - - [10/Jun/2025:09:45:07 +0000] "GET /rival/lay103/p37q2-42073/ HTTP/1.1" 499 0 "-" "Mozilla/5.0 AppleWebKit/537.36 (KHTML, like Gecko; compatible; GPTBot/1.2; +https://openai.com/gptbot)"
quickautosell.com.infinitibizsol.com:443 162.0.223.40 - - [10/Jun/2025:09:45:12 +0000] "POST /wp-cron.php?doing_wp_cron=1749548711.0123579502105712890625 HTTP/1.1" 499 0 "-" "WordPress/6.8.1; https://quickautosell.com"
quickautosell.com.infinitibizsol.com:443 173.208.204.66 - - [10/Jun/2025:09:45:28 +0000] "GET /wp-includes/edit.php HTTP/1.1" 200 16 "https://quickautosell.com/wp-includes/edit.php" "Mozilla/5.0 (Windows NT 10.0; Win64; x64) AppleWebKit/537.36 (KHTML, like Gecko) Chrome/58.0.3029.110 Safari/537.3"
quickautosell.com.infinitibizsol.com:443 20.171.207.106 - - [10/Jun/2025:09:46:09 +0000] "GET /hope/hair296/p8y63-30376/ HTTP/1.1" 499 0 "-" "Mozilla/5.0 AppleWebKit/537.36 (KHTML, like Gecko; compatible; GPTBot/1.2; +https://openai.com/gptbot)"
quickautosell.com.infinitibizsol.com:443 198.204.226.18 - - [10/Jun/2025:09:46:13 +0000] "GET /wp-includes/edit.php HTTP/1.1" 499 0 "https://quickautosell.com/wp-includes/edit.php" "Mozilla/5.0 (Windows NT 10.0; Win64; x64) AppleWebKit/537.36 (KHTML, like Gecko) Chrome/58.0.3029.110 Safari/537.3"
quickautosell.com.infinitibizsol.com:443 198.204.226.18 - - [10/Jun/2025:09:46:14 +0000] "GET /wp-includes/edit.php HTTP/1.1" 200 16 "https://quickautosell.com/wp-includes/edit.php" "Mozilla/5.0 (Windows NT 10.0; Win64; x64) AppleWebKit/537.36 (KHTML, like Gecko) Chrome/58.0.3029.110 Safari/537.3"
quickautosell.com.infinitibizsol.com:443 162.0.223.40 - - [10/Jun/2025:09:46:17 +0000] "POST /wp-cron.php?doing_wp_cron=1749548776.8471910953521728515625 HTTP/1.1" 499 0 "-" "WordPress/6.8.1; https://quickautosell.com"
quickautosell.com.infinitibizsol.com:443 198.204.226.18 - - [10/Jun/2025:09:46:30 +0000] "GET /wp-includes/edit.php HTTP/1.1" 200 16 "https://quickautosell.com/wp-includes/edit.php" "Mozilla/5.0 (Windows NT 10.0; Win64; x64) AppleWebKit/537.36 (KHTML, like Gecko) Chrome/58.0.3029.110 Safari/537.3"
quickautosell.com.infinitibizsol.com:443 198.204.226.18 - - [10/Jun/2025:09:46:57 +0000] "GET /wp-includes/edit.php HTTP/1.1" 200 16 "https://quickautosell.com/wp-includes/edit.php" "Mozilla/5.0 (Windows NT 10.0; Win64; x64) AppleWebKit/537.36 (KHTML, like Gecko) Chrome/58.0.3029.110 Safari/537.3"
quickautosell.com.infinitibizsol.com:443 52.167.144.18 - - [10/Jun/2025:09:46:59 +0000] "GET /hollownosed/ HTTP/1.1" 200 23 "-" "Mozilla/5.0 AppleWebKit/537.36 (KHTML, like Gecko; compatible; bingbot/2.0; +http://www.bing.com/bingbot.htm) Chrome/116.0.1938.76 Safari/537.36"
quickautosell.com.infinitibizsol.com:443 20.171.207.106 - - [10/Jun/2025:09:47:12 +0000] "GET /proof/can145/a3v50-14371/ HTTP/1.1" 404 55127 "-" "Mozilla/5.0 AppleWebKit/537.36 (KHTML, like Gecko; compatible; GPTBot/1.2; +https://openai.com/gptbot)"
quickautosell.com.infinitibizsol.com:443 20.171.207.106 - - [10/Jun/2025:09:48:17 +0000] "GET /unfair/and92/82h19-13794/ HTTP/1.1" 499 0 "-" "Mozilla/5.0 AppleWebKit/537.36 (KHTML, like Gecko; compatible; GPTBot/1.2; +https://openai.com/gptbot)"
quickautosell.com.infinitibizsol.com:443 162.0.223.40 - - [10/Jun/2025:09:48:20 +0000] "POST /wp-cron.php?doing_wp_cron=1749548899.1661319732666015625000 HTTP/1.1" 499 0 "-" "WordPress/6.8.1; https://quickautosell.com"
quickautosell.com.infinitibizsol.com:443 198.204.226.18 - - [10/Jun/2025:09:48:22 +0000] "GET /wp-includes/edit.php HTTP/1.1" 499 0 "https://quickautosell.com/wp-includes/edit.php" "Mozilla/5.0 (Windows NT 10.0; Win64; x64) AppleWebKit/537.36 (KHTML, like Gecko) Chrome/58.0.3029.110 Safari/537.3"
quickautosell.com.infinitibizsol.com:443 20.171.207.106 - - [10/Jun/2025:09:49:21 +0000] "GET /worry/rim167/8u30t-31305/ HTTP/1.1" 499 0 "-" "Mozilla/5.0 AppleWebKit/537.36 (KHTML, like Gecko; compatible; GPTBot/1.2; +https://openai.com/gptbot)"
quickautosell.com.infinitibizsol.com:443 162.0.223.40 - - [10/Jun/2025:09:49:26 +0000] "POST /wp-cron.php?doing_wp_cron=1749548965.6647059917449951171875 HTTP/1.1" 499 0 "-" "WordPress/6.8.1; https://quickautosell.com"
quickautosell.com.infinitibizsol.com:443 20.171.207.106 - - [10/Jun/2025:09:50:23 +0000] "GET /cold/rank198/074mr-16706/ HTTP/1.1" 499 0 "-" "Mozilla/5.0 AppleWebKit/537.36 (KHTML, like Gecko; compatible; GPTBot/1.2; +https://openai.com/gptbot)"
quickautosell.com.infinitibizsol.com:443 162.0.223.40 - - [10/Jun/2025:09:50:36 +0000] "POST /wp-cron.php?doing_wp_cron=1749549035.3085429668426513671875 HTTP/1.1" 499 0 "-" "WordPress/6.8.1; https://quickautosell.com"
quickautosell.com.infinitibizsol.com:443 40.77.167.121 - - [10/Jun/2025:09:51:28 +0000] "GET /denationalisation/uc/ HTTP/1.1" 200 23 "-" "Mozilla/5.0 AppleWebKit/537.36 (KHTML, like Gecko; compatible; bingbot/2.0; +http://www.bing.com/bingbot.htm) Chrome/116.0.1938.76 Safari/537.36"
quickautosell.com.infinitibizsol.com:443 20.171.207.106 - - [10/Jun/2025:09:51:28 +0000] "GET /flee/than159/o7s37-49699/ HTTP/1.1" 499 0 "-" "Mozilla/5.0 AppleWebKit/537.36 (KHTML, like Gecko; compatible; GPTBot/1.2; +https://openai.com/gptbot)"
quickautosell.com.infinitibizsol.com:443 162.0.223.40 - - [10/Jun/2025:09:51:41 +0000] "POST /wp-cron.php?doing_wp_cron=1749549100.3300120830535888671875 HTTP/1.1" 499 0 "-" "WordPress/6.8.1; https://quickautosell.com"
quickautosell.com.infinitibizsol.com:443 20.171.207.106 - - [10/Jun/2025:09:52:28 +0000] "GET /pay/swear159/a949c-17107/ HTTP/1.1" 499 0 "-" "Mozilla/5.0 AppleWebKit/537.36 (KHTML, like Gecko; compatible; GPTBot/1.2; +https://openai.com/gptbot)"
quickautosell.com.infinitibizsol.com:443 198.204.226.18 - - [10/Jun/2025:09:52:50 +0000] "GET /wp-includes/edit.php HTTP/1.1" 499 0 "https://quickautosell.com/wp-includes/edit.php" "Mozilla/5.0 (Windows NT 10.0; Win64; x64) AppleWebKit/537.36 (KHTML, like Gecko) Chrome/58.0.3029.110 Safari/537.3"
quickautosell.com.infinitibizsol.com:443 198.204.226.18 - - [10/Jun/2025:09:52:53 +0000] "GET /wp-includes/edit.php HTTP/1.1" 200 16 "https://quickautosell.com/wp-includes/edit.php" "Mozilla/5.0 (Windows NT 10.0; Win64; x64) AppleWebKit/537.36 (KHTML, like Gecko) Chrome/58.0.3029.110 Safari/537.3"
quickautosell.com.infinitibizsol.com:443 20.171.207.106 - - [10/Jun/2025:09:53:29 +0000] "GET /ego/guess245/m792h-16541/ HTTP/1.1" 499 0 "-" "Mozilla/5.0 AppleWebKit/537.36 (KHTML, like Gecko; compatible; GPTBot/1.2; +https://openai.com/gptbot)"
quickautosell.com.infinitibizsol.com:443 173.208.204.66 - - [10/Jun/2025:09:53:33 +0000] "GET /wp-includes/edit.php HTTP/1.1" 200 16 "https://quickautosell.com/wp-includes/edit.php" "Mozilla/5.0 (Windows NT 10.0; Win64; x64) AppleWebKit/537.36 (KHTML, like Gecko) Chrome/58.0.3029.110 Safari/537.3"
quickautosell.com.infinitibizsol.com:443 162.0.223.40 - - [10/Jun/2025:09:53:38 +0000] "POST /wp-cron.php?doing_wp_cron=1749549217.0731589794158935546875 HTTP/1.1" 499 0 "-" "WordPress/6.8.1; https://quickautosell.com"
quickautosell.com.infinitibizsol.com:443 198.204.226.18 - - [10/Jun/2025:09:54:21 +0000] "GET /wp-includes/edit.php HTTP/1.1" 499 0 "https://quickautosell.com/wp-includes/edit.php" "Mozilla/5.0 (Windows NT 10.0; Win64; x64) AppleWebKit/537.36 (KHTML, like Gecko) Chrome/58.0.3029.110 Safari/537.3"
quickautosell.com.infinitibizsol.com:443 198.204.226.18 - - [10/Jun/2025:09:54:26 +0000] "GET /wp-includes/edit.php HTTP/1.1" 200 16 "https://quickautosell.com/wp-includes/edit.php" "Mozilla/5.0 (Windows NT 10.0; Win64; x64) AppleWebKit/537.36 (KHTML, like Gecko) Chrome/58.0.3029.110 Safari/537.3"
quickautosell.com.infinitibizsol.com:443 198.204.226.18 - - [10/Jun/2025:09:54:26 +0000] "GET /wp-includes/edit.php HTTP/1.1" 200 16 "https://quickautosell.com/wp-includes/edit.php" "Mozilla/5.0 (Windows NT 10.0; Win64; x64) AppleWebKit/537.36 (KHTML, like Gecko) Chrome/58.0.3029.110 Safari/537.3"
quickautosell.com.infinitibizsol.com:443 20.171.207.106 - - [10/Jun/2025:09:54:31 +0000] "GET /work/sort182/by391-21040/ HTTP/1.1" 499 0 "-" "Mozilla/5.0 AppleWebKit/537.36 (KHTML, like Gecko; compatible; GPTBot/1.2; +https://openai.com/gptbot)"
quickautosell.com.infinitibizsol.com:443 20.171.207.106 - - [10/Jun/2025:09:55:35 +0000] "GET /barn/fall214/4d58z-38062/ HTTP/1.1" 499 0 "-" "Mozilla/5.0 AppleWebKit/537.36 (KHTML, like Gecko; compatible; GPTBot/1.2; +https://openai.com/gptbot)"
quickautosell.com.infinitibizsol.com:443 162.0.223.40 - - [10/Jun/2025:09:55:46 +0000] "POST /wp-cron.php?doing_wp_cron=1749549345.7472870349884033203125 HTTP/1.1" 499 0 "-" "WordPress/6.8.1; https://quickautosell.com"
quickautosell.com.infinitibizsol.com:443 20.171.207.106 - - [10/Jun/2025:09:56:36 +0000] "GET /fluid/onto294/0o914-4932/ HTTP/1.1" 499 0 "-" "Mozilla/5.0 AppleWebKit/537.36 (KHTML, like Gecko; compatible; GPTBot/1.2; +https://openai.com/gptbot)"
quickautosell.com.infinitibizsol.com:443 162.0.223.40 - - [10/Jun/2025:09:56:52 +0000] "POST /wp-cron.php?doing_wp_cron=1749549411.4198009967803955078125 HTTP/1.1" 499 0 "-" "WordPress/6.8.1; https://quickautosell.com"
quickautosell.com.infinitibizsol.com:443 40.77.167.121 - - [10/Jun/2025:09:57:10 +0000] "GET /orthis/ HTTP/1.1" 200 23 "-" "Mozilla/5.0 AppleWebKit/537.36 (KHTML, like Gecko; compatible; bingbot/2.0; +http://www.bing.com/bingbot.htm) Chrome/116.0.1938.76 Safari/537.36"
quickautosell.com.infinitibizsol.com:443 20.171.207.106 - - [10/Jun/2025:09:57:38 +0000] "GET /prove/gene44/5o670-31198/ HTTP/1.1" 499 0 "-" "Mozilla/5.0 AppleWebKit/537.36 (KHTML, like Gecko; compatible; GPTBot/1.2; +https://openai.com/gptbot)"
quickautosell.com.infinitibizsol.com:443 20.171.207.106 - - [10/Jun/2025:09:58:43 +0000] "GET /spill/toe274/9n04t-30918/ HTTP/1.1" 499 0 "-" "Mozilla/5.0 AppleWebKit/537.36 (KHTML, like Gecko; compatible; GPTBot/1.2; +https://openai.com/gptbot)"
quickautosell.com.infinitibizsol.com:443 162.0.223.40 - - [10/Jun/2025:09:58:59 +0000] "POST /wp-cron.php?doing_wp_cron=1749549538.4696269035339355468750 HTTP/1.1" 499 0 "-" "WordPress/6.8.1; https://quickautosell.com"
quickautosell.com.infinitibizsol.com:443 198.204.226.18 - - [10/Jun/2025:09:59:28 +0000] "GET /wp-includes/edit.php HTTP/1.1" 499 0 "https://quickautosell.com/wp-includes/edit.php" "Mozilla/5.0 (Windows NT 10.0; Win64; x64) AppleWebKit/537.36 (KHTML, like Gecko) Chrome/58.0.3029.110 Safari/537.3"
quickautosell.com.infinitibizsol.com:443 198.204.226.18 - - [10/Jun/2025:09:59:32 +0000] "GET /wp-includes/edit.php HTTP/1.1" 200 16 "https://quickautosell.com/wp-includes/edit.php" "Mozilla/5.0 (Windows NT 10.0; Win64; x64) AppleWebKit/537.36 (KHTML, like Gecko) Chrome/58.0.3029.110 Safari/537.3"
quickautosell.com.infinitibizsol.com:443 40.77.167.6 - - [10/Jun/2025:09:59:35 +0000] "GET /gymnosperms/aqs/ HTTP/1.1" 200 23 "-" "Mozilla/5.0 AppleWebKit/537.36 (KHTML, like Gecko; compatible; bingbot/2.0; +http://www.bing.com/bingbot.htm) Chrome/116.0.1938.76 Safari/537.36"
quickautosell.com.infinitibizsol.com:443 198.204.226.18 - - [10/Jun/2025:09:59:35 +0000] "GET /wp-includes/edit.php HTTP/1.1" 200 16 "https://quickautosell.com/wp-includes/edit.php" "Mozilla/5.0 (Windows NT 10.0; Win64; x64) AppleWebKit/537.36 (KHTML, like Gecko) Chrome/58.0.3029.110 Safari/537.3"
quickautosell.com.infinitibizsol.com:443 20.171.207.106 - - [10/Jun/2025:09:59:45 +0000] "GET /meet/joke166/t04b5-38802/ HTTP/1.1" 499 0 "-" "Mozilla/5.0 AppleWebKit/537.36 (KHTML, like Gecko; compatible; GPTBot/1.2; +https://openai.com/gptbot)"
quickautosell.com.infinitibizsol.com:443 198.204.226.18 - - [10/Jun/2025:10:00:05 +0000] "GET /wp-includes/edit.php HTTP/1.1" 200 6 "https://quickautosell.com/wp-includes/edit.php" "Mozilla/5.0 (Windows NT 10.0; Win64; x64) AppleWebKit/537.36 (KHTML, like Gecko) Chrome/58.0.3029.110 Safari/537.3"
quickautosell.com.infinitibizsol.com:443 20.171.207.106 - - [10/Jun/2025:10:00:50 +0000] "GET /trial/own275/7t2g0-21881/ HTTP/1.1" 499 0 "-" "Mozilla/5.0 AppleWebKit/537.36 (KHTML, like Gecko; compatible; GPTBot/1.2; +https://openai.com/gptbot)"
quickautosell.com.infinitibizsol.com:443 162.0.223.40 - - [10/Jun/2025:10:01:05 +0000] "POST /wp-cron.php?doing_wp_cron=1749549663.9631490707397460937500 HTTP/1.1" 499 0 "-" "WordPress/6.8.1; https://quickautosell.com"
quickautosell.com.infinitibizsol.com:443 173.208.204.66 - - [10/Jun/2025:10:01:30 +0000] "GET /wp-includes/edit.php HTTP/1.1" 499 0 "https://quickautosell.com/wp-includes/edit.php" "Mozilla/5.0 (Windows NT 10.0; Win64; x64) AppleWebKit/537.36 (KHTML, like Gecko) Chrome/58.0.3029.110 Safari/537.3"
quickautosell.com.infinitibizsol.com:443 173.208.204.66 - - [10/Jun/2025:10:01:30 +0000] "GET /wp-includes/edit.php HTTP/1.1" 200 16 "https://quickautosell.com/wp-includes/edit.php" "Mozilla/5.0 (Windows NT 10.0; Win64; x64) AppleWebKit/537.36 (KHTML, like Gecko) Chrome/58.0.3029.110 Safari/537.3"
quickautosell.com.infinitibizsol.com:443 198.204.226.18 - - [10/Jun/2025:10:01:35 +0000] "GET /wp-includes/edit.php HTTP/1.1" 200 16 "https://quickautosell.com/wp-includes/edit.php" "Mozilla/5.0 (Windows NT 10.0; Win64; x64) AppleWebKit/537.36 (KHTML, like Gecko) Chrome/58.0.3029.110 Safari/537.3"
quickautosell.com.infinitibizsol.com:443 20.171.207.106 - - [10/Jun/2025:10:01:36 +0000] "GET /aim/child236/96cx0-17302/ HTTP/1.1" 404 32393 "-" "Mozilla/5.0 AppleWebKit/537.36 (KHTML, like Gecko; compatible; GPTBot/1.2; +https://openai.com/gptbot)"
quickautosell.com.infinitibizsol.com:443 20.171.207.106 - - [10/Jun/2025:10:02:58 +0000] "GET /ago/shade139/fx590-14735/ HTTP/1.1" 499 0 "-" "Mozilla/5.0 AppleWebKit/537.36 (KHTML, like Gecko; compatible; GPTBot/1.2; +https://openai.com/gptbot)"
quickautosell.com.infinitibizsol.com:443 162.0.223.40 - - [10/Jun/2025:10:03:21 +0000] "POST /wp-cron.php?doing_wp_cron=1749549800.4714570045471191406250 HTTP/1.1" 499 0 "-" "WordPress/6.8.1; https://quickautosell.com"
quickautosell.com.infinitibizsol.com:443 20.171.207.106 - - [10/Jun/2025:10:03:31 +0000] "GET /alive/lake90/462s2-15980/ HTTP/1.1" 404 54766 "-" "Mozilla/5.0 AppleWebKit/537.36 (KHTML, like Gecko; compatible; GPTBot/1.2; +https://openai.com/gptbot)"
quickautosell.com.infinitibizsol.com:443 162.0.223.40 - - [10/Jun/2025:10:04:38 +0000] "POST /wp-cron.php?doing_wp_cron=1749549877.8507978916168212890625 HTTP/1.1" 499 0 "-" "WordPress/6.8.1; https://quickautosell.com"
quickautosell.com.infinitibizsol.com:443 20.171.207.106 - - [10/Jun/2025:10:04:39 +0000] "GET /tight/war246/5c0d8-49420/ HTTP/1.1" 404 54766 "-" "Mozilla/5.0 AppleWebKit/537.36 (KHTML, like Gecko; compatible; GPTBot/1.2; +https://openai.com/gptbot)"
quickautosell.com.infinitibizsol.com:443 20.171.207.83 - - [10/Jun/2025:10:05:04 +0000] "GET / HTTP/1.1" 499 0 "-" "Mozilla/5.0 AppleWebKit/537.36 (KHTML, like Gecko; compatible; GPTBot/1.2; +https://openai.com/gptbot)"
quickautosell.com.infinitibizsol.com:443 162.0.223.40 - - [10/Jun/2025:10:05:39 +0000] "POST /wp-cron.php?doing_wp_cron=1749549938.7863430976867675781250 HTTP/1.1" 499 0 "-" "WordPress/6.8.1; https://quickautosell.com"
quickautosell.com.infinitibizsol.com:443 20.171.207.106 - - [10/Jun/2025:10:05:39 +0000] "GET /physical/physical198/1bmfy-10820/ HTTP/1.1" 404 54766 "-" "Mozilla/5.0 AppleWebKit/537.36 (KHTML, like Gecko; compatible; GPTBot/1.2; +https://openai.com/gptbot)"
quickautosell.com.infinitibizsol.com:443 198.204.226.18 - - [10/Jun/2025:10:05:58 +0000] "GET /wp-includes/edit.php HTTP/1.1" 499 0 "https://quickautosell.com/wp-includes/edit.php" "Mozilla/5.0 (Windows NT 10.0; Win64; x64) AppleWebKit/537.36 (KHTML, like Gecko) Chrome/58.0.3029.110 Safari/537.3"
quickautosell.com.infinitibizsol.com:443 66.249.70.4 - - [10/Jun/2025:10:06:28 +0000] "GET /planetoidal273515682.shtm HTTP/1.1" 200 141742 "-" "Mozilla/5.0 (Linux; Android 6.0.1; Nexus 5X Build/MMB29P) AppleWebKit/537.36 (KHTML, like Gecko) Chrome/137.0.7151.68 Mobile Safari/537.36 (compatible; Googlebot/2.1; +http://www.google.com/bot.html)"
quickautosell.com.infinitibizsol.com:443 66.249.70.3 - - [10/Jun/2025:10:06:33 +0000] "GET /rhizopodous1851915678.shtm HTTP/1.1" 200 158103 "-" "Mozilla/5.0 (Linux; Android 6.0.1; Nexus 5X Build/MMB29P) AppleWebKit/537.36 (KHTML, like Gecko) Chrome/137.0.7151.68 Mobile Safari/537.36 (compatible; Googlebot/2.1; +http://www.google.com/bot.html)"
quickautosell.com.infinitibizsol.com:443 162.0.223.40 - - [10/Jun/2025:10:06:45 +0000] "POST /wp-cron.php?doing_wp_cron=1749550004.8100740909576416015625 HTTP/1.1" 499 0 "-" "WordPress/6.8.1; https://quickautosell.com"
quickautosell.com.infinitibizsol.com:443 20.171.207.106 - - [10/Jun/2025:10:06:46 +0000] "GET /present/talent6/mg8bz-5846/ HTTP/1.1" 404 32393 "-" "Mozilla/5.0 AppleWebKit/537.36 (KHTML, like Gecko; compatible; GPTBot/1.2; +https://openai.com/gptbot)"
quickautosell.com.infinitibizsol.com:443 66.249.70.3 - - [10/Jun/2025:10:07:01 +0000] "GET /memorable30711544.shtm HTTP/1.1" 200 137896 "-" "Mozilla/5.0 (Linux; Android 6.0.1; Nexus 5X Build/MMB29P) AppleWebKit/537.36 (KHTML, like Gecko) Chrome/137.0.7151.68 Mobile Safari/537.36 (compatible; Googlebot/2.1; +http://www.google.com/bot.html)"
quickautosell.com.infinitibizsol.com:443 66.249.70.4 - - [10/Jun/2025:10:07:05 +0000] "GET /bankeress13617061.shtm HTTP/1.1" 200 119870 "-" "Mozilla/5.0 (Linux; Android 6.0.1; Nexus 5X Build/MMB29P) AppleWebKit/537.36 (KHTML, like Gecko) Chrome/137.0.7151.68 Mobile Safari/537.36 (compatible; Googlebot/2.1; +http://www.google.com/bot.html)"
quickautosell.com.infinitibizsol.com:443 40.77.167.254 - - [10/Jun/2025:10:07:41 +0000] "GET /ransacking/ HTTP/1.1" 200 23 "-" "Mozilla/5.0 AppleWebKit/537.36 (KHTML, like Gecko; compatible; bingbot/2.0; +http://www.bing.com/bingbot.htm) Chrome/116.0.1938.76 Safari/537.36"
quickautosell.com.infinitibizsol.com:443 20.171.207.106 - - [10/Jun/2025:10:07:43 +0000] "GET /living/divide36/ksiea-1028/ HTTP/1.1" 404 32393 "-" "Mozilla/5.0 AppleWebKit/537.36 (KHTML, like Gecko; compatible; GPTBot/1.2; +https://openai.com/gptbot)"
quickautosell.com.infinitibizsol.com:443 66.249.70.4 - - [10/Jun/2025:10:07:49 +0000] "GET /revivement13663064.shtm HTTP/1.1" 200 152497 "-" "Mozilla/5.0 (Linux; Android 6.0.1; Nexus 5X Build/MMB29P) AppleWebKit/537.36 (KHTML, like Gecko) Chrome/137.0.7151.68 Mobile Safari/537.36 (compatible; Googlebot/2.1; +http://www.google.com/bot.html)"
quickautosell.com.infinitibizsol.com:80 162.0.223.40 - - [10/Jun/2025:10:08:00 +0000] "POST /wp-cron.php?doing_wp_cron=1749550079.6642339229583740234375 HTTP/1.1" 499 0 "-" "WordPress/6.8.1; https://quickautosell.com"
quickautosell.com.infinitibizsol.com:80 51.222.253.15 - - [10/Jun/2025:10:08:00 +0000] "GET / HTTP/1.1" 200 80750 "-" "Mozilla/5.0 (compatible; AhrefsBot/7.0; +http://ahrefs.com/robot/)"
quickautosell.com.infinitibizsol.com:443 66.249.70.5 - - [10/Jun/2025:10:08:04 +0000] "GET /trestle1851894947.shtm HTTP/1.1" 404 54778 "-" "Mozilla/5.0 (Linux; Android 6.0.1; Nexus 5X Build/MMB29P) AppleWebKit/537.36 (KHTML, like Gecko) Chrome/137.0.7151.68 Mobile Safari/537.36 (compatible; Googlebot/2.1; +http://www.google.com/bot.html)"
quickautosell.com.infinitibizsol.com:443 66.249.70.4 - - [10/Jun/2025:10:08:28 +0000] "GET /pelobates13675854.shtm HTTP/1.1" 200 138839 "-" "Mozilla/5.0 (Linux; Android 6.0.1; Nexus 5X Build/MMB29P) AppleWebKit/537.36 (KHTML, like Gecko) Chrome/137.0.7151.68 Mobile Safari/537.36 (compatible; Googlebot/2.1; +http://www.google.com/bot.html)"
quickautosell.com.infinitibizsol.com:443 20.171.207.106 - - [10/Jun/2025:10:08:48 +0000] "GET /transportation/coordinator15/uqwpl-40349/ HTTP/1.1" 404 54766 "-" "Mozilla/5.0 AppleWebKit/537.36 (KHTML, like Gecko; compatible; GPTBot/1.2; +https://openai.com/gptbot)"
quickautosell.com.infinitibizsol.com:443 52.167.144.209 - - [10/Jun/2025:10:09:09 +0000] "GET /graces/ HTTP/1.1" 200 23 "-" "Mozilla/5.0 AppleWebKit/537.36 (KHTML, like Gecko; compatible; bingbot/2.0; +http://www.bing.com/bingbot.htm) Chrome/116.0.1938.76 Safari/537.36"
quickautosell.com.infinitibizsol.com:443 66.249.70.3 - - [10/Jun/2025:10:09:21 +0000] "GET /quinible1141108058.shtm HTTP/1.1" 200 152690 "-" "Mozilla/5.0 (Linux; Android 6.0.1; Nexus 5X Build/MMB29P) AppleWebKit/537.36 (KHTML, like Gecko) Chrome/137.0.7151.68 Mobile Safari/537.36 (compatible; Googlebot/2.1; +http://www.google.com/bot.html)"
quickautosell.com.infinitibizsol.com:443 66.249.70.3 - - [10/Jun/2025:10:09:26 +0000] "GET /insheathe1067779699.shtm HTTP/1.1" 200 134465 "-" "Mozilla/5.0 (Linux; Android 6.0.1; Nexus 5X Build/MMB29P) AppleWebKit/537.36 (KHTML, like Gecko) Chrome/137.0.7151.68 Mobile Safari/537.36 (compatible; Googlebot/2.1; +http://www.google.com/bot.html)"
quickautosell.com.infinitibizsol.com:443 173.208.204.66 - - [10/Jun/2025:10:09:29 +0000] "GET /wp-includes/edit.php HTTP/1.1" 499 0 "https://quickautosell.com/wp-includes/edit.php" "Mozilla/5.0 (Windows NT 10.0; Win64; x64) AppleWebKit/537.36 (KHTML, like Gecko) Chrome/58.0.3029.110 Safari/537.3"
quickautosell.com.infinitibizsol.com:443 173.208.204.66 - - [10/Jun/2025:10:09:30 +0000] "GET /wp-includes/edit.php HTTP/1.1" 200 16 "https://quickautosell.com/wp-includes/edit.php" "Mozilla/5.0 (Windows NT 10.0; Win64; x64) AppleWebKit/537.36 (KHTML, like Gecko) Chrome/58.0.3029.110 Safari/537.3"
quickautosell.com.infinitibizsol.com:443 162.0.223.40 - - [10/Jun/2025:10:09:38 +0000] "POST /wp-cron.php?doing_wp_cron=1749550177.0941159725189208984375 HTTP/1.1" 499 0 "-" "WordPress/6.8.1; https://quickautosell.com"
quickautosell.com.infinitibizsol.com:443 20.171.207.106 - - [10/Jun/2025:10:09:50 +0000] "GET /lap/economics159/svjbr-40681/ HTTP/1.1" 404 54766 "-" "Mozilla/5.0 AppleWebKit/537.36 (KHTML, like Gecko; compatible; GPTBot/1.2; +https://openai.com/gptbot)"
quickautosell.com.infinitibizsol.com:443 66.249.70.4 - - [10/Jun/2025:10:10:47 +0000] "GET /attenuant13623970.shtm HTTP/1.1" 200 149477 "-" "Mozilla/5.0 (Linux; Android 6.0.1; Nexus 5X Build/MMB29P) AppleWebKit/537.36 (KHTML, like Gecko) Chrome/137.0.7151.68 Mobile Safari/537.36 (compatible; Googlebot/2.1; +http://www.google.com/bot.html)"
quickautosell.com.infinitibizsol.com:443 162.0.223.40 - - [10/Jun/2025:10:10:54 +0000] "POST /wp-cron.php?doing_wp_cron=1749550253.5663430690765380859375 HTTP/1.1" 499 0 "-" "WordPress/6.8.1; https://quickautosell.com"
quickautosell.com.infinitibizsol.com:443 20.171.207.106 - - [10/Jun/2025:10:10:54 +0000] "GET /emotion/privacy176/hdhk1-832/ HTTP/1.1" 404 32393 "-" "Mozilla/5.0 AppleWebKit/537.36 (KHTML, like Gecko; compatible; GPTBot/1.2; +https://openai.com/gptbot)"
quickautosell.com.infinitibizsol.com:443 162.0.223.40 - - [10/Jun/2025:10:11:57 +0000] "POST /wp-cron.php?doing_wp_cron=1749550316.4690001010894775390625 HTTP/1.1" 499 0 "-" "WordPress/6.8.1; https://quickautosell.com"
quickautosell.com.infinitibizsol.com:443 20.171.207.106 - - [10/Jun/2025:10:11:57 +0000] "GET /qualify/scared30/zf0kt-46174/ HTTP/1.1" 404 54766 "-" "Mozilla/5.0 AppleWebKit/537.36 (KHTML, like Gecko; compatible; GPTBot/1.2; +https://openai.com/gptbot)"
quickautosell.com.infinitibizsol.com:443 198.204.226.18 - - [10/Jun/2025:10:12:53 +0000] "GET /wp-includes/edit.php HTTP/1.1" 499 0 "https://quickautosell.com/wp-includes/edit.php" "Mozilla/5.0 (Windows NT 10.0; Win64; x64) AppleWebKit/537.36 (KHTML, like Gecko) Chrome/58.0.3029.110 Safari/537.3"
quickautosell.com.infinitibizsol.com:443 198.204.226.18 - - [10/Jun/2025:10:12:57 +0000] "GET /wp-includes/edit.php HTTP/1.1" 200 16 "https://quickautosell.com/wp-includes/edit.php" "Mozilla/5.0 (Windows NT 10.0; Win64; x64) AppleWebKit/537.36 (KHTML, like Gecko) Chrome/58.0.3029.110 Safari/537.3"
quickautosell.com.infinitibizsol.com:443 162.0.223.40 - - [10/Jun/2025:10:12:59 +0000] "POST /wp-cron.php?doing_wp_cron=1749550378.8809919357299804687500 HTTP/1.1" 499 0 "-" "WordPress/6.8.1; https://quickautosell.com"
quickautosell.com.infinitibizsol.com:443 20.171.207.106 - - [10/Jun/2025:10:13:00 +0000] "GET /journey/racial140/ftklb-1956/ HTTP/1.1" 404 54774 "-" "Mozilla/5.0 AppleWebKit/537.36 (KHTML, like Gecko; compatible; GPTBot/1.2; +https://openai.com/gptbot)"
quickautosell.com.infinitibizsol.com:443 162.0.223.40 - - [10/Jun/2025:10:14:03 +0000] "POST /wp-cron.php?doing_wp_cron=1749550442.0619840621948242187500 HTTP/1.1" 499 0 "-" "WordPress/6.8.1; https://quickautosell.com"
quickautosell.com.infinitibizsol.com:443 20.171.207.106 - - [10/Jun/2025:10:14:03 +0000] "GET /think/surgeon105/axvc8-7189/ HTTP/1.1" 404 54766 "-" "Mozilla/5.0 AppleWebKit/537.36 (KHTML, like Gecko; compatible; GPTBot/1.2; +https://openai.com/gptbot)"
quickautosell.com.infinitibizsol.com:443 40.77.167.47 - - [10/Jun/2025:10:14:41 +0000] "GET /eglandulose/ HTTP/1.1" 200 23 "-" "Mozilla/5.0 AppleWebKit/537.36 (KHTML, like Gecko; compatible; bingbot/2.0; +http://www.bing.com/bingbot.htm) Chrome/116.0.1938.76 Safari/537.36"
quickautosell.com.infinitibizsol.com:443 40.77.167.47 - - [10/Jun/2025:10:14:42 +0000] "GET /cuckoldom/lp/1677881935.shtm HTTP/1.1" 200 23 "-" "Mozilla/5.0 AppleWebKit/537.36 (KHTML, like Gecko; compatible; bingbot/2.0; +http://www.bing.com/bingbot.htm) Chrome/116.0.1938.76 Safari/537.36"
quickautosell.com.infinitibizsol.com:443 162.0.223.40 - - [10/Jun/2025:10:15:05 +0000] "POST /wp-cron.php?doing_wp_cron=1749550504.6033620834350585937500 HTTP/1.1" 499 0 "-" "WordPress/6.8.1; https://quickautosell.com"
quickautosell.com.infinitibizsol.com:443 20.171.207.106 - - [10/Jun/2025:10:15:05 +0000] "GET /tight/war246/5c0d8-49420/ HTTP/1.1" 404 54766 "-" "Mozilla/5.0 AppleWebKit/537.36 (KHTML, like Gecko; compatible; GPTBot/1.2; +https://openai.com/gptbot)"
quickautosell.com.infinitibizsol.com:443 40.77.167.74 - - [10/Jun/2025:10:15:14 +0000] "GET /strapping/ HTTP/1.1" 404 54794 "-" "Mozilla/5.0 AppleWebKit/537.36 (KHTML, like Gecko; compatible; bingbot/2.0; +http://www.bing.com/bingbot.htm) Chrome/116.0.1938.76 Safari/537.36"
quickautosell.com.infinitibizsol.com:443 20.171.207.106 - - [10/Jun/2025:10:16:03 +0000] "GET /poster/convey231/wqhds-42685/ HTTP/1.1" 404 54766 "-" "Mozilla/5.0 AppleWebKit/537.36 (KHTML, like Gecko; compatible; GPTBot/1.2; +https://openai.com/gptbot)"
quickautosell.com.infinitibizsol.com:443 162.0.223.40 - - [10/Jun/2025:10:17:09 +0000] "POST /wp-cron.php?doing_wp_cron=1749550628.5875239372253417968750 HTTP/1.1" 499 0 "-" "WordPress/6.8.1; https://quickautosell.com"
quickautosell.com.infinitibizsol.com:443 20.171.207.106 - - [10/Jun/2025:10:17:09 +0000] "GET /clearly/saving90/djbui-30146/ HTTP/1.1" 404 54766 "-" "Mozilla/5.0 AppleWebKit/537.36 (KHTML, like Gecko; compatible; GPTBot/1.2; +https://openai.com/gptbot)"
quickautosell.com.infinitibizsol.com:443 40.77.167.74 - - [10/Jun/2025:10:17:19 +0000] "GET /jubilation/dp987394605.shtm HTTP/1.1" 200 23 "-" "Mozilla/5.0 AppleWebKit/537.36 (KHTML, like Gecko; compatible; bingbot/2.0; +http://www.bing.com/bingbot.htm) Chrome/116.0.1938.76 Safari/537.36"
quickautosell.com.infinitibizsol.com:443 173.208.204.66 - - [10/Jun/2025:10:17:29 +0000] "GET /wp-includes/edit.php HTTP/1.1" 499 0 "https://quickautosell.com/wp-includes/edit.php" "Mozilla/5.0 (Windows NT 10.0; Win64; x64) AppleWebKit/537.36 (KHTML, like Gecko) Chrome/58.0.3029.110 Safari/537.3"
quickautosell.com.infinitibizsol.com:443 173.208.204.66 - - [10/Jun/2025:10:17:30 +0000] "GET /wp-includes/edit.php HTTP/1.1" 200 16 "https://quickautosell.com/wp-includes/edit.php" "Mozilla/5.0 (Windows NT 10.0; Win64; x64) AppleWebKit/537.36 (KHTML, like Gecko) Chrome/58.0.3029.110 Safari/537.3"
quickautosell.com.infinitibizsol.com:443 162.0.223.40 - - [10/Jun/2025:10:18:12 +0000] "POST /wp-cron.php?doing_wp_cron=1749550691.1940751075744628906250 HTTP/1.1" 499 0 "-" "WordPress/6.8.1; https://quickautosell.com"
quickautosell.com.infinitibizsol.com:443 20.171.207.106 - - [10/Jun/2025:10:18:12 +0000] "GET /meaning/factor54/kyksz-23778/ HTTP/1.1" 404 54766 "-" "Mozilla/5.0 AppleWebKit/537.36 (KHTML, like Gecko; compatible; GPTBot/1.2; +https://openai.com/gptbot)"
quickautosell.com.infinitibizsol.com:443 51.222.253.12 - - [10/Jun/2025:10:18:17 +0000] "GET / HTTP/1.1" 200 80756 "-" "Mozilla/5.0 (compatible; AhrefsBot/7.0; +http://ahrefs.com/robot/)"
quickautosell.com.infinitibizsol.com:443 198.204.226.18 - - [10/Jun/2025:10:19:07 +0000] "GET /wp-includes/edit.php HTTP/1.1" 499 0 "https://quickautosell.com/wp-includes/edit.php" "Mozilla/5.0 (Windows NT 10.0; Win64; x64) AppleWebKit/537.36 (KHTML, like Gecko) Chrome/58.0.3029.110 Safari/537.3"
quickautosell.com.infinitibizsol.com:443 162.0.223.40 - - [10/Jun/2025:10:19:12 +0000] "POST /wp-cron.php?doing_wp_cron=1749550751.4616720676422119140625 HTTP/1.1" 499 0 "-" "WordPress/6.8.1; https://quickautosell.com"
quickautosell.com.infinitibizsol.com:443 20.171.207.106 - - [10/Jun/2025:10:19:12 +0000] "GET /chew/supposedly68/1ivnk-9356/ HTTP/1.1" 404 32393 "-" "Mozilla/5.0 AppleWebKit/537.36 (KHTML, like Gecko; compatible; GPTBot/1.2; +https://openai.com/gptbot)"
quickautosell.com.infinitibizsol.com:443 198.204.226.18 - - [10/Jun/2025:10:19:18 +0000] "GET /wp-includes/edit.php HTTP/1.1" 200 6 "https://quickautosell.com/wp-includes/edit.php" "Mozilla/5.0 (Windows NT 10.0; Win64; x64) AppleWebKit/537.36 (KHTML, like Gecko) Chrome/58.0.3029.110 Safari/537.3"
quickautosell.com.infinitibizsol.com:443 162.0.223.40 - - [10/Jun/2025:10:20:18 +0000] "POST /wp-cron.php?doing_wp_cron=1749550816.9709000587463378906250 HTTP/1.1" 499 0 "-" "WordPress/6.8.1; https://quickautosell.com"
quickautosell.com.infinitibizsol.com:443 20.171.207.106 - - [10/Jun/2025:10:20:18 +0000] "GET /bother/muscle65/twbdi-29043/ HTTP/1.1" 404 32393 "-" "Mozilla/5.0 AppleWebKit/537.36 (KHTML, like Gecko; compatible; GPTBot/1.2; +https://openai.com/gptbot)"
quickautosell.com.infinitibizsol.com:443 198.204.226.18 - - [10/Jun/2025:10:20:47 +0000] "GET /wp-includes/edit.php HTTP/1.1" 499 0 "https://quickautosell.com/wp-includes/edit.php" "Mozilla/5.0 (Windows NT 10.0; Win64; x64) AppleWebKit/537.36 (KHTML, like Gecko) Chrome/58.0.3029.110 Safari/537.3"
quickautosell.com.infinitibizsol.com:443 162.0.223.40 - - [10/Jun/2025:10:21:22 +0000] "POST /wp-cron.php?doing_wp_cron=1749550881.1000559329986572265625 HTTP/1.1" 499 0 "-" "WordPress/6.8.1; https://quickautosell.com"
quickautosell.com.infinitibizsol.com:443 20.171.207.106 - - [10/Jun/2025:10:21:22 +0000] "GET /glance/shrink195/cdztj-46365/ HTTP/1.1" 404 54782 "-" "Mozilla/5.0 AppleWebKit/537.36 (KHTML, like Gecko; compatible; GPTBot/1.2; +https://openai.com/gptbot)"
quickautosell.com.infinitibizsol.com:443 198.204.226.18 - - [10/Jun/2025:10:21:36 +0000] "GET /wp-includes/edit.php HTTP/1.1" 200 16 "https://quickautosell.com/wp-includes/edit.php" "Mozilla/5.0 (Windows NT 10.0; Win64; x64) AppleWebKit/537.36 (KHTML, like Gecko) Chrome/58.0.3029.110 Safari/537.3"
quickautosell.com.infinitibizsol.com:443 162.0.223.40 - - [10/Jun/2025:10:22:27 +0000] "POST /wp-cron.php?doing_wp_cron=1749550946.1075060367584228515625 HTTP/1.1" 499 0 "-" "WordPress/6.8.1; https://quickautosell.com"
quickautosell.com.infinitibizsol.com:443 20.171.207.106 - - [10/Jun/2025:10:22:27 +0000] "GET /high/discovery158/8qoza-9236/ HTTP/1.1" 404 32393 "-" "Mozilla/5.0 AppleWebKit/537.36 (KHTML, like Gecko; compatible; GPTBot/1.2; +https://openai.com/gptbot)"
quickautosell.com.infinitibizsol.com:443 162.0.223.40 - - [10/Jun/2025:10:23:29 +0000] "POST /wp-cron.php?doing_wp_cron=1749551007.9660151004791259765625 HTTP/1.1" 499 0 "-" "WordPress/6.8.1; https://quickautosell.com"
quickautosell.com.infinitibizsol.com:443 20.171.207.106 - - [10/Jun/2025:10:23:29 +0000] "GET /distant/block199/2upwc-7435/ HTTP/1.1" 404 32393 "-" "Mozilla/5.0 AppleWebKit/537.36 (KHTML, like Gecko; compatible; GPTBot/1.2; +https://openai.com/gptbot)"
quickautosell.com.infinitibizsol.com:443 162.0.223.40 - - [10/Jun/2025:10:24:29 +0000] "POST /wp-cron.php?doing_wp_cron=1749551068.6460530757904052734375 HTTP/1.1" 499 0 "-" "WordPress/6.8.1; https://quickautosell.com"
quickautosell.com.infinitibizsol.com:443 20.171.207.106 - - [10/Jun/2025:10:24:29 +0000] "GET /sunlight/damn83/xvwu9-26587/ HTTP/1.1" 404 54766 "-" "Mozilla/5.0 AppleWebKit/537.36 (KHTML, like Gecko; compatible; GPTBot/1.2; +https://openai.com/gptbot)"
quickautosell.com.infinitibizsol.com:443 40.77.167.54 - - [10/Jun/2025:10:25:07 +0000] "GET /patchhead1855515373.shtm HTTP/1.1" 200 23 "-" "Mozilla/5.0 AppleWebKit/537.36 (KHTML, like Gecko; compatible; bingbot/2.0; +http://www.bing.com/bingbot.htm) Chrome/116.0.1938.76 Safari/537.36"
quickautosell.com.infinitibizsol.com:443 198.204.226.18 - - [10/Jun/2025:10:25:27 +0000] "GET /wp-includes/edit.php HTTP/1.1" 200 16 "https://quickautosell.com/wp-includes/edit.php" "Mozilla/5.0 (Windows NT 10.0; Win64; x64) AppleWebKit/537.36 (KHTML, like Gecko) Chrome/58.0.3029.110 Safari/537.3"
quickautosell.com.infinitibizsol.com:443 173.208.204.66 - - [10/Jun/2025:10:25:29 +0000] "GET /wp-includes/edit.php HTTP/1.1" 499 0 "https://quickautosell.com/wp-includes/edit.php" "Mozilla/5.0 (Windows NT 10.0; Win64; x64) AppleWebKit/537.36 (KHTML, like Gecko) Chrome/58.0.3029.110 Safari/537.3"
quickautosell.com.infinitibizsol.com:443 173.208.204.66 - - [10/Jun/2025:10:25:29 +0000] "GET /wp-includes/edit.php HTTP/1.1" 200 16 "https://quickautosell.com/wp-includes/edit.php" "Mozilla/5.0 (Windows NT 10.0; Win64; x64) AppleWebKit/537.36 (KHTML, like Gecko) Chrome/58.0.3029.110 Safari/537.3"
quickautosell.com.infinitibizsol.com:443 162.0.223.40 - - [10/Jun/2025:10:25:33 +0000] "POST /wp-cron.php?doing_wp_cron=1749551132.4020481109619140625000 HTTP/1.1" 499 0 "-" "WordPress/6.8.1; https://quickautosell.com"
quickautosell.com.infinitibizsol.com:443 20.171.207.106 - - [10/Jun/2025:10:25:33 +0000] "GET /specialty/hand47/vbfkb-24625/ HTTP/1.1" 404 54766 "-" "Mozilla/5.0 AppleWebKit/537.36 (KHTML, like Gecko; compatible; GPTBot/1.2; +https://openai.com/gptbot)"
quickautosell.com.infinitibizsol.com:443 20.171.207.106 - - [10/Jun/2025:10:26:32 +0000] "GET /owe/counseling12/tumj7-34986/ HTTP/1.1" 404 54766 "-" "Mozilla/5.0 AppleWebKit/537.36 (KHTML, like Gecko; compatible; GPTBot/1.2; +https://openai.com/gptbot)"
quickautosell.com.infinitibizsol.com:443 162.0.223.40 - - [10/Jun/2025:10:26:34 +0000] "POST /wp-cron.php?doing_wp_cron=1749551193.3514089584350585937500 HTTP/1.1" 499 0 "-" "WordPress/6.8.1; https://quickautosell.com"
quickautosell.com.infinitibizsol.com:443 40.77.167.19 - - [10/Jun/2025:10:26:34 +0000] "GET /stulp/362753575.shtm HTTP/1.1" 404 54772 "-" "Mozilla/5.0 AppleWebKit/537.36 (KHTML, like Gecko; compatible; bingbot/2.0; +http://www.bing.com/bingbot.htm) Chrome/116.0.1938.76 Safari/537.36"
quickautosell.com.infinitibizsol.com:443 51.222.253.12 - - [10/Jun/2025:10:26:37 +0000] "GET /?sitemapindex.xml HTTP/1.1" 200 23 "-" "Mozilla/5.0 (compatible; AhrefsBot/7.0; +http://ahrefs.com/robot/)"
quickautosell.com.infinitibizsol.com:443 198.204.226.18 - - [10/Jun/2025:10:26:58 +0000] "GET /wp-includes/edit.php HTTP/1.1" 499 0 "https://quickautosell.com/wp-includes/edit.php" "Mozilla/5.0 (Windows NT 10.0; Win64; x64) AppleWebKit/537.36 (KHTML, like Gecko) Chrome/58.0.3029.110 Safari/537.3"
quickautosell.com.infinitibizsol.com:443 162.0.223.40 - - [10/Jun/2025:10:27:38 +0000] "POST /wp-cron.php?doing_wp_cron=1749551257.6839981079101562500000 HTTP/1.1" 499 0 "-" "WordPress/6.8.1; https://quickautosell.com"
quickautosell.com.infinitibizsol.com:443 20.171.207.106 - - [10/Jun/2025:10:27:38 +0000] "GET /weight/around137/lmqyi-31957/ HTTP/1.1" 404 54766 "-" "Mozilla/5.0 AppleWebKit/537.36 (KHTML, like Gecko; compatible; GPTBot/1.2; +https://openai.com/gptbot)"
quickautosell.com.infinitibizsol.com:443 198.204.226.18 - - [10/Jun/2025:10:28:04 +0000] "GET /wp-includes/edit.php HTTP/1.1" 200 16 "https://quickautosell.com/wp-includes/edit.php" "Mozilla/5.0 (Windows NT 10.0; Win64; x64) AppleWebKit/537.36 (KHTML, like Gecko) Chrome/58.0.3029.110 Safari/537.3"
quickautosell.com.infinitibizsol.com:443 162.0.223.40 - - [10/Jun/2025:10:28:43 +0000] "POST /wp-cron.php?doing_wp_cron=1749551322.9378778934478759765625 HTTP/1.1" 499 0 "-" "WordPress/6.8.1; https://quickautosell.com"
quickautosell.com.infinitibizsol.com:443 20.171.207.106 - - [10/Jun/2025:10:28:44 +0000] "GET /prohibit/plead222/93mfy-42940/ HTTP/1.1" 404 54766 "-" "Mozilla/5.0 AppleWebKit/537.36 (KHTML, like Gecko; compatible; GPTBot/1.2; +https://openai.com/gptbot)"
quickautosell.com.infinitibizsol.com:443 162.0.223.40 - - [10/Jun/2025:10:29:48 +0000] "POST /wp-cron.php?doing_wp_cron=1749551387.8195679187774658203125 HTTP/1.1" 499 0 "-" "WordPress/6.8.1; https://quickautosell.com"
quickautosell.com.infinitibizsol.com:443 20.171.207.106 - - [10/Jun/2025:10:29:49 +0000] "GET /between/finish262/j1r9k-45888/ HTTP/1.1" 404 32393 "-" "Mozilla/5.0 AppleWebKit/537.36 (KHTML, like Gecko; compatible; GPTBot/1.2; +https://openai.com/gptbot)"
quickautosell.com.infinitibizsol.com:443 198.204.226.18 - - [10/Jun/2025:10:30:10 +0000] "GET /wp-includes/edit.php HTTP/1.1" 499 0 "https://quickautosell.com/wp-includes/edit.php" "Mozilla/5.0 (Windows NT 10.0; Win64; x64) AppleWebKit/537.36 (KHTML, like Gecko) Chrome/58.0.3029.110 Safari/537.3"
quickautosell.com.infinitibizsol.com:443 52.167.144.23 - - [10/Jun/2025:10:30:32 +0000] "GET /flexuose/ HTTP/1.1" 200 23 "-" "Mozilla/5.0 AppleWebKit/537.36 (KHTML, like Gecko; compatible; bingbot/2.0; +http://www.bing.com/bingbot.htm) Chrome/116.0.1938.76 Safari/537.36"
quickautosell.com.infinitibizsol.com:443 162.0.223.40 - - [10/Jun/2025:10:30:53 +0000] "POST /wp-cron.php?doing_wp_cron=1749551452.9698860645294189453125 HTTP/1.1" 499 0 "-" "WordPress/6.8.1; https://quickautosell.com"
quickautosell.com.infinitibizsol.com:443 20.171.207.106 - - [10/Jun/2025:10:30:54 +0000] "GET /discount/potentially210/z4bmn-738/ HTTP/1.1" 404 54766 "-" "Mozilla/5.0 AppleWebKit/537.36 (KHTML, like Gecko; compatible; GPTBot/1.2; +https://openai.com/gptbot)"
quickautosell.com.infinitibizsol.com:443 162.0.223.40 - - [10/Jun/2025:10:30:54 +0000] "POST /wp-cron.php?doing_wp_cron=1749551453.1859800815582275390625 HTTP/1.1" 499 0 "-" "WordPress/6.8.1; https://quickautosell.com"
quickautosell.com.infinitibizsol.com:443 40.77.167.19 - - [10/Jun/2025:10:30:54 +0000] "GET /raguled/1030604517.shtm HTTP/1.1" 404 54772 "-" "Mozilla/5.0 AppleWebKit/537.36 (KHTML, like Gecko; compatible; bingbot/2.0; +http://www.bing.com/bingbot.htm) Chrome/116.0.1938.76 Safari/537.36"
quickautosell.com.infinitibizsol.com:443 162.0.223.40 - - [10/Jun/2025:10:31:54 +0000] "POST /wp-cron.php?doing_wp_cron=1749551513.8962779045104980468750 HTTP/1.1" 499 0 "-" "WordPress/6.8.1; https://quickautosell.com"
quickautosell.com.infinitibizsol.com:443 20.171.207.106 - - [10/Jun/2025:10:31:55 +0000] "GET /testimony/certainly87/mpfaw-40931/ HTTP/1.1" 404 32393 "-" "Mozilla/5.0 AppleWebKit/537.36 (KHTML, like Gecko; compatible; GPTBot/1.2; +https://openai.com/gptbot)"
quickautosell.com.infinitibizsol.com:443 40.77.167.9 - - [10/Jun/2025:10:32:12 +0000] "GET /hutchunsonian/product/lgd/ HTTP/1.1" 200 23 "-" "Mozilla/5.0 AppleWebKit/537.36 (KHTML, like Gecko; compatible; bingbot/2.0; +http://www.bing.com/bingbot.htm) Chrome/116.0.1938.76 Safari/537.36"
quickautosell.com.infinitibizsol.com:443 198.204.226.18 - - [10/Jun/2025:10:32:53 +0000] "GET /wp-includes/edit.php HTTP/1.1" 499 0 "https://quickautosell.com/wp-includes/edit.php" "Mozilla/5.0 (Windows NT 10.0; Win64; x64) AppleWebKit/537.36 (KHTML, like Gecko) Chrome/58.0.3029.110 Safari/537.3"
quickautosell.com.infinitibizsol.com:443 162.0.223.40 - - [10/Jun/2025:10:33:00 +0000] "POST /wp-cron.php?doing_wp_cron=1749551579.4046480655670166015625 HTTP/1.1" 499 0 "-" "WordPress/6.8.1; https://quickautosell.com"
quickautosell.com.infinitibizsol.com:443 20.171.207.106 - - [10/Jun/2025:10:33:00 +0000] "GET /fragment/bankruptcy16/nzwwj-23434/ HTTP/1.1" 404 54766 "-" "Mozilla/5.0 AppleWebKit/537.36 (KHTML, like Gecko; compatible; GPTBot/1.2; +https://openai.com/gptbot)"
quickautosell.com.infinitibizsol.com:443 198.204.226.18 - - [10/Jun/2025:10:33:21 +0000] "GET /wp-includes/edit.php HTTP/1.1" 200 16 "https://quickautosell.com/wp-includes/edit.php" "Mozilla/5.0 (Windows NT 10.0; Win64; x64) AppleWebKit/537.36 (KHTML, like Gecko) Chrome/58.0.3029.110 Safari/537.3"
quickautosell.com.infinitibizsol.com:443 173.208.204.66 - - [10/Jun/2025:10:33:28 +0000] "GET /wp-includes/edit.php HTTP/1.1" 200 16 "https://quickautosell.com/wp-includes/edit.php" "Mozilla/5.0 (Windows NT 10.0; Win64; x64) AppleWebKit/537.36 (KHTML, like Gecko) Chrome/58.0.3029.110 Safari/537.3"
quickautosell.com.infinitibizsol.com:443 162.0.223.40 - - [10/Jun/2025:10:34:02 +0000] "POST /wp-cron.php?doing_wp_cron=1749551641.0910909175872802734375 HTTP/1.1" 499 0 "-" "WordPress/6.8.1; https://quickautosell.com"
quickautosell.com.infinitibizsol.com:443 20.171.207.106 - - [10/Jun/2025:10:34:02 +0000] "GET /innovation/stone19/5tu1d-38441/ HTTP/1.1" 404 32393 "-" "Mozilla/5.0 AppleWebKit/537.36 (KHTML, like Gecko; compatible; GPTBot/1.2; +https://openai.com/gptbot)"
quickautosell.com.infinitibizsol.com:443 162.0.223.40 - - [10/Jun/2025:10:35:08 +0000] "POST /wp-cron.php?doing_wp_cron=1749551707.3312609195709228515625 HTTP/1.1" 499 0 "-" "WordPress/6.8.1; https://quickautosell.com"
quickautosell.com.infinitibizsol.com:443 20.171.207.106 - - [10/Jun/2025:10:35:08 +0000] "GET /heat/anybody120/ihpz5-3498/ HTTP/1.1" 404 32393 "-" "Mozilla/5.0 AppleWebKit/537.36 (KHTML, like Gecko; compatible; GPTBot/1.2; +https://openai.com/gptbot)"
quickautosell.com.infinitibizsol.com:443 51.222.253.2 - - [10/Jun/2025:10:35:46 +0000] "GET /?sitemap981.xml HTTP/1.1" 200 23 "-" "Mozilla/5.0 (compatible; AhrefsBot/7.0; +http://ahrefs.com/robot/)"
quickautosell.com.infinitibizsol.com:443 162.0.223.40 - - [10/Jun/2025:10:36:11 +0000] "POST /wp-cron.php?doing_wp_cron=1749551770.4279870986938476562500 HTTP/1.1" 499 0 "-" "WordPress/6.8.1; https://quickautosell.com"
quickautosell.com.infinitibizsol.com:443 20.171.207.106 - - [10/Jun/2025:10:36:11 +0000] "GET /chip/faster131/swzqv-36905/ HTTP/1.1" 404 32393 "-" "Mozilla/5.0 AppleWebKit/537.36 (KHTML, like Gecko; compatible; GPTBot/1.2; +https://openai.com/gptbot)"
quickautosell.com.infinitibizsol.com:443 162.0.223.40 - - [10/Jun/2025:10:37:11 +0000] "POST /wp-cron.php?doing_wp_cron=1749551830.7009921073913574218750 HTTP/1.1" 499 0 "-" "WordPress/6.8.1; https://quickautosell.com"
quickautosell.com.infinitibizsol.com:443 20.171.207.106 - - [10/Jun/2025:10:37:11 +0000] "GET /than/matter213/kojwz-48097/ HTTP/1.1" 404 32393 "-" "Mozilla/5.0 AppleWebKit/537.36 (KHTML, like Gecko; compatible; GPTBot/1.2; +https://openai.com/gptbot)"
