quickautosell.com.infinitibizsol.com:443 20.171.207.57 - - [11/Jun/2025:03:26:58 +0000] "GET /differently/stimulus271/rjo03-48173/ HTTP/1.1" 499 0 "-" "Mozilla/5.0 AppleWebKit/537.36 (KHTML, like Gecko; compatible; GPTBot/1.2; +https://openai.com/gptbot)"
quickautosell.com.infinitibizsol.com:443 162.0.223.40 - - [11/Jun/2025:03:26:58 +0000] "POST /wp-cron.php?doing_wp_cron=1749612417.8371179103851318359375 HTTP/1.1" 499 0 "-" "WordPress/6.8.1; https://quickautosell.com"
quickautosell.com.infinitibizsol.com:443 198.204.226.18 - - [11/Jun/2025:03:27:06 +0000] "GET /wp-includes/edit.php HTTP/1.1" 499 0 "https://quickautosell.com/wp-includes/edit.php" "Mozilla/5.0 (Windows NT 10.0; Win64; x64) AppleWebKit/537.36 (KHTML, like Gecko) Chrome/58.0.3029.110 Safari/537.3"
quickautosell.com.infinitibizsol.com:443 198.204.226.18 - - [11/Jun/2025:03:27:10 +0000] "GET /wp-includes/edit.php HTTP/1.1" 200 16 "https://quickautosell.com/wp-includes/edit.php" "Mozilla/5.0 (Windows NT 10.0; Win64; x64) AppleWebKit/537.36 (KHTML, like Gecko) Chrome/58.0.3029.110 Safari/537.3"
quickautosell.com.infinitibizsol.com:443 198.204.226.18 - - [11/Jun/2025:03:27:23 +0000] "GET /wp-includes/edit.php HTTP/1.1" 200 16 "https://quickautosell.com/wp-includes/edit.php" "Mozilla/5.0 (Windows NT 10.0; Win64; x64) AppleWebKit/537.36 (KHTML, like Gecko) Chrome/58.0.3029.110 Safari/537.3"
quickautosell.com.infinitibizsol.com:443 198.204.226.18 - - [11/Jun/2025:03:27:27 +0000] "GET /wp-includes/edit.php HTTP/1.1" 200 16 "https://quickautosell.com/wp-includes/edit.php" "Mozilla/5.0 (Windows NT 10.0; Win64; x64) AppleWebKit/537.36 (KHTML, like Gecko) Chrome/58.0.3029.110 Safari/537.3"
quickautosell.com.infinitibizsol.com:443 198.204.224.34 - - [11/Jun/2025:03:27:45 +0000] "GET /wp-includes/edit.php HTTP/1.1" 200 16 "https://quickautosell.com/wp-includes/edit.php" "Mozilla/5.0 (Windows NT 10.0; Win64; x64) AppleWebKit/537.36 (KHTML, like Gecko) Chrome/58.0.3029.110 Safari/537.3"
quickautosell.com.infinitibizsol.com:443 20.171.207.57 - - [11/Jun/2025:03:28:00 +0000] "GET /badly/engineer216/8kahh-34152/ HTTP/1.1" 499 0 "-" "Mozilla/5.0 AppleWebKit/537.36 (KHTML, like Gecko; compatible; GPTBot/1.2; +https://openai.com/gptbot)"
quickautosell.com.infinitibizsol.com:443 162.0.223.40 - - [11/Jun/2025:03:28:10 +0000] "POST /wp-cron.php?doing_wp_cron=1749612489.1143081188201904296875 HTTP/1.1" 499 0 "-" "WordPress/6.8.1; https://quickautosell.com"
quickautosell.com.infinitibizsol.com:443 20.171.207.57 - - [11/Jun/2025:03:29:03 +0000] "GET /fucking/drama161/3pesk-43663/ HTTP/1.1" 499 0 "-" "Mozilla/5.0 AppleWebKit/537.36 (KHTML, like Gecko; compatible; GPTBot/1.2; +https://openai.com/gptbot)"
quickautosell.com.infinitibizsol.com:443 198.204.226.18 - - [11/Jun/2025:03:29:25 +0000] "GET /wp-includes/edit.php HTTP/1.1" 499 0 "https://quickautosell.com/wp-includes/edit.php" "Mozilla/5.0 (Windows NT 10.0; Win64; x64) AppleWebKit/537.36 (KHTML, like Gecko) Chrome/58.0.3029.110 Safari/537.3"
quickautosell.com.infinitibizsol.com:443 162.0.223.40 - - [11/Jun/2025:03:29:25 +0000] "POST /wp-cron.php?doing_wp_cron=1749612564.2548658847808837890625 HTTP/1.1" 499 0 "-" "WordPress/6.8.1; https://quickautosell.com"
quickautosell.com.infinitibizsol.com:443 20.171.207.57 - - [11/Jun/2025:03:30:05 +0000] "GET /chop/diagnosis164/l9mbx-22930/ HTTP/1.1" 499 0 "-" "Mozilla/5.0 AppleWebKit/537.36 (KHTML, like Gecko; compatible; GPTBot/1.2; +https://openai.com/gptbot)"
quickautosell.com.infinitibizsol.com:443 20.171.207.57 - - [11/Jun/2025:03:31:09 +0000] "GET /items/152046175.html?srsltid=AfmBOouitSFIEGwkIvBUMsHNASCQuljomwPlpwohJKwTnguLMYod HTTP/1.1" 499 0 "-" "Mozilla/5.0 AppleWebKit/537.36 (KHTML, like Gecko; compatible; GPTBot/1.2; +https://openai.com/gptbot)"
quickautosell.com.infinitibizsol.com:443 162.0.223.40 - - [11/Jun/2025:03:31:27 +0000] "POST /wp-cron.php?doing_wp_cron=1749612686.2961769104003906250000 HTTP/1.1" 499 0 "-" "WordPress/6.8.1; https://quickautosell.com"
quickautosell.com.infinitibizsol.com:443 52.167.144.169 - - [11/Jun/2025:03:31:27 +0000] "GET /anthistiria/info/ HTTP/1.1" 404 54787 "-" "Mozilla/5.0 AppleWebKit/537.36 (KHTML, like Gecko; compatible; bingbot/2.0; +http://www.bing.com/bingbot.htm) Chrome/116.0.1938.76 Safari/537.36"
quickautosell.com.infinitibizsol.com:443 162.0.223.40 - - [11/Jun/2025:03:31:38 +0000] "POST /wp-cron.php?doing_wp_cron=1749612697.9072260856628417968750 HTTP/1.1" 499 0 "-" "WordPress/6.8.1; https://quickautosell.com"
quickautosell.com.infinitibizsol.com:443 20.171.207.57 - - [11/Jun/2025:03:31:43 +0000] "GET /colony/remove62/4k9x0-32376/ HTTP/1.1" 404 32393 "-" "Mozilla/5.0 AppleWebKit/537.36 (KHTML, like Gecko; compatible; GPTBot/1.2; +https://openai.com/gptbot)"
quickautosell.com.infinitibizsol.com:443 198.204.226.18 - - [11/Jun/2025:03:33:09 +0000] "GET /wp-includes/edit.php HTTP/1.1" 499 0 "https://quickautosell.com/wp-includes/edit.php" "Mozilla/5.0 (Windows NT 10.0; Win64; x64) AppleWebKit/537.36 (KHTML, like Gecko) Chrome/58.0.3029.110 Safari/537.3"
quickautosell.com.infinitibizsol.com:443 20.171.207.57 - - [11/Jun/2025:03:33:16 +0000] "GET /characterize/cognitive208/zssgj-39048/ HTTP/1.1" 499 0 "-" "Mozilla/5.0 AppleWebKit/537.36 (KHTML, like Gecko; compatible; GPTBot/1.2; +https://openai.com/gptbot)"
quickautosell.com.infinitibizsol.com:443 162.0.223.40 - - [11/Jun/2025:03:33:33 +0000] "POST /wp-cron.php?doing_wp_cron=1749612812.6333959102630615234375 HTTP/1.1" 499 0 "-" "WordPress/6.8.1; https://quickautosell.com"
quickautosell.com.infinitibizsol.com:443 52.167.144.213 - - [11/Jun/2025:03:33:46 +0000] "GET /hotwire/toz/ HTTP/1.1" 200 23 "-" "Mozilla/5.0 AppleWebKit/537.36 (KHTML, like Gecko; compatible; bingbot/2.0; +http://www.bing.com/bingbot.htm) Chrome/116.0.1938.76 Safari/537.36"
quickautosell.com.infinitibizsol.com:443 20.171.207.57 - - [11/Jun/2025:03:33:50 +0000] "GET /truly/importance189/73qsc-24811/ HTTP/1.1" 404 54766 "-" "Mozilla/5.0 AppleWebKit/537.36 (KHTML, like Gecko; compatible; GPTBot/1.2; +https://openai.com/gptbot)"
quickautosell.com.infinitibizsol.com:443 198.204.226.18 - - [11/Jun/2025:03:34:13 +0000] "GET /wp-includes/edit.php HTTP/1.1" 200 16 "https://quickautosell.com/wp-includes/edit.php" "Mozilla/5.0 (Windows NT 10.0; Win64; x64) AppleWebKit/537.36 (KHTML, like Gecko) Chrome/58.0.3029.110 Safari/537.3"
quickautosell.com.infinitibizsol.com:443 20.171.207.57 - - [11/Jun/2025:03:35:19 +0000] "GET /whatever/attribute47/mwio8-44047/ HTTP/1.1" 499 0 "-" "Mozilla/5.0 AppleWebKit/537.36 (KHTML, like Gecko; compatible; GPTBot/1.2; +https://openai.com/gptbot)"
quickautosell.com.infinitibizsol.com:443 162.0.223.40 - - [11/Jun/2025:03:35:37 +0000] "POST /wp-cron.php?doing_wp_cron=1749612936.4250791072845458984375 HTTP/1.1" 499 0 "-" "WordPress/6.8.1; https://quickautosell.com"
quickautosell.com.infinitibizsol.com:443 173.208.204.66 - - [11/Jun/2025:03:35:47 +0000] "GET /wp-includes/edit.php HTTP/1.1" 499 0 "https://quickautosell.com/wp-includes/edit.php" "Mozilla/5.0 (Windows NT 10.0; Win64; x64) AppleWebKit/537.36 (KHTML, like Gecko) Chrome/58.0.3029.110 Safari/537.3"
quickautosell.com.infinitibizsol.com:443 173.208.204.66 - - [11/Jun/2025:03:35:48 +0000] "GET /wp-includes/edit.php HTTP/1.1" 200 16 "https://quickautosell.com/wp-includes/edit.php" "Mozilla/5.0 (Windows NT 10.0; Win64; x64) AppleWebKit/537.36 (KHTML, like Gecko) Chrome/58.0.3029.110 Safari/537.3"
quickautosell.com.infinitibizsol.com:443 20.171.207.57 - - [11/Jun/2025:03:36:24 +0000] "GET /mortality/publish227/l5tly-27027/ HTTP/1.1" 499 0 "-" "Mozilla/5.0 AppleWebKit/537.36 (KHTML, like Gecko; compatible; GPTBot/1.2; +https://openai.com/gptbot)"
quickautosell.com.infinitibizsol.com:443 198.204.226.18 - - [11/Jun/2025:03:36:30 +0000] "GET /wp-includes/edit.php HTTP/1.1" 200 16 "https://quickautosell.com/wp-includes/edit.php" "Mozilla/5.0 (Windows NT 10.0; Win64; x64) AppleWebKit/537.36 (KHTML, like Gecko) Chrome/58.0.3029.110 Safari/537.3"
quickautosell.com.infinitibizsol.com:443 162.0.223.40 - - [11/Jun/2025:03:37:13 +0000] "POST /wp-cron.php?doing_wp_cron=1749613032.2840371131896972656250 HTTP/1.1" 499 0 "-" "WordPress/6.8.1; https://quickautosell.com"
quickautosell.com.infinitibizsol.com:443 20.171.207.57 - - [11/Jun/2025:03:37:23 +0000] "GET /seriously/thereby83/455g4-40717/ HTTP/1.1" 404 55127 "-" "Mozilla/5.0 AppleWebKit/537.36 (KHTML, like Gecko; compatible; GPTBot/1.2; +https://openai.com/gptbot)"
quickautosell.com.infinitibizsol.com:443 20.171.207.57 - - [11/Jun/2025:03:38:26 +0000] "GET /apartment/attractive180/unfhs-38706/ HTTP/1.1" 499 0 "-" "Mozilla/5.0 AppleWebKit/537.36 (KHTML, like Gecko; compatible; GPTBot/1.2; +https://openai.com/gptbot)"
quickautosell.com.infinitibizsol.com:443 162.0.223.40 - - [11/Jun/2025:03:38:29 +0000] "POST /wp-cron.php?doing_wp_cron=1749613108.9120030403137207031250 HTTP/1.1" 499 0 "-" "WordPress/6.8.1; https://quickautosell.com"
quickautosell.com.infinitibizsol.com:443 20.171.207.57 - - [11/Jun/2025:03:39:29 +0000] "GET /technician/ideal164/cwi5f-18430/ HTTP/1.1" 499 0 "-" "Mozilla/5.0 AppleWebKit/537.36 (KHTML, like Gecko; compatible; GPTBot/1.2; +https://openai.com/gptbot)"
quickautosell.com.infinitibizsol.com:443 162.0.223.40 - - [11/Jun/2025:03:39:44 +0000] "POST /wp-cron.php?doing_wp_cron=1749613183.3520820140838623046875 HTTP/1.1" 499 0 "-" "WordPress/6.8.1; https://quickautosell.com"
quickautosell.com.infinitibizsol.com:443 198.204.226.18 - - [11/Jun/2025:03:39:47 +0000] "GET /wp-includes/edit.php HTTP/1.1" 499 0 "https://quickautosell.com/wp-includes/edit.php" "Mozilla/5.0 (Windows NT 10.0; Win64; x64) AppleWebKit/537.36 (KHTML, like Gecko) Chrome/58.0.3029.110 Safari/537.3"
quickautosell.com.infinitibizsol.com:443 8.217.168.144 - - [11/Jun/2025:03:40:14 +0000] "GET /incommunicating/1068853602.shtm HTTP/1.1" 404 54766 "-" "AliyunSecBot/Aliyun (AliyunSecBot@service.alibaba.com)"
quickautosell.com.infinitibizsol.com:443 52.167.144.220 - - [11/Jun/2025:03:40:15 +0000] "GET /montia/goodscode/ HTTP/1.1" 200 23 "-" "Mozilla/5.0 AppleWebKit/537.36 (KHTML, like Gecko; compatible; bingbot/2.0; +http://www.bing.com/bingbot.htm) Chrome/116.0.1938.76 Safari/537.36"
quickautosell.com.infinitibizsol.com:443 52.167.144.220 - - [11/Jun/2025:03:40:18 +0000] "GET /elephantoid780571378.shtm HTTP/1.1" 200 23 "-" "Mozilla/5.0 AppleWebKit/537.36 (KHTML, like Gecko; compatible; bingbot/2.0; +http://www.bing.com/bingbot.htm) Chrome/116.0.1938.76 Safari/537.36"
quickautosell.com.infinitibizsol.com:443 20.171.207.57 - - [11/Jun/2025:03:40:29 +0000] "GET /wander/pile208/skz83-46132/ HTTP/1.1" 499 0 "-" "Mozilla/5.0 AppleWebKit/537.36 (KHTML, like Gecko; compatible; GPTBot/1.2; +https://openai.com/gptbot)"
quickautosell.com.infinitibizsol.com:443 162.0.223.40 - - [11/Jun/2025:03:40:46 +0000] "POST /wp-cron.php?doing_wp_cron=1749613245.2533938884735107421875 HTTP/1.1" 499 0 "-" "WordPress/6.8.1; https://quickautosell.com"
quickautosell.com.infinitibizsol.com:443 20.171.207.57 - - [11/Jun/2025:03:41:30 +0000] "GET /noise/careful166/bhhwz-45618/ HTTP/1.1" 499 0 "-" "Mozilla/5.0 AppleWebKit/537.36 (KHTML, like Gecko; compatible; GPTBot/1.2; +https://openai.com/gptbot)"
quickautosell.com.infinitibizsol.com:443 162.0.223.40 - - [11/Jun/2025:03:41:48 +0000] "POST /wp-cron.php?doing_wp_cron=1749613307.0815970897674560546875 HTTP/1.1" 499 0 "-" "WordPress/6.8.1; https://quickautosell.com"
quickautosell.com.infinitibizsol.com:443 20.171.207.57 - - [11/Jun/2025:03:42:36 +0000] "GET /concentration/relate224/qo9qe-5054/ HTTP/1.1" 499 0 "-" "Mozilla/5.0 AppleWebKit/537.36 (KHTML, like Gecko; compatible; GPTBot/1.2; +https://openai.com/gptbot)"
quickautosell.com.infinitibizsol.com:443 20.171.207.57 - - [11/Jun/2025:03:43:41 +0000] "GET /Mexican/prosecution295/wq8fn-40295/ HTTP/1.1" 499 0 "-" "Mozilla/5.0 AppleWebKit/537.36 (KHTML, like Gecko; compatible; GPTBot/1.2; +https://openai.com/gptbot)"
quickautosell.com.infinitibizsol.com:443 173.208.204.66 - - [11/Jun/2025:03:43:48 +0000] "GET /wp-includes/edit.php HTTP/1.1" 499 0 "https://quickautosell.com/wp-includes/edit.php" "Mozilla/5.0 (Windows NT 10.0; Win64; x64) AppleWebKit/537.36 (KHTML, like Gecko) Chrome/58.0.3029.110 Safari/537.3"
quickautosell.com.infinitibizsol.com:443 173.208.204.66 - - [11/Jun/2025:03:43:49 +0000] "GET /wp-includes/edit.php HTTP/1.1" 200 16 "https://quickautosell.com/wp-includes/edit.php" "Mozilla/5.0 (Windows NT 10.0; Win64; x64) AppleWebKit/537.36 (KHTML, like Gecko) Chrome/58.0.3029.110 Safari/537.3"
quickautosell.com.infinitibizsol.com:443 52.167.144.169 - - [11/Jun/2025:03:43:50 +0000] "GET /postpositive1876016999.shtm HTTP/1.1" 200 13 "-" "Mozilla/5.0 AppleWebKit/537.36 (KHTML, like Gecko; compatible; bingbot/2.0; +http://www.bing.com/bingbot.htm) Chrome/116.0.1938.76 Safari/537.36"
quickautosell.com.infinitibizsol.com:443 162.0.223.40 - - [11/Jun/2025:03:43:53 +0000] "POST /wp-cron.php?doing_wp_cron=1749613432.5966300964355468750000 HTTP/1.1" 499 0 "-" "WordPress/6.8.1; https://quickautosell.com"
quickautosell.com.infinitibizsol.com:443 52.167.144.220 - - [11/Jun/2025:03:44:06 +0000] "GET /phytolaccaceae/detail/m/ HTTP/1.1" 200 23 "-" "Mozilla/5.0 AppleWebKit/537.36 (KHTML, like Gecko; compatible; bingbot/2.0; +http://www.bing.com/bingbot.htm) Chrome/116.0.1938.76 Safari/537.36"
quickautosell.com.infinitibizsol.com:443 20.171.207.57 - - [11/Jun/2025:03:44:41 +0000] "GET /idea/ear146/j7ryf-44220/ HTTP/1.1" 499 0 "-" "Mozilla/5.0 AppleWebKit/537.36 (KHTML, like Gecko; compatible; GPTBot/1.2; +https://openai.com/gptbot)"
quickautosell.com.infinitibizsol.com:443 198.204.226.18 - - [11/Jun/2025:03:45:10 +0000] "GET /wp-includes/edit.php HTTP/1.1" 200 16 "https://quickautosell.com/wp-includes/edit.php" "Mozilla/5.0 (Windows NT 10.0; Win64; x64) AppleWebKit/537.36 (KHTML, like Gecko) Chrome/58.0.3029.110 Safari/537.3"
quickautosell.com.infinitibizsol.com:443 198.204.226.18 - - [11/Jun/2025:03:45:31 +0000] "GET /wp-includes/edit.php HTTP/1.1" 499 0 "https://quickautosell.com/wp-includes/edit.php" "Mozilla/5.0 (Windows NT 10.0; Win64; x64) AppleWebKit/537.36 (KHTML, like Gecko) Chrome/58.0.3029.110 Safari/537.3"
quickautosell.com.infinitibizsol.com:443 20.171.207.57 - - [11/Jun/2025:03:45:43 +0000] "GET /wage/row289/ws3ak-18049/ HTTP/1.1" 499 0 "-" "Mozilla/5.0 AppleWebKit/537.36 (KHTML, like Gecko; compatible; GPTBot/1.2; +https://openai.com/gptbot)"
quickautosell.com.infinitibizsol.com:443 162.0.223.40 - - [11/Jun/2025:03:45:51 +0000] "POST /wp-cron.php?doing_wp_cron=1749613550.9085741043090820312500 HTTP/1.1" 499 0 "-" "WordPress/6.8.1; https://quickautosell.com"
quickautosell.com.infinitibizsol.com:443 198.204.226.18 - - [11/Jun/2025:03:46:42 +0000] "GET /wp-includes/edit.php HTTP/1.1" 200 16 "https://quickautosell.com/wp-includes/edit.php" "Mozilla/5.0 (Windows NT 10.0; Win64; x64) AppleWebKit/537.36 (KHTML, like Gecko) Chrome/58.0.3029.110 Safari/537.3"
quickautosell.com.infinitibizsol.com:443 20.171.207.57 - - [11/Jun/2025:03:46:47 +0000] "GET /items/247038326.html?srsltid=AfmBOondtNZKborXJWUF0YoMFhSQFTPjP7EZhSUChGtHyjGt8bX0 HTTP/1.1" 499 0 "-" "Mozilla/5.0 AppleWebKit/537.36 (KHTML, like Gecko; compatible; GPTBot/1.2; +https://openai.com/gptbot)"
quickautosell.com.infinitibizsol.com:443 198.204.226.18 - - [11/Jun/2025:03:46:51 +0000] "GET /wp-includes/edit.php HTTP/1.1" 200 16 "https://quickautosell.com/wp-includes/edit.php" "Mozilla/5.0 (Windows NT 10.0; Win64; x64) AppleWebKit/537.36 (KHTML, like Gecko) Chrome/58.0.3029.110 Safari/537.3"
quickautosell.com.infinitibizsol.com:443 162.0.223.40 - - [11/Jun/2025:03:46:56 +0000] "POST /wp-cron.php?doing_wp_cron=1749613615.8040089607238769531250 HTTP/1.1" 499 0 "-" "WordPress/6.8.1; https://quickautosell.com"
quickautosell.com.infinitibizsol.com:443 198.204.226.18 - - [11/Jun/2025:03:47:16 +0000] "GET /wp-includes/edit.php HTTP/1.1" 499 0 "https://quickautosell.com/wp-includes/edit.php" "Mozilla/5.0 (Windows NT 10.0; Win64; x64) AppleWebKit/537.36 (KHTML, like Gecko) Chrome/58.0.3029.110 Safari/537.3"
quickautosell.com.infinitibizsol.com:443 20.171.207.57 - - [11/Jun/2025:03:47:51 +0000] "GET /items/054025881.html?srsltid=AfmBOocufNpUtgzFydNM8xL9JNnhtJwaHBYxNO1JWdZfVApG2UPL HTTP/1.1" 499 0 "-" "Mozilla/5.0 AppleWebKit/537.36 (KHTML, like Gecko; compatible; GPTBot/1.2; +https://openai.com/gptbot)"
quickautosell.com.infinitibizsol.com:443 198.204.226.18 - - [11/Jun/2025:03:48:37 +0000] "GET /wp-includes/edit.php HTTP/1.1" 200 16 "https://quickautosell.com/wp-includes/edit.php" "Mozilla/5.0 (Windows NT 10.0; Win64; x64) AppleWebKit/537.36 (KHTML, like Gecko) Chrome/58.0.3029.110 Safari/537.3"
quickautosell.com.infinitibizsol.com:443 162.0.223.40 - - [11/Jun/2025:03:48:50 +0000] "POST /wp-cron.php?doing_wp_cron=1749613729.2078580856323242187500 HTTP/1.1" 499 0 "-" "WordPress/6.8.1; https://quickautosell.com"
quickautosell.com.infinitibizsol.com:443 198.204.226.18 - - [11/Jun/2025:03:48:51 +0000] "GET /wp-includes/edit.php HTTP/1.1" 499 0 "https://quickautosell.com/wp-includes/edit.php" "Mozilla/5.0 (Windows NT 10.0; Win64; x64) AppleWebKit/537.36 (KHTML, like Gecko) Chrome/58.0.3029.110 Safari/537.3"
quickautosell.com.infinitibizsol.com:443 20.171.207.57 - - [11/Jun/2025:03:48:51 +0000] "GET /items/074048117.html?srsltid=AfmBOootkwBqmkOoWtHitbQqNPBYTeiUn2HjoShNJ73vbTMmaVo6 HTTP/1.1" 499 0 "-" "Mozilla/5.0 AppleWebKit/537.36 (KHTML, like Gecko; compatible; GPTBot/1.2; +https://openai.com/gptbot)"
quickautosell.com.infinitibizsol.com:443 198.204.226.18 - - [11/Jun/2025:03:48:59 +0000] "GET /wp-includes/edit.php HTTP/1.1" 200 16 "https://quickautosell.com/wp-includes/edit.php" "Mozilla/5.0 (Windows NT 10.0; Win64; x64) AppleWebKit/537.36 (KHTML, like Gecko) Chrome/58.0.3029.110 Safari/537.3"
quickautosell.com.infinitibizsol.com:443 20.171.207.57 - - [11/Jun/2025:03:49:55 +0000] "GET /items/093025410.html?srsltid=AfmBOoiedVXGPMBorwyN4jZUWPgusMpxTgZR3o8TnSQK4bLLhZqJ HTTP/1.1" 499 0 "-" "Mozilla/5.0 AppleWebKit/537.36 (KHTML, like Gecko; compatible; GPTBot/1.2; +https://openai.com/gptbot)"
quickautosell.com.infinitibizsol.com:443 162.0.223.40 - - [11/Jun/2025:03:49:59 +0000] "POST /wp-cron.php?doing_wp_cron=1749613798.0640161037445068359375 HTTP/1.1" 499 0 "-" "WordPress/6.8.1; https://quickautosell.com"
quickautosell.com.infinitibizsol.com:443 20.171.207.57 - - [11/Jun/2025:03:51:00 +0000] "GET /items/223048940.html?srsltid=AfmBOofjzUfIrnRFkVpLfMjqKLavjfmYfD7wVNzSj7KEFO06dsDr HTTP/1.1" 499 0 "-" "Mozilla/5.0 AppleWebKit/537.36 (KHTML, like Gecko; compatible; GPTBot/1.2; +https://openai.com/gptbot)"
quickautosell.com.infinitibizsol.com:443 198.204.226.18 - - [11/Jun/2025:03:51:11 +0000] "GET /wp-includes/edit.php HTTP/1.1" 499 0 "https://quickautosell.com/wp-includes/edit.php" "Mozilla/5.0 (Windows NT 10.0; Win64; x64) AppleWebKit/537.36 (KHTML, like Gecko) Chrome/58.0.3029.110 Safari/537.3"
quickautosell.com.infinitibizsol.com:443 162.0.223.40 - - [11/Jun/2025:03:51:12 +0000] "POST /wp-cron.php?doing_wp_cron=1749613871.3015298843383789062500 HTTP/1.1" 499 0 "-" "WordPress/6.8.1; https://quickautosell.com"
quickautosell.com.infinitibizsol.com:443 173.208.204.66 - - [11/Jun/2025:03:51:30 +0000] "GET /wp-includes/edit.php HTTP/1.1" 200 16 "https://quickautosell.com/wp-includes/edit.php" "Mozilla/5.0 (Windows NT 10.0; Win64; x64) AppleWebKit/537.36 (KHTML, like Gecko) Chrome/58.0.3029.110 Safari/537.3"
quickautosell.com.infinitibizsol.com:443 198.204.226.18 - - [11/Jun/2025:03:51:31 +0000] "GET /wp-includes/edit.php HTTP/1.1" 200 16 "https://quickautosell.com/wp-includes/edit.php" "Mozilla/5.0 (Windows NT 10.0; Win64; x64) AppleWebKit/537.36 (KHTML, like Gecko) Chrome/58.0.3029.110 Safari/537.3"
quickautosell.com.infinitibizsol.com:443 198.204.226.18 - - [11/Jun/2025:03:51:32 +0000] "GET /wp-includes/edit.php HTTP/1.1" 200 16 "https://quickautosell.com/wp-includes/edit.php" "Mozilla/5.0 (Windows NT 10.0; Win64; x64) AppleWebKit/537.36 (KHTML, like Gecko) Chrome/58.0.3029.110 Safari/537.3"
quickautosell.com.infinitibizsol.com:443 20.171.207.57 - - [11/Jun/2025:03:52:04 +0000] "GET /items/006025629.html?srsltid=AfmBOokrmFHPADwyhYAV9jxDLdoUwtXdgCsjVsz1Y3btYxM1jodQ HTTP/1.1" 499 0 "-" "Mozilla/5.0 AppleWebKit/537.36 (KHTML, like Gecko; compatible; GPTBot/1.2; +https://openai.com/gptbot)"
quickautosell.com.infinitibizsol.com:443 198.204.226.18 - - [11/Jun/2025:03:52:13 +0000] "GET /wp-includes/edit.php HTTP/1.1" 200 16 "https://quickautosell.com/wp-includes/edit.php" "Mozilla/5.0 (Windows NT 10.0; Win64; x64) AppleWebKit/537.36 (KHTML, like Gecko) Chrome/58.0.3029.110 Safari/537.3"
quickautosell.com.infinitibizsol.com:443 162.0.223.40 - - [11/Jun/2025:03:52:15 +0000] "POST /wp-cron.php?doing_wp_cron=1749613934.3991730213165283203125 HTTP/1.1" 499 0 "-" "WordPress/6.8.1; https://quickautosell.com"
quickautosell.com.infinitibizsol.com:443 20.171.207.57 - - [11/Jun/2025:03:52:39 +0000] "GET /items/012024573.html?srsltid=AfmBOonqdiJQIMTQcwgvfSowWZgtKlzJ0n85croSlZqalzDsh3Lk HTTP/1.1" 404 54766 "-" "Mozilla/5.0 AppleWebKit/537.36 (KHTML, like Gecko; compatible; GPTBot/1.2; +https://openai.com/gptbot)"
quickautosell.com.infinitibizsol.com:443 199.195.250.4 - - [11/Jun/2025:03:52:50 +0000] "GET /wp-login.php HTTP/1.1" 499 0 "-" "Mozilla/5.0 (Macintosh; Intel Mac OS X 10.6; rv:31.0) Gecko/20100101 Firefox/31.0"
quickautosell.com.infinitibizsol.com:443 198.204.226.18 - - [11/Jun/2025:03:53:51 +0000] "GET /wp-includes/edit.php HTTP/1.1" 499 0 "https://quickautosell.com/wp-includes/edit.php" "Mozilla/5.0 (Windows NT 10.0; Win64; x64) AppleWebKit/537.36 (KHTML, like Gecko) Chrome/58.0.3029.110 Safari/537.3"
quickautosell.com.infinitibizsol.com:443 40.77.167.70 - - [11/Jun/2025:03:53:56 +0000] "GET /sulci/agw/ HTTP/1.1" 200 23 "-" "Mozilla/5.0 AppleWebKit/537.36 (KHTML, like Gecko; compatible; bingbot/2.0; +http://www.bing.com/bingbot.htm) Chrome/116.0.1938.76 Safari/537.36"
quickautosell.com.infinitibizsol.com:443 20.171.207.57 - - [11/Jun/2025:03:54:08 +0000] "GET /items/027031526.html?srsltid=AfmBOoeccBOYYMpiFIPwsO1vHCqBOpertoR0sQXVVWQjRR7IhOO3 HTTP/1.1" 499 0 "-" "Mozilla/5.0 AppleWebKit/537.36 (KHTML, like Gecko; compatible; GPTBot/1.2; +https://openai.com/gptbot)"
quickautosell.com.infinitibizsol.com:443 162.0.223.40 - - [11/Jun/2025:03:54:12 +0000] "POST /wp-cron.php?doing_wp_cron=1749614051.3576290607452392578125 HTTP/1.1" 499 0 "-" "WordPress/6.8.1; https://quickautosell.com"
quickautosell.com.infinitibizsol.com:443 20.171.207.57 - - [11/Jun/2025:03:55:13 +0000] "GET /items/043013870.html?srsltid=AfmBOoqpvWtZdyuuxzmqMpUwAZsKKCjkC6XDF18qtTMiiQpChl3o HTTP/1.1" 499 0 "-" "Mozilla/5.0 AppleWebKit/537.36 (KHTML, like Gecko; compatible; GPTBot/1.2; +https://openai.com/gptbot)"
quickautosell.com.infinitibizsol.com:443 162.0.223.40 - - [11/Jun/2025:03:55:18 +0000] "POST /wp-cron.php?doing_wp_cron=1749614117.8731288909912109375000 HTTP/1.1" 499 0 "-" "WordPress/6.8.1; https://quickautosell.com"
quickautosell.com.infinitibizsol.com:443 198.204.226.18 - - [11/Jun/2025:03:56:12 +0000] "GET /wp-includes/edit.php HTTP/1.1" 499 0 "https://quickautosell.com/wp-includes/edit.php" "Mozilla/5.0 (Windows NT 10.0; Win64; x64) AppleWebKit/537.36 (KHTML, like Gecko) Chrome/58.0.3029.110 Safari/537.3"
quickautosell.com.infinitibizsol.com:443 20.171.207.57 - - [11/Jun/2025:03:56:19 +0000] "GET /items/238034903.html?srsltid=AfmBOoeckbKNLvRfmHfvrgdDONqgIBFIh5XbcGhy3u7Jaujs7lAa HTTP/1.1" 499 0 "-" "Mozilla/5.0 AppleWebKit/537.36 (KHTML, like Gecko; compatible; GPTBot/1.2; +https://openai.com/gptbot)"
quickautosell.com.infinitibizsol.com:443 162.0.223.40 - - [11/Jun/2025:03:56:21 +0000] "POST /wp-cron.php?doing_wp_cron=1749614180.3550899028778076171875 HTTP/1.1" 499 0 "-" "WordPress/6.8.1; https://quickautosell.com"
quickautosell.com.infinitibizsol.com:443 8.217.213.24 - - [11/Jun/2025:03:56:27 +0000] "GET /anagrammatism/1735928467.shtm HTTP/1.1" 499 0 "-" "AliyunSecBot/Aliyun (AliyunSecBot@service.alibaba.com)"
quickautosell.com.infinitibizsol.com:443 20.171.207.57 - - [11/Jun/2025:03:57:21 +0000] "GET /items/213024984.html?srsltid=AfmBOoasctqGLMGPtqYaik7qXPHoBQxlsAvC9pDovGlyRLMX4iy0 HTTP/1.1" 499 0 "-" "Mozilla/5.0 AppleWebKit/537.36 (KHTML, like Gecko; compatible; GPTBot/1.2; +https://openai.com/gptbot)"
quickautosell.com.infinitibizsol.com:443 162.0.223.40 - - [11/Jun/2025:03:57:24 +0000] "POST /wp-cron.php?doing_wp_cron=1749614243.3004150390625000000000 HTTP/1.1" 499 0 "-" "WordPress/6.8.1; https://quickautosell.com"
quickautosell.com.infinitibizsol.com:443 198.204.226.18 - - [11/Jun/2025:03:57:25 +0000] "GET /wp-includes/edit.php HTTP/1.1" 200 16 "https://quickautosell.com/wp-includes/edit.php" "Mozilla/5.0 (Windows NT 10.0; Win64; x64) AppleWebKit/537.36 (KHTML, like Gecko) Chrome/58.0.3029.110 Safari/537.3"
quickautosell.com.infinitibizsol.com:443 198.204.226.18 - - [11/Jun/2025:03:57:29 +0000] "GET /wp-includes/edit.php HTTP/1.1" 200 16 "https://quickautosell.com/wp-includes/edit.php" "Mozilla/5.0 (Windows NT 10.0; Win64; x64) AppleWebKit/537.36 (KHTML, like Gecko) Chrome/58.0.3029.110 Safari/537.3"
quickautosell.com.infinitibizsol.com:80 195.82.146.213 - - [11/Jun/2025:03:57:57 +0000] "GET / HTTP/1.0" 499 0 "http://quickautosell.com/" "Mozilla/5.0 (Windows NT 10.0; Win64; x64) AppleWebKit/537.36 (KHTML, like Gecko) Chrome/130.0.0.0 Safari/537.36"
quickautosell.com.infinitibizsol.com:443 20.171.207.57 - - [11/Jun/2025:03:57:59 +0000] "GET /items/110017363.html?srsltid=AfmBOoatsTiLbmPuZjAQ3wCtMeDNZTICviBphuLSzZ1HkEvu7CP9 HTTP/1.1" 404 54820 "-" "Mozilla/5.0 AppleWebKit/537.36 (KHTML, like Gecko; compatible; GPTBot/1.2; +https://openai.com/gptbot)"
quickautosell.com.infinitibizsol.com:443 198.204.226.18 - - [11/Jun/2025:03:58:09 +0000] "GET /wp-includes/edit.php HTTP/1.1" 499 0 "https://quickautosell.com/wp-includes/edit.php" "Mozilla/5.0 (Windows NT 10.0; Win64; x64) AppleWebKit/537.36 (KHTML, like Gecko) Chrome/58.0.3029.110 Safari/537.3"
quickautosell.com.infinitibizsol.com:443 198.204.226.18 - - [11/Jun/2025:03:58:19 +0000] "GET /wp-includes/edit.php HTTP/1.1" 200 16 "https://quickautosell.com/wp-includes/edit.php" "Mozilla/5.0 (Windows NT 10.0; Win64; x64) AppleWebKit/537.36 (KHTML, like Gecko) Chrome/58.0.3029.110 Safari/537.3"
quickautosell.com.infinitibizsol.com:443 198.204.226.18 - - [11/Jun/2025:03:58:33 +0000] "GET /wp-includes/edit.php HTTP/1.1" 200 16 "https://quickautosell.com/wp-includes/edit.php" "Mozilla/5.0 (Windows NT 10.0; Win64; x64) AppleWebKit/537.36 (KHTML, like Gecko) Chrome/58.0.3029.110 Safari/537.3"
quickautosell.com.infinitibizsol.com:443 198.204.226.18 - - [11/Jun/2025:03:58:35 +0000] "GET /wp-includes/edit.php HTTP/1.1" 200 16 "https://quickautosell.com/wp-includes/edit.php" "Mozilla/5.0 (Windows NT 10.0; Win64; x64) AppleWebKit/537.36 (KHTML, like Gecko) Chrome/58.0.3029.110 Safari/537.3"
quickautosell.com.infinitibizsol.com:443 162.0.223.40 - - [11/Jun/2025:03:59:05 +0000] "POST /wp-cron.php?doing_wp_cron=1749614344.2822868824005126953125 HTTP/1.1" 499 0 "-" "WordPress/6.8.1; https://quickautosell.com"
quickautosell.com.infinitibizsol.com:443 20.171.207.57 - - [11/Jun/2025:03:59:05 +0000] "GET /items/289022790.html?srsltid=AfmBOoehfhJCuxWrGccmt8JbYUsSfoFFMRk1mh49GMwsrxMjHiaR HTTP/1.1" 404 48777 "-" "Mozilla/5.0 AppleWebKit/537.36 (KHTML, like Gecko; compatible; GPTBot/1.2; +https://openai.com/gptbot)"
quickautosell.com.infinitibizsol.com:443 8.217.183.195 - - [11/Jun/2025:03:59:09 +0000] "GET /agama/g/1267311514.shtm HTTP/1.1" 499 0 "-" "AliyunSecBot/Aliyun (AliyunSecBot@service.alibaba.com)"
quickautosell.com.infinitibizsol.com:443 173.208.204.66 - - [11/Jun/2025:03:59:47 +0000] "GET /wp-includes/edit.php HTTP/1.1" 499 0 "https://quickautosell.com/wp-includes/edit.php" "Mozilla/5.0 (Windows NT 10.0; Win64; x64) AppleWebKit/537.36 (KHTML, like Gecko) Chrome/58.0.3029.110 Safari/537.3"
quickautosell.com.infinitibizsol.com:443 173.208.204.66 - - [11/Jun/2025:03:59:48 +0000] "GET /wp-includes/edit.php HTTP/1.1" 200 16 "https://quickautosell.com/wp-includes/edit.php" "Mozilla/5.0 (Windows NT 10.0; Win64; x64) AppleWebKit/537.36 (KHTML, like Gecko) Chrome/58.0.3029.110 Safari/537.3"
quickautosell.com.infinitibizsol.com:443 198.204.226.18 - - [11/Jun/2025:04:00:30 +0000] "GET /wp-includes/edit.php HTTP/1.1" 200 16 "https://quickautosell.com/wp-includes/edit.php" "Mozilla/5.0 (Windows NT 10.0; Win64; x64) AppleWebKit/537.36 (KHTML, like Gecko) Chrome/58.0.3029.110 Safari/537.3"
quickautosell.com.infinitibizsol.com:443 20.171.207.57 - - [11/Jun/2025:04:00:35 +0000] "GET /items/291007412.html?srsltid=AfmBOogkzqTxMcQGqqfUliewCfArPggBMN9UsR5nuTB9QTQteo9U HTTP/1.1" 499 0 "-" "Mozilla/5.0 AppleWebKit/537.36 (KHTML, like Gecko; compatible; GPTBot/1.2; +https://openai.com/gptbot)"
quickautosell.com.infinitibizsol.com:443 162.0.223.40 - - [11/Jun/2025:04:00:36 +0000] "POST /wp-cron.php?doing_wp_cron=1749614435.3951148986816406250000 HTTP/1.1" 499 0 "-" "WordPress/6.8.1; https://quickautosell.com"
quickautosell.com.infinitibizsol.com:443 198.204.226.18 - - [11/Jun/2025:04:00:56 +0000] "GET /wp-includes/edit.php HTTP/1.1" 200 16 "https://quickautosell.com/wp-includes/edit.php" "Mozilla/5.0 (Windows NT 10.0; Win64; x64) AppleWebKit/537.36 (KHTML, like Gecko) Chrome/58.0.3029.110 Safari/537.3"
quickautosell.com.infinitibizsol.com:443 20.171.207.57 - - [11/Jun/2025:04:01:37 +0000] "GET /items/051032988.html?srsltid=AfmBOolovNcFUWGeSrrngWvoOUSAYgjjTX7ZK7bVqLaj4bSKFBu2 HTTP/1.1" 499 0 "-" "Mozilla/5.0 AppleWebKit/537.36 (KHTML, like Gecko; compatible; GPTBot/1.2; +https://openai.com/gptbot)"
quickautosell.com.infinitibizsol.com:443 162.0.223.40 - - [11/Jun/2025:04:01:51 +0000] "POST /wp-cron.php?doing_wp_cron=1749614510.4126100540161132812500 HTTP/1.1" 499 0 "-" "WordPress/6.8.1; https://quickautosell.com"
quickautosell.com.infinitibizsol.com:443 198.204.226.18 - - [11/Jun/2025:04:02:05 +0000] "GET /wp-includes/edit.php HTTP/1.1" 499 0 "https://quickautosell.com/wp-includes/edit.php" "Mozilla/5.0 (Windows NT 10.0; Win64; x64) AppleWebKit/537.36 (KHTML, like Gecko) Chrome/58.0.3029.110 Safari/537.3"
quickautosell.com.infinitibizsol.com:443 20.171.207.57 - - [11/Jun/2025:04:02:36 +0000] "GET /items/147005660.html?srsltid=AfmBOovpnNYdSPBpwHyzjXpABujXtDNzwyXEYlCSdrGH6Q18oS4o HTTP/1.1" 404 55127 "-" "Mozilla/5.0 AppleWebKit/537.36 (KHTML, like Gecko; compatible; GPTBot/1.2; +https://openai.com/gptbot)"
quickautosell.com.infinitibizsol.com:443 20.171.207.57 - - [11/Jun/2025:04:03:40 +0000] "GET /items/051005938.html?srsltid=AfmBOoigaZLrNKiylcjfoMjZWhyKUPjzfv15YSA6VkGBUtEgwHL4 HTTP/1.1" 499 0 "-" "Mozilla/5.0 AppleWebKit/537.36 (KHTML, like Gecko; compatible; GPTBot/1.2; +https://openai.com/gptbot)"
quickautosell.com.infinitibizsol.com:443 162.0.223.40 - - [11/Jun/2025:04:03:43 +0000] "POST /wp-cron.php?doing_wp_cron=1749614622.3991239070892333984375 HTTP/1.1" 499 0 "-" "WordPress/6.8.1; https://quickautosell.com"
quickautosell.com.infinitibizsol.com:443 52.167.144.142 - - [11/Jun/2025:04:04:19 +0000] "GET /refrication/acc/241338502.shtm HTTP/1.1" 404 54772 "-" "Mozilla/5.0 AppleWebKit/537.36 (KHTML, like Gecko; compatible; bingbot/2.0; +http://www.bing.com/bingbot.htm) Chrome/116.0.1938.76 Safari/537.36"
quickautosell.com.infinitibizsol.com:443 20.171.207.57 - - [11/Jun/2025:04:04:41 +0000] "GET /custody/until107/ujx05-47979/ HTTP/1.1" 404 55127 "-" "Mozilla/5.0 AppleWebKit/537.36 (KHTML, like Gecko; compatible; GPTBot/1.2; +https://openai.com/gptbot)"
quickautosell.com.infinitibizsol.com:443 52.167.144.169 - - [11/Jun/2025:04:05:05 +0000] "GET /subagitation/xid/1867661227.shtm HTTP/1.1" 200 23 "-" "Mozilla/5.0 AppleWebKit/537.36 (KHTML, like Gecko; compatible; bingbot/2.0; +http://www.bing.com/bingbot.htm) Chrome/116.0.1938.76 Safari/537.36"
quickautosell.com.infinitibizsol.com:443 162.0.223.40 - - [11/Jun/2025:04:05:31 +0000] "POST /wp-cron.php?doing_wp_cron=1749614730.8236010074615478515625 HTTP/1.1" 499 0 "-" "WordPress/6.8.1; https://quickautosell.com"
quickautosell.com.infinitibizsol.com:443 20.171.207.57 - - [11/Jun/2025:04:05:36 +0000] "GET /hold/trace120/gqhpq-7314/ HTTP/1.1" 404 55127 "-" "Mozilla/5.0 AppleWebKit/537.36 (KHTML, like Gecko; compatible; GPTBot/1.2; +https://openai.com/gptbot)"
quickautosell.com.infinitibizsol.com:443 20.171.207.57 - - [11/Jun/2025:04:06:51 +0000] "GET /later/decade67/qmcol-11723/ HTTP/1.1" 499 0 "-" "Mozilla/5.0 AppleWebKit/537.36 (KHTML, like Gecko; compatible; GPTBot/1.2; +https://openai.com/gptbot)"
quickautosell.com.infinitibizsol.com:443 66.249.70.5 - - [11/Jun/2025:04:06:52 +0000] "GET /dextro45313789.shtm HTTP/1.1" 200 128823 "-" "Mozilla/5.0 (Linux; Android 6.0.1; Nexus 5X Build/MMB29P) AppleWebKit/537.36 (KHTML, like Gecko) Chrome/136.0.7103.113 Mobile Safari/537.36 (compatible; Googlebot/2.1; +http://www.google.com/bot.html)"
quickautosell.com.infinitibizsol.com:443 162.0.223.40 - - [11/Jun/2025:04:07:05 +0000] "POST /wp-cron.php?doing_wp_cron=1749614823.9539830684661865234375 HTTP/1.1" 499 0 "-" "WordPress/6.8.1; https://quickautosell.com"
quickautosell.com.infinitibizsol.com:443 20.171.207.57 - - [11/Jun/2025:04:07:46 +0000] "GET /punishment/whenever16/yzy7i-12556/ HTTP/1.1" 404 32393 "-" "Mozilla/5.0 AppleWebKit/537.36 (KHTML, like Gecko; compatible; GPTBot/1.2; +https://openai.com/gptbot)"
quickautosell.com.infinitibizsol.com:443 173.208.204.66 - - [11/Jun/2025:04:07:47 +0000] "GET /wp-includes/edit.php HTTP/1.1" 499 0 "https://quickautosell.com/wp-includes/edit.php" "Mozilla/5.0 (Windows NT 10.0; Win64; x64) AppleWebKit/537.36 (KHTML, like Gecko) Chrome/58.0.3029.110 Safari/537.3"
quickautosell.com.infinitibizsol.com:443 173.208.204.66 - - [11/Jun/2025:04:07:47 +0000] "GET /wp-includes/edit.php HTTP/1.1" 200 16 "https://quickautosell.com/wp-includes/edit.php" "Mozilla/5.0 (Windows NT 10.0; Win64; x64) AppleWebKit/537.36 (KHTML, like Gecko) Chrome/58.0.3029.110 Safari/537.3"
quickautosell.com.infinitibizsol.com:443 20.171.207.57 - - [11/Jun/2025:04:08:56 +0000] "GET /steep/presidency81/4u5tf-49391/ HTTP/1.1" 499 0 "-" "Mozilla/5.0 AppleWebKit/537.36 (KHTML, like Gecko; compatible; GPTBot/1.2; +https://openai.com/gptbot)"
quickautosell.com.infinitibizsol.com:443 162.0.223.40 - - [11/Jun/2025:04:09:01 +0000] "POST /wp-cron.php?doing_wp_cron=1749614940.5381870269775390625000 HTTP/1.1" 499 0 "-" "WordPress/6.8.1; https://quickautosell.com"
quickautosell.com.infinitibizsol.com:443 20.171.207.57 - - [11/Jun/2025:04:09:58 +0000] "GET /might/margin223/ffjfa-10021/ HTTP/1.1" 404 32393 "-" "Mozilla/5.0 AppleWebKit/537.36 (KHTML, like Gecko; compatible; GPTBot/1.2; +https://openai.com/gptbot)"
quickautosell.com.infinitibizsol.com:443 20.171.207.57 - - [11/Jun/2025:04:11:05 +0000] "GET /community/chronic204/rx7iy-3742/ HTTP/1.1" 499 0 "-" "Mozilla/5.0 AppleWebKit/537.36 (KHTML, like Gecko; compatible; GPTBot/1.2; +https://openai.com/gptbot)"
quickautosell.com.infinitibizsol.com:443 162.0.223.40 - - [11/Jun/2025:04:11:18 +0000] "POST /wp-cron.php?doing_wp_cron=1749615077.5179030895233154296875 HTTP/1.1" 499 0 "-" "WordPress/6.8.1; https://quickautosell.com"
quickautosell.com.infinitibizsol.com:443 20.171.207.57 - - [11/Jun/2025:04:11:41 +0000] "GET /allegedly/connect297/urg4u-2967/ HTTP/1.1" 404 32393 "-" "Mozilla/5.0 AppleWebKit/537.36 (KHTML, like Gecko; compatible; GPTBot/1.2; +https://openai.com/gptbot)"
quickautosell.com.infinitibizsol.com:443 40.77.167.78 - - [11/Jun/2025:04:12:06 +0000] "GET /mammonite/ HTTP/1.1" 200 23 "-" "Mozilla/5.0 AppleWebKit/537.36 (KHTML, like Gecko; compatible; bingbot/2.0; +http://www.bing.com/bingbot.htm) Chrome/116.0.1938.76 Safari/537.36"
quickautosell.com.infinitibizsol.com:443 198.204.226.18 - - [11/Jun/2025:04:13:08 +0000] "GET /wp-includes/edit.php HTTP/1.1" 499 0 "https://quickautosell.com/wp-includes/edit.php" "Mozilla/5.0 (Windows NT 10.0; Win64; x64) AppleWebKit/537.36 (KHTML, like Gecko) Chrome/58.0.3029.110 Safari/537.3"
quickautosell.com.infinitibizsol.com:443 20.171.207.57 - - [11/Jun/2025:04:13:12 +0000] "GET /jurisdiction/lay246/97x03-11430/ HTTP/1.1" 499 0 "-" "Mozilla/5.0 AppleWebKit/537.36 (KHTML, like Gecko; compatible; GPTBot/1.2; +https://openai.com/gptbot)"
quickautosell.com.infinitibizsol.com:443 162.0.223.40 - - [11/Jun/2025:04:13:22 +0000] "POST /wp-cron.php?doing_wp_cron=1749615201.4641029834747314453125 HTTP/1.1" 499 0 "-" "WordPress/6.8.1; https://quickautosell.com"
quickautosell.com.infinitibizsol.com:443 198.204.226.18 - - [11/Jun/2025:04:13:31 +0000] "GET /wp-includes/edit.php HTTP/1.1" 200 16 "https://quickautosell.com/wp-includes/edit.php" "Mozilla/5.0 (Windows NT 10.0; Win64; x64) AppleWebKit/537.36 (KHTML, like Gecko) Chrome/58.0.3029.110 Safari/537.3"
quickautosell.com.infinitibizsol.com:443 20.171.207.57 - - [11/Jun/2025:04:14:12 +0000] "GET /write/belief266/h2w6t-25900/ HTTP/1.1" 499 0 "-" "Mozilla/5.0 AppleWebKit/537.36 (KHTML, like Gecko; compatible; GPTBot/1.2; +https://openai.com/gptbot)"
quickautosell.com.infinitibizsol.com:443 198.204.226.18 - - [11/Jun/2025:04:14:43 +0000] "GET /wp-includes/edit.php HTTP/1.1" 499 0 "https://quickautosell.com/wp-includes/edit.php" "Mozilla/5.0 (Windows NT 10.0; Win64; x64) AppleWebKit/537.36 (KHTML, like Gecko) Chrome/58.0.3029.110 Safari/537.3"
quickautosell.com.infinitibizsol.com:443 162.0.223.40 - - [11/Jun/2025:04:14:55 +0000] "POST /wp-cron.php?doing_wp_cron=1749615294.6976959705352783203125 HTTP/1.1" 499 0 "-" "WordPress/6.8.1; https://quickautosell.com"
quickautosell.com.infinitibizsol.com:443 20.171.207.57 - - [11/Jun/2025:04:15:09 +0000] "GET /items/272010003.html?srsltid=AfmBOovihGbviFjIIfEOixREEDcmMMjYDzFuMsuBleIJNxAa5Qmj HTTP/1.1" 404 32393 "-" "Mozilla/5.0 AppleWebKit/537.36 (KHTML, like Gecko; compatible; GPTBot/1.2; +https://openai.com/gptbot)"
quickautosell.com.infinitibizsol.com:443 40.77.167.78 - - [11/Jun/2025:04:15:27 +0000] "GET /complacently/ HTTP/1.1" 200 23 "-" "Mozilla/5.0 AppleWebKit/537.36 (KHTML, like Gecko; compatible; bingbot/2.0; +http://www.bing.com/bingbot.htm) Chrome/116.0.1938.76 Safari/537.36"
quickautosell.com.infinitibizsol.com:443 173.208.204.66 - - [11/Jun/2025:04:15:31 +0000] "GET /wp-includes/edit.php HTTP/1.1" 200 16 "https://quickautosell.com/wp-includes/edit.php" "Mozilla/5.0 (Windows NT 10.0; Win64; x64) AppleWebKit/537.36 (KHTML, like Gecko) Chrome/58.0.3029.110 Safari/537.3"
quickautosell.com.infinitibizsol.com:443 20.171.207.57 - - [11/Jun/2025:04:16:19 +0000] "GET /traditional/commit216/y379r-30048/ HTTP/1.1" 499 0 "-" "Mozilla/5.0 AppleWebKit/537.36 (KHTML, like Gecko; compatible; GPTBot/1.2; +https://openai.com/gptbot)"
quickautosell.com.infinitibizsol.com:443 162.0.223.40 - - [11/Jun/2025:04:16:41 +0000] "POST /wp-cron.php?doing_wp_cron=1749615400.6110079288482666015625 HTTP/1.1" 499 0 "-" "WordPress/6.8.1; https://quickautosell.com"
quickautosell.com.infinitibizsol.com:443 198.204.226.18 - - [11/Jun/2025:04:17:02 +0000] "GET /wp-includes/edit.php HTTP/1.1" 499 0 "https://quickautosell.com/wp-includes/edit.php" "Mozilla/5.0 (Windows NT 10.0; Win64; x64) AppleWebKit/537.36 (KHTML, like Gecko) Chrome/58.0.3029.110 Safari/537.3"
quickautosell.com.infinitibizsol.com:443 198.204.226.18 - - [11/Jun/2025:04:17:07 +0000] "GET /wp-includes/edit.php HTTP/1.1" 200 16 "https://quickautosell.com/wp-includes/edit.php" "Mozilla/5.0 (Windows NT 10.0; Win64; x64) AppleWebKit/537.36 (KHTML, like Gecko) Chrome/58.0.3029.110 Safari/537.3"
quickautosell.com.infinitibizsol.com:443 198.204.226.18 - - [11/Jun/2025:04:17:12 +0000] "GET /wp-includes/edit.php HTTP/1.1" 200 16 "https://quickautosell.com/wp-includes/edit.php" "Mozilla/5.0 (Windows NT 10.0; Win64; x64) AppleWebKit/537.36 (KHTML, like Gecko) Chrome/58.0.3029.110 Safari/537.3"
quickautosell.com.infinitibizsol.com:443 20.171.207.57 - - [11/Jun/2025:04:17:24 +0000] "GET /essence/flexible31/567m9-21041/ HTTP/1.1" 499 0 "-" "Mozilla/5.0 AppleWebKit/537.36 (KHTML, like Gecko; compatible; GPTBot/1.2; +https://openai.com/gptbot)"
quickautosell.com.infinitibizsol.com:443 20.171.207.57 - - [11/Jun/2025:04:18:26 +0000] "GET /stand/summit219/q8ggx-40657/ HTTP/1.1" 499 0 "-" "Mozilla/5.0 AppleWebKit/537.36 (KHTML, like Gecko; compatible; GPTBot/1.2; +https://openai.com/gptbot)"
quickautosell.com.infinitibizsol.com:443 162.0.223.40 - - [11/Jun/2025:04:18:37 +0000] "POST /wp-cron.php?doing_wp_cron=1749615516.2771770954132080078125 HTTP/1.1" 499 0 "-" "WordPress/6.8.1; https://quickautosell.com"
quickautosell.com.infinitibizsol.com:443 198.204.226.18 - - [11/Jun/2025:04:18:38 +0000] "GET /wp-includes/edit.php HTTP/1.1" 499 0 "https://quickautosell.com/wp-includes/edit.php" "Mozilla/5.0 (Windows NT 10.0; Win64; x64) AppleWebKit/537.36 (KHTML, like Gecko) Chrome/58.0.3029.110 Safari/537.3"
quickautosell.com.infinitibizsol.com:443 20.171.207.57 - - [11/Jun/2025:04:19:27 +0000] "GET /speculation/girl152/3i8bl-3608/ HTTP/1.1" 499 0 "-" "Mozilla/5.0 AppleWebKit/537.36 (KHTML, like Gecko; compatible; GPTBot/1.2; +https://openai.com/gptbot)"
quickautosell.com.infinitibizsol.com:443 198.204.226.18 - - [11/Jun/2025:04:19:33 +0000] "GET /wp-includes/edit.php HTTP/1.1" 200 16 "https://quickautosell.com/wp-includes/edit.php" "Mozilla/5.0 (Windows NT 10.0; Win64; x64) AppleWebKit/537.36 (KHTML, like Gecko) Chrome/58.0.3029.110 Safari/537.3"
quickautosell.com.infinitibizsol.com:443 20.171.207.57 - - [11/Jun/2025:04:20:32 +0000] "GET /dining/these153/j6g0c-4221/ HTTP/1.1" 499 0 "-" "Mozilla/5.0 AppleWebKit/537.36 (KHTML, like Gecko; compatible; GPTBot/1.2; +https://openai.com/gptbot)"
quickautosell.com.infinitibizsol.com:443 162.0.223.40 - - [11/Jun/2025:04:20:53 +0000] "POST /wp-cron.php?doing_wp_cron=1749615652.2929060459136962890625 HTTP/1.1" 499 0 "-" "WordPress/6.8.1; https://quickautosell.com"
quickautosell.com.infinitibizsol.com:443 20.171.207.57 - - [11/Jun/2025:04:21:12 +0000] "GET /truth/cycle185/5jzia-10721/ HTTP/1.1" 404 32393 "-" "Mozilla/5.0 AppleWebKit/537.36 (KHTML, like Gecko; compatible; GPTBot/1.2; +https://openai.com/gptbot)"
quickautosell.com.infinitibizsol.com:443 198.204.226.18 - - [11/Jun/2025:04:22:21 +0000] "GET /wp-includes/edit.php HTTP/1.1" 499 0 "https://quickautosell.com/wp-includes/edit.php" "Mozilla/5.0 (Windows NT 10.0; Win64; x64) AppleWebKit/537.36 (KHTML, like Gecko) Chrome/58.0.3029.110 Safari/537.3"
quickautosell.com.infinitibizsol.com:443 20.171.207.57 - - [11/Jun/2025:04:22:38 +0000] "GET /herself/cast139/8i7ys-6019/ HTTP/1.1" 499 0 "-" "Mozilla/5.0 AppleWebKit/537.36 (KHTML, like Gecko; compatible; GPTBot/1.2; +https://openai.com/gptbot)"
quickautosell.com.infinitibizsol.com:443 162.0.223.40 - - [11/Jun/2025:04:22:40 +0000] "POST /wp-cron.php?doing_wp_cron=1749615759.5612471103668212890625 HTTP/1.1" 499 0 "-" "WordPress/6.8.1; https://quickautosell.com"
quickautosell.com.infinitibizsol.com:443 52.167.144.141 - - [11/Jun/2025:04:22:49 +0000] "GET /akimbo/ HTTP/1.1" 200 23 "-" "Mozilla/5.0 AppleWebKit/537.36 (KHTML, like Gecko; compatible; bingbot/2.0; +http://www.bing.com/bingbot.htm) Chrome/116.0.1938.76 Safari/537.36"
quickautosell.com.infinitibizsol.com:443 20.171.207.57 - - [11/Jun/2025:04:23:44 +0000] "GET /?_bd_prev_page=https%3A%2F%2Fquickautosell.com%2Fbuy.htm%3Fsuffering%2Fmembership1%2Fq0di8-18453%2F&_bdsid=eata9t.n%7EWIBET.1704709280148.1753345332 HTTP/1.1" 499 0 "-" "Mozilla/5.0 AppleWebKit/537.36 (KHTML, like Gecko; compatible; GPTBot/1.2; +https://openai.com/gptbot)"
quickautosell.com.infinitibizsol.com:443 173.208.204.66 - - [11/Jun/2025:04:23:44 +0000] "GET /wp-includes/edit.php HTTP/1.1" 200 16 "https://quickautosell.com/wp-includes/edit.php" "Mozilla/5.0 (Windows NT 10.0; Win64; x64) AppleWebKit/537.36 (KHTML, like Gecko) Chrome/58.0.3029.110 Safari/537.3"
quickautosell.com.infinitibizsol.com:443 162.0.223.40 - - [11/Jun/2025:04:23:52 +0000] "POST /wp-cron.php?doing_wp_cron=1749615831.7914090156555175781250 HTTP/1.1" 499 0 "-" "WordPress/6.8.1; https://quickautosell.com"
quickautosell.com.infinitibizsol.com:443 20.171.207.57 - - [11/Jun/2025:04:24:49 +0000] "GET /tale/inventory192/4sqxd-44518/ HTTP/1.1" 499 0 "-" "Mozilla/5.0 AppleWebKit/537.36 (KHTML, like Gecko; compatible; GPTBot/1.2; +https://openai.com/gptbot)"
quickautosell.com.infinitibizsol.com:443 162.0.223.40 - - [11/Jun/2025:04:25:14 +0000] "POST /wp-cron.php?doing_wp_cron=1749615913.1740329265594482421875 HTTP/1.1" 499 0 "-" "WordPress/6.8.1; https://quickautosell.com"
quickautosell.com.infinitibizsol.com:443 20.171.207.57 - - [11/Jun/2025:04:25:25 +0000] "GET /stupid/pin17/tmzrj-4735/ HTTP/1.1" 404 32393 "-" "Mozilla/5.0 AppleWebKit/537.36 (KHTML, like Gecko; compatible; GPTBot/1.2; +https://openai.com/gptbot)"
quickautosell.com.infinitibizsol.com:443 20.171.207.57 - - [11/Jun/2025:04:26:58 +0000] "GET /swell/consider267/hu0xu-14385/ HTTP/1.1" 499 0 "-" "Mozilla/5.0 AppleWebKit/537.36 (KHTML, like Gecko; compatible; GPTBot/1.2; +https://openai.com/gptbot)"
quickautosell.com.infinitibizsol.com:443 162.0.223.40 - - [11/Jun/2025:04:27:05 +0000] "POST /wp-cron.php?doing_wp_cron=1749616024.3745150566101074218750 HTTP/1.1" 499 0 "-" "WordPress/6.8.1; https://quickautosell.com"
quickautosell.com.infinitibizsol.com:443 52.167.144.169 - - [11/Jun/2025:04:27:38 +0000] "GET /revisal464870701.shtm HTTP/1.1" 200 23 "-" "Mozilla/5.0 AppleWebKit/537.36 (KHTML, like Gecko; compatible; bingbot/2.0; +http://www.bing.com/bingbot.htm) Chrome/116.0.1938.76 Safari/537.36"
quickautosell.com.infinitibizsol.com:443 52.167.144.141 - - [11/Jun/2025:04:27:59 +0000] "GET /piedmontite/se/ HTTP/1.1" 404 54772 "-" "Mozilla/5.0 AppleWebKit/537.36 (KHTML, like Gecko; compatible; bingbot/2.0; +http://www.bing.com/bingbot.htm) Chrome/116.0.1938.76 Safari/537.36"
quickautosell.com.infinitibizsol.com:443 20.171.207.57 - - [11/Jun/2025:04:28:00 +0000] "GET /chapter/lift167/lt5py-4023/ HTTP/1.1" 499 0 "-" "Mozilla/5.0 AppleWebKit/537.36 (KHTML, like Gecko; compatible; GPTBot/1.2; +https://openai.com/gptbot)"
quickautosell.com.infinitibizsol.com:443 162.0.223.40 - - [11/Jun/2025:04:29:02 +0000] "POST /wp-cron.php?doing_wp_cron=1749616141.4984490871429443359375 HTTP/1.1" 499 0 "-" "WordPress/6.8.1; https://quickautosell.com"
quickautosell.com.infinitibizsol.com:443 20.171.207.57 - - [11/Jun/2025:04:29:06 +0000] "GET /items/292003555.html?srsltid=AfmBOoqtvGeyIjHNHfUa81jyGFHAlAIEkhlfkX9ALFfc5RyDKETs HTTP/1.1" 499 0 "-" "Mozilla/5.0 AppleWebKit/537.36 (KHTML, like Gecko; compatible; GPTBot/1.2; +https://openai.com/gptbot)"
quickautosell.com.infinitibizsol.com:443 52.167.144.191 - - [11/Jun/2025:04:29:42 +0000] "GET /vestibuled/fgn/ HTTP/1.1" 404 54772 "-" "Mozilla/5.0 AppleWebKit/537.36 (KHTML, like Gecko; compatible; bingbot/2.0; +http://www.bing.com/bingbot.htm) Chrome/116.0.1938.76 Safari/537.36"
quickautosell.com.infinitibizsol.com:443 20.171.207.57 - - [11/Jun/2025:04:30:07 +0000] "GET /staff/guarantee246/eyrcs-70/ HTTP/1.1" 499 0 "-" "Mozilla/5.0 AppleWebKit/537.36 (KHTML, like Gecko; compatible; GPTBot/1.2; +https://openai.com/gptbot)"
quickautosell.com.infinitibizsol.com:443 162.0.223.40 - - [11/Jun/2025:04:30:09 +0000] "POST /wp-cron.php?doing_wp_cron=1749616208.5707850456237792968750 HTTP/1.1" 499 0 "-" "WordPress/6.8.1; https://quickautosell.com"
quickautosell.com.infinitibizsol.com:443 198.204.226.18 - - [11/Jun/2025:04:30:23 +0000] "GET /wp-includes/edit.php HTTP/1.1" 499 0 "https://quickautosell.com/wp-includes/edit.php" "Mozilla/5.0 (Windows NT 10.0; Win64; x64) AppleWebKit/537.36 (KHTML, like Gecko) Chrome/58.0.3029.110 Safari/537.3"
quickautosell.com.infinitibizsol.com:443 198.204.226.18 - - [11/Jun/2025:04:31:05 +0000] "GET /wp-includes/edit.php HTTP/1.1" 200 16 "https://quickautosell.com/wp-includes/edit.php" "Mozilla/5.0 (Windows NT 10.0; Win64; x64) AppleWebKit/537.36 (KHTML, like Gecko) Chrome/58.0.3029.110 Safari/537.3"
quickautosell.com.infinitibizsol.com:443 162.0.223.40 - - [11/Jun/2025:04:31:11 +0000] "POST /wp-cron.php?doing_wp_cron=1749616270.0585689544677734375000 HTTP/1.1" 499 0 "-" "WordPress/6.8.1; https://quickautosell.com"
quickautosell.com.infinitibizsol.com:443 20.171.207.57 - - [11/Jun/2025:04:31:12 +0000] "GET /encounter/topic201/aicn1-32347/ HTTP/1.1" 499 0 "-" "Mozilla/5.0 AppleWebKit/537.36 (KHTML, like Gecko; compatible; GPTBot/1.2; +https://openai.com/gptbot)"
quickautosell.com.infinitibizsol.com:443 173.208.204.66 - - [11/Jun/2025:04:31:30 +0000] "GET /wp-includes/edit.php HTTP/1.1" 200 16 "https://quickautosell.com/wp-includes/edit.php" "Mozilla/5.0 (Windows NT 10.0; Win64; x64) AppleWebKit/537.36 (KHTML, like Gecko) Chrome/58.0.3029.110 Safari/537.3"
quickautosell.com.infinitibizsol.com:443 20.171.207.57 - - [11/Jun/2025:04:32:17 +0000] "GET /?_bd_prev_page=https%3A%2F%2Fquickautosell.com%2Fbuy.htm%3Fshow%2Ftypically3%2Fq4btb-34903%2F&_bdsid=eata9t.n%7EWIBET.1704709280148.1753345332 HTTP/1.1" 499 0 "-" "Mozilla/5.0 AppleWebKit/537.36 (KHTML, like Gecko; compatible; GPTBot/1.2; +https://openai.com/gptbot)"
quickautosell.com.infinitibizsol.com:443 162.0.223.40 - - [11/Jun/2025:04:32:26 +0000] "POST /wp-cron.php?doing_wp_cron=1749616345.9244489669799804687500 HTTP/1.1" 499 0 "-" "WordPress/6.8.1; https://quickautosell.com"
quickautosell.com.infinitibizsol.com:443 20.171.207.57 - - [11/Jun/2025:04:33:20 +0000] "GET /herself/cast139/8i7ys-6019/ HTTP/1.1" 499 0 "-" "Mozilla/5.0 AppleWebKit/537.36 (KHTML, like Gecko; compatible; GPTBot/1.2; +https://openai.com/gptbot)"
quickautosell.com.infinitibizsol.com:443 162.0.223.40 - - [11/Jun/2025:04:33:27 +0000] "POST /wp-cron.php?doing_wp_cron=1749616406.4494249820709228515625 HTTP/1.1" 499 0 "-" "WordPress/6.8.1; https://quickautosell.com"
quickautosell.com.infinitibizsol.com:443 20.171.207.57 - - [11/Jun/2025:04:34:26 +0000] "GET /?_bd_prev_page=https%3A%2F%2Fquickautosell.com%2Fbuy.htm%3Fjeans%2Fpossibly2%2F1f6cn-25848%2F&_bdsid=eata9t.n%7EWIBET.1704709280148.1753345332 HTTP/1.1" 499 0 "-" "Mozilla/5.0 AppleWebKit/537.36 (KHTML, like Gecko; compatible; GPTBot/1.2; +https://openai.com/gptbot)"
