quickautosell.com.infinitibizsol.com:443 198.204.226.18 - - [11/Jun/2025:04:34:33 +0000] "GET /wp-includes/edit.php HTTP/1.1" 499 0 "https://quickautosell.com/wp-includes/edit.php" "Mozilla/5.0 (Windows NT 10.0; Win64; x64) AppleWebKit/537.36 (KHTML, like Gecko) Chrome/58.0.3029.110 Safari/537.3"
quickautosell.com.infinitibizsol.com:443 207.180.223.50 - - [11/Jun/2025:04:34:39 +0000] "GET /config/.env HTTP/1.1" 499 0 "-" "Nokia6100/1.0 (04.01) Profile/MIDP-1.0 Configuration/CLDC-1.0"
quickautosell.com.infinitibizsol.com:80 207.180.223.50 - - [11/Jun/2025:04:34:45 +0000] "GET /config/.env HTTP/1.1" 499 0 "-" "Mozilla/5.0 (compatible; Konqueror/4.5; NetBSD 5.0.2; X11; amd64; en_US) KHTML/4.5.4 (like Gecko)"
quickautosell.com.infinitibizsol.com:80 162.0.223.40 - - [11/Jun/2025:04:34:46 +0000] "POST /wp-cron.php?doing_wp_cron=1749616485.7609910964965820312500 HTTP/1.1" 499 0 "-" "WordPress/6.8.1; https://quickautosell.com"
quickautosell.com.infinitibizsol.com:443 20.171.207.57 - - [11/Jun/2025:04:35:05 +0000] "GET /?_bd_prev_page=https%3A%2F%2Fquickautosell.com%2Fbuy.htm%3Fcourse%2Fmake1%2Fayrut-3169%2F&_bdsid=eata9t.n%7EWIBET.1704709280148.1753345332 HTTP/1.1" 200 80794 "-" "Mozilla/5.0 AppleWebKit/537.36 (KHTML, like Gecko; compatible; GPTBot/1.2; +https://openai.com/gptbot)"
quickautosell.com.infinitibizsol.com:443 198.235.24.89 - - [11/Jun/2025:04:35:23 +0000] "GET / HTTP/1.1" 499 0 "-" "Expanse, a Palo Alto Networks company, searches across the global IPv4 space multiple times per day to identify customers' presences on the Internet. If you would like to be excluded from our scans, please send IP addresses/domains to: scaninfo@paloaltonetworks.com"
quickautosell.com.infinitibizsol.com:443 162.0.223.40 - - [11/Jun/2025:04:35:55 +0000] "POST /wp-cron.php?doing_wp_cron=1749616554.4794070720672607421875 HTTP/1.1" 499 0 "-" "WordPress/6.8.1; https://quickautosell.com"
quickautosell.com.infinitibizsol.com:443 20.171.207.57 - - [11/Jun/2025:04:36:33 +0000] "GET /?_bd_prev_page=https%3A%2F%2Fquickautosell.com%2Fbuy.htm%3Fshrimp%2Fcompetition3%2Fo6dru-19837%2F&_bdsid=eata9t.n%7EWIBET.1704709280148.1753345332 HTTP/1.1" 499 0 "-" "Mozilla/5.0 AppleWebKit/537.36 (KHTML, like Gecko; compatible; GPTBot/1.2; +https://openai.com/gptbot)"
quickautosell.com.infinitibizsol.com:443 52.167.144.191 - - [11/Jun/2025:04:37:10 +0000] "GET /condite/ HTTP/1.1" 200 23 "-" "Mozilla/5.0 AppleWebKit/537.36 (KHTML, like Gecko; compatible; bingbot/2.0; +http://www.bing.com/bingbot.htm) Chrome/116.0.1938.76 Safari/537.36"
quickautosell.com.infinitibizsol.com:443 162.0.223.40 - - [11/Jun/2025:04:37:31 +0000] "POST /wp-cron.php?doing_wp_cron=1749616650.7065091133117675781250 HTTP/1.1" 499 0 "-" "WordPress/6.8.1; https://quickautosell.com"
quickautosell.com.infinitibizsol.com:443 20.171.207.57 - - [11/Jun/2025:04:37:33 +0000] "GET /bean/vary125/2725m-31629/ HTTP/1.1" 499 0 "-" "Mozilla/5.0 AppleWebKit/537.36 (KHTML, like Gecko; compatible; GPTBot/1.2; +https://openai.com/gptbot)"
quickautosell.com.infinitibizsol.com:443 198.204.226.18 - - [11/Jun/2025:04:38:10 +0000] "GET /wp-includes/edit.php HTTP/1.1" 499 0 "https://quickautosell.com/wp-includes/edit.php" "Mozilla/5.0 (Windows NT 10.0; Win64; x64) AppleWebKit/537.36 (KHTML, like Gecko) Chrome/58.0.3029.110 Safari/537.3"
quickautosell.com.infinitibizsol.com:443 162.0.223.40 - - [11/Jun/2025:04:38:32 +0000] "POST /wp-cron.php?doing_wp_cron=1749616711.4414939880371093750000 HTTP/1.1" 499 0 "-" "WordPress/6.8.1; https://quickautosell.com"
quickautosell.com.infinitibizsol.com:443 20.171.207.57 - - [11/Jun/2025:04:38:33 +0000] "GET /net/tail268/wyyk3-27462/ HTTP/1.1" 499 0 "-" "Mozilla/5.0 AppleWebKit/537.36 (KHTML, like Gecko; compatible; GPTBot/1.2; +https://openai.com/gptbot)"
quickautosell.com.infinitibizsol.com:443 198.204.226.18 - - [11/Jun/2025:04:39:05 +0000] "GET /wp-includes/edit.php HTTP/1.1" 200 16 "https://quickautosell.com/wp-includes/edit.php" "Mozilla/5.0 (Windows NT 10.0; Win64; x64) AppleWebKit/537.36 (KHTML, like Gecko) Chrome/58.0.3029.110 Safari/537.3"
quickautosell.com.infinitibizsol.com:443 173.208.204.66 - - [11/Jun/2025:04:39:29 +0000] "GET /wp-includes/edit.php HTTP/1.1" 200 16 "https://quickautosell.com/wp-includes/edit.php" "Mozilla/5.0 (Windows NT 10.0; Win64; x64) AppleWebKit/537.36 (KHTML, like Gecko) Chrome/58.0.3029.110 Safari/537.3"
quickautosell.com.infinitibizsol.com:443 162.0.223.40 - - [11/Jun/2025:04:39:32 +0000] "POST /wp-cron.php?doing_wp_cron=1749616771.9398639202117919921875 HTTP/1.1" 499 0 "-" "WordPress/6.8.1; https://quickautosell.com"
quickautosell.com.infinitibizsol.com:443 20.171.207.57 - - [11/Jun/2025:04:39:39 +0000] "GET /story/judge239/0f0ix-48787/ HTTP/1.1" 404 32393 "-" "Mozilla/5.0 AppleWebKit/537.36 (KHTML, like Gecko; compatible; GPTBot/1.2; +https://openai.com/gptbot)"
quickautosell.com.infinitibizsol.com:443 198.204.226.18 - - [11/Jun/2025:04:40:33 +0000] "GET /wp-includes/edit.php HTTP/1.1" 499 0 "https://quickautosell.com/wp-includes/edit.php" "Mozilla/5.0 (Windows NT 10.0; Win64; x64) AppleWebKit/537.36 (KHTML, like Gecko) Chrome/58.0.3029.110 Safari/537.3"
quickautosell.com.infinitibizsol.com:443 198.204.226.18 - - [11/Jun/2025:04:40:40 +0000] "GET /wp-includes/edit.php HTTP/1.1" 200 16 "https://quickautosell.com/wp-includes/edit.php" "Mozilla/5.0 (Windows NT 10.0; Win64; x64) AppleWebKit/537.36 (KHTML, like Gecko) Chrome/58.0.3029.110 Safari/537.3"
quickautosell.com.infinitibizsol.com:443 198.204.226.18 - - [11/Jun/2025:04:40:42 +0000] "GET /wp-includes/edit.php HTTP/1.1" 200 16 "https://quickautosell.com/wp-includes/edit.php" "Mozilla/5.0 (Windows NT 10.0; Win64; x64) AppleWebKit/537.36 (KHTML, like Gecko) Chrome/58.0.3029.110 Safari/537.3"
quickautosell.com.infinitibizsol.com:443 20.171.207.57 - - [11/Jun/2025:04:40:43 +0000] "GET /uh/ego247/80zhl-17071/ HTTP/1.1" 499 0 "-" "Mozilla/5.0 AppleWebKit/537.36 (KHTML, like Gecko; compatible; GPTBot/1.2; +https://openai.com/gptbot)"
quickautosell.com.infinitibizsol.com:443 162.0.223.40 - - [11/Jun/2025:04:40:59 +0000] "POST /wp-cron.php?doing_wp_cron=1749616858.0877490043640136718750 HTTP/1.1" 499 0 "-" "WordPress/6.8.1; https://quickautosell.com"
quickautosell.com.infinitibizsol.com:443 198.204.226.18 - - [11/Jun/2025:04:41:23 +0000] "GET /wp-includes/edit.php HTTP/1.1" 200 16 "https://quickautosell.com/wp-includes/edit.php" "Mozilla/5.0 (Windows NT 10.0; Win64; x64) AppleWebKit/537.36 (KHTML, like Gecko) Chrome/58.0.3029.110 Safari/537.3"
quickautosell.com.infinitibizsol.com:443 40.77.167.38 - - [11/Jun/2025:04:41:30 +0000] "GET /fours/ HTTP/1.1" 200 23 "-" "Mozilla/5.0 AppleWebKit/537.36 (KHTML, like Gecko; compatible; bingbot/2.0; +http://www.bing.com/bingbot.htm) Chrome/116.0.1938.76 Safari/537.36"
quickautosell.com.infinitibizsol.com:443 198.204.226.18 - - [11/Jun/2025:04:41:39 +0000] "GET /wp-includes/edit.php HTTP/1.1" 200 16 "https://quickautosell.com/wp-includes/edit.php" "Mozilla/5.0 (Windows NT 10.0; Win64; x64) AppleWebKit/537.36 (KHTML, like Gecko) Chrome/58.0.3029.110 Safari/537.3"
quickautosell.com.infinitibizsol.com:443 20.171.207.57 - - [11/Jun/2025:04:41:45 +0000] "GET /support/habit56/g3zmv-15936/ HTTP/1.1" 499 0 "-" "Mozilla/5.0 AppleWebKit/537.36 (KHTML, like Gecko; compatible; GPTBot/1.2; +https://openai.com/gptbot)"
quickautosell.com.infinitibizsol.com:443 198.204.226.18 - - [11/Jun/2025:04:41:51 +0000] "GET /wp-includes/edit.php HTTP/1.1" 200 16 "https://quickautosell.com/wp-includes/edit.php" "Mozilla/5.0 (Windows NT 10.0; Win64; x64) AppleWebKit/537.36 (KHTML, like Gecko) Chrome/58.0.3029.110 Safari/537.3"
quickautosell.com.infinitibizsol.com:443 20.171.207.57 - - [11/Jun/2025:04:42:49 +0000] "GET /lost/their78/76z2j-37598/ HTTP/1.1" 499 0 "-" "Mozilla/5.0 AppleWebKit/537.36 (KHTML, like Gecko; compatible; GPTBot/1.2; +https://openai.com/gptbot)"
quickautosell.com.infinitibizsol.com:443 162.0.223.40 - - [11/Jun/2025:04:42:54 +0000] "POST /wp-cron.php?doing_wp_cron=1749616973.7801809310913085937500 HTTP/1.1" 499 0 "-" "WordPress/6.8.1; https://quickautosell.com"
quickautosell.com.infinitibizsol.com:443 20.171.207.57 - - [11/Jun/2025:04:43:52 +0000] "GET /support/fraction44/es0y0-38072/ HTTP/1.1" 499 0 "-" "Mozilla/5.0 AppleWebKit/537.36 (KHTML, like Gecko; compatible; GPTBot/1.2; +https://openai.com/gptbot)"
quickautosell.com.infinitibizsol.com:443 20.171.207.57 - - [11/Jun/2025:04:44:56 +0000] "GET /appreciate/immune203/3ke3i-36599/ HTTP/1.1" 499 0 "-" "Mozilla/5.0 AppleWebKit/537.36 (KHTML, like Gecko; compatible; GPTBot/1.2; +https://openai.com/gptbot)"
quickautosell.com.infinitibizsol.com:443 162.0.223.40 - - [11/Jun/2025:04:45:01 +0000] "POST /wp-cron.php?doing_wp_cron=1749617100.7024409770965576171875 HTTP/1.1" 499 0 "-" "WordPress/6.8.1; https://quickautosell.com"
quickautosell.com.infinitibizsol.com:443 198.204.226.18 - - [11/Jun/2025:04:45:11 +0000] "GET /wp-includes/edit.php HTTP/1.1" 499 0 "https://quickautosell.com/wp-includes/edit.php" "Mozilla/5.0 (Windows NT 10.0; Win64; x64) AppleWebKit/537.36 (KHTML, like Gecko) Chrome/58.0.3029.110 Safari/537.3"
quickautosell.com.infinitibizsol.com:443 20.171.207.57 - - [11/Jun/2025:04:45:59 +0000] "GET /news/protect203/y0c5w-49287/ HTTP/1.1" 499 0 "-" "Mozilla/5.0 AppleWebKit/537.36 (KHTML, like Gecko; compatible; GPTBot/1.2; +https://openai.com/gptbot)"
quickautosell.com.infinitibizsol.com:443 162.0.223.40 - - [11/Jun/2025:04:46:12 +0000] "POST /wp-cron.php?doing_wp_cron=1749617171.0661098957061767578125 HTTP/1.1" 499 0 "-" "WordPress/6.8.1; https://quickautosell.com"
quickautosell.com.infinitibizsol.com:443 20.171.207.57 - - [11/Jun/2025:04:47:03 +0000] "GET /story/extra218/42msq-20852/ HTTP/1.1" 499 0 "-" "Mozilla/5.0 AppleWebKit/537.36 (KHTML, like Gecko; compatible; GPTBot/1.2; +https://openai.com/gptbot)"
quickautosell.com.infinitibizsol.com:443 162.0.223.40 - - [11/Jun/2025:04:47:12 +0000] "POST /wp-cron.php?doing_wp_cron=1749617231.0770840644836425781250 HTTP/1.1" 499 0 "-" "WordPress/6.8.1; https://quickautosell.com"
quickautosell.com.infinitibizsol.com:443 198.204.226.18 - - [11/Jun/2025:04:47:32 +0000] "GET /wp-includes/edit.php HTTP/1.1" 499 0 "https://quickautosell.com/wp-includes/edit.php" "Mozilla/5.0 (Windows NT 10.0; Win64; x64) AppleWebKit/537.36 (KHTML, like Gecko) Chrome/58.0.3029.110 Safari/537.3"
quickautosell.com.infinitibizsol.com:443 198.204.224.34 - - [11/Jun/2025:04:47:50 +0000] "GET /wp-includes/edit.php HTTP/1.1" 200 16 "https://quickautosell.com/wp-includes/edit.php" "Mozilla/5.0 (Windows NT 10.0; Win64; x64) AppleWebKit/537.36 (KHTML, like Gecko) Chrome/58.0.3029.110 Safari/537.3"
quickautosell.com.infinitibizsol.com:443 20.171.207.57 - - [11/Jun/2025:04:48:07 +0000] "GET /steak/worried245/wnds2-863/ HTTP/1.1" 499 0 "-" "Mozilla/5.0 AppleWebKit/537.36 (KHTML, like Gecko; compatible; GPTBot/1.2; +https://openai.com/gptbot)"
quickautosell.com.infinitibizsol.com:443 162.0.223.40 - - [11/Jun/2025:04:48:12 +0000] "POST /wp-cron.php?doing_wp_cron=1749617291.3800499439239501953125 HTTP/1.1" 499 0 "-" "WordPress/6.8.1; https://quickautosell.com"
quickautosell.com.infinitibizsol.com:443 4.43.184.114 - - [11/Jun/2025:04:48:50 +0000] "GET / HTTP/1.0" 200 80742 "-" "Mozilla/5.0 (X11; Linux i686) AppleWebKit/534.30 (KHTML, like Gecko) Chrome/12.0.742.100 Safari/534.30"
quickautosell.com.infinitibizsol.com:443 40.77.167.38 - - [11/Jun/2025:04:48:51 +0000] "GET /isodrome/ HTTP/1.1" 200 23 "-" "Mozilla/5.0 AppleWebKit/537.36 (KHTML, like Gecko; compatible; bingbot/2.0; +http://www.bing.com/bingbot.htm) Chrome/116.0.1938.76 Safari/537.36"
quickautosell.com.infinitibizsol.com:443 20.171.207.57 - - [11/Jun/2025:04:49:10 +0000] "GET /clean/domain75/hm9rf-3809/ HTTP/1.1" 499 0 "-" "Mozilla/5.0 AppleWebKit/537.36 (KHTML, like Gecko; compatible; GPTBot/1.2; +https://openai.com/gptbot)"
quickautosell.com.infinitibizsol.com:443 162.0.223.40 - - [11/Jun/2025:04:49:24 +0000] "POST /wp-cron.php?doing_wp_cron=1749617363.7931780815124511718750 HTTP/1.1" 499 0 "-" "WordPress/6.8.1; https://quickautosell.com"
quickautosell.com.infinitibizsol.com:443 20.171.207.57 - - [11/Jun/2025:04:50:14 +0000] "GET /per/student70/4suwp-3358/ HTTP/1.1" 499 0 "-" "Mozilla/5.0 AppleWebKit/537.36 (KHTML, like Gecko; compatible; GPTBot/1.2; +https://openai.com/gptbot)"
quickautosell.com.infinitibizsol.com:443 162.0.223.40 - - [11/Jun/2025:04:50:32 +0000] "POST /wp-cron.php?doing_wp_cron=1749617431.2434599399566650390625 HTTP/1.1" 499 0 "-" "WordPress/6.8.1; https://quickautosell.com"
quickautosell.com.infinitibizsol.com:443 20.171.207.57 - - [11/Jun/2025:04:51:16 +0000] "GET /per/operation176/jsetb-29898/ HTTP/1.1" 499 0 "-" "Mozilla/5.0 AppleWebKit/537.36 (KHTML, like Gecko; compatible; GPTBot/1.2; +https://openai.com/gptbot)"
quickautosell.com.infinitibizsol.com:443 162.0.223.40 - - [11/Jun/2025:04:51:33 +0000] "POST /wp-cron.php?doing_wp_cron=1749617492.8263330459594726562500 HTTP/1.1" 499 0 "-" "WordPress/6.8.1; https://quickautosell.com"
quickautosell.com.infinitibizsol.com:443 20.171.207.57 - - [11/Jun/2025:04:52:22 +0000] "GET /movie/glory243/rvr6b-34741/ HTTP/1.1" 499 0 "-" "Mozilla/5.0 AppleWebKit/537.36 (KHTML, like Gecko; compatible; GPTBot/1.2; +https://openai.com/gptbot)"
quickautosell.com.infinitibizsol.com:443 198.204.226.18 - - [11/Jun/2025:04:52:23 +0000] "GET /wp-includes/edit.php HTTP/1.1" 499 0 "https://quickautosell.com/wp-includes/edit.php" "Mozilla/5.0 (Windows NT 10.0; Win64; x64) AppleWebKit/537.36 (KHTML, like Gecko) Chrome/58.0.3029.110 Safari/537.3"
quickautosell.com.infinitibizsol.com:443 162.0.223.40 - - [11/Jun/2025:04:52:34 +0000] "POST /wp-cron.php?doing_wp_cron=1749617553.7110240459442138671875 HTTP/1.1" 499 0 "-" "WordPress/6.8.1; https://quickautosell.com"
quickautosell.com.infinitibizsol.com:443 162.0.223.40 - - [11/Jun/2025:04:52:36 +0000] "POST /wp-cron.php?doing_wp_cron=1749617555.6038830280303955078125 HTTP/1.1" 499 0 "-" "WordPress/6.8.1; https://quickautosell.com"
quickautosell.com.infinitibizsol.com:443 20.171.207.57 - - [11/Jun/2025:04:53:17 +0000] "GET /importance/earn153/wuvsr-20263/ HTTP/1.1" 404 32393 "-" "Mozilla/5.0 AppleWebKit/537.36 (KHTML, like Gecko; compatible; GPTBot/1.2; +https://openai.com/gptbot)"
quickautosell.com.infinitibizsol.com:443 198.204.226.18 - - [11/Jun/2025:04:53:29 +0000] "GET /wp-includes/edit.php HTTP/1.1" 200 16 "https://quickautosell.com/wp-includes/edit.php" "Mozilla/5.0 (Windows NT 10.0; Win64; x64) AppleWebKit/537.36 (KHTML, like Gecko) Chrome/58.0.3029.110 Safari/537.3"
quickautosell.com.infinitibizsol.com:443 20.171.207.57 - - [11/Jun/2025:04:54:27 +0000] "GET /report/beautiful8/90ek7-42400/ HTTP/1.1" 499 0 "-" "Mozilla/5.0 AppleWebKit/537.36 (KHTML, like Gecko; compatible; GPTBot/1.2; +https://openai.com/gptbot)"
quickautosell.com.infinitibizsol.com:443 198.204.226.18 - - [11/Jun/2025:04:54:32 +0000] "GET /wp-includes/edit.php HTTP/1.1" 499 0 "https://quickautosell.com/wp-includes/edit.php" "Mozilla/5.0 (Windows NT 10.0; Win64; x64) AppleWebKit/537.36 (KHTML, like Gecko) Chrome/58.0.3029.110 Safari/537.3"
quickautosell.com.infinitibizsol.com:443 162.0.223.40 - - [11/Jun/2025:04:54:43 +0000] "POST /wp-cron.php?doing_wp_cron=1749617682.5017309188842773437500 HTTP/1.1" 499 0 "-" "WordPress/6.8.1; https://quickautosell.com"
quickautosell.com.infinitibizsol.com:443 198.204.226.18 - - [11/Jun/2025:04:54:48 +0000] "GET /wp-includes/edit.php HTTP/1.1" 200 16 "https://quickautosell.com/wp-includes/edit.php" "Mozilla/5.0 (Windows NT 10.0; Win64; x64) AppleWebKit/537.36 (KHTML, like Gecko) Chrome/58.0.3029.110 Safari/537.3"
quickautosell.com.infinitibizsol.com:443 198.204.226.18 - - [11/Jun/2025:04:55:00 +0000] "GET /wp-includes/edit.php HTTP/1.1" 200 16 "https://quickautosell.com/wp-includes/edit.php" "Mozilla/5.0 (Windows NT 10.0; Win64; x64) AppleWebKit/537.36 (KHTML, like Gecko) Chrome/58.0.3029.110 Safari/537.3"
quickautosell.com.infinitibizsol.com:443 173.208.204.66 - - [11/Jun/2025:04:55:30 +0000] "GET /wp-includes/edit.php HTTP/1.1" 200 16 "https://quickautosell.com/wp-includes/edit.php" "Mozilla/5.0 (Windows NT 10.0; Win64; x64) AppleWebKit/537.36 (KHTML, like Gecko) Chrome/58.0.3029.110 Safari/537.3"
quickautosell.com.infinitibizsol.com:443 20.171.207.57 - - [11/Jun/2025:04:55:32 +0000] "GET /report/community140/02tq4-8438/ HTTP/1.1" 499 0 "-" "Mozilla/5.0 AppleWebKit/537.36 (KHTML, like Gecko; compatible; GPTBot/1.2; +https://openai.com/gptbot)"
quickautosell.com.infinitibizsol.com:443 20.171.207.57 - - [11/Jun/2025:04:56:38 +0000] "GET /arrive/sin147/5xc8r-43929/ HTTP/1.1" 499 0 "-" "Mozilla/5.0 AppleWebKit/537.36 (KHTML, like Gecko; compatible; GPTBot/1.2; +https://openai.com/gptbot)"
quickautosell.com.infinitibizsol.com:443 162.0.223.40 - - [11/Jun/2025:04:56:50 +0000] "POST /wp-cron.php?doing_wp_cron=1749617809.0383789539337158203125 HTTP/1.1" 499 0 "-" "WordPress/6.8.1; https://quickautosell.com"
quickautosell.com.infinitibizsol.com:443 20.171.207.57 - - [11/Jun/2025:04:57:40 +0000] "GET /exclusive/equality164/hrpbf-10430/ HTTP/1.1" 499 0 "-" "Mozilla/5.0 AppleWebKit/537.36 (KHTML, like Gecko; compatible; GPTBot/1.2; +https://openai.com/gptbot)"
quickautosell.com.infinitibizsol.com:443 198.204.226.18 - - [11/Jun/2025:04:57:57 +0000] "GET /wp-includes/edit.php HTTP/1.1" 499 0 "https://quickautosell.com/wp-includes/edit.php" "Mozilla/5.0 (Windows NT 10.0; Win64; x64) AppleWebKit/537.36 (KHTML, like Gecko) Chrome/58.0.3029.110 Safari/537.3"
quickautosell.com.infinitibizsol.com:443 20.171.207.57 - - [11/Jun/2025:04:58:45 +0000] "GET /items/200002435.html?srsltid=AfmBOobjdgPSbZYvzYFriQIkKoGOYWOxbyo1T99MgTbLogxAeM50 HTTP/1.1" 499 0 "-" "Mozilla/5.0 AppleWebKit/537.36 (KHTML, like Gecko; compatible; GPTBot/1.2; +https://openai.com/gptbot)"
quickautosell.com.infinitibizsol.com:443 162.0.223.40 - - [11/Jun/2025:04:58:48 +0000] "POST /wp-cron.php?doing_wp_cron=1749617927.5187129974365234375000 HTTP/1.1" 499 0 "-" "WordPress/6.8.1; https://quickautosell.com"
quickautosell.com.infinitibizsol.com:443 20.171.207.57 - - [11/Jun/2025:04:59:46 +0000] "GET /report/intention119/5svnb-12509/ HTTP/1.1" 499 0 "-" "Mozilla/5.0 AppleWebKit/537.36 (KHTML, like Gecko; compatible; GPTBot/1.2; +https://openai.com/gptbot)"
quickautosell.com.infinitibizsol.com:443 162.0.223.40 - - [11/Jun/2025:04:59:50 +0000] "POST /wp-cron.php?doing_wp_cron=1749617989.2098839282989501953125 HTTP/1.1" 499 0 "-" "WordPress/6.8.1; https://quickautosell.com"
quickautosell.com.infinitibizsol.com:443 198.204.226.18 - - [11/Jun/2025:04:59:50 +0000] "GET /wp-includes/edit.php HTTP/1.1" 499 0 "https://quickautosell.com/wp-includes/edit.php" "Mozilla/5.0 (Windows NT 10.0; Win64; x64) AppleWebKit/537.36 (KHTML, like Gecko) Chrome/58.0.3029.110 Safari/537.3"
quickautosell.com.infinitibizsol.com:443 198.204.226.18 - - [11/Jun/2025:04:59:57 +0000] "GET /wp-includes/edit.php HTTP/1.1" 200 16 "https://quickautosell.com/wp-includes/edit.php" "Mozilla/5.0 (Windows NT 10.0; Win64; x64) AppleWebKit/537.36 (KHTML, like Gecko) Chrome/58.0.3029.110 Safari/537.3"
quickautosell.com.infinitibizsol.com:443 20.171.207.57 - - [11/Jun/2025:05:00:48 +0000] "GET /elegant/resource30/wnblm-6290/ HTTP/1.1" 499 0 "-" "Mozilla/5.0 AppleWebKit/537.36 (KHTML, like Gecko; compatible; GPTBot/1.2; +https://openai.com/gptbot)"
quickautosell.com.infinitibizsol.com:443 198.204.226.18 - - [11/Jun/2025:05:01:51 +0000] "GET /wp-includes/edit.php HTTP/1.1" 499 0 "https://quickautosell.com/wp-includes/edit.php" "Mozilla/5.0 (Windows NT 10.0; Win64; x64) AppleWebKit/537.36 (KHTML, like Gecko) Chrome/58.0.3029.110 Safari/537.3"
quickautosell.com.infinitibizsol.com:443 20.171.207.57 - - [11/Jun/2025:05:01:53 +0000] "GET /four/least158/xqvk0-11338/ HTTP/1.1" 499 0 "-" "Mozilla/5.0 AppleWebKit/537.36 (KHTML, like Gecko; compatible; GPTBot/1.2; +https://openai.com/gptbot)"
quickautosell.com.infinitibizsol.com:443 162.0.223.40 - - [11/Jun/2025:05:02:11 +0000] "POST /wp-cron.php?doing_wp_cron=1749618130.9765489101409912109375 HTTP/1.1" 499 0 "-" "WordPress/6.8.1; https://quickautosell.com"
quickautosell.com.infinitibizsol.com:443 20.171.207.57 - - [11/Jun/2025:05:02:58 +0000] "GET /item/sight174/k60bq-29240/ HTTP/1.1" 499 0 "-" "Mozilla/5.0 AppleWebKit/537.36 (KHTML, like Gecko; compatible; GPTBot/1.2; +https://openai.com/gptbot)"
quickautosell.com.infinitibizsol.com:443 198.204.226.18 - - [11/Jun/2025:05:03:14 +0000] "GET /wp-includes/edit.php HTTP/1.1" 200 16 "https://quickautosell.com/wp-includes/edit.php" "Mozilla/5.0 (Windows NT 10.0; Win64; x64) AppleWebKit/537.36 (KHTML, like Gecko) Chrome/58.0.3029.110 Safari/537.3"
quickautosell.com.infinitibizsol.com:443 198.204.224.34 - - [11/Jun/2025:05:03:50 +0000] "GET /wp-includes/edit.php HTTP/1.1" 499 0 "https://quickautosell.com/wp-includes/edit.php" "Mozilla/5.0 (Windows NT 10.0; Win64; x64) AppleWebKit/537.36 (KHTML, like Gecko) Chrome/58.0.3029.110 Safari/537.3"
quickautosell.com.infinitibizsol.com:443 198.204.224.34 - - [11/Jun/2025:05:03:51 +0000] "GET /wp-includes/edit.php HTTP/1.1" 200 16 "https://quickautosell.com/wp-includes/edit.php" "Mozilla/5.0 (Windows NT 10.0; Win64; x64) AppleWebKit/537.36 (KHTML, like Gecko) Chrome/58.0.3029.110 Safari/537.3"
quickautosell.com.infinitibizsol.com:443 162.0.223.40 - - [11/Jun/2025:05:03:58 +0000] "POST /wp-cron.php?doing_wp_cron=1749618237.4527130126953125000000 HTTP/1.1" 499 0 "-" "WordPress/6.8.1; https://quickautosell.com"
quickautosell.com.infinitibizsol.com:443 52.167.144.146 - - [11/Jun/2025:05:04:03 +0000] "GET /introduced1043750641.shtm HTTP/1.1" 200 23 "-" "Mozilla/5.0 AppleWebKit/537.36 (KHTML, like Gecko; compatible; bingbot/2.0; +http://www.bing.com/bingbot.htm) Chrome/116.0.1938.76 Safari/537.36"
quickautosell.com.infinitibizsol.com:443 20.171.207.57 - - [11/Jun/2025:05:04:04 +0000] "GET /item/admission149/l0xem-17259/ HTTP/1.1" 499 0 "-" "Mozilla/5.0 AppleWebKit/537.36 (KHTML, like Gecko; compatible; GPTBot/1.2; +https://openai.com/gptbot)"
quickautosell.com.infinitibizsol.com:443 52.167.144.233 - - [11/Jun/2025:05:04:52 +0000] "GET /delicacies/ea1825831072.shtm HTTP/1.1" 200 13 "-" "Mozilla/5.0 AppleWebKit/537.36 (KHTML, like Gecko; compatible; bingbot/2.0; +http://www.bing.com/bingbot.htm) Chrome/116.0.1938.76 Safari/537.36"
quickautosell.com.infinitibizsol.com:443 198.204.226.18 - - [11/Jun/2025:05:04:54 +0000] "GET /wp-includes/edit.php HTTP/1.1" 200 16 "https://quickautosell.com/wp-includes/edit.php" "Mozilla/5.0 (Windows NT 10.0; Win64; x64) AppleWebKit/537.36 (KHTML, like Gecko) Chrome/58.0.3029.110 Safari/537.3"
quickautosell.com.infinitibizsol.com:443 162.0.223.40 - - [11/Jun/2025:05:05:06 +0000] "POST /wp-cron.php?doing_wp_cron=1749618305.0871920585632324218750 HTTP/1.1" 499 0 "-" "WordPress/6.8.1; https://quickautosell.com"
quickautosell.com.infinitibizsol.com:443 85.208.96.210 - - [11/Jun/2025:05:05:06 +0000] "GET / HTTP/1.1" 200 80779 "-" "Mozilla/5.0 (compatible; SemrushBot/7~bl; +http://www.semrush.com/bot.html)"
quickautosell.com.infinitibizsol.com:443 20.171.207.57 - - [11/Jun/2025:05:05:07 +0000] "GET /passing/arm287/j3s9f-24491/ HTTP/1.1" 404 32393 "-" "Mozilla/5.0 AppleWebKit/537.36 (KHTML, like Gecko; compatible; GPTBot/1.2; +https://openai.com/gptbot)"
quickautosell.com.infinitibizsol.com:443 198.204.226.18 - - [11/Jun/2025:05:05:29 +0000] "GET /wp-includes/edit.php HTTP/1.1" 499 0 "https://quickautosell.com/wp-includes/edit.php" "Mozilla/5.0 (Windows NT 10.0; Win64; x64) AppleWebKit/537.36 (KHTML, like Gecko) Chrome/58.0.3029.110 Safari/537.3"
quickautosell.com.infinitibizsol.com:443 198.204.226.18 - - [11/Jun/2025:05:05:53 +0000] "GET /wp-includes/edit.php HTTP/1.1" 200 6 "https://quickautosell.com/wp-includes/edit.php" "Mozilla/5.0 (Windows NT 10.0; Win64; x64) AppleWebKit/537.36 (KHTML, like Gecko) Chrome/58.0.3029.110 Safari/537.3"
quickautosell.com.infinitibizsol.com:443 20.171.207.57 - - [11/Jun/2025:05:06:10 +0000] "GET /devil/brick282/o47bh-20380/ HTTP/1.1" 404 32393 "-" "Mozilla/5.0 AppleWebKit/537.36 (KHTML, like Gecko; compatible; GPTBot/1.2; +https://openai.com/gptbot)"
quickautosell.com.infinitibizsol.com:443 162.0.223.40 - - [11/Jun/2025:05:07:00 +0000] "POST /wp-cron.php?doing_wp_cron=1749618419.1320130825042724609375 HTTP/1.1" 499 0 "-" "WordPress/6.8.1; https://quickautosell.com"
quickautosell.com.infinitibizsol.com:443 20.171.207.57 - - [11/Jun/2025:05:07:09 +0000] "GET /talk/type284/kxsfv-29250/ HTTP/1.1" 404 32393 "-" "Mozilla/5.0 AppleWebKit/537.36 (KHTML, like Gecko; compatible; GPTBot/1.2; +https://openai.com/gptbot)"
quickautosell.com.infinitibizsol.com:443 198.204.226.18 - - [11/Jun/2025:05:07:15 +0000] "GET /wp-includes/edit.php HTTP/1.1" 499 0 "https://quickautosell.com/wp-includes/edit.php" "Mozilla/5.0 (Windows NT 10.0; Win64; x64) AppleWebKit/537.36 (KHTML, like Gecko) Chrome/58.0.3029.110 Safari/537.3"
quickautosell.com.infinitibizsol.com:443 162.0.223.40 - - [11/Jun/2025:05:08:12 +0000] "POST /wp-cron.php?doing_wp_cron=1749618491.8363010883331298828125 HTTP/1.1" 499 0 "-" "WordPress/6.8.1; https://quickautosell.com"
quickautosell.com.infinitibizsol.com:443 20.171.207.57 - - [11/Jun/2025:05:08:16 +0000] "GET /controversial/thigh299/fna9c-12243/ HTTP/1.1" 499 0 "-" "Mozilla/5.0 AppleWebKit/537.36 (KHTML, like Gecko; compatible; GPTBot/1.2; +https://openai.com/gptbot)"
quickautosell.com.infinitibizsol.com:443 198.204.226.18 - - [11/Jun/2025:05:08:18 +0000] "GET /wp-includes/edit.php HTTP/1.1" 200 16 "https://quickautosell.com/wp-includes/edit.php" "Mozilla/5.0 (Windows NT 10.0; Win64; x64) AppleWebKit/537.36 (KHTML, like Gecko) Chrome/58.0.3029.110 Safari/537.3"
quickautosell.com.infinitibizsol.com:443 20.171.207.57 - - [11/Jun/2025:05:09:21 +0000] "GET /privacy/legislator15/q1efy-4767/ HTTP/1.1" 499 0 "-" "Mozilla/5.0 AppleWebKit/537.36 (KHTML, like Gecko; compatible; GPTBot/1.2; +https://openai.com/gptbot)"
quickautosell.com.infinitibizsol.com:443 162.0.223.40 - - [11/Jun/2025:05:09:26 +0000] "POST /wp-cron.php?doing_wp_cron=1749618565.3753929138183593750000 HTTP/1.1" 499 0 "-" "WordPress/6.8.1; https://quickautosell.com"
quickautosell.com.infinitibizsol.com:443 20.171.207.57 - - [11/Jun/2025:05:10:24 +0000] "GET /forward/trauma101/b7le0-45725/ HTTP/1.1" 499 0 "-" "Mozilla/5.0 AppleWebKit/537.36 (KHTML, like Gecko; compatible; GPTBot/1.2; +https://openai.com/gptbot)"
quickautosell.com.infinitibizsol.com:443 173.208.204.66 - - [11/Jun/2025:05:11:32 +0000] "GET /wp-includes/edit.php HTTP/1.1" 499 0 "https://quickautosell.com/wp-includes/edit.php" "Mozilla/5.0 (Windows NT 10.0; Win64; x64) AppleWebKit/537.36 (KHTML, like Gecko) Chrome/58.0.3029.110 Safari/537.3"
quickautosell.com.infinitibizsol.com:443 173.208.204.66 - - [11/Jun/2025:05:11:33 +0000] "GET /wp-includes/edit.php HTTP/1.1" 200 16 "https://quickautosell.com/wp-includes/edit.php" "Mozilla/5.0 (Windows NT 10.0; Win64; x64) AppleWebKit/537.36 (KHTML, like Gecko) Chrome/58.0.3029.110 Safari/537.3"
quickautosell.com.infinitibizsol.com:443 108.181.202.211 - - [11/Jun/2025:05:11:33 +0000] "GET /wp-includes/edit.php HTTP/1.1" 200 16 "https://quickautosell.com/wp-includes/edit.php" "Mozilla/5.0 (Macintosh; U; PPC Mac OS X 10_4_11; ja-jp) AppleWebKit/525.13 (KHTML, like Gecko) Version/3.1 Safari/525.13"
quickautosell.com.infinitibizsol.com:443 162.0.223.40 - - [11/Jun/2025:05:13:26 +0000] "POST /wp-cron.php?doing_wp_cron=1749618805.0409610271453857421875 HTTP/1.1" 499 0 "-" "WordPress/6.8.1; https://quickautosell.com"
quickautosell.com.infinitibizsol.com:443 20.171.207.57 - - [11/Jun/2025:05:13:31 +0000] "GET /administration/rehabilitation238/rwcqb-3258/ HTTP/1.1" 499 0 "-" "Mozilla/5.0 AppleWebKit/537.36 (KHTML, like Gecko; compatible; GPTBot/1.2; +https://openai.com/gptbot)"
quickautosell.com.infinitibizsol.com:443 20.171.207.57 - - [11/Jun/2025:05:13:34 +0000] "GET /error/striking83/251rk-19371/ HTTP/1.1" 404 54766 "-" "Mozilla/5.0 AppleWebKit/537.36 (KHTML, like Gecko; compatible; GPTBot/1.2; +https://openai.com/gptbot)"
quickautosell.com.infinitibizsol.com:443 20.171.207.57 - - [11/Jun/2025:05:14:32 +0000] "GET /presentation/nutrient85/q467i-12993/ HTTP/1.1" 499 0 "-" "Mozilla/5.0 AppleWebKit/537.36 (KHTML, like Gecko; compatible; GPTBot/1.2; +https://openai.com/gptbot)"
quickautosell.com.infinitibizsol.com:443 162.0.223.40 - - [11/Jun/2025:05:14:36 +0000] "POST /wp-cron.php?doing_wp_cron=1749618875.6974449157714843750000 HTTP/1.1" 499 0 "-" "WordPress/6.8.1; https://quickautosell.com"
quickautosell.com.infinitibizsol.com:443 20.171.207.57 - - [11/Jun/2025:05:14:36 +0000] "GET /revolutionary/constitutional55/u6jip-29015/ HTTP/1.1" 404 54766 "-" "Mozilla/5.0 AppleWebKit/537.36 (KHTML, like Gecko; compatible; GPTBot/1.2; +https://openai.com/gptbot)"
quickautosell.com.infinitibizsol.com:443 162.0.223.40 - - [11/Jun/2025:05:14:38 +0000] "POST /wp-cron.php?doing_wp_cron=1749618877.0427479743957519531250 HTTP/1.1" 499 0 "-" "WordPress/6.8.1; https://quickautosell.com"
quickautosell.com.infinitibizsol.com:443 52.167.144.22 - - [11/Jun/2025:05:14:38 +0000] "GET /saxicola/dp1446973777.shtm HTTP/1.1" 404 54778 "-" "Mozilla/5.0 AppleWebKit/537.36 (KHTML, like Gecko; compatible; bingbot/2.0; +http://www.bing.com/bingbot.htm) Chrome/116.0.1938.76 Safari/537.36"
quickautosell.com.infinitibizsol.com:443 162.0.223.40 - - [11/Jun/2025:05:14:52 +0000] "POST /wp-cron.php?doing_wp_cron=1749618891.4693410396575927734375 HTTP/1.1" 499 0 "-" "WordPress/6.8.1; https://quickautosell.com"
quickautosell.com.infinitibizsol.com:443 20.171.207.57 - - [11/Jun/2025:05:15:35 +0000] "GET /dot/biography293/5x9pk-1021/ HTTP/1.1" 404 32393 "-" "Mozilla/5.0 AppleWebKit/537.36 (KHTML, like Gecko; compatible; GPTBot/1.2; +https://openai.com/gptbot)"
quickautosell.com.infinitibizsol.com:80 129.28.14.231 - - [11/Jun/2025:05:15:39 +0000] "GET / HTTP/1.1" 499 0 "-" "Mozilla/5.0 (iPhone; CPU iPhone OS 13_2_3 like Mac OS X) AppleWebKit/605.1.15 (KHTML, like Gecko) Version/13.0.3 Mobile/15E148 Safari/604.1"
quickautosell.com.infinitibizsol.com:443 162.0.223.40 - - [11/Jun/2025:05:16:39 +0000] "POST /wp-cron.php?doing_wp_cron=1749618998.2261829376220703125000 HTTP/1.1" 499 0 "-" "WordPress/6.8.1; https://quickautosell.com"
quickautosell.com.infinitibizsol.com:443 20.171.207.57 - - [11/Jun/2025:05:16:39 +0000] "GET /review/portrait291/h1akf-19709/ HTTP/1.1" 404 54766 "-" "Mozilla/5.0 AppleWebKit/537.36 (KHTML, like Gecko; compatible; GPTBot/1.2; +https://openai.com/gptbot)"
quickautosell.com.infinitibizsol.com:443 198.204.226.18 - - [11/Jun/2025:05:16:54 +0000] "GET /wp-includes/edit.php HTTP/1.1" 499 0 "https://quickautosell.com/wp-includes/edit.php" "Mozilla/5.0 (Windows NT 10.0; Win64; x64) AppleWebKit/537.36 (KHTML, like Gecko) Chrome/58.0.3029.110 Safari/537.3"
quickautosell.com.infinitibizsol.com:443 162.0.223.40 - - [11/Jun/2025:05:17:39 +0000] "POST /wp-cron.php?doing_wp_cron=1749619058.3755559921264648437500 HTTP/1.1" 499 0 "-" "WordPress/6.8.1; https://quickautosell.com"
quickautosell.com.infinitibizsol.com:443 20.171.207.57 - - [11/Jun/2025:05:17:39 +0000] "GET /items/004004211.html?srsltid=AfmBOohrfEiVIQXyVkGNmDg6VEhQoUfgkVS6gBA1pRxJvkltrsVR HTTP/1.1" 404 32393 "-" "Mozilla/5.0 AppleWebKit/537.36 (KHTML, like Gecko; compatible; GPTBot/1.2; +https://openai.com/gptbot)"
quickautosell.com.infinitibizsol.com:443 52.167.144.22 - - [11/Jun/2025:05:18:06 +0000] "GET /modernism/shopping/q/ HTTP/1.1" 200 23 "-" "Mozilla/5.0 AppleWebKit/537.36 (KHTML, like Gecko; compatible; bingbot/2.0; +http://www.bing.com/bingbot.htm) Chrome/116.0.1938.76 Safari/537.36"
quickautosell.com.infinitibizsol.com:443 162.0.223.40 - - [11/Jun/2025:05:18:39 +0000] "POST /wp-cron.php?doing_wp_cron=1749619118.8987770080566406250000 HTTP/1.1" 499 0 "-" "WordPress/6.8.1; https://quickautosell.com"
quickautosell.com.infinitibizsol.com:443 20.171.207.57 - - [11/Jun/2025:05:18:40 +0000] "GET /forward/satellite242/mur39-45892/ HTTP/1.1" 404 32393 "-" "Mozilla/5.0 AppleWebKit/537.36 (KHTML, like Gecko; compatible; GPTBot/1.2; +https://openai.com/gptbot)"
quickautosell.com.infinitibizsol.com:443 173.208.204.66 - - [11/Jun/2025:05:19:31 +0000] "GET /wp-includes/edit.php HTTP/1.1" 499 0 "https://quickautosell.com/wp-includes/edit.php" "Mozilla/5.0 (Windows NT 10.0; Win64; x64) AppleWebKit/537.36 (KHTML, like Gecko) Chrome/58.0.3029.110 Safari/537.3"
quickautosell.com.infinitibizsol.com:443 173.208.204.66 - - [11/Jun/2025:05:19:32 +0000] "GET /wp-includes/edit.php HTTP/1.1" 200 16 "https://quickautosell.com/wp-includes/edit.php" "Mozilla/5.0 (Windows NT 10.0; Win64; x64) AppleWebKit/537.36 (KHTML, like Gecko) Chrome/58.0.3029.110 Safari/537.3"
quickautosell.com.infinitibizsol.com:443 162.0.223.40 - - [11/Jun/2025:05:19:42 +0000] "POST /wp-cron.php?doing_wp_cron=1749619181.4148020744323730468750 HTTP/1.1" 499 0 "-" "WordPress/6.8.1; https://quickautosell.com"
quickautosell.com.infinitibizsol.com:443 20.171.207.57 - - [11/Jun/2025:05:19:42 +0000] "GET /question/innocent153/p0s8j-31037/ HTTP/1.1" 404 54766 "-" "Mozilla/5.0 AppleWebKit/537.36 (KHTML, like Gecko; compatible; GPTBot/1.2; +https://openai.com/gptbot)"
quickautosell.com.infinitibizsol.com:443 52.167.144.233 - - [11/Jun/2025:05:20:34 +0000] "GET /jacobinical/shopdetail/yye/ HTTP/1.1" 200 23 "-" "Mozilla/5.0 AppleWebKit/537.36 (KHTML, like Gecko; compatible; bingbot/2.0; +http://www.bing.com/bingbot.htm) Chrome/116.0.1938.76 Safari/537.36"
quickautosell.com.infinitibizsol.com:443 162.0.223.40 - - [11/Jun/2025:05:20:43 +0000] "POST /wp-cron.php?doing_wp_cron=1749619242.3573179244995117187500 HTTP/1.1" 499 0 "-" "WordPress/6.8.1; https://quickautosell.com"
quickautosell.com.infinitibizsol.com:443 20.171.207.57 - - [11/Jun/2025:05:20:43 +0000] "GET /terms/softly177/kq9ia-2511/ HTTP/1.1" 404 32393 "-" "Mozilla/5.0 AppleWebKit/537.36 (KHTML, like Gecko; compatible; GPTBot/1.2; +https://openai.com/gptbot)"
quickautosell.com.infinitibizsol.com:443 162.0.223.40 - - [11/Jun/2025:05:21:45 +0000] "POST /wp-cron.php?doing_wp_cron=1749619304.3667469024658203125000 HTTP/1.1" 499 0 "-" "WordPress/6.8.1; https://quickautosell.com"
quickautosell.com.infinitibizsol.com:443 20.171.207.57 - - [11/Jun/2025:05:21:45 +0000] "GET /maintenance/mechanic241/jgqww-6773/ HTTP/1.1" 404 54766 "-" "Mozilla/5.0 AppleWebKit/537.36 (KHTML, like Gecko; compatible; GPTBot/1.2; +https://openai.com/gptbot)"
quickautosell.com.infinitibizsol.com:443 198.204.226.18 - - [11/Jun/2025:05:21:57 +0000] "GET /wp-includes/edit.php HTTP/1.1" 499 0 "https://quickautosell.com/wp-includes/edit.php" "Mozilla/5.0 (Windows NT 10.0; Win64; x64) AppleWebKit/537.36 (KHTML, like Gecko) Chrome/58.0.3029.110 Safari/537.3"
quickautosell.com.infinitibizsol.com:443 198.204.226.18 - - [11/Jun/2025:05:22:00 +0000] "GET /wp-includes/edit.php HTTP/1.1" 200 16 "https://quickautosell.com/wp-includes/edit.php" "Mozilla/5.0 (Windows NT 10.0; Win64; x64) AppleWebKit/537.36 (KHTML, like Gecko) Chrome/58.0.3029.110 Safari/537.3"
quickautosell.com.infinitibizsol.com:443 198.204.226.18 - - [11/Jun/2025:05:22:12 +0000] "GET /wp-includes/edit.php HTTP/1.1" 200 16 "https://quickautosell.com/wp-includes/edit.php" "Mozilla/5.0 (Windows NT 10.0; Win64; x64) AppleWebKit/537.36 (KHTML, like Gecko) Chrome/58.0.3029.110 Safari/537.3"
quickautosell.com.infinitibizsol.com:443 162.0.223.40 - - [11/Jun/2025:05:22:51 +0000] "POST /wp-cron.php?doing_wp_cron=1749619370.0227611064910888671875 HTTP/1.1" 499 0 "-" "WordPress/6.8.1; https://quickautosell.com"
quickautosell.com.infinitibizsol.com:443 20.171.207.57 - - [11/Jun/2025:05:22:51 +0000] "GET /whatever/nowhere252/mgrie-32110/ HTTP/1.1" 404 54766 "-" "Mozilla/5.0 AppleWebKit/537.36 (KHTML, like Gecko; compatible; GPTBot/1.2; +https://openai.com/gptbot)"
quickautosell.com.infinitibizsol.com:443 162.0.223.40 - - [11/Jun/2025:05:23:53 +0000] "POST /wp-cron.php?doing_wp_cron=1749619432.3544070720672607421875 HTTP/1.1" 499 0 "-" "WordPress/6.8.1; https://quickautosell.com"
quickautosell.com.infinitibizsol.com:443 20.171.207.57 - - [11/Jun/2025:05:23:53 +0000] "GET /error/characterize85/ew706-29461/ HTTP/1.1" 404 32393 "-" "Mozilla/5.0 AppleWebKit/537.36 (KHTML, like Gecko; compatible; GPTBot/1.2; +https://openai.com/gptbot)"
quickautosell.com.infinitibizsol.com:443 162.0.223.40 - - [11/Jun/2025:05:24:56 +0000] "POST /wp-cron.php?doing_wp_cron=1749619495.4716520309448242187500 HTTP/1.1" 499 0 "-" "WordPress/6.8.1; https://quickautosell.com"
quickautosell.com.infinitibizsol.com:443 20.171.207.57 - - [11/Jun/2025:05:24:56 +0000] "GET /implication/identification191/n20nq-22047/ HTTP/1.1" 404 54766 "-" "Mozilla/5.0 AppleWebKit/537.36 (KHTML, like Gecko; compatible; GPTBot/1.2; +https://openai.com/gptbot)"
quickautosell.com.infinitibizsol.com:443 198.204.226.18 - - [11/Jun/2025:05:25:33 +0000] "GET /wp-includes/edit.php HTTP/1.1" 499 0 "https://quickautosell.com/wp-includes/edit.php" "Mozilla/5.0 (Windows NT 10.0; Win64; x64) AppleWebKit/537.36 (KHTML, like Gecko) Chrome/58.0.3029.110 Safari/537.3"
quickautosell.com.infinitibizsol.com:443 162.0.223.40 - - [11/Jun/2025:05:25:59 +0000] "POST /wp-cron.php?doing_wp_cron=1749619558.7455470561981201171875 HTTP/1.1" 499 0 "-" "WordPress/6.8.1; https://quickautosell.com"
quickautosell.com.infinitibizsol.com:443 20.171.207.57 - - [11/Jun/2025:05:25:59 +0000] "GET /anymore/defend173/dhjfb-12435/ HTTP/1.1" 404 32393 "-" "Mozilla/5.0 AppleWebKit/537.36 (KHTML, like Gecko; compatible; GPTBot/1.2; +https://openai.com/gptbot)"
quickautosell.com.infinitibizsol.com:443 198.204.226.18 - - [11/Jun/2025:05:26:03 +0000] "GET /wp-includes/edit.php HTTP/1.1" 200 16 "https://quickautosell.com/wp-includes/edit.php" "Mozilla/5.0 (Windows NT 10.0; Win64; x64) AppleWebKit/537.36 (KHTML, like Gecko) Chrome/58.0.3029.110 Safari/537.3"
quickautosell.com.infinitibizsol.com:443 198.204.226.18 - - [11/Jun/2025:05:26:11 +0000] "GET /wp-includes/edit.php HTTP/1.1" 200 16 "https://quickautosell.com/wp-includes/edit.php" "Mozilla/5.0 (Windows NT 10.0; Win64; x64) AppleWebKit/537.36 (KHTML, like Gecko) Chrome/58.0.3029.110 Safari/537.3"
quickautosell.com.infinitibizsol.com:443 198.204.226.18 - - [11/Jun/2025:05:27:00 +0000] "GET /wp-includes/edit.php HTTP/1.1" 499 0 "https://quickautosell.com/wp-includes/edit.php" "Mozilla/5.0 (Windows NT 10.0; Win64; x64) AppleWebKit/537.36 (KHTML, like Gecko) Chrome/58.0.3029.110 Safari/537.3"
quickautosell.com.infinitibizsol.com:443 162.0.223.40 - - [11/Jun/2025:05:27:01 +0000] "POST /wp-cron.php?doing_wp_cron=1749619620.7734780311584472656250 HTTP/1.1" 499 0 "-" "WordPress/6.8.1; https://quickautosell.com"
quickautosell.com.infinitibizsol.com:443 20.171.207.57 - - [11/Jun/2025:05:27:02 +0000] "GET /exclusive/inevitably299/q483r-2253/ HTTP/1.1" 404 32393 "-" "Mozilla/5.0 AppleWebKit/537.36 (KHTML, like Gecko; compatible; GPTBot/1.2; +https://openai.com/gptbot)"
quickautosell.com.infinitibizsol.com:443 173.208.204.66 - - [11/Jun/2025:05:27:31 +0000] "GET /wp-includes/edit.php HTTP/1.1" 200 16 "https://quickautosell.com/wp-includes/edit.php" "Mozilla/5.0 (Windows NT 10.0; Win64; x64) AppleWebKit/537.36 (KHTML, like Gecko) Chrome/58.0.3029.110 Safari/537.3"
quickautosell.com.infinitibizsol.com:443 162.0.223.40 - - [11/Jun/2025:05:28:05 +0000] "POST /wp-cron.php?doing_wp_cron=1749619684.6394178867340087890625 HTTP/1.1" 499 0 "-" "WordPress/6.8.1; https://quickautosell.com"
quickautosell.com.infinitibizsol.com:443 20.171.207.57 - - [11/Jun/2025:05:28:05 +0000] "GET /comment/publisher177/9ao5e-32041/ HTTP/1.1" 404 32393 "-" "Mozilla/5.0 AppleWebKit/537.36 (KHTML, like Gecko; compatible; GPTBot/1.2; +https://openai.com/gptbot)"
quickautosell.com.infinitibizsol.com:443 198.204.226.18 - - [11/Jun/2025:05:28:21 +0000] "GET /wp-includes/edit.php HTTP/1.1" 200 16 "https://quickautosell.com/wp-includes/edit.php" "Mozilla/5.0 (Windows NT 10.0; Win64; x64) AppleWebKit/537.36 (KHTML, like Gecko) Chrome/58.0.3029.110 Safari/537.3"
quickautosell.com.infinitibizsol.com:443 162.0.223.40 - - [11/Jun/2025:05:29:09 +0000] "POST /wp-cron.php?doing_wp_cron=1749619748.5578169822692871093750 HTTP/1.1" 499 0 "-" "WordPress/6.8.1; https://quickautosell.com"
quickautosell.com.infinitibizsol.com:443 20.171.207.57 - - [11/Jun/2025:05:29:09 +0000] "GET /book/ballot53/5h6pg-2675/ HTTP/1.1" 404 54766 "-" "Mozilla/5.0 AppleWebKit/537.36 (KHTML, like Gecko; compatible; GPTBot/1.2; +https://openai.com/gptbot)"
quickautosell.com.infinitibizsol.com:443 198.204.226.18 - - [11/Jun/2025:05:29:38 +0000] "GET /wp-includes/edit.php HTTP/1.1" 499 0 "https://quickautosell.com/wp-includes/edit.php" "Mozilla/5.0 (Windows NT 10.0; Win64; x64) AppleWebKit/537.36 (KHTML, like Gecko) Chrome/58.0.3029.110 Safari/537.3"
quickautosell.com.infinitibizsol.com:443 198.204.226.18 - - [11/Jun/2025:05:29:40 +0000] "GET /wp-includes/edit.php HTTP/1.1" 200 16 "https://quickautosell.com/wp-includes/edit.php" "Mozilla/5.0 (Windows NT 10.0; Win64; x64) AppleWebKit/537.36 (KHTML, like Gecko) Chrome/58.0.3029.110 Safari/537.3"
quickautosell.com.infinitibizsol.com:443 162.0.223.40 - - [11/Jun/2025:05:30:14 +0000] "POST /wp-cron.php?doing_wp_cron=1749619813.2951459884643554687500 HTTP/1.1" 499 0 "-" "WordPress/6.8.1; https://quickautosell.com"
quickautosell.com.infinitibizsol.com:443 20.171.207.57 - - [11/Jun/2025:05:30:14 +0000] "GET /documentary/two103/y40q0-31451/ HTTP/1.1" 404 32393 "-" "Mozilla/5.0 AppleWebKit/537.36 (KHTML, like Gecko; compatible; GPTBot/1.2; +https://openai.com/gptbot)"
quickautosell.com.infinitibizsol.com:443 162.0.223.40 - - [11/Jun/2025:05:31:19 +0000] "POST /wp-cron.php?doing_wp_cron=1749619878.5973300933837890625000 HTTP/1.1" 499 0 "-" "WordPress/6.8.1; https://quickautosell.com"
quickautosell.com.infinitibizsol.com:443 20.171.207.57 - - [11/Jun/2025:05:31:19 +0000] "GET /net/margin186/lvw2b-45256/ HTTP/1.1" 404 54782 "-" "Mozilla/5.0 AppleWebKit/537.36 (KHTML, like Gecko; compatible; GPTBot/1.2; +https://openai.com/gptbot)"
quickautosell.com.infinitibizsol.com:443 162.0.223.40 - - [11/Jun/2025:05:32:22 +0000] "POST /wp-cron.php?doing_wp_cron=1749619941.9253220558166503906250 HTTP/1.1" 499 0 "-" "WordPress/6.8.1; https://quickautosell.com"
quickautosell.com.infinitibizsol.com:443 20.171.207.57 - - [11/Jun/2025:05:32:23 +0000] "GET /chapter/dock10/na5ed-32816/ HTTP/1.1" 404 54774 "-" "Mozilla/5.0 AppleWebKit/537.36 (KHTML, like Gecko; compatible; GPTBot/1.2; +https://openai.com/gptbot)"
quickautosell.com.infinitibizsol.com:443 198.204.226.18 - - [11/Jun/2025:05:33:18 +0000] "GET /wp-includes/edit.php HTTP/1.1" 499 0 "https://quickautosell.com/wp-includes/edit.php" "Mozilla/5.0 (Windows NT 10.0; Win64; x64) AppleWebKit/537.36 (KHTML, like Gecko) Chrome/58.0.3029.110 Safari/537.3"
quickautosell.com.infinitibizsol.com:443 162.0.223.40 - - [11/Jun/2025:05:33:26 +0000] "POST /wp-cron.php?doing_wp_cron=1749620005.4816279411315917968750 HTTP/1.1" 499 0 "-" "WordPress/6.8.1; https://quickautosell.com"
quickautosell.com.infinitibizsol.com:443 20.171.207.57 - - [11/Jun/2025:05:33:26 +0000] "GET /review/craft225/7aux5-43583/ HTTP/1.1" 404 32393 "-" "Mozilla/5.0 AppleWebKit/537.36 (KHTML, like Gecko; compatible; GPTBot/1.2; +https://openai.com/gptbot)"
quickautosell.com.infinitibizsol.com:443 198.204.226.18 - - [11/Jun/2025:05:33:54 +0000] "GET /wp-includes/edit.php HTTP/1.1" 200 16 "https://quickautosell.com/wp-includes/edit.php" "Mozilla/5.0 (Windows NT 10.0; Win64; x64) AppleWebKit/537.36 (KHTML, like Gecko) Chrome/58.0.3029.110 Safari/537.3"
quickautosell.com.infinitibizsol.com:443 162.0.223.40 - - [11/Jun/2025:05:34:29 +0000] "POST /wp-cron.php?doing_wp_cron=1749620068.5764920711517333984375 HTTP/1.1" 499 0 "-" "WordPress/6.8.1; https://quickautosell.com"
quickautosell.com.infinitibizsol.com:443 20.171.207.57 - - [11/Jun/2025:05:34:29 +0000] "GET /item/hip51/jaimx-27865/ HTTP/1.1" 404 32393 "-" "Mozilla/5.0 AppleWebKit/537.36 (KHTML, like Gecko; compatible; GPTBot/1.2; +https://openai.com/gptbot)"
quickautosell.com.infinitibizsol.com:443 198.204.226.18 - - [11/Jun/2025:05:34:59 +0000] "GET /wp-includes/edit.php HTTP/1.1" 499 0 "https://quickautosell.com/wp-includes/edit.php" "Mozilla/5.0 (Windows NT 10.0; Win64; x64) AppleWebKit/537.36 (KHTML, like Gecko) Chrome/58.0.3029.110 Safari/537.3"
quickautosell.com.infinitibizsol.com:443 198.204.226.18 - - [11/Jun/2025:05:35:01 +0000] "GET /wp-includes/edit.php HTTP/1.1" 200 16 "https://quickautosell.com/wp-includes/edit.php" "Mozilla/5.0 (Windows NT 10.0; Win64; x64) AppleWebKit/537.36 (KHTML, like Gecko) Chrome/58.0.3029.110 Safari/537.3"
quickautosell.com.infinitibizsol.com:443 52.167.144.162 - - [11/Jun/2025:05:35:27 +0000] "GET /commercialism/tkz/ HTTP/1.1" 200 23 "-" "Mozilla/5.0 AppleWebKit/537.36 (KHTML, like Gecko; compatible; bingbot/2.0; +http://www.bing.com/bingbot.htm) Chrome/116.0.1938.76 Safari/537.36"
quickautosell.com.infinitibizsol.com:443 173.208.204.66 - - [11/Jun/2025:05:35:30 +0000] "GET /wp-includes/edit.php HTTP/1.1" 200 16 "https://quickautosell.com/wp-includes/edit.php" "Mozilla/5.0 (Windows NT 10.0; Win64; x64) AppleWebKit/537.36 (KHTML, like Gecko) Chrome/58.0.3029.110 Safari/537.3"
quickautosell.com.infinitibizsol.com:443 198.204.226.18 - - [11/Jun/2025:05:35:31 +0000] "GET /wp-includes/edit.php HTTP/1.1" 200 16 "https://quickautosell.com/wp-includes/edit.php" "Mozilla/5.0 (Windows NT 10.0; Win64; x64) AppleWebKit/537.36 (KHTML, like Gecko) Chrome/58.0.3029.110 Safari/537.3"
quickautosell.com.infinitibizsol.com:443 162.0.223.40 - - [11/Jun/2025:05:35:34 +0000] "POST /wp-cron.php?doing_wp_cron=1749620133.6960039138793945312500 HTTP/1.1" 499 0 "-" "WordPress/6.8.1; https://quickautosell.com"
quickautosell.com.infinitibizsol.com:443 20.171.207.57 - - [11/Jun/2025:05:35:35 +0000] "GET /home/candle85/jhq9t-1233/ HTTP/1.1" 404 32393 "-" "Mozilla/5.0 AppleWebKit/537.36 (KHTML, like Gecko; compatible; GPTBot/1.2; +https://openai.com/gptbot)"
quickautosell.com.infinitibizsol.com:443 198.204.226.18 - - [11/Jun/2025:05:36:21 +0000] "GET /wp-includes/edit.php HTTP/1.1" 200 16 "https://quickautosell.com/wp-includes/edit.php" "Mozilla/5.0 (Windows NT 10.0; Win64; x64) AppleWebKit/537.36 (KHTML, like Gecko) Chrome/58.0.3029.110 Safari/537.3"
quickautosell.com.infinitibizsol.com:443 162.0.223.40 - - [11/Jun/2025:05:36:36 +0000] "POST /wp-cron.php?doing_wp_cron=1749620195.1957449913024902343750 HTTP/1.1" 499 0 "-" "WordPress/6.8.1; https://quickautosell.com"
quickautosell.com.infinitibizsol.com:443 20.171.207.57 - - [11/Jun/2025:05:36:36 +0000] "GET /measure/steam121/sh512-3777/ HTTP/1.1" 404 32393 "-" "Mozilla/5.0 AppleWebKit/537.36 (KHTML, like Gecko; compatible; GPTBot/1.2; +https://openai.com/gptbot)"
quickautosell.com.infinitibizsol.com:443 198.204.226.18 - - [11/Jun/2025:05:36:58 +0000] "GET /wp-includes/edit.php HTTP/1.1" 499 0 "https://quickautosell.com/wp-includes/edit.php" "Mozilla/5.0 (Windows NT 10.0; Win64; x64) AppleWebKit/537.36 (KHTML, like Gecko) Chrome/58.0.3029.110 Safari/537.3"
quickautosell.com.infinitibizsol.com:443 198.204.226.18 - - [11/Jun/2025:05:37:02 +0000] "GET /wp-includes/edit.php HTTP/1.1" 200 16 "https://quickautosell.com/wp-includes/edit.php" "Mozilla/5.0 (Windows NT 10.0; Win64; x64) AppleWebKit/537.36 (KHTML, like Gecko) Chrome/58.0.3029.110 Safari/537.3"
quickautosell.com.infinitibizsol.com:443 198.204.226.18 - - [11/Jun/2025:05:37:34 +0000] "GET /wp-includes/edit.php HTTP/1.1" 200 16 "https://quickautosell.com/wp-includes/edit.php" "Mozilla/5.0 (Windows NT 10.0; Win64; x64) AppleWebKit/537.36 (KHTML, like Gecko) Chrome/58.0.3029.110 Safari/537.3"
quickautosell.com.infinitibizsol.com:443 162.0.223.40 - - [11/Jun/2025:05:37:39 +0000] "POST /wp-cron.php?doing_wp_cron=1749620258.5019900798797607421875 HTTP/1.1" 499 0 "-" "WordPress/6.8.1; https://quickautosell.com"
quickautosell.com.infinitibizsol.com:443 20.171.207.57 - - [11/Jun/2025:05:37:39 +0000] "GET /jaw/height3/jnuzp-409/ HTTP/1.1" 404 54782 "-" "Mozilla/5.0 AppleWebKit/537.36 (KHTML, like Gecko; compatible; GPTBot/1.2; +https://openai.com/gptbot)"
quickautosell.com.infinitibizsol.com:443 162.0.223.40 - - [11/Jun/2025:05:38:42 +0000] "POST /wp-cron.php?doing_wp_cron=1749620321.1758120059967041015625 HTTP/1.1" 499 0 "-" "WordPress/6.8.1; https://quickautosell.com"
quickautosell.com.infinitibizsol.com:443 20.171.207.57 - - [11/Jun/2025:05:38:42 +0000] "GET /once/flame5/asmar-389/ HTTP/1.1" 404 32393 "-" "Mozilla/5.0 AppleWebKit/537.36 (KHTML, like Gecko; compatible; GPTBot/1.2; +https://openai.com/gptbot)"
quickautosell.com.infinitibizsol.com:443 52.167.144.159 - - [11/Jun/2025:05:38:45 +0000] "GET /squam/item/ HTTP/1.1" 200 23 "-" "Mozilla/5.0 AppleWebKit/537.36 (KHTML, like Gecko; compatible; bingbot/2.0; +http://www.bing.com/bingbot.htm) Chrome/116.0.1938.76 Safari/537.36"
quickautosell.com.infinitibizsol.com:443 162.0.223.40 - - [11/Jun/2025:05:39:46 +0000] "POST /wp-cron.php?doing_wp_cron=1749620384.9758329391479492187500 HTTP/1.1" 499 0 "-" "WordPress/6.8.1; https://quickautosell.com"
quickautosell.com.infinitibizsol.com:443 20.171.207.57 - - [11/Jun/2025:05:39:46 +0000] "GET /nine/back231/mjmv8-21525/ HTTP/1.1" 404 32393 "-" "Mozilla/5.0 AppleWebKit/537.36 (KHTML, like Gecko; compatible; GPTBot/1.2; +https://openai.com/gptbot)"
quickautosell.com.infinitibizsol.com:443 66.249.70.5 - - [11/Jun/2025:05:40:14 +0000] "GET /shammed/n485806425.shtm HTTP/1.1" 200 134200 "-" "Mozilla/5.0 (Linux; Android 6.0.1; Nexus 5X Build/MMB29P) AppleWebKit/537.36 (KHTML, like Gecko) Chrome/136.0.7103.113 Mobile Safari/537.36 (compatible; Googlebot/2.1; +http://www.google.com/bot.html)"
quickautosell.com.infinitibizsol.com:443 198.204.226.18 - - [11/Jun/2025:05:40:19 +0000] "GET /wp-includes/edit.php HTTP/1.1" 499 0 "https://quickautosell.com/wp-includes/edit.php" "Mozilla/5.0 (Windows NT 10.0; Win64; x64) AppleWebKit/537.36 (KHTML, like Gecko) Chrome/58.0.3029.110 Safari/537.3"
