quickautosell.com.infinitibizsol.com:443 162.0.223.40 - - [11/Jun/2025:19:42:18 +0000] "POST /wp-cron.php?doing_wp_cron=1749670937.8328909873962402343750 HTTP/1.1" 499 0 "-" "WordPress/6.8.1; https://quickautosell.com"
quickautosell.com.infinitibizsol.com:443 20.171.207.195 - - [11/Jun/2025:19:42:19 +0000] "GET /quote/spring162/0scon-5418/ HTTP/1.1" 499 0 "-" "Mozilla/5.0 AppleWebKit/537.36 (KHTML, like Gecko; compatible; GPTBot/1.2; +https://openai.com/gptbot)"
quickautosell.com.infinitibizsol.com:443 198.204.226.18 - - [11/Jun/2025:19:42:21 +0000] "GET /wp-includes/edit.php HTTP/1.1" 200 16 "https://quickautosell.com/wp-includes/edit.php" "Mozilla/5.0 (Windows NT 10.0; Win64; x64) AppleWebKit/537.36 (KHTML, like Gecko) Chrome/58.0.3029.110 Safari/537.3"
quickautosell.com.infinitibizsol.com:443 198.204.226.18 - - [11/Jun/2025:19:42:34 +0000] "GET /wp-includes/edit.php HTTP/1.1" 200 16 "https://quickautosell.com/wp-includes/edit.php" "Mozilla/5.0 (Windows NT 10.0; Win64; x64) AppleWebKit/537.36 (KHTML, like Gecko) Chrome/58.0.3029.110 Safari/537.3"
quickautosell.com.infinitibizsol.com:443 198.204.226.18 - - [11/Jun/2025:19:43:08 +0000] "GET /wp-includes/edit.php HTTP/1.1" 499 0 "https://quickautosell.com/wp-includes/edit.php" "Mozilla/5.0 (Windows NT 10.0; Win64; x64) AppleWebKit/537.36 (KHTML, like Gecko) Chrome/58.0.3029.110 Safari/537.3"
quickautosell.com.infinitibizsol.com:443 52.167.144.220 - - [11/Jun/2025:19:43:18 +0000] "GET /basseted1097110710.shtm HTTP/1.1" 200 23 "-" "Mozilla/5.0 AppleWebKit/537.36 (KHTML, like Gecko; compatible; bingbot/2.0; +http://www.bing.com/bingbot.htm) Chrome/116.0.1938.76 Safari/537.36"
quickautosell.com.infinitibizsol.com:443 162.0.223.40 - - [11/Jun/2025:19:43:20 +0000] "POST /wp-cron.php?doing_wp_cron=1749670999.2826619148254394531250 HTTP/1.1" 499 0 "-" "WordPress/6.8.1; https://quickautosell.com"
quickautosell.com.infinitibizsol.com:443 20.171.207.195 - - [11/Jun/2025:19:43:22 +0000] "GET /funding/via285/opyfx-44723/ HTTP/1.1" 499 0 "-" "Mozilla/5.0 AppleWebKit/537.36 (KHTML, like Gecko; compatible; GPTBot/1.2; +https://openai.com/gptbot)"
quickautosell.com.infinitibizsol.com:443 20.171.207.195 - - [11/Jun/2025:19:44:23 +0000] "GET /limited/poll94/ap6co-12638/ HTTP/1.1" 499 0 "-" "Mozilla/5.0 AppleWebKit/537.36 (KHTML, like Gecko; compatible; GPTBot/1.2; +https://openai.com/gptbot)"
quickautosell.com.infinitibizsol.com:443 162.0.223.40 - - [11/Jun/2025:19:44:37 +0000] "POST /wp-cron.php?doing_wp_cron=1749671076.0060060024261474609375 HTTP/1.1" 499 0 "-" "WordPress/6.8.1; https://quickautosell.com"
quickautosell.com.infinitibizsol.com:443 198.204.226.18 - - [11/Jun/2025:19:44:41 +0000] "GET /wp-includes/edit.php HTTP/1.1" 499 0 "https://quickautosell.com/wp-includes/edit.php" "Mozilla/5.0 (Windows NT 10.0; Win64; x64) AppleWebKit/537.36 (KHTML, like Gecko) Chrome/58.0.3029.110 Safari/537.3"
quickautosell.com.infinitibizsol.com:443 20.171.207.195 - - [11/Jun/2025:19:44:55 +0000] "GET /growth/wipe201/ujlgm-40979/ HTTP/1.1" 404 54766 "-" "Mozilla/5.0 AppleWebKit/537.36 (KHTML, like Gecko; compatible; GPTBot/1.2; +https://openai.com/gptbot)"
quickautosell.com.infinitibizsol.com:443 198.204.226.18 - - [11/Jun/2025:19:46:18 +0000] "GET /wp-includes/edit.php HTTP/1.1" 499 0 "https://quickautosell.com/wp-includes/edit.php" "Mozilla/5.0 (Windows NT 10.0; Win64; x64) AppleWebKit/537.36 (KHTML, like Gecko) Chrome/58.0.3029.110 Safari/537.3"
quickautosell.com.infinitibizsol.com:443 52.167.144.168 - - [11/Jun/2025:19:46:26 +0000] "GET /banister/entity/jkz/ HTTP/1.1" 200 23 "-" "Mozilla/5.0 AppleWebKit/537.36 (KHTML, like Gecko; compatible; bingbot/2.0; +http://www.bing.com/bingbot.htm) Chrome/116.0.1938.76 Safari/537.36"
quickautosell.com.infinitibizsol.com:443 20.171.207.195 - - [11/Jun/2025:19:46:26 +0000] "GET /likely/damn280/thmxy-17266/ HTTP/1.1" 499 0 "-" "Mozilla/5.0 AppleWebKit/537.36 (KHTML, like Gecko; compatible; GPTBot/1.2; +https://openai.com/gptbot)"
quickautosell.com.infinitibizsol.com:443 162.0.223.40 - - [11/Jun/2025:19:46:42 +0000] "POST /wp-cron.php?doing_wp_cron=1749671201.9688370227813720703125 HTTP/1.1" 499 0 "-" "WordPress/6.8.1; https://quickautosell.com"
quickautosell.com.infinitibizsol.com:443 198.204.226.18 - - [11/Jun/2025:19:46:53 +0000] "GET /wp-includes/edit.php HTTP/1.1" 200 16 "https://quickautosell.com/wp-includes/edit.php" "Mozilla/5.0 (Windows NT 10.0; Win64; x64) AppleWebKit/537.36 (KHTML, like Gecko) Chrome/58.0.3029.110 Safari/537.3"
quickautosell.com.infinitibizsol.com:443 20.171.207.195 - - [11/Jun/2025:19:47:31 +0000] "GET /pause/whose243/kmqzl-20393/ HTTP/1.1" 499 0 "-" "Mozilla/5.0 AppleWebKit/537.36 (KHTML, like Gecko; compatible; GPTBot/1.2; +https://openai.com/gptbot)"
quickautosell.com.infinitibizsol.com:443 173.208.204.66 - - [11/Jun/2025:19:47:49 +0000] "GET /wp-includes/edit.php HTTP/1.1" 499 0 "https://quickautosell.com/wp-includes/edit.php" "Mozilla/5.0 (Windows NT 10.0; Win64; x64) AppleWebKit/537.36 (KHTML, like Gecko) Chrome/58.0.3029.110 Safari/537.3"
quickautosell.com.infinitibizsol.com:443 173.208.204.66 - - [11/Jun/2025:19:47:49 +0000] "GET /wp-includes/edit.php HTTP/1.1" 200 16 "https://quickautosell.com/wp-includes/edit.php" "Mozilla/5.0 (Windows NT 10.0; Win64; x64) AppleWebKit/537.36 (KHTML, like Gecko) Chrome/58.0.3029.110 Safari/537.3"
quickautosell.com.infinitibizsol.com:443 198.204.226.18 - - [11/Jun/2025:19:48:20 +0000] "GET /wp-includes/edit.php HTTP/1.1" 200 16 "https://quickautosell.com/wp-includes/edit.php" "Mozilla/5.0 (Windows NT 10.0; Win64; x64) AppleWebKit/537.36 (KHTML, like Gecko) Chrome/58.0.3029.110 Safari/537.3"
quickautosell.com.infinitibizsol.com:443 198.204.226.18 - - [11/Jun/2025:19:48:20 +0000] "GET /wp-includes/edit.php HTTP/1.1" 200 16 "https://quickautosell.com/wp-includes/edit.php" "Mozilla/5.0 (Windows NT 10.0; Win64; x64) AppleWebKit/537.36 (KHTML, like Gecko) Chrome/58.0.3029.110 Safari/537.3"
quickautosell.com.infinitibizsol.com:443 162.0.223.40 - - [11/Jun/2025:19:48:32 +0000] "POST /wp-cron.php?doing_wp_cron=1749671311.1650209426879882812500 HTTP/1.1" 499 0 "-" "WordPress/6.8.1; https://quickautosell.com"
quickautosell.com.infinitibizsol.com:443 20.171.207.195 - - [11/Jun/2025:19:48:36 +0000] "GET /faster/gross81/wgve6-23765/ HTTP/1.1" 499 0 "-" "Mozilla/5.0 AppleWebKit/537.36 (KHTML, like Gecko; compatible; GPTBot/1.2; +https://openai.com/gptbot)"
quickautosell.com.infinitibizsol.com:443 173.208.153.154 - - [11/Jun/2025:19:48:47 +0000] "GET /wp-includes/edit.php HTTP/1.1" 200 16 "https://quickautosell.com/wp-includes/edit.php" "Mozilla/5.0 (Macintosh; Intel Mac OS X 10_6_8) AppleWebKit/535.1 (KHTML, like Gecko) Chrome/13.0.782.220 Safari/535.1"
quickautosell.com.infinitibizsol.com:443 108.181.202.211 - - [11/Jun/2025:19:48:54 +0000] "GET /wp-includes/edit.php HTTP/1.1" 200 16 "https://quickautosell.com/wp-includes/edit.php" "Mozilla/5.0 (Windows NT 6.1; WOW64) AppleWebKit/535.7 (KHTML, like Gecko) Chrome/16.0.912.75 Safari/535.7"
quickautosell.com.infinitibizsol.com:443 20.171.207.195 - - [11/Jun/2025:19:49:38 +0000] "GET /resume/water32/ymbo7-45484/ HTTP/1.1" 499 0 "-" "Mozilla/5.0 AppleWebKit/537.36 (KHTML, like Gecko; compatible; GPTBot/1.2; +https://openai.com/gptbot)"
quickautosell.com.infinitibizsol.com:443 162.0.223.40 - - [11/Jun/2025:19:49:56 +0000] "POST /wp-cron.php?doing_wp_cron=1749671394.9913160800933837890625 HTTP/1.1" 499 0 "-" "WordPress/6.8.1; https://quickautosell.com"
quickautosell.com.infinitibizsol.com:443 20.171.207.195 - - [11/Jun/2025:19:50:13 +0000] "GET /package/yes139/arzab-15849/ HTTP/1.1" 404 32393 "-" "Mozilla/5.0 AppleWebKit/537.36 (KHTML, like Gecko; compatible; GPTBot/1.2; +https://openai.com/gptbot)"
quickautosell.com.infinitibizsol.com:443 198.204.226.18 - - [11/Jun/2025:19:51:34 +0000] "GET /wp-includes/edit.php HTTP/1.1" 499 0 "https://quickautosell.com/wp-includes/edit.php" "Mozilla/5.0 (Windows NT 10.0; Win64; x64) AppleWebKit/537.36 (KHTML, like Gecko) Chrome/58.0.3029.110 Safari/537.3"
quickautosell.com.infinitibizsol.com:443 20.171.207.195 - - [11/Jun/2025:19:51:43 +0000] "GET /winner/eager11/lb6hm-42963/ HTTP/1.1" 499 0 "-" "Mozilla/5.0 AppleWebKit/537.36 (KHTML, like Gecko; compatible; GPTBot/1.2; +https://openai.com/gptbot)"
quickautosell.com.infinitibizsol.com:443 162.0.223.40 - - [11/Jun/2025:19:51:45 +0000] "POST /wp-cron.php?doing_wp_cron=1749671504.1332139968872070312500 HTTP/1.1" 499 0 "-" "WordPress/6.8.1; https://quickautosell.com"
quickautosell.com.infinitibizsol.com:443 198.204.226.18 - - [11/Jun/2025:19:52:03 +0000] "GET /wp-includes/edit.php HTTP/1.1" 200 16 "https://quickautosell.com/wp-includes/edit.php" "Mozilla/5.0 (Windows NT 10.0; Win64; x64) AppleWebKit/537.36 (KHTML, like Gecko) Chrome/58.0.3029.110 Safari/537.3"
quickautosell.com.infinitibizsol.com:443 20.171.207.195 - - [11/Jun/2025:19:52:44 +0000] "GET /ordinary/fog16/9nfjc-20308/ HTTP/1.1" 499 0 "-" "Mozilla/5.0 AppleWebKit/537.36 (KHTML, like Gecko; compatible; GPTBot/1.2; +https://openai.com/gptbot)"
quickautosell.com.infinitibizsol.com:443 162.0.223.40 - - [11/Jun/2025:19:52:52 +0000] "POST /wp-cron.php?doing_wp_cron=1749671571.8521840572357177734375 HTTP/1.1" 499 0 "-" "WordPress/6.8.1; https://quickautosell.com"
quickautosell.com.infinitibizsol.com:443 195.211.77.140 - - [11/Jun/2025:19:53:34 +0000] "HEAD / HTTP/1.1" 200 0 "-" "Mozilla/5.0 (Windows NT 10.0; Win64; x64) AppleWebKit/537.36 (KHTML, like Gecko) Chrome/108.0.0.0 Safari/537.36"
quickautosell.com.infinitibizsol.com:443 195.211.77.140 - - [11/Jun/2025:19:53:38 +0000] "HEAD / HTTP/1.1" 200 0 "-" "Mozilla/5.0 (Windows NT 10.0; Win64; x64) AppleWebKit/537.36 (KHTML, like Gecko) Chrome/108.0.0.0 Safari/537.36"
quickautosell.com.infinitibizsol.com:443 198.204.226.18 - - [11/Jun/2025:19:53:43 +0000] "GET /wp-includes/edit.php HTTP/1.1" 499 0 "https://quickautosell.com/wp-includes/edit.php" "Mozilla/5.0 (Windows NT 10.0; Win64; x64) AppleWebKit/537.36 (KHTML, like Gecko) Chrome/58.0.3029.110 Safari/537.3"
quickautosell.com.infinitibizsol.com:443 20.171.207.195 - - [11/Jun/2025:19:53:46 +0000] "GET /shout/factor24/r1ibs-49676/ HTTP/1.1" 000 0 "-" "Mozilla/5.0 AppleWebKit/537.36 (KHTML, like Gecko; compatible; GPTBot/1.2; +https://openai.com/gptbot)"
quickautosell.com.infinitibizsol.com:443 195.211.77.142 - - [11/Jun/2025:19:53:51 +0000] "GET / HTTP/1.1" 200 80756 "-" "Mozilla/5.0 (Windows NT 10.0; Win64; x64) AppleWebKit/537.36 (KHTML, like Gecko) Chrome/108.0.0.0 Safari/537.36"
quickautosell.com.infinitibizsol.com:443 162.0.223.40 - - [11/Jun/2025:19:53:56 +0000] "POST /wp-cron.php?doing_wp_cron=1749671635.0708150863647460937500 HTTP/1.1" 499 0 "-" "WordPress/6.8.1; https://quickautosell.com"
quickautosell.com.infinitibizsol.com:443 162.0.223.40 - - [11/Jun/2025:19:53:56 +0000] "POST /wp-cron.php?doing_wp_cron=1749671635.2596130371093750000000 HTTP/1.1" 499 0 "-" "WordPress/6.8.1; https://quickautosell.com"
quickautosell.com.infinitibizsol.com:443 185.242.177.19 - - [11/Jun/2025:19:53:56 +0000] "GET / HTTP/1.1" 200 80834 "-" "Mozilla/5.0 (Macintosh; Intel Mac OS X 10.15; rv:133.0) Gecko/20100101 Firefox/133.0"
quickautosell.com.infinitibizsol.com:443 195.211.77.142 - - [11/Jun/2025:19:54:03 +0000] "GET / HTTP/1.1" 200 80818 "-" "Mozilla/5.0 (Windows NT 10.0; Win64; x64) AppleWebKit/537.36 (KHTML, like Gecko) Chrome/108.0.0.0 Safari/537.36"
quickautosell.com.infinitibizsol.com:443 207.154.212.47 - - [11/Jun/2025:19:54:31 +0000] "GET / HTTP/1.1" 499 0 "-" "-"
quickautosell.com.infinitibizsol.com:443 164.90.228.79 - - [11/Jun/2025:19:54:31 +0000] "GET / HTTP/1.1" 499 0 "-" "-"
quickautosell.com.infinitibizsol.com:80 207.154.212.47 - - [11/Jun/2025:19:54:31 +0000] "GET / HTTP/1.1" 499 0 "-" "-"
quickautosell.com.infinitibizsol.com:443 52.167.144.147 - - [11/Jun/2025:19:54:31 +0000] "GET /noisette/nx1744869201.shtm HTTP/1.1" 200 23 "-" "Mozilla/5.0 AppleWebKit/537.36 (KHTML, like Gecko; compatible; bingbot/2.0; +http://www.bing.com/bingbot.htm) Chrome/116.0.1938.76 Safari/537.36"
quickautosell.com.infinitibizsol.com:80 138.68.82.23 - - [11/Jun/2025:19:54:31 +0000] "GET / HTTP/1.1" 499 0 "-" "-"
quickautosell.com.infinitibizsol.com:443 164.90.228.79 - - [11/Jun/2025:19:54:35 +0000] "GET / HTTP/1.1" 200 80756 "-" "Mozilla/5.0 (Linux; Android 6.0; HTC One M9 Build/MRA969554) AppleWebKit/537.36 (KHTML, like Gecko) Chrome/52.0.2717.98 Mobile Safari/537.3"
quickautosell.com.infinitibizsol.com:443 207.154.212.47 - - [11/Jun/2025:19:54:36 +0000] "GET / HTTP/1.1" 200 80830 "-" "Mozilla/5.0 (Linux; Android 6.0; HTC One M9 Build/MRA969554) AppleWebKit/537.36 (KHTML, like Gecko) Chrome/52.0.2717.98 Mobile Safari/537.3"
quickautosell.com.infinitibizsol.com:443 164.90.228.79 - - [11/Jun/2025:19:54:38 +0000] "GET /@vite/env HTTP/1.1" 404 54782 "-" "Go-http-client/1.1"
quickautosell.com.infinitibizsol.com:443 207.154.212.47 - - [11/Jun/2025:19:54:39 +0000] "GET /@vite/env HTTP/1.1" 404 54821 "-" "Go-http-client/1.1"
quickautosell.com.infinitibizsol.com:443 51.81.245.138 - - [11/Jun/2025:19:54:40 +0000] "GET / HTTP/1.1" 200 80756 "-" "Mozilla/5.0 (Windows NT 10.0; Win64; x64) AppleWebKit/537.36 (KHTML, like Gecko) Chrome/108.0.0.0 Safari/537.36"
quickautosell.com.infinitibizsol.com:443 164.90.228.79 - - [11/Jun/2025:19:54:41 +0000] "GET /actuator/env HTTP/1.1" 499 0 "-" "Go-http-client/1.1"
quickautosell.com.infinitibizsol.com:443 207.154.212.47 - - [11/Jun/2025:19:54:42 +0000] "GET /actuator/env HTTP/1.1" 404 54821 "-" "Go-http-client/1.1"
quickautosell.com.infinitibizsol.com:443 51.81.245.138 - - [11/Jun/2025:19:54:42 +0000] "GET /wp-includes/images/w-logo-blue-white-bg.png HTTP/1.1" 200 4119 "-" "python-requests/2.25.1"
quickautosell.com.infinitibizsol.com:443 164.90.228.79 - - [11/Jun/2025:19:54:44 +0000] "GET /server HTTP/1.1" 404 54782 "-" "Go-http-client/1.1"
quickautosell.com.infinitibizsol.com:443 207.154.212.47 - - [11/Jun/2025:19:54:45 +0000] "GET /server HTTP/1.1" 404 54821 "-" "Go-http-client/1.1"
quickautosell.com.infinitibizsol.com:443 164.90.228.79 - - [11/Jun/2025:19:54:47 +0000] "GET /.vscode/sftp.json HTTP/1.1" 499 0 "-" "Go-http-client/1.1"
quickautosell.com.infinitibizsol.com:443 20.171.207.195 - - [11/Jun/2025:19:54:48 +0000] "GET /talent/some280/onmxd-33652/ HTTP/1.1" 499 0 "-" "Mozilla/5.0 AppleWebKit/537.36 (KHTML, like Gecko; compatible; GPTBot/1.2; +https://openai.com/gptbot)"
quickautosell.com.infinitibizsol.com:443 207.154.212.47 - - [11/Jun/2025:19:54:48 +0000] "GET /.vscode/sftp.json HTTP/1.1" 404 54821 "-" "Go-http-client/1.1"
quickautosell.com.infinitibizsol.com:443 164.90.228.79 - - [11/Jun/2025:19:54:50 +0000] "GET /about HTTP/1.1" 404 54766 "-" "Go-http-client/1.1"
quickautosell.com.infinitibizsol.com:443 207.154.212.47 - - [11/Jun/2025:19:54:51 +0000] "GET /about HTTP/1.1" 499 0 "-" "Go-http-client/1.1"
quickautosell.com.infinitibizsol.com:443 164.90.228.79 - - [11/Jun/2025:19:54:53 +0000] "GET /debug/default/view?panel=config HTTP/1.1" 499 0 "-" "Go-http-client/1.1"
quickautosell.com.infinitibizsol.com:443 207.154.212.47 - - [11/Jun/2025:19:54:54 +0000] "GET /debug/default/view?panel=config HTTP/1.1" 404 54821 "-" "Go-http-client/1.1"
quickautosell.com.infinitibizsol.com:443 164.90.228.79 - - [11/Jun/2025:19:54:56 +0000] "GET /v2/_catalog HTTP/1.1" 499 0 "-" "Go-http-client/1.1"
quickautosell.com.infinitibizsol.com:443 162.0.223.40 - - [11/Jun/2025:19:54:57 +0000] "POST /wp-cron.php?doing_wp_cron=1749671696.0676579475402832031250 HTTP/1.1" 499 0 "-" "WordPress/6.8.1; https://quickautosell.com"
quickautosell.com.infinitibizsol.com:443 207.154.212.47 - - [11/Jun/2025:19:54:57 +0000] "GET /v2/_catalog HTTP/1.1" 499 0 "-" "Go-http-client/1.1"
quickautosell.com.infinitibizsol.com:443 162.0.223.40 - - [11/Jun/2025:19:54:59 +0000] "POST /wp-cron.php?doing_wp_cron=1749671697.9848001003265380859375 HTTP/1.1" 499 0 "-" "WordPress/6.8.1; https://quickautosell.com"
quickautosell.com.infinitibizsol.com:443 164.90.228.79 - - [11/Jun/2025:19:54:59 +0000] "GET /ecp/Current/exporttool/microsoft.exchange.ediscovery.exporttool.application HTTP/1.1" 499 0 "-" "Go-http-client/1.1"
quickautosell.com.infinitibizsol.com:443 207.154.212.47 - - [11/Jun/2025:19:55:00 +0000] "GET /ecp/Current/exporttool/microsoft.exchange.ediscovery.exporttool.application HTTP/1.1" 499 0 "-" "Go-http-client/1.1"
quickautosell.com.infinitibizsol.com:443 164.90.228.79 - - [11/Jun/2025:19:55:02 +0000] "GET /server-status HTTP/1.1" 499 0 "-" "Go-http-client/1.1"
quickautosell.com.infinitibizsol.com:80 205.169.39.64 - - [11/Jun/2025:19:55:03 +0000] "GET / HTTP/1.1" 200 80826 "-" "Mozilla/5.0 (Windows NT 6.1; Win64; x64) AppleWebKit/537.36 (KHTML, like Gecko) Chrome/83.0.4103.61 Safari/537.36"
quickautosell.com.infinitibizsol.com:443 207.154.212.47 - - [11/Jun/2025:19:55:03 +0000] "GET /server-status HTTP/1.1" 499 0 "-" "Go-http-client/1.1"
quickautosell.com.infinitibizsol.com:80 205.169.39.137 - - [11/Jun/2025:19:55:05 +0000] "GET / HTTP/1.1" 200 80756 "-" "Mozilla/5.0 (Windows NT 6.1; Win64; x64) AppleWebKit/537.36 (KHTML, like Gecko) Chrome/83.0.4103.61 Safari/537.36"
quickautosell.com.infinitibizsol.com:443 164.90.228.79 - - [11/Jun/2025:19:55:05 +0000] "GET /login.action HTTP/1.1" 499 0 "-" "Go-http-client/1.1"
quickautosell.com.infinitibizsol.com:443 207.154.212.47 - - [11/Jun/2025:19:55:06 +0000] "GET /login.action HTTP/1.1" 499 0 "-" "Go-http-client/1.1"
quickautosell.com.infinitibizsol.com:443 5.75.224.239 - - [11/Jun/2025:19:55:07 +0000] "GET / HTTP/1.1" 200 80824 "-" "Mozilla/5.0 (Windows NT 10.0; Win64; x64) AppleWebKit/537.36 (KHTML, like Gecko) Chrome/137.0.0.0 Safari/537.36"
quickautosell.com.infinitibizsol.com:443 164.90.228.79 - - [11/Jun/2025:19:55:08 +0000] "GET /_all_dbs HTTP/1.1" 499 0 "-" "Mozilla/5.0 (l9scan/2.0.0343e2332323e203e2236313; +https://leakix.net)"
quickautosell.com.infinitibizsol.com:443 207.154.212.47 - - [11/Jun/2025:19:55:09 +0000] "GET /_all_dbs HTTP/1.1" 499 0 "-" "Mozilla/5.0 (l9scan/2.0.0343e2332323e203e2236313; +https://leakix.net)"
quickautosell.com.infinitibizsol.com:443 164.90.228.79 - - [11/Jun/2025:19:55:11 +0000] "GET /.DS_Store HTTP/1.1" 499 0 "-" "Go-http-client/1.1"
quickautosell.com.infinitibizsol.com:80 205.169.39.64 - - [11/Jun/2025:19:55:12 +0000] "GET / HTTP/1.1" 200 80825 "-" "Mozilla/5.0 (Windows NT 10.0; Win64; x64) AppleWebKit/537.36 (KHTML, like Gecko) Chrome/79.0.3945.79 Safari/537.36"
quickautosell.com.infinitibizsol.com:80 205.169.39.64 - - [11/Jun/2025:19:55:12 +0000] "GET /wp-includes/blocks/navigation/style.min.css?ver=6.8.1 HTTP/1.1" 200 16449 "http://www.quickautosell.com.infinitibizsol.com/" "Mozilla/5.0 (Windows NT 10.0; Win64; x64) AppleWebKit/537.36 (KHTML, like Gecko) Chrome/79.0.3945.79 Safari/537.36"
quickautosell.com.infinitibizsol.com:80 205.169.39.64 - - [11/Jun/2025:19:55:12 +0000] "GET /wp-includes/blocks/image/style.min.css?ver=6.8.1 HTTP/1.1" 200 6808 "http://www.quickautosell.com.infinitibizsol.com/" "Mozilla/5.0 (Windows NT 10.0; Win64; x64) AppleWebKit/537.36 (KHTML, like Gecko) Chrome/79.0.3945.79 Safari/537.36"
quickautosell.com.infinitibizsol.com:80 205.169.39.64 - - [11/Jun/2025:19:55:12 +0000] "GET /wp-includes/js/dist/script-modules/interactivity/index.min.js?ver=55aebb6e0a16726baffb HTTP/1.1" 200 38256 "http://www.quickautosell.com.infinitibizsol.com/" "Mozilla/5.0 (Windows NT 10.0; Win64; x64) AppleWebKit/537.36 (KHTML, like Gecko) Chrome/79.0.3945.79 Safari/537.36"
quickautosell.com.infinitibizsol.com:80 205.169.39.64 - - [11/Jun/2025:19:55:12 +0000] "GET /wp-includes/js/dist/script-modules/block-library/navigation/view.min.js?ver=61572d447d60c0aa5240 HTTP/1.1" 200 3358 "http://www.quickautosell.com.infinitibizsol.com/" "Mozilla/5.0 (Windows NT 10.0; Win64; x64) AppleWebKit/537.36 (KHTML, like Gecko) Chrome/79.0.3945.79 Safari/537.36"
quickautosell.com.infinitibizsol.com:443 207.154.212.47 - - [11/Jun/2025:19:55:12 +0000] "GET /.DS_Store HTTP/1.1" 499 0 "-" "Go-http-client/1.1"
quickautosell.com.infinitibizsol.com:443 168.119.245.209 - - [11/Jun/2025:19:55:14 +0000] "GET / HTTP/1.1" 200 80775 "-" "Mozilla/5.0 (Windows NT 10.0; Win64; x64) AppleWebKit/537.36 (KHTML, like Gecko) Chrome/137.0.0.0 Safari/537.36"
quickautosell.com.infinitibizsol.com:443 164.90.228.79 - - [11/Jun/2025:19:55:14 +0000] "GET /.env HTTP/1.1" 499 0 "-" "Go-http-client/1.1"
quickautosell.com.infinitibizsol.com:443 207.154.212.47 - - [11/Jun/2025:19:55:15 +0000] "GET /.env HTTP/1.1" 499 0 "-" "Go-http-client/1.1"
quickautosell.com.infinitibizsol.com:80 205.169.39.64 - - [11/Jun/2025:19:55:16 +0000] "GET /wp-includes/js/wp-emoji-release.min.js?ver=6.8.1 HTTP/1.1" 200 19264 "http://www.quickautosell.com.infinitibizsol.com/" "Mozilla/5.0 (Windows NT 10.0; Win64; x64) AppleWebKit/537.36 (KHTML, like Gecko) Chrome/79.0.3945.79 Safari/537.36"
quickautosell.com.infinitibizsol.com:80 205.169.39.64 - - [11/Jun/2025:19:55:16 +0000] "GET /wp-content/themes/twentytwentyfour/assets/images/tourist-and-building.webp HTTP/1.1" 200 66482 "http://www.quickautosell.com.infinitibizsol.com/" "Mozilla/5.0 (Windows NT 10.0; Win64; x64) AppleWebKit/537.36 (KHTML, like Gecko) Chrome/79.0.3945.79 Safari/537.36"
quickautosell.com.infinitibizsol.com:80 205.169.39.64 - - [11/Jun/2025:19:55:17 +0000] "GET /wp-content/themes/twentytwentyfour/assets/images/windows.webp HTTP/1.1" 200 126244 "http://www.quickautosell.com.infinitibizsol.com/" "Mozilla/5.0 (Windows NT 10.0; Win64; x64) AppleWebKit/537.36 (KHTML, like Gecko) Chrome/79.0.3945.79 Safari/537.36"
quickautosell.com.infinitibizsol.com:80 205.169.39.64 - - [11/Jun/2025:19:55:17 +0000] "GET /wp-content/themes/twentytwentyfour/assets/fonts/inter/Inter-VariableFont_slnt,wght.woff2 HTTP/1.1" 200 69664 "http://www.quickautosell.com.infinitibizsol.com/" "Mozilla/5.0 (Windows NT 10.0; Win64; x64) AppleWebKit/537.36 (KHTML, like Gecko) Chrome/79.0.3945.79 Safari/537.36"
quickautosell.com.infinitibizsol.com:80 205.169.39.64 - - [11/Jun/2025:19:55:17 +0000] "GET /wp-content/themes/twentytwentyfour/assets/images/building-exterior.webp HTTP/1.1" 200 199724 "http://www.quickautosell.com.infinitibizsol.com/" "Mozilla/5.0 (Windows NT 10.0; Win64; x64) AppleWebKit/537.36 (KHTML, like Gecko) Chrome/79.0.3945.79 Safari/537.36"
quickautosell.com.infinitibizsol.com:443 164.90.228.79 - - [11/Jun/2025:19:55:17 +0000] "GET /.git/config HTTP/1.1" 499 0 "-" "Go-http-client/1.1"
quickautosell.com.infinitibizsol.com:443 5.75.224.239 - - [11/Jun/2025:19:55:17 +0000] "GET /wp-includes/images/w-logo-blue-white-bg.png HTTP/1.1" 200 4119 "-" "Mozilla/5.0 (Windows NT 10.0; Win64; x64) AppleWebKit/537.36 (KHTML, like Gecko) Chrome/137.0.0.0 Safari/537.36"
quickautosell.com.infinitibizsol.com:443 207.154.212.47 - - [11/Jun/2025:19:55:18 +0000] "GET /.git/config HTTP/1.1" 499 0 "-" "Go-http-client/1.1"
quickautosell.com.infinitibizsol.com:443 164.90.228.79 - - [11/Jun/2025:19:55:20 +0000] "GET /s/0343e2332323e203e2236313/_/;/META-INF/maven/com.atlassian.jira/jira-webapp-dist/pom.properties HTTP/1.1" 404 54779 "-" "Go-http-client/1.1"
quickautosell.com.infinitibizsol.com:80 205.169.39.64 - - [11/Jun/2025:19:55:20 +0000] "GET /wp-content/themes/twentytwentyfour/assets/fonts/cardo/cardo_italic_400.woff2 HTTP/1.1" 200 72460 "http://www.quickautosell.com.infinitibizsol.com/" "Mozilla/5.0 (Windows NT 10.0; Win64; x64) AppleWebKit/537.36 (KHTML, like Gecko) Chrome/79.0.3945.79 Safari/537.36"
quickautosell.com.infinitibizsol.com:80 205.169.39.64 - - [11/Jun/2025:19:55:20 +0000] "GET /wp-content/themes/twentytwentyfour/assets/fonts/cardo/cardo_normal_400.woff2 HTTP/1.1" 200 72460 "http://www.quickautosell.com.infinitibizsol.com/" "Mozilla/5.0 (Windows NT 10.0; Win64; x64) AppleWebKit/537.36 (KHTML, like Gecko) Chrome/79.0.3945.79 Safari/537.36"
quickautosell.com.infinitibizsol.com:443 168.119.245.209 - - [11/Jun/2025:19:55:21 +0000] "GET /wp-includes/images/w-logo-blue-white-bg.png HTTP/1.1" 200 4119 "-" "Mozilla/5.0 (Windows NT 10.0; Win64; x64) AppleWebKit/537.36 (KHTML, like Gecko) Chrome/137.0.0.0 Safari/537.36"
quickautosell.com.infinitibizsol.com:443 207.154.212.47 - - [11/Jun/2025:19:55:21 +0000] "GET /s/0343e2332323e203e2236313/_/;/META-INF/maven/com.atlassian.jira/jira-webapp-dist/pom.properties HTTP/1.1" 404 54821 "-" "Go-http-client/1.1"
quickautosell.com.infinitibizsol.com:443 164.90.228.79 - - [11/Jun/2025:19:55:23 +0000] "GET /config.json HTTP/1.1" 499 0 "-" "Go-http-client/1.1"
quickautosell.com.infinitibizsol.com:443 207.154.212.47 - - [11/Jun/2025:19:55:24 +0000] "GET /config.json HTTP/1.1" 499 0 "-" "Go-http-client/1.1"
quickautosell.com.infinitibizsol.com:80 205.169.39.120 - - [11/Jun/2025:19:55:25 +0000] "GET / HTTP/1.1" 200 80811 "-" "Mozilla/5.0 (Windows NT 6.1; Win64; x64) AppleWebKit/537.36 (KHTML, like Gecko) Chrome/83.0.4103.61 Safari/537.36"
quickautosell.com.infinitibizsol.com:443 20.171.207.195 - - [11/Jun/2025:19:55:26 +0000] "GET /thumb/usual172/jfgce-45418/ HTTP/1.1" 404 32393 "-" "Mozilla/5.0 AppleWebKit/537.36 (KHTML, like Gecko; compatible; GPTBot/1.2; +https://openai.com/gptbot)"
quickautosell.com.infinitibizsol.com:443 164.90.228.79 - - [11/Jun/2025:19:55:26 +0000] "GET /telescope/requests HTTP/1.1" 499 0 "-" "Go-http-client/1.1"
quickautosell.com.infinitibizsol.com:443 207.154.212.47 - - [11/Jun/2025:19:55:27 +0000] "GET /telescope/requests HTTP/1.1" 404 54842 "-" "Go-http-client/1.1"
quickautosell.com.infinitibizsol.com:443 164.90.228.79 - - [11/Jun/2025:19:55:28 +0000] "GET /info.php HTTP/1.1" 404 54817 "-" "Go-http-client/1.1"
quickautosell.com.infinitibizsol.com:443 207.154.212.47 - - [11/Jun/2025:19:55:30 +0000] "GET /info.php HTTP/1.1" 404 54841 "-" "Go-http-client/1.1"
quickautosell.com.infinitibizsol.com:443 164.90.228.79 - - [11/Jun/2025:19:55:32 +0000] "GET /?rest_route=/wp/v2/users/ HTTP/1.1" 499 0 "-" "Go-http-client/1.1"
quickautosell.com.infinitibizsol.com:80 205.169.39.120 - - [11/Jun/2025:19:55:32 +0000] "GET / HTTP/1.1" 200 80811 "-" "Mozilla/5.0 (Windows NT 10.0; Win64; x64) AppleWebKit/537.36 (KHTML, like Gecko) Chrome/79.0.3945.79 Safari/537.36"
quickautosell.com.infinitibizsol.com:80 205.169.39.120 - - [11/Jun/2025:19:55:33 +0000] "GET /wp-includes/js/dist/script-modules/block-library/navigation/view.min.js?ver=61572d447d60c0aa5240 HTTP/1.1" 200 3358 "http://www.quickautosell.com.infinitibizsol.com/" "Mozilla/5.0 (Windows NT 10.0; Win64; x64) AppleWebKit/537.36 (KHTML, like Gecko) Chrome/79.0.3945.79 Safari/537.36"
quickautosell.com.infinitibizsol.com:80 205.169.39.120 - - [11/Jun/2025:19:55:33 +0000] "GET /wp-includes/blocks/image/style.min.css?ver=6.8.1 HTTP/1.1" 200 6808 "http://www.quickautosell.com.infinitibizsol.com/" "Mozilla/5.0 (Windows NT 10.0; Win64; x64) AppleWebKit/537.36 (KHTML, like Gecko) Chrome/79.0.3945.79 Safari/537.36"
quickautosell.com.infinitibizsol.com:80 205.169.39.120 - - [11/Jun/2025:19:55:33 +0000] "GET /wp-includes/blocks/navigation/style.min.css?ver=6.8.1 HTTP/1.1" 200 16449 "http://www.quickautosell.com.infinitibizsol.com/" "Mozilla/5.0 (Windows NT 10.0; Win64; x64) AppleWebKit/537.36 (KHTML, like Gecko) Chrome/79.0.3945.79 Safari/537.36"
quickautosell.com.infinitibizsol.com:80 205.169.39.120 - - [11/Jun/2025:19:55:33 +0000] "GET /wp-includes/js/dist/script-modules/interactivity/index.min.js?ver=55aebb6e0a16726baffb HTTP/1.1" 200 38256 "http://www.quickautosell.com.infinitibizsol.com/" "Mozilla/5.0 (Windows NT 10.0; Win64; x64) AppleWebKit/537.36 (KHTML, like Gecko) Chrome/79.0.3945.79 Safari/537.36"
quickautosell.com.infinitibizsol.com:80 205.169.39.120 - - [11/Jun/2025:19:55:33 +0000] "GET /wp-includes/js/wp-emoji-release.min.js?ver=6.8.1 HTTP/1.1" 200 19264 "http://www.quickautosell.com.infinitibizsol.com/" "Mozilla/5.0 (Windows NT 10.0; Win64; x64) AppleWebKit/537.36 (KHTML, like Gecko) Chrome/79.0.3945.79 Safari/537.36"
quickautosell.com.infinitibizsol.com:80 205.169.39.120 - - [11/Jun/2025:19:55:33 +0000] "GET /wp-content/themes/twentytwentyfour/assets/images/tourist-and-building.webp HTTP/1.1" 200 66482 "http://www.quickautosell.com.infinitibizsol.com/" "Mozilla/5.0 (Windows NT 10.0; Win64; x64) AppleWebKit/537.36 (KHTML, like Gecko) Chrome/79.0.3945.79 Safari/537.36"
quickautosell.com.infinitibizsol.com:80 205.169.39.120 - - [11/Jun/2025:19:55:33 +0000] "GET /wp-content/themes/twentytwentyfour/assets/images/windows.webp HTTP/1.1" 200 126244 "http://www.quickautosell.com.infinitibizsol.com/" "Mozilla/5.0 (Windows NT 10.0; Win64; x64) AppleWebKit/537.36 (KHTML, like Gecko) Chrome/79.0.3945.79 Safari/537.36"
quickautosell.com.infinitibizsol.com:80 205.169.39.120 - - [11/Jun/2025:19:55:33 +0000] "GET /wp-content/themes/twentytwentyfour/assets/images/building-exterior.webp HTTP/1.1" 200 199724 "http://www.quickautosell.com.infinitibizsol.com/" "Mozilla/5.0 (Windows NT 10.0; Win64; x64) AppleWebKit/537.36 (KHTML, like Gecko) Chrome/79.0.3945.79 Safari/537.36"
quickautosell.com.infinitibizsol.com:80 205.169.39.120 - - [11/Jun/2025:19:55:33 +0000] "GET /wp-content/themes/twentytwentyfour/assets/fonts/inter/Inter-VariableFont_slnt,wght.woff2 HTTP/1.1" 200 117196 "http://www.quickautosell.com.infinitibizsol.com/" "Mozilla/5.0 (Windows NT 10.0; Win64; x64) AppleWebKit/537.36 (KHTML, like Gecko) Chrome/79.0.3945.79 Safari/537.36"
quickautosell.com.infinitibizsol.com:80 205.169.39.120 - - [11/Jun/2025:19:55:33 +0000] "GET /wp-content/themes/twentytwentyfour/assets/fonts/cardo/cardo_italic_400.woff2 HTTP/1.1" 200 105184 "http://www.quickautosell.com.infinitibizsol.com/" "Mozilla/5.0 (Windows NT 10.0; Win64; x64) AppleWebKit/537.36 (KHTML, like Gecko) Chrome/79.0.3945.79 Safari/537.36"
quickautosell.com.infinitibizsol.com:80 205.169.39.120 - - [11/Jun/2025:19:55:33 +0000] "GET /wp-content/themes/twentytwentyfour/assets/fonts/cardo/cardo_normal_400.woff2 HTTP/1.1" 200 146060 "http://www.quickautosell.com.infinitibizsol.com/" "Mozilla/5.0 (Windows NT 10.0; Win64; x64) AppleWebKit/537.36 (KHTML, like Gecko) Chrome/79.0.3945.79 Safari/537.36"
quickautosell.com.infinitibizsol.com:443 207.154.212.47 - - [11/Jun/2025:19:55:33 +0000] "GET /?rest_route=/wp/v2/users/ HTTP/1.1" 499 0 "-" "Go-http-client/1.1"
quickautosell.com.infinitibizsol.com:443 173.208.204.66 - - [11/Jun/2025:19:55:34 +0000] "GET /wp-includes/edit.php HTTP/1.1" 499 0 "https://quickautosell.com/wp-includes/edit.php" "Mozilla/5.0 (Windows NT 10.0; Win64; x64) AppleWebKit/537.36 (KHTML, like Gecko) Chrome/58.0.3029.110 Safari/537.3"
quickautosell.com.infinitibizsol.com:443 173.208.204.66 - - [11/Jun/2025:19:55:34 +0000] "GET /wp-includes/edit.php HTTP/1.1" 200 16 "https://quickautosell.com/wp-includes/edit.php" "Mozilla/5.0 (Windows NT 10.0; Win64; x64) AppleWebKit/537.36 (KHTML, like Gecko) Chrome/58.0.3029.110 Safari/537.3"
quickautosell.com.infinitibizsol.com:80 205.169.39.137 - - [11/Jun/2025:19:55:40 +0000] "GET / HTTP/1.1" 200 80757 "-" "Mozilla/5.0 (Windows NT 10.0; Win64; x64) AppleWebKit/537.36 (KHTML, like Gecko) Chrome/79.0.3945.79 Safari/537.36"
quickautosell.com.infinitibizsol.com:80 205.169.39.137 - - [11/Jun/2025:19:55:49 +0000] "GET /wp-includes/js/dist/script-modules/interactivity/index.min.js?ver=55aebb6e0a16726baffb HTTP/1.1" 200 38256 "http://quickautosell.com/" "Mozilla/5.0 (Windows NT 10.0; Win64; x64) AppleWebKit/537.36 (KHTML, like Gecko) Chrome/79.0.3945.79 Safari/537.36"
quickautosell.com.infinitibizsol.com:80 205.169.39.137 - - [11/Jun/2025:19:55:52 +0000] "GET /wp-includes/blocks/image/style.min.css?ver=6.8.1 HTTP/1.1" 200 6808 "http://quickautosell.com/" "Mozilla/5.0 (Windows NT 10.0; Win64; x64) AppleWebKit/537.36 (KHTML, like Gecko) Chrome/79.0.3945.79 Safari/537.36"
quickautosell.com.infinitibizsol.com:80 205.169.39.137 - - [11/Jun/2025:19:55:52 +0000] "GET /wp-includes/js/dist/script-modules/block-library/navigation/view.min.js?ver=61572d447d60c0aa5240 HTTP/1.1" 200 3358 "http://quickautosell.com/" "Mozilla/5.0 (Windows NT 10.0; Win64; x64) AppleWebKit/537.36 (KHTML, like Gecko) Chrome/79.0.3945.79 Safari/537.36"
quickautosell.com.infinitibizsol.com:80 205.169.39.137 - - [11/Jun/2025:19:55:52 +0000] "GET /wp-includes/blocks/navigation/style.min.css?ver=6.8.1 HTTP/1.1" 200 16449 "http://quickautosell.com/" "Mozilla/5.0 (Windows NT 10.0; Win64; x64) AppleWebKit/537.36 (KHTML, like Gecko) Chrome/79.0.3945.79 Safari/537.36"
quickautosell.com.infinitibizsol.com:80 205.169.39.137 - - [11/Jun/2025:19:55:53 +0000] "GET /wp-content/themes/twentytwentyfour/assets/images/building-exterior.webp HTTP/1.1" 200 199724 "http://quickautosell.com/" "Mozilla/5.0 (Windows NT 10.0; Win64; x64) AppleWebKit/537.36 (KHTML, like Gecko) Chrome/79.0.3945.79 Safari/537.36"
quickautosell.com.infinitibizsol.com:443 20.171.207.195 - - [11/Jun/2025:19:56:53 +0000] "GET /cloud/invade211/h6ffg-7337/ HTTP/1.1" 499 0 "-" "Mozilla/5.0 AppleWebKit/537.36 (KHTML, like Gecko; compatible; GPTBot/1.2; +https://openai.com/gptbot)"
quickautosell.com.infinitibizsol.com:443 162.0.223.40 - - [11/Jun/2025:19:57:03 +0000] "POST /wp-cron.php?doing_wp_cron=1749671822.6142270565032958984375 HTTP/1.1" 499 0 "-" "WordPress/6.8.1; https://quickautosell.com"
quickautosell.com.infinitibizsol.com:443 198.204.226.18 - - [11/Jun/2025:19:57:52 +0000] "GET /wp-includes/edit.php HTTP/1.1" 499 0 "https://quickautosell.com/wp-includes/edit.php" "Mozilla/5.0 (Windows NT 10.0; Win64; x64) AppleWebKit/537.36 (KHTML, like Gecko) Chrome/58.0.3029.110 Safari/537.3"
quickautosell.com.infinitibizsol.com:443 20.171.207.195 - - [11/Jun/2025:19:57:56 +0000] "GET /ask/society101/nipyf-27927/ HTTP/1.1" 499 0 "-" "Mozilla/5.0 AppleWebKit/537.36 (KHTML, like Gecko; compatible; GPTBot/1.2; +https://openai.com/gptbot)"
quickautosell.com.infinitibizsol.com:443 198.204.226.18 - - [11/Jun/2025:19:57:56 +0000] "GET /wp-includes/edit.php HTTP/1.1" 200 16 "https://quickautosell.com/wp-includes/edit.php" "Mozilla/5.0 (Windows NT 10.0; Win64; x64) AppleWebKit/537.36 (KHTML, like Gecko) Chrome/58.0.3029.110 Safari/537.3"
quickautosell.com.infinitibizsol.com:443 162.0.223.40 - - [11/Jun/2025:19:58:03 +0000] "POST /wp-cron.php?doing_wp_cron=1749671882.6772289276123046875000 HTTP/1.1" 499 0 "-" "WordPress/6.8.1; https://quickautosell.com"
quickautosell.com.infinitibizsol.com:443 198.204.226.18 - - [11/Jun/2025:19:58:58 +0000] "GET /wp-includes/edit.php HTTP/1.1" 200 16 "https://quickautosell.com/wp-includes/edit.php" "Mozilla/5.0 (Windows NT 10.0; Win64; x64) AppleWebKit/537.36 (KHTML, like Gecko) Chrome/58.0.3029.110 Safari/537.3"
quickautosell.com.infinitibizsol.com:443 20.171.207.195 - - [11/Jun/2025:19:58:58 +0000] "GET /skilled/post15/3ykno-36649/ HTTP/1.1" 499 0 "-" "Mozilla/5.0 AppleWebKit/537.36 (KHTML, like Gecko; compatible; GPTBot/1.2; +https://openai.com/gptbot)"
quickautosell.com.infinitibizsol.com:443 162.0.223.40 - - [11/Jun/2025:19:59:33 +0000] "POST /wp-cron.php?doing_wp_cron=1749671972.9103150367736816406250 HTTP/1.1" 499 0 "-" "WordPress/6.8.1; https://quickautosell.com"
quickautosell.com.infinitibizsol.com:443 20.171.207.195 - - [11/Jun/2025:19:59:34 +0000] "GET /father/live186/nfjue-10038/ HTTP/1.1" 404 54766 "-" "Mozilla/5.0 AppleWebKit/537.36 (KHTML, like Gecko; compatible; GPTBot/1.2; +https://openai.com/gptbot)"
quickautosell.com.infinitibizsol.com:443 198.204.226.18 - - [11/Jun/2025:20:00:01 +0000] "GET /wp-includes/edit.php HTTP/1.1" 499 0 "https://quickautosell.com/wp-includes/edit.php" "Mozilla/5.0 (Windows NT 10.0; Win64; x64) AppleWebKit/537.36 (KHTML, like Gecko) Chrome/58.0.3029.110 Safari/537.3"
quickautosell.com.infinitibizsol.com:80 34.123.170.104 - - [11/Jun/2025:20:00:08 +0000] "GET / HTTP/1.1" 499 0 "-" "Mozilla/5.0 (X11; Linux x86_64) AppleWebKit/537.36 (KHTML, like Gecko) HeadlessChrome/125.0.6422.60 Safari/537.36"
quickautosell.com.infinitibizsol.com:80 104.197.69.115 - - [11/Jun/2025:20:00:11 +0000] "GET / HTTP/1.1" 200 80805 "-" "Mozilla/5.0 (X11; Linux x86_64) AppleWebKit/537.36 (KHTML, like Gecko) HeadlessChrome/125.0.6422.60 Safari/537.36"
quickautosell.com.infinitibizsol.com:443 198.204.226.18 - - [11/Jun/2025:20:00:11 +0000] "GET /wp-includes/edit.php HTTP/1.1" 200 6 "https://quickautosell.com/wp-includes/edit.php" "Mozilla/5.0 (Windows NT 10.0; Win64; x64) AppleWebKit/537.36 (KHTML, like Gecko) Chrome/58.0.3029.110 Safari/537.3"
quickautosell.com.infinitibizsol.com:80 34.122.147.229 - - [11/Jun/2025:20:00:11 +0000] "GET /wp-includes/blocks/navigation/style.min.css?ver=6.8.1 HTTP/1.1" 200 16449 "http://www.quickautosell.com.infinitibizsol.com/" "Mozilla/5.0 (X11; Linux x86_64) AppleWebKit/537.36 (KHTML, like Gecko) HeadlessChrome/125.0.6422.60 Safari/537.36"
quickautosell.com.infinitibizsol.com:80 34.122.147.229 - - [11/Jun/2025:20:00:11 +0000] "GET /wp-includes/blocks/image/style.min.css?ver=6.8.1 HTTP/1.1" 200 6808 "http://www.quickautosell.com.infinitibizsol.com/" "Mozilla/5.0 (X11; Linux x86_64) AppleWebKit/537.36 (KHTML, like Gecko) HeadlessChrome/125.0.6422.60 Safari/537.36"
quickautosell.com.infinitibizsol.com:80 34.122.147.229 - - [11/Jun/2025:20:00:11 +0000] "GET /wp-includes/js/dist/script-modules/block-library/navigation/view.min.js?ver=61572d447d60c0aa5240 HTTP/1.1" 200 3358 "http://www.quickautosell.com.infinitibizsol.com/" "Mozilla/5.0 (X11; Linux x86_64) AppleWebKit/537.36 (KHTML, like Gecko) HeadlessChrome/125.0.6422.60 Safari/537.36"
quickautosell.com.infinitibizsol.com:80 34.123.170.104 - - [11/Jun/2025:20:00:11 +0000] "GET /wp-includes/js/dist/script-modules/interactivity/index.min.js?ver=55aebb6e0a16726baffb HTTP/1.1" 200 38256 "http://www.quickautosell.com.infinitibizsol.com/" "Mozilla/5.0 (X11; Linux x86_64) AppleWebKit/537.36 (KHTML, like Gecko) HeadlessChrome/125.0.6422.60 Safari/537.36"
quickautosell.com.infinitibizsol.com:80 34.72.176.129 - - [11/Jun/2025:20:00:11 +0000] "GET /wp-content/themes/twentytwentyfour/assets/images/tourist-and-building.webp HTTP/1.1" 200 66482 "http://www.quickautosell.com.infinitibizsol.com/" "Mozilla/5.0 (X11; Linux x86_64) AppleWebKit/537.36 (KHTML, like Gecko) HeadlessChrome/125.0.6422.60 Safari/537.36"
quickautosell.com.infinitibizsol.com:80 34.123.170.104 - - [11/Jun/2025:20:00:12 +0000] "GET /wp-content/themes/twentytwentyfour/assets/images/building-exterior.webp HTTP/1.1" 200 199724 "http://www.quickautosell.com.infinitibizsol.com/" "Mozilla/5.0 (X11; Linux x86_64) AppleWebKit/537.36 (KHTML, like Gecko) HeadlessChrome/125.0.6422.60 Safari/537.36"
quickautosell.com.infinitibizsol.com:80 34.122.147.229 - - [11/Jun/2025:20:00:12 +0000] "GET /wp-includes/js/wp-emoji-release.min.js?ver=6.8.1 HTTP/1.1" 200 19264 "http://www.quickautosell.com.infinitibizsol.com/" "Mozilla/5.0 (X11; Linux x86_64) AppleWebKit/537.36 (KHTML, like Gecko) HeadlessChrome/125.0.6422.60 Safari/537.36"
quickautosell.com.infinitibizsol.com:80 34.123.170.104 - - [11/Jun/2025:20:00:12 +0000] "GET /wp-content/themes/twentytwentyfour/assets/fonts/cardo/cardo_normal_400.woff2 HTTP/1.1" 200 46228 "http://www.quickautosell.com.infinitibizsol.com/" "Mozilla/5.0 (X11; Linux x86_64) AppleWebKit/537.36 (KHTML, like Gecko) HeadlessChrome/125.0.6422.60 Safari/537.36"
quickautosell.com.infinitibizsol.com:80 34.123.170.104 - - [11/Jun/2025:20:00:12 +0000] "GET /wp-content/themes/twentytwentyfour/assets/fonts/inter/Inter-VariableFont_slnt,wght.woff2 HTTP/1.1" 200 170132 "http://www.quickautosell.com.infinitibizsol.com/" "Mozilla/5.0 (X11; Linux x86_64) AppleWebKit/537.36 (KHTML, like Gecko) HeadlessChrome/125.0.6422.60 Safari/537.36"
quickautosell.com.infinitibizsol.com:80 34.123.170.104 - - [11/Jun/2025:20:00:12 +0000] "GET /wp-content/themes/twentytwentyfour/assets/fonts/cardo/cardo_italic_400.woff2 HTTP/1.1" 200 72980 "http://www.quickautosell.com.infinitibizsol.com/" "Mozilla/5.0 (X11; Linux x86_64) AppleWebKit/537.36 (KHTML, like Gecko) HeadlessChrome/125.0.6422.60 Safari/537.36"
quickautosell.com.infinitibizsol.com:80 34.72.176.129 - - [11/Jun/2025:20:00:14 +0000] "GET /wp-content/themes/twentytwentyfour/assets/images/windows.webp HTTP/1.1" 200 126244 "http://www.quickautosell.com.infinitibizsol.com/" "Mozilla/5.0 (X11; Linux x86_64) AppleWebKit/537.36 (KHTML, like Gecko) HeadlessChrome/125.0.6422.60 Safari/537.36"
quickautosell.com.infinitibizsol.com:80 34.123.170.104 - - [11/Jun/2025:20:00:15 +0000] "GET / HTTP/1.1" 200 80743 "-" "Mozilla/5.0 (X11; Linux x86_64) AppleWebKit/537.36 (KHTML, like Gecko) HeadlessChrome/125.0.6422.60 Safari/537.36"
quickautosell.com.infinitibizsol.com:80 34.123.170.104 - - [11/Jun/2025:20:00:15 +0000] "GET /wp-includes/blocks/navigation/style.min.css?ver=6.8.1 HTTP/1.1" 200 16449 "http://quickautosell.com/" "Mozilla/5.0 (X11; Linux x86_64) AppleWebKit/537.36 (KHTML, like Gecko) HeadlessChrome/125.0.6422.60 Safari/537.36"
quickautosell.com.infinitibizsol.com:80 104.197.69.115 - - [11/Jun/2025:20:00:15 +0000] "GET /wp-includes/blocks/image/style.min.css?ver=6.8.1 HTTP/1.1" 200 6808 "http://quickautosell.com/" "Mozilla/5.0 (X11; Linux x86_64) AppleWebKit/537.36 (KHTML, like Gecko) HeadlessChrome/125.0.6422.60 Safari/537.36"
quickautosell.com.infinitibizsol.com:80 34.122.147.229 - - [11/Jun/2025:20:00:15 +0000] "GET /wp-includes/js/dist/script-modules/interactivity/index.min.js?ver=55aebb6e0a16726baffb HTTP/1.1" 200 38256 "http://quickautosell.com/" "Mozilla/5.0 (X11; Linux x86_64) AppleWebKit/537.36 (KHTML, like Gecko) HeadlessChrome/125.0.6422.60 Safari/537.36"
quickautosell.com.infinitibizsol.com:80 104.197.69.115 - - [11/Jun/2025:20:00:15 +0000] "GET /wp-includes/js/dist/script-modules/block-library/navigation/view.min.js?ver=61572d447d60c0aa5240 HTTP/1.1" 200 3358 "http://quickautosell.com/" "Mozilla/5.0 (X11; Linux x86_64) AppleWebKit/537.36 (KHTML, like Gecko) HeadlessChrome/125.0.6422.60 Safari/537.36"
quickautosell.com.infinitibizsol.com:80 34.123.170.104 - - [11/Jun/2025:20:00:15 +0000] "GET /wp-content/themes/twentytwentyfour/assets/images/windows.webp HTTP/1.1" 200 126244 "http://quickautosell.com/" "Mozilla/5.0 (X11; Linux x86_64) AppleWebKit/537.36 (KHTML, like Gecko) HeadlessChrome/125.0.6422.60 Safari/537.36"
quickautosell.com.infinitibizsol.com:80 34.123.170.104 - - [11/Jun/2025:20:00:15 +0000] "GET /wp-content/themes/twentytwentyfour/assets/images/tourist-and-building.webp HTTP/1.1" 200 66482 "http://quickautosell.com/" "Mozilla/5.0 (X11; Linux x86_64) AppleWebKit/537.36 (KHTML, like Gecko) HeadlessChrome/125.0.6422.60 Safari/537.36"
quickautosell.com.infinitibizsol.com:80 34.72.176.129 - - [11/Jun/2025:20:00:15 +0000] "GET /wp-content/themes/twentytwentyfour/assets/images/building-exterior.webp HTTP/1.1" 200 199724 "http://quickautosell.com/" "Mozilla/5.0 (X11; Linux x86_64) AppleWebKit/537.36 (KHTML, like Gecko) HeadlessChrome/125.0.6422.60 Safari/537.36"
quickautosell.com.infinitibizsol.com:80 34.72.176.129 - - [11/Jun/2025:20:00:16 +0000] "GET /wp-content/themes/twentytwentyfour/assets/fonts/cardo/cardo_italic_400.woff2 HTTP/1.1" 200 105184 "http://quickautosell.com/" "Mozilla/5.0 (X11; Linux x86_64) AppleWebKit/537.36 (KHTML, like Gecko) HeadlessChrome/125.0.6422.60 Safari/537.36"
quickautosell.com.infinitibizsol.com:80 34.123.170.104 - - [11/Jun/2025:20:00:16 +0000] "GET /wp-includes/js/wp-emoji-release.min.js?ver=6.8.1 HTTP/1.1" 200 19264 "http://quickautosell.com/" "Mozilla/5.0 (X11; Linux x86_64) AppleWebKit/537.36 (KHTML, like Gecko) HeadlessChrome/125.0.6422.60 Safari/537.36"
quickautosell.com.infinitibizsol.com:80 104.197.69.115 - - [11/Jun/2025:20:00:17 +0000] "GET /wp-content/themes/twentytwentyfour/assets/fonts/cardo/cardo_normal_400.woff2 HTTP/1.1" 200 146060 "http://quickautosell.com/" "Mozilla/5.0 (X11; Linux x86_64) AppleWebKit/537.36 (KHTML, like Gecko) HeadlessChrome/125.0.6422.60 Safari/537.36"
quickautosell.com.infinitibizsol.com:80 104.197.69.115 - - [11/Jun/2025:20:00:17 +0000] "GET /wp-content/themes/twentytwentyfour/assets/fonts/inter/Inter-VariableFont_slnt,wght.woff2 HTTP/1.1" 200 326628 "http://quickautosell.com/" "Mozilla/5.0 (X11; Linux x86_64) AppleWebKit/537.36 (KHTML, like Gecko) HeadlessChrome/125.0.6422.60 Safari/537.36"
quickautosell.com.infinitibizsol.com:80 162.0.223.40 - - [11/Jun/2025:20:01:01 +0000] "POST /wp-cron.php?doing_wp_cron=1749672060.1234629154205322265625 HTTP/1.1" 499 0 "-" "WordPress/6.8.1; https://quickautosell.com"
quickautosell.com.infinitibizsol.com:80 34.72.176.129 - - [11/Jun/2025:20:01:01 +0000] "GET / HTTP/1.1" 200 80805 "-" "Mozilla/5.0 (X11; Linux x86_64) AppleWebKit/537.36 (KHTML, like Gecko) HeadlessChrome/125.0.6422.60 Safari/537.36"
quickautosell.com.infinitibizsol.com:80 34.122.147.229 - - [11/Jun/2025:20:01:02 +0000] "GET /wp-includes/js/dist/script-modules/block-library/navigation/view.min.js?ver=61572d447d60c0aa5240 HTTP/1.1" 200 3358 "http://www.quickautosell.com.infinitibizsol.com/" "Mozilla/5.0 (X11; Linux x86_64) AppleWebKit/537.36 (KHTML, like Gecko) HeadlessChrome/125.0.6422.60 Safari/537.36"
quickautosell.com.infinitibizsol.com:80 104.197.69.115 - - [11/Jun/2025:20:01:02 +0000] "GET /wp-includes/blocks/navigation/style.min.css?ver=6.8.1 HTTP/1.1" 200 16449 "http://www.quickautosell.com.infinitibizsol.com/" "Mozilla/5.0 (X11; Linux x86_64) AppleWebKit/537.36 (KHTML, like Gecko) HeadlessChrome/125.0.6422.60 Safari/537.36"
quickautosell.com.infinitibizsol.com:80 34.122.147.229 - - [11/Jun/2025:20:01:02 +0000] "GET /wp-includes/js/dist/script-modules/interactivity/index.min.js?ver=55aebb6e0a16726baffb HTTP/1.1" 200 38256 "http://www.quickautosell.com.infinitibizsol.com/" "Mozilla/5.0 (X11; Linux x86_64) AppleWebKit/537.36 (KHTML, like Gecko) HeadlessChrome/125.0.6422.60 Safari/537.36"
quickautosell.com.infinitibizsol.com:80 34.72.176.129 - - [11/Jun/2025:20:01:02 +0000] "GET /wp-includes/blocks/image/style.min.css?ver=6.8.1 HTTP/1.1" 200 6808 "http://www.quickautosell.com.infinitibizsol.com/" "Mozilla/5.0 (X11; Linux x86_64) AppleWebKit/537.36 (KHTML, like Gecko) HeadlessChrome/125.0.6422.60 Safari/537.36"
quickautosell.com.infinitibizsol.com:80 34.72.176.129 - - [11/Jun/2025:20:01:02 +0000] "GET /wp-content/themes/twentytwentyfour/assets/images/tourist-and-building.webp HTTP/1.1" 200 66482 "http://www.quickautosell.com.infinitibizsol.com/" "Mozilla/5.0 (X11; Linux x86_64) AppleWebKit/537.36 (KHTML, like Gecko) HeadlessChrome/125.0.6422.60 Safari/537.36"
quickautosell.com.infinitibizsol.com:80 34.72.176.129 - - [11/Jun/2025:20:01:02 +0000] "GET /wp-content/themes/twentytwentyfour/assets/images/building-exterior.webp HTTP/1.1" 200 199724 "http://www.quickautosell.com.infinitibizsol.com/" "Mozilla/5.0 (X11; Linux x86_64) AppleWebKit/537.36 (KHTML, like Gecko) HeadlessChrome/125.0.6422.60 Safari/537.36"
quickautosell.com.infinitibizsol.com:80 34.72.176.129 - - [11/Jun/2025:20:01:02 +0000] "GET /wp-includes/js/wp-emoji-release.min.js?ver=6.8.1 HTTP/1.1" 200 19264 "http://www.quickautosell.com.infinitibizsol.com/" "Mozilla/5.0 (X11; Linux x86_64) AppleWebKit/537.36 (KHTML, like Gecko) HeadlessChrome/125.0.6422.60 Safari/537.36"
quickautosell.com.infinitibizsol.com:80 34.122.147.229 - - [11/Jun/2025:20:01:02 +0000] "GET /wp-content/themes/twentytwentyfour/assets/fonts/inter/Inter-VariableFont_slnt,wght.woff2 HTTP/1.1" 200 72980 "http://www.quickautosell.com.infinitibizsol.com/" "Mozilla/5.0 (X11; Linux x86_64) AppleWebKit/537.36 (KHTML, like Gecko) HeadlessChrome/125.0.6422.60 Safari/537.36"
quickautosell.com.infinitibizsol.com:80 34.72.176.129 - - [11/Jun/2025:20:01:02 +0000] "GET /wp-content/themes/twentytwentyfour/assets/images/windows.webp HTTP/1.1" 200 126244 "http://www.quickautosell.com.infinitibizsol.com/" "Mozilla/5.0 (X11; Linux x86_64) AppleWebKit/537.36 (KHTML, like Gecko) HeadlessChrome/125.0.6422.60 Safari/537.36"
quickautosell.com.infinitibizsol.com:80 34.72.176.129 - - [11/Jun/2025:20:01:02 +0000] "GET /wp-content/themes/twentytwentyfour/assets/fonts/cardo/cardo_italic_400.woff2 HTTP/1.1" 200 72980 "http://www.quickautosell.com.infinitibizsol.com/" "Mozilla/5.0 (X11; Linux x86_64) AppleWebKit/537.36 (KHTML, like Gecko) HeadlessChrome/125.0.6422.60 Safari/537.36"
quickautosell.com.infinitibizsol.com:80 104.197.69.115 - - [11/Jun/2025:20:01:02 +0000] "GET /wp-content/themes/twentytwentyfour/assets/fonts/cardo/cardo_normal_400.woff2 HTTP/1.1" 200 72980 "http://www.quickautosell.com.infinitibizsol.com/" "Mozilla/5.0 (X11; Linux x86_64) AppleWebKit/537.36 (KHTML, like Gecko) HeadlessChrome/125.0.6422.60 Safari/537.36"
quickautosell.com.infinitibizsol.com:80 205.169.39.24 - - [11/Jun/2025:20:01:17 +0000] "GET / HTTP/1.1" 200 80813 "-" "Mozilla/5.0 (Windows NT 10.0; Win64; x64) AppleWebKit/537.36 (KHTML, like Gecko) Chrome/117.0.5938.132 Safari/537.36"
quickautosell.com.infinitibizsol.com:80 205.169.39.24 - - [11/Jun/2025:20:01:18 +0000] "GET /wp-includes/blocks/image/style.min.css?ver=6.8.1 HTTP/1.1" 200 6808 "http://www.quickautosell.com.infinitibizsol.com/" "Mozilla/5.0 (Windows NT 10.0; Win64; x64) AppleWebKit/537.36 (KHTML, like Gecko) Chrome/117.0.5938.132 Safari/537.36"
quickautosell.com.infinitibizsol.com:80 205.169.39.24 - - [11/Jun/2025:20:01:18 +0000] "GET /wp-includes/blocks/navigation/style.min.css?ver=6.8.1 HTTP/1.1" 200 16449 "http://www.quickautosell.com.infinitibizsol.com/" "Mozilla/5.0 (Windows NT 10.0; Win64; x64) AppleWebKit/537.36 (KHTML, like Gecko) Chrome/117.0.5938.132 Safari/537.36"
quickautosell.com.infinitibizsol.com:80 205.169.39.24 - - [11/Jun/2025:20:01:18 +0000] "GET /wp-includes/js/dist/script-modules/block-library/navigation/view.min.js?ver=61572d447d60c0aa5240 HTTP/1.1" 200 3358 "http://www.quickautosell.com.infinitibizsol.com/" "Mozilla/5.0 (Windows NT 10.0; Win64; x64) AppleWebKit/537.36 (KHTML, like Gecko) Chrome/117.0.5938.132 Safari/537.36"
quickautosell.com.infinitibizsol.com:443 20.171.207.195 - - [11/Jun/2025:20:01:21 +0000] "GET /implement/careful92/s6mic-954/ HTTP/1.1" 499 0 "-" "Mozilla/5.0 AppleWebKit/537.36 (KHTML, like Gecko; compatible; GPTBot/1.2; +https://openai.com/gptbot)"
