quickautosell.com.infinitibizsol.com:80 205.169.39.24 - - [11/Jun/2025:20:01:22 +0000] "GET /wp-includes/js/dist/script-modules/interactivity/index.min.js?ver=55aebb6e0a16726baffb HTTP/1.1" 200 38256 "http://www.quickautosell.com.infinitibizsol.com/" "Mozilla/5.0 (Windows NT 10.0; Win64; x64) AppleWebKit/537.36 (KHTML, like Gecko) Chrome/117.0.5938.132 Safari/537.36"
quickautosell.com.infinitibizsol.com:80 205.169.39.24 - - [11/Jun/2025:20:01:22 +0000] "GET /wp-content/themes/twentytwentyfour/assets/images/tourist-and-building.webp HTTP/1.1" 200 66482 "http://www.quickautosell.com.infinitibizsol.com/" "Mozilla/5.0 (Windows NT 10.0; Win64; x64) AppleWebKit/537.36 (KHTML, like Gecko) Chrome/117.0.5938.132 Safari/537.36"
quickautosell.com.infinitibizsol.com:80 205.169.39.24 - - [11/Jun/2025:20:01:23 +0000] "GET /wp-content/themes/twentytwentyfour/assets/fonts/cardo/cardo_italic_400.woff2 HTTP/1.1" 200 105184 "http://www.quickautosell.com.infinitibizsol.com/" "Mozilla/5.0 (Windows NT 10.0; Win64; x64) AppleWebKit/537.36 (KHTML, like Gecko) Chrome/117.0.5938.132 Safari/537.36"
quickautosell.com.infinitibizsol.com:80 205.169.39.24 - - [11/Jun/2025:20:01:23 +0000] "GET /wp-includes/js/wp-emoji-release.min.js?ver=6.8.1 HTTP/1.1" 200 19264 "http://www.quickautosell.com.infinitibizsol.com/" "Mozilla/5.0 (Windows NT 10.0; Win64; x64) AppleWebKit/537.36 (KHTML, like Gecko) Chrome/117.0.5938.132 Safari/537.36"
quickautosell.com.infinitibizsol.com:80 205.169.39.24 - - [11/Jun/2025:20:01:23 +0000] "GET /wp-content/themes/twentytwentyfour/assets/images/windows.webp HTTP/1.1" 200 126244 "http://www.quickautosell.com.infinitibizsol.com/" "Mozilla/5.0 (Windows NT 10.0; Win64; x64) AppleWebKit/537.36 (KHTML, like Gecko) Chrome/117.0.5938.132 Safari/537.36"
quickautosell.com.infinitibizsol.com:80 205.169.39.24 - - [11/Jun/2025:20:01:23 +0000] "GET /wp-content/themes/twentytwentyfour/assets/fonts/cardo/cardo_normal_400.woff2 HTTP/1.1" 200 146060 "http://www.quickautosell.com.infinitibizsol.com/" "Mozilla/5.0 (Windows NT 10.0; Win64; x64) AppleWebKit/537.36 (KHTML, like Gecko) Chrome/117.0.5938.132 Safari/537.36"
quickautosell.com.infinitibizsol.com:80 205.169.39.24 - - [11/Jun/2025:20:01:24 +0000] "GET /wp-content/themes/twentytwentyfour/assets/images/building-exterior.webp HTTP/1.1" 200 199724 "http://www.quickautosell.com.infinitibizsol.com/" "Mozilla/5.0 (Windows NT 10.0; Win64; x64) AppleWebKit/537.36 (KHTML, like Gecko) Chrome/117.0.5938.132 Safari/537.36"
quickautosell.com.infinitibizsol.com:443 20.171.207.195 - - [11/Jun/2025:20:01:24 +0000] "GET /shooting/nowhere8/urjsz-45828/ HTTP/1.1" 404 54766 "-" "Mozilla/5.0 AppleWebKit/537.36 (KHTML, like Gecko; compatible; GPTBot/1.2; +https://openai.com/gptbot)"
quickautosell.com.infinitibizsol.com:80 205.169.39.24 - - [11/Jun/2025:20:01:24 +0000] "GET /wp-content/themes/twentytwentyfour/assets/fonts/inter/Inter-VariableFont_slnt,wght.woff2 HTTP/1.1" 200 326628 "http://www.quickautosell.com.infinitibizsol.com/" "Mozilla/5.0 (Windows NT 10.0; Win64; x64) AppleWebKit/537.36 (KHTML, like Gecko) Chrome/117.0.5938.132 Safari/537.36"
quickautosell.com.infinitibizsol.com:443 52.167.144.235 - - [11/Jun/2025:20:02:08 +0000] "GET /bemad/ HTTP/1.1" 499 0 "-" "Mozilla/5.0 AppleWebKit/537.36 (KHTML, like Gecko; compatible; bingbot/2.0; +http://www.bing.com/bingbot.htm) Chrome/116.0.1938.76 Safari/537.36"
quickautosell.com.infinitibizsol.com:443 162.0.223.40 - - [11/Jun/2025:20:02:20 +0000] "POST /wp-cron.php?doing_wp_cron=1749672139.4549911022186279296875 HTTP/1.1" 499 0 "-" "WordPress/6.8.1; https://quickautosell.com"
quickautosell.com.infinitibizsol.com:443 20.171.207.195 - - [11/Jun/2025:20:02:24 +0000] "GET /action/magnitude37/wmrou-4853/ HTTP/1.1" 499 0 "-" "Mozilla/5.0 AppleWebKit/537.36 (KHTML, like Gecko; compatible; GPTBot/1.2; +https://openai.com/gptbot)"
quickautosell.com.infinitibizsol.com:443 20.171.207.195 - - [11/Jun/2025:20:02:28 +0000] "GET /worldwide/automobile46/38bmd-20520/ HTTP/1.1" 404 54766 "-" "Mozilla/5.0 AppleWebKit/537.36 (KHTML, like Gecko; compatible; GPTBot/1.2; +https://openai.com/gptbot)"
quickautosell.com.infinitibizsol.com:443 173.208.204.66 - - [11/Jun/2025:20:03:34 +0000] "GET /wp-includes/edit.php HTTP/1.1" 499 0 "https://quickautosell.com/wp-includes/edit.php" "Mozilla/5.0 (Windows NT 10.0; Win64; x64) AppleWebKit/537.36 (KHTML, like Gecko) Chrome/58.0.3029.110 Safari/537.3"
quickautosell.com.infinitibizsol.com:443 173.208.204.66 - - [11/Jun/2025:20:03:35 +0000] "GET /wp-includes/edit.php HTTP/1.1" 200 16 "https://quickautosell.com/wp-includes/edit.php" "Mozilla/5.0 (Windows NT 10.0; Win64; x64) AppleWebKit/537.36 (KHTML, like Gecko) Chrome/58.0.3029.110 Safari/537.3"
quickautosell.com.infinitibizsol.com:80 162.0.223.40 - - [11/Jun/2025:20:03:36 +0000] "POST /wp-cron.php?doing_wp_cron=1749672215.7644059658050537109375 HTTP/1.1" 499 0 "-" "WordPress/6.8.1; https://quickautosell.com"
quickautosell.com.infinitibizsol.com:80 205.169.39.18 - - [11/Jun/2025:20:03:37 +0000] "GET / HTTP/1.1" 200 80750 "-" "Mozilla/5.0 (Windows NT 10.0; Win64; x64) AppleWebKit/537.36 (KHTML, like Gecko) Chrome/117.0.5938.132 Safari/537.36"
quickautosell.com.infinitibizsol.com:80 205.169.39.18 - - [11/Jun/2025:20:03:37 +0000] "GET /wp-includes/blocks/navigation/style.min.css?ver=6.8.1 HTTP/1.1" 200 16449 "http://quickautosell.com/" "Mozilla/5.0 (Windows NT 10.0; Win64; x64) AppleWebKit/537.36 (KHTML, like Gecko) Chrome/117.0.5938.132 Safari/537.36"
quickautosell.com.infinitibizsol.com:80 205.169.39.18 - - [11/Jun/2025:20:03:37 +0000] "GET /wp-includes/blocks/image/style.min.css?ver=6.8.1 HTTP/1.1" 200 6808 "http://quickautosell.com/" "Mozilla/5.0 (Windows NT 10.0; Win64; x64) AppleWebKit/537.36 (KHTML, like Gecko) Chrome/117.0.5938.132 Safari/537.36"
quickautosell.com.infinitibizsol.com:80 205.169.39.18 - - [11/Jun/2025:20:03:37 +0000] "GET /wp-includes/js/dist/script-modules/interactivity/index.min.js?ver=55aebb6e0a16726baffb HTTP/1.1" 200 38256 "http://quickautosell.com/" "Mozilla/5.0 (Windows NT 10.0; Win64; x64) AppleWebKit/537.36 (KHTML, like Gecko) Chrome/117.0.5938.132 Safari/537.36"
quickautosell.com.infinitibizsol.com:80 205.169.39.18 - - [11/Jun/2025:20:03:37 +0000] "GET /wp-includes/js/dist/script-modules/block-library/navigation/view.min.js?ver=61572d447d60c0aa5240 HTTP/1.1" 200 3358 "http://quickautosell.com/" "Mozilla/5.0 (Windows NT 10.0; Win64; x64) AppleWebKit/537.36 (KHTML, like Gecko) Chrome/117.0.5938.132 Safari/537.36"
quickautosell.com.infinitibizsol.com:80 205.169.39.18 - - [11/Jun/2025:20:03:37 +0000] "GET /wp-content/themes/twentytwentyfour/assets/images/tourist-and-building.webp HTTP/1.1" 200 66482 "http://quickautosell.com/" "Mozilla/5.0 (Windows NT 10.0; Win64; x64) AppleWebKit/537.36 (KHTML, like Gecko) Chrome/117.0.5938.132 Safari/537.36"
quickautosell.com.infinitibizsol.com:80 205.169.39.18 - - [11/Jun/2025:20:03:37 +0000] "GET /wp-content/themes/twentytwentyfour/assets/fonts/cardo/cardo_italic_400.woff2 HTTP/1.1" 200 105184 "http://quickautosell.com/" "Mozilla/5.0 (Windows NT 10.0; Win64; x64) AppleWebKit/537.36 (KHTML, like Gecko) Chrome/117.0.5938.132 Safari/537.36"
quickautosell.com.infinitibizsol.com:80 205.169.39.18 - - [11/Jun/2025:20:03:37 +0000] "GET /wp-content/themes/twentytwentyfour/assets/fonts/cardo/cardo_normal_400.woff2 HTTP/1.1" 200 146060 "http://quickautosell.com/" "Mozilla/5.0 (Windows NT 10.0; Win64; x64) AppleWebKit/537.36 (KHTML, like Gecko) Chrome/117.0.5938.132 Safari/537.36"
quickautosell.com.infinitibizsol.com:80 205.169.39.18 - - [11/Jun/2025:20:03:37 +0000] "GET /wp-includes/js/wp-emoji-release.min.js?ver=6.8.1 HTTP/1.1" 200 19264 "http://quickautosell.com/" "Mozilla/5.0 (Windows NT 10.0; Win64; x64) AppleWebKit/537.36 (KHTML, like Gecko) Chrome/117.0.5938.132 Safari/537.36"
quickautosell.com.infinitibizsol.com:80 205.169.39.18 - - [11/Jun/2025:20:03:37 +0000] "GET /wp-content/themes/twentytwentyfour/assets/fonts/inter/Inter-VariableFont_slnt,wght.woff2 HTTP/1.1" 200 326628 "http://quickautosell.com/" "Mozilla/5.0 (Windows NT 10.0; Win64; x64) AppleWebKit/537.36 (KHTML, like Gecko) Chrome/117.0.5938.132 Safari/537.36"
quickautosell.com.infinitibizsol.com:80 205.169.39.18 - - [11/Jun/2025:20:03:37 +0000] "GET /wp-content/themes/twentytwentyfour/assets/images/building-exterior.webp HTTP/1.1" 200 199724 "http://quickautosell.com/" "Mozilla/5.0 (Windows NT 10.0; Win64; x64) AppleWebKit/537.36 (KHTML, like Gecko) Chrome/117.0.5938.132 Safari/537.36"
quickautosell.com.infinitibizsol.com:80 205.169.39.18 - - [11/Jun/2025:20:03:37 +0000] "GET /wp-content/themes/twentytwentyfour/assets/images/windows.webp HTTP/1.1" 200 126244 "http://quickautosell.com/" "Mozilla/5.0 (Windows NT 10.0; Win64; x64) AppleWebKit/537.36 (KHTML, like Gecko) Chrome/117.0.5938.132 Safari/537.36"
quickautosell.com.infinitibizsol.com:443 20.171.207.195 - - [11/Jun/2025:20:03:53 +0000] "GET /context/emerging3/rgylz-26577/ HTTP/1.1" 404 48777 "-" "Mozilla/5.0 AppleWebKit/537.36 (KHTML, like Gecko; compatible; GPTBot/1.2; +https://openai.com/gptbot)"
quickautosell.com.infinitibizsol.com:443 20.171.207.195 - - [11/Jun/2025:20:04:55 +0000] "GET /lightning/entity5/ekojq-31823/ HTTP/1.1" 499 0 "-" "Mozilla/5.0 AppleWebKit/537.36 (KHTML, like Gecko; compatible; GPTBot/1.2; +https://openai.com/gptbot)"
quickautosell.com.infinitibizsol.com:443 162.0.223.40 - - [11/Jun/2025:20:04:59 +0000] "POST /wp-cron.php?doing_wp_cron=1749672298.8120260238647460937500 HTTP/1.1" 499 0 "-" "WordPress/6.8.1; https://quickautosell.com"
quickautosell.com.infinitibizsol.com:443 198.204.226.18 - - [11/Jun/2025:20:05:26 +0000] "GET /wp-includes/edit.php HTTP/1.1" 499 0 "https://quickautosell.com/wp-includes/edit.php" "Mozilla/5.0 (Windows NT 10.0; Win64; x64) AppleWebKit/537.36 (KHTML, like Gecko) Chrome/58.0.3029.110 Safari/537.3"
quickautosell.com.infinitibizsol.com:443 20.171.207.195 - - [11/Jun/2025:20:05:58 +0000] "GET /gather/criticism67/inuby-8269/ HTTP/1.1" 404 32393 "-" "Mozilla/5.0 AppleWebKit/537.36 (KHTML, like Gecko; compatible; GPTBot/1.2; +https://openai.com/gptbot)"
quickautosell.com.infinitibizsol.com:443 162.0.223.40 - - [11/Jun/2025:20:07:04 +0000] "POST /wp-cron.php?doing_wp_cron=1749672423.2895700931549072265625 HTTP/1.1" 499 0 "-" "WordPress/6.8.1; https://quickautosell.com"
quickautosell.com.infinitibizsol.com:443 20.171.207.195 - - [11/Jun/2025:20:07:06 +0000] "GET /stuff/being224/ahbog-18252/ HTTP/1.1" 499 0 "-" "Mozilla/5.0 AppleWebKit/537.36 (KHTML, like Gecko; compatible; GPTBot/1.2; +https://openai.com/gptbot)"
quickautosell.com.infinitibizsol.com:443 20.171.207.195 - - [11/Jun/2025:20:08:07 +0000] "GET /before/carefully30/wmrvm-9248/ HTTP/1.1" 499 0 "-" "Mozilla/5.0 AppleWebKit/537.36 (KHTML, like Gecko; compatible; GPTBot/1.2; +https://openai.com/gptbot)"
quickautosell.com.infinitibizsol.com:443 162.0.223.40 - - [11/Jun/2025:20:08:14 +0000] "POST /wp-cron.php?doing_wp_cron=1749672493.7672240734100341796875 HTTP/1.1" 499 0 "-" "WordPress/6.8.1; https://quickautosell.com"
quickautosell.com.infinitibizsol.com:443 20.171.207.195 - - [11/Jun/2025:20:09:12 +0000] "GET /suburb/potential220/neyqv-908/ HTTP/1.1" 499 0 "-" "Mozilla/5.0 AppleWebKit/537.36 (KHTML, like Gecko; compatible; GPTBot/1.2; +https://openai.com/gptbot)"
quickautosell.com.infinitibizsol.com:443 198.204.226.18 - - [11/Jun/2025:20:09:13 +0000] "GET /wp-includes/edit.php HTTP/1.1" 499 0 "https://quickautosell.com/wp-includes/edit.php" "Mozilla/5.0 (Windows NT 10.0; Win64; x64) AppleWebKit/537.36 (KHTML, like Gecko) Chrome/58.0.3029.110 Safari/537.3"
quickautosell.com.infinitibizsol.com:443 162.0.223.40 - - [11/Jun/2025:20:09:16 +0000] "POST /wp-cron.php?doing_wp_cron=1749672555.0994360446929931640625 HTTP/1.1" 499 0 "-" "WordPress/6.8.1; https://quickautosell.com"
quickautosell.com.infinitibizsol.com:443 20.171.207.195 - - [11/Jun/2025:20:10:18 +0000] "GET /core/tightly53/tfv1l-27213/ HTTP/1.1" 499 0 "-" "Mozilla/5.0 AppleWebKit/537.36 (KHTML, like Gecko; compatible; GPTBot/1.2; +https://openai.com/gptbot)"
quickautosell.com.infinitibizsol.com:443 162.0.223.40 - - [11/Jun/2025:20:10:20 +0000] "POST /wp-cron.php?doing_wp_cron=1749672619.0457220077514648437500 HTTP/1.1" 499 0 "-" "WordPress/6.8.1; https://quickautosell.com"
quickautosell.com.infinitibizsol.com:443 20.171.207.195 - - [11/Jun/2025:20:11:21 +0000] "GET /triumph/fur212/txvdm-26348/ HTTP/1.1" 499 0 "-" "Mozilla/5.0 AppleWebKit/537.36 (KHTML, like Gecko; compatible; GPTBot/1.2; +https://openai.com/gptbot)"
quickautosell.com.infinitibizsol.com:443 162.0.223.40 - - [11/Jun/2025:20:11:25 +0000] "POST /wp-cron.php?doing_wp_cron=1749672683.6078898906707763671875 HTTP/1.1" 499 0 "-" "WordPress/6.8.1; https://quickautosell.com"
quickautosell.com.infinitibizsol.com:443 173.208.204.66 - - [11/Jun/2025:20:11:34 +0000] "GET /wp-includes/edit.php HTTP/1.1" 499 0 "https://quickautosell.com/wp-includes/edit.php" "Mozilla/5.0 (Windows NT 10.0; Win64; x64) AppleWebKit/537.36 (KHTML, like Gecko) Chrome/58.0.3029.110 Safari/537.3"
quickautosell.com.infinitibizsol.com:443 173.208.204.66 - - [11/Jun/2025:20:11:35 +0000] "GET /wp-includes/edit.php HTTP/1.1" 200 16 "https://quickautosell.com/wp-includes/edit.php" "Mozilla/5.0 (Windows NT 10.0; Win64; x64) AppleWebKit/537.36 (KHTML, like Gecko) Chrome/58.0.3029.110 Safari/537.3"
quickautosell.com.infinitibizsol.com:443 20.171.207.195 - - [11/Jun/2025:20:12:20 +0000] "GET /glimpse/busy89/unk3n-36975/ HTTP/1.1" 404 32393 "-" "Mozilla/5.0 AppleWebKit/537.36 (KHTML, like Gecko; compatible; GPTBot/1.2; +https://openai.com/gptbot)"
quickautosell.com.infinitibizsol.com:443 162.0.223.40 - - [11/Jun/2025:20:13:26 +0000] "POST /wp-cron.php?doing_wp_cron=1749672805.7356429100036621093750 HTTP/1.1" 499 0 "-" "WordPress/6.8.1; https://quickautosell.com"
quickautosell.com.infinitibizsol.com:443 20.171.207.195 - - [11/Jun/2025:20:13:28 +0000] "GET /nod/southern97/im7ft-33503/ HTTP/1.1" 499 0 "-" "Mozilla/5.0 AppleWebKit/537.36 (KHTML, like Gecko; compatible; GPTBot/1.2; +https://openai.com/gptbot)"
quickautosell.com.infinitibizsol.com:443 198.204.226.18 - - [11/Jun/2025:20:13:47 +0000] "GET /wp-includes/edit.php HTTP/1.1" 499 0 "https://quickautosell.com/wp-includes/edit.php" "Mozilla/5.0 (Windows NT 10.0; Win64; x64) AppleWebKit/537.36 (KHTML, like Gecko) Chrome/58.0.3029.110 Safari/537.3"
quickautosell.com.infinitibizsol.com:443 162.0.223.40 - - [11/Jun/2025:20:14:27 +0000] "POST /wp-cron.php?doing_wp_cron=1749672866.3749480247497558593750 HTTP/1.1" 499 0 "-" "WordPress/6.8.1; https://quickautosell.com"
quickautosell.com.infinitibizsol.com:443 20.171.207.195 - - [11/Jun/2025:20:14:32 +0000] "GET /gap/weekend233/qcsqh-44641/ HTTP/1.1" 499 0 "-" "Mozilla/5.0 AppleWebKit/537.36 (KHTML, like Gecko; compatible; GPTBot/1.2; +https://openai.com/gptbot)"
quickautosell.com.infinitibizsol.com:443 40.77.167.6 - - [11/Jun/2025:20:15:22 +0000] "GET /emaciation/special/a1318184170.shtm HTTP/1.1" 499 0 "-" "Mozilla/5.0 AppleWebKit/537.36 (KHTML, like Gecko; compatible; bingbot/2.0; +http://www.bing.com/bingbot.htm) Chrome/116.0.1938.76 Safari/537.36"
quickautosell.com.infinitibizsol.com:80 205.169.39.15 - - [11/Jun/2025:20:15:23 +0000] "GET / HTTP/1.1" 200 80805 "-" "Mozilla/5.0 (Windows NT 10.0; Win64; x64) AppleWebKit/537.36 (KHTML, like Gecko) Chrome/117.0.5938.132 Safari/537.36"
quickautosell.com.infinitibizsol.com:80 205.169.39.15 - - [11/Jun/2025:20:15:24 +0000] "GET /wp-includes/blocks/navigation/style.min.css?ver=6.8.1 HTTP/1.1" 200 16449 "http://quickautosell.com.infinitibizsol.com/" "Mozilla/5.0 (Windows NT 10.0; Win64; x64) AppleWebKit/537.36 (KHTML, like Gecko) Chrome/117.0.5938.132 Safari/537.36"
quickautosell.com.infinitibizsol.com:80 205.169.39.15 - - [11/Jun/2025:20:15:24 +0000] "GET /wp-includes/blocks/image/style.min.css?ver=6.8.1 HTTP/1.1" 200 6808 "http://quickautosell.com.infinitibizsol.com/" "Mozilla/5.0 (Windows NT 10.0; Win64; x64) AppleWebKit/537.36 (KHTML, like Gecko) Chrome/117.0.5938.132 Safari/537.36"
quickautosell.com.infinitibizsol.com:80 205.169.39.15 - - [11/Jun/2025:20:15:24 +0000] "GET /wp-includes/js/dist/script-modules/block-library/navigation/view.min.js?ver=61572d447d60c0aa5240 HTTP/1.1" 200 3358 "http://quickautosell.com.infinitibizsol.com/" "Mozilla/5.0 (Windows NT 10.0; Win64; x64) AppleWebKit/537.36 (KHTML, like Gecko) Chrome/117.0.5938.132 Safari/537.36"
quickautosell.com.infinitibizsol.com:80 205.169.39.15 - - [11/Jun/2025:20:15:24 +0000] "GET /wp-includes/js/dist/script-modules/interactivity/index.min.js?ver=55aebb6e0a16726baffb HTTP/1.1" 200 38256 "http://quickautosell.com.infinitibizsol.com/" "Mozilla/5.0 (Windows NT 10.0; Win64; x64) AppleWebKit/537.36 (KHTML, like Gecko) Chrome/117.0.5938.132 Safari/537.36"
quickautosell.com.infinitibizsol.com:80 205.169.39.15 - - [11/Jun/2025:20:15:24 +0000] "GET /wp-content/themes/twentytwentyfour/assets/fonts/cardo/cardo_italic_400.woff2 HTTP/1.1" 200 105184 "http://quickautosell.com.infinitibizsol.com/" "Mozilla/5.0 (Windows NT 10.0; Win64; x64) AppleWebKit/537.36 (KHTML, like Gecko) Chrome/117.0.5938.132 Safari/537.36"
quickautosell.com.infinitibizsol.com:80 205.169.39.15 - - [11/Jun/2025:20:15:24 +0000] "GET /wp-content/themes/twentytwentyfour/assets/fonts/cardo/cardo_normal_400.woff2 HTTP/1.1" 200 146060 "http://quickautosell.com.infinitibizsol.com/" "Mozilla/5.0 (Windows NT 10.0; Win64; x64) AppleWebKit/537.36 (KHTML, like Gecko) Chrome/117.0.5938.132 Safari/537.36"
quickautosell.com.infinitibizsol.com:80 205.169.39.15 - - [11/Jun/2025:20:15:24 +0000] "GET /wp-content/themes/twentytwentyfour/assets/images/tourist-and-building.webp HTTP/1.1" 200 66482 "http://quickautosell.com.infinitibizsol.com/" "Mozilla/5.0 (Windows NT 10.0; Win64; x64) AppleWebKit/537.36 (KHTML, like Gecko) Chrome/117.0.5938.132 Safari/537.36"
quickautosell.com.infinitibizsol.com:80 205.169.39.15 - - [11/Jun/2025:20:15:24 +0000] "GET /wp-content/themes/twentytwentyfour/assets/images/windows.webp HTTP/1.1" 200 126244 "http://quickautosell.com.infinitibizsol.com/" "Mozilla/5.0 (Windows NT 10.0; Win64; x64) AppleWebKit/537.36 (KHTML, like Gecko) Chrome/117.0.5938.132 Safari/537.36"
quickautosell.com.infinitibizsol.com:80 205.169.39.15 - - [11/Jun/2025:20:15:24 +0000] "GET /wp-content/themes/twentytwentyfour/assets/fonts/inter/Inter-VariableFont_slnt,wght.woff2 HTTP/1.1" 200 326628 "http://quickautosell.com.infinitibizsol.com/" "Mozilla/5.0 (Windows NT 10.0; Win64; x64) AppleWebKit/537.36 (KHTML, like Gecko) Chrome/117.0.5938.132 Safari/537.36"
quickautosell.com.infinitibizsol.com:80 205.169.39.15 - - [11/Jun/2025:20:15:24 +0000] "GET /wp-includes/js/wp-emoji-release.min.js?ver=6.8.1 HTTP/1.1" 200 19264 "http://quickautosell.com.infinitibizsol.com/" "Mozilla/5.0 (Windows NT 10.0; Win64; x64) AppleWebKit/537.36 (KHTML, like Gecko) Chrome/117.0.5938.132 Safari/537.36"
quickautosell.com.infinitibizsol.com:80 205.169.39.15 - - [11/Jun/2025:20:15:24 +0000] "GET /wp-content/themes/twentytwentyfour/assets/images/building-exterior.webp HTTP/1.1" 200 199724 "http://quickautosell.com.infinitibizsol.com/" "Mozilla/5.0 (Windows NT 10.0; Win64; x64) AppleWebKit/537.36 (KHTML, like Gecko) Chrome/117.0.5938.132 Safari/537.36"
quickautosell.com.infinitibizsol.com:443 20.171.207.195 - - [11/Jun/2025:20:15:36 +0000] "GET /full/declare68/mojz4-49142/ HTTP/1.1" 499 0 "-" "Mozilla/5.0 AppleWebKit/537.36 (KHTML, like Gecko; compatible; GPTBot/1.2; +https://openai.com/gptbot)"
quickautosell.com.infinitibizsol.com:443 162.0.223.40 - - [11/Jun/2025:20:15:50 +0000] "POST /wp-cron.php?doing_wp_cron=1749672949.5066459178924560546875 HTTP/1.1" 499 0 "-" "WordPress/6.8.1; https://quickautosell.com"
quickautosell.com.infinitibizsol.com:443 20.171.207.195 - - [11/Jun/2025:20:16:38 +0000] "GET /resign/glass68/idxy3-37304/ HTTP/1.1" 499 0 "-" "Mozilla/5.0 AppleWebKit/537.36 (KHTML, like Gecko; compatible; GPTBot/1.2; +https://openai.com/gptbot)"
quickautosell.com.infinitibizsol.com:443 162.0.223.40 - - [11/Jun/2025:20:17:36 +0000] "POST /wp-cron.php?doing_wp_cron=1749673055.1695969104766845703125 HTTP/1.1" 499 0 "-" "WordPress/6.8.1; https://quickautosell.com"
quickautosell.com.infinitibizsol.com:443 20.171.207.195 - - [11/Jun/2025:20:17:42 +0000] "GET /re/ancestor255/xyveu-43163/ HTTP/1.1" 499 0 "-" "Mozilla/5.0 AppleWebKit/537.36 (KHTML, like Gecko; compatible; GPTBot/1.2; +https://openai.com/gptbot)"
quickautosell.com.infinitibizsol.com:443 66.249.70.4 - - [11/Jun/2025:20:18:25 +0000] "GET /fearlessly30616575.shtm HTTP/1.1" 404 54772 "-" "Mozilla/5.0 (Linux; Android 6.0.1; Nexus 5X Build/MMB29P) AppleWebKit/537.36 (KHTML, like Gecko) Chrome/137.0.7151.68 Mobile Safari/537.36 (compatible; Googlebot/2.1; +http://www.google.com/bot.html)"
quickautosell.com.infinitibizsol.com:443 20.171.207.195 - - [11/Jun/2025:20:18:44 +0000] "GET /absorb/city172/lceiy-10990/ HTTP/1.1" 499 0 "-" "Mozilla/5.0 AppleWebKit/537.36 (KHTML, like Gecko; compatible; GPTBot/1.2; +https://openai.com/gptbot)"
quickautosell.com.infinitibizsol.com:443 162.0.223.40 - - [11/Jun/2025:20:18:47 +0000] "POST /wp-cron.php?doing_wp_cron=1749673126.6820950508117675781250 HTTP/1.1" 499 0 "-" "WordPress/6.8.1; https://quickautosell.com"
quickautosell.com.infinitibizsol.com:443 20.171.207.195 - - [11/Jun/2025:20:19:45 +0000] "GET /hey/striking15/k1jkn-24297/ HTTP/1.1" 499 0 "-" "Mozilla/5.0 AppleWebKit/537.36 (KHTML, like Gecko; compatible; GPTBot/1.2; +https://openai.com/gptbot)"
quickautosell.com.infinitibizsol.com:443 173.208.204.66 - - [11/Jun/2025:20:19:49 +0000] "GET /wp-includes/edit.php HTTP/1.1" 499 0 "https://quickautosell.com/wp-includes/edit.php" "Mozilla/5.0 (Windows NT 10.0; Win64; x64) AppleWebKit/537.36 (KHTML, like Gecko) Chrome/58.0.3029.110 Safari/537.3"
quickautosell.com.infinitibizsol.com:443 173.208.204.66 - - [11/Jun/2025:20:19:50 +0000] "GET /wp-includes/edit.php HTTP/1.1" 200 16 "https://quickautosell.com/wp-includes/edit.php" "Mozilla/5.0 (Windows NT 10.0; Win64; x64) AppleWebKit/537.36 (KHTML, like Gecko) Chrome/58.0.3029.110 Safari/537.3"
quickautosell.com.infinitibizsol.com:443 20.171.207.195 - - [11/Jun/2025:20:20:50 +0000] "GET /brave/shower30/8vhtq-17332/ HTTP/1.1" 499 0 "-" "Mozilla/5.0 AppleWebKit/537.36 (KHTML, like Gecko; compatible; GPTBot/1.2; +https://openai.com/gptbot)"
quickautosell.com.infinitibizsol.com:443 162.0.223.40 - - [11/Jun/2025:20:20:50 +0000] "POST /wp-cron.php?doing_wp_cron=1749673249.8100430965423583984375 HTTP/1.1" 499 0 "-" "WordPress/6.8.1; https://quickautosell.com"
quickautosell.com.infinitibizsol.com:443 20.171.207.195 - - [11/Jun/2025:20:21:54 +0000] "GET /regard/brief38/9lytl-15116/ HTTP/1.1" 499 0 "-" "Mozilla/5.0 AppleWebKit/537.36 (KHTML, like Gecko; compatible; GPTBot/1.2; +https://openai.com/gptbot)"
quickautosell.com.infinitibizsol.com:443 162.0.223.40 - - [11/Jun/2025:20:22:12 +0000] "POST /wp-cron.php?doing_wp_cron=1749673331.6742959022521972656250 HTTP/1.1" 499 0 "-" "WordPress/6.8.1; https://quickautosell.com"
quickautosell.com.infinitibizsol.com:443 20.171.207.195 - - [11/Jun/2025:20:22:57 +0000] "GET /frozen/sharp73/yx3fp-38151/ HTTP/1.1" 404 32393 "-" "Mozilla/5.0 AppleWebKit/537.36 (KHTML, like Gecko; compatible; GPTBot/1.2; +https://openai.com/gptbot)"
quickautosell.com.infinitibizsol.com:443 20.171.207.195 - - [11/Jun/2025:20:24:01 +0000] "GET /fish/corner189/psykv-35377/ HTTP/1.1" 499 0 "-" "Mozilla/5.0 AppleWebKit/537.36 (KHTML, like Gecko; compatible; GPTBot/1.2; +https://openai.com/gptbot)"
quickautosell.com.infinitibizsol.com:443 52.167.144.147 - - [11/Jun/2025:20:24:09 +0000] "GET /silex/shopdetail/bp594340255.shtm HTTP/1.1" 499 0 "-" "Mozilla/5.0 AppleWebKit/537.36 (KHTML, like Gecko; compatible; bingbot/2.0; +http://www.bing.com/bingbot.htm) Chrome/116.0.1938.76 Safari/537.36"
quickautosell.com.infinitibizsol.com:443 162.0.223.40 - - [11/Jun/2025:20:24:11 +0000] "POST /wp-cron.php?doing_wp_cron=1749673450.7250800132751464843750 HTTP/1.1" 499 0 "-" "WordPress/6.8.1; https://quickautosell.com"
quickautosell.com.infinitibizsol.com:443 20.171.207.195 - - [11/Jun/2025:20:25:06 +0000] "GET /lean/capital130/mko8k-6026/ HTTP/1.1" 499 0 "-" "Mozilla/5.0 AppleWebKit/537.36 (KHTML, like Gecko; compatible; GPTBot/1.2; +https://openai.com/gptbot)"
quickautosell.com.infinitibizsol.com:443 20.171.207.195 - - [11/Jun/2025:20:26:10 +0000] "GET /dream/shout168/hothi-15906/ HTTP/1.1" 499 0 "-" "Mozilla/5.0 AppleWebKit/537.36 (KHTML, like Gecko; compatible; GPTBot/1.2; +https://openai.com/gptbot)"
quickautosell.com.infinitibizsol.com:443 162.0.223.40 - - [11/Jun/2025:20:26:16 +0000] "POST /wp-cron.php?doing_wp_cron=1749673575.4542570114135742187500 HTTP/1.1" 499 0 "-" "WordPress/6.8.1; https://quickautosell.com"
quickautosell.com.infinitibizsol.com:443 52.167.144.197 - - [11/Jun/2025:20:27:02 +0000] "GET /prost/e/ HTTP/1.1" 499 0 "-" "Mozilla/5.0 AppleWebKit/537.36 (KHTML, like Gecko; compatible; bingbot/2.0; +http://www.bing.com/bingbot.htm) Chrome/116.0.1938.76 Safari/537.36"
quickautosell.com.infinitibizsol.com:443 20.171.207.195 - - [11/Jun/2025:20:27:12 +0000] "GET /lovely/marker64/0q2lu-4478/ HTTP/1.1" 499 0 "-" "Mozilla/5.0 AppleWebKit/537.36 (KHTML, like Gecko; compatible; GPTBot/1.2; +https://openai.com/gptbot)"
quickautosell.com.infinitibizsol.com:443 162.0.223.40 - - [11/Jun/2025:20:27:23 +0000] "POST /wp-cron.php?doing_wp_cron=1749673642.7670929431915283203125 HTTP/1.1" 499 0 "-" "WordPress/6.8.1; https://quickautosell.com"
quickautosell.com.infinitibizsol.com:443 173.208.204.66 - - [11/Jun/2025:20:27:33 +0000] "GET /wp-includes/edit.php HTTP/1.1" 499 0 "https://quickautosell.com/wp-includes/edit.php" "Mozilla/5.0 (Windows NT 10.0; Win64; x64) AppleWebKit/537.36 (KHTML, like Gecko) Chrome/58.0.3029.110 Safari/537.3"
quickautosell.com.infinitibizsol.com:443 173.208.204.66 - - [11/Jun/2025:20:27:34 +0000] "GET /wp-includes/edit.php HTTP/1.1" 200 16 "https://quickautosell.com/wp-includes/edit.php" "Mozilla/5.0 (Windows NT 10.0; Win64; x64) AppleWebKit/537.36 (KHTML, like Gecko) Chrome/58.0.3029.110 Safari/537.3"
quickautosell.com.infinitibizsol.com:443 185.40.4.101 - - [11/Jun/2025:20:27:56 +0000] "GET / HTTP/1.1" 200 80763 "-" "Mozilla/5.0 (compatible; MSIE 10.0; Windows NT 6.1; Trident/6.0)"
quickautosell.com.infinitibizsol.com:443 20.171.207.195 - - [11/Jun/2025:20:28:14 +0000] "GET /wipe/handle274/stlwm-32614/ HTTP/1.1" 499 0 "-" "Mozilla/5.0 AppleWebKit/537.36 (KHTML, like Gecko; compatible; GPTBot/1.2; +https://openai.com/gptbot)"
quickautosell.com.infinitibizsol.com:443 162.0.223.40 - - [11/Jun/2025:20:28:27 +0000] "POST /wp-cron.php?doing_wp_cron=1749673705.3363399505615234375000 HTTP/1.1" 499 0 "-" "WordPress/6.8.1; https://quickautosell.com"
quickautosell.com.infinitibizsol.com:443 192.42.116.183 - - [11/Jun/2025:20:28:49 +0000] "GET / HTTP/1.1" 200 80763 "-" "Mozilla/5.0 (compatible; MSIE 10.0; Windows NT 6.1; Trident/6.0)"
quickautosell.com.infinitibizsol.com:443 20.171.207.195 - - [11/Jun/2025:20:29:16 +0000] "GET /within/host176/jcbwk-12880/ HTTP/1.1" 499 0 "-" "Mozilla/5.0 AppleWebKit/537.36 (KHTML, like Gecko; compatible; GPTBot/1.2; +https://openai.com/gptbot)"
quickautosell.com.infinitibizsol.com:443 162.0.223.40 - - [11/Jun/2025:20:29:39 +0000] "POST /wp-cron.php?doing_wp_cron=1749673778.6872050762176513671875 HTTP/1.1" 499 0 "-" "WordPress/6.8.1; https://quickautosell.com"
quickautosell.com.infinitibizsol.com:443 52.167.144.232 - - [11/Jun/2025:20:30:10 +0000] "GET /rotor/pit/784808953.shtm HTTP/1.1" 499 0 "-" "Mozilla/5.0 AppleWebKit/537.36 (KHTML, like Gecko; compatible; bingbot/2.0; +http://www.bing.com/bingbot.htm) Chrome/116.0.1938.76 Safari/537.36"
quickautosell.com.infinitibizsol.com:443 20.171.207.195 - - [11/Jun/2025:20:30:19 +0000] "GET /argue/orbit214/glunn-19736/ HTTP/1.1" 499 0 "-" "Mozilla/5.0 AppleWebKit/537.36 (KHTML, like Gecko; compatible; GPTBot/1.2; +https://openai.com/gptbot)"
quickautosell.com.infinitibizsol.com:443 20.171.207.195 - - [11/Jun/2025:20:31:20 +0000] "GET /trip/marble279/hpwho-41147/ HTTP/1.1" 499 0 "-" "Mozilla/5.0 AppleWebKit/537.36 (KHTML, like Gecko; compatible; GPTBot/1.2; +https://openai.com/gptbot)"
quickautosell.com.infinitibizsol.com:443 162.0.223.40 - - [11/Jun/2025:20:31:36 +0000] "POST /wp-cron.php?doing_wp_cron=1749673895.7123529911041259765625 HTTP/1.1" 499 0 "-" "WordPress/6.8.1; https://quickautosell.com"
quickautosell.com.infinitibizsol.com:443 20.171.207.195 - - [11/Jun/2025:20:32:22 +0000] "GET /temple/math186/gofpa-15532/ HTTP/1.1" 499 0 "-" "Mozilla/5.0 AppleWebKit/537.36 (KHTML, like Gecko; compatible; GPTBot/1.2; +https://openai.com/gptbot)"
quickautosell.com.infinitibizsol.com:443 162.0.223.40 - - [11/Jun/2025:20:32:38 +0000] "POST /wp-cron.php?doing_wp_cron=1749673957.9362409114837646484375 HTTP/1.1" 499 0 "-" "WordPress/6.8.1; https://quickautosell.com"
quickautosell.com.infinitibizsol.com:80 159.198.79.246 - - [11/Jun/2025:20:32:50 +0000] "POST /xmlrpc.php HTTP/1.1" 404 54765 "-" "Mozilla/5.0 (X11; Ubuntu; Linux x86_64; rv:85.0) Gecko/20100101 Firefox/91.0"
quickautosell.com.infinitibizsol.com:443 20.171.207.195 - - [11/Jun/2025:20:33:25 +0000] "GET /forest/grace39/hbi6b-16425/ HTTP/1.1" 499 0 "-" "Mozilla/5.0 AppleWebKit/537.36 (KHTML, like Gecko; compatible; GPTBot/1.2; +https://openai.com/gptbot)"
quickautosell.com.infinitibizsol.com:443 162.0.223.40 - - [11/Jun/2025:20:33:43 +0000] "POST /wp-cron.php?doing_wp_cron=1749674022.0529289245605468750000 HTTP/1.1" 499 0 "-" "WordPress/6.8.1; https://quickautosell.com"
quickautosell.com.infinitibizsol.com:443 20.171.207.195 - - [11/Jun/2025:20:34:30 +0000] "GET /skill/verbal60/0axeb-38472/ HTTP/1.1" 499 0 "-" "Mozilla/5.0 AppleWebKit/537.36 (KHTML, like Gecko; compatible; GPTBot/1.2; +https://openai.com/gptbot)"
quickautosell.com.infinitibizsol.com:443 52.167.144.197 - - [11/Jun/2025:20:34:35 +0000] "GET /dizzier/ HTTP/1.1" 404 54816 "-" "Mozilla/5.0 AppleWebKit/537.36 (KHTML, like Gecko; compatible; bingbot/2.0; +http://www.bing.com/bingbot.htm) Chrome/116.0.1938.76 Safari/537.36"
quickautosell.com.infinitibizsol.com:443 162.0.223.40 - - [11/Jun/2025:20:34:46 +0000] "POST /wp-cron.php?doing_wp_cron=1749674085.5842759609222412109375 HTTP/1.1" 499 0 "-" "WordPress/6.8.1; https://quickautosell.com"
quickautosell.com.infinitibizsol.com:443 198.204.226.18 - - [11/Jun/2025:20:34:56 +0000] "GET /wp-includes/edit.php HTTP/1.1" 499 0 "https://quickautosell.com/wp-includes/edit.php" "Mozilla/5.0 (Windows NT 10.0; Win64; x64) AppleWebKit/537.36 (KHTML, like Gecko) Chrome/58.0.3029.110 Safari/537.3"
quickautosell.com.infinitibizsol.com:443 173.208.204.66 - - [11/Jun/2025:20:35:32 +0000] "GET /wp-includes/edit.php HTTP/1.1" 200 16 "https://quickautosell.com/wp-includes/edit.php" "Mozilla/5.0 (Windows NT 10.0; Win64; x64) AppleWebKit/537.36 (KHTML, like Gecko) Chrome/58.0.3029.110 Safari/537.3"
quickautosell.com.infinitibizsol.com:443 20.171.207.195 - - [11/Jun/2025:20:35:34 +0000] "GET /planner/wild249/gwh0z-1307/ HTTP/1.1" 499 0 "-" "Mozilla/5.0 AppleWebKit/537.36 (KHTML, like Gecko; compatible; GPTBot/1.2; +https://openai.com/gptbot)"
quickautosell.com.infinitibizsol.com:80 162.0.223.40 - - [11/Jun/2025:20:36:15 +0000] "POST /wp-cron.php?doing_wp_cron=1749674174.0982871055603027343750 HTTP/1.1" 499 0 "-" "WordPress/6.8.1; https://quickautosell.com"
quickautosell.com.infinitibizsol.com:80 78.153.140.222 - - [11/Jun/2025:20:36:15 +0000] "GET /.env HTTP/1.1" 404 54757 "-" "Mozilla/5.0 (Linux; U; Android 4.0.3; en-gb; GT-P5100 Build/IML74K) AppleWebKit/534.30 (KHTML, like Gecko) Version/4.0 Safari/534.30"
quickautosell.com.infinitibizsol.com:80 78.153.140.222 - - [11/Jun/2025:20:36:21 +0000] "GET / HTTP/1.1" 200 80750 "-" "Mozilla/5.0 (Windows NT 10.0; WOW64) AppleWebKit/537.36 (KHTML, like Gecko) Chrome/51.0.2704.79 Safari/537.36"
quickautosell.com.infinitibizsol.com:80 78.153.140.222 - - [11/Jun/2025:20:36:26 +0000] "GET /test HTTP/1.1" 404 54757 "-" "Mozilla/5.0 (Linux; Android 7.0; SAMSUNG SM-G930A Build/NRD90M) AppleWebKit/537.36 (KHTML, like Gecko) SamsungBrowser/5.4 Chrome/51.0.2704.106 Mobile Safari/537.36"
quickautosell.com.infinitibizsol.com:80 78.153.140.222 - - [11/Jun/2025:20:36:32 +0000] "GET /.aws/credentials HTTP/1.1" 404 54784 "-" "Mozilla/5.0 (compatible; MSIE 9.0; Windows NT 6.1; WOW64; Trident/5.0; chromeframe/32.0.1700.107)"
quickautosell.com.infinitibizsol.com:443 20.171.207.195 - - [11/Jun/2025:20:36:34 +0000] "GET /animal/ideal258/yiu0q-5394/ HTTP/1.1" 499 0 "-" "Mozilla/5.0 AppleWebKit/537.36 (KHTML, like Gecko; compatible; GPTBot/1.2; +https://openai.com/gptbot)"
quickautosell.com.infinitibizsol.com:80 78.153.140.222 - - [11/Jun/2025:20:36:36 +0000] "GET /backend/.env HTTP/1.1" 404 54763 "-" "Mozilla/5.0 (X11; U; Linux i686; en-US; rv:1.8.1.10) Gecko/20071115 Firefox/2.0.0.10"
quickautosell.com.infinitibizsol.com:80 78.153.140.222 - - [11/Jun/2025:20:36:41 +0000] "GET /api/.env HTTP/1.1" 404 54903 "-" "Mozilla/5.0 (Linux; Android 5.1.1; SM-G360T1 Build/LMY47X) AppleWebKit/537.36 (KHTML, like Gecko) Chrome/52.0.2743.98 Mobile Safari/537.36"
quickautosell.com.infinitibizsol.com:80 78.153.140.222 - - [11/Jun/2025:20:36:48 +0000] "GET /admin/.env HTTP/1.1" 404 54757 "-" "Mozilla/5.0 (Macintosh; U; Intel Mac OS X 10_6_3; ja-jp) AppleWebKit/531.22.7 (KHTML, like Gecko) Version/4.0.5 Safari/531.22.7"
quickautosell.com.infinitibizsol.com:80 78.153.140.222 - - [11/Jun/2025:20:36:52 +0000] "GET /app/.env HTTP/1.1" 404 54757 "-" "Mozilla/5.0 (Windows NT 10.0) AppleWebKit/537.36 (KHTML, like Gecko) Chrome/51.0.2704.106 Safari/537.36 OPR/38.0.2220.41"
quickautosell.com.infinitibizsol.com:80 78.153.140.222 - - [11/Jun/2025:20:37:02 +0000] "GET /vendor/.env HTTP/1.1" 404 55130 "-" "Mozilla/5.0 (Windows NT 6.1; Win64; x64; rv:5.0) Gecko/20100101 Firefox/5.0"
quickautosell.com.infinitibizsol.com:443 20.171.207.195 - - [11/Jun/2025:20:37:09 +0000] "GET /afraid/picture3/b910a-6065/ HTTP/1.1" 404 32393 "-" "Mozilla/5.0 AppleWebKit/537.36 (KHTML, like Gecko; compatible; GPTBot/1.2; +https://openai.com/gptbot)"
quickautosell.com.infinitibizsol.com:80 162.0.223.40 - - [11/Jun/2025:20:37:57 +0000] "POST /wp-cron.php?doing_wp_cron=1749674276.0513420104980468750000 HTTP/1.1" 499 0 "-" "WordPress/6.8.1; https://quickautosell.com"
quickautosell.com.infinitibizsol.com:80 78.153.140.222 - - [11/Jun/2025:20:38:02 +0000] "GET /crm/.env HTTP/1.1" 404 55118 "-" "Mozilla/5.0 (Windows NT 6.1; WOW64; rv:6.0a2) Gecko/20110622 Firefox/6.0a2"
quickautosell.com.infinitibizsol.com:443 20.171.207.195 - - [11/Jun/2025:20:38:10 +0000] "GET /guard/meeting117/74vfk-669/ HTTP/1.1" 404 32393 "-" "Mozilla/5.0 AppleWebKit/537.36 (KHTML, like Gecko; compatible; GPTBot/1.2; +https://openai.com/gptbot)"
quickautosell.com.infinitibizsol.com:80 162.14.197.180 - - [11/Jun/2025:20:38:24 +0000] "GET / HTTP/1.1" 200 80758 "-" "Mozilla/5.0 (iPhone; CPU iPhone OS 13_2_3 like Mac OS X) AppleWebKit/605.1.15 (KHTML, like Gecko) Version/13.0.3 Mobile/15E148 Safari/604.1"
quickautosell.com.infinitibizsol.com:80 162.0.223.40 - - [11/Jun/2025:20:39:07 +0000] "POST /wp-cron.php?doing_wp_cron=1749674345.9406828880310058593750 HTTP/1.1" 499 0 "-" "WordPress/6.8.1; https://quickautosell.com"
quickautosell.com.infinitibizsol.com:443 20.171.207.195 - - [11/Jun/2025:20:39:15 +0000] "GET /biology/car276/tggrd-38586/ HTTP/1.1" 404 32393 "-" "Mozilla/5.0 AppleWebKit/537.36 (KHTML, like Gecko; compatible; GPTBot/1.2; +https://openai.com/gptbot)"
quickautosell.com.infinitibizsol.com:80 78.153.140.222 - - [11/Jun/2025:20:39:27 +0000] "GET /.env.example HTTP/1.1" 404 55118 "-" "Opera/9.64 (X11; Linux i686; U; nb) Presto/2.1.1"
quickautosell.com.infinitibizsol.com:80 78.153.140.222 - - [11/Jun/2025:20:40:13 +0000] "GET /.env.production HTTP/1.1" 404 55118 "-" "Mozilla/5.0 (Windows; U; Windows NT 5.2; nl; rv:1.8.1.7) Gecko/20070914 Firefox/2.0.0.7"
quickautosell.com.infinitibizsol.com:80 162.0.223.40 - - [11/Jun/2025:20:40:20 +0000] "POST /wp-cron.php?doing_wp_cron=1749674419.2618389129638671875000 HTTP/1.1" 499 0 "-" "WordPress/6.8.1; https://quickautosell.com"
quickautosell.com.infinitibizsol.com:80 78.153.140.222 - - [11/Jun/2025:20:40:20 +0000] "GET /?phpinfo=-1 HTTP/1.1" 200 80758 "-" "Mozilla/5.0 (X11; U; Linux i686; en-US; rv:1.8.1.22pre) Gecko/20090327 Ubuntu/7.10 (gutsy) Firefox/2.0.0.22pre"
quickautosell.com.infinitibizsol.com:80 78.153.140.222 - - [11/Jun/2025:20:40:28 +0000] "GET /phpinfo.php HTTP/1.1" 404 54757 "-" "Opera/9.01 (Windows NT 5.0; U; en)"
quickautosell.com.infinitibizsol.com:80 78.153.140.222 - - [11/Jun/2025:20:40:37 +0000] "GET /media/.env HTTP/1.1" 404 54784 "-" "Mozilla/5.0 (X11; Linux x86_64) AppleWebKit/534.36 (KHTML, like Gecko) Chrome/13.0.766.0 Safari/534.36"
quickautosell.com.infinitibizsol.com:80 78.153.140.222 - - [11/Jun/2025:20:40:42 +0000] "GET /server/.env HTTP/1.1" 404 54757 "-" "Mozilla/5.0 (iPhone; CPU iPhone OS 10_3_3 like Mac OS X) AppleWebKit/603.3.1 (KHTML, like Gecko) Version/10.0 Mobile/14G5028a Safari/602.1"
quickautosell.com.infinitibizsol.com:443 20.171.207.195 - - [11/Jun/2025:20:40:44 +0000] "GET /sleep/hostile9/5uj9w-44127/ HTTP/1.1" 499 0 "-" "Mozilla/5.0 AppleWebKit/537.36 (KHTML, like Gecko; compatible; GPTBot/1.2; +https://openai.com/gptbot)"
quickautosell.com.infinitibizsol.com:80 78.153.140.222 - - [11/Jun/2025:20:40:47 +0000] "GET /staging/.env HTTP/1.1" 404 54771 "-" "Mozilla/4.0 (compatible; MSIE 8.0; Windows NT 6.1; WOW64; Trident/4.0; SLCC2; .NET CLR 2.0.50727; .NET CLR 3.5.30729; .NET CLR 3.0.30729; Media Center PC 6.0; InfoPath.3; .NET4.0C)"
quickautosell.com.infinitibizsol.com:80 78.153.140.222 - - [11/Jun/2025:20:41:07 +0000] "GET /twilio/.env HTTP/1.1" 404 55118 "-" "Mozilla/5.0 (Windows; U; Windows NT 5.0; en-US; rv:1.7) Gecko/20040707 Firefox/0.9.2"
quickautosell.com.infinitibizsol.com:443 162.0.223.40 - - [11/Jun/2025:20:41:21 +0000] "POST /wp-cron.php?doing_wp_cron=1749674480.6197290420532226562500 HTTP/1.1" 499 0 "-" "WordPress/6.8.1; https://quickautosell.com"
quickautosell.com.infinitibizsol.com:443 20.171.207.195 - - [11/Jun/2025:20:41:21 +0000] "GET /burden/around62/6g8kg-9170/ HTTP/1.1" 404 54766 "-" "Mozilla/5.0 AppleWebKit/537.36 (KHTML, like Gecko; compatible; GPTBot/1.2; +https://openai.com/gptbot)"
quickautosell.com.infinitibizsol.com:80 78.153.140.222 - - [11/Jun/2025:20:41:52 +0000] "GET /.env.save HTTP/1.1" 404 55118 "-" "Mozilla/5.0 (Linux; U; Android 4.1.2; es-us; SAMSUNG-SGH-I467 Build/JZO54K) AppleWebKit/534.30 (KHTML, like Gecko) Version/4.0 Safari/534.30"
quickautosell.com.infinitibizsol.com:443 162.0.223.40 - - [11/Jun/2025:20:42:21 +0000] "POST /wp-cron.php?doing_wp_cron=1749674540.6300349235534667968750 HTTP/1.1" 499 0 "-" "WordPress/6.8.1; https://quickautosell.com"
quickautosell.com.infinitibizsol.com:443 20.171.207.195 - - [11/Jun/2025:20:42:21 +0000] "GET /close/inside51/qg8er-43923/ HTTP/1.1" 404 32393 "-" "Mozilla/5.0 AppleWebKit/537.36 (KHTML, like Gecko; compatible; GPTBot/1.2; +https://openai.com/gptbot)"
quickautosell.com.infinitibizsol.com:80 78.153.140.222 - - [11/Jun/2025:20:42:37 +0000] "GET /.json HTTP/1.1" 404 55118 "-" "Mozilla/5.0 (Macintosh; U; Intel Mac OS X; ja-jp) AppleWebKit/523.12.2 (KHTML, like Gecko) Version/3.0.4 Safari/523.12.2"
quickautosell.com.infinitibizsol.com:80 78.153.140.222 - - [11/Jun/2025:20:43:03 +0000] "GET /?url=.env HTTP/1.1" 200 81111 "-" "Mozilla/5.0 (Linux; U; Android 4.0.3; es-es; Sony Tablet S Build/TISU0143) AppleWebKit/534.30 (KHTML, like Gecko) Version/4.0 Safari/534.30"
quickautosell.com.infinitibizsol.com:443 162.0.223.40 - - [11/Jun/2025:20:43:25 +0000] "POST /wp-cron.php?doing_wp_cron=1749674604.1486709117889404296875 HTTP/1.1" 499 0 "-" "WordPress/6.8.1; https://quickautosell.com"
quickautosell.com.infinitibizsol.com:443 20.171.207.195 - - [11/Jun/2025:20:43:25 +0000] "GET /sign/visible224/xf4tm-2790/ HTTP/1.1" 404 54766 "-" "Mozilla/5.0 AppleWebKit/537.36 (KHTML, like Gecko; compatible; GPTBot/1.2; +https://openai.com/gptbot)"
quickautosell.com.infinitibizsol.com:443 173.208.204.66 - - [11/Jun/2025:20:43:36 +0000] "GET /wp-includes/edit.php HTTP/1.1" 499 0 "https://quickautosell.com/wp-includes/edit.php" "Mozilla/5.0 (Windows NT 10.0; Win64; x64) AppleWebKit/537.36 (KHTML, like Gecko) Chrome/58.0.3029.110 Safari/537.3"
quickautosell.com.infinitibizsol.com:443 173.208.204.66 - - [11/Jun/2025:20:43:36 +0000] "GET /wp-includes/edit.php HTTP/1.1" 200 16 "https://quickautosell.com/wp-includes/edit.php" "Mozilla/5.0 (Windows NT 10.0; Win64; x64) AppleWebKit/537.36 (KHTML, like Gecko) Chrome/58.0.3029.110 Safari/537.3"
quickautosell.com.infinitibizsol.com:80 78.153.140.222 - - [11/Jun/2025:20:43:43 +0000] "GET /config/.env HTTP/1.1" 404 55126 "-" "Mozilla/5.0 (Macintosh; Intel Mac OS X 10_9_5) AppleWebKit/537.36 (KHTML, like Gecko) Chrome/49.0.2623.87 Safari/537.36"
quickautosell.com.infinitibizsol.com:80 78.153.140.222 - - [11/Jun/2025:20:44:29 +0000] "GET /info HTTP/1.1" 404 55118 "-" "Mozilla/4.0 (compatible; MSIE 6.0; Windows NT 5.1; .NET CLR 1.1.4322)"
quickautosell.com.infinitibizsol.com:443 162.0.223.40 - - [11/Jun/2025:20:44:30 +0000] "POST /wp-cron.php?doing_wp_cron=1749674669.5718069076538085937500 HTTP/1.1" 499 0 "-" "WordPress/6.8.1; https://quickautosell.com"
quickautosell.com.infinitibizsol.com:80 78.153.140.222 - - [11/Jun/2025:20:44:34 +0000] "GET /stage/.env HTTP/1.1" 404 54757 "-" "Mozilla/5.0 (Linux; U; Android 4.2.2; de-de; ZTE Blade L2 Build/JDQ39) AppleWebKit/534.30 (KHTML, like Gecko) Version/4.0 Mobile Safari/534.30"
quickautosell.com.infinitibizsol.com:443 20.171.207.195 - - [11/Jun/2025:20:44:40 +0000] "GET /grin/glimpse54/hb4vy-47858/ HTTP/1.1" 404 55127 "-" "Mozilla/5.0 AppleWebKit/537.36 (KHTML, like Gecko; compatible; GPTBot/1.2; +https://openai.com/gptbot)"
quickautosell.com.infinitibizsol.com:443 198.204.226.18 - - [11/Jun/2025:20:44:51 +0000] "GET /wp-includes/edit.php HTTP/1.1" 200 16 "https://quickautosell.com/wp-includes/edit.php" "Mozilla/5.0 (Windows NT 10.0; Win64; x64) AppleWebKit/537.36 (KHTML, like Gecko) Chrome/58.0.3029.110 Safari/537.3"
quickautosell.com.infinitibizsol.com:443 146.70.185.32 - - [11/Jun/2025:20:45:17 +0000] "HEAD / HTTP/1.1" 200 0 "-" "Mozilla/5.0 (Windows NT 10.0; Win64; x64) AppleWebKit/537.36 (KHTML, like Gecko) Chrome/58.0.3029.110 Safari/537.3"
quickautosell.com.infinitibizsol.com:443 162.0.223.40 - - [11/Jun/2025:20:45:35 +0000] "POST /wp-cron.php?doing_wp_cron=1749674734.3307020664215087890625 HTTP/1.1" 499 0 "-" "WordPress/6.8.1; https://quickautosell.com"
quickautosell.com.infinitibizsol.com:443 20.171.207.195 - - [11/Jun/2025:20:45:35 +0000] "GET /inmate/pass283/nugwp-22615/ HTTP/1.1" 404 54766 "-" "Mozilla/5.0 AppleWebKit/537.36 (KHTML, like Gecko; compatible; GPTBot/1.2; +https://openai.com/gptbot)"
quickautosell.com.infinitibizsol.com:443 146.70.185.32 - - [11/Jun/2025:20:45:42 +0000] "HEAD / HTTP/1.1" 499 0 "-" "Mozilla/5.0 (Windows NT 10.0; Win64; x64) AppleWebKit/537.36 (KHTML, like Gecko) Chrome/58.0.3029.110 Safari/537.3"
quickautosell.com.infinitibizsol.com:443 162.0.223.40 - - [11/Jun/2025:20:46:38 +0000] "POST /wp-cron.php?doing_wp_cron=1749674797.2650010585784912109375 HTTP/1.1" 499 0 "-" "WordPress/6.8.1; https://quickautosell.com"
quickautosell.com.infinitibizsol.com:443 20.171.207.195 - - [11/Jun/2025:20:46:38 +0000] "GET /essay/string77/z0wte-43565/ HTTP/1.1" 404 54766 "-" "Mozilla/5.0 AppleWebKit/537.36 (KHTML, like Gecko; compatible; GPTBot/1.2; +https://openai.com/gptbot)"
quickautosell.com.infinitibizsol.com:443 162.0.223.40 - - [11/Jun/2025:20:47:41 +0000] "POST /wp-cron.php?doing_wp_cron=1749674860.4288020133972167968750 HTTP/1.1" 499 0 "-" "WordPress/6.8.1; https://quickautosell.com"
quickautosell.com.infinitibizsol.com:443 20.171.207.195 - - [11/Jun/2025:20:47:41 +0000] "GET /flame/wrong132/cultn-39160/ HTTP/1.1" 404 32393 "-" "Mozilla/5.0 AppleWebKit/537.36 (KHTML, like Gecko; compatible; GPTBot/1.2; +https://openai.com/gptbot)"
quickautosell.com.infinitibizsol.com:443 162.0.223.40 - - [11/Jun/2025:20:48:44 +0000] "POST /wp-cron.php?doing_wp_cron=1749674923.2824790477752685546875 HTTP/1.1" 499 0 "-" "WordPress/6.8.1; https://quickautosell.com"
quickautosell.com.infinitibizsol.com:443 20.171.207.195 - - [11/Jun/2025:20:48:44 +0000] "GET /great/almost22/xfwy7-44880/ HTTP/1.1" 404 32393 "-" "Mozilla/5.0 AppleWebKit/537.36 (KHTML, like Gecko; compatible; GPTBot/1.2; +https://openai.com/gptbot)"
quickautosell.com.infinitibizsol.com:443 162.0.223.40 - - [11/Jun/2025:20:49:46 +0000] "POST /wp-cron.php?doing_wp_cron=1749674985.5235600471496582031250 HTTP/1.1" 499 0 "-" "WordPress/6.8.1; https://quickautosell.com"
quickautosell.com.infinitibizsol.com:443 20.171.207.195 - - [11/Jun/2025:20:49:46 +0000] "GET /scratch/duck21/hobx0-42643/ HTTP/1.1" 404 32393 "-" "Mozilla/5.0 AppleWebKit/537.36 (KHTML, like Gecko; compatible; GPTBot/1.2; +https://openai.com/gptbot)"
quickautosell.com.infinitibizsol.com:443 198.204.226.18 - - [11/Jun/2025:20:49:54 +0000] "GET /wp-includes/edit.php HTTP/1.1" 499 0 "https://quickautosell.com/wp-includes/edit.php" "Mozilla/5.0 (Windows NT 10.0; Win64; x64) AppleWebKit/537.36 (KHTML, like Gecko) Chrome/58.0.3029.110 Safari/537.3"
quickautosell.com.infinitibizsol.com:443 198.204.226.18 - - [11/Jun/2025:20:50:03 +0000] "GET /wp-includes/edit.php HTTP/1.1" 200 16 "https://quickautosell.com/wp-includes/edit.php" "Mozilla/5.0 (Windows NT 10.0; Win64; x64) AppleWebKit/537.36 (KHTML, like Gecko) Chrome/58.0.3029.110 Safari/537.3"
quickautosell.com.infinitibizsol.com:443 162.0.223.40 - - [11/Jun/2025:20:50:52 +0000] "POST /wp-cron.php?doing_wp_cron=1749675051.3594160079956054687500 HTTP/1.1" 499 0 "-" "WordPress/6.8.1; https://quickautosell.com"
quickautosell.com.infinitibizsol.com:443 20.171.207.195 - - [11/Jun/2025:20:50:52 +0000] "GET /pulse/grand169/fnwpb-21813/ HTTP/1.1" 404 54766 "-" "Mozilla/5.0 AppleWebKit/537.36 (KHTML, like Gecko; compatible; GPTBot/1.2; +https://openai.com/gptbot)"
quickautosell.com.infinitibizsol.com:443 173.208.204.66 - - [11/Jun/2025:20:51:34 +0000] "GET /wp-includes/edit.php HTTP/1.1" 499 0 "https://quickautosell.com/wp-includes/edit.php" "Mozilla/5.0 (Windows NT 10.0; Win64; x64) AppleWebKit/537.36 (KHTML, like Gecko) Chrome/58.0.3029.110 Safari/537.3"
quickautosell.com.infinitibizsol.com:443 173.208.204.66 - - [11/Jun/2025:20:51:34 +0000] "GET /wp-includes/edit.php HTTP/1.1" 200 16 "https://quickautosell.com/wp-includes/edit.php" "Mozilla/5.0 (Windows NT 10.0; Win64; x64) AppleWebKit/537.36 (KHTML, like Gecko) Chrome/58.0.3029.110 Safari/537.3"
quickautosell.com.infinitibizsol.com:443 162.0.223.40 - - [11/Jun/2025:20:51:56 +0000] "POST /wp-cron.php?doing_wp_cron=1749675115.6796650886535644531250 HTTP/1.1" 499 0 "-" "WordPress/6.8.1; https://quickautosell.com"
quickautosell.com.infinitibizsol.com:443 20.171.207.195 - - [11/Jun/2025:20:51:56 +0000] "GET /hat/roughly183/mxgco-31465/ HTTP/1.1" 404 32393 "-" "Mozilla/5.0 AppleWebKit/537.36 (KHTML, like Gecko; compatible; GPTBot/1.2; +https://openai.com/gptbot)"
quickautosell.com.infinitibizsol.com:443 162.0.223.40 - - [11/Jun/2025:20:52:58 +0000] "POST /wp-cron.php?doing_wp_cron=1749675177.4160230159759521484375 HTTP/1.1" 499 0 "-" "WordPress/6.8.1; https://quickautosell.com"
quickautosell.com.infinitibizsol.com:443 20.171.207.195 - - [11/Jun/2025:20:52:58 +0000] "GET /loan/inquiry58/bfpz2-24226/ HTTP/1.1" 404 32393 "-" "Mozilla/5.0 AppleWebKit/537.36 (KHTML, like Gecko; compatible; GPTBot/1.2; +https://openai.com/gptbot)"
quickautosell.com.infinitibizsol.com:443 198.204.226.18 - - [11/Jun/2025:20:53:09 +0000] "GET /wp-includes/edit.php HTTP/1.1" 499 0 "https://quickautosell.com/wp-includes/edit.php" "Mozilla/5.0 (Windows NT 10.0; Win64; x64) AppleWebKit/537.36 (KHTML, like Gecko) Chrome/58.0.3029.110 Safari/537.3"
quickautosell.com.infinitibizsol.com:443 162.0.223.40 - - [11/Jun/2025:20:54:01 +0000] "POST /wp-cron.php?doing_wp_cron=1749675240.1661849021911621093750 HTTP/1.1" 499 0 "-" "WordPress/6.8.1; https://quickautosell.com"
quickautosell.com.infinitibizsol.com:443 20.171.207.195 - - [11/Jun/2025:20:54:01 +0000] "GET /not/dominate103/8apcd-1499/ HTTP/1.1" 404 32393 "-" "Mozilla/5.0 AppleWebKit/537.36 (KHTML, like Gecko; compatible; GPTBot/1.2; +https://openai.com/gptbot)"
quickautosell.com.infinitibizsol.com:443 156.146.60.89 - - [11/Jun/2025:20:54:30 +0000] "GET / HTTP/1.1" 200 80763 "-" "Mozilla/5.0 (X11; Ubuntu; Linux x86_64; rv:126.0) Gecko/20100101 Firefox/126.0"
quickautosell.com.infinitibizsol.com:443 156.146.60.89 - - [11/Jun/2025:20:54:34 +0000] "GET / HTTP/1.1" 301 5 "-" "Mozilla/5.0 (X11; Ubuntu; Linux x86_64; rv:126.0) Gecko/20100101 Firefox/126.0"
quickautosell.com.infinitibizsol.com:443 156.146.60.89 - - [11/Jun/2025:20:54:37 +0000] "GET / HTTP/1.1" 200 80776 "-" "Mozilla/5.0 (X11; Ubuntu; Linux x86_64; rv:126.0) Gecko/20100101 Firefox/126.0"
quickautosell.com.infinitibizsol.com:443 156.146.60.89 - - [11/Jun/2025:20:54:39 +0000] "GET / HTTP/1.1" 499 0 "-" "Mozilla/5.0 (X11; Ubuntu; Linux x86_64; rv:126.0) Gecko/20100101 Firefox/126.0"
quickautosell.com.infinitibizsol.com:443 64.64.112.157 - - [11/Jun/2025:20:54:41 +0000] "GET / HTTP/1.1" 499 0 "-" "Mozilla/5.0 (X11; Ubuntu; Linux x86_64; rv:126.0) Gecko/20100101 Firefox/126.0"
quickautosell.com.infinitibizsol.com:443 79.127.132.200 - - [11/Jun/2025:20:54:42 +0000] "GET / HTTP/1.1" 499 0 "-" "Mozilla/5.0 (X11; Ubuntu; Linux x86_64; rv:126.0) Gecko/20100101 Firefox/126.0"
quickautosell.com.infinitibizsol.com:443 102.129.252.122 - - [11/Jun/2025:20:54:43 +0000] "GET / HTTP/1.1" 499 0 "-" "Mozilla/5.0 (X11; Ubuntu; Linux x86_64; rv:126.0) Gecko/20100101 Firefox/126.0"
quickautosell.com.infinitibizsol.com:443 77.81.142.108 - - [11/Jun/2025:20:54:45 +0000] "GET / HTTP/1.1" 499 0 "-" "Mozilla/5.0 (X11; Ubuntu; Linux x86_64; rv:126.0) Gecko/20100101 Firefox/126.0"
quickautosell.com.infinitibizsol.com:443 188.241.80.54 - - [11/Jun/2025:20:54:47 +0000] "GET / HTTP/1.1" 499 0 "-" "Mozilla/5.0 (X11; Ubuntu; Linux x86_64; rv:126.0) Gecko/20100101 Firefox/126.0"
