shop.infinitibizsol.com:443 115.75.26.167 - - [14/Jun/2025:22:56:20 +0000] "POST /wp-admin/post.php HTTP/1.1" 302 5 "-" "Mozilla/5.0 (Macintosh; Intel Mac OS X 10_15_7) AppleWebKit/537.36 (KHTML, like Gecko) Chrome/108.0.0.0 YaBrowser/23.1.2.980 Yowser/2.5 Safari/537.36"
shop.infinitibizsol.com:443 162.0.223.40 - - [14/Jun/2025:22:56:23 +0000] "POST /wp-cron.php?doing_wp_cron=1749941782.4465360641479492187500 HTTP/1.1" 499 0 "-" "WordPress/6.8.1; https://shop.infinitibizsol.com"
shop.infinitibizsol.com:443 102.164.30.233 - - [14/Jun/2025:22:56:23 +0000] "GET /wp-admin/ HTTP/1.1" 200 69245 "-" "Mozilla/5.0 (Macintosh; Intel Mac OS X 10_15_7) AppleWebKit/537.36 (KHTML, like Gecko) Chrome/108.0.0.0 YaBrowser/23.1.2.980 Yowser/2.5 Safari/537.36"
shop.infinitibizsol.com:443 115.75.26.167 - - [14/Jun/2025:22:56:27 +0000] "GET /wp-admin/post.php?post=2373&action=edit&message=1 HTTP/1.1" 200 547806 "-" "Mozilla/5.0 (Macintosh; Intel Mac OS X 10_15_7) AppleWebKit/537.36 (KHTML, like Gecko) Chrome/108.0.0.0 YaBrowser/23.1.2.980 Yowser/2.5 Safari/537.36"
shop.infinitibizsol.com:443 115.75.26.167 - - [14/Jun/2025:22:56:35 +0000] "GET /?p=2373 HTTP/1.1" 404 5 "-" "Mozilla/5.0 (Macintosh; Intel Mac OS X 10_15_7) AppleWebKit/537.36 (KHTML, like Gecko) Chrome/108.0.0.0 YaBrowser/23.1.2.980 Yowser/2.5 Safari/537.36"
shop.infinitibizsol.com:443 115.75.26.167 - - [14/Jun/2025:22:56:37 +0000] "POST /wp-json/wp/v2/posts/2373/autosaves?_locale=user HTTP/1.1" 404 71013 "-" "Mozilla/5.0 (Macintosh; Intel Mac OS X 10_15_7) AppleWebKit/537.36 (KHTML, like Gecko) Chrome/108.0.0.0 YaBrowser/23.1.2.980 Yowser/2.5 Safari/537.36"
shop.infinitibizsol.com:443 102.164.30.233 - - [14/Jun/2025:22:56:38 +0000] "GET /wp-admin/post-new.php HTTP/1.1" 200 476278 "-" "Mozilla/5.0 (Macintosh; Intel Mac OS X 10_15_7) AppleWebKit/537.36 (KHTML, like Gecko) Chrome/108.0.0.0 YaBrowser/23.1.2.980 Yowser/2.5 Safari/537.36"
shop.infinitibizsol.com:443 115.75.26.167 - - [14/Jun/2025:22:56:40 +0000] "POST /index.php?rest_route=/wp/v2/posts/2373&_locale=user HTTP/1.1" 404 73762 "-" "Mozilla/5.0 (Macintosh; Intel Mac OS X 10_15_7) AppleWebKit/537.36 (KHTML, like Gecko) Chrome/108.0.0.0 YaBrowser/23.1.2.980 Yowser/2.5 Safari/537.36"
shop.infinitibizsol.com:443 162.0.223.40 - - [14/Jun/2025:22:56:44 +0000] "POST /wp-cron.php?doing_wp_cron=1749941802.9919519424438476562500 HTTP/1.1" 499 0 "-" "WordPress/6.8.1; https://shop.infinitibizsol.com"
shop.infinitibizsol.com:443 115.75.26.167 - - [14/Jun/2025:22:56:44 +0000] "GET /wp-admin/edit.php HTTP/1.1" 200 143672 "-" "python-requests/2.28.1"
shop.infinitibizsol.com:443 102.164.30.233 - - [14/Jun/2025:22:56:44 +0000] "POST /wp-json/wp/v2/categories?_locale=user HTTP/1.1" 400 169 "-" "Mozilla/5.0 (Macintosh; Intel Mac OS X 10_15_7) AppleWebKit/537.36 (KHTML, like Gecko) Chrome/108.0.0.0 YaBrowser/23.1.2.980 Yowser/2.5 Safari/537.36"
shop.infinitibizsol.com:443 102.164.30.233 - - [14/Jun/2025:22:56:46 +0000] "POST /wp-admin/post.php HTTP/1.1" 302 5 "-" "Mozilla/5.0 (Macintosh; Intel Mac OS X 10_15_7) AppleWebKit/537.36 (KHTML, like Gecko) Chrome/108.0.0.0 YaBrowser/23.1.2.980 Yowser/2.5 Safari/537.36"
shop.infinitibizsol.com:443 162.0.223.40 - - [14/Jun/2025:22:56:49 +0000] "POST /wp-cron.php?doing_wp_cron=1749941807.9741959571838378906250 HTTP/1.1" 499 0 "-" "WordPress/6.8.1; https://shop.infinitibizsol.com"
shop.infinitibizsol.com:443 115.75.26.167 - - [14/Jun/2025:22:56:49 +0000] "GET /?p=2373 HTTP/1.1" 404 5 "-" "Mozilla/5.0 (Macintosh; Intel Mac OS X 10_15_7) AppleWebKit/537.36 (KHTML, like Gecko) Chrome/108.0.0.0 YaBrowser/23.1.2.980 Yowser/2.5 Safari/537.36"
shop.infinitibizsol.com:443 102.164.30.233 - - [14/Jun/2025:22:56:53 +0000] "GET /wp-admin/post.php?post=2375&action=edit&message=1 HTTP/1.1" 200 540751 "-" "Mozilla/5.0 (Macintosh; Intel Mac OS X 10_15_7) AppleWebKit/537.36 (KHTML, like Gecko) Chrome/108.0.0.0 YaBrowser/23.1.2.980 Yowser/2.5 Safari/537.36"
shop.infinitibizsol.com:443 102.164.30.233 - - [14/Jun/2025:22:56:59 +0000] "GET /?p=2375 HTTP/1.1" 404 5 "-" "Mozilla/5.0 (Macintosh; Intel Mac OS X 10_15_7) AppleWebKit/537.36 (KHTML, like Gecko) Chrome/108.0.0.0 YaBrowser/23.1.2.980 Yowser/2.5 Safari/537.36"
shop.infinitibizsol.com:443 102.164.30.233 - - [14/Jun/2025:22:57:02 +0000] "POST /wp-json/wp/v2/posts/2375/autosaves?_locale=user HTTP/1.1" 404 63813 "-" "Mozilla/5.0 (Macintosh; Intel Mac OS X 10_15_7) AppleWebKit/537.36 (KHTML, like Gecko) Chrome/108.0.0.0 YaBrowser/23.1.2.980 Yowser/2.5 Safari/537.36"
shop.infinitibizsol.com:443 102.164.30.233 - - [14/Jun/2025:22:57:08 +0000] "POST /index.php?rest_route=/wp/v2/posts/2375&_locale=user HTTP/1.1" 404 66658 "-" "Mozilla/5.0 (Macintosh; Intel Mac OS X 10_15_7) AppleWebKit/537.36 (KHTML, like Gecko) Chrome/108.0.0.0 YaBrowser/23.1.2.980 Yowser/2.5 Safari/537.36"
shop.infinitibizsol.com:443 162.0.223.40 - - [14/Jun/2025:22:57:14 +0000] "POST /wp-cron.php?doing_wp_cron=1749941833.4254229068756103515625 HTTP/1.1" 499 0 "-" "WordPress/6.8.1; https://shop.infinitibizsol.com"
shop.infinitibizsol.com:443 102.164.30.233 - - [14/Jun/2025:22:57:14 +0000] "GET /wp-admin/edit.php HTTP/1.1" 200 143558 "-" "python-requests/2.28.1"
shop.infinitibizsol.com:443 102.164.30.233 - - [14/Jun/2025:22:57:21 +0000] "GET /?p=2375 HTTP/1.1" 404 5 "-" "Mozilla/5.0 (Macintosh; Intel Mac OS X 10_15_7) AppleWebKit/537.36 (KHTML, like Gecko) Chrome/108.0.0.0 YaBrowser/23.1.2.980 Yowser/2.5 Safari/537.36"
shop.infinitibizsol.com:443 156.240.15.171 - - [14/Jun/2025:22:59:25 +0000] "POST /xmlrpc.php HTTP/1.1" 408 0 "-" "python-requests/2.28.1"
shop.infinitibizsol.com:443 156.240.15.171 - - [14/Jun/2025:22:59:47 +0000] "GET /wp-login.php HTTP/1.1" 200 4546 "-" "Mozilla/5.0 (Macintosh; Intel Mac OS X 10_15_7) AppleWebKit/537.36 (KHTML, like Gecko) Chrome/108.0.0.0 YaBrowser/23.1.2.980 Yowser/2.5 Safari/537.36"
shop.infinitibizsol.com:443 156.240.15.171 - - [14/Jun/2025:22:59:57 +0000] "POST /wp-login.php HTTP/1.1" 302 5 "-" "Mozilla/5.0 (Macintosh; Intel Mac OS X 10_15_7) AppleWebKit/537.36 (KHTML, like Gecko) Chrome/108.0.0.0 YaBrowser/23.1.2.980 Yowser/2.5 Safari/537.36"
shop.infinitibizsol.com:443 156.240.15.171 - - [14/Jun/2025:23:00:10 +0000] "GET /wp-admin/ HTTP/1.1" 200 69074 "-" "Mozilla/5.0 (Macintosh; Intel Mac OS X 10_15_7) AppleWebKit/537.36 (KHTML, like Gecko) Chrome/108.0.0.0 YaBrowser/23.1.2.980 Yowser/2.5 Safari/537.36"
shop.infinitibizsol.com:443 46.32.255.222 - - [14/Jun/2025:23:00:40 +0000] "GET /wp-login.php HTTP/1.1" 200 4552 "-" "Mozilla/5.0 (Macintosh; Intel Mac OS X 10_15_7) AppleWebKit/537.36 (KHTML, like Gecko) Chrome/108.0.0.0 YaBrowser/23.1.2.980 Yowser/2.5 Safari/537.36"
shop.infinitibizsol.com:443 46.32.255.222 - - [14/Jun/2025:23:00:42 +0000] "POST /wp-login.php HTTP/1.1" 302 5 "-" "Mozilla/5.0 (Macintosh; Intel Mac OS X 10_15_7) AppleWebKit/537.36 (KHTML, like Gecko) Chrome/108.0.0.0 YaBrowser/23.1.2.980 Yowser/2.5 Safari/537.36"
shop.infinitibizsol.com:443 46.32.255.222 - - [14/Jun/2025:23:00:45 +0000] "GET /wp-admin/ HTTP/1.1" 200 69103 "-" "Mozilla/5.0 (Macintosh; Intel Mac OS X 10_15_7) AppleWebKit/537.36 (KHTML, like Gecko) Chrome/108.0.0.0 YaBrowser/23.1.2.980 Yowser/2.5 Safari/537.36"
shop.infinitibizsol.com:443 46.32.255.222 - - [14/Jun/2025:23:00:49 +0000] "GET /wp-admin/post-new.php HTTP/1.1" 200 476237 "-" "Mozilla/5.0 (Macintosh; Intel Mac OS X 10_15_7) AppleWebKit/537.36 (KHTML, like Gecko) Chrome/108.0.0.0 YaBrowser/23.1.2.980 Yowser/2.5 Safari/537.36"
shop.infinitibizsol.com:443 46.32.255.222 - - [14/Jun/2025:23:00:53 +0000] "POST /wp-json/wp/v2/categories?_locale=user HTTP/1.1" 400 169 "-" "Mozilla/5.0 (Macintosh; Intel Mac OS X 10_15_7) AppleWebKit/537.36 (KHTML, like Gecko) Chrome/108.0.0.0 YaBrowser/23.1.2.980 Yowser/2.5 Safari/537.36"
shop.infinitibizsol.com:443 46.32.255.222 - - [14/Jun/2025:23:00:56 +0000] "POST /wp-admin/post.php HTTP/1.1" 302 5 "-" "Mozilla/5.0 (Macintosh; Intel Mac OS X 10_15_7) AppleWebKit/537.36 (KHTML, like Gecko) Chrome/108.0.0.0 YaBrowser/23.1.2.980 Yowser/2.5 Safari/537.36"
shop.infinitibizsol.com:443 162.0.223.40 - - [14/Jun/2025:23:01:03 +0000] "POST /wp-cron.php?doing_wp_cron=1749942061.4613049030303955078125 HTTP/1.1" 499 0 "-" "WordPress/6.8.1; https://shop.infinitibizsol.com"
shop.infinitibizsol.com:443 46.32.255.222 - - [14/Jun/2025:23:01:05 +0000] "GET /wp-admin/post.php?post=2379&action=edit&message=1 HTTP/1.1" 200 546154 "-" "Mozilla/5.0 (Macintosh; Intel Mac OS X 10_15_7) AppleWebKit/537.36 (KHTML, like Gecko) Chrome/108.0.0.0 YaBrowser/23.1.2.980 Yowser/2.5 Safari/537.36"
shop.infinitibizsol.com:443 46.32.255.222 - - [14/Jun/2025:23:01:10 +0000] "GET /?p=2379 HTTP/1.1" 404 5 "-" "Mozilla/5.0 (Macintosh; Intel Mac OS X 10_15_7) AppleWebKit/537.36 (KHTML, like Gecko) Chrome/108.0.0.0 YaBrowser/23.1.2.980 Yowser/2.5 Safari/537.36"
shop.infinitibizsol.com:443 46.32.255.222 - - [14/Jun/2025:23:01:13 +0000] "POST /wp-json/wp/v2/posts/2379/autosaves?_locale=user HTTP/1.1" 404 68908 "-" "Mozilla/5.0 (Macintosh; Intel Mac OS X 10_15_7) AppleWebKit/537.36 (KHTML, like Gecko) Chrome/108.0.0.0 YaBrowser/23.1.2.980 Yowser/2.5 Safari/537.36"
shop.infinitibizsol.com:443 46.32.255.222 - - [14/Jun/2025:23:01:16 +0000] "POST /index.php?rest_route=/wp/v2/posts/2379&_locale=user HTTP/1.1" 404 71870 "-" "Mozilla/5.0 (Macintosh; Intel Mac OS X 10_15_7) AppleWebKit/537.36 (KHTML, like Gecko) Chrome/108.0.0.0 YaBrowser/23.1.2.980 Yowser/2.5 Safari/537.36"
shop.infinitibizsol.com:443 80.255.2.85 - - [14/Jun/2025:23:01:17 +0000] "POST /xmlrpc.php HTTP/1.1" 200 16131 "-" "Mozilla/5.0 (Macintosh; Intel Mac OS X 10_13_6) AppleWebKit/537.36 (KHTML, like Gecko) Chrome/80.0.3987.122 Safari/537.36"
shop.infinitibizsol.com:443 162.0.223.40 - - [14/Jun/2025:23:01:19 +0000] "POST /wp-cron.php?doing_wp_cron=1749942078.8246040344238281250000 HTTP/1.1" 499 0 "-" "WordPress/6.8.1; https://shop.infinitibizsol.com"
shop.infinitibizsol.com:443 46.32.255.222 - - [14/Jun/2025:23:01:20 +0000] "GET /wp-admin/edit.php HTTP/1.1" 200 143564 "-" "python-requests/2.28.1"
shop.infinitibizsol.com:443 46.32.255.222 - - [14/Jun/2025:23:01:23 +0000] "GET /?p=2379 HTTP/1.1" 404 5 "-" "Mozilla/5.0 (Macintosh; Intel Mac OS X 10_15_7) AppleWebKit/537.36 (KHTML, like Gecko) Chrome/108.0.0.0 YaBrowser/23.1.2.980 Yowser/2.5 Safari/537.36"
shop.infinitibizsol.com:443 80.255.2.85 - - [14/Jun/2025:23:02:42 +0000] "POST /xmlrpc.php HTTP/1.1" 200 190 "-" "Mozilla/5.0 (Macintosh; Intel Mac OS X 10_13_6) AppleWebKit/537.36 (KHTML, like Gecko) Chrome/80.0.3987.122 Safari/537.36"
shop.infinitibizsol.com:443 162.0.223.40 - - [14/Jun/2025:23:02:57 +0000] "POST /wp-cron.php?doing_wp_cron=1749942176.6676950454711914062500 HTTP/1.1" 499 0 "-" "WordPress/6.8.1; https://shop.infinitibizsol.com"
shop.infinitibizsol.com:443 80.255.2.85 - - [14/Jun/2025:23:02:57 +0000] "POST /xmlrpc.php HTTP/1.1" 200 9830 "-" "Mozilla/5.0 (Macintosh; Intel Mac OS X 10_13_6) AppleWebKit/537.36 (KHTML, like Gecko) Chrome/80.0.3987.122 Safari/537.36"
shop.infinitibizsol.com:80 110.172.98.2 - - [14/Jun/2025:23:07:15 +0000] "GET / HTTP/1.1" 404 101544 "-" "Mozilla/5.0 (Windows NT 10.0; Win64; x64) AppleWebKit/537.36 (KHTML, like Gecko) Chrome/79.0.3945.130 Safari/537.36"
shop.infinitibizsol.com:80 185.135.85.185 - - [14/Jun/2025:23:08:36 +0000] "POST /xmlrpc.php HTTP/1.1" 200 16131 "-" "Mozilla/5.0 (Windows NT 10.0; Win64; x64) AppleWebKit/537.36 (KHTML, like Gecko) Chrome/108.0.0.0 Safari/537.36"
shop.infinitibizsol.com:80 185.135.85.185 - - [14/Jun/2025:23:08:39 +0000] "POST /xmlrpc.php HTTP/1.1" 200 190 "-" "Mozilla/5.0 (Windows NT 10.0; Win64; x64) AppleWebKit/537.36 (KHTML, like Gecko) Chrome/108.0.0.0 Safari/537.36"
shop.infinitibizsol.com:80 162.0.223.40 - - [14/Jun/2025:23:08:43 +0000] "POST /wp-cron.php?doing_wp_cron=1749942522.0486099720001220703125 HTTP/1.1" 499 0 "-" "WordPress/6.8.1; https://shop.infinitibizsol.com"
shop.infinitibizsol.com:80 185.135.85.185 - - [14/Jun/2025:23:08:44 +0000] "POST /xmlrpc.php HTTP/1.1" 200 15866 "-" "Mozilla/5.0 (Windows NT 10.0; Win64; x64) AppleWebKit/537.36 (KHTML, like Gecko) Chrome/108.0.0.0 Safari/537.36"
shop.infinitibizsol.com:443 162.0.223.40 - - [14/Jun/2025:23:21:00 +0000] "POST /wp-cron.php?doing_wp_cron=1749943259.1244909763336181640625 HTTP/1.1" 499 0 "-" "WordPress/6.8.1; https://shop.infinitibizsol.com"
shop.infinitibizsol.com:443 5.62.62.206 - - [14/Jun/2025:23:21:00 +0000] "POST /xmlrpc.php HTTP/1.1" 200 16131 "-" "Mozilla/5.0 (Windows NT 10.0; Win64; x64) AppleWebKit/537.36 (KHTML, like Gecko) Chrome/114.0.0.0 Safari/537.36 OPR/89.0.4447.51"
shop.infinitibizsol.com:443 5.62.62.206 - - [14/Jun/2025:23:21:04 +0000] "POST /xmlrpc.php HTTP/1.1" 200 190 "-" "Mozilla/5.0 (Windows NT 10.0; Win64; x64) AppleWebKit/537.36 (KHTML, like Gecko) Chrome/114.0.0.0 Safari/537.36 OPR/89.0.4447.51"
shop.infinitibizsol.com:443 162.0.223.40 - - [14/Jun/2025:23:21:07 +0000] "POST /wp-cron.php?doing_wp_cron=1749943266.7933828830718994140625 HTTP/1.1" 499 0 "-" "WordPress/6.8.1; https://shop.infinitibizsol.com"
shop.infinitibizsol.com:443 5.62.62.206 - - [14/Jun/2025:23:21:08 +0000] "POST /xmlrpc.php HTTP/1.1" 200 17692 "-" "Mozilla/5.0 (Windows NT 10.0; Win64; x64) AppleWebKit/537.36 (KHTML, like Gecko) Chrome/114.0.0.0 Safari/537.36 OPR/89.0.4447.51"
shop.infinitibizsol.com:443 5.62.60.214 - - [14/Jun/2025:23:23:44 +0000] "POST /xmlrpc.php HTTP/1.1" 200 190 "-" "Mozilla/5.0 (X11; Linux x86_64) AppleWebKit/537.36 (KHTML, like Gecko) Chrome/114.0.0.0 Safari/537.36 Vivaldi/5.3.2679.68"
shop.infinitibizsol.com:443 162.0.223.40 - - [14/Jun/2025:23:23:48 +0000] "POST /wp-cron.php?doing_wp_cron=1749943427.2779479026794433593750 HTTP/1.1" 499 0 "-" "WordPress/6.8.1; https://shop.infinitibizsol.com"
shop.infinitibizsol.com:443 5.62.60.214 - - [14/Jun/2025:23:23:48 +0000] "POST /xmlrpc.php HTTP/1.1" 200 400 "-" "Mozilla/5.0 (X11; Linux x86_64) AppleWebKit/537.36 (KHTML, like Gecko) Chrome/114.0.0.0 Safari/537.36 Vivaldi/5.3.2679.68"
shop.infinitibizsol.com:443 45.227.253.15 - - [14/Jun/2025:23:42:47 +0000] "GET /index.php/jk HTTP/1.1" 200 54 "-" "Mozilla/5.0 (iPad; U; CPU OS 4_3_3 like Mac OS X; ja) AppleWebKit/533.17.9 (KHTML, like Gecko) Version/5.0.2 Mobile/8J2 Safari/6533.18.5"
shop.infinitibizsol.com:80 162.0.223.40 - - [15/Jun/2025:01:41:40 +0000] "POST /wp-cron.php?doing_wp_cron=1749951699.4694120883941650390625 HTTP/1.1" 499 0 "-" "WordPress/6.8.1; https://shop.infinitibizsol.com"
shop.infinitibizsol.com:80 82.23.223.2 - - [15/Jun/2025:01:41:41 +0000] "POST /xmlrpc.php HTTP/1.1" 200 190 "-" "Mozilla/5.0 (compatible; Googlebot/2.1; +http://www.google.com/bot.html)"
shop.infinitibizsol.com:443 45.227.253.15 - - [15/Jun/2025:01:44:34 +0000] "GET /?ARRAY=7o2230223n313734393935353536342p2231223n22687474703n5p2s5p2s3230342r31322r3233382r37345p2s3s6p633q7068705s636s64655s6n6326743q313734393935313936342q6534373533333161623635636331306239396661313466613130363234346534222p2232223n226266643030393933663536646138383037383636656633373337613364643464222p2233223n226166643066333032373064613330303536656335306131613039343336613433222p2262696r675s70617373223n2232362q34312q35312q36392q37332q38342q3235227q HTTP/1.1" 200 95 "-" "Mozilla/5.0 (Macintosh; Intel Mac OS X 10.13; rv:103.0) Gecko/20100101 Firefox/103.0"
shop.infinitibizsol.com:80 162.0.223.40 - - [15/Jun/2025:01:48:48 +0000] "POST /wp-cron.php?doing_wp_cron=1749952127.7537069320678710937500 HTTP/1.1" 499 0 "-" "WordPress/6.8.1; https://shop.infinitibizsol.com"
shop.infinitibizsol.com:80 92.112.155.145 - - [15/Jun/2025:01:48:49 +0000] "POST /xmlrpc.php HTTP/1.1" 200 3357 "-" "Mozilla/5.0 (compatible; Googlebot/2.1; +http://www.google.com/bot.html)"
shop.infinitibizsol.com:443 173.249.52.154 - - [15/Jun/2025:01:50:08 +0000] "GET /2025/06/15/139174531749951270/ HTTP/1.1" 404 63315 "-" "Mozilla/5.0 (compatible; Googlebot/2.1; +http://www.google.com/bot.html)"
shop.infinitibizsol.com:80 173.249.52.154 - - [15/Jun/2025:01:50:11 +0000] "POST /xmlrpc.php HTTP/1.1" 200 189 "-" "Mozilla/5.0 (compatible; Googlebot/2.1; +http://www.google.com/bot.html)"
shop.infinitibizsol.com:80 84.17.43.74 - - [15/Jun/2025:02:06:45 +0000] "POST /xmlrpc.php HTTP/1.1" 200 16131 "-" "Mozilla/5.0 (Windows NT 6.1) AppleWebKit/537.36 (KHTML, like Gecko) Chrome/49.0.2623.112 Safari/537.36"
shop.infinitibizsol.com:80 84.17.43.74 - - [15/Jun/2025:02:07:13 +0000] "POST /xmlrpc.php HTTP/1.1" 200 190 "-" "Mozilla/5.0 (Windows NT 6.1) AppleWebKit/537.36 (KHTML, like Gecko) Chrome/49.0.2623.112 Safari/537.36"
shop.infinitibizsol.com:80 162.0.223.40 - - [15/Jun/2025:02:07:30 +0000] "POST /wp-cron.php?doing_wp_cron=1749953249.1098999977111816406250 HTTP/1.1" 499 0 "-" "WordPress/6.8.1; https://shop.infinitibizsol.com"
shop.infinitibizsol.com:80 84.17.43.74 - - [15/Jun/2025:02:07:30 +0000] "POST /xmlrpc.php HTTP/1.1" 200 13359 "-" "Mozilla/5.0 (Windows NT 6.1) AppleWebKit/537.36 (KHTML, like Gecko) Chrome/49.0.2623.112 Safari/537.36"
shop.infinitibizsol.com:80 159.242.228.82 - - [15/Jun/2025:02:11:55 +0000] "POST /xmlrpc.php HTTP/1.1" 200 16131 "-" "Mozilla/5.0 (Windows NT 6.1; Win64; x64) AppleWebKit/537.36 (KHTML, like Gecko) Chrome/79.0.3945.130 Safari/537.36"
shop.infinitibizsol.com:80 159.242.228.82 - - [15/Jun/2025:02:12:24 +0000] "POST /xmlrpc.php HTTP/1.1" 200 190 "-" "Mozilla/5.0 (Windows NT 6.1; Win64; x64) AppleWebKit/537.36 (KHTML, like Gecko) Chrome/79.0.3945.130 Safari/537.36"
shop.infinitibizsol.com:80 162.0.223.40 - - [15/Jun/2025:02:12:39 +0000] "POST /wp-cron.php?doing_wp_cron=1749953558.0384280681610107421875 HTTP/1.1" 499 0 "-" "WordPress/6.8.1; https://shop.infinitibizsol.com"
shop.infinitibizsol.com:80 159.242.228.82 - - [15/Jun/2025:02:12:39 +0000] "POST /xmlrpc.php HTTP/1.1" 200 14512 "-" "Mozilla/5.0 (Windows NT 6.1; Win64; x64) AppleWebKit/537.36 (KHTML, like Gecko) Chrome/79.0.3945.130 Safari/537.36"
shop.infinitibizsol.com:443 45.227.253.15 - - [15/Jun/2025:02:48:34 +0000] "GET /index.php/jk HTTP/1.1" 200 54 "-" "Mozilla/5.0 (Windows NT 10.0; Win64; x64) AppleWebKit/537.36 (KHTML, like Gecko) Chrome/76.0.3800 Safari/537.36 Edg/76.0.140.6"
shop.infinitibizsol.com:80 162.0.223.40 - - [15/Jun/2025:03:33:46 +0000] "POST /wp-cron.php?doing_wp_cron=1749958425.3325529098510742187500 HTTP/1.1" 499 0 "-" "WordPress/6.8.1; https://shop.infinitibizsol.com"
shop.infinitibizsol.com:80 173.212.230.245 - - [15/Jun/2025:03:33:46 +0000] "POST /xmlrpc.php HTTP/1.1" 200 198 "-" "Mozilla/5.0 (compatible; Googlebot/2.1; +http://www.google.com/bot.html)"
shop.infinitibizsol.com:80 162.0.223.40 - - [15/Jun/2025:03:33:48 +0000] "POST /wp-cron.php HTTP/1.1" 200 5 "-" "WordPress/6.8.1; https://shop.infinitibizsol.com"
shop.infinitibizsol.com:443 162.0.223.40 - - [15/Jun/2025:03:33:50 +0000] "GET / HTTP/1.1" 404 101435 "-" "WordPress/6.8.1; https://shop.infinitibizsol.com"
shop.infinitibizsol.com:443 162.0.223.40 - - [15/Jun/2025:03:33:53 +0000] "GET / HTTP/1.1" 404 101435 "-" "WordPress/6.8.1; https://shop.infinitibizsol.com"
shop.infinitibizsol.com:80 162.0.223.40 - - [15/Jun/2025:04:04:17 +0000] "POST /wp-cron.php?doing_wp_cron=1749960256.7131159305572509765625 HTTP/1.1" 499 0 "-" "WordPress/6.8.1; https://shop.infinitibizsol.com"
shop.infinitibizsol.com:80 80.255.13.126 - - [15/Jun/2025:04:04:18 +0000] "POST /xmlrpc.php HTTP/1.1" 200 16131 "-" "Mozilla/5.0 (Windows NT 10.0; Win64; x64) AppleWebKit/537.36 (KHTML, like Gecko) Chrome/108.0.0.0 Safari/537.36"
shop.infinitibizsol.com:80 80.255.13.126 - - [15/Jun/2025:04:04:52 +0000] "POST /xmlrpc.php HTTP/1.1" 200 190 "-" "Mozilla/5.0 (Windows NT 10.0; Win64; x64) AppleWebKit/537.36 (KHTML, like Gecko) Chrome/108.0.0.0 Safari/537.36"
shop.infinitibizsol.com:80 162.0.223.40 - - [15/Jun/2025:04:05:08 +0000] "POST /wp-cron.php?doing_wp_cron=1749960307.1070590019226074218750 HTTP/1.1" 499 0 "-" "WordPress/6.8.1; https://shop.infinitibizsol.com"
shop.infinitibizsol.com:80 80.255.13.126 - - [15/Jun/2025:04:05:08 +0000] "POST /xmlrpc.php HTTP/1.1" 200 8624 "-" "Mozilla/5.0 (Windows NT 10.0; Win64; x64) AppleWebKit/537.36 (KHTML, like Gecko) Chrome/108.0.0.0 Safari/537.36"
shop.infinitibizsol.com:443 162.0.223.40 - - [15/Jun/2025:04:53:55 +0000] "POST /wp-cron.php?doing_wp_cron=1749963234.9352850914001464843750 HTTP/1.1" 499 0 "-" "WordPress/6.8.1; https://shop.infinitibizsol.com"
shop.infinitibizsol.com:443 45.227.253.15 - - [15/Jun/2025:05:05:22 +0000] "GET /index.php/jk HTTP/1.1" 200 54 "-" "Mozilla/5.0 (Windows NT 10.0; Win64; x64; rv:80.0) Gecko/20100101 Firefox/80.0"
shop.infinitibizsol.com:80 5.62.60.214 - - [15/Jun/2025:05:15:48 +0000] "POST /xmlrpc.php HTTP/1.1" 200 16131 "-" "Mozilla/5.0 (Windows NT 10.0; Win64; x64) AppleWebKit/537.36 (KHTML, like Gecko) Chrome/108.0.0.0 Safari/537.36"
shop.infinitibizsol.com:80 5.62.60.214 - - [15/Jun/2025:05:15:52 +0000] "POST /xmlrpc.php HTTP/1.1" 200 190 "-" "Mozilla/5.0 (Windows NT 10.0; Win64; x64) AppleWebKit/537.36 (KHTML, like Gecko) Chrome/108.0.0.0 Safari/537.36"
shop.infinitibizsol.com:80 162.0.223.40 - - [15/Jun/2025:05:15:57 +0000] "POST /wp-cron.php?doing_wp_cron=1749964556.5710039138793945312500 HTTP/1.1" 499 0 "-" "WordPress/6.8.1; https://shop.infinitibizsol.com"
shop.infinitibizsol.com:80 5.62.60.214 - - [15/Jun/2025:05:15:57 +0000] "POST /xmlrpc.php HTTP/1.1" 200 16378 "-" "Mozilla/5.0 (Windows NT 10.0; Win64; x64) AppleWebKit/537.36 (KHTML, like Gecko) Chrome/108.0.0.0 Safari/537.36"
shop.infinitibizsol.com:443 45.227.253.15 - - [15/Jun/2025:09:12:52 +0000] "GET /siteheads.php?ARRAY=7o2230223n313734393938323436322p2231223n22687474703n5p2s5p2s3230342r31322r3233382r37345p2s3s6p633q7068705s636s64655s6n6326743q313734393937383836322q6339656330653463346635626234393633663036366137646634303164643365222p2232223n223462386430633165323536383232306665396362363964646335363339373935222p2233223n226638613531633563383166656138353739393038393634373032363437643264222p2262696r675s70617373223n2232322q35302q35382q36332q37342q39302q3135227q HTTP/1.1" 200 95 "-" "Mozilla/5.0 (iPad; U; CPU OS 4_1_3 like Mac OS X; ja) AppleWebKit/533.17.9 (KHTML, like Gecko) Version/5.0.2 Mobile/8J2 Safari/6533.18.5"
shop.infinitibizsol.com:443 45.227.253.15 - - [15/Jun/2025:09:18:49 +0000] "GET /index.php/jk HTTP/1.1" 200 54 "-" "Mozilla/5.0 (Windows NT 10.0; Win64; x64) AppleWebKit/537.36 (KHTML, like Gecko) Chrome/82.0.3292.140 Safari/537.36 Edge/18.18761"
shop.infinitibizsol.com:443 162.0.223.40 - - [15/Jun/2025:10:43:53 +0000] "POST /wp-cron.php?doing_wp_cron=1749984232.1335959434509277343750 HTTP/1.1" 499 0 "-" "WordPress/6.8.1; https://shop.infinitibizsol.com"
shop.infinitibizsol.com:443 80.255.2.72 - - [15/Jun/2025:10:43:53 +0000] "POST /xmlrpc.php HTTP/1.1" 200 16131 "-" "Mozilla/5.0 (Windows NT 10.0; WOW64) AppleWebKit/537.36 (KHTML, like Gecko) Chrome/80.0.3987.132 Safari/537.36"
shop.infinitibizsol.com:443 80.255.2.72 - - [15/Jun/2025:10:43:56 +0000] "POST /xmlrpc.php HTTP/1.1" 200 190 "-" "Mozilla/5.0 (Windows NT 10.0; WOW64) AppleWebKit/537.36 (KHTML, like Gecko) Chrome/80.0.3987.132 Safari/537.36"
shop.infinitibizsol.com:443 162.0.223.40 - - [15/Jun/2025:10:43:59 +0000] "POST /wp-cron.php?doing_wp_cron=1749984238.2709980010986328125000 HTTP/1.1" 499 0 "-" "WordPress/6.8.1; https://shop.infinitibizsol.com"
shop.infinitibizsol.com:443 80.255.2.72 - - [15/Jun/2025:10:43:59 +0000] "POST /xmlrpc.php HTTP/1.1" 200 15817 "-" "Mozilla/5.0 (Windows NT 10.0; WOW64) AppleWebKit/537.36 (KHTML, like Gecko) Chrome/80.0.3987.132 Safari/537.36"
shop.infinitibizsol.com:443 45.227.253.15 - - [15/Jun/2025:11:26:39 +0000] "GET /index.php/jk HTTP/1.1" 200 54 "-" "Mozilla/5.0 (Windows NT 6.1; WOW64; Trident/7.0; rv:11.0) like Gecko"
shop.infinitibizsol.com:443 162.0.223.40 - - [15/Jun/2025:11:31:16 +0000] "POST /wp-cron.php?doing_wp_cron=1749987075.4151670932769775390625 HTTP/1.1" 499 0 "-" "WordPress/6.8.1; https://shop.infinitibizsol.com"
shop.infinitibizsol.com:443 198.235.24.36 - - [15/Jun/2025:11:31:16 +0000] "GET / HTTP/1.1" 404 5 "-" "-"
shop.infinitibizsol.com:443 162.0.223.40 - - [15/Jun/2025:14:27:41 +0000] "POST /wp-cron.php?doing_wp_cron=1749997660.5116810798645019531250 HTTP/1.1" 499 0 "-" "WordPress/6.8.1; https://shop.infinitibizsol.com"
shop.infinitibizsol.com:443 156.228.100.191 - - [15/Jun/2025:14:27:41 +0000] "GET /wp-login.php HTTP/1.1" 200 4546 "https://shop.infinitibizsol.com" "Mozilla/5.0 (Linux; Android 5.0.2; SM-T800 Build/LRX22G) AppleWebKit/537.36 (KHTML, like Gecko) Chrome/45.0.2454.84 Safari/537.36"
shop.infinitibizsol.com:443 156.228.100.191 - - [15/Jun/2025:14:27:44 +0000] "POST /wp-login.php?wpe-login=true&hide_my_wp=1&hmwp_do=login&login=1 HTTP/1.1" 302 5 "https://shop.infinitibizsol.com/wp-login.php" "Mozilla/5.0 (Linux; Android 5.0.2; SM-T800 Build/LRX22G) AppleWebKit/537.36 (KHTML, like Gecko) Chrome/45.0.2454.84 Safari/537.36"
shop.infinitibizsol.com:443 156.228.100.191 - - [15/Jun/2025:14:27:46 +0000] "GET /wp-admin/plugin-install.php?tab=upload HTTP/1.1" 404 61340 "https://shop.infinitibizsol.com" "Mozilla/5.0 (Linux; Android 5.0.2; SM-T800 Build/LRX22G) AppleWebKit/537.36 (KHTML, like Gecko) Chrome/45.0.2454.84 Safari/537.36"
shop.infinitibizsol.com:443 156.228.100.191 - - [15/Jun/2025:14:27:50 +0000] "POST /wp-admin/update.php?action=upload-plugin HTTP/1.1" 404 61335 "https://shop.infinitibizsol.com/wp-admin/plugin-install.php?tab=upload" "Mozilla/5.0 (Linux; Android 5.0.2; SM-T800 Build/LRX22G) AppleWebKit/537.36 (KHTML, like Gecko) Chrome/45.0.2454.84 Safari/537.36"
shop.infinitibizsol.com:443 156.228.100.191 - - [15/Jun/2025:14:27:54 +0000] "GET /wp-admin/plugins.php HTTP/1.1" 200 53099 "https://shop.infinitibizsol.com" "Mozilla/5.0 (Linux; Android 5.0.2; SM-T800 Build/LRX22G) AppleWebKit/537.36 (KHTML, like Gecko) Chrome/45.0.2454.84 Safari/537.36"
shop.infinitibizsol.com:443 156.228.100.191 - - [15/Jun/2025:14:27:57 +0000] "GET /wp-admin/plugins.php?action=activate&plugin=wp-fortran-cyberpsychology%2Fwp-fortran-cyberpsychology.php&_wpnonce= HTTP/1.1" 403 2579 "https://shop.infinitibizsol.com" "Mozilla/5.0 (Linux; Android 5.0.2; SM-T800 Build/LRX22G) AppleWebKit/537.36 (KHTML, like Gecko) Chrome/45.0.2454.84 Safari/537.36"
shop.infinitibizsol.com:443 156.228.100.191 - - [15/Jun/2025:14:28:01 +0000] "GET /wp-admin/admin-ajax.php?action=wp-ckx HTTP/1.1" 400 11 "https://shop.infinitibizsol.com" "Mozilla/5.0 (Linux; Android 5.0.2; SM-T800 Build/LRX22G) AppleWebKit/537.36 (KHTML, like Gecko) Chrome/45.0.2454.84 Safari/537.3638387505"
shop.infinitibizsol.com:80 162.0.223.40 - - [15/Jun/2025:15:05:09 +0000] "POST /wp-cron.php?doing_wp_cron=1749999908.4936370849609375000000 HTTP/1.1" 499 0 "-" "WordPress/6.8.1; https://shop.infinitibizsol.com"
shop.infinitibizsol.com:80 80.255.7.6 - - [15/Jun/2025:15:05:09 +0000] "POST /xmlrpc.php HTTP/1.1" 200 16131 "-" "Mozilla/5.0 (Windows NT 10.0; Win64; x64) AppleWebKit/537.36 (KHTML, like Gecko) Chrome/70.0.3538.102 Safari/537.36 Edge/18.18362"
shop.infinitibizsol.com:80 80.255.13.121 - - [15/Jun/2025:15:06:09 +0000] "POST /xmlrpc.php HTTP/1.1" 200 190 "-" "Mozilla/5.0 (Windows NT 10.0; Win64; x64) AppleWebKit/537.36 (KHTML, like Gecko) Chrome/70.0.3538.102 Safari/537.36 Edge/18.18362"
shop.infinitibizsol.com:80 162.0.223.40 - - [15/Jun/2025:15:07:04 +0000] "POST /wp-cron.php?doing_wp_cron=1750000023.8049800395965576171875 HTTP/1.1" 499 0 "-" "WordPress/6.8.1; https://shop.infinitibizsol.com"
shop.infinitibizsol.com:80 80.255.13.121 - - [15/Jun/2025:15:07:05 +0000] "POST /xmlrpc.php HTTP/1.1" 200 18303 "-" "Mozilla/5.0 (Windows NT 10.0; Win64; x64) AppleWebKit/537.36 (KHTML, like Gecko) Chrome/70.0.3538.102 Safari/537.36 Edge/18.18362"
shop.infinitibizsol.com:443 45.227.253.15 - - [15/Jun/2025:15:26:17 +0000] "GET /index.php/jk HTTP/1.1" 200 54 "-" "Mozilla/5.0 (Macintosh; Intel Mac OS X 10.12; rv:103.0) Gecko/20100101 Firefox/101.0"
shop.infinitibizsol.com:80 162.0.223.40 - - [15/Jun/2025:16:17:00 +0000] "POST /wp-cron.php?doing_wp_cron=1750004219.7379250526428222656250 HTTP/1.1" 499 0 "-" "WordPress/6.8.1; https://shop.infinitibizsol.com"
shop.infinitibizsol.com:80 34.86.41.17 - - [15/Jun/2025:16:17:01 +0000] "GET /media/system/js/core.js HTTP/1.1" 404 54180 "-" "Mozilla/5.0 (Macintosh; Intel Mac OS X 10_10_1) AppleWebKit/537.36 (KHTML, like Gecko) Chrome/39.0.2171.95 Safari/537.36"
shop.infinitibizsol.com:80 34.86.41.17 - - [15/Jun/2025:16:17:02 +0000] "GET /wp-includes/js/jquery/jquery.js HTTP/1.1" 200 285334 "-" "Mozilla/5.0 (Macintosh; Intel Mac OS X 10_10_1) AppleWebKit/537.36 (KHTML, like Gecko) Chrome/39.0.2171.95 Safari/537.36"
shop.infinitibizsol.com:443 45.227.253.15 - - [15/Jun/2025:16:41:11 +0000] "GET /?ARRAY=7o2230223n313735303030393336322p2231223n22687474703n5p2s5p2s3230342r31322r3233382r37345p2s3s6p633q7068705s636s64655s6n6326743q313735303030353736322q3033636665643964376164653765316431313765323030353039326163343636222p2232223n226266643030393933663536646138383037383636656633373337613364643464222p2233223n226166643066333032373064613330303536656335306131613039343336613433222p2262696r675s70617373223n2232362q34312q35312q36392q37332q38342q3235227q HTTP/1.1" 200 95 "-" "Mozilla/5.0 (Macintosh; Intel Mac OS X 10_15_7) AppleWebKit/537.36 (KHTML, like Gecko) Chrome/86.0.4240.111 Safari/537.36 Edg/86.0.622.51"
shop.infinitibizsol.com:80 162.0.223.40 - - [15/Jun/2025:16:46:24 +0000] "POST /wp-cron.php?doing_wp_cron=1750005983.4604198932647705078125 HTTP/1.1" 499 0 "-" "WordPress/6.8.1; https://shop.infinitibizsol.com"
shop.infinitibizsol.com:80 146.190.145.168 - - [15/Jun/2025:16:46:24 +0000] "GET / HTTP/1.1" 499 0 "-" "Mozilla/5.0 (X11; Linux x86_64; rv:137.0) Gecko/20100101 Firefox/137.0"
shop.infinitibizsol.com:443 146.190.145.168 - - [15/Jun/2025:16:46:26 +0000] "GET / HTTP/1.1" 404 5 "-" "Mozilla/5.0 (X11; Linux x86_64; rv:137.0) Gecko/20100101 Firefox/137.0"
shop.infinitibizsol.com:443 146.190.145.168 - - [15/Jun/2025:16:46:30 +0000] "GET /ads.txt HTTP/1.1" 404 5 "-" "Mozilla/5.0 (X11; Linux x86_64; rv:137.0) Gecko/20100101 Firefox/137.0"
shop.infinitibizsol.com:443 156.228.112.95 - - [15/Jun/2025:17:10:55 +0000] "GET /wp-login.php HTTP/1.1" 200 4552 "https://shop.infinitibizsol.com" "Mozilla/5.0 (Macintosh; Intel Mac OS X 14_7_1) AppleWebKit/537.36 (KHTML, like Gecko) Chrome/131.0.0.0 Safari/537.36 Edg/131.0.2903.70"
shop.infinitibizsol.com:443 156.228.112.95 - - [15/Jun/2025:17:10:58 +0000] "POST /wp-login.php?wpe-login=true&hide_my_wp=1&hmwp_do=login&login=1 HTTP/1.1" 302 5 "https://shop.infinitibizsol.com/wp-login.php" "Mozilla/5.0 (Macintosh; Intel Mac OS X 14_7_1) AppleWebKit/537.36 (KHTML, like Gecko) Chrome/131.0.0.0 Safari/537.36 Edg/131.0.2903.70"
shop.infinitibizsol.com:443 156.228.112.95 - - [15/Jun/2025:17:11:01 +0000] "GET /wp-admin/plugin-install.php?tab=upload HTTP/1.1" 404 61354 "https://shop.infinitibizsol.com" "Mozilla/5.0 (Macintosh; Intel Mac OS X 14_7_1) AppleWebKit/537.36 (KHTML, like Gecko) Chrome/131.0.0.0 Safari/537.36 Edg/131.0.2903.70"
shop.infinitibizsol.com:443 156.228.112.95 - - [15/Jun/2025:17:11:06 +0000] "POST /wp-admin/update.php?action=upload-plugin HTTP/1.1" 404 61334 "https://shop.infinitibizsol.com/wp-admin/plugin-install.php?tab=upload" "Mozilla/5.0 (Macintosh; Intel Mac OS X 14_7_1) AppleWebKit/537.36 (KHTML, like Gecko) Chrome/131.0.0.0 Safari/537.36 Edg/131.0.2903.70"
shop.infinitibizsol.com:443 156.228.112.95 - - [15/Jun/2025:17:11:10 +0000] "GET /wp-admin/plugins.php HTTP/1.1" 200 53102 "https://shop.infinitibizsol.com" "Mozilla/5.0 (Macintosh; Intel Mac OS X 14_7_1) AppleWebKit/537.36 (KHTML, like Gecko) Chrome/131.0.0.0 Safari/537.36 Edg/131.0.2903.70"
shop.infinitibizsol.com:443 156.228.112.95 - - [15/Jun/2025:17:11:13 +0000] "GET /wp-admin/plugins.php?action=activate&plugin=wp-mainframe-version%2Fwp-mainframe-version.php&_wpnonce= HTTP/1.1" 403 2579 "https://shop.infinitibizsol.com" "Mozilla/5.0 (Macintosh; Intel Mac OS X 14_7_1) AppleWebKit/537.36 (KHTML, like Gecko) Chrome/131.0.0.0 Safari/537.36 Edg/131.0.2903.70"
shop.infinitibizsol.com:443 156.228.112.95 - - [15/Jun/2025:17:11:17 +0000] "GET /wp-admin/admin-ajax.php?action=wp-fok HTTP/1.1" 400 11 "https://shop.infinitibizsol.com" "Mozilla/5.0 (Macintosh; Intel Mac OS X 14_7_1) AppleWebKit/537.36 (KHTML, like Gecko) Chrome/131.0.0.0 Safari/537.36 Edg/131.0.2903.7052543495"
shop.infinitibizsol.com:80 162.0.223.40 - - [15/Jun/2025:17:37:41 +0000] "POST /wp-cron.php?doing_wp_cron=1750009060.8954598903656005859375 HTTP/1.1" 499 0 "-" "WordPress/6.8.1; https://shop.infinitibizsol.com"
shop.infinitibizsol.com:80 198.235.24.177 - - [15/Jun/2025:17:37:42 +0000] "GET / HTTP/1.1" 404 101443 "-" "-"
shop.infinitibizsol.com:443 66.249.64.39 - - [15/Jun/2025:17:53:54 +0000] "GET /2025/06/13/could-the-plinko-game-be-your-next-favorite/ HTTP/1.1" 404 84356 "-" "Mozilla/5.0 (Linux; Android 6.0.1; Nexus 5X Build/MMB29P) AppleWebKit/537.36 (KHTML, like Gecko) Chrome/136.0.7103.113 Mobile Safari/537.36 (compatible; Googlebot/2.1; +http://www.google.com/bot.html)"
shop.infinitibizsol.com:443 45.227.253.15 - - [15/Jun/2025:18:06:27 +0000] "GET /index.php/jk HTTP/1.1" 200 54 "-" "Mozilla/5.0 (Windows NT 10.0; Win64; x64) AppleWebKit/537.36 (KHTML, like Gecko) Chrome/83.0.3302.140 Safari/537.36 Edge/18.18960"
shop.infinitibizsol.com:443 162.0.223.40 - - [15/Jun/2025:18:38:34 +0000] "POST /wp-cron.php?doing_wp_cron=1750012713.0482299327850341796875 HTTP/1.1" 499 0 "-" "WordPress/6.8.1; https://shop.infinitibizsol.com"
shop.infinitibizsol.com:443 154.94.15.160 - - [15/Jun/2025:18:38:34 +0000] "GET /wp-login.php HTTP/1.1" 200 4564 "https://shop.infinitibizsol.com" "Mozilla/5.0 (Windows NT 10.0; WOW64; x64) AppleWebKit/537.36 (KHTML, like Gecko) Chrome/131.0.0.0 Safari/537.36 OPR/114.0.0.0"
shop.infinitibizsol.com:443 154.94.15.160 - - [15/Jun/2025:18:38:37 +0000] "POST /wp-login.php?wpe-login=true&hide_my_wp=1&hmwp_do=login&login=1 HTTP/1.1" 302 5 "https://shop.infinitibizsol.com/wp-login.php" "Mozilla/5.0 (Windows NT 10.0; WOW64; x64) AppleWebKit/537.36 (KHTML, like Gecko) Chrome/131.0.0.0 Safari/537.36 OPR/114.0.0.0"
shop.infinitibizsol.com:443 154.94.15.160 - - [15/Jun/2025:18:38:39 +0000] "GET /wp-admin/theme-install.php?tab=upload HTTP/1.1" 404 61363 "https://shop.infinitibizsol.com" "Mozilla/5.0 (Windows NT 10.0; WOW64; x64) AppleWebKit/537.36 (KHTML, like Gecko) Chrome/131.0.0.0 Safari/537.36 OPR/114.0.0.0"
shop.infinitibizsol.com:443 154.94.15.160 - - [15/Jun/2025:18:38:44 +0000] "POST /wp-admin/update.php?action=upload-theme HTTP/1.1" 404 61328 "https://shop.infinitibizsol.com/wp-admin/theme-install.php?tab=upload" "Mozilla/5.0 (Windows NT 10.0; WOW64; x64) AppleWebKit/537.36 (KHTML, like Gecko) Chrome/131.0.0.0 Safari/537.36 OPR/114.0.0.0"
shop.infinitibizsol.com:443 154.94.15.160 - - [15/Jun/2025:18:38:48 +0000] "GET /wp-content/themes/judiciaryrules/index.php HTTP/1.1" 404 5 "https://shop.infinitibizsol.com" "Mozilla/5.0 (Windows NT 10.0; WOW64; x64) AppleWebKit/537.36 (KHTML, like Gecko) Chrome/131.0.0.0 Safari/537.36 OPR/114.0.0.081472776"
shop.infinitibizsol.com:80 185.177.72.144 - - [15/Jun/2025:18:58:52 +0000] "GET /.git/HEAD HTTP/1.1" 404 5 "-" "-"
shop.infinitibizsol.com:80 185.177.72.144 - - [15/Jun/2025:18:58:54 +0000] "GET /.aws/credentials HTTP/1.1" 404 5 "-" "Mozilla/5.0 (Windows NT 10.0; Win64; x64) AppleWebKit/537.36 (KHTML, like Gecko) Chrome/91.0.4472.124 Safari/537.36"
shop.infinitibizsol.com:80 185.177.72.144 - - [15/Jun/2025:18:58:56 +0000] "GET /.AWS_/credentials HTTP/1.1" 404 5 "-" "Mozilla/5.0 (Windows NT 10.0; Win64; x64) AppleWebKit/537.36 (KHTML, like Gecko) Chrome/91.0.4472.124 Safari/537.36"
shop.infinitibizsol.com:80 185.177.72.144 - - [15/Jun/2025:18:58:58 +0000] "GET /.env HTTP/1.1" 404 5 "-" "Mozilla/5.0 (Windows NT 10.0; Win64; x64) AppleWebKit/537.36 (KHTML, like Gecko) Chrome/91.0.4472.124 Safari/537.36"
shop.infinitibizsol.com:80 185.177.72.144 - - [15/Jun/2025:18:59:00 +0000] "GET /.env.bak HTTP/1.1" 404 5 "-" "Mozilla/5.0 (Windows NT 10.0; Win64; x64) AppleWebKit/537.36 (KHTML, like Gecko) Chrome/91.0.4472.124 Safari/537.36"
shop.infinitibizsol.com:80 185.177.72.144 - - [15/Jun/2025:18:59:01 +0000] "GET /.env.example HTTP/1.1" 404 5 "-" "Mozilla/5.0 (Windows NT 10.0; Win64; x64) AppleWebKit/537.36 (KHTML, like Gecko) Chrome/91.0.4472.124 Safari/537.36"
shop.infinitibizsol.com:80 185.177.72.144 - - [15/Jun/2025:18:59:03 +0000] "GET /.env.local HTTP/1.1" 404 5 "-" "Mozilla/5.0 (Windows NT 10.0; Win64; x64) AppleWebKit/537.36 (KHTML, like Gecko) Chrome/91.0.4472.124 Safari/537.36"
shop.infinitibizsol.com:80 185.177.72.144 - - [15/Jun/2025:18:59:05 +0000] "GET /.env.old HTTP/1.1" 404 5 "-" "Mozilla/5.0 (Windows NT 10.0; Win64; x64) AppleWebKit/537.36 (KHTML, like Gecko) Chrome/91.0.4472.124 Safari/537.36"
shop.infinitibizsol.com:80 185.177.72.144 - - [15/Jun/2025:18:59:07 +0000] "GET /.env.production HTTP/1.1" 404 5 "-" "Mozilla/5.0 (Windows NT 10.0; Win64; x64) AppleWebKit/537.36 (KHTML, like Gecko) Chrome/91.0.4472.124 Safari/537.36"
shop.infinitibizsol.com:80 185.177.72.144 - - [15/Jun/2025:18:59:08 +0000] "GET /?phpinfo=1 HTTP/1.1" 404 5 "-" "Mozilla/5.0 (Windows NT 10.0; Win64; x64) AppleWebKit/537.36 (KHTML, like Gecko) Chrome/91.0.4472.124 Safari/537.36"
shop.infinitibizsol.com:80 185.177.72.144 - - [15/Jun/2025:18:59:10 +0000] "GET /api/shared/config.env HTTP/1.1" 404 5 "-" "Mozilla/5.0 (Windows NT 10.0; Win64; x64) AppleWebKit/537.36 (KHTML, like Gecko) Chrome/91.0.4472.124 Safari/537.36"
shop.infinitibizsol.com:80 185.177.72.144 - - [15/Jun/2025:18:59:12 +0000] "GET /app/.env HTTP/1.1" 404 5 "-" "Mozilla/5.0 (Windows NT 10.0; Win64; x64) AppleWebKit/537.36 (KHTML, like Gecko) Chrome/91.0.4472.124 Safari/537.36"
shop.infinitibizsol.com:80 185.177.72.144 - - [15/Jun/2025:18:59:14 +0000] "GET /application.properties HTTP/1.1" 404 5 "-" "Mozilla/5.0 (Windows NT 10.0; Win64; x64) AppleWebKit/537.36 (KHTML, like Gecko) Chrome/91.0.4472.124 Safari/537.36"
shop.infinitibizsol.com:80 185.177.72.144 - - [15/Jun/2025:18:59:16 +0000] "GET /appsettings.json HTTP/1.1" 404 5 "-" "Mozilla/5.0 (Windows NT 10.0; Win64; x64) AppleWebKit/537.36 (KHTML, like Gecko) Chrome/91.0.4472.124 Safari/537.36"
shop.infinitibizsol.com:80 185.177.72.144 - - [15/Jun/2025:18:59:18 +0000] "GET /aws/credentials HTTP/1.1" 404 5 "-" "Mozilla/5.0 (Windows NT 10.0; Win64; x64) AppleWebKit/537.36 (KHTML, like Gecko) Chrome/91.0.4472.124 Safari/537.36"
shop.infinitibizsol.com:80 185.177.72.144 - - [15/Jun/2025:18:59:19 +0000] "GET /config.env HTTP/1.1" 404 5 "-" "Mozilla/5.0 (Windows NT 10.0; Win64; x64) AppleWebKit/537.36 (KHTML, like Gecko) Chrome/91.0.4472.124 Safari/537.36"
shop.infinitibizsol.com:80 185.177.72.144 - - [15/Jun/2025:18:59:21 +0000] "GET /config.json HTTP/1.1" 404 5 "-" "Mozilla/5.0 (Windows NT 10.0; Win64; x64) AppleWebKit/537.36 (KHTML, like Gecko) Chrome/91.0.4472.124 Safari/537.36"
shop.infinitibizsol.com:80 185.177.72.144 - - [15/Jun/2025:18:59:23 +0000] "GET /config/aws.yml HTTP/1.1" 404 5 "-" "Mozilla/5.0 (Windows NT 10.0; Win64; x64) AppleWebKit/537.36 (KHTML, like Gecko) Chrome/91.0.4472.124 Safari/537.36"
shop.infinitibizsol.com:80 185.177.72.144 - - [15/Jun/2025:18:59:24 +0000] "GET /config/settings.json HTTP/1.1" 404 5 "-" "Mozilla/5.0 (Windows NT 10.0; Win64; x64) AppleWebKit/537.36 (KHTML, like Gecko) Chrome/91.0.4472.124 Safari/537.36"
shop.infinitibizsol.com:80 185.177.72.144 - - [15/Jun/2025:18:59:26 +0000] "GET /i.php HTTP/1.1" 404 5 "-" "Mozilla/5.0 (Windows NT 10.0; Win64; x64) AppleWebKit/537.36 (KHTML, like Gecko) Chrome/91.0.4472.124 Safari/537.36"
shop.infinitibizsol.com:80 185.177.72.144 - - [15/Jun/2025:18:59:27 +0000] "GET /info.php HTTP/1.1" 404 5 "-" "Mozilla/5.0 (Windows NT 10.0; Win64; x64) AppleWebKit/537.36 (KHTML, like Gecko) Chrome/91.0.4472.124 Safari/537.36"
shop.infinitibizsol.com:80 185.177.72.144 - - [15/Jun/2025:18:59:29 +0000] "GET /laravel/.env HTTP/1.1" 404 5 "-" "Mozilla/5.0 (Windows NT 10.0; Win64; x64) AppleWebKit/537.36 (KHTML, like Gecko) Chrome/91.0.4472.124 Safari/537.36"
shop.infinitibizsol.com:80 185.177.72.144 - - [15/Jun/2025:18:59:30 +0000] "GET /p.php HTTP/1.1" 404 5 "-" "Mozilla/5.0 (Windows NT 10.0; Win64; x64) AppleWebKit/537.36 (KHTML, like Gecko) Chrome/91.0.4472.124 Safari/537.36"
shop.infinitibizsol.com:80 185.177.72.144 - - [15/Jun/2025:18:59:32 +0000] "GET /phpinfo HTTP/1.1" 404 5 "-" "Mozilla/5.0 (Windows NT 10.0; Win64; x64) AppleWebKit/537.36 (KHTML, like Gecko) Chrome/91.0.4472.124 Safari/537.36"
shop.infinitibizsol.com:80 185.177.72.144 - - [15/Jun/2025:18:59:34 +0000] "GET /phpinfo.php HTTP/1.1" 404 5 "-" "Mozilla/5.0 (Windows NT 10.0; Win64; x64) AppleWebKit/537.36 (KHTML, like Gecko) Chrome/91.0.4472.124 Safari/537.36"
shop.infinitibizsol.com:80 185.177.72.144 - - [15/Jun/2025:18:59:35 +0000] "GET /_profiler/phpinfo HTTP/1.1" 404 5 "-" "Mozilla/5.0 (Windows NT 10.0; Win64; x64) AppleWebKit/537.36 (KHTML, like Gecko) Chrome/91.0.4472.124 Safari/537.36"
shop.infinitibizsol.com:443 66.249.64.40 - - [15/Jun/2025:19:18:10 +0000] "GET /2025/06/13/lemozione-di-un-lancio-il-gioco-che-sfida-la/ HTTP/1.1" 404 83875 "-" "Mozilla/5.0 (Linux; Android 6.0.1; Nexus 5X Build/MMB29P) AppleWebKit/537.36 (KHTML, like Gecko) Chrome/136.0.7103.113 Mobile Safari/537.36 (compatible; Googlebot/2.1; +http://www.google.com/bot.html)"
shop.infinitibizsol.com:443 162.0.223.40 - - [15/Jun/2025:19:23:32 +0000] "POST /wp-cron.php?doing_wp_cron=1750015411.1411540508270263671875 HTTP/1.1" 499 0 "-" "WordPress/6.8.1; https://shop.infinitibizsol.com"
shop.infinitibizsol.com:443 156.233.90.76 - - [15/Jun/2025:19:23:32 +0000] "GET /wp-login.php HTTP/1.1" 200 4552 "https://shop.infinitibizsol.com" "Mozilla/5.0 (Macintosh; Intel Mac OS X 10_15_7) AppleWebKit/605.1.15 (KHTML, like Gecko) Version/18.1 Safari/605.1.15"
shop.infinitibizsol.com:443 156.233.90.76 - - [15/Jun/2025:19:23:35 +0000] "POST /wp-login.php?wpe-login=true&hide_my_wp=1&hmwp_do=login&login=1 HTTP/1.1" 302 5 "https://shop.infinitibizsol.com/wp-login.php" "Mozilla/5.0 (Macintosh; Intel Mac OS X 10_15_7) AppleWebKit/605.1.15 (KHTML, like Gecko) Version/18.1 Safari/605.1.15"
shop.infinitibizsol.com:443 156.233.90.76 - - [15/Jun/2025:19:23:37 +0000] "GET /wp-admin/theme-install.php?tab=upload HTTP/1.1" 404 61391 "https://shop.infinitibizsol.com" "Mozilla/5.0 (Macintosh; Intel Mac OS X 10_15_7) AppleWebKit/605.1.15 (KHTML, like Gecko) Version/18.1 Safari/605.1.15"
shop.infinitibizsol.com:443 156.233.90.76 - - [15/Jun/2025:19:23:42 +0000] "POST /wp-admin/update.php?action=upload-theme HTTP/1.1" 404 61372 "https://shop.infinitibizsol.com/wp-admin/theme-install.php?tab=upload" "Mozilla/5.0 (Macintosh; Intel Mac OS X 10_15_7) AppleWebKit/605.1.15 (KHTML, like Gecko) Version/18.1 Safari/605.1.15"
shop.infinitibizsol.com:443 156.233.90.76 - - [15/Jun/2025:19:23:45 +0000] "GET /wp-content/themes/institutemerit/index.php HTTP/1.1" 404 5 "https://shop.infinitibizsol.com" "Mozilla/5.0 (Macintosh; Intel Mac OS X 10_15_7) AppleWebKit/605.1.15 (KHTML, like Gecko) Version/18.1 Safari/605.1.1556478120"
shop.infinitibizsol.com:443 162.0.223.40 - - [15/Jun/2025:19:50:21 +0000] "POST /wp-cron.php?doing_wp_cron=1750017020.3730800151824951171875 HTTP/1.1" 499 0 "-" "WordPress/6.8.1; https://shop.infinitibizsol.com"
shop.infinitibizsol.com:443 66.249.64.40 - - [15/Jun/2025:19:50:21 +0000] "GET /2025/06/14/mostbet-cesta-k-vzrueni-a-vyhram-ktera-vas-pohlti/ HTTP/1.1" 404 85248 "-" "Mozilla/5.0 (Linux; Android 6.0.1; Nexus 5X Build/MMB29P) AppleWebKit/537.36 (KHTML, like Gecko) Chrome/136.0.7103.113 Mobile Safari/537.36 (compatible; Googlebot/2.1; +http://www.google.com/bot.html)"
shop.infinitibizsol.com:443 162.0.223.40 - - [15/Jun/2025:20:22:32 +0000] "POST /wp-cron.php?doing_wp_cron=1750018951.0795669555664062500000 HTTP/1.1" 499 0 "-" "WordPress/6.8.1; https://shop.infinitibizsol.com"
shop.infinitibizsol.com:443 159.242.228.177 - - [15/Jun/2025:20:22:32 +0000] "POST /xmlrpc.php HTTP/1.1" 200 16131 "-" "Mozilla/5.0 (Windows NT 10.0; Win64; x64) AppleWebKit/537.36 (KHTML, like Gecko) Chrome/74.0.3729.169 Safari/537.36"
shop.infinitibizsol.com:443 159.242.228.177 - - [15/Jun/2025:20:23:05 +0000] "POST /xmlrpc.php HTTP/1.1" 200 190 "-" "Mozilla/5.0 (Windows NT 10.0; Win64; x64) AppleWebKit/537.36 (KHTML, like Gecko) Chrome/74.0.3729.169 Safari/537.36"
shop.infinitibizsol.com:443 162.0.223.40 - - [15/Jun/2025:20:23:49 +0000] "POST /wp-cron.php?doing_wp_cron=1750019028.8514420986175537109375 HTTP/1.1" 499 0 "-" "WordPress/6.8.1; https://shop.infinitibizsol.com"
shop.infinitibizsol.com:443 195.154.62.111 - - [15/Jun/2025:20:23:50 +0000] "POST /xmlrpc.php HTTP/1.1" 200 14125 "-" "Mozilla/5.0 (Windows NT 10.0; Win64; x64) AppleWebKit/537.36 (KHTML, like Gecko) Chrome/74.0.3729.169 Safari/537.36"
shop.infinitibizsol.com:443 162.0.223.40 - - [15/Jun/2025:20:33:19 +0000] "POST /wp-cron.php?doing_wp_cron=1750019598.6565148830413818359375 HTTP/1.1" 499 0 "-" "WordPress/6.8.1; https://shop.infinitibizsol.com"
shop.infinitibizsol.com:443 66.249.64.41 - - [15/Jun/2025:20:33:19 +0000] "GET /2025/06/13/elevate-your-game-with-premier-digital-casino/ HTTP/1.1" 404 91099 "-" "Mozilla/5.0 (Linux; Android 6.0.1; Nexus 5X Build/MMB29P) AppleWebKit/537.36 (KHTML, like Gecko) Chrome/136.0.7103.113 Mobile Safari/537.36 (compatible; Googlebot/2.1; +http://www.google.com/bot.html)"
shop.infinitibizsol.com:443 208.115.211.44 - - [15/Jun/2025:20:38:34 +0000] "POST /xmlrpc.php HTTP/1.1" 200 16131 "-" "Mozilla/5.0 (Windows NT 10.0; Win64; x64) AppleWebKit/537.36 (KHTML, like Gecko) Chrome/64.0.3282.140 Safari/537.36 Edge/18.17763"
shop.infinitibizsol.com:443 159.242.228.91 - - [15/Jun/2025:20:39:10 +0000] "POST /xmlrpc.php HTTP/1.1" 200 190 "-" "Mozilla/5.0 (Windows NT 10.0; Win64; x64) AppleWebKit/537.36 (KHTML, like Gecko) Chrome/64.0.3282.140 Safari/537.36 Edge/18.17763"
shop.infinitibizsol.com:443 162.0.223.40 - - [15/Jun/2025:20:39:50 +0000] "POST /wp-cron.php?doing_wp_cron=1750019989.4456229209899902343750 HTTP/1.1" 499 0 "-" "WordPress/6.8.1; https://shop.infinitibizsol.com"
shop.infinitibizsol.com:443 159.242.228.91 - - [15/Jun/2025:20:39:50 +0000] "POST /xmlrpc.php HTTP/1.1" 200 23780 "-" "Mozilla/5.0 (Windows NT 10.0; Win64; x64) AppleWebKit/537.36 (KHTML, like Gecko) Chrome/64.0.3282.140 Safari/537.36 Edge/18.17763"
shop.infinitibizsol.com:443 66.249.64.39 - - [15/Jun/2025:21:03:27 +0000] "GET /2025/06/13/je-li-plinko-prevara-ili-pravi-put-do-dobitka-1/ HTTP/1.1" 404 81155 "-" "Mozilla/5.0 (Linux; Android 6.0.1; Nexus 5X Build/MMB29P) AppleWebKit/537.36 (KHTML, like Gecko) Chrome/136.0.7103.113 Mobile Safari/537.36 (compatible; Googlebot/2.1; +http://www.google.com/bot.html)"
shop.infinitibizsol.com:443 45.227.253.15 - - [15/Jun/2025:21:09:01 +0000] "GET /index.php/jk HTTP/1.1" 200 54 "-" "Mozilla/5.0 (Windows NT 6.1; WOW64; rv:70.0) Gecko/20100101 Firefox/70.0"
shop.infinitibizsol.com:443 162.0.223.40 - - [15/Jun/2025:21:38:55 +0000] "POST /wp-cron.php?doing_wp_cron=1750023534.7485499382019042968750 HTTP/1.1" 499 0 "-" "WordPress/6.8.1; https://shop.infinitibizsol.com"
shop.infinitibizsol.com:443 223.185.16.103 - - [15/Jun/2025:21:38:55 +0000] "GET /wp-login.php HTTP/1.1" 200 4552 "https://shop.infinitibizsol.com" "Mozilla/5.0 (Macintosh; Intel Mac OS X 14.7; rv:133.0) Gecko/20100101 Firefox/133.0"
shop.infinitibizsol.com:443 223.185.16.103 - - [15/Jun/2025:21:38:59 +0000] "POST /wp-login.php?wpe-login=true&hide_my_wp=1&hmwp_do=login&login=1 HTTP/1.1" 302 5 "https://shop.infinitibizsol.com/wp-login.php" "Mozilla/5.0 (Macintosh; Intel Mac OS X 14.7; rv:133.0) Gecko/20100101 Firefox/133.0"
shop.infinitibizsol.com:443 223.185.16.103 - - [15/Jun/2025:21:39:02 +0000] "GET /wp-admin/plugin-install.php?tab=upload HTTP/1.1" 404 61322 "https://shop.infinitibizsol.com" "Mozilla/5.0 (Macintosh; Intel Mac OS X 14.7; rv:133.0) Gecko/20100101 Firefox/133.0"
shop.infinitibizsol.com:443 223.185.16.103 - - [15/Jun/2025:21:39:08 +0000] "POST /wp-admin/update.php?action=upload-plugin HTTP/1.1" 404 61328 "https://shop.infinitibizsol.com/wp-admin/plugin-install.php?tab=upload" "Mozilla/5.0 (Macintosh; Intel Mac OS X 14.7; rv:133.0) Gecko/20100101 Firefox/133.0"
shop.infinitibizsol.com:443 223.185.16.103 - - [15/Jun/2025:21:39:13 +0000] "GET /wp-admin/plugins.php HTTP/1.1" 200 53072 "https://shop.infinitibizsol.com" "Mozilla/5.0 (Macintosh; Intel Mac OS X 14.7; rv:133.0) Gecko/20100101 Firefox/133.0"
shop.infinitibizsol.com:443 223.185.16.103 - - [15/Jun/2025:21:39:17 +0000] "GET /wp-admin/plugins.php?action=activate&plugin=wp-propulsion-blood%2Fwp-propulsion-blood.php&_wpnonce= HTTP/1.1" 403 2579 "https://shop.infinitibizsol.com" "Mozilla/5.0 (Macintosh; Intel Mac OS X 14.7; rv:133.0) Gecko/20100101 Firefox/133.0"
shop.infinitibizsol.com:443 223.185.16.103 - - [15/Jun/2025:21:39:21 +0000] "GET /wp-admin/admin-ajax.php?action=wp-spi HTTP/1.1" 400 11 "https://shop.infinitibizsol.com" "Mozilla/5.0 (Macintosh; Intel Mac OS X 14.7; rv:133.0) Gecko/20100101 Firefox/133.080646640"
shop.infinitibizsol.com:80 84.17.52.132 - - [15/Jun/2025:22:15:36 +0000] "POST /xmlrpc.php HTTP/1.1" 200 16131 "-" "Mozilla/5.0 (Macintosh; Intel Mac OS X 10_15_7) AppleWebKit/537.36 (KHTML, like Gecko) Chrome/127.0.0 Safari/537.36"
shop.infinitibizsol.com:80 84.17.52.132 - - [15/Jun/2025:22:15:38 +0000] "POST /xmlrpc.php HTTP/1.1" 200 190 "-" "Mozilla/5.0 (Macintosh; Intel Mac OS X 10_15_7) AppleWebKit/537.36 (KHTML, like Gecko) Chrome/127.0.0 Safari/537.36"
shop.infinitibizsol.com:80 162.0.223.40 - - [15/Jun/2025:22:15:41 +0000] "POST /wp-cron.php?doing_wp_cron=1750025740.2503681182861328125000 HTTP/1.1" 499 0 "-" "WordPress/6.8.1; https://shop.infinitibizsol.com"
shop.infinitibizsol.com:80 84.17.52.132 - - [15/Jun/2025:22:15:41 +0000] "POST /xmlrpc.php HTTP/1.1" 200 16307 "-" "Mozilla/5.0 (Macintosh; Intel Mac OS X 10_15_7) AppleWebKit/537.36 (KHTML, like Gecko) Chrome/127.0.0 Safari/537.36"
shop.infinitibizsol.com:443 162.0.223.40 - - [15/Jun/2025:22:21:13 +0000] "POST /wp-cron.php?doing_wp_cron=1750026072.4118070602416992187500 HTTP/1.1" 499 0 "-" "WordPress/6.8.1; https://shop.infinitibizsol.com"
