shop.infinitibizsol.com:443 105.27.162.118 - - [15/Jun/2025:22:21:13 +0000] "POST /xmlrpc.php HTTP/1.1" 200 190 "-" "python-requests/2.28.1"
shop.infinitibizsol.com:443 105.27.162.118 - - [15/Jun/2025:22:21:20 +0000] "GET /wp-login.php HTTP/1.1" 200 4552 "-" "python-requests/2.28.1"
shop.infinitibizsol.com:443 105.27.162.118 - - [15/Jun/2025:22:21:22 +0000] "POST /wp-login.php HTTP/1.1" 302 5 "-" "python-requests/2.28.1"
shop.infinitibizsol.com:443 105.27.162.118 - - [15/Jun/2025:22:21:24 +0000] "GET /?p=2410 HTTP/1.1" 404 5 "-" "Mozilla/5.0 (Windows NT 6.3; Win64; x64) AppleWebKit/537.36 (KHTML, like Gecko) Chrome/101.0.4951.54 Safari/537.36"
shop.infinitibizsol.com:443 105.27.162.118 - - [15/Jun/2025:22:21:30 +0000] "GET /wp-login.php HTTP/1.1" 200 4552 "-" "Mozilla/5.0 (Macintosh; Intel Mac OS X 10_15_7) AppleWebKit/537.36 (KHTML, like Gecko) Chrome/108.0.0.0 YaBrowser/23.1.2.980 Yowser/2.5 Safari/537.36"
shop.infinitibizsol.com:443 105.27.162.118 - - [15/Jun/2025:22:21:37 +0000] "POST /wp-login.php HTTP/1.1" 302 5 "-" "Mozilla/5.0 (Macintosh; Intel Mac OS X 10_15_7) AppleWebKit/537.36 (KHTML, like Gecko) Chrome/108.0.0.0 YaBrowser/23.1.2.980 Yowser/2.5 Safari/537.36"
shop.infinitibizsol.com:443 105.27.162.118 - - [15/Jun/2025:22:21:39 +0000] "GET /wp-admin/ HTTP/1.1" 200 69180 "-" "Mozilla/5.0 (Macintosh; Intel Mac OS X 10_15_7) AppleWebKit/537.36 (KHTML, like Gecko) Chrome/108.0.0.0 YaBrowser/23.1.2.980 Yowser/2.5 Safari/537.36"
shop.infinitibizsol.com:443 105.27.162.118 - - [15/Jun/2025:22:21:53 +0000] "GET /wp-admin/post-new.php HTTP/1.1" 200 476250 "-" "Mozilla/5.0 (Macintosh; Intel Mac OS X 10_15_7) AppleWebKit/537.36 (KHTML, like Gecko) Chrome/108.0.0.0 YaBrowser/23.1.2.980 Yowser/2.5 Safari/537.36"
shop.infinitibizsol.com:443 105.27.162.118 - - [15/Jun/2025:22:22:31 +0000] "POST /wp-json/wp/v2/categories?_locale=user HTTP/1.1" 400 169 "-" "Mozilla/5.0 (Macintosh; Intel Mac OS X 10_15_7) AppleWebKit/537.36 (KHTML, like Gecko) Chrome/108.0.0.0 YaBrowser/23.1.2.980 Yowser/2.5 Safari/537.36"
shop.infinitibizsol.com:443 105.27.162.118 - - [15/Jun/2025:22:22:33 +0000] "POST /wp-admin/post.php HTTP/1.1" 302 5 "-" "Mozilla/5.0 (Macintosh; Intel Mac OS X 10_15_7) AppleWebKit/537.36 (KHTML, like Gecko) Chrome/108.0.0.0 YaBrowser/23.1.2.980 Yowser/2.5 Safari/537.36"
shop.infinitibizsol.com:443 162.0.223.40 - - [15/Jun/2025:22:22:37 +0000] "POST /wp-cron.php?doing_wp_cron=1750026156.1414060592651367187500 HTTP/1.1" 499 0 "-" "WordPress/6.8.1; https://shop.infinitibizsol.com"
shop.infinitibizsol.com:443 105.27.162.118 - - [15/Jun/2025:22:22:41 +0000] "GET /wp-admin/post.php?post=2412&action=edit&message=1 HTTP/1.1" 200 546125 "-" "Mozilla/5.0 (Macintosh; Intel Mac OS X 10_15_7) AppleWebKit/537.36 (KHTML, like Gecko) Chrome/108.0.0.0 YaBrowser/23.1.2.980 Yowser/2.5 Safari/537.36"
shop.infinitibizsol.com:443 105.27.162.118 - - [15/Jun/2025:22:23:16 +0000] "GET /?p=2412 HTTP/1.1" 404 5 "-" "Mozilla/5.0 (Macintosh; Intel Mac OS X 10_15_7) AppleWebKit/537.36 (KHTML, like Gecko) Chrome/108.0.0.0 YaBrowser/23.1.2.980 Yowser/2.5 Safari/537.36"
shop.infinitibizsol.com:443 105.27.162.118 - - [15/Jun/2025:22:23:19 +0000] "POST /wp-json/wp/v2/posts/2412/autosaves?_locale=user HTTP/1.1" 404 69179 "-" "Mozilla/5.0 (Macintosh; Intel Mac OS X 10_15_7) AppleWebKit/537.36 (KHTML, like Gecko) Chrome/108.0.0.0 YaBrowser/23.1.2.980 Yowser/2.5 Safari/537.36"
shop.infinitibizsol.com:443 105.27.162.118 - - [15/Jun/2025:22:23:25 +0000] "POST /index.php?rest_route=/wp/v2/posts/2412&_locale=user HTTP/1.1" 404 72002 "-" "Mozilla/5.0 (Macintosh; Intel Mac OS X 10_15_7) AppleWebKit/537.36 (KHTML, like Gecko) Chrome/108.0.0.0 YaBrowser/23.1.2.980 Yowser/2.5 Safari/537.36"
shop.infinitibizsol.com:443 162.0.223.40 - - [15/Jun/2025:22:23:30 +0000] "POST /wp-cron.php?doing_wp_cron=1750026209.6320869922637939453125 HTTP/1.1" 499 0 "-" "WordPress/6.8.1; https://shop.infinitibizsol.com"
shop.infinitibizsol.com:443 105.27.162.118 - - [15/Jun/2025:22:23:31 +0000] "GET /wp-admin/edit.php HTTP/1.1" 200 144169 "-" "python-requests/2.28.1"
shop.infinitibizsol.com:443 105.27.162.118 - - [15/Jun/2025:22:23:41 +0000] "GET /?p=2412 HTTP/1.1" 404 5 "-" "Mozilla/5.0 (Macintosh; Intel Mac OS X 10_15_7) AppleWebKit/537.36 (KHTML, like Gecko) Chrome/108.0.0.0 YaBrowser/23.1.2.980 Yowser/2.5 Safari/537.36"
shop.infinitibizsol.com:443 162.0.223.40 - - [15/Jun/2025:22:24:55 +0000] "POST /wp-cron.php?doing_wp_cron=1750026293.9667479991912841796875 HTTP/1.1" 499 0 "-" "WordPress/6.8.1; https://shop.infinitibizsol.com"
shop.infinitibizsol.com:443 103.70.93.67 - - [15/Jun/2025:22:24:55 +0000] "POST /xmlrpc.php HTTP/1.1" 200 190 "-" "python-requests/2.28.1"
shop.infinitibizsol.com:443 103.70.93.67 - - [15/Jun/2025:22:24:58 +0000] "GET /wp-login.php HTTP/1.1" 200 4558 "-" "python-requests/2.28.1"
shop.infinitibizsol.com:443 103.70.93.67 - - [15/Jun/2025:22:25:02 +0000] "POST /wp-login.php HTTP/1.1" 302 5 "-" "python-requests/2.28.1"
shop.infinitibizsol.com:443 103.70.93.67 - - [15/Jun/2025:22:25:05 +0000] "GET /?p=2415 HTTP/1.1" 404 5 "-" "Mozilla/5.0 (Windows NT 6.3; Win64; x64) AppleWebKit/537.36 (KHTML, like Gecko) Chrome/101.0.4951.54 Safari/537.36"
shop.infinitibizsol.com:443 103.70.93.67 - - [15/Jun/2025:22:25:10 +0000] "GET /wp-login.php HTTP/1.1" 200 4577 "-" "Mozilla/5.0 (Macintosh; Intel Mac OS X 10_15_7) AppleWebKit/537.36 (KHTML, like Gecko) Chrome/108.0.0.0 YaBrowser/23.1.2.980 Yowser/2.5 Safari/537.36"
shop.infinitibizsol.com:443 103.70.93.67 - - [15/Jun/2025:22:25:13 +0000] "POST /wp-login.php HTTP/1.1" 302 5 "-" "Mozilla/5.0 (Macintosh; Intel Mac OS X 10_15_7) AppleWebKit/537.36 (KHTML, like Gecko) Chrome/108.0.0.0 YaBrowser/23.1.2.980 Yowser/2.5 Safari/537.36"
shop.infinitibizsol.com:443 103.70.93.67 - - [15/Jun/2025:22:25:15 +0000] "GET /wp-admin/ HTTP/1.1" 200 69193 "-" "Mozilla/5.0 (Macintosh; Intel Mac OS X 10_15_7) AppleWebKit/537.36 (KHTML, like Gecko) Chrome/108.0.0.0 YaBrowser/23.1.2.980 Yowser/2.5 Safari/537.36"
shop.infinitibizsol.com:443 103.70.93.67 - - [15/Jun/2025:22:25:26 +0000] "GET /wp-admin/post-new.php HTTP/1.1" 200 476232 "-" "Mozilla/5.0 (Macintosh; Intel Mac OS X 10_15_7) AppleWebKit/537.36 (KHTML, like Gecko) Chrome/108.0.0.0 YaBrowser/23.1.2.980 Yowser/2.5 Safari/537.36"
shop.infinitibizsol.com:443 103.70.93.67 - - [15/Jun/2025:22:25:55 +0000] "POST /wp-admin/post.php HTTP/1.1" 302 5 "-" "Mozilla/5.0 (Macintosh; Intel Mac OS X 10_15_7) AppleWebKit/537.36 (KHTML, like Gecko) Chrome/108.0.0.0 YaBrowser/23.1.2.980 Yowser/2.5 Safari/537.36"
shop.infinitibizsol.com:443 162.0.223.40 - - [15/Jun/2025:22:25:58 +0000] "POST /wp-cron.php?doing_wp_cron=1750026357.6353778839111328125000 HTTP/1.1" 499 0 "-" "WordPress/6.8.1; https://shop.infinitibizsol.com"
shop.infinitibizsol.com:443 103.70.93.67 - - [15/Jun/2025:22:26:00 +0000] "GET /wp-admin/post.php?post=2417&action=edit&message=1 HTTP/1.1" 200 672441 "-" "Mozilla/5.0 (Macintosh; Intel Mac OS X 10_15_7) AppleWebKit/537.36 (KHTML, like Gecko) Chrome/108.0.0.0 YaBrowser/23.1.2.980 Yowser/2.5 Safari/537.36"
shop.infinitibizsol.com:443 103.70.93.67 - - [15/Jun/2025:22:26:37 +0000] "GET /?p=2417 HTTP/1.1" 404 5 "-" "Mozilla/5.0 (Macintosh; Intel Mac OS X 10_15_7) AppleWebKit/537.36 (KHTML, like Gecko) Chrome/108.0.0.0 YaBrowser/23.1.2.980 Yowser/2.5 Safari/537.36"
shop.infinitibizsol.com:443 103.70.93.67 - - [15/Jun/2025:22:26:40 +0000] "POST /wp-json/wp/v2/posts/2417/autosaves?_locale=user HTTP/1.1" 404 192601 "-" "Mozilla/5.0 (Macintosh; Intel Mac OS X 10_15_7) AppleWebKit/537.36 (KHTML, like Gecko) Chrome/108.0.0.0 YaBrowser/23.1.2.980 Yowser/2.5 Safari/537.36"
shop.infinitibizsol.com:443 103.70.93.67 - - [15/Jun/2025:22:26:53 +0000] "POST /index.php?rest_route=/wp/v2/posts/2417&_locale=user HTTP/1.1" 404 197062 "-" "Mozilla/5.0 (Macintosh; Intel Mac OS X 10_15_7) AppleWebKit/537.36 (KHTML, like Gecko) Chrome/108.0.0.0 YaBrowser/23.1.2.980 Yowser/2.5 Safari/537.36"
shop.infinitibizsol.com:443 162.0.223.40 - - [15/Jun/2025:22:27:17 +0000] "POST /wp-cron.php?doing_wp_cron=1750026436.0819098949432373046875 HTTP/1.1" 499 0 "-" "WordPress/6.8.1; https://shop.infinitibizsol.com"
shop.infinitibizsol.com:443 103.70.93.67 - - [15/Jun/2025:22:27:17 +0000] "GET /wp-admin/edit.php HTTP/1.1" 200 144860 "-" "python-requests/2.28.1"
shop.infinitibizsol.com:443 103.70.93.67 - - [15/Jun/2025:22:27:35 +0000] "GET /?p=2417 HTTP/1.1" 404 5 "-" "Mozilla/5.0 (Macintosh; Intel Mac OS X 10_15_7) AppleWebKit/537.36 (KHTML, like Gecko) Chrome/108.0.0.0 YaBrowser/23.1.2.980 Yowser/2.5 Safari/537.36"
shop.infinitibizsol.com:443 103.216.51.33 - - [15/Jun/2025:22:28:17 +0000] "POST /xmlrpc.php HTTP/1.1" 200 190 "-" "python-requests/2.28.1"
shop.infinitibizsol.com:443 162.0.223.40 - - [15/Jun/2025:22:28:23 +0000] "POST /wp-cron.php?doing_wp_cron=1750026502.7020940780639648437500 HTTP/1.1" 499 0 "-" "WordPress/6.8.1; https://shop.infinitibizsol.com"
shop.infinitibizsol.com:443 103.216.51.33 - - [15/Jun/2025:22:28:23 +0000] "GET /wp-login.php HTTP/1.1" 200 4552 "-" "python-requests/2.28.1"
shop.infinitibizsol.com:443 103.216.51.33 - - [15/Jun/2025:22:28:28 +0000] "POST /wp-login.php HTTP/1.1" 302 5 "-" "python-requests/2.28.1"
shop.infinitibizsol.com:443 103.216.51.33 - - [15/Jun/2025:22:28:30 +0000] "GET /?p=2420 HTTP/1.1" 404 5 "-" "Mozilla/5.0 (Windows NT 6.3; Win64; x64) AppleWebKit/537.36 (KHTML, like Gecko) Chrome/101.0.4951.54 Safari/537.36"
shop.infinitibizsol.com:443 103.216.51.33 - - [15/Jun/2025:22:28:36 +0000] "GET /wp-login.php HTTP/1.1" 200 4552 "-" "Mozilla/5.0 (Macintosh; Intel Mac OS X 10_15_7) AppleWebKit/537.36 (KHTML, like Gecko) Chrome/108.0.0.0 YaBrowser/23.1.2.980 Yowser/2.5 Safari/537.36"
shop.infinitibizsol.com:443 103.216.51.33 - - [15/Jun/2025:22:28:39 +0000] "POST /wp-login.php HTTP/1.1" 302 5 "-" "Mozilla/5.0 (Macintosh; Intel Mac OS X 10_15_7) AppleWebKit/537.36 (KHTML, like Gecko) Chrome/108.0.0.0 YaBrowser/23.1.2.980 Yowser/2.5 Safari/537.36"
shop.infinitibizsol.com:443 103.216.51.33 - - [15/Jun/2025:22:28:42 +0000] "GET /wp-admin/ HTTP/1.1" 200 69073 "-" "Mozilla/5.0 (Macintosh; Intel Mac OS X 10_15_7) AppleWebKit/537.36 (KHTML, like Gecko) Chrome/108.0.0.0 YaBrowser/23.1.2.980 Yowser/2.5 Safari/537.36"
shop.infinitibizsol.com:443 120.29.158.2 - - [15/Jun/2025:22:28:49 +0000] "POST /xmlrpc.php HTTP/1.1" 200 190 "-" "python-requests/2.28.1"
shop.infinitibizsol.com:443 162.0.223.40 - - [15/Jun/2025:22:28:52 +0000] "POST /wp-cron.php?doing_wp_cron=1750026531.4858500957489013671875 HTTP/1.1" 499 0 "-" "WordPress/6.8.1; https://shop.infinitibizsol.com"
shop.infinitibizsol.com:443 120.29.158.2 - - [15/Jun/2025:22:28:54 +0000] "GET /wp-login.php HTTP/1.1" 200 4552 "-" "python-requests/2.28.1"
shop.infinitibizsol.com:443 120.29.158.2 - - [15/Jun/2025:22:28:57 +0000] "POST /wp-login.php HTTP/1.1" 302 5 "-" "python-requests/2.28.1"
shop.infinitibizsol.com:443 120.29.158.2 - - [15/Jun/2025:22:28:59 +0000] "GET /?p=2422 HTTP/1.1" 404 5 "-" "Mozilla/5.0 (Windows NT 6.3; Win64; x64) AppleWebKit/537.36 (KHTML, like Gecko) Chrome/101.0.4951.54 Safari/537.36"
shop.infinitibizsol.com:443 120.29.158.2 - - [15/Jun/2025:22:29:03 +0000] "GET /wp-login.php HTTP/1.1" 200 4552 "-" "Mozilla/5.0 (Macintosh; Intel Mac OS X 10_15_7) AppleWebKit/537.36 (KHTML, like Gecko) Chrome/108.0.0.0 YaBrowser/23.1.2.980 Yowser/2.5 Safari/537.36"
shop.infinitibizsol.com:443 103.216.51.33 - - [15/Jun/2025:22:29:05 +0000] "GET /wp-admin/post-new.php HTTP/1.1" 200 476288 "-" "Mozilla/5.0 (Macintosh; Intel Mac OS X 10_15_7) AppleWebKit/537.36 (KHTML, like Gecko) Chrome/108.0.0.0 YaBrowser/23.1.2.980 Yowser/2.5 Safari/537.36"
shop.infinitibizsol.com:443 120.29.158.2 - - [15/Jun/2025:22:29:06 +0000] "POST /wp-login.php HTTP/1.1" 302 5 "-" "Mozilla/5.0 (Macintosh; Intel Mac OS X 10_15_7) AppleWebKit/537.36 (KHTML, like Gecko) Chrome/108.0.0.0 YaBrowser/23.1.2.980 Yowser/2.5 Safari/537.36"
shop.infinitibizsol.com:443 120.29.158.2 - - [15/Jun/2025:22:29:08 +0000] "GET /wp-admin/ HTTP/1.1" 200 69018 "-" "Mozilla/5.0 (Macintosh; Intel Mac OS X 10_15_7) AppleWebKit/537.36 (KHTML, like Gecko) Chrome/108.0.0.0 YaBrowser/23.1.2.980 Yowser/2.5 Safari/537.36"
shop.infinitibizsol.com:443 103.216.51.33 - - [15/Jun/2025:22:29:28 +0000] "POST /wp-json/wp/v2/categories?_locale=user HTTP/1.1" 400 169 "-" "Mozilla/5.0 (Macintosh; Intel Mac OS X 10_15_7) AppleWebKit/537.36 (KHTML, like Gecko) Chrome/108.0.0.0 YaBrowser/23.1.2.980 Yowser/2.5 Safari/537.36"
shop.infinitibizsol.com:443 120.29.158.2 - - [15/Jun/2025:22:29:28 +0000] "GET /wp-admin/post-new.php HTTP/1.1" 200 476246 "-" "Mozilla/5.0 (Macintosh; Intel Mac OS X 10_15_7) AppleWebKit/537.36 (KHTML, like Gecko) Chrome/108.0.0.0 YaBrowser/23.1.2.980 Yowser/2.5 Safari/537.36"
shop.infinitibizsol.com:443 103.216.51.33 - - [15/Jun/2025:22:29:30 +0000] "POST /wp-admin/post.php HTTP/1.1" 302 5 "-" "Mozilla/5.0 (Macintosh; Intel Mac OS X 10_15_7) AppleWebKit/537.36 (KHTML, like Gecko) Chrome/108.0.0.0 YaBrowser/23.1.2.980 Yowser/2.5 Safari/537.36"
shop.infinitibizsol.com:443 162.0.223.40 - - [15/Jun/2025:22:29:34 +0000] "POST /wp-cron.php?doing_wp_cron=1750026573.4898591041564941406250 HTTP/1.1" 499 0 "-" "WordPress/6.8.1; https://shop.infinitibizsol.com"
shop.infinitibizsol.com:443 120.29.158.2 - - [15/Jun/2025:22:29:42 +0000] "POST /wp-json/wp/v2/categories?_locale=user HTTP/1.1" 400 169 "-" "Mozilla/5.0 (Macintosh; Intel Mac OS X 10_15_7) AppleWebKit/537.36 (KHTML, like Gecko) Chrome/108.0.0.0 YaBrowser/23.1.2.980 Yowser/2.5 Safari/537.36"
shop.infinitibizsol.com:443 103.216.51.33 - - [15/Jun/2025:22:29:43 +0000] "GET /wp-admin/post.php?post=2424&action=edit&message=1 HTTP/1.1" 200 540815 "-" "Mozilla/5.0 (Macintosh; Intel Mac OS X 10_15_7) AppleWebKit/537.36 (KHTML, like Gecko) Chrome/108.0.0.0 YaBrowser/23.1.2.980 Yowser/2.5 Safari/537.36"
shop.infinitibizsol.com:443 120.29.158.2 - - [15/Jun/2025:22:29:45 +0000] "POST /wp-admin/post.php HTTP/1.1" 302 5 "-" "Mozilla/5.0 (Macintosh; Intel Mac OS X 10_15_7) AppleWebKit/537.36 (KHTML, like Gecko) Chrome/108.0.0.0 YaBrowser/23.1.2.980 Yowser/2.5 Safari/537.36"
shop.infinitibizsol.com:443 162.0.223.40 - - [15/Jun/2025:22:29:49 +0000] "POST /wp-cron.php?doing_wp_cron=1750026588.0123069286346435546875 HTTP/1.1" 499 0 "-" "WordPress/6.8.1; https://shop.infinitibizsol.com"
shop.infinitibizsol.com:443 120.29.158.2 - - [15/Jun/2025:22:29:52 +0000] "GET /wp-admin/post.php?post=2425&action=edit&message=1 HTTP/1.1" 200 545795 "-" "Mozilla/5.0 (Macintosh; Intel Mac OS X 10_15_7) AppleWebKit/537.36 (KHTML, like Gecko) Chrome/108.0.0.0 YaBrowser/23.1.2.980 Yowser/2.5 Safari/537.36"
shop.infinitibizsol.com:443 103.216.51.33 - - [15/Jun/2025:22:29:55 +0000] "GET /?p=2424 HTTP/1.1" 404 5 "-" "Mozilla/5.0 (Macintosh; Intel Mac OS X 10_15_7) AppleWebKit/537.36 (KHTML, like Gecko) Chrome/108.0.0.0 YaBrowser/23.1.2.980 Yowser/2.5 Safari/537.36"
shop.infinitibizsol.com:443 103.216.51.33 - - [15/Jun/2025:22:29:57 +0000] "POST /wp-json/wp/v2/posts/2424/autosaves?_locale=user HTTP/1.1" 404 63832 "-" "Mozilla/5.0 (Macintosh; Intel Mac OS X 10_15_7) AppleWebKit/537.36 (KHTML, like Gecko) Chrome/108.0.0.0 YaBrowser/23.1.2.980 Yowser/2.5 Safari/537.36"
shop.infinitibizsol.com:443 103.216.51.33 - - [15/Jun/2025:22:30:03 +0000] "POST /index.php?rest_route=/wp/v2/posts/2424&_locale=user HTTP/1.1" 404 66669 "-" "Mozilla/5.0 (Macintosh; Intel Mac OS X 10_15_7) AppleWebKit/537.36 (KHTML, like Gecko) Chrome/108.0.0.0 YaBrowser/23.1.2.980 Yowser/2.5 Safari/537.36"
shop.infinitibizsol.com:443 162.0.223.40 - - [15/Jun/2025:22:30:08 +0000] "POST /wp-cron.php?doing_wp_cron=1750026607.0405099391937255859375 HTTP/1.1" 499 0 "-" "WordPress/6.8.1; https://shop.infinitibizsol.com"
shop.infinitibizsol.com:443 103.216.51.33 - - [15/Jun/2025:22:30:09 +0000] "GET /wp-admin/edit.php HTTP/1.1" 200 144863 "-" "python-requests/2.28.1"
shop.infinitibizsol.com:443 120.29.158.2 - - [15/Jun/2025:22:30:10 +0000] "GET /?p=2425 HTTP/1.1" 404 5 "-" "Mozilla/5.0 (Macintosh; Intel Mac OS X 10_15_7) AppleWebKit/537.36 (KHTML, like Gecko) Chrome/108.0.0.0 YaBrowser/23.1.2.980 Yowser/2.5 Safari/537.36"
shop.infinitibizsol.com:443 120.29.158.2 - - [15/Jun/2025:22:30:14 +0000] "POST /wp-json/wp/v2/posts/2425/autosaves?_locale=user HTTP/1.1" 404 68883 "-" "Mozilla/5.0 (Macintosh; Intel Mac OS X 10_15_7) AppleWebKit/537.36 (KHTML, like Gecko) Chrome/108.0.0.0 YaBrowser/23.1.2.980 Yowser/2.5 Safari/537.36"
shop.infinitibizsol.com:443 120.29.158.2 - - [15/Jun/2025:22:30:19 +0000] "POST /index.php?rest_route=/wp/v2/posts/2425&_locale=user HTTP/1.1" 404 71734 "-" "Mozilla/5.0 (Macintosh; Intel Mac OS X 10_15_7) AppleWebKit/537.36 (KHTML, like Gecko) Chrome/108.0.0.0 YaBrowser/23.1.2.980 Yowser/2.5 Safari/537.36"
shop.infinitibizsol.com:443 103.216.51.33 - - [15/Jun/2025:22:30:20 +0000] "GET /?p=2424 HTTP/1.1" 404 5 "-" "Mozilla/5.0 (Macintosh; Intel Mac OS X 10_15_7) AppleWebKit/537.36 (KHTML, like Gecko) Chrome/108.0.0.0 YaBrowser/23.1.2.980 Yowser/2.5 Safari/537.36"
shop.infinitibizsol.com:443 162.0.223.40 - - [15/Jun/2025:22:30:25 +0000] "POST /wp-cron.php?doing_wp_cron=1750026624.0714879035949707031250 HTTP/1.1" 499 0 "-" "WordPress/6.8.1; https://shop.infinitibizsol.com"
shop.infinitibizsol.com:443 120.29.158.2 - - [15/Jun/2025:22:30:25 +0000] "GET /wp-admin/edit.php HTTP/1.1" 200 144717 "-" "python-requests/2.28.1"
shop.infinitibizsol.com:443 120.29.158.2 - - [15/Jun/2025:22:30:31 +0000] "GET /?p=2425 HTTP/1.1" 404 5 "-" "Mozilla/5.0 (Macintosh; Intel Mac OS X 10_15_7) AppleWebKit/537.36 (KHTML, like Gecko) Chrome/108.0.0.0 YaBrowser/23.1.2.980 Yowser/2.5 Safari/537.36"
shop.infinitibizsol.com:443 196.41.9.214 - - [15/Jun/2025:22:32:00 +0000] "POST /xmlrpc.php HTTP/1.1" 200 190 "-" "python-requests/2.28.1"
shop.infinitibizsol.com:443 162.0.223.40 - - [15/Jun/2025:22:32:05 +0000] "POST /wp-cron.php?doing_wp_cron=1750026724.3109679222106933593750 HTTP/1.1" 499 0 "-" "WordPress/6.8.1; https://shop.infinitibizsol.com"
shop.infinitibizsol.com:443 196.41.9.214 - - [15/Jun/2025:22:32:05 +0000] "GET /wp-login.php HTTP/1.1" 200 4552 "-" "python-requests/2.28.1"
shop.infinitibizsol.com:443 196.41.9.214 - - [15/Jun/2025:22:32:08 +0000] "POST /wp-login.php HTTP/1.1" 302 5 "-" "python-requests/2.28.1"
shop.infinitibizsol.com:443 196.41.9.214 - - [15/Jun/2025:22:32:10 +0000] "GET /?p=2430 HTTP/1.1" 404 5 "-" "Mozilla/5.0 (Windows NT 6.3; Win64; x64) AppleWebKit/537.36 (KHTML, like Gecko) Chrome/101.0.4951.54 Safari/537.36"
shop.infinitibizsol.com:443 196.41.9.214 - - [15/Jun/2025:22:32:13 +0000] "GET /wp-login.php HTTP/1.1" 200 4552 "-" "Mozilla/5.0 (Macintosh; Intel Mac OS X 10_15_7) AppleWebKit/537.36 (KHTML, like Gecko) Chrome/108.0.0.0 YaBrowser/23.1.2.980 Yowser/2.5 Safari/537.36"
shop.infinitibizsol.com:443 196.41.9.214 - - [15/Jun/2025:22:32:16 +0000] "POST /wp-login.php HTTP/1.1" 302 5 "-" "Mozilla/5.0 (Macintosh; Intel Mac OS X 10_15_7) AppleWebKit/537.36 (KHTML, like Gecko) Chrome/108.0.0.0 YaBrowser/23.1.2.980 Yowser/2.5 Safari/537.36"
shop.infinitibizsol.com:443 196.41.9.214 - - [15/Jun/2025:22:32:18 +0000] "GET /wp-admin/ HTTP/1.1" 200 69322 "-" "Mozilla/5.0 (Macintosh; Intel Mac OS X 10_15_7) AppleWebKit/537.36 (KHTML, like Gecko) Chrome/108.0.0.0 YaBrowser/23.1.2.980 Yowser/2.5 Safari/537.36"
shop.infinitibizsol.com:443 196.41.9.214 - - [15/Jun/2025:22:32:26 +0000] "GET /wp-admin/post-new.php HTTP/1.1" 200 476367 "-" "Mozilla/5.0 (Macintosh; Intel Mac OS X 10_15_7) AppleWebKit/537.36 (KHTML, like Gecko) Chrome/108.0.0.0 YaBrowser/23.1.2.980 Yowser/2.5 Safari/537.36"
shop.infinitibizsol.com:443 196.41.9.214 - - [15/Jun/2025:22:32:51 +0000] "POST /wp-admin/post.php HTTP/1.1" 302 5 "-" "Mozilla/5.0 (Macintosh; Intel Mac OS X 10_15_7) AppleWebKit/537.36 (KHTML, like Gecko) Chrome/108.0.0.0 YaBrowser/23.1.2.980 Yowser/2.5 Safari/537.36"
shop.infinitibizsol.com:443 162.0.223.40 - - [15/Jun/2025:22:32:55 +0000] "POST /wp-cron.php?doing_wp_cron=1750026774.0927469730377197265625 HTTP/1.1" 499 0 "-" "WordPress/6.8.1; https://shop.infinitibizsol.com"
shop.infinitibizsol.com:443 196.41.9.214 - - [15/Jun/2025:22:33:07 +0000] "GET /wp-admin/post.php?post=2432&action=edit&message=1 HTTP/1.1" 200 768225 "-" "Mozilla/5.0 (Macintosh; Intel Mac OS X 10_15_7) AppleWebKit/537.36 (KHTML, like Gecko) Chrome/108.0.0.0 YaBrowser/23.1.2.980 Yowser/2.5 Safari/537.36"
shop.infinitibizsol.com:443 162.0.223.40 - - [15/Jun/2025:22:33:07 +0000] "POST /wp-cron.php?doing_wp_cron=1750026786.9297111034393310546875 HTTP/1.1" 499 0 "-" "WordPress/6.8.1; https://shop.infinitibizsol.com"
shop.infinitibizsol.com:443 206.189.18.26 - - [15/Jun/2025:22:33:08 +0000] "GET /wp-login.php HTTP/1.1" 200 4552 "-" "Mozilla/5.0 (Macintosh; Intel Mac OS X 10_15_7) AppleWebKit/537.36 (KHTML, like Gecko) Chrome/108.0.0.0 YaBrowser/23.1.2.980 Yowser/2.5 Safari/537.36"
shop.infinitibizsol.com:443 206.189.18.26 - - [15/Jun/2025:22:33:10 +0000] "POST /wp-login.php HTTP/1.1" 302 5 "-" "Mozilla/5.0 (Macintosh; Intel Mac OS X 10_15_7) AppleWebKit/537.36 (KHTML, like Gecko) Chrome/108.0.0.0 YaBrowser/23.1.2.980 Yowser/2.5 Safari/537.36"
shop.infinitibizsol.com:443 206.189.18.26 - - [15/Jun/2025:22:33:12 +0000] "GET /wp-admin/ HTTP/1.1" 200 69591 "-" "Mozilla/5.0 (Macintosh; Intel Mac OS X 10_15_7) AppleWebKit/537.36 (KHTML, like Gecko) Chrome/108.0.0.0 YaBrowser/23.1.2.980 Yowser/2.5 Safari/537.36"
shop.infinitibizsol.com:443 206.189.18.26 - - [15/Jun/2025:22:33:15 +0000] "GET /wp-admin/post-new.php HTTP/1.1" 200 476222 "-" "Mozilla/5.0 (Macintosh; Intel Mac OS X 10_15_7) AppleWebKit/537.36 (KHTML, like Gecko) Chrome/108.0.0.0 YaBrowser/23.1.2.980 Yowser/2.5 Safari/537.36"
shop.infinitibizsol.com:443 206.189.18.26 - - [15/Jun/2025:22:33:19 +0000] "POST /wp-admin/post.php HTTP/1.1" 302 5 "-" "Mozilla/5.0 (Macintosh; Intel Mac OS X 10_15_7) AppleWebKit/537.36 (KHTML, like Gecko) Chrome/108.0.0.0 YaBrowser/23.1.2.980 Yowser/2.5 Safari/537.36"
shop.infinitibizsol.com:443 162.0.223.40 - - [15/Jun/2025:22:33:22 +0000] "POST /wp-cron.php?doing_wp_cron=1750026801.7217240333557128906250 HTTP/1.1" 499 0 "-" "WordPress/6.8.1; https://shop.infinitibizsol.com"
shop.infinitibizsol.com:443 196.41.9.214 - - [15/Jun/2025:22:33:23 +0000] "GET /?p=2432 HTTP/1.1" 404 5 "-" "Mozilla/5.0 (Macintosh; Intel Mac OS X 10_15_7) AppleWebKit/537.36 (KHTML, like Gecko) Chrome/108.0.0.0 YaBrowser/23.1.2.980 Yowser/2.5 Safari/537.36"
shop.infinitibizsol.com:443 206.189.18.26 - - [15/Jun/2025:22:33:23 +0000] "GET /wp-admin/post.php?post=2434&action=edit&message=1 HTTP/1.1" 200 692819 "-" "Mozilla/5.0 (Macintosh; Intel Mac OS X 10_15_7) AppleWebKit/537.36 (KHTML, like Gecko) Chrome/108.0.0.0 YaBrowser/23.1.2.980 Yowser/2.5 Safari/537.36"
shop.infinitibizsol.com:443 196.41.9.214 - - [15/Jun/2025:22:33:27 +0000] "POST /wp-json/wp/v2/posts/2432/autosaves?_locale=user HTTP/1.1" 404 287883 "-" "Mozilla/5.0 (Macintosh; Intel Mac OS X 10_15_7) AppleWebKit/537.36 (KHTML, like Gecko) Chrome/108.0.0.0 YaBrowser/23.1.2.980 Yowser/2.5 Safari/537.36"
shop.infinitibizsol.com:443 206.189.18.26 - - [15/Jun/2025:22:33:29 +0000] "GET /?p=2434 HTTP/1.1" 404 5 "-" "Mozilla/5.0 (Macintosh; Intel Mac OS X 10_15_7) AppleWebKit/537.36 (KHTML, like Gecko) Chrome/108.0.0.0 YaBrowser/23.1.2.980 Yowser/2.5 Safari/537.36"
shop.infinitibizsol.com:443 206.189.18.26 - - [15/Jun/2025:22:33:31 +0000] "POST /wp-json/wp/v2/posts/2434/autosaves?_locale=user HTTP/1.1" 404 213154 "-" "Mozilla/5.0 (Macintosh; Intel Mac OS X 10_15_7) AppleWebKit/537.36 (KHTML, like Gecko) Chrome/108.0.0.0 YaBrowser/23.1.2.980 Yowser/2.5 Safari/537.36"
shop.infinitibizsol.com:443 206.189.18.26 - - [15/Jun/2025:22:33:35 +0000] "POST /index.php?rest_route=/wp/v2/posts/2434&_locale=user HTTP/1.1" 404 217517 "-" "Mozilla/5.0 (Macintosh; Intel Mac OS X 10_15_7) AppleWebKit/537.36 (KHTML, like Gecko) Chrome/108.0.0.0 YaBrowser/23.1.2.980 Yowser/2.5 Safari/537.36"
shop.infinitibizsol.com:443 206.189.18.26 - - [15/Jun/2025:22:33:38 +0000] "GET /wp-admin/edit.php HTTP/1.1" 200 148190 "-" "python-requests/2.28.1"
shop.infinitibizsol.com:443 162.0.223.40 - - [15/Jun/2025:22:33:39 +0000] "POST /wp-cron.php?doing_wp_cron=1750026818.4572229385375976562500 HTTP/1.1" 499 0 "-" "WordPress/6.8.1; https://shop.infinitibizsol.com"
shop.infinitibizsol.com:443 196.41.9.214 - - [15/Jun/2025:22:33:39 +0000] "POST /index.php?rest_route=/wp/v2/posts/2432&_locale=user HTTP/1.1" 404 292543 "-" "Mozilla/5.0 (Macintosh; Intel Mac OS X 10_15_7) AppleWebKit/537.36 (KHTML, like Gecko) Chrome/108.0.0.0 YaBrowser/23.1.2.980 Yowser/2.5 Safari/537.36"
shop.infinitibizsol.com:443 206.189.18.26 - - [15/Jun/2025:22:33:41 +0000] "GET /?p=2434 HTTP/1.1" 404 5 "-" "Mozilla/5.0 (Macintosh; Intel Mac OS X 10_15_7) AppleWebKit/537.36 (KHTML, like Gecko) Chrome/108.0.0.0 YaBrowser/23.1.2.980 Yowser/2.5 Safari/537.36"
shop.infinitibizsol.com:443 196.41.9.214 - - [15/Jun/2025:22:33:46 +0000] "GET /wp-admin/edit.php HTTP/1.1" 200 147327 "-" "python-requests/2.28.1"
shop.infinitibizsol.com:443 196.41.9.214 - - [15/Jun/2025:22:33:50 +0000] "GET /?p=2432 HTTP/1.1" 404 5 "-" "Mozilla/5.0 (Macintosh; Intel Mac OS X 10_15_7) AppleWebKit/537.36 (KHTML, like Gecko) Chrome/108.0.0.0 YaBrowser/23.1.2.980 Yowser/2.5 Safari/537.36"
shop.infinitibizsol.com:443 65.109.131.12 - - [15/Jun/2025:22:35:37 +0000] "POST /xmlrpc.php HTTP/1.1" 200 190 "-" "python-requests/2.28.1"
shop.infinitibizsol.com:443 162.0.223.40 - - [15/Jun/2025:22:35:42 +0000] "POST /wp-cron.php?doing_wp_cron=1750026941.2179439067840576171875 HTTP/1.1" 499 0 "-" "WordPress/6.8.1; https://shop.infinitibizsol.com"
shop.infinitibizsol.com:443 65.109.131.12 - - [15/Jun/2025:22:35:42 +0000] "GET /wp-login.php HTTP/1.1" 200 4558 "-" "python-requests/2.28.1"
shop.infinitibizsol.com:443 65.109.131.12 - - [15/Jun/2025:22:35:44 +0000] "POST /wp-login.php HTTP/1.1" 302 5 "-" "python-requests/2.28.1"
shop.infinitibizsol.com:443 65.109.131.12 - - [15/Jun/2025:22:35:46 +0000] "GET /?p=2438 HTTP/1.1" 404 5 "-" "Mozilla/5.0 (Windows NT 6.3; Win64; x64) AppleWebKit/537.36 (KHTML, like Gecko) Chrome/101.0.4951.54 Safari/537.36"
shop.infinitibizsol.com:443 65.109.131.12 - - [15/Jun/2025:22:35:50 +0000] "GET /wp-login.php HTTP/1.1" 200 4552 "-" "Mozilla/5.0 (Macintosh; Intel Mac OS X 10_15_7) AppleWebKit/537.36 (KHTML, like Gecko) Chrome/108.0.0.0 YaBrowser/23.1.2.980 Yowser/2.5 Safari/537.36"
shop.infinitibizsol.com:443 65.109.131.12 - - [15/Jun/2025:22:35:52 +0000] "POST /wp-login.php HTTP/1.1" 302 5 "-" "Mozilla/5.0 (Macintosh; Intel Mac OS X 10_15_7) AppleWebKit/537.36 (KHTML, like Gecko) Chrome/108.0.0.0 YaBrowser/23.1.2.980 Yowser/2.5 Safari/537.36"
shop.infinitibizsol.com:443 65.109.131.12 - - [15/Jun/2025:22:35:54 +0000] "GET /wp-admin/ HTTP/1.1" 200 69610 "-" "Mozilla/5.0 (Macintosh; Intel Mac OS X 10_15_7) AppleWebKit/537.36 (KHTML, like Gecko) Chrome/108.0.0.0 YaBrowser/23.1.2.980 Yowser/2.5 Safari/537.36"
shop.infinitibizsol.com:443 190.74.27.248 - - [15/Jun/2025:22:35:57 +0000] "GET /wp-login.php HTTP/1.1" 200 4552 "https://shop.infinitibizsol.com" "Mozilla/5.0 (iPad; CPU OS 8_2 like Mac OS X) AppleWebKit/600.1.4 (KHTML, like Gecko) GSA/7.0.55539 Mobile/12D508 Safari/600.1.4"
shop.infinitibizsol.com:443 65.109.131.12 - - [15/Jun/2025:22:35:57 +0000] "GET /wp-admin/post-new.php HTTP/1.1" 200 476223 "-" "Mozilla/5.0 (Macintosh; Intel Mac OS X 10_15_7) AppleWebKit/537.36 (KHTML, like Gecko) Chrome/108.0.0.0 YaBrowser/23.1.2.980 Yowser/2.5 Safari/537.36"
shop.infinitibizsol.com:443 190.74.27.248 - - [15/Jun/2025:22:36:01 +0000] "POST /wp-login.php?wpe-login=true&hide_my_wp=1&hmwp_do=login&login=1 HTTP/1.1" 302 5 "https://shop.infinitibizsol.com/wp-login.php" "Mozilla/5.0 (iPad; CPU OS 8_2 like Mac OS X) AppleWebKit/600.1.4 (KHTML, like Gecko) GSA/7.0.55539 Mobile/12D508 Safari/600.1.4"
shop.infinitibizsol.com:443 65.109.131.12 - - [15/Jun/2025:22:36:02 +0000] "POST /wp-json/wp/v2/categories?_locale=user HTTP/1.1" 400 169 "-" "Mozilla/5.0 (Macintosh; Intel Mac OS X 10_15_7) AppleWebKit/537.36 (KHTML, like Gecko) Chrome/108.0.0.0 YaBrowser/23.1.2.980 Yowser/2.5 Safari/537.36"
shop.infinitibizsol.com:443 190.74.27.248 - - [15/Jun/2025:22:36:04 +0000] "GET /wp-admin/plugin-install.php?tab=upload HTTP/1.1" 404 61329 "https://shop.infinitibizsol.com" "Mozilla/5.0 (iPad; CPU OS 8_2 like Mac OS X) AppleWebKit/600.1.4 (KHTML, like Gecko) GSA/7.0.55539 Mobile/12D508 Safari/600.1.4"
shop.infinitibizsol.com:443 65.109.131.12 - - [15/Jun/2025:22:36:05 +0000] "POST /wp-admin/post.php HTTP/1.1" 302 5 "-" "Mozilla/5.0 (Macintosh; Intel Mac OS X 10_15_7) AppleWebKit/537.36 (KHTML, like Gecko) Chrome/108.0.0.0 YaBrowser/23.1.2.980 Yowser/2.5 Safari/537.36"
shop.infinitibizsol.com:443 162.0.223.40 - - [15/Jun/2025:22:36:08 +0000] "POST /wp-cron.php?doing_wp_cron=1750026967.2455210685729980468750 HTTP/1.1" 499 0 "-" "WordPress/6.8.1; https://shop.infinitibizsol.com"
shop.infinitibizsol.com:443 65.109.131.12 - - [15/Jun/2025:22:36:09 +0000] "GET /wp-admin/post.php?post=2440&action=edit&message=1 HTTP/1.1" 200 533743 "-" "Mozilla/5.0 (Macintosh; Intel Mac OS X 10_15_7) AppleWebKit/537.36 (KHTML, like Gecko) Chrome/108.0.0.0 YaBrowser/23.1.2.980 Yowser/2.5 Safari/537.36"
shop.infinitibizsol.com:443 190.74.27.248 - - [15/Jun/2025:22:36:11 +0000] "POST /wp-admin/update.php?action=upload-plugin HTTP/1.1" 404 61335 "https://shop.infinitibizsol.com/wp-admin/plugin-install.php?tab=upload" "Mozilla/5.0 (iPad; CPU OS 8_2 like Mac OS X) AppleWebKit/600.1.4 (KHTML, like Gecko) GSA/7.0.55539 Mobile/12D508 Safari/600.1.4"
shop.infinitibizsol.com:443 65.109.131.12 - - [15/Jun/2025:22:36:12 +0000] "GET /?p=2440 HTTP/1.1" 404 5 "-" "Mozilla/5.0 (Macintosh; Intel Mac OS X 10_15_7) AppleWebKit/537.36 (KHTML, like Gecko) Chrome/108.0.0.0 YaBrowser/23.1.2.980 Yowser/2.5 Safari/537.36"
shop.infinitibizsol.com:443 65.109.131.12 - - [15/Jun/2025:22:36:14 +0000] "POST /wp-json/wp/v2/posts/2440/autosaves?_locale=user HTTP/1.1" 404 56871 "-" "Mozilla/5.0 (Macintosh; Intel Mac OS X 10_15_7) AppleWebKit/537.36 (KHTML, like Gecko) Chrome/108.0.0.0 YaBrowser/23.1.2.980 Yowser/2.5 Safari/537.36"
shop.infinitibizsol.com:443 190.74.27.248 - - [15/Jun/2025:22:36:16 +0000] "GET /wp-admin/plugins.php HTTP/1.1" 200 53056 "https://shop.infinitibizsol.com" "Mozilla/5.0 (iPad; CPU OS 8_2 like Mac OS X) AppleWebKit/600.1.4 (KHTML, like Gecko) GSA/7.0.55539 Mobile/12D508 Safari/600.1.4"
shop.infinitibizsol.com:443 65.109.131.12 - - [15/Jun/2025:22:36:17 +0000] "POST /index.php?rest_route=/wp/v2/posts/2440&_locale=user HTTP/1.1" 404 59644 "-" "Mozilla/5.0 (Macintosh; Intel Mac OS X 10_15_7) AppleWebKit/537.36 (KHTML, like Gecko) Chrome/108.0.0.0 YaBrowser/23.1.2.980 Yowser/2.5 Safari/537.36"
shop.infinitibizsol.com:443 190.74.27.248 - - [15/Jun/2025:22:36:20 +0000] "GET /wp-admin/plugins.php?action=activate&plugin=wp-processor-quango%2Fwp-processor-quango.php&_wpnonce= HTTP/1.1" 403 2647 "https://shop.infinitibizsol.com" "Mozilla/5.0 (iPad; CPU OS 8_2 like Mac OS X) AppleWebKit/600.1.4 (KHTML, like Gecko) GSA/7.0.55539 Mobile/12D508 Safari/600.1.4"
shop.infinitibizsol.com:443 162.0.223.40 - - [15/Jun/2025:22:36:20 +0000] "POST /wp-cron.php?doing_wp_cron=1750026979.6874349117279052734375 HTTP/1.1" 499 0 "-" "WordPress/6.8.1; https://shop.infinitibizsol.com"
shop.infinitibizsol.com:443 65.109.131.12 - - [15/Jun/2025:22:36:21 +0000] "GET /wp-admin/edit.php HTTP/1.1" 200 148149 "-" "python-requests/2.28.1"
shop.infinitibizsol.com:443 65.109.131.12 - - [15/Jun/2025:22:36:23 +0000] "GET /?p=2440 HTTP/1.1" 404 5 "-" "Mozilla/5.0 (Macintosh; Intel Mac OS X 10_15_7) AppleWebKit/537.36 (KHTML, like Gecko) Chrome/108.0.0.0 YaBrowser/23.1.2.980 Yowser/2.5 Safari/537.36"
shop.infinitibizsol.com:443 190.74.27.248 - - [15/Jun/2025:22:36:24 +0000] "GET /wp-content/plugins/wp-processor-quango/index.php HTTP/1.1" 404 5 "https://shop.infinitibizsol.com" "Mozilla/5.0 (iPad; CPU OS 8_2 like Mac OS X) AppleWebKit/600.1.4 (KHTML, like Gecko) GSA/7.0.55539 Mobile/12D508 Safari/600.1.478941185"
shop.infinitibizsol.com:443 185.34.16.235 - - [15/Jun/2025:22:37:24 +0000] "POST /xmlrpc.php HTTP/1.1" 200 190 "-" "python-requests/2.28.1"
shop.infinitibizsol.com:443 162.0.223.40 - - [15/Jun/2025:22:37:30 +0000] "POST /wp-cron.php?doing_wp_cron=1750027049.0442810058593750000000 HTTP/1.1" 499 0 "-" "WordPress/6.8.1; https://shop.infinitibizsol.com"
shop.infinitibizsol.com:443 185.34.16.235 - - [15/Jun/2025:22:37:30 +0000] "GET /wp-login.php HTTP/1.1" 200 4558 "-" "python-requests/2.28.1"
shop.infinitibizsol.com:443 185.34.16.235 - - [15/Jun/2025:22:37:32 +0000] "POST /wp-login.php HTTP/1.1" 302 5 "-" "python-requests/2.28.1"
shop.infinitibizsol.com:443 185.34.16.235 - - [15/Jun/2025:22:37:33 +0000] "GET /?p=2443 HTTP/1.1" 404 5 "-" "Mozilla/5.0 (Windows NT 6.3; Win64; x64) AppleWebKit/537.36 (KHTML, like Gecko) Chrome/101.0.4951.54 Safari/537.36"
shop.infinitibizsol.com:443 185.34.16.235 - - [15/Jun/2025:22:37:37 +0000] "GET /wp-login.php HTTP/1.1" 200 4552 "-" "Mozilla/5.0 (Macintosh; Intel Mac OS X 10_15_7) AppleWebKit/537.36 (KHTML, like Gecko) Chrome/108.0.0.0 YaBrowser/23.1.2.980 Yowser/2.5 Safari/537.36"
shop.infinitibizsol.com:443 185.34.16.235 - - [15/Jun/2025:22:37:39 +0000] "POST /wp-login.php HTTP/1.1" 302 5 "-" "Mozilla/5.0 (Macintosh; Intel Mac OS X 10_15_7) AppleWebKit/537.36 (KHTML, like Gecko) Chrome/108.0.0.0 YaBrowser/23.1.2.980 Yowser/2.5 Safari/537.36"
shop.infinitibizsol.com:443 185.34.16.235 - - [15/Jun/2025:22:37:41 +0000] "GET /wp-admin/ HTTP/1.1" 200 69604 "-" "Mozilla/5.0 (Macintosh; Intel Mac OS X 10_15_7) AppleWebKit/537.36 (KHTML, like Gecko) Chrome/108.0.0.0 YaBrowser/23.1.2.980 Yowser/2.5 Safari/537.36"
shop.infinitibizsol.com:443 185.34.16.235 - - [15/Jun/2025:22:37:51 +0000] "GET /wp-admin/post-new.php HTTP/1.1" 200 476243 "-" "Mozilla/5.0 (Macintosh; Intel Mac OS X 10_15_7) AppleWebKit/537.36 (KHTML, like Gecko) Chrome/108.0.0.0 YaBrowser/23.1.2.980 Yowser/2.5 Safari/537.36"
shop.infinitibizsol.com:443 185.34.16.235 - - [15/Jun/2025:22:37:57 +0000] "POST /wp-json/wp/v2/categories?_locale=user HTTP/1.1" 400 169 "-" "Mozilla/5.0 (Macintosh; Intel Mac OS X 10_15_7) AppleWebKit/537.36 (KHTML, like Gecko) Chrome/108.0.0.0 YaBrowser/23.1.2.980 Yowser/2.5 Safari/537.36"
shop.infinitibizsol.com:443 185.34.16.235 - - [15/Jun/2025:22:38:00 +0000] "POST /wp-admin/post.php HTTP/1.1" 302 5 "-" "Mozilla/5.0 (Macintosh; Intel Mac OS X 10_15_7) AppleWebKit/537.36 (KHTML, like Gecko) Chrome/108.0.0.0 YaBrowser/23.1.2.980 Yowser/2.5 Safari/537.36"
shop.infinitibizsol.com:443 162.0.223.40 - - [15/Jun/2025:22:38:03 +0000] "POST /wp-cron.php?doing_wp_cron=1750027082.5870199203491210937500 HTTP/1.1" 499 0 "-" "WordPress/6.8.1; https://shop.infinitibizsol.com"
shop.infinitibizsol.com:443 185.34.16.235 - - [15/Jun/2025:22:38:05 +0000] "GET /wp-admin/post.php?post=2445&action=edit&message=1 HTTP/1.1" 200 545125 "-" "Mozilla/5.0 (Macintosh; Intel Mac OS X 10_15_7) AppleWebKit/537.36 (KHTML, like Gecko) Chrome/108.0.0.0 YaBrowser/23.1.2.980 Yowser/2.5 Safari/537.36"
shop.infinitibizsol.com:443 185.34.16.235 - - [15/Jun/2025:22:38:10 +0000] "GET /?p=2445 HTTP/1.1" 404 5 "-" "Mozilla/5.0 (Macintosh; Intel Mac OS X 10_15_7) AppleWebKit/537.36 (KHTML, like Gecko) Chrome/108.0.0.0 YaBrowser/23.1.2.980 Yowser/2.5 Safari/537.36"
shop.infinitibizsol.com:443 185.34.16.235 - - [15/Jun/2025:22:38:12 +0000] "POST /wp-json/wp/v2/posts/2445/autosaves?_locale=user HTTP/1.1" 404 68026 "-" "Mozilla/5.0 (Macintosh; Intel Mac OS X 10_15_7) AppleWebKit/537.36 (KHTML, like Gecko) Chrome/108.0.0.0 YaBrowser/23.1.2.980 Yowser/2.5 Safari/537.36"
shop.infinitibizsol.com:443 185.34.16.235 - - [15/Jun/2025:22:38:15 +0000] "POST /index.php?rest_route=/wp/v2/posts/2445&_locale=user HTTP/1.1" 404 70878 "-" "Mozilla/5.0 (Macintosh; Intel Mac OS X 10_15_7) AppleWebKit/537.36 (KHTML, like Gecko) Chrome/108.0.0.0 YaBrowser/23.1.2.980 Yowser/2.5 Safari/537.36"
shop.infinitibizsol.com:443 162.0.223.40 - - [15/Jun/2025:22:38:19 +0000] "POST /wp-cron.php?doing_wp_cron=1750027098.4849479198455810546875 HTTP/1.1" 499 0 "-" "WordPress/6.8.1; https://shop.infinitibizsol.com"
shop.infinitibizsol.com:443 185.34.16.235 - - [15/Jun/2025:22:38:19 +0000] "GET /wp-admin/edit.php HTTP/1.1" 200 147111 "-" "python-requests/2.28.1"
shop.infinitibizsol.com:443 185.34.16.235 - - [15/Jun/2025:22:38:22 +0000] "GET /?p=2445 HTTP/1.1" 404 5 "-" "Mozilla/5.0 (Macintosh; Intel Mac OS X 10_15_7) AppleWebKit/537.36 (KHTML, like Gecko) Chrome/108.0.0.0 YaBrowser/23.1.2.980 Yowser/2.5 Safari/537.36"
shop.infinitibizsol.com:443 45.227.253.15 - - [15/Jun/2025:22:39:01 +0000] "GET /index.php/jk HTTP/1.1" 200 54 "-" "Mozilla/5.0 (Windows NT 6.2; Win64; x64) AppleWebKit/537.36 (KHTML, like Gecko) Chrome/86.0.4240.111 Safari/537.36"
shop.infinitibizsol.com:443 45.200.53.190 - - [15/Jun/2025:22:41:20 +0000] "POST /xmlrpc.php HTTP/1.1" 200 190 "-" "python-requests/2.28.1"
shop.infinitibizsol.com:443 162.0.223.40 - - [15/Jun/2025:22:41:38 +0000] "POST /wp-cron.php?doing_wp_cron=1750027296.9745900630950927734375 HTTP/1.1" 499 0 "-" "WordPress/6.8.1; https://shop.infinitibizsol.com"
shop.infinitibizsol.com:443 45.200.53.190 - - [15/Jun/2025:22:41:38 +0000] "GET /wp-login.php HTTP/1.1" 200 4552 "-" "python-requests/2.28.1"
shop.infinitibizsol.com:443 135.181.19.84 - - [15/Jun/2025:22:41:39 +0000] "POST /xmlrpc.php HTTP/1.1" 408 0 "-" "python-requests/2.28.1"
shop.infinitibizsol.com:443 135.181.19.84 - - [15/Jun/2025:22:41:41 +0000] "GET /wp-login.php HTTP/1.1" 200 4558 "-" "Mozilla/5.0 (Macintosh; Intel Mac OS X 10_15_7) AppleWebKit/537.36 (KHTML, like Gecko) Chrome/108.0.0.0 YaBrowser/23.1.2.980 Yowser/2.5 Safari/537.36"
shop.infinitibizsol.com:443 45.200.53.190 - - [15/Jun/2025:22:41:43 +0000] "POST /wp-login.php HTTP/1.1" 302 5 "-" "python-requests/2.28.1"
shop.infinitibizsol.com:443 135.181.19.84 - - [15/Jun/2025:22:41:43 +0000] "POST /wp-login.php HTTP/1.1" 302 5 "-" "Mozilla/5.0 (Macintosh; Intel Mac OS X 10_15_7) AppleWebKit/537.36 (KHTML, like Gecko) Chrome/108.0.0.0 YaBrowser/23.1.2.980 Yowser/2.5 Safari/537.36"
shop.infinitibizsol.com:443 135.181.19.84 - - [15/Jun/2025:22:41:46 +0000] "GET /wp-admin/ HTTP/1.1" 200 69398 "-" "Mozilla/5.0 (Macintosh; Intel Mac OS X 10_15_7) AppleWebKit/537.36 (KHTML, like Gecko) Chrome/108.0.0.0 YaBrowser/23.1.2.980 Yowser/2.5 Safari/537.36"
shop.infinitibizsol.com:443 45.200.53.190 - - [15/Jun/2025:22:41:46 +0000] "GET /?p=2448 HTTP/1.1" 404 5 "-" "Mozilla/5.0 (Windows NT 6.3; Win64; x64) AppleWebKit/537.36 (KHTML, like Gecko) Chrome/101.0.4951.54 Safari/537.36"
shop.infinitibizsol.com:443 135.181.19.84 - - [15/Jun/2025:22:41:49 +0000] "GET /wp-admin/post-new.php HTTP/1.1" 200 476230 "-" "Mozilla/5.0 (Macintosh; Intel Mac OS X 10_15_7) AppleWebKit/537.36 (KHTML, like Gecko) Chrome/108.0.0.0 YaBrowser/23.1.2.980 Yowser/2.5 Safari/537.36"
shop.infinitibizsol.com:443 135.181.19.84 - - [15/Jun/2025:22:41:52 +0000] "POST /wp-json/wp/v2/categories?_locale=user HTTP/1.1" 400 169 "-" "Mozilla/5.0 (Macintosh; Intel Mac OS X 10_15_7) AppleWebKit/537.36 (KHTML, like Gecko) Chrome/108.0.0.0 YaBrowser/23.1.2.980 Yowser/2.5 Safari/537.36"
shop.infinitibizsol.com:443 135.181.19.84 - - [15/Jun/2025:22:41:54 +0000] "POST /wp-admin/post.php HTTP/1.1" 302 5 "-" "Mozilla/5.0 (Macintosh; Intel Mac OS X 10_15_7) AppleWebKit/537.36 (KHTML, like Gecko) Chrome/108.0.0.0 YaBrowser/23.1.2.980 Yowser/2.5 Safari/537.36"
shop.infinitibizsol.com:443 162.0.223.40 - - [15/Jun/2025:22:41:57 +0000] "POST /wp-cron.php?doing_wp_cron=1750027316.6166079044342041015625 HTTP/1.1" 499 0 "-" "WordPress/6.8.1; https://shop.infinitibizsol.com"
shop.infinitibizsol.com:443 135.181.19.84 - - [15/Jun/2025:22:41:58 +0000] "GET /wp-admin/post.php?post=2450&action=edit&message=1 HTTP/1.1" 200 542650 "-" "Mozilla/5.0 (Macintosh; Intel Mac OS X 10_15_7) AppleWebKit/537.36 (KHTML, like Gecko) Chrome/108.0.0.0 YaBrowser/23.1.2.980 Yowser/2.5 Safari/537.36"
shop.infinitibizsol.com:443 135.181.19.84 - - [15/Jun/2025:22:42:01 +0000] "GET /?p=2450 HTTP/1.1" 404 5 "-" "Mozilla/5.0 (Macintosh; Intel Mac OS X 10_15_7) AppleWebKit/537.36 (KHTML, like Gecko) Chrome/108.0.0.0 YaBrowser/23.1.2.980 Yowser/2.5 Safari/537.36"
shop.infinitibizsol.com:443 135.181.19.84 - - [15/Jun/2025:22:42:04 +0000] "POST /wp-json/wp/v2/posts/2450/autosaves?_locale=user HTTP/1.1" 404 65751 "-" "Mozilla/5.0 (Macintosh; Intel Mac OS X 10_15_7) AppleWebKit/537.36 (KHTML, like Gecko) Chrome/108.0.0.0 YaBrowser/23.1.2.980 Yowser/2.5 Safari/537.36"
shop.infinitibizsol.com:443 135.181.19.84 - - [15/Jun/2025:22:42:06 +0000] "POST /index.php?rest_route=/wp/v2/posts/2450&_locale=user HTTP/1.1" 404 68566 "-" "Mozilla/5.0 (Macintosh; Intel Mac OS X 10_15_7) AppleWebKit/537.36 (KHTML, like Gecko) Chrome/108.0.0.0 YaBrowser/23.1.2.980 Yowser/2.5 Safari/537.36"
shop.infinitibizsol.com:443 45.200.53.190 - - [15/Jun/2025:22:42:09 +0000] "GET /wp-login.php HTTP/1.1" 200 4558 "-" "Mozilla/5.0 (Macintosh; Intel Mac OS X 10_15_7) AppleWebKit/537.36 (KHTML, like Gecko) Chrome/108.0.0.0 YaBrowser/23.1.2.980 Yowser/2.5 Safari/537.36"
shop.infinitibizsol.com:443 162.0.223.40 - - [15/Jun/2025:22:42:09 +0000] "POST /wp-cron.php?doing_wp_cron=1750027328.8943190574645996093750 HTTP/1.1" 499 0 "-" "WordPress/6.8.1; https://shop.infinitibizsol.com"
shop.infinitibizsol.com:443 135.181.19.84 - - [15/Jun/2025:22:42:10 +0000] "GET /wp-admin/edit.php HTTP/1.1" 200 147853 "-" "python-requests/2.28.1"
shop.infinitibizsol.com:443 135.181.19.84 - - [15/Jun/2025:22:42:12 +0000] "GET /?p=2450 HTTP/1.1" 404 5 "-" "Mozilla/5.0 (Macintosh; Intel Mac OS X 10_15_7) AppleWebKit/537.36 (KHTML, like Gecko) Chrome/108.0.0.0 YaBrowser/23.1.2.980 Yowser/2.5 Safari/537.36"
shop.infinitibizsol.com:443 45.200.53.190 - - [15/Jun/2025:22:42:13 +0000] "POST /wp-login.php HTTP/1.1" 302 5 "-" "Mozilla/5.0 (Macintosh; Intel Mac OS X 10_15_7) AppleWebKit/537.36 (KHTML, like Gecko) Chrome/108.0.0.0 YaBrowser/23.1.2.980 Yowser/2.5 Safari/537.36"
shop.infinitibizsol.com:443 45.200.53.190 - - [15/Jun/2025:22:42:16 +0000] "GET /wp-admin/ HTTP/1.1" 200 69439 "-" "Mozilla/5.0 (Macintosh; Intel Mac OS X 10_15_7) AppleWebKit/537.36 (KHTML, like Gecko) Chrome/108.0.0.0 YaBrowser/23.1.2.980 Yowser/2.5 Safari/537.36"
shop.infinitibizsol.com:443 92.205.15.165 - - [15/Jun/2025:22:43:04 +0000] "GET /wp-login.php HTTP/1.1" 200 4610 "-" "Mozilla/5.0 (Macintosh; Intel Mac OS X 10_15_7) AppleWebKit/537.36 (KHTML, like Gecko) Chrome/108.0.0.0 YaBrowser/23.1.2.980 Yowser/2.5 Safari/537.36"
shop.infinitibizsol.com:443 92.205.15.165 - - [15/Jun/2025:22:43:06 +0000] "POST /wp-login.php HTTP/1.1" 302 5 "-" "Mozilla/5.0 (Macintosh; Intel Mac OS X 10_15_7) AppleWebKit/537.36 (KHTML, like Gecko) Chrome/108.0.0.0 YaBrowser/23.1.2.980 Yowser/2.5 Safari/537.36"
shop.infinitibizsol.com:443 92.205.15.165 - - [15/Jun/2025:22:43:08 +0000] "GET /wp-admin/ HTTP/1.1" 200 69384 "-" "Mozilla/5.0 (Macintosh; Intel Mac OS X 10_15_7) AppleWebKit/537.36 (KHTML, like Gecko) Chrome/108.0.0.0 YaBrowser/23.1.2.980 Yowser/2.5 Safari/537.36"
shop.infinitibizsol.com:443 92.205.15.165 - - [15/Jun/2025:22:43:11 +0000] "GET /wp-admin/post-new.php HTTP/1.1" 200 476562 "-" "Mozilla/5.0 (Macintosh; Intel Mac OS X 10_15_7) AppleWebKit/537.36 (KHTML, like Gecko) Chrome/108.0.0.0 YaBrowser/23.1.2.980 Yowser/2.5 Safari/537.36"
shop.infinitibizsol.com:443 92.205.15.165 - - [15/Jun/2025:22:43:15 +0000] "POST /wp-json/wp/v2/categories?_locale=user HTTP/1.1" 400 169 "-" "Mozilla/5.0 (Macintosh; Intel Mac OS X 10_15_7) AppleWebKit/537.36 (KHTML, like Gecko) Chrome/108.0.0.0 YaBrowser/23.1.2.980 Yowser/2.5 Safari/537.36"
shop.infinitibizsol.com:443 92.205.15.165 - - [15/Jun/2025:22:43:17 +0000] "POST /wp-admin/post.php HTTP/1.1" 302 5 "-" "Mozilla/5.0 (Macintosh; Intel Mac OS X 10_15_7) AppleWebKit/537.36 (KHTML, like Gecko) Chrome/108.0.0.0 YaBrowser/23.1.2.980 Yowser/2.5 Safari/537.36"
shop.infinitibizsol.com:443 162.0.223.40 - - [15/Jun/2025:22:43:20 +0000] "POST /wp-cron.php?doing_wp_cron=1750027399.2387759685516357421875 HTTP/1.1" 499 0 "-" "WordPress/6.8.1; https://shop.infinitibizsol.com"
shop.infinitibizsol.com:443 92.205.15.165 - - [15/Jun/2025:22:43:21 +0000] "GET /wp-admin/post.php?post=2453&action=edit&message=1 HTTP/1.1" 200 522467 "-" "Mozilla/5.0 (Macintosh; Intel Mac OS X 10_15_7) AppleWebKit/537.36 (KHTML, like Gecko) Chrome/108.0.0.0 YaBrowser/23.1.2.980 Yowser/2.5 Safari/537.36"
shop.infinitibizsol.com:443 92.205.15.165 - - [15/Jun/2025:22:43:25 +0000] "GET /?p=2453 HTTP/1.1" 404 5 "-" "Mozilla/5.0 (Macintosh; Intel Mac OS X 10_15_7) AppleWebKit/537.36 (KHTML, like Gecko) Chrome/108.0.0.0 YaBrowser/23.1.2.980 Yowser/2.5 Safari/537.36"
shop.infinitibizsol.com:443 92.205.15.165 - - [15/Jun/2025:22:43:27 +0000] "POST /wp-json/wp/v2/posts/2453/autosaves?_locale=user HTTP/1.1" 404 42251 "-" "Mozilla/5.0 (Macintosh; Intel Mac OS X 10_15_7) AppleWebKit/537.36 (KHTML, like Gecko) Chrome/108.0.0.0 YaBrowser/23.1.2.980 Yowser/2.5 Safari/537.36"
shop.infinitibizsol.com:443 92.205.15.165 - - [15/Jun/2025:22:43:29 +0000] "POST /index.php?rest_route=/wp/v2/posts/2453&_locale=user HTTP/1.1" 404 46850 "-" "Mozilla/5.0 (Macintosh; Intel Mac OS X 10_15_7) AppleWebKit/537.36 (KHTML, like Gecko) Chrome/108.0.0.0 YaBrowser/23.1.2.980 Yowser/2.5 Safari/537.36"
shop.infinitibizsol.com:443 45.236.162.215 - - [15/Jun/2025:22:43:33 +0000] "POST /xmlrpc.php HTTP/1.1" 200 190 "-" "python-requests/2.28.1"
shop.infinitibizsol.com:443 162.0.223.40 - - [15/Jun/2025:22:43:33 +0000] "POST /wp-cron.php?doing_wp_cron=1750027412.2821071147918701171875 HTTP/1.1" 499 0 "-" "WordPress/6.8.1; https://shop.infinitibizsol.com"
shop.infinitibizsol.com:443 92.205.15.165 - - [15/Jun/2025:22:43:33 +0000] "GET /wp-admin/edit.php HTTP/1.1" 200 148114 "-" "python-requests/2.28.1"
shop.infinitibizsol.com:443 116.212.147.162 - - [15/Jun/2025:22:43:33 +0000] "POST /xmlrpc.php HTTP/1.1" 200 190 "-" "python-requests/2.28.1"
shop.infinitibizsol.com:443 92.205.15.165 - - [15/Jun/2025:22:43:35 +0000] "GET /?p=2453 HTTP/1.1" 404 5 "-" "Mozilla/5.0 (Macintosh; Intel Mac OS X 10_15_7) AppleWebKit/537.36 (KHTML, like Gecko) Chrome/108.0.0.0 YaBrowser/23.1.2.980 Yowser/2.5 Safari/537.36"
shop.infinitibizsol.com:443 116.212.147.162 - - [15/Jun/2025:22:43:37 +0000] "GET /wp-login.php HTTP/1.1" 200 4546 "-" "python-requests/2.28.1"
shop.infinitibizsol.com:443 116.212.147.162 - - [15/Jun/2025:22:43:39 +0000] "POST /wp-login.php HTTP/1.1" 302 5 "-" "python-requests/2.28.1"
shop.infinitibizsol.com:443 116.212.147.162 - - [15/Jun/2025:22:43:41 +0000] "GET /?p=2458 HTTP/1.1" 404 5 "-" "Mozilla/5.0 (Windows NT 6.3; Win64; x64) AppleWebKit/537.36 (KHTML, like Gecko) Chrome/101.0.4951.54 Safari/537.36"
shop.infinitibizsol.com:443 45.236.162.215 - - [15/Jun/2025:22:43:43 +0000] "GET /wp-login.php HTTP/1.1" 200 4546 "-" "python-requests/2.28.1"
shop.infinitibizsol.com:443 116.212.147.162 - - [15/Jun/2025:22:43:45 +0000] "GET /wp-login.php HTTP/1.1" 200 4552 "-" "Mozilla/5.0 (Macintosh; Intel Mac OS X 10_15_7) AppleWebKit/537.36 (KHTML, like Gecko) Chrome/108.0.0.0 YaBrowser/23.1.2.980 Yowser/2.5 Safari/537.36"
shop.infinitibizsol.com:443 45.236.162.215 - - [15/Jun/2025:22:43:46 +0000] "POST /wp-login.php HTTP/1.1" 302 5 "-" "python-requests/2.28.1"
shop.infinitibizsol.com:443 116.212.147.162 - - [15/Jun/2025:22:43:47 +0000] "POST /wp-login.php HTTP/1.1" 302 5 "-" "Mozilla/5.0 (Macintosh; Intel Mac OS X 10_15_7) AppleWebKit/537.36 (KHTML, like Gecko) Chrome/108.0.0.0 YaBrowser/23.1.2.980 Yowser/2.5 Safari/537.36"
shop.infinitibizsol.com:443 45.236.162.215 - - [15/Jun/2025:22:43:49 +0000] "GET /?p=2456 HTTP/1.1" 404 5 "-" "Mozilla/5.0 (Windows NT 6.3; Win64; x64) AppleWebKit/537.36 (KHTML, like Gecko) Chrome/101.0.4951.54 Safari/537.36"
shop.infinitibizsol.com:443 43.231.115.89 - - [15/Jun/2025:22:43:49 +0000] "POST /xmlrpc.php HTTP/1.1" 200 190 "-" "python-requests/2.28.1"
shop.infinitibizsol.com:443 116.212.147.162 - - [15/Jun/2025:22:43:50 +0000] "GET /wp-admin/ HTTP/1.1" 200 69460 "-" "Mozilla/5.0 (Macintosh; Intel Mac OS X 10_15_7) AppleWebKit/537.36 (KHTML, like Gecko) Chrome/108.0.0.0 YaBrowser/23.1.2.980 Yowser/2.5 Safari/537.36"
shop.infinitibizsol.com:443 162.0.223.40 - - [15/Jun/2025:22:43:53 +0000] "POST /wp-cron.php?doing_wp_cron=1750027432.3677310943603515625000 HTTP/1.1" 499 0 "-" "WordPress/6.8.1; https://shop.infinitibizsol.com"
shop.infinitibizsol.com:443 43.231.115.89 - - [15/Jun/2025:22:43:53 +0000] "GET /wp-login.php HTTP/1.1" 200 4546 "-" "python-requests/2.28.1"
shop.infinitibizsol.com:443 43.231.115.89 - - [15/Jun/2025:22:43:56 +0000] "POST /wp-login.php HTTP/1.1" 302 5 "-" "python-requests/2.28.1"
shop.infinitibizsol.com:443 45.236.162.215 - - [15/Jun/2025:22:43:56 +0000] "GET /wp-login.php HTTP/1.1" 200 4558 "-" "Mozilla/5.0 (Macintosh; Intel Mac OS X 10_15_7) AppleWebKit/537.36 (KHTML, like Gecko) Chrome/108.0.0.0 YaBrowser/23.1.2.980 Yowser/2.5 Safari/537.36"
shop.infinitibizsol.com:443 116.212.147.162 - - [15/Jun/2025:22:43:57 +0000] "GET /wp-admin/post-new.php HTTP/1.1" 200 476848 "-" "Mozilla/5.0 (Macintosh; Intel Mac OS X 10_15_7) AppleWebKit/537.36 (KHTML, like Gecko) Chrome/108.0.0.0 YaBrowser/23.1.2.980 Yowser/2.5 Safari/537.36"
shop.infinitibizsol.com:443 43.231.115.89 - - [15/Jun/2025:22:43:58 +0000] "GET /?p=2460 HTTP/1.1" 404 5 "-" "Mozilla/5.0 (Windows NT 6.3; Win64; x64) AppleWebKit/537.36 (KHTML, like Gecko) Chrome/101.0.4951.54 Safari/537.36"
shop.infinitibizsol.com:443 45.236.162.215 - - [15/Jun/2025:22:43:59 +0000] "POST /wp-login.php HTTP/1.1" 302 5 "-" "Mozilla/5.0 (Macintosh; Intel Mac OS X 10_15_7) AppleWebKit/537.36 (KHTML, like Gecko) Chrome/108.0.0.0 YaBrowser/23.1.2.980 Yowser/2.5 Safari/537.36"
shop.infinitibizsol.com:443 43.231.115.89 - - [15/Jun/2025:22:44:01 +0000] "GET /wp-login.php HTTP/1.1" 200 4571 "-" "Mozilla/5.0 (Macintosh; Intel Mac OS X 10_15_7) AppleWebKit/537.36 (KHTML, like Gecko) Chrome/108.0.0.0 YaBrowser/23.1.2.980 Yowser/2.5 Safari/537.36"
