shop.infinitibizsol.com:443 84.17.52.148 - - [14/Jun/2025:20:06:18 +0000] "POST /xmlrpc.php HTTP/1.1" 200 14027 "-" "Mozilla/5.0 (Windows NT 6.1; Win64; x64) AppleWebKit/537.36 (KHTML, like Gecko) Chrome/80.0.3987.149 Safari/537.36"
shop.infinitibizsol.com:443 84.17.52.148 - - [14/Jun/2025:20:06:22 +0000] "POST /xmlrpc.php HTTP/1.1" 200 190 "-" "Mozilla/5.0 (Windows NT 6.1; Win64; x64) AppleWebKit/537.36 (KHTML, like Gecko) Chrome/80.0.3987.149 Safari/537.36"
shop.infinitibizsol.com:443 162.0.223.40 - - [14/Jun/2025:20:06:25 +0000] "POST /wp-cron.php?doing_wp_cron=1749931584.6920950412750244140625 HTTP/1.1" 499 0 "-" "WordPress/6.8.1; https://shop.infinitibizsol.com"
shop.infinitibizsol.com:443 84.17.52.148 - - [14/Jun/2025:20:06:26 +0000] "POST /xmlrpc.php HTTP/1.1" 200 15400 "-" "Mozilla/5.0 (Windows NT 6.1; Win64; x64) AppleWebKit/537.36 (KHTML, like Gecko) Chrome/80.0.3987.149 Safari/537.36"
shop.infinitibizsol.com:443 84.17.52.153 - - [14/Jun/2025:20:07:41 +0000] "POST /xmlrpc.php HTTP/1.1" 200 14027 "-" "Mozilla/5.0 (Windows NT 6.1; Win64; x64) AppleWebKit/537.36 (KHTML, like Gecko) Chrome/80.0.3987.149 Safari/537.36"
shop.infinitibizsol.com:443 84.17.52.153 - - [14/Jun/2025:20:07:44 +0000] "POST /xmlrpc.php HTTP/1.1" 200 190 "-" "Mozilla/5.0 (Windows NT 6.1; Win64; x64) AppleWebKit/537.36 (KHTML, like Gecko) Chrome/80.0.3987.149 Safari/537.36"
shop.infinitibizsol.com:443 162.0.223.40 - - [14/Jun/2025:20:07:47 +0000] "POST /wp-cron.php?doing_wp_cron=1749931666.2964689731597900390625 HTTP/1.1" 499 0 "-" "WordPress/6.8.1; https://shop.infinitibizsol.com"
shop.infinitibizsol.com:443 84.17.52.153 - - [14/Jun/2025:20:07:47 +0000] "POST /xmlrpc.php HTTP/1.1" 200 15118 "-" "Mozilla/5.0 (Windows NT 6.1; Win64; x64) AppleWebKit/537.36 (KHTML, like Gecko) Chrome/80.0.3987.149 Safari/537.36"
shop.infinitibizsol.com:443 84.17.52.153 - - [14/Jun/2025:20:09:22 +0000] "POST /xmlrpc.php HTTP/1.1" 200 14027 "-" "Mozilla/5.0 (Windows NT 10.0; Win64; x64) AppleWebKit/537.36 (KHTML, like Gecko) Chrome/80.0.3987.132 Safari/537.36"
shop.infinitibizsol.com:443 84.17.52.153 - - [14/Jun/2025:20:09:25 +0000] "POST /xmlrpc.php HTTP/1.1" 200 190 "-" "Mozilla/5.0 (Windows NT 10.0; Win64; x64) AppleWebKit/537.36 (KHTML, like Gecko) Chrome/80.0.3987.132 Safari/537.36"
shop.infinitibizsol.com:443 162.0.223.40 - - [14/Jun/2025:20:09:28 +0000] "POST /wp-cron.php?doing_wp_cron=1749931767.6085228919982910156250 HTTP/1.1" 499 0 "-" "WordPress/6.8.1; https://shop.infinitibizsol.com"
shop.infinitibizsol.com:443 84.17.52.153 - - [14/Jun/2025:20:09:29 +0000] "POST /xmlrpc.php HTTP/1.1" 200 19073 "-" "Mozilla/5.0 (Windows NT 10.0; Win64; x64) AppleWebKit/537.36 (KHTML, like Gecko) Chrome/80.0.3987.132 Safari/537.36"
shop.infinitibizsol.com:443 45.227.253.15 - - [14/Jun/2025:20:57:12 +0000] "GET /index.php/jk HTTP/1.1" 200 54 "-" "Mozilla/5.0 (Windows NT 10.0; Win64; x64; rv:83.0) Gecko/20100101 Firefox/83.0"
shop.infinitibizsol.com:443 162.0.223.40 - - [14/Jun/2025:21:42:43 +0000] "POST /wp-cron.php?doing_wp_cron=1749937362.6707999706268310546875 HTTP/1.1" 499 0 "-" "WordPress/6.8.1; https://shop.infinitibizsol.com"
shop.infinitibizsol.com:443 84.17.52.152 - - [14/Jun/2025:21:42:44 +0000] "POST /xmlrpc.php HTTP/1.1" 200 14027 "-" "Mozilla/5.0 (Windows NT 10.0; Win64; x64) AppleWebKit/537.36 (KHTML, like Gecko) Chrome/114.0.0.0 Safari/537.36 OPR/89.0.4447.51"
shop.infinitibizsol.com:443 84.17.52.152 - - [14/Jun/2025:21:42:47 +0000] "POST /xmlrpc.php HTTP/1.1" 200 190 "-" "Mozilla/5.0 (Windows NT 10.0; Win64; x64) AppleWebKit/537.36 (KHTML, like Gecko) Chrome/114.0.0.0 Safari/537.36 OPR/89.0.4447.51"
shop.infinitibizsol.com:443 162.0.223.40 - - [14/Jun/2025:21:42:50 +0000] "POST /wp-cron.php?doing_wp_cron=1749937368.9791119098663330078125 HTTP/1.1" 499 0 "-" "WordPress/6.8.1; https://shop.infinitibizsol.com"
shop.infinitibizsol.com:443 84.17.52.152 - - [14/Jun/2025:21:42:50 +0000] "POST /xmlrpc.php HTTP/1.1" 200 15604 "-" "Mozilla/5.0 (Windows NT 10.0; Win64; x64) AppleWebKit/537.36 (KHTML, like Gecko) Chrome/114.0.0.0 Safari/537.36 OPR/89.0.4447.51"
shop.infinitibizsol.com:443 84.17.52.165 - - [14/Jun/2025:21:45:47 +0000] "POST /xmlrpc.php HTTP/1.1" 200 14027 "-" "Mozilla/5.0 (Windows NT 10.0; Win64; x64) AppleWebKit/537.36 (KHTML, like Gecko) Chrome/114.0.0.0 Safari/537.36 Vivaldi/5.3.2679.68"
shop.infinitibizsol.com:443 84.17.52.165 - - [14/Jun/2025:21:45:50 +0000] "POST /xmlrpc.php HTTP/1.1" 200 190 "-" "Mozilla/5.0 (Windows NT 10.0; Win64; x64) AppleWebKit/537.36 (KHTML, like Gecko) Chrome/114.0.0.0 Safari/537.36 Vivaldi/5.3.2679.68"
shop.infinitibizsol.com:443 162.0.223.40 - - [14/Jun/2025:21:45:53 +0000] "POST /wp-cron.php?doing_wp_cron=1749937552.5137178897857666015625 HTTP/1.1" 499 0 "-" "WordPress/6.8.1; https://shop.infinitibizsol.com"
shop.infinitibizsol.com:443 84.17.52.165 - - [14/Jun/2025:21:45:53 +0000] "POST /xmlrpc.php HTTP/1.1" 200 18242 "-" "Mozilla/5.0 (Windows NT 10.0; Win64; x64) AppleWebKit/537.36 (KHTML, like Gecko) Chrome/114.0.0.0 Safari/537.36 Vivaldi/5.3.2679.68"
shop.infinitibizsol.com:443 162.0.223.40 - - [14/Jun/2025:22:29:37 +0000] "POST /wp-cron.php?doing_wp_cron=1749940176.3421161174774169921875 HTTP/1.1" 499 0 "-" "WordPress/6.8.1; https://shop.infinitibizsol.com"
shop.infinitibizsol.com:443 202.52.15.242 - - [14/Jun/2025:22:29:38 +0000] "POST /xmlrpc.php HTTP/1.1" 200 190 "-" "python-requests/2.28.1"
shop.infinitibizsol.com:443 162.0.223.40 - - [14/Jun/2025:22:29:51 +0000] "POST /wp-cron.php?doing_wp_cron=1749940190.3262219429016113281250 HTTP/1.1" 499 0 "-" "WordPress/6.8.1; https://shop.infinitibizsol.com"
shop.infinitibizsol.com:443 202.52.15.242 - - [14/Jun/2025:22:29:51 +0000] "GET /wp-login.php HTTP/1.1" 200 4558 "-" "python-requests/2.28.1"
shop.infinitibizsol.com:443 202.52.15.242 - - [14/Jun/2025:22:29:55 +0000] "POST /wp-login.php HTTP/1.1" 302 5 "-" "python-requests/2.28.1"
shop.infinitibizsol.com:443 202.52.15.242 - - [14/Jun/2025:22:29:58 +0000] "GET /?p=2275 HTTP/1.1" 404 5 "-" "Mozilla/5.0 (Windows NT 6.3; Win64; x64) AppleWebKit/537.36 (KHTML, like Gecko) Chrome/101.0.4951.54 Safari/537.36"
shop.infinitibizsol.com:443 202.52.15.242 - - [14/Jun/2025:22:30:08 +0000] "GET /wp-login.php HTTP/1.1" 200 4546 "-" "Mozilla/5.0 (Macintosh; Intel Mac OS X 10_15_7) AppleWebKit/537.36 (KHTML, like Gecko) Chrome/108.0.0.0 YaBrowser/23.1.2.980 Yowser/2.5 Safari/537.36"
shop.infinitibizsol.com:443 202.52.15.242 - - [14/Jun/2025:22:30:15 +0000] "POST /wp-login.php HTTP/1.1" 302 5 "-" "Mozilla/5.0 (Macintosh; Intel Mac OS X 10_15_7) AppleWebKit/537.36 (KHTML, like Gecko) Chrome/108.0.0.0 YaBrowser/23.1.2.980 Yowser/2.5 Safari/537.36"
shop.infinitibizsol.com:443 202.52.15.242 - - [14/Jun/2025:22:30:19 +0000] "GET /wp-admin/ HTTP/1.1" 200 69010 "-" "Mozilla/5.0 (Macintosh; Intel Mac OS X 10_15_7) AppleWebKit/537.36 (KHTML, like Gecko) Chrome/108.0.0.0 YaBrowser/23.1.2.980 Yowser/2.5 Safari/537.36"
shop.infinitibizsol.com:443 89.18.44.6 - - [14/Jun/2025:22:30:33 +0000] "GET /wp-login.php HTTP/1.1" 200 4590 "-" "Mozilla/5.0 (Macintosh; Intel Mac OS X 10_15_7) AppleWebKit/537.36 (KHTML, like Gecko) Chrome/108.0.0.0 YaBrowser/23.1.2.980 Yowser/2.5 Safari/537.36"
shop.infinitibizsol.com:443 89.18.44.6 - - [14/Jun/2025:22:30:35 +0000] "POST /wp-login.php HTTP/1.1" 302 5 "-" "Mozilla/5.0 (Macintosh; Intel Mac OS X 10_15_7) AppleWebKit/537.36 (KHTML, like Gecko) Chrome/108.0.0.0 YaBrowser/23.1.2.980 Yowser/2.5 Safari/537.36"
shop.infinitibizsol.com:443 89.18.44.6 - - [14/Jun/2025:22:30:37 +0000] "GET /wp-admin/ HTTP/1.1" 200 68981 "-" "Mozilla/5.0 (Macintosh; Intel Mac OS X 10_15_7) AppleWebKit/537.36 (KHTML, like Gecko) Chrome/108.0.0.0 YaBrowser/23.1.2.980 Yowser/2.5 Safari/537.36"
shop.infinitibizsol.com:443 45.200.54.176 - - [14/Jun/2025:22:31:11 +0000] "GET /wp-login.php HTTP/1.1" 200 4552 "-" "Mozilla/5.0 (Macintosh; Intel Mac OS X 10_15_7) AppleWebKit/537.36 (KHTML, like Gecko) Chrome/108.0.0.0 YaBrowser/23.1.2.980 Yowser/2.5 Safari/537.36"
shop.infinitibizsol.com:443 45.200.54.176 - - [14/Jun/2025:22:31:23 +0000] "POST /wp-login.php HTTP/1.1" 302 5 "-" "Mozilla/5.0 (Macintosh; Intel Mac OS X 10_15_7) AppleWebKit/537.36 (KHTML, like Gecko) Chrome/108.0.0.0 YaBrowser/23.1.2.980 Yowser/2.5 Safari/537.36"
shop.infinitibizsol.com:443 89.18.44.6 - - [14/Jun/2025:22:31:26 +0000] "GET /wp-admin/post-new.php HTTP/1.1" 200 476345 "-" "Mozilla/5.0 (Macintosh; Intel Mac OS X 10_15_7) AppleWebKit/537.36 (KHTML, like Gecko) Chrome/108.0.0.0 YaBrowser/23.1.2.980 Yowser/2.5 Safari/537.36"
shop.infinitibizsol.com:443 45.200.54.176 - - [14/Jun/2025:22:31:27 +0000] "GET /wp-admin/ HTTP/1.1" 200 69055 "-" "Mozilla/5.0 (Macintosh; Intel Mac OS X 10_15_7) AppleWebKit/537.36 (KHTML, like Gecko) Chrome/108.0.0.0 YaBrowser/23.1.2.980 Yowser/2.5 Safari/537.36"
shop.infinitibizsol.com:443 202.62.37.24 - - [14/Jun/2025:22:31:54 +0000] "GET /wp-login.php HTTP/1.1" 200 4552 "-" "Mozilla/5.0 (Macintosh; Intel Mac OS X 10_15_7) AppleWebKit/537.36 (KHTML, like Gecko) Chrome/108.0.0.0 YaBrowser/23.1.2.980 Yowser/2.5 Safari/537.36"
shop.infinitibizsol.com:443 202.62.37.24 - - [14/Jun/2025:22:32:02 +0000] "POST /wp-login.php HTTP/1.1" 302 5 "-" "Mozilla/5.0 (Macintosh; Intel Mac OS X 10_15_7) AppleWebKit/537.36 (KHTML, like Gecko) Chrome/108.0.0.0 YaBrowser/23.1.2.980 Yowser/2.5 Safari/537.36"
shop.infinitibizsol.com:443 202.62.37.24 - - [14/Jun/2025:22:32:05 +0000] "GET /wp-admin/ HTTP/1.1" 200 68966 "-" "Mozilla/5.0 (Macintosh; Intel Mac OS X 10_15_7) AppleWebKit/537.36 (KHTML, like Gecko) Chrome/108.0.0.0 YaBrowser/23.1.2.980 Yowser/2.5 Safari/537.36"
shop.infinitibizsol.com:443 185.157.241.186 - - [14/Jun/2025:22:32:21 +0000] "GET /wp-login.php HTTP/1.1" 200 4552 "-" "Mozilla/5.0 (Macintosh; Intel Mac OS X 10_15_7) AppleWebKit/537.36 (KHTML, like Gecko) Chrome/108.0.0.0 YaBrowser/23.1.2.980 Yowser/2.5 Safari/537.36"
shop.infinitibizsol.com:443 185.157.241.186 - - [14/Jun/2025:22:32:28 +0000] "POST /wp-login.php HTTP/1.1" 302 5 "-" "Mozilla/5.0 (Macintosh; Intel Mac OS X 10_15_7) AppleWebKit/537.36 (KHTML, like Gecko) Chrome/108.0.0.0 YaBrowser/23.1.2.980 Yowser/2.5 Safari/537.36"
shop.infinitibizsol.com:443 185.157.241.186 - - [14/Jun/2025:22:32:30 +0000] "GET /wp-admin/ HTTP/1.1" 200 69009 "-" "Mozilla/5.0 (Macintosh; Intel Mac OS X 10_15_7) AppleWebKit/537.36 (KHTML, like Gecko) Chrome/108.0.0.0 YaBrowser/23.1.2.980 Yowser/2.5 Safari/537.36"
shop.infinitibizsol.com:443 202.62.37.24 - - [14/Jun/2025:22:33:00 +0000] "GET /wp-admin/post-new.php HTTP/1.1" 200 476231 "-" "Mozilla/5.0 (Macintosh; Intel Mac OS X 10_15_7) AppleWebKit/537.36 (KHTML, like Gecko) Chrome/108.0.0.0 YaBrowser/23.1.2.980 Yowser/2.5 Safari/537.36"
shop.infinitibizsol.com:443 162.0.223.40 - - [14/Jun/2025:22:33:05 +0000] "POST /wp-cron.php?doing_wp_cron=1749940383.9794490337371826171875 HTTP/1.1" 499 0 "-" "WordPress/6.8.1; https://shop.infinitibizsol.com"
shop.infinitibizsol.com:443 162.214.55.193 - - [14/Jun/2025:22:33:05 +0000] "GET /wp-login.php HTTP/1.1" 200 4558 "-" "Mozilla/5.0 (Macintosh; Intel Mac OS X 10_15_7) AppleWebKit/537.36 (KHTML, like Gecko) Chrome/108.0.0.0 YaBrowser/23.1.2.980 Yowser/2.5 Safari/537.36"
shop.infinitibizsol.com:443 162.214.55.193 - - [14/Jun/2025:22:33:09 +0000] "POST /wp-login.php HTTP/1.1" 302 5 "-" "Mozilla/5.0 (Macintosh; Intel Mac OS X 10_15_7) AppleWebKit/537.36 (KHTML, like Gecko) Chrome/108.0.0.0 YaBrowser/23.1.2.980 Yowser/2.5 Safari/537.36"
shop.infinitibizsol.com:443 162.214.55.193 - - [14/Jun/2025:22:33:11 +0000] "GET /wp-admin/ HTTP/1.1" 200 69088 "-" "Mozilla/5.0 (Macintosh; Intel Mac OS X 10_15_7) AppleWebKit/537.36 (KHTML, like Gecko) Chrome/108.0.0.0 YaBrowser/23.1.2.980 Yowser/2.5 Safari/537.36"
shop.infinitibizsol.com:443 168.205.79.106 - - [14/Jun/2025:22:33:32 +0000] "GET /wp-login.php HTTP/1.1" 200 4609 "-" "Mozilla/5.0 (Macintosh; Intel Mac OS X 10_15_7) AppleWebKit/537.36 (KHTML, like Gecko) Chrome/108.0.0.0 YaBrowser/23.1.2.980 Yowser/2.5 Safari/537.36"
shop.infinitibizsol.com:443 162.214.55.193 - - [14/Jun/2025:22:33:34 +0000] "GET /wp-admin/post-new.php HTTP/1.1" 200 476302 "-" "Mozilla/5.0 (Macintosh; Intel Mac OS X 10_15_7) AppleWebKit/537.36 (KHTML, like Gecko) Chrome/108.0.0.0 YaBrowser/23.1.2.980 Yowser/2.5 Safari/537.36"
shop.infinitibizsol.com:443 168.205.79.106 - - [14/Jun/2025:22:33:45 +0000] "POST /wp-login.php HTTP/1.1" 302 5 "-" "Mozilla/5.0 (Macintosh; Intel Mac OS X 10_15_7) AppleWebKit/537.36 (KHTML, like Gecko) Chrome/108.0.0.0 YaBrowser/23.1.2.980 Yowser/2.5 Safari/537.36"
shop.infinitibizsol.com:443 168.205.79.106 - - [14/Jun/2025:22:33:48 +0000] "GET /wp-admin/ HTTP/1.1" 200 68980 "-" "Mozilla/5.0 (Macintosh; Intel Mac OS X 10_15_7) AppleWebKit/537.36 (KHTML, like Gecko) Chrome/108.0.0.0 YaBrowser/23.1.2.980 Yowser/2.5 Safari/537.36"
shop.infinitibizsol.com:443 168.205.79.106 - - [14/Jun/2025:22:34:42 +0000] "GET /wp-admin/post-new.php HTTP/1.1" 200 476259 "-" "Mozilla/5.0 (Macintosh; Intel Mac OS X 10_15_7) AppleWebKit/537.36 (KHTML, like Gecko) Chrome/108.0.0.0 YaBrowser/23.1.2.980 Yowser/2.5 Safari/537.36"
shop.infinitibizsol.com:443 38.130.38.45 - - [14/Jun/2025:22:34:48 +0000] "GET /wp-login.php HTTP/1.1" 200 4552 "-" "Mozilla/5.0 (Macintosh; Intel Mac OS X 10_15_7) AppleWebKit/537.36 (KHTML, like Gecko) Chrome/108.0.0.0 YaBrowser/23.1.2.980 Yowser/2.5 Safari/537.36"
shop.infinitibizsol.com:443 38.130.38.45 - - [14/Jun/2025:22:34:54 +0000] "POST /wp-login.php HTTP/1.1" 302 5 "-" "Mozilla/5.0 (Macintosh; Intel Mac OS X 10_15_7) AppleWebKit/537.36 (KHTML, like Gecko) Chrome/108.0.0.0 YaBrowser/23.1.2.980 Yowser/2.5 Safari/537.36"
shop.infinitibizsol.com:443 38.130.38.45 - - [14/Jun/2025:22:34:56 +0000] "GET /wp-admin/ HTTP/1.1" 200 68980 "-" "Mozilla/5.0 (Macintosh; Intel Mac OS X 10_15_7) AppleWebKit/537.36 (KHTML, like Gecko) Chrome/108.0.0.0 YaBrowser/23.1.2.980 Yowser/2.5 Safari/537.36"
shop.infinitibizsol.com:443 115.79.195.172 - - [14/Jun/2025:22:35:26 +0000] "GET /wp-login.php HTTP/1.1" 200 4614 "-" "Mozilla/5.0 (Macintosh; Intel Mac OS X 10_15_7) AppleWebKit/537.36 (KHTML, like Gecko) Chrome/108.0.0.0 YaBrowser/23.1.2.980 Yowser/2.5 Safari/537.36"
shop.infinitibizsol.com:443 115.79.195.172 - - [14/Jun/2025:22:35:29 +0000] "POST /wp-login.php HTTP/1.1" 302 5 "-" "Mozilla/5.0 (Macintosh; Intel Mac OS X 10_15_7) AppleWebKit/537.36 (KHTML, like Gecko) Chrome/108.0.0.0 YaBrowser/23.1.2.980 Yowser/2.5 Safari/537.36"
shop.infinitibizsol.com:443 115.79.195.172 - - [14/Jun/2025:22:35:32 +0000] "GET /wp-admin/ HTTP/1.1" 200 68982 "-" "Mozilla/5.0 (Macintosh; Intel Mac OS X 10_15_7) AppleWebKit/537.36 (KHTML, like Gecko) Chrome/108.0.0.0 YaBrowser/23.1.2.980 Yowser/2.5 Safari/537.36"
shop.infinitibizsol.com:443 115.79.195.172 - - [14/Jun/2025:22:36:26 +0000] "GET /wp-admin/post-new.php HTTP/1.1" 200 476252 "-" "Mozilla/5.0 (Macintosh; Intel Mac OS X 10_15_7) AppleWebKit/537.36 (KHTML, like Gecko) Chrome/108.0.0.0 YaBrowser/23.1.2.980 Yowser/2.5 Safari/537.36"
shop.infinitibizsol.com:443 45.235.166.144 - - [14/Jun/2025:22:36:45 +0000] "GET /wp-login.php HTTP/1.1" 200 4558 "-" "Mozilla/5.0 (Macintosh; Intel Mac OS X 10_15_7) AppleWebKit/537.36 (KHTML, like Gecko) Chrome/108.0.0.0 YaBrowser/23.1.2.980 Yowser/2.5 Safari/537.36"
shop.infinitibizsol.com:443 45.235.166.144 - - [14/Jun/2025:22:36:47 +0000] "POST /wp-login.php HTTP/1.1" 302 5 "-" "Mozilla/5.0 (Macintosh; Intel Mac OS X 10_15_7) AppleWebKit/537.36 (KHTML, like Gecko) Chrome/108.0.0.0 YaBrowser/23.1.2.980 Yowser/2.5 Safari/537.36"
shop.infinitibizsol.com:443 45.235.166.144 - - [14/Jun/2025:22:36:51 +0000] "GET /wp-admin/ HTTP/1.1" 200 68991 "-" "Mozilla/5.0 (Macintosh; Intel Mac OS X 10_15_7) AppleWebKit/537.36 (KHTML, like Gecko) Chrome/108.0.0.0 YaBrowser/23.1.2.980 Yowser/2.5 Safari/537.36"
shop.infinitibizsol.com:443 103.163.15.154 - - [14/Jun/2025:22:37:23 +0000] "GET /wp-login.php HTTP/1.1" 200 4552 "-" "Mozilla/5.0 (Macintosh; Intel Mac OS X 10_15_7) AppleWebKit/537.36 (KHTML, like Gecko) Chrome/108.0.0.0 YaBrowser/23.1.2.980 Yowser/2.5 Safari/537.36"
shop.infinitibizsol.com:443 103.163.15.154 - - [14/Jun/2025:22:37:26 +0000] "POST /wp-login.php HTTP/1.1" 302 5 "-" "Mozilla/5.0 (Macintosh; Intel Mac OS X 10_15_7) AppleWebKit/537.36 (KHTML, like Gecko) Chrome/108.0.0.0 YaBrowser/23.1.2.980 Yowser/2.5 Safari/537.36"
shop.infinitibizsol.com:443 103.163.15.154 - - [14/Jun/2025:22:37:29 +0000] "GET /wp-admin/ HTTP/1.1" 200 68996 "-" "Mozilla/5.0 (Macintosh; Intel Mac OS X 10_15_7) AppleWebKit/537.36 (KHTML, like Gecko) Chrome/108.0.0.0 YaBrowser/23.1.2.980 Yowser/2.5 Safari/537.36"
shop.infinitibizsol.com:443 103.163.15.154 - - [14/Jun/2025:22:38:11 +0000] "GET /wp-admin/post-new.php HTTP/1.1" 200 476273 "-" "Mozilla/5.0 (Macintosh; Intel Mac OS X 10_15_7) AppleWebKit/537.36 (KHTML, like Gecko) Chrome/108.0.0.0 YaBrowser/23.1.2.980 Yowser/2.5 Safari/537.36"
shop.infinitibizsol.com:443 110.44.113.138 - - [14/Jun/2025:22:38:33 +0000] "POST /xmlrpc.php HTTP/1.1" 200 190 "-" "python-requests/2.28.1"
shop.infinitibizsol.com:443 162.0.223.40 - - [14/Jun/2025:22:38:40 +0000] "POST /wp-cron.php?doing_wp_cron=1749940719.5882880687713623046875 HTTP/1.1" 499 0 "-" "WordPress/6.8.1; https://shop.infinitibizsol.com"
shop.infinitibizsol.com:443 110.44.113.138 - - [14/Jun/2025:22:38:40 +0000] "GET /wp-login.php HTTP/1.1" 200 4552 "-" "python-requests/2.28.1"
shop.infinitibizsol.com:443 110.44.113.138 - - [14/Jun/2025:22:38:45 +0000] "POST /wp-login.php HTTP/1.1" 302 5 "-" "python-requests/2.28.1"
shop.infinitibizsol.com:443 110.44.113.138 - - [14/Jun/2025:22:38:48 +0000] "GET /?p=2283 HTTP/1.1" 404 5 "-" "Mozilla/5.0 (Windows NT 6.3; Win64; x64) AppleWebKit/537.36 (KHTML, like Gecko) Chrome/101.0.4951.54 Safari/537.36"
shop.infinitibizsol.com:443 102.164.30.233 - - [14/Jun/2025:22:38:51 +0000] "GET /wp-login.php HTTP/1.1" 200 4552 "-" "Mozilla/5.0 (Macintosh; Intel Mac OS X 10_15_7) AppleWebKit/537.36 (KHTML, like Gecko) Chrome/108.0.0.0 YaBrowser/23.1.2.980 Yowser/2.5 Safari/537.36"
shop.infinitibizsol.com:443 102.164.30.233 - - [14/Jun/2025:22:38:54 +0000] "POST /wp-login.php HTTP/1.1" 302 5 "-" "Mozilla/5.0 (Macintosh; Intel Mac OS X 10_15_7) AppleWebKit/537.36 (KHTML, like Gecko) Chrome/108.0.0.0 YaBrowser/23.1.2.980 Yowser/2.5 Safari/537.36"
shop.infinitibizsol.com:443 110.44.113.138 - - [14/Jun/2025:22:38:55 +0000] "GET /wp-login.php HTTP/1.1" 200 4558 "-" "Mozilla/5.0 (Macintosh; Intel Mac OS X 10_15_7) AppleWebKit/537.36 (KHTML, like Gecko) Chrome/108.0.0.0 YaBrowser/23.1.2.980 Yowser/2.5 Safari/537.36"
shop.infinitibizsol.com:443 102.164.30.233 - - [14/Jun/2025:22:39:02 +0000] "GET /wp-admin/ HTTP/1.1" 200 68988 "-" "Mozilla/5.0 (Macintosh; Intel Mac OS X 10_15_7) AppleWebKit/537.36 (KHTML, like Gecko) Chrome/108.0.0.0 YaBrowser/23.1.2.980 Yowser/2.5 Safari/537.36"
shop.infinitibizsol.com:443 110.44.113.138 - - [14/Jun/2025:22:39:05 +0000] "POST /wp-login.php HTTP/1.1" 302 5 "-" "Mozilla/5.0 (Macintosh; Intel Mac OS X 10_15_7) AppleWebKit/537.36 (KHTML, like Gecko) Chrome/108.0.0.0 YaBrowser/23.1.2.980 Yowser/2.5 Safari/537.36"
shop.infinitibizsol.com:443 110.44.113.138 - - [14/Jun/2025:22:39:09 +0000] "GET /wp-admin/ HTTP/1.1" 200 68985 "-" "Mozilla/5.0 (Macintosh; Intel Mac OS X 10_15_7) AppleWebKit/537.36 (KHTML, like Gecko) Chrome/108.0.0.0 YaBrowser/23.1.2.980 Yowser/2.5 Safari/537.36"
shop.infinitibizsol.com:443 41.60.252.246 - - [14/Jun/2025:22:39:37 +0000] "GET /wp-login.php HTTP/1.1" 200 4546 "-" "Mozilla/5.0 (Macintosh; Intel Mac OS X 10_15_7) AppleWebKit/537.36 (KHTML, like Gecko) Chrome/108.0.0.0 YaBrowser/23.1.2.980 Yowser/2.5 Safari/537.36"
shop.infinitibizsol.com:443 41.60.252.246 - - [14/Jun/2025:22:39:47 +0000] "POST /wp-login.php HTTP/1.1" 302 5 "-" "Mozilla/5.0 (Macintosh; Intel Mac OS X 10_15_7) AppleWebKit/537.36 (KHTML, like Gecko) Chrome/108.0.0.0 YaBrowser/23.1.2.980 Yowser/2.5 Safari/537.36"
shop.infinitibizsol.com:443 41.60.252.246 - - [14/Jun/2025:22:39:49 +0000] "GET /wp-admin/ HTTP/1.1" 200 69011 "-" "Mozilla/5.0 (Macintosh; Intel Mac OS X 10_15_7) AppleWebKit/537.36 (KHTML, like Gecko) Chrome/108.0.0.0 YaBrowser/23.1.2.980 Yowser/2.5 Safari/537.36"
shop.infinitibizsol.com:443 102.164.30.233 - - [14/Jun/2025:22:39:56 +0000] "GET /wp-admin/post-new.php HTTP/1.1" 200 476230 "-" "Mozilla/5.0 (Macintosh; Intel Mac OS X 10_15_7) AppleWebKit/537.36 (KHTML, like Gecko) Chrome/108.0.0.0 YaBrowser/23.1.2.980 Yowser/2.5 Safari/537.36"
shop.infinitibizsol.com:443 41.60.252.246 - - [14/Jun/2025:22:40:11 +0000] "GET /wp-admin/post-new.php HTTP/1.1" 200 476222 "-" "Mozilla/5.0 (Macintosh; Intel Mac OS X 10_15_7) AppleWebKit/537.36 (KHTML, like Gecko) Chrome/108.0.0.0 YaBrowser/23.1.2.980 Yowser/2.5 Safari/537.36"
shop.infinitibizsol.com:443 185.102.237.48 - - [14/Jun/2025:22:40:50 +0000] "GET /wp-login.php HTTP/1.1" 200 4552 "-" "Mozilla/5.0 (Macintosh; Intel Mac OS X 10_15_7) AppleWebKit/537.36 (KHTML, like Gecko) Chrome/108.0.0.0 YaBrowser/23.1.2.980 Yowser/2.5 Safari/537.36"
shop.infinitibizsol.com:443 102.164.30.233 - - [14/Jun/2025:22:41:48 +0000] "POST /wp-admin/post.php HTTP/1.1" 302 5 "-" "Mozilla/5.0 (Macintosh; Intel Mac OS X 10_15_7) AppleWebKit/537.36 (KHTML, like Gecko) Chrome/108.0.0.0 YaBrowser/23.1.2.980 Yowser/2.5 Safari/537.36"
shop.infinitibizsol.com:443 162.0.223.40 - - [14/Jun/2025:22:41:52 +0000] "POST /wp-cron.php?doing_wp_cron=1749940911.3826310634613037109375 HTTP/1.1" 499 0 "-" "WordPress/6.8.1; https://shop.infinitibizsol.com"
shop.infinitibizsol.com:443 102.164.30.233 - - [14/Jun/2025:22:42:48 +0000] "GET /wp-admin/post.php?post=2285&action=edit&message=1 HTTP/1.1" 200 589447 "-" "Mozilla/5.0 (Macintosh; Intel Mac OS X 10_15_7) AppleWebKit/537.36 (KHTML, like Gecko) Chrome/108.0.0.0 YaBrowser/23.1.2.980 Yowser/2.5 Safari/537.36"
shop.infinitibizsol.com:443 154.73.64.24 - - [14/Jun/2025:22:42:57 +0000] "POST /xmlrpc.php HTTP/1.1" 200 190 "-" "python-requests/2.28.1"
shop.infinitibizsol.com:443 162.0.223.40 - - [14/Jun/2025:22:43:07 +0000] "POST /wp-cron.php?doing_wp_cron=1749940986.0954830646514892578125 HTTP/1.1" 499 0 "-" "WordPress/6.8.1; https://shop.infinitibizsol.com"
shop.infinitibizsol.com:443 154.73.64.24 - - [14/Jun/2025:22:43:07 +0000] "GET /wp-login.php HTTP/1.1" 200 4552 "-" "python-requests/2.28.1"
shop.infinitibizsol.com:443 154.73.64.24 - - [14/Jun/2025:22:43:11 +0000] "POST /wp-login.php HTTP/1.1" 302 5 "-" "python-requests/2.28.1"
shop.infinitibizsol.com:443 18.188.149.137 - - [14/Jun/2025:22:43:12 +0000] "POST /xmlrpc.php HTTP/1.1" 200 190 "-" "python-requests/2.28.1"
shop.infinitibizsol.com:443 162.0.223.40 - - [14/Jun/2025:22:43:14 +0000] "POST /wp-cron.php?doing_wp_cron=1749940993.2371649742126464843750 HTTP/1.1" 499 0 "-" "WordPress/6.8.1; https://shop.infinitibizsol.com"
shop.infinitibizsol.com:443 154.73.64.24 - - [14/Jun/2025:22:43:14 +0000] "GET /?p=2288 HTTP/1.1" 404 5 "-" "Mozilla/5.0 (Windows NT 6.3; Win64; x64) AppleWebKit/537.36 (KHTML, like Gecko) Chrome/101.0.4951.54 Safari/537.36"
shop.infinitibizsol.com:443 18.188.149.137 - - [14/Jun/2025:22:43:16 +0000] "GET /wp-login.php HTTP/1.1" 200 4552 "-" "python-requests/2.28.1"
shop.infinitibizsol.com:443 18.188.149.137 - - [14/Jun/2025:22:43:20 +0000] "POST /wp-login.php HTTP/1.1" 302 5 "-" "python-requests/2.28.1"
shop.infinitibizsol.com:443 154.73.64.24 - - [14/Jun/2025:22:43:21 +0000] "GET /wp-login.php HTTP/1.1" 200 4558 "-" "Mozilla/5.0 (Macintosh; Intel Mac OS X 10_15_7) AppleWebKit/537.36 (KHTML, like Gecko) Chrome/108.0.0.0 YaBrowser/23.1.2.980 Yowser/2.5 Safari/537.36"
shop.infinitibizsol.com:443 18.188.149.137 - - [14/Jun/2025:22:43:22 +0000] "GET /?p=2290 HTTP/1.1" 404 5 "-" "Mozilla/5.0 (Windows NT 6.3; Win64; x64) AppleWebKit/537.36 (KHTML, like Gecko) Chrome/101.0.4951.54 Safari/537.36"
shop.infinitibizsol.com:443 154.73.64.24 - - [14/Jun/2025:22:43:27 +0000] "POST /wp-login.php HTTP/1.1" 302 5 "-" "Mozilla/5.0 (Macintosh; Intel Mac OS X 10_15_7) AppleWebKit/537.36 (KHTML, like Gecko) Chrome/108.0.0.0 YaBrowser/23.1.2.980 Yowser/2.5 Safari/537.36"
shop.infinitibizsol.com:443 18.188.149.137 - - [14/Jun/2025:22:43:27 +0000] "GET /wp-login.php HTTP/1.1" 200 4546 "-" "Mozilla/5.0 (Macintosh; Intel Mac OS X 10_15_7) AppleWebKit/537.36 (KHTML, like Gecko) Chrome/108.0.0.0 YaBrowser/23.1.2.980 Yowser/2.5 Safari/537.36"
shop.infinitibizsol.com:443 154.73.64.24 - - [14/Jun/2025:22:43:29 +0000] "GET /wp-admin/ HTTP/1.1" 200 69090 "-" "Mozilla/5.0 (Macintosh; Intel Mac OS X 10_15_7) AppleWebKit/537.36 (KHTML, like Gecko) Chrome/108.0.0.0 YaBrowser/23.1.2.980 Yowser/2.5 Safari/537.36"
shop.infinitibizsol.com:443 18.188.149.137 - - [14/Jun/2025:22:43:29 +0000] "POST /wp-login.php HTTP/1.1" 302 5 "-" "Mozilla/5.0 (Macintosh; Intel Mac OS X 10_15_7) AppleWebKit/537.36 (KHTML, like Gecko) Chrome/108.0.0.0 YaBrowser/23.1.2.980 Yowser/2.5 Safari/537.36"
shop.infinitibizsol.com:443 18.188.149.137 - - [14/Jun/2025:22:43:31 +0000] "GET /wp-admin/ HTTP/1.1" 200 69081 "-" "Mozilla/5.0 (Macintosh; Intel Mac OS X 10_15_7) AppleWebKit/537.36 (KHTML, like Gecko) Chrome/108.0.0.0 YaBrowser/23.1.2.980 Yowser/2.5 Safari/537.36"
shop.infinitibizsol.com:443 154.73.64.24 - - [14/Jun/2025:22:43:42 +0000] "GET /wp-admin/post-new.php HTTP/1.1" 200 476261 "-" "Mozilla/5.0 (Macintosh; Intel Mac OS X 10_15_7) AppleWebKit/537.36 (KHTML, like Gecko) Chrome/108.0.0.0 YaBrowser/23.1.2.980 Yowser/2.5 Safari/537.36"
shop.infinitibizsol.com:443 18.188.149.137 - - [14/Jun/2025:22:43:47 +0000] "GET /wp-admin/post-new.php HTTP/1.1" 200 476260 "-" "Mozilla/5.0 (Macintosh; Intel Mac OS X 10_15_7) AppleWebKit/537.36 (KHTML, like Gecko) Chrome/108.0.0.0 YaBrowser/23.1.2.980 Yowser/2.5 Safari/537.36"
shop.infinitibizsol.com:443 103.94.1.90 - - [14/Jun/2025:22:44:02 +0000] "GET /wp-login.php HTTP/1.1" 200 4552 "-" "Mozilla/5.0 (Macintosh; Intel Mac OS X 10_15_7) AppleWebKit/537.36 (KHTML, like Gecko) Chrome/108.0.0.0 YaBrowser/23.1.2.980 Yowser/2.5 Safari/537.36"
shop.infinitibizsol.com:443 113.192.30.239 - - [14/Jun/2025:22:44:03 +0000] "GET /wp-login.php HTTP/1.1" 200 4558 "-" "Mozilla/5.0 (Macintosh; Intel Mac OS X 10_15_7) AppleWebKit/537.36 (KHTML, like Gecko) Chrome/108.0.0.0 YaBrowser/23.1.2.980 Yowser/2.5 Safari/537.36"
shop.infinitibizsol.com:443 103.94.1.90 - - [14/Jun/2025:22:44:07 +0000] "POST /wp-login.php HTTP/1.1" 302 5 "-" "Mozilla/5.0 (Macintosh; Intel Mac OS X 10_15_7) AppleWebKit/537.36 (KHTML, like Gecko) Chrome/108.0.0.0 YaBrowser/23.1.2.980 Yowser/2.5 Safari/537.36"
shop.infinitibizsol.com:443 113.192.30.239 - - [14/Jun/2025:22:44:09 +0000] "POST /wp-login.php HTTP/1.1" 302 5 "-" "Mozilla/5.0 (Macintosh; Intel Mac OS X 10_15_7) AppleWebKit/537.36 (KHTML, like Gecko) Chrome/108.0.0.0 YaBrowser/23.1.2.980 Yowser/2.5 Safari/537.36"
shop.infinitibizsol.com:443 103.94.1.90 - - [14/Jun/2025:22:44:10 +0000] "GET /wp-admin/ HTTP/1.1" 200 69068 "-" "Mozilla/5.0 (Macintosh; Intel Mac OS X 10_15_7) AppleWebKit/537.36 (KHTML, like Gecko) Chrome/108.0.0.0 YaBrowser/23.1.2.980 Yowser/2.5 Safari/537.36"
shop.infinitibizsol.com:443 113.192.30.239 - - [14/Jun/2025:22:44:12 +0000] "GET /wp-admin/ HTTP/1.1" 200 69074 "-" "Mozilla/5.0 (Macintosh; Intel Mac OS X 10_15_7) AppleWebKit/537.36 (KHTML, like Gecko) Chrome/108.0.0.0 YaBrowser/23.1.2.980 Yowser/2.5 Safari/537.36"
shop.infinitibizsol.com:443 113.192.30.239 - - [14/Jun/2025:22:44:27 +0000] "GET /wp-admin/post-new.php HTTP/1.1" 200 476246 "-" "Mozilla/5.0 (Macintosh; Intel Mac OS X 10_15_7) AppleWebKit/537.36 (KHTML, like Gecko) Chrome/108.0.0.0 YaBrowser/23.1.2.980 Yowser/2.5 Safari/537.36"
shop.infinitibizsol.com:443 103.94.1.90 - - [14/Jun/2025:22:44:28 +0000] "GET /wp-admin/post-new.php HTTP/1.1" 200 476378 "-" "Mozilla/5.0 (Macintosh; Intel Mac OS X 10_15_7) AppleWebKit/537.36 (KHTML, like Gecko) Chrome/108.0.0.0 YaBrowser/23.1.2.980 Yowser/2.5 Safari/537.36"
shop.infinitibizsol.com:443 203.94.32.5 - - [14/Jun/2025:22:44:55 +0000] "GET /wp-login.php HTTP/1.1" 200 4564 "-" "Mozilla/5.0 (Macintosh; Intel Mac OS X 10_15_7) AppleWebKit/537.36 (KHTML, like Gecko) Chrome/108.0.0.0 YaBrowser/23.1.2.980 Yowser/2.5 Safari/537.36"
shop.infinitibizsol.com:443 203.94.32.5 - - [14/Jun/2025:22:44:58 +0000] "POST /wp-login.php HTTP/1.1" 302 5 "-" "Mozilla/5.0 (Macintosh; Intel Mac OS X 10_15_7) AppleWebKit/537.36 (KHTML, like Gecko) Chrome/108.0.0.0 YaBrowser/23.1.2.980 Yowser/2.5 Safari/537.36"
shop.infinitibizsol.com:443 203.94.32.5 - - [14/Jun/2025:22:45:02 +0000] "GET /wp-admin/ HTTP/1.1" 200 69067 "-" "Mozilla/5.0 (Macintosh; Intel Mac OS X 10_15_7) AppleWebKit/537.36 (KHTML, like Gecko) Chrome/108.0.0.0 YaBrowser/23.1.2.980 Yowser/2.5 Safari/537.36"
shop.infinitibizsol.com:443 18.188.149.137 - - [14/Jun/2025:22:45:08 +0000] "POST /wp-admin/post.php HTTP/1.1" 302 5 "-" "Mozilla/5.0 (Macintosh; Intel Mac OS X 10_15_7) AppleWebKit/537.36 (KHTML, like Gecko) Chrome/108.0.0.0 YaBrowser/23.1.2.980 Yowser/2.5 Safari/537.36"
shop.infinitibizsol.com:443 162.0.223.40 - - [14/Jun/2025:22:45:12 +0000] "POST /wp-cron.php?doing_wp_cron=1749941111.5152449607849121093750 HTTP/1.1" 499 0 "-" "WordPress/6.8.1; https://shop.infinitibizsol.com"
shop.infinitibizsol.com:443 18.188.149.137 - - [14/Jun/2025:22:45:13 +0000] "GET /wp-admin/post.php?post=2293&action=edit&message=1 HTTP/1.1" 200 738629 "-" "Mozilla/5.0 (Macintosh; Intel Mac OS X 10_15_7) AppleWebKit/537.36 (KHTML, like Gecko) Chrome/108.0.0.0 YaBrowser/23.1.2.980 Yowser/2.5 Safari/537.36"
shop.infinitibizsol.com:443 8.220.195.170 - - [14/Jun/2025:22:45:23 +0000] "GET /wp-login.php HTTP/1.1" 200 4564 "-" "Mozilla/5.0 (Macintosh; Intel Mac OS X 10_15_7) AppleWebKit/537.36 (KHTML, like Gecko) Chrome/108.0.0.0 YaBrowser/23.1.2.980 Yowser/2.5 Safari/537.36"
shop.infinitibizsol.com:443 203.94.32.5 - - [14/Jun/2025:22:45:25 +0000] "GET /wp-admin/post-new.php HTTP/1.1" 200 476275 "-" "Mozilla/5.0 (Macintosh; Intel Mac OS X 10_15_7) AppleWebKit/537.36 (KHTML, like Gecko) Chrome/108.0.0.0 YaBrowser/23.1.2.980 Yowser/2.5 Safari/537.36"
shop.infinitibizsol.com:443 8.220.195.170 - - [14/Jun/2025:22:45:26 +0000] "POST /wp-login.php HTTP/1.1" 302 5 "-" "Mozilla/5.0 (Macintosh; Intel Mac OS X 10_15_7) AppleWebKit/537.36 (KHTML, like Gecko) Chrome/108.0.0.0 YaBrowser/23.1.2.980 Yowser/2.5 Safari/537.36"
shop.infinitibizsol.com:443 8.220.195.170 - - [14/Jun/2025:22:45:28 +0000] "GET /wp-admin/ HTTP/1.1" 200 69370 "-" "Mozilla/5.0 (Macintosh; Intel Mac OS X 10_15_7) AppleWebKit/537.36 (KHTML, like Gecko) Chrome/108.0.0.0 YaBrowser/23.1.2.980 Yowser/2.5 Safari/537.36"
shop.infinitibizsol.com:443 8.220.195.170 - - [14/Jun/2025:22:45:34 +0000] "GET /wp-admin/post-new.php HTTP/1.1" 200 476223 "-" "Mozilla/5.0 (Macintosh; Intel Mac OS X 10_15_7) AppleWebKit/537.36 (KHTML, like Gecko) Chrome/108.0.0.0 YaBrowser/23.1.2.980 Yowser/2.5 Safari/537.36"
shop.infinitibizsol.com:443 181.119.169.147 - - [14/Jun/2025:22:45:59 +0000] "GET /wp-login.php HTTP/1.1" 200 4552 "-" "Mozilla/5.0 (Macintosh; Intel Mac OS X 10_15_7) AppleWebKit/537.36 (KHTML, like Gecko) Chrome/108.0.0.0 YaBrowser/23.1.2.980 Yowser/2.5 Safari/537.36"
shop.infinitibizsol.com:443 181.119.169.147 - - [14/Jun/2025:22:46:02 +0000] "POST /wp-login.php HTTP/1.1" 302 5 "-" "Mozilla/5.0 (Macintosh; Intel Mac OS X 10_15_7) AppleWebKit/537.36 (KHTML, like Gecko) Chrome/108.0.0.0 YaBrowser/23.1.2.980 Yowser/2.5 Safari/537.36"
shop.infinitibizsol.com:443 181.119.169.147 - - [14/Jun/2025:22:46:05 +0000] "GET /wp-admin/ HTTP/1.1" 200 69155 "-" "Mozilla/5.0 (Macintosh; Intel Mac OS X 10_15_7) AppleWebKit/537.36 (KHTML, like Gecko) Chrome/108.0.0.0 YaBrowser/23.1.2.980 Yowser/2.5 Safari/537.36"
shop.infinitibizsol.com:443 181.119.169.147 - - [14/Jun/2025:22:46:13 +0000] "GET /wp-admin/post-new.php HTTP/1.1" 200 476207 "-" "Mozilla/5.0 (Macintosh; Intel Mac OS X 10_15_7) AppleWebKit/537.36 (KHTML, like Gecko) Chrome/108.0.0.0 YaBrowser/23.1.2.980 Yowser/2.5 Safari/537.36"
shop.infinitibizsol.com:443 203.94.32.5 - - [14/Jun/2025:22:46:46 +0000] "POST /wp-json/wp/v2/categories?_locale=user HTTP/1.1" 400 169 "-" "Mozilla/5.0 (Macintosh; Intel Mac OS X 10_15_7) AppleWebKit/537.36 (KHTML, like Gecko) Chrome/108.0.0.0 YaBrowser/23.1.2.980 Yowser/2.5 Safari/537.36"
shop.infinitibizsol.com:443 203.94.32.5 - - [14/Jun/2025:22:46:51 +0000] "POST /wp-admin/post.php HTTP/1.1" 302 5 "-" "Mozilla/5.0 (Macintosh; Intel Mac OS X 10_15_7) AppleWebKit/537.36 (KHTML, like Gecko) Chrome/108.0.0.0 YaBrowser/23.1.2.980 Yowser/2.5 Safari/537.36"
shop.infinitibizsol.com:443 162.0.223.40 - - [14/Jun/2025:22:46:54 +0000] "POST /wp-cron.php?doing_wp_cron=1749941213.3501191139221191406250 HTTP/1.1" 499 0 "-" "WordPress/6.8.1; https://shop.infinitibizsol.com"
shop.infinitibizsol.com:443 203.94.32.5 - - [14/Jun/2025:22:46:55 +0000] "GET /wp-admin/post.php?post=2297&action=edit&message=1 HTTP/1.1" 200 530107 "-" "Mozilla/5.0 (Macintosh; Intel Mac OS X 10_15_7) AppleWebKit/537.36 (KHTML, like Gecko) Chrome/108.0.0.0 YaBrowser/23.1.2.980 Yowser/2.5 Safari/537.36"
shop.infinitibizsol.com:443 18.188.149.137 - - [14/Jun/2025:22:47:01 +0000] "GET /?p=2293 HTTP/1.1" 404 5 "-" "Mozilla/5.0 (Macintosh; Intel Mac OS X 10_15_7) AppleWebKit/537.36 (KHTML, like Gecko) Chrome/108.0.0.0 YaBrowser/23.1.2.980 Yowser/2.5 Safari/537.36"
shop.infinitibizsol.com:443 18.188.149.137 - - [14/Jun/2025:22:47:06 +0000] "POST /wp-json/wp/v2/posts/2293/autosaves?_locale=user HTTP/1.1" 404 258808 "-" "Mozilla/5.0 (Macintosh; Intel Mac OS X 10_15_7) AppleWebKit/537.36 (KHTML, like Gecko) Chrome/108.0.0.0 YaBrowser/23.1.2.980 Yowser/2.5 Safari/537.36"
shop.infinitibizsol.com:443 181.119.169.147 - - [14/Jun/2025:22:47:18 +0000] "POST /wp-json/wp/v2/categories?_locale=user HTTP/1.1" 400 169 "-" "Mozilla/5.0 (Macintosh; Intel Mac OS X 10_15_7) AppleWebKit/537.36 (KHTML, like Gecko) Chrome/108.0.0.0 YaBrowser/23.1.2.980 Yowser/2.5 Safari/537.36"
shop.infinitibizsol.com:443 181.119.169.147 - - [14/Jun/2025:22:47:21 +0000] "POST /wp-admin/post.php HTTP/1.1" 302 5 "-" "Mozilla/5.0 (Macintosh; Intel Mac OS X 10_15_7) AppleWebKit/537.36 (KHTML, like Gecko) Chrome/108.0.0.0 YaBrowser/23.1.2.980 Yowser/2.5 Safari/537.36"
shop.infinitibizsol.com:443 162.0.223.40 - - [14/Jun/2025:22:47:24 +0000] "POST /wp-cron.php?doing_wp_cron=1749941243.8813369274139404296875 HTTP/1.1" 499 0 "-" "WordPress/6.8.1; https://shop.infinitibizsol.com"
shop.infinitibizsol.com:443 181.119.169.147 - - [14/Jun/2025:22:47:25 +0000] "GET /wp-admin/post.php?post=2299&action=edit&message=1 HTTP/1.1" 200 536898 "-" "Mozilla/5.0 (Macintosh; Intel Mac OS X 10_15_7) AppleWebKit/537.36 (KHTML, like Gecko) Chrome/108.0.0.0 YaBrowser/23.1.2.980 Yowser/2.5 Safari/537.36"
shop.infinitibizsol.com:443 18.188.149.137 - - [14/Jun/2025:22:47:35 +0000] "POST /index.php?rest_route=/wp/v2/posts/2293&_locale=user HTTP/1.1" 404 263301 "-" "Mozilla/5.0 (Macintosh; Intel Mac OS X 10_15_7) AppleWebKit/537.36 (KHTML, like Gecko) Chrome/108.0.0.0 YaBrowser/23.1.2.980 Yowser/2.5 Safari/537.36"
shop.infinitibizsol.com:443 162.0.223.40 - - [14/Jun/2025:22:47:42 +0000] "POST /wp-cron.php?doing_wp_cron=1749941261.3559539318084716796875 HTTP/1.1" 499 0 "-" "WordPress/6.8.1; https://shop.infinitibizsol.com"
shop.infinitibizsol.com:443 203.94.32.5 - - [14/Jun/2025:22:47:42 +0000] "GET /?p=2297 HTTP/1.1" 404 5 "-" "Mozilla/5.0 (Macintosh; Intel Mac OS X 10_15_7) AppleWebKit/537.36 (KHTML, like Gecko) Chrome/108.0.0.0 YaBrowser/23.1.2.980 Yowser/2.5 Safari/537.36"
shop.infinitibizsol.com:443 203.94.32.5 - - [14/Jun/2025:22:47:45 +0000] "POST /wp-json/wp/v2/posts/2297/autosaves?_locale=user HTTP/1.1" 404 53266 "-" "Mozilla/5.0 (Macintosh; Intel Mac OS X 10_15_7) AppleWebKit/537.36 (KHTML, like Gecko) Chrome/108.0.0.0 YaBrowser/23.1.2.980 Yowser/2.5 Safari/537.36"
shop.infinitibizsol.com:443 18.188.149.137 - - [14/Jun/2025:22:47:52 +0000] "GET /wp-admin/edit.php HTTP/1.1" 200 145359 "-" "python-requests/2.28.1"
shop.infinitibizsol.com:443 203.94.32.5 - - [14/Jun/2025:22:47:55 +0000] "POST /index.php?rest_route=/wp/v2/posts/2297&_locale=user HTTP/1.1" 404 56050 "-" "Mozilla/5.0 (Macintosh; Intel Mac OS X 10_15_7) AppleWebKit/537.36 (KHTML, like Gecko) Chrome/108.0.0.0 YaBrowser/23.1.2.980 Yowser/2.5 Safari/537.36"
shop.infinitibizsol.com:443 162.0.223.40 - - [14/Jun/2025:22:48:00 +0000] "POST /wp-cron.php?doing_wp_cron=1749941279.6505589485168457031250 HTTP/1.1" 499 0 "-" "WordPress/6.8.1; https://shop.infinitibizsol.com"
shop.infinitibizsol.com:443 18.188.149.137 - - [14/Jun/2025:22:48:00 +0000] "GET /?p=2293 HTTP/1.1" 404 5 "-" "Mozilla/5.0 (Macintosh; Intel Mac OS X 10_15_7) AppleWebKit/537.36 (KHTML, like Gecko) Chrome/108.0.0.0 YaBrowser/23.1.2.980 Yowser/2.5 Safari/537.36"
shop.infinitibizsol.com:443 181.119.169.147 - - [14/Jun/2025:22:48:18 +0000] "GET /?p=2299 HTTP/1.1" 404 5 "-" "Mozilla/5.0 (Macintosh; Intel Mac OS X 10_15_7) AppleWebKit/537.36 (KHTML, like Gecko) Chrome/108.0.0.0 YaBrowser/23.1.2.980 Yowser/2.5 Safari/537.36"
shop.infinitibizsol.com:443 203.94.32.5 - - [14/Jun/2025:22:48:18 +0000] "GET /wp-admin/edit.php HTTP/1.1" 200 145089 "-" "python-requests/2.28.1"
shop.infinitibizsol.com:443 181.119.169.147 - - [14/Jun/2025:22:48:21 +0000] "POST /wp-json/wp/v2/posts/2299/autosaves?_locale=user HTTP/1.1" 404 60045 "-" "Mozilla/5.0 (Macintosh; Intel Mac OS X 10_15_7) AppleWebKit/537.36 (KHTML, like Gecko) Chrome/108.0.0.0 YaBrowser/23.1.2.980 Yowser/2.5 Safari/537.36"
shop.infinitibizsol.com:443 181.119.169.147 - - [14/Jun/2025:22:48:27 +0000] "POST /index.php?rest_route=/wp/v2/posts/2299&_locale=user HTTP/1.1" 404 62798 "-" "Mozilla/5.0 (Macintosh; Intel Mac OS X 10_15_7) AppleWebKit/537.36 (KHTML, like Gecko) Chrome/108.0.0.0 YaBrowser/23.1.2.980 Yowser/2.5 Safari/537.36"
shop.infinitibizsol.com:443 203.94.32.5 - - [14/Jun/2025:22:48:27 +0000] "GET /?p=2297 HTTP/1.1" 404 5 "-" "Mozilla/5.0 (Macintosh; Intel Mac OS X 10_15_7) AppleWebKit/537.36 (KHTML, like Gecko) Chrome/108.0.0.0 YaBrowser/23.1.2.980 Yowser/2.5 Safari/537.36"
shop.infinitibizsol.com:443 162.0.223.40 - - [14/Jun/2025:22:48:32 +0000] "POST /wp-cron.php?doing_wp_cron=1749941311.5832169055938720703125 HTTP/1.1" 499 0 "-" "WordPress/6.8.1; https://shop.infinitibizsol.com"
shop.infinitibizsol.com:443 181.119.169.147 - - [14/Jun/2025:22:48:33 +0000] "GET /wp-admin/edit.php HTTP/1.1" 200 145476 "-" "python-requests/2.28.1"
shop.infinitibizsol.com:443 181.119.169.147 - - [14/Jun/2025:22:48:42 +0000] "GET /?p=2299 HTTP/1.1" 404 5 "-" "Mozilla/5.0 (Macintosh; Intel Mac OS X 10_15_7) AppleWebKit/537.36 (KHTML, like Gecko) Chrome/108.0.0.0 YaBrowser/23.1.2.980 Yowser/2.5 Safari/537.36"
shop.infinitibizsol.com:443 3.218.116.207 - - [14/Jun/2025:22:49:09 +0000] "POST /xmlrpc.php HTTP/1.1" 200 190 "-" "python-requests/2.28.1"
shop.infinitibizsol.com:443 162.0.223.40 - - [14/Jun/2025:22:49:14 +0000] "POST /wp-cron.php?doing_wp_cron=1749941353.4997220039367675781250 HTTP/1.1" 499 0 "-" "WordPress/6.8.1; https://shop.infinitibizsol.com"
shop.infinitibizsol.com:443 3.218.116.207 - - [14/Jun/2025:22:49:14 +0000] "GET /wp-login.php HTTP/1.1" 200 4546 "-" "python-requests/2.28.1"
shop.infinitibizsol.com:443 3.218.116.207 - - [14/Jun/2025:22:49:17 +0000] "POST /wp-login.php HTTP/1.1" 302 5 "-" "python-requests/2.28.1"
shop.infinitibizsol.com:443 3.218.116.207 - - [14/Jun/2025:22:49:19 +0000] "GET /?p=2305 HTTP/1.1" 404 5 "-" "Mozilla/5.0 (Windows NT 6.3; Win64; x64) AppleWebKit/537.36 (KHTML, like Gecko) Chrome/101.0.4951.54 Safari/537.36"
shop.infinitibizsol.com:443 3.218.116.207 - - [14/Jun/2025:22:49:22 +0000] "GET /wp-login.php HTTP/1.1" 200 4552 "-" "Mozilla/5.0 (Macintosh; Intel Mac OS X 10_15_7) AppleWebKit/537.36 (KHTML, like Gecko) Chrome/108.0.0.0 YaBrowser/23.1.2.980 Yowser/2.5 Safari/537.36"
shop.infinitibizsol.com:443 176.241.89.134 - - [14/Jun/2025:22:49:24 +0000] "GET /wp-login.php HTTP/1.1" 200 4552 "-" "Mozilla/5.0 (Macintosh; Intel Mac OS X 10_15_7) AppleWebKit/537.36 (KHTML, like Gecko) Chrome/108.0.0.0 YaBrowser/23.1.2.980 Yowser/2.5 Safari/537.36"
shop.infinitibizsol.com:443 3.218.116.207 - - [14/Jun/2025:22:49:25 +0000] "POST /wp-login.php HTTP/1.1" 302 5 "-" "Mozilla/5.0 (Macintosh; Intel Mac OS X 10_15_7) AppleWebKit/537.36 (KHTML, like Gecko) Chrome/108.0.0.0 YaBrowser/23.1.2.980 Yowser/2.5 Safari/537.36"
shop.infinitibizsol.com:443 3.218.116.207 - - [14/Jun/2025:22:49:28 +0000] "GET /wp-admin/ HTTP/1.1" 200 69104 "-" "Mozilla/5.0 (Macintosh; Intel Mac OS X 10_15_7) AppleWebKit/537.36 (KHTML, like Gecko) Chrome/108.0.0.0 YaBrowser/23.1.2.980 Yowser/2.5 Safari/537.36"
shop.infinitibizsol.com:443 176.241.89.134 - - [14/Jun/2025:22:49:29 +0000] "POST /wp-login.php HTTP/1.1" 302 5 "-" "Mozilla/5.0 (Macintosh; Intel Mac OS X 10_15_7) AppleWebKit/537.36 (KHTML, like Gecko) Chrome/108.0.0.0 YaBrowser/23.1.2.980 Yowser/2.5 Safari/537.36"
shop.infinitibizsol.com:443 176.241.89.134 - - [14/Jun/2025:22:49:31 +0000] "GET /wp-admin/ HTTP/1.1" 200 69247 "-" "Mozilla/5.0 (Macintosh; Intel Mac OS X 10_15_7) AppleWebKit/537.36 (KHTML, like Gecko) Chrome/108.0.0.0 YaBrowser/23.1.2.980 Yowser/2.5 Safari/537.36"
shop.infinitibizsol.com:443 3.218.116.207 - - [14/Jun/2025:22:49:31 +0000] "GET /wp-admin/post-new.php HTTP/1.1" 200 476245 "-" "Mozilla/5.0 (Macintosh; Intel Mac OS X 10_15_7) AppleWebKit/537.36 (KHTML, like Gecko) Chrome/108.0.0.0 YaBrowser/23.1.2.980 Yowser/2.5 Safari/537.36"
shop.infinitibizsol.com:443 176.241.89.134 - - [14/Jun/2025:22:49:36 +0000] "GET /wp-admin/post-new.php HTTP/1.1" 200 476238 "-" "Mozilla/5.0 (Macintosh; Intel Mac OS X 10_15_7) AppleWebKit/537.36 (KHTML, like Gecko) Chrome/108.0.0.0 YaBrowser/23.1.2.980 Yowser/2.5 Safari/537.36"
shop.infinitibizsol.com:443 63.250.32.87 - - [14/Jun/2025:22:49:43 +0000] "POST /xmlrpc.php HTTP/1.1" 200 190 "-" "python-requests/2.28.1"
shop.infinitibizsol.com:443 63.250.32.87 - - [14/Jun/2025:22:49:45 +0000] "GET /wp-login.php HTTP/1.1" 200 4552 "-" "python-requests/2.28.1"
shop.infinitibizsol.com:443 162.0.223.40 - - [14/Jun/2025:22:49:45 +0000] "POST /wp-cron.php?doing_wp_cron=1749941384.5281140804290771484375 HTTP/1.1" 499 0 "-" "WordPress/6.8.1; https://shop.infinitibizsol.com"
shop.infinitibizsol.com:443 3.218.116.207 - - [14/Jun/2025:22:49:45 +0000] "POST /wp-json/wp/v2/categories?_locale=user HTTP/1.1" 400 169 "-" "Mozilla/5.0 (Macintosh; Intel Mac OS X 10_15_7) AppleWebKit/537.36 (KHTML, like Gecko) Chrome/108.0.0.0 YaBrowser/23.1.2.980 Yowser/2.5 Safari/537.36"
shop.infinitibizsol.com:443 186.179.100.53 - - [14/Jun/2025:22:49:47 +0000] "POST /xmlrpc.php HTTP/1.1" 200 190 "-" "python-requests/2.28.1"
shop.infinitibizsol.com:443 63.250.32.87 - - [14/Jun/2025:22:49:47 +0000] "POST /wp-login.php HTTP/1.1" 302 5 "-" "python-requests/2.28.1"
shop.infinitibizsol.com:443 3.218.116.207 - - [14/Jun/2025:22:49:47 +0000] "POST /wp-admin/post.php HTTP/1.1" 302 5 "-" "Mozilla/5.0 (Macintosh; Intel Mac OS X 10_15_7) AppleWebKit/537.36 (KHTML, like Gecko) Chrome/108.0.0.0 YaBrowser/23.1.2.980 Yowser/2.5 Safari/537.36"
shop.infinitibizsol.com:443 3.218.116.207 - - [14/Jun/2025:22:49:50 +0000] "GET /wp-admin/post.php?post=2307&action=edit&message=1 HTTP/1.1" 200 545707 "-" "Mozilla/5.0 (Macintosh; Intel Mac OS X 10_15_7) AppleWebKit/537.36 (KHTML, like Gecko) Chrome/108.0.0.0 YaBrowser/23.1.2.980 Yowser/2.5 Safari/537.36"
shop.infinitibizsol.com:443 162.0.223.40 - - [14/Jun/2025:22:49:50 +0000] "POST /wp-cron.php?doing_wp_cron=1749941389.8753180503845214843750 HTTP/1.1" 499 0 "-" "WordPress/6.8.1; https://shop.infinitibizsol.com"
shop.infinitibizsol.com:443 63.250.32.87 - - [14/Jun/2025:22:49:50 +0000] "GET /?p=2309 HTTP/1.1" 404 5 "-" "Mozilla/5.0 (Windows NT 6.3; Win64; x64) AppleWebKit/537.36 (KHTML, like Gecko) Chrome/101.0.4951.54 Safari/537.36"
shop.infinitibizsol.com:443 186.179.100.53 - - [14/Jun/2025:22:49:51 +0000] "GET /wp-login.php HTTP/1.1" 200 4546 "-" "python-requests/2.28.1"
shop.infinitibizsol.com:443 63.250.32.87 - - [14/Jun/2025:22:49:53 +0000] "GET /wp-login.php HTTP/1.1" 200 4552 "-" "Mozilla/5.0 (Macintosh; Intel Mac OS X 10_15_7) AppleWebKit/537.36 (KHTML, like Gecko) Chrome/108.0.0.0 YaBrowser/23.1.2.980 Yowser/2.5 Safari/537.36"
shop.infinitibizsol.com:443 186.179.100.53 - - [14/Jun/2025:22:49:54 +0000] "POST /wp-login.php HTTP/1.1" 302 5 "-" "python-requests/2.28.1"
shop.infinitibizsol.com:443 118.179.191.90 - - [14/Jun/2025:22:49:55 +0000] "POST /xmlrpc.php HTTP/1.1" 200 190 "-" "python-requests/2.28.1"
shop.infinitibizsol.com:443 63.250.32.87 - - [14/Jun/2025:22:49:55 +0000] "POST /wp-login.php HTTP/1.1" 302 5 "-" "Mozilla/5.0 (Macintosh; Intel Mac OS X 10_15_7) AppleWebKit/537.36 (KHTML, like Gecko) Chrome/108.0.0.0 YaBrowser/23.1.2.980 Yowser/2.5 Safari/537.36"
shop.infinitibizsol.com:443 162.0.223.40 - - [14/Jun/2025:22:49:57 +0000] "POST /wp-cron.php?doing_wp_cron=1749941396.1868491172790527343750 HTTP/1.1" 499 0 "-" "WordPress/6.8.1; https://shop.infinitibizsol.com"
shop.infinitibizsol.com:443 186.179.100.53 - - [14/Jun/2025:22:49:57 +0000] "GET /?p=2311 HTTP/1.1" 404 5 "-" "Mozilla/5.0 (Windows NT 6.3; Win64; x64) AppleWebKit/537.36 (KHTML, like Gecko) Chrome/101.0.4951.54 Safari/537.36"
shop.infinitibizsol.com:443 63.250.32.87 - - [14/Jun/2025:22:49:57 +0000] "GET /wp-admin/ HTTP/1.1" 200 69137 "-" "Mozilla/5.0 (Macintosh; Intel Mac OS X 10_15_7) AppleWebKit/537.36 (KHTML, like Gecko) Chrome/108.0.0.0 YaBrowser/23.1.2.980 Yowser/2.5 Safari/537.36"
shop.infinitibizsol.com:443 118.179.191.90 - - [14/Jun/2025:22:49:59 +0000] "GET /wp-login.php HTTP/1.1" 200 4552 "-" "python-requests/2.28.1"
shop.infinitibizsol.com:443 63.250.32.87 - - [14/Jun/2025:22:50:00 +0000] "GET /wp-admin/post-new.php HTTP/1.1" 200 476239 "-" "Mozilla/5.0 (Macintosh; Intel Mac OS X 10_15_7) AppleWebKit/537.36 (KHTML, like Gecko) Chrome/108.0.0.0 YaBrowser/23.1.2.980 Yowser/2.5 Safari/537.36"
shop.infinitibizsol.com:443 118.179.191.90 - - [14/Jun/2025:22:50:03 +0000] "POST /wp-login.php HTTP/1.1" 302 5 "-" "python-requests/2.28.1"
shop.infinitibizsol.com:443 3.218.116.207 - - [14/Jun/2025:22:50:06 +0000] "GET /?p=2307 HTTP/1.1" 404 5 "-" "Mozilla/5.0 (Macintosh; Intel Mac OS X 10_15_7) AppleWebKit/537.36 (KHTML, like Gecko) Chrome/108.0.0.0 YaBrowser/23.1.2.980 Yowser/2.5 Safari/537.36"
shop.infinitibizsol.com:443 118.179.191.90 - - [14/Jun/2025:22:50:07 +0000] "GET /?p=2314 HTTP/1.1" 404 5 "-" "Mozilla/5.0 (Windows NT 6.3; Win64; x64) AppleWebKit/537.36 (KHTML, like Gecko) Chrome/101.0.4951.54 Safari/537.36"
shop.infinitibizsol.com:443 63.250.32.87 - - [14/Jun/2025:22:50:07 +0000] "POST /wp-json/wp/v2/categories?_locale=user HTTP/1.1" 400 169 "-" "Mozilla/5.0 (Macintosh; Intel Mac OS X 10_15_7) AppleWebKit/537.36 (KHTML, like Gecko) Chrome/108.0.0.0 YaBrowser/23.1.2.980 Yowser/2.5 Safari/537.36"
shop.infinitibizsol.com:443 3.218.116.207 - - [14/Jun/2025:22:50:08 +0000] "POST /wp-json/wp/v2/posts/2307/autosaves?_locale=user HTTP/1.1" 404 68718 "-" "Mozilla/5.0 (Macintosh; Intel Mac OS X 10_15_7) AppleWebKit/537.36 (KHTML, like Gecko) Chrome/108.0.0.0 YaBrowser/23.1.2.980 Yowser/2.5 Safari/537.36"
shop.infinitibizsol.com:443 176.241.89.134 - - [14/Jun/2025:22:50:09 +0000] "POST /wp-json/wp/v2/categories?_locale=user HTTP/1.1" 400 169 "-" "Mozilla/5.0 (Macintosh; Intel Mac OS X 10_15_7) AppleWebKit/537.36 (KHTML, like Gecko) Chrome/108.0.0.0 YaBrowser/23.1.2.980 Yowser/2.5 Safari/537.36"
shop.infinitibizsol.com:443 63.250.32.87 - - [14/Jun/2025:22:50:09 +0000] "POST /wp-admin/post.php HTTP/1.1" 302 5 "-" "Mozilla/5.0 (Macintosh; Intel Mac OS X 10_15_7) AppleWebKit/537.36 (KHTML, like Gecko) Chrome/108.0.0.0 YaBrowser/23.1.2.980 Yowser/2.5 Safari/537.36"
shop.infinitibizsol.com:443 176.241.89.134 - - [14/Jun/2025:22:50:12 +0000] "POST /wp-admin/post.php HTTP/1.1" 302 5 "-" "Mozilla/5.0 (Macintosh; Intel Mac OS X 10_15_7) AppleWebKit/537.36 (KHTML, like Gecko) Chrome/108.0.0.0 YaBrowser/23.1.2.980 Yowser/2.5 Safari/537.36"
shop.infinitibizsol.com:443 118.179.191.90 - - [14/Jun/2025:22:50:12 +0000] "GET /wp-login.php HTTP/1.1" 200 4558 "-" "Mozilla/5.0 (Macintosh; Intel Mac OS X 10_15_7) AppleWebKit/537.36 (KHTML, like Gecko) Chrome/108.0.0.0 YaBrowser/23.1.2.980 Yowser/2.5 Safari/537.36"
shop.infinitibizsol.com:443 162.0.223.40 - - [14/Jun/2025:22:50:12 +0000] "POST /wp-cron.php?doing_wp_cron=1749941411.4660780429840087890625 HTTP/1.1" 499 0 "-" "WordPress/6.8.1; https://shop.infinitibizsol.com"
shop.infinitibizsol.com:443 63.250.32.87 - - [14/Jun/2025:22:50:13 +0000] "GET /wp-admin/post.php?post=2316&action=edit&message=1 HTTP/1.1" 200 548160 "-" "Mozilla/5.0 (Macintosh; Intel Mac OS X 10_15_7) AppleWebKit/537.36 (KHTML, like Gecko) Chrome/108.0.0.0 YaBrowser/23.1.2.980 Yowser/2.5 Safari/537.36"
shop.infinitibizsol.com:443 3.218.116.207 - - [14/Jun/2025:22:50:13 +0000] "POST /index.php?rest_route=/wp/v2/posts/2307&_locale=user HTTP/1.1" 404 71557 "-" "Mozilla/5.0 (Macintosh; Intel Mac OS X 10_15_7) AppleWebKit/537.36 (KHTML, like Gecko) Chrome/108.0.0.0 YaBrowser/23.1.2.980 Yowser/2.5 Safari/537.36"
shop.infinitibizsol.com:443 118.179.191.90 - - [14/Jun/2025:22:50:16 +0000] "POST /wp-login.php HTTP/1.1" 302 5 "-" "Mozilla/5.0 (Macintosh; Intel Mac OS X 10_15_7) AppleWebKit/537.36 (KHTML, like Gecko) Chrome/108.0.0.0 YaBrowser/23.1.2.980 Yowser/2.5 Safari/537.36"
shop.infinitibizsol.com:443 176.241.89.134 - - [14/Jun/2025:22:50:17 +0000] "GET /wp-admin/post.php?post=2308&action=edit&message=1 HTTP/1.1" 200 539761 "-" "Mozilla/5.0 (Macintosh; Intel Mac OS X 10_15_7) AppleWebKit/537.36 (KHTML, like Gecko) Chrome/108.0.0.0 YaBrowser/23.1.2.980 Yowser/2.5 Safari/537.36"
shop.infinitibizsol.com:443 3.218.116.207 - - [14/Jun/2025:22:50:18 +0000] "GET /wp-admin/edit.php HTTP/1.1" 200 144473 "-" "python-requests/2.28.1"
shop.infinitibizsol.com:443 118.179.191.90 - - [14/Jun/2025:22:50:19 +0000] "GET /wp-admin/ HTTP/1.1" 200 69063 "-" "Mozilla/5.0 (Macintosh; Intel Mac OS X 10_15_7) AppleWebKit/537.36 (KHTML, like Gecko) Chrome/108.0.0.0 YaBrowser/23.1.2.980 Yowser/2.5 Safari/537.36"
