shop.infinitibizsol.com:443 46.17.44.84 - - [13/Jun/2025:23:15:33 +0000] "POST /wp-login.php HTTP/1.1" 302 5 "-" "Mozilla/5.0 (Macintosh; Intel Mac OS X 10_15_7) AppleWebKit/537.36 (KHTML, like Gecko) Chrome/108.0.0.0 YaBrowser/23.1.2.980 Yowser/2.5 Safari/537.36"
shop.infinitibizsol.com:443 161.35.31.237 - - [13/Jun/2025:23:15:34 +0000] "GET /?p=2212 HTTP/1.1" 404 5 "-" "Mozilla/5.0 (Windows NT 6.3; Win64; x64) AppleWebKit/537.36 (KHTML, like Gecko) Chrome/101.0.4951.54 Safari/537.36"
shop.infinitibizsol.com:443 31.10.57.71 - - [13/Jun/2025:23:15:36 +0000] "GET /wp-admin/post-new.php HTTP/1.1" 200 476277 "-" "Mozilla/5.0 (Macintosh; Intel Mac OS X 10_15_7) AppleWebKit/537.36 (KHTML, like Gecko) Chrome/108.0.0.0 YaBrowser/23.1.2.980 Yowser/2.5 Safari/537.36"
shop.infinitibizsol.com:443 46.17.44.84 - - [13/Jun/2025:23:15:37 +0000] "GET /wp-admin/ HTTP/1.1" 200 69181 "-" "Mozilla/5.0 (Macintosh; Intel Mac OS X 10_15_7) AppleWebKit/537.36 (KHTML, like Gecko) Chrome/108.0.0.0 YaBrowser/23.1.2.980 Yowser/2.5 Safari/537.36"
shop.infinitibizsol.com:443 161.35.31.237 - - [13/Jun/2025:23:15:38 +0000] "GET /wp-login.php HTTP/1.1" 200 4546 "-" "Mozilla/5.0 (Macintosh; Intel Mac OS X 10_15_7) AppleWebKit/537.36 (KHTML, like Gecko) Chrome/108.0.0.0 YaBrowser/23.1.2.980 Yowser/2.5 Safari/537.36"
shop.infinitibizsol.com:443 161.35.31.237 - - [13/Jun/2025:23:15:39 +0000] "POST /wp-login.php HTTP/1.1" 302 5 "-" "Mozilla/5.0 (Macintosh; Intel Mac OS X 10_15_7) AppleWebKit/537.36 (KHTML, like Gecko) Chrome/108.0.0.0 YaBrowser/23.1.2.980 Yowser/2.5 Safari/537.36"
shop.infinitibizsol.com:443 46.17.44.84 - - [13/Jun/2025:23:15:41 +0000] "GET /wp-admin/post-new.php HTTP/1.1" 200 476256 "-" "Mozilla/5.0 (Macintosh; Intel Mac OS X 10_15_7) AppleWebKit/537.36 (KHTML, like Gecko) Chrome/108.0.0.0 YaBrowser/23.1.2.980 Yowser/2.5 Safari/537.36"
shop.infinitibizsol.com:443 161.35.31.237 - - [13/Jun/2025:23:15:42 +0000] "GET /wp-admin/ HTTP/1.1" 200 69189 "-" "Mozilla/5.0 (Macintosh; Intel Mac OS X 10_15_7) AppleWebKit/537.36 (KHTML, like Gecko) Chrome/108.0.0.0 YaBrowser/23.1.2.980 Yowser/2.5 Safari/537.36"
shop.infinitibizsol.com:443 46.17.44.84 - - [13/Jun/2025:23:15:45 +0000] "POST /wp-json/wp/v2/categories?_locale=user HTTP/1.1" 400 169 "-" "Mozilla/5.0 (Macintosh; Intel Mac OS X 10_15_7) AppleWebKit/537.36 (KHTML, like Gecko) Chrome/108.0.0.0 YaBrowser/23.1.2.980 Yowser/2.5 Safari/537.36"
shop.infinitibizsol.com:443 161.35.31.237 - - [13/Jun/2025:23:15:45 +0000] "GET /wp-admin/post-new.php HTTP/1.1" 200 476231 "-" "Mozilla/5.0 (Macintosh; Intel Mac OS X 10_15_7) AppleWebKit/537.36 (KHTML, like Gecko) Chrome/108.0.0.0 YaBrowser/23.1.2.980 Yowser/2.5 Safari/537.36"
shop.infinitibizsol.com:443 31.10.57.71 - - [13/Jun/2025:23:15:45 +0000] "POST /wp-json/wp/v2/categories?_locale=user HTTP/1.1" 400 169 "-" "Mozilla/5.0 (Macintosh; Intel Mac OS X 10_15_7) AppleWebKit/537.36 (KHTML, like Gecko) Chrome/108.0.0.0 YaBrowser/23.1.2.980 Yowser/2.5 Safari/537.36"
shop.infinitibizsol.com:443 161.35.31.237 - - [13/Jun/2025:23:15:48 +0000] "POST /wp-json/wp/v2/categories?_locale=user HTTP/1.1" 400 169 "-" "Mozilla/5.0 (Macintosh; Intel Mac OS X 10_15_7) AppleWebKit/537.36 (KHTML, like Gecko) Chrome/108.0.0.0 YaBrowser/23.1.2.980 Yowser/2.5 Safari/537.36"
shop.infinitibizsol.com:443 46.17.44.84 - - [13/Jun/2025:23:15:48 +0000] "POST /wp-admin/post.php HTTP/1.1" 302 5 "-" "Mozilla/5.0 (Macintosh; Intel Mac OS X 10_15_7) AppleWebKit/537.36 (KHTML, like Gecko) Chrome/108.0.0.0 YaBrowser/23.1.2.980 Yowser/2.5 Safari/537.36"
shop.infinitibizsol.com:443 31.10.57.71 - - [13/Jun/2025:23:15:49 +0000] "POST /wp-admin/post.php HTTP/1.1" 302 5 "-" "Mozilla/5.0 (Macintosh; Intel Mac OS X 10_15_7) AppleWebKit/537.36 (KHTML, like Gecko) Chrome/108.0.0.0 YaBrowser/23.1.2.980 Yowser/2.5 Safari/537.36"
shop.infinitibizsol.com:443 162.0.223.40 - - [13/Jun/2025:23:15:51 +0000] "POST /wp-cron.php?doing_wp_cron=1749856550.8088479042053222656250 HTTP/1.1" 499 0 "-" "WordPress/6.8.1; https://shop.infinitibizsol.com"
shop.infinitibizsol.com:443 161.35.31.237 - - [13/Jun/2025:23:15:52 +0000] "POST /wp-admin/post.php HTTP/1.1" 302 5 "-" "Mozilla/5.0 (Macintosh; Intel Mac OS X 10_15_7) AppleWebKit/537.36 (KHTML, like Gecko) Chrome/108.0.0.0 YaBrowser/23.1.2.980 Yowser/2.5 Safari/537.36"
shop.infinitibizsol.com:443 46.17.44.84 - - [13/Jun/2025:23:15:52 +0000] "GET /wp-admin/post.php?post=2216&action=edit&message=1 HTTP/1.1" 200 537082 "-" "Mozilla/5.0 (Macintosh; Intel Mac OS X 10_15_7) AppleWebKit/537.36 (KHTML, like Gecko) Chrome/108.0.0.0 YaBrowser/23.1.2.980 Yowser/2.5 Safari/537.36"
shop.infinitibizsol.com:443 31.10.57.71 - - [13/Jun/2025:23:15:53 +0000] "GET /wp-admin/post.php?post=2214&action=edit&message=1 HTTP/1.1" 200 549804 "-" "Mozilla/5.0 (Macintosh; Intel Mac OS X 10_15_7) AppleWebKit/537.36 (KHTML, like Gecko) Chrome/108.0.0.0 YaBrowser/23.1.2.980 Yowser/2.5 Safari/537.36"
shop.infinitibizsol.com:443 161.35.31.237 - - [13/Jun/2025:23:15:55 +0000] "GET /wp-admin/post.php?post=2217&action=edit&message=1 HTTP/1.1" 200 532019 "-" "Mozilla/5.0 (Macintosh; Intel Mac OS X 10_15_7) AppleWebKit/537.36 (KHTML, like Gecko) Chrome/108.0.0.0 YaBrowser/23.1.2.980 Yowser/2.5 Safari/537.36"
shop.infinitibizsol.com:443 46.17.44.84 - - [13/Jun/2025:23:15:56 +0000] "GET /?p=2216 HTTP/1.1" 404 5 "-" "Mozilla/5.0 (Macintosh; Intel Mac OS X 10_15_7) AppleWebKit/537.36 (KHTML, like Gecko) Chrome/108.0.0.0 YaBrowser/23.1.2.980 Yowser/2.5 Safari/537.36"
shop.infinitibizsol.com:443 161.35.31.237 - - [13/Jun/2025:23:15:58 +0000] "GET /?p=2217 HTTP/1.1" 404 5 "-" "Mozilla/5.0 (Macintosh; Intel Mac OS X 10_15_7) AppleWebKit/537.36 (KHTML, like Gecko) Chrome/108.0.0.0 YaBrowser/23.1.2.980 Yowser/2.5 Safari/537.36"
shop.infinitibizsol.com:443 31.10.57.71 - - [13/Jun/2025:23:15:59 +0000] "GET /?p=2214 HTTP/1.1" 404 5 "-" "Mozilla/5.0 (Macintosh; Intel Mac OS X 10_15_7) AppleWebKit/537.36 (KHTML, like Gecko) Chrome/108.0.0.0 YaBrowser/23.1.2.980 Yowser/2.5 Safari/537.36"
shop.infinitibizsol.com:443 46.17.44.84 - - [13/Jun/2025:23:15:59 +0000] "POST /wp-json/wp/v2/posts/2216/autosaves?_locale=user HTTP/1.1" 404 60208 "-" "Mozilla/5.0 (Macintosh; Intel Mac OS X 10_15_7) AppleWebKit/537.36 (KHTML, like Gecko) Chrome/108.0.0.0 YaBrowser/23.1.2.980 Yowser/2.5 Safari/537.36"
shop.infinitibizsol.com:443 161.35.31.237 - - [13/Jun/2025:23:16:00 +0000] "POST /wp-json/wp/v2/posts/2217/autosaves?_locale=user HTTP/1.1" 404 54871 "-" "Mozilla/5.0 (Macintosh; Intel Mac OS X 10_15_7) AppleWebKit/537.36 (KHTML, like Gecko) Chrome/108.0.0.0 YaBrowser/23.1.2.980 Yowser/2.5 Safari/537.36"
shop.infinitibizsol.com:443 31.10.57.71 - - [13/Jun/2025:23:16:01 +0000] "POST /wp-json/wp/v2/posts/2214/autosaves?_locale=user HTTP/1.1" 404 72691 "-" "Mozilla/5.0 (Macintosh; Intel Mac OS X 10_15_7) AppleWebKit/537.36 (KHTML, like Gecko) Chrome/108.0.0.0 YaBrowser/23.1.2.980 Yowser/2.5 Safari/537.36"
shop.infinitibizsol.com:443 46.17.44.84 - - [13/Jun/2025:23:16:03 +0000] "POST /index.php?rest_route=/wp/v2/posts/2216&_locale=user HTTP/1.1" 404 62999 "-" "Mozilla/5.0 (Macintosh; Intel Mac OS X 10_15_7) AppleWebKit/537.36 (KHTML, like Gecko) Chrome/108.0.0.0 YaBrowser/23.1.2.980 Yowser/2.5 Safari/537.36"
shop.infinitibizsol.com:443 161.35.31.237 - - [13/Jun/2025:23:16:04 +0000] "POST /index.php?rest_route=/wp/v2/posts/2217&_locale=user HTTP/1.1" 404 57684 "-" "Mozilla/5.0 (Macintosh; Intel Mac OS X 10_15_7) AppleWebKit/537.36 (KHTML, like Gecko) Chrome/108.0.0.0 YaBrowser/23.1.2.980 Yowser/2.5 Safari/537.36"
shop.infinitibizsol.com:443 31.10.57.71 - - [13/Jun/2025:23:16:04 +0000] "POST /index.php?rest_route=/wp/v2/posts/2214&_locale=user HTTP/1.1" 404 75592 "-" "Mozilla/5.0 (Macintosh; Intel Mac OS X 10_15_7) AppleWebKit/537.36 (KHTML, like Gecko) Chrome/108.0.0.0 YaBrowser/23.1.2.980 Yowser/2.5 Safari/537.36"
shop.infinitibizsol.com:443 162.0.223.40 - - [13/Jun/2025:23:16:07 +0000] "POST /wp-cron.php?doing_wp_cron=1749856566.3680489063262939453125 HTTP/1.1" 499 0 "-" "WordPress/6.8.1; https://shop.infinitibizsol.com"
shop.infinitibizsol.com:443 46.17.44.84 - - [13/Jun/2025:23:16:07 +0000] "GET /wp-admin/edit.php HTTP/1.1" 200 143949 "-" "python-requests/2.28.1"
shop.infinitibizsol.com:443 161.35.31.237 - - [13/Jun/2025:23:16:08 +0000] "GET /wp-admin/edit.php HTTP/1.1" 200 144082 "-" "python-requests/2.28.1"
shop.infinitibizsol.com:443 31.10.57.71 - - [13/Jun/2025:23:16:08 +0000] "GET /wp-admin/edit.php HTTP/1.1" 200 144003 "-" "python-requests/2.28.1"
shop.infinitibizsol.com:443 45.166.40.135 - - [13/Jun/2025:23:16:10 +0000] "GET /wp-admin/post-new.php HTTP/1.1" 200 476611 "-" "Mozilla/5.0 (Macintosh; Intel Mac OS X 10_15_7) AppleWebKit/537.36 (KHTML, like Gecko) Chrome/108.0.0.0 YaBrowser/23.1.2.980 Yowser/2.5 Safari/537.36"
shop.infinitibizsol.com:443 46.17.44.84 - - [13/Jun/2025:23:16:10 +0000] "GET /?p=2216 HTTP/1.1" 404 5 "-" "Mozilla/5.0 (Macintosh; Intel Mac OS X 10_15_7) AppleWebKit/537.36 (KHTML, like Gecko) Chrome/108.0.0.0 YaBrowser/23.1.2.980 Yowser/2.5 Safari/537.36"
shop.infinitibizsol.com:443 161.35.31.237 - - [13/Jun/2025:23:16:11 +0000] "GET /?p=2217 HTTP/1.1" 404 5 "-" "Mozilla/5.0 (Macintosh; Intel Mac OS X 10_15_7) AppleWebKit/537.36 (KHTML, like Gecko) Chrome/108.0.0.0 YaBrowser/23.1.2.980 Yowser/2.5 Safari/537.36"
shop.infinitibizsol.com:443 31.10.57.71 - - [13/Jun/2025:23:16:11 +0000] "GET /?p=2214 HTTP/1.1" 404 5 "-" "Mozilla/5.0 (Macintosh; Intel Mac OS X 10_15_7) AppleWebKit/537.36 (KHTML, like Gecko) Chrome/108.0.0.0 YaBrowser/23.1.2.980 Yowser/2.5 Safari/537.36"
shop.infinitibizsol.com:443 45.166.40.135 - - [13/Jun/2025:23:16:19 +0000] "POST /wp-json/wp/v2/categories?_locale=user HTTP/1.1" 400 169 "-" "Mozilla/5.0 (Macintosh; Intel Mac OS X 10_15_7) AppleWebKit/537.36 (KHTML, like Gecko) Chrome/108.0.0.0 YaBrowser/23.1.2.980 Yowser/2.5 Safari/537.36"
shop.infinitibizsol.com:443 45.166.40.135 - - [13/Jun/2025:23:16:24 +0000] "POST /wp-admin/post.php HTTP/1.1" 302 5 "-" "Mozilla/5.0 (Macintosh; Intel Mac OS X 10_15_7) AppleWebKit/537.36 (KHTML, like Gecko) Chrome/108.0.0.0 YaBrowser/23.1.2.980 Yowser/2.5 Safari/537.36"
shop.infinitibizsol.com:443 162.0.223.40 - - [13/Jun/2025:23:16:28 +0000] "POST /wp-cron.php?doing_wp_cron=1749856587.2539570331573486328125 HTTP/1.1" 499 0 "-" "WordPress/6.8.1; https://shop.infinitibizsol.com"
shop.infinitibizsol.com:443 45.166.40.135 - - [13/Jun/2025:23:16:58 +0000] "GET /wp-admin/post.php?post=2215&action=edit&message=1 HTTP/1.1" 200 541447 "-" "Mozilla/5.0 (Macintosh; Intel Mac OS X 10_15_7) AppleWebKit/537.36 (KHTML, like Gecko) Chrome/108.0.0.0 YaBrowser/23.1.2.980 Yowser/2.5 Safari/537.36"
shop.infinitibizsol.com:443 45.166.40.135 - - [13/Jun/2025:23:17:04 +0000] "GET /?p=2215 HTTP/1.1" 404 5 "-" "Mozilla/5.0 (Macintosh; Intel Mac OS X 10_15_7) AppleWebKit/537.36 (KHTML, like Gecko) Chrome/108.0.0.0 YaBrowser/23.1.2.980 Yowser/2.5 Safari/537.36"
shop.infinitibizsol.com:443 45.166.40.135 - - [13/Jun/2025:23:17:09 +0000] "POST /wp-json/wp/v2/posts/2215/autosaves?_locale=user HTTP/1.1" 404 64602 "-" "Mozilla/5.0 (Macintosh; Intel Mac OS X 10_15_7) AppleWebKit/537.36 (KHTML, like Gecko) Chrome/108.0.0.0 YaBrowser/23.1.2.980 Yowser/2.5 Safari/537.36"
shop.infinitibizsol.com:443 45.166.40.135 - - [13/Jun/2025:23:17:25 +0000] "POST /index.php?rest_route=/wp/v2/posts/2215&_locale=user HTTP/1.1" 404 67409 "-" "Mozilla/5.0 (Macintosh; Intel Mac OS X 10_15_7) AppleWebKit/537.36 (KHTML, like Gecko) Chrome/108.0.0.0 YaBrowser/23.1.2.980 Yowser/2.5 Safari/537.36"
shop.infinitibizsol.com:443 162.0.223.40 - - [13/Jun/2025:23:17:33 +0000] "POST /wp-cron.php?doing_wp_cron=1749856652.8113849163055419921875 HTTP/1.1" 499 0 "-" "WordPress/6.8.1; https://shop.infinitibizsol.com"
shop.infinitibizsol.com:443 102.128.130.82 - - [13/Jun/2025:23:17:39 +0000] "POST /xmlrpc.php HTTP/1.1" 200 190 "-" "python-requests/2.28.1"
shop.infinitibizsol.com:443 162.0.223.40 - - [13/Jun/2025:23:17:43 +0000] "POST /wp-cron.php?doing_wp_cron=1749856662.4738979339599609375000 HTTP/1.1" 499 0 "-" "WordPress/6.8.1; https://shop.infinitibizsol.com"
shop.infinitibizsol.com:443 102.128.130.82 - - [13/Jun/2025:23:17:43 +0000] "GET /wp-login.php HTTP/1.1" 200 4564 "-" "python-requests/2.28.1"
shop.infinitibizsol.com:443 45.166.40.135 - - [13/Jun/2025:23:17:43 +0000] "GET /wp-admin/edit.php HTTP/1.1" 200 143940 "-" "python-requests/2.28.1"
shop.infinitibizsol.com:443 102.128.130.82 - - [13/Jun/2025:23:17:45 +0000] "POST /wp-login.php HTTP/1.1" 302 5 "-" "python-requests/2.28.1"
shop.infinitibizsol.com:443 45.166.40.135 - - [13/Jun/2025:23:17:47 +0000] "GET /?p=2215 HTTP/1.1" 404 5 "-" "Mozilla/5.0 (Macintosh; Intel Mac OS X 10_15_7) AppleWebKit/537.36 (KHTML, like Gecko) Chrome/108.0.0.0 YaBrowser/23.1.2.980 Yowser/2.5 Safari/537.36"
shop.infinitibizsol.com:443 102.128.130.82 - - [13/Jun/2025:23:17:47 +0000] "GET /?p=2226 HTTP/1.1" 404 5 "-" "Mozilla/5.0 (Windows NT 6.3; Win64; x64) AppleWebKit/537.36 (KHTML, like Gecko) Chrome/101.0.4951.54 Safari/537.36"
shop.infinitibizsol.com:443 177.91.52.119 - - [13/Jun/2025:23:17:48 +0000] "POST /xmlrpc.php HTTP/1.1" 200 190 "-" "python-requests/2.28.1"
shop.infinitibizsol.com:443 177.91.52.119 - - [13/Jun/2025:23:17:52 +0000] "GET /wp-login.php HTTP/1.1" 200 4606 "-" "python-requests/2.28.1"
shop.infinitibizsol.com:443 162.0.223.40 - - [13/Jun/2025:23:17:52 +0000] "POST /wp-cron.php?doing_wp_cron=1749856671.2970991134643554687500 HTTP/1.1" 499 0 "-" "WordPress/6.8.1; https://shop.infinitibizsol.com"
shop.infinitibizsol.com:443 102.128.130.82 - - [13/Jun/2025:23:17:52 +0000] "GET /wp-login.php HTTP/1.1" 200 4552 "-" "Mozilla/5.0 (Macintosh; Intel Mac OS X 10_15_7) AppleWebKit/537.36 (KHTML, like Gecko) Chrome/108.0.0.0 YaBrowser/23.1.2.980 Yowser/2.5 Safari/537.36"
shop.infinitibizsol.com:443 177.91.52.119 - - [13/Jun/2025:23:17:54 +0000] "POST /wp-login.php HTTP/1.1" 302 5 "-" "python-requests/2.28.1"
shop.infinitibizsol.com:443 102.128.130.82 - - [13/Jun/2025:23:17:54 +0000] "POST /wp-login.php HTTP/1.1" 302 5 "-" "Mozilla/5.0 (Macintosh; Intel Mac OS X 10_15_7) AppleWebKit/537.36 (KHTML, like Gecko) Chrome/108.0.0.0 YaBrowser/23.1.2.980 Yowser/2.5 Safari/537.36"
shop.infinitibizsol.com:443 177.91.52.119 - - [13/Jun/2025:23:17:56 +0000] "GET /?p=2228 HTTP/1.1" 404 5 "-" "Mozilla/5.0 (Windows NT 6.3; Win64; x64) AppleWebKit/537.36 (KHTML, like Gecko) Chrome/101.0.4951.54 Safari/537.36"
shop.infinitibizsol.com:443 102.128.130.82 - - [13/Jun/2025:23:17:56 +0000] "GET /wp-admin/ HTTP/1.1" 200 69211 "-" "Mozilla/5.0 (Macintosh; Intel Mac OS X 10_15_7) AppleWebKit/537.36 (KHTML, like Gecko) Chrome/108.0.0.0 YaBrowser/23.1.2.980 Yowser/2.5 Safari/537.36"
shop.infinitibizsol.com:443 177.91.52.119 - - [13/Jun/2025:23:17:58 +0000] "GET /wp-login.php HTTP/1.1" 200 4546 "-" "Mozilla/5.0 (Macintosh; Intel Mac OS X 10_15_7) AppleWebKit/537.36 (KHTML, like Gecko) Chrome/108.0.0.0 YaBrowser/23.1.2.980 Yowser/2.5 Safari/537.36"
shop.infinitibizsol.com:443 177.91.52.119 - - [13/Jun/2025:23:18:01 +0000] "POST /wp-login.php HTTP/1.1" 302 5 "-" "Mozilla/5.0 (Macintosh; Intel Mac OS X 10_15_7) AppleWebKit/537.36 (KHTML, like Gecko) Chrome/108.0.0.0 YaBrowser/23.1.2.980 Yowser/2.5 Safari/537.36"
shop.infinitibizsol.com:443 177.91.52.119 - - [13/Jun/2025:23:18:04 +0000] "GET /wp-admin/ HTTP/1.1" 200 69204 "-" "Mozilla/5.0 (Macintosh; Intel Mac OS X 10_15_7) AppleWebKit/537.36 (KHTML, like Gecko) Chrome/108.0.0.0 YaBrowser/23.1.2.980 Yowser/2.5 Safari/537.36"
shop.infinitibizsol.com:443 102.128.130.82 - - [13/Jun/2025:23:18:05 +0000] "GET /wp-admin/post-new.php HTTP/1.1" 200 476271 "-" "Mozilla/5.0 (Macintosh; Intel Mac OS X 10_15_7) AppleWebKit/537.36 (KHTML, like Gecko) Chrome/108.0.0.0 YaBrowser/23.1.2.980 Yowser/2.5 Safari/537.36"
shop.infinitibizsol.com:443 177.91.52.119 - - [13/Jun/2025:23:18:10 +0000] "GET /wp-admin/post-new.php HTTP/1.1" 200 476236 "-" "Mozilla/5.0 (Macintosh; Intel Mac OS X 10_15_7) AppleWebKit/537.36 (KHTML, like Gecko) Chrome/108.0.0.0 YaBrowser/23.1.2.980 Yowser/2.5 Safari/537.36"
shop.infinitibizsol.com:443 102.128.130.82 - - [13/Jun/2025:23:18:23 +0000] "POST /wp-json/wp/v2/categories?_locale=user HTTP/1.1" 400 169 "-" "Mozilla/5.0 (Macintosh; Intel Mac OS X 10_15_7) AppleWebKit/537.36 (KHTML, like Gecko) Chrome/108.0.0.0 YaBrowser/23.1.2.980 Yowser/2.5 Safari/537.36"
shop.infinitibizsol.com:443 102.128.130.82 - - [13/Jun/2025:23:18:26 +0000] "POST /wp-admin/post.php HTTP/1.1" 302 5 "-" "Mozilla/5.0 (Macintosh; Intel Mac OS X 10_15_7) AppleWebKit/537.36 (KHTML, like Gecko) Chrome/108.0.0.0 YaBrowser/23.1.2.980 Yowser/2.5 Safari/537.36"
shop.infinitibizsol.com:443 177.91.52.119 - - [13/Jun/2025:23:18:27 +0000] "POST /wp-json/wp/v2/categories?_locale=user HTTP/1.1" 400 169 "-" "Mozilla/5.0 (Macintosh; Intel Mac OS X 10_15_7) AppleWebKit/537.36 (KHTML, like Gecko) Chrome/108.0.0.0 YaBrowser/23.1.2.980 Yowser/2.5 Safari/537.36"
shop.infinitibizsol.com:443 177.91.52.119 - - [13/Jun/2025:23:18:30 +0000] "POST /wp-admin/post.php HTTP/1.1" 302 5 "-" "Mozilla/5.0 (Macintosh; Intel Mac OS X 10_15_7) AppleWebKit/537.36 (KHTML, like Gecko) Chrome/108.0.0.0 YaBrowser/23.1.2.980 Yowser/2.5 Safari/537.36"
shop.infinitibizsol.com:443 162.0.223.40 - - [13/Jun/2025:23:18:30 +0000] "POST /wp-cron.php?doing_wp_cron=1749856709.8563210964202880859375 HTTP/1.1" 499 0 "-" "WordPress/6.8.1; https://shop.infinitibizsol.com"
shop.infinitibizsol.com:443 102.128.130.82 - - [13/Jun/2025:23:18:31 +0000] "GET /wp-admin/post.php?post=2230&action=edit&message=1 HTTP/1.1" 200 539266 "-" "Mozilla/5.0 (Macintosh; Intel Mac OS X 10_15_7) AppleWebKit/537.36 (KHTML, like Gecko) Chrome/108.0.0.0 YaBrowser/23.1.2.980 Yowser/2.5 Safari/537.36"
shop.infinitibizsol.com:443 177.91.52.119 - - [13/Jun/2025:23:18:33 +0000] "GET /wp-admin/post.php?post=2231&action=edit&message=1 HTTP/1.1" 200 523336 "-" "Mozilla/5.0 (Macintosh; Intel Mac OS X 10_15_7) AppleWebKit/537.36 (KHTML, like Gecko) Chrome/108.0.0.0 YaBrowser/23.1.2.980 Yowser/2.5 Safari/537.36"
shop.infinitibizsol.com:443 102.128.130.82 - - [13/Jun/2025:23:18:44 +0000] "GET /?p=2230 HTTP/1.1" 404 5 "-" "Mozilla/5.0 (Macintosh; Intel Mac OS X 10_15_7) AppleWebKit/537.36 (KHTML, like Gecko) Chrome/108.0.0.0 YaBrowser/23.1.2.980 Yowser/2.5 Safari/537.36"
shop.infinitibizsol.com:443 177.91.52.119 - - [13/Jun/2025:23:18:44 +0000] "GET /?p=2231 HTTP/1.1" 404 5 "-" "Mozilla/5.0 (Macintosh; Intel Mac OS X 10_15_7) AppleWebKit/537.36 (KHTML, like Gecko) Chrome/108.0.0.0 YaBrowser/23.1.2.980 Yowser/2.5 Safari/537.36"
shop.infinitibizsol.com:443 188.165.236.42 - - [13/Jun/2025:23:18:45 +0000] "POST /xmlrpc.php HTTP/1.1" 408 0 "-" "python-requests/2.28.1"
shop.infinitibizsol.com:443 102.128.130.82 - - [13/Jun/2025:23:18:46 +0000] "POST /wp-json/wp/v2/posts/2230/autosaves?_locale=user HTTP/1.1" 404 62386 "-" "Mozilla/5.0 (Macintosh; Intel Mac OS X 10_15_7) AppleWebKit/537.36 (KHTML, like Gecko) Chrome/108.0.0.0 YaBrowser/23.1.2.980 Yowser/2.5 Safari/537.36"
shop.infinitibizsol.com:443 177.91.52.119 - - [13/Jun/2025:23:18:47 +0000] "POST /wp-json/wp/v2/posts/2231/autosaves?_locale=user HTTP/1.1" 404 42876 "-" "Mozilla/5.0 (Macintosh; Intel Mac OS X 10_15_7) AppleWebKit/537.36 (KHTML, like Gecko) Chrome/108.0.0.0 YaBrowser/23.1.2.980 Yowser/2.5 Safari/537.36"
shop.infinitibizsol.com:443 188.165.236.42 - - [13/Jun/2025:23:18:48 +0000] "GET /wp-login.php HTTP/1.1" 200 4577 "-" "Mozilla/5.0 (Macintosh; Intel Mac OS X 10_15_7) AppleWebKit/537.36 (KHTML, like Gecko) Chrome/108.0.0.0 YaBrowser/23.1.2.980 Yowser/2.5 Safari/537.36"
shop.infinitibizsol.com:443 102.128.130.82 - - [13/Jun/2025:23:18:50 +0000] "POST /index.php?rest_route=/wp/v2/posts/2230&_locale=user HTTP/1.1" 404 65186 "-" "Mozilla/5.0 (Macintosh; Intel Mac OS X 10_15_7) AppleWebKit/537.36 (KHTML, like Gecko) Chrome/108.0.0.0 YaBrowser/23.1.2.980 Yowser/2.5 Safari/537.36"
shop.infinitibizsol.com:443 177.91.52.119 - - [13/Jun/2025:23:18:50 +0000] "POST /index.php?rest_route=/wp/v2/posts/2231&_locale=user HTTP/1.1" 404 47596 "-" "Mozilla/5.0 (Macintosh; Intel Mac OS X 10_15_7) AppleWebKit/537.36 (KHTML, like Gecko) Chrome/108.0.0.0 YaBrowser/23.1.2.980 Yowser/2.5 Safari/537.36"
shop.infinitibizsol.com:443 188.165.236.42 - - [13/Jun/2025:23:18:51 +0000] "POST /wp-login.php HTTP/1.1" 302 5 "-" "Mozilla/5.0 (Macintosh; Intel Mac OS X 10_15_7) AppleWebKit/537.36 (KHTML, like Gecko) Chrome/108.0.0.0 YaBrowser/23.1.2.980 Yowser/2.5 Safari/537.36"
shop.infinitibizsol.com:443 177.91.52.119 - - [13/Jun/2025:23:18:54 +0000] "GET /wp-admin/edit.php HTTP/1.1" 200 145109 "-" "python-requests/2.28.1"
shop.infinitibizsol.com:443 102.128.130.82 - - [13/Jun/2025:23:18:54 +0000] "GET /wp-admin/edit.php HTTP/1.1" 200 144503 "-" "python-requests/2.28.1"
shop.infinitibizsol.com:443 162.0.223.40 - - [13/Jun/2025:23:18:54 +0000] "POST /wp-cron.php?doing_wp_cron=1749856733.6060159206390380859375 HTTP/1.1" 499 0 "-" "WordPress/6.8.1; https://shop.infinitibizsol.com"
shop.infinitibizsol.com:443 188.165.236.42 - - [13/Jun/2025:23:18:54 +0000] "GET /wp-admin/ HTTP/1.1" 200 69254 "-" "Mozilla/5.0 (Macintosh; Intel Mac OS X 10_15_7) AppleWebKit/537.36 (KHTML, like Gecko) Chrome/108.0.0.0 YaBrowser/23.1.2.980 Yowser/2.5 Safari/537.36"
shop.infinitibizsol.com:443 177.91.52.119 - - [13/Jun/2025:23:18:59 +0000] "GET /?p=2231 HTTP/1.1" 404 5 "-" "Mozilla/5.0 (Macintosh; Intel Mac OS X 10_15_7) AppleWebKit/537.36 (KHTML, like Gecko) Chrome/108.0.0.0 YaBrowser/23.1.2.980 Yowser/2.5 Safari/537.36"
shop.infinitibizsol.com:443 102.128.130.82 - - [13/Jun/2025:23:18:59 +0000] "GET /?p=2230 HTTP/1.1" 404 5 "-" "Mozilla/5.0 (Macintosh; Intel Mac OS X 10_15_7) AppleWebKit/537.36 (KHTML, like Gecko) Chrome/108.0.0.0 YaBrowser/23.1.2.980 Yowser/2.5 Safari/537.36"
shop.infinitibizsol.com:443 188.165.236.42 - - [13/Jun/2025:23:19:00 +0000] "GET /wp-admin/post-new.php HTTP/1.1" 200 476244 "-" "Mozilla/5.0 (Macintosh; Intel Mac OS X 10_15_7) AppleWebKit/537.36 (KHTML, like Gecko) Chrome/108.0.0.0 YaBrowser/23.1.2.980 Yowser/2.5 Safari/537.36"
shop.infinitibizsol.com:443 188.165.236.42 - - [13/Jun/2025:23:19:12 +0000] "POST /wp-json/wp/v2/categories?_locale=user HTTP/1.1" 400 169 "-" "Mozilla/5.0 (Macintosh; Intel Mac OS X 10_15_7) AppleWebKit/537.36 (KHTML, like Gecko) Chrome/108.0.0.0 YaBrowser/23.1.2.980 Yowser/2.5 Safari/537.36"
shop.infinitibizsol.com:443 116.212.153.116 - - [13/Jun/2025:23:19:21 +0000] "POST /xmlrpc.php HTTP/1.1" 200 190 "-" "python-requests/2.28.1"
shop.infinitibizsol.com:443 162.0.223.40 - - [13/Jun/2025:23:19:25 +0000] "POST /wp-cron.php?doing_wp_cron=1749856764.8175909519195556640625 HTTP/1.1" 499 0 "-" "WordPress/6.8.1; https://shop.infinitibizsol.com"
shop.infinitibizsol.com:443 116.212.153.116 - - [13/Jun/2025:23:19:25 +0000] "GET /wp-login.php HTTP/1.1" 200 4552 "-" "python-requests/2.28.1"
shop.infinitibizsol.com:443 116.212.153.116 - - [13/Jun/2025:23:19:27 +0000] "POST /wp-login.php HTTP/1.1" 302 5 "-" "python-requests/2.28.1"
shop.infinitibizsol.com:443 116.212.153.116 - - [13/Jun/2025:23:19:30 +0000] "GET /?p=2237 HTTP/1.1" 404 5 "-" "Mozilla/5.0 (Windows NT 6.3; Win64; x64) AppleWebKit/537.36 (KHTML, like Gecko) Chrome/101.0.4951.54 Safari/537.36"
shop.infinitibizsol.com:443 188.165.236.42 - - [13/Jun/2025:23:19:33 +0000] "POST /wp-admin/post.php HTTP/1.1" 400 0 "-" "Mozilla/5.0 (Macintosh; Intel Mac OS X 10_15_7) AppleWebKit/537.36 (KHTML, like Gecko) Chrome/108.0.0.0 YaBrowser/23.1.2.980 Yowser/2.5 Safari/537.36"
shop.infinitibizsol.com:443 116.212.153.116 - - [13/Jun/2025:23:19:35 +0000] "GET /wp-login.php HTTP/1.1" 200 4546 "-" "Mozilla/5.0 (Macintosh; Intel Mac OS X 10_15_7) AppleWebKit/537.36 (KHTML, like Gecko) Chrome/108.0.0.0 YaBrowser/23.1.2.980 Yowser/2.5 Safari/537.36"
shop.infinitibizsol.com:443 139.5.237.154 - - [13/Jun/2025:23:19:36 +0000] "GET /wp-login.php HTTP/1.1" 200 4552 "-" "Mozilla/5.0 (Macintosh; Intel Mac OS X 10_15_7) AppleWebKit/537.36 (KHTML, like Gecko) Chrome/108.0.0.0 YaBrowser/23.1.2.980 Yowser/2.5 Safari/537.36"
shop.infinitibizsol.com:443 121.101.134.112 - - [13/Jun/2025:23:19:38 +0000] "POST /xmlrpc.php HTTP/1.1" 200 190 "-" "python-requests/2.28.1"
shop.infinitibizsol.com:443 116.212.153.116 - - [13/Jun/2025:23:19:38 +0000] "POST /wp-login.php HTTP/1.1" 302 5 "-" "Mozilla/5.0 (Macintosh; Intel Mac OS X 10_15_7) AppleWebKit/537.36 (KHTML, like Gecko) Chrome/108.0.0.0 YaBrowser/23.1.2.980 Yowser/2.5 Safari/537.36"
shop.infinitibizsol.com:443 139.5.237.154 - - [13/Jun/2025:23:19:39 +0000] "POST /wp-login.php HTTP/1.1" 302 5 "-" "Mozilla/5.0 (Macintosh; Intel Mac OS X 10_15_7) AppleWebKit/537.36 (KHTML, like Gecko) Chrome/108.0.0.0 YaBrowser/23.1.2.980 Yowser/2.5 Safari/537.36"
shop.infinitibizsol.com:443 202.79.25.94 - - [13/Jun/2025:23:19:39 +0000] "POST /xmlrpc.php HTTP/1.1" 200 190 "-" "python-requests/2.28.1"
shop.infinitibizsol.com:443 162.0.223.40 - - [13/Jun/2025:23:19:41 +0000] "POST /wp-cron.php?doing_wp_cron=1749856780.7198069095611572265625 HTTP/1.1" 499 0 "-" "WordPress/6.8.1; https://shop.infinitibizsol.com"
shop.infinitibizsol.com:443 139.5.237.154 - - [13/Jun/2025:23:19:41 +0000] "GET /wp-admin/ HTTP/1.1" 200 69225 "-" "Mozilla/5.0 (Macintosh; Intel Mac OS X 10_15_7) AppleWebKit/537.36 (KHTML, like Gecko) Chrome/108.0.0.0 YaBrowser/23.1.2.980 Yowser/2.5 Safari/537.36"
shop.infinitibizsol.com:443 121.101.134.112 - - [13/Jun/2025:23:19:42 +0000] "GET /wp-login.php HTTP/1.1" 200 4552 "-" "python-requests/2.28.1"
shop.infinitibizsol.com:443 116.212.153.116 - - [13/Jun/2025:23:19:42 +0000] "GET /wp-admin/ HTTP/1.1" 200 69203 "-" "Mozilla/5.0 (Macintosh; Intel Mac OS X 10_15_7) AppleWebKit/537.36 (KHTML, like Gecko) Chrome/108.0.0.0 YaBrowser/23.1.2.980 Yowser/2.5 Safari/537.36"
shop.infinitibizsol.com:443 202.79.25.94 - - [13/Jun/2025:23:19:43 +0000] "GET /wp-login.php HTTP/1.1" 200 4552 "-" "python-requests/2.28.1"
shop.infinitibizsol.com:443 121.101.134.112 - - [13/Jun/2025:23:19:44 +0000] "POST /wp-login.php HTTP/1.1" 302 5 "-" "python-requests/2.28.1"
shop.infinitibizsol.com:443 139.5.237.154 - - [13/Jun/2025:23:19:46 +0000] "GET /wp-admin/post-new.php HTTP/1.1" 200 476222 "-" "Mozilla/5.0 (Macintosh; Intel Mac OS X 10_15_7) AppleWebKit/537.36 (KHTML, like Gecko) Chrome/108.0.0.0 YaBrowser/23.1.2.980 Yowser/2.5 Safari/537.36"
shop.infinitibizsol.com:443 202.79.25.94 - - [13/Jun/2025:23:19:46 +0000] "POST /wp-login.php HTTP/1.1" 302 5 "-" "python-requests/2.28.1"
shop.infinitibizsol.com:443 121.101.134.112 - - [13/Jun/2025:23:19:47 +0000] "GET /?p=2239 HTTP/1.1" 404 5 "-" "Mozilla/5.0 (Windows NT 6.3; Win64; x64) AppleWebKit/537.36 (KHTML, like Gecko) Chrome/101.0.4951.54 Safari/537.36"
shop.infinitibizsol.com:443 202.79.25.94 - - [13/Jun/2025:23:19:49 +0000] "GET /?p=2241 HTTP/1.1" 404 5 "-" "Mozilla/5.0 (Windows NT 6.3; Win64; x64) AppleWebKit/537.36 (KHTML, like Gecko) Chrome/101.0.4951.54 Safari/537.36"
shop.infinitibizsol.com:443 121.101.134.112 - - [13/Jun/2025:23:19:50 +0000] "GET /wp-login.php HTTP/1.1" 200 4576 "-" "Mozilla/5.0 (Macintosh; Intel Mac OS X 10_15_7) AppleWebKit/537.36 (KHTML, like Gecko) Chrome/108.0.0.0 YaBrowser/23.1.2.980 Yowser/2.5 Safari/537.36"
shop.infinitibizsol.com:443 202.79.25.94 - - [13/Jun/2025:23:19:52 +0000] "GET /wp-login.php HTTP/1.1" 200 4546 "-" "Mozilla/5.0 (Macintosh; Intel Mac OS X 10_15_7) AppleWebKit/537.36 (KHTML, like Gecko) Chrome/108.0.0.0 YaBrowser/23.1.2.980 Yowser/2.5 Safari/537.36"
shop.infinitibizsol.com:443 121.101.134.112 - - [13/Jun/2025:23:19:53 +0000] "POST /wp-login.php HTTP/1.1" 302 5 "-" "Mozilla/5.0 (Macintosh; Intel Mac OS X 10_15_7) AppleWebKit/537.36 (KHTML, like Gecko) Chrome/108.0.0.0 YaBrowser/23.1.2.980 Yowser/2.5 Safari/537.36"
shop.infinitibizsol.com:443 202.79.25.94 - - [13/Jun/2025:23:19:55 +0000] "POST /wp-login.php HTTP/1.1" 302 5 "-" "Mozilla/5.0 (Macintosh; Intel Mac OS X 10_15_7) AppleWebKit/537.36 (KHTML, like Gecko) Chrome/108.0.0.0 YaBrowser/23.1.2.980 Yowser/2.5 Safari/537.36"
shop.infinitibizsol.com:443 121.101.134.112 - - [13/Jun/2025:23:19:55 +0000] "GET /wp-admin/ HTTP/1.1" 200 69344 "-" "Mozilla/5.0 (Macintosh; Intel Mac OS X 10_15_7) AppleWebKit/537.36 (KHTML, like Gecko) Chrome/108.0.0.0 YaBrowser/23.1.2.980 Yowser/2.5 Safari/537.36"
shop.infinitibizsol.com:443 139.5.237.154 - - [13/Jun/2025:23:19:57 +0000] "POST /wp-json/wp/v2/categories?_locale=user HTTP/1.1" 400 169 "-" "Mozilla/5.0 (Macintosh; Intel Mac OS X 10_15_7) AppleWebKit/537.36 (KHTML, like Gecko) Chrome/108.0.0.0 YaBrowser/23.1.2.980 Yowser/2.5 Safari/537.36"
shop.infinitibizsol.com:443 202.79.25.94 - - [13/Jun/2025:23:19:58 +0000] "GET /wp-admin/ HTTP/1.1" 200 69182 "-" "Mozilla/5.0 (Macintosh; Intel Mac OS X 10_15_7) AppleWebKit/537.36 (KHTML, like Gecko) Chrome/108.0.0.0 YaBrowser/23.1.2.980 Yowser/2.5 Safari/537.36"
shop.infinitibizsol.com:443 139.5.237.154 - - [13/Jun/2025:23:20:00 +0000] "POST /wp-admin/post.php HTTP/1.1" 302 5 "-" "Mozilla/5.0 (Macintosh; Intel Mac OS X 10_15_7) AppleWebKit/537.36 (KHTML, like Gecko) Chrome/108.0.0.0 YaBrowser/23.1.2.980 Yowser/2.5 Safari/537.36"
shop.infinitibizsol.com:443 116.212.153.116 - - [13/Jun/2025:23:20:02 +0000] "GET /wp-admin/post-new.php HTTP/1.1" 200 476223 "-" "Mozilla/5.0 (Macintosh; Intel Mac OS X 10_15_7) AppleWebKit/537.36 (KHTML, like Gecko) Chrome/108.0.0.0 YaBrowser/23.1.2.980 Yowser/2.5 Safari/537.36"
shop.infinitibizsol.com:443 121.101.134.112 - - [13/Jun/2025:23:20:04 +0000] "GET /wp-admin/post-new.php HTTP/1.1" 200 476253 "-" "Mozilla/5.0 (Macintosh; Intel Mac OS X 10_15_7) AppleWebKit/537.36 (KHTML, like Gecko) Chrome/108.0.0.0 YaBrowser/23.1.2.980 Yowser/2.5 Safari/537.36"
shop.infinitibizsol.com:443 162.0.223.40 - - [13/Jun/2025:23:20:05 +0000] "POST /wp-cron.php?doing_wp_cron=1749856804.1528389453887939453125 HTTP/1.1" 499 0 "-" "WordPress/6.8.1; https://shop.infinitibizsol.com"
shop.infinitibizsol.com:443 139.5.237.154 - - [13/Jun/2025:23:20:06 +0000] "GET /wp-admin/post.php?post=2243&action=edit&message=1 HTTP/1.1" 200 540678 "-" "Mozilla/5.0 (Macintosh; Intel Mac OS X 10_15_7) AppleWebKit/537.36 (KHTML, like Gecko) Chrome/108.0.0.0 YaBrowser/23.1.2.980 Yowser/2.5 Safari/537.36"
shop.infinitibizsol.com:443 202.79.25.94 - - [13/Jun/2025:23:20:10 +0000] "GET /wp-admin/post-new.php HTTP/1.1" 200 476276 "-" "Mozilla/5.0 (Macintosh; Intel Mac OS X 10_15_7) AppleWebKit/537.36 (KHTML, like Gecko) Chrome/108.0.0.0 YaBrowser/23.1.2.980 Yowser/2.5 Safari/537.36"
shop.infinitibizsol.com:443 116.212.153.116 - - [13/Jun/2025:23:20:13 +0000] "POST /wp-json/wp/v2/categories?_locale=user HTTP/1.1" 400 169 "-" "Mozilla/5.0 (Macintosh; Intel Mac OS X 10_15_7) AppleWebKit/537.36 (KHTML, like Gecko) Chrome/108.0.0.0 YaBrowser/23.1.2.980 Yowser/2.5 Safari/537.36"
shop.infinitibizsol.com:443 116.212.153.116 - - [13/Jun/2025:23:20:16 +0000] "POST /wp-admin/post.php HTTP/1.1" 302 5 "-" "Mozilla/5.0 (Macintosh; Intel Mac OS X 10_15_7) AppleWebKit/537.36 (KHTML, like Gecko) Chrome/108.0.0.0 YaBrowser/23.1.2.980 Yowser/2.5 Safari/537.36"
shop.infinitibizsol.com:443 139.5.237.154 - - [13/Jun/2025:23:20:17 +0000] "GET /?p=2243 HTTP/1.1" 404 5 "-" "Mozilla/5.0 (Macintosh; Intel Mac OS X 10_15_7) AppleWebKit/537.36 (KHTML, like Gecko) Chrome/108.0.0.0 YaBrowser/23.1.2.980 Yowser/2.5 Safari/537.36"
shop.infinitibizsol.com:443 139.5.237.154 - - [13/Jun/2025:23:20:20 +0000] "POST /wp-json/wp/v2/posts/2243/autosaves?_locale=user HTTP/1.1" 404 63768 "-" "Mozilla/5.0 (Macintosh; Intel Mac OS X 10_15_7) AppleWebKit/537.36 (KHTML, like Gecko) Chrome/108.0.0.0 YaBrowser/23.1.2.980 Yowser/2.5 Safari/537.36"
shop.infinitibizsol.com:443 162.0.223.40 - - [13/Jun/2025:23:20:21 +0000] "POST /wp-cron.php?doing_wp_cron=1749856820.4498889446258544921875 HTTP/1.1" 499 0 "-" "WordPress/6.8.1; https://shop.infinitibizsol.com"
shop.infinitibizsol.com:443 121.101.134.112 - - [13/Jun/2025:23:20:23 +0000] "POST /wp-json/wp/v2/categories?_locale=user HTTP/1.1" 400 169 "-" "Mozilla/5.0 (Macintosh; Intel Mac OS X 10_15_7) AppleWebKit/537.36 (KHTML, like Gecko) Chrome/108.0.0.0 YaBrowser/23.1.2.980 Yowser/2.5 Safari/537.36"
shop.infinitibizsol.com:443 139.5.237.154 - - [13/Jun/2025:23:20:24 +0000] "POST /index.php?rest_route=/wp/v2/posts/2243&_locale=user HTTP/1.1" 404 66528 "-" "Mozilla/5.0 (Macintosh; Intel Mac OS X 10_15_7) AppleWebKit/537.36 (KHTML, like Gecko) Chrome/108.0.0.0 YaBrowser/23.1.2.980 Yowser/2.5 Safari/537.36"
shop.infinitibizsol.com:443 116.212.153.116 - - [13/Jun/2025:23:20:24 +0000] "GET /wp-admin/post.php?post=2244&action=edit&message=1 HTTP/1.1" 200 540284 "-" "Mozilla/5.0 (Macintosh; Intel Mac OS X 10_15_7) AppleWebKit/537.36 (KHTML, like Gecko) Chrome/108.0.0.0 YaBrowser/23.1.2.980 Yowser/2.5 Safari/537.36"
shop.infinitibizsol.com:443 121.101.134.112 - - [13/Jun/2025:23:20:26 +0000] "POST /wp-admin/post.php HTTP/1.1" 302 5 "-" "Mozilla/5.0 (Macintosh; Intel Mac OS X 10_15_7) AppleWebKit/537.36 (KHTML, like Gecko) Chrome/108.0.0.0 YaBrowser/23.1.2.980 Yowser/2.5 Safari/537.36"
shop.infinitibizsol.com:443 162.0.223.40 - - [13/Jun/2025:23:20:27 +0000] "POST /wp-cron.php?doing_wp_cron=1749856826.5389590263366699218750 HTTP/1.1" 499 0 "-" "WordPress/6.8.1; https://shop.infinitibizsol.com"
shop.infinitibizsol.com:443 202.79.25.94 - - [13/Jun/2025:23:20:27 +0000] "POST /wp-json/wp/v2/categories?_locale=user HTTP/1.1" 400 169 "-" "Mozilla/5.0 (Macintosh; Intel Mac OS X 10_15_7) AppleWebKit/537.36 (KHTML, like Gecko) Chrome/108.0.0.0 YaBrowser/23.1.2.980 Yowser/2.5 Safari/537.36"
shop.infinitibizsol.com:443 139.5.237.154 - - [13/Jun/2025:23:20:27 +0000] "GET /wp-admin/edit.php HTTP/1.1" 200 142721 "-" "python-requests/2.28.1"
shop.infinitibizsol.com:443 121.101.134.112 - - [13/Jun/2025:23:20:29 +0000] "GET /wp-admin/post.php?post=2246&action=edit&message=1 HTTP/1.1" 200 484738 "-" "Mozilla/5.0 (Macintosh; Intel Mac OS X 10_15_7) AppleWebKit/537.36 (KHTML, like Gecko) Chrome/108.0.0.0 YaBrowser/23.1.2.980 Yowser/2.5 Safari/537.36"
shop.infinitibizsol.com:443 202.79.25.94 - - [13/Jun/2025:23:20:30 +0000] "POST /wp-admin/post.php HTTP/1.1" 302 5 "-" "Mozilla/5.0 (Macintosh; Intel Mac OS X 10_15_7) AppleWebKit/537.36 (KHTML, like Gecko) Chrome/108.0.0.0 YaBrowser/23.1.2.980 Yowser/2.5 Safari/537.36"
shop.infinitibizsol.com:443 139.5.237.154 - - [13/Jun/2025:23:20:31 +0000] "GET /?p=2243 HTTP/1.1" 404 5 "-" "Mozilla/5.0 (Macintosh; Intel Mac OS X 10_15_7) AppleWebKit/537.36 (KHTML, like Gecko) Chrome/108.0.0.0 YaBrowser/23.1.2.980 Yowser/2.5 Safari/537.36"
shop.infinitibizsol.com:443 162.0.223.40 - - [13/Jun/2025:23:20:34 +0000] "POST /wp-cron.php?doing_wp_cron=1749856833.4368619918823242187500 HTTP/1.1" 499 0 "-" "WordPress/6.8.1; https://shop.infinitibizsol.com"
shop.infinitibizsol.com:443 202.79.25.94 - - [13/Jun/2025:23:20:36 +0000] "GET /wp-admin/post.php?post=2247&action=edit&message=1 HTTP/1.1" 200 533993 "-" "Mozilla/5.0 (Macintosh; Intel Mac OS X 10_15_7) AppleWebKit/537.36 (KHTML, like Gecko) Chrome/108.0.0.0 YaBrowser/23.1.2.980 Yowser/2.5 Safari/537.36"
shop.infinitibizsol.com:443 116.212.153.116 - - [13/Jun/2025:23:20:37 +0000] "GET /?p=2244 HTTP/1.1" 404 5 "-" "Mozilla/5.0 (Macintosh; Intel Mac OS X 10_15_7) AppleWebKit/537.36 (KHTML, like Gecko) Chrome/108.0.0.0 YaBrowser/23.1.2.980 Yowser/2.5 Safari/537.36"
shop.infinitibizsol.com:443 116.212.153.116 - - [13/Jun/2025:23:20:40 +0000] "POST /wp-json/wp/v2/posts/2244/autosaves?_locale=user HTTP/1.1" 404 63165 "-" "Mozilla/5.0 (Macintosh; Intel Mac OS X 10_15_7) AppleWebKit/537.36 (KHTML, like Gecko) Chrome/108.0.0.0 YaBrowser/23.1.2.980 Yowser/2.5 Safari/537.36"
shop.infinitibizsol.com:443 121.101.134.112 - - [13/Jun/2025:23:20:43 +0000] "GET /?p=2246 HTTP/1.1" 404 5 "-" "Mozilla/5.0 (Macintosh; Intel Mac OS X 10_15_7) AppleWebKit/537.36 (KHTML, like Gecko) Chrome/108.0.0.0 YaBrowser/23.1.2.980 Yowser/2.5 Safari/537.36"
shop.infinitibizsol.com:443 116.212.153.116 - - [13/Jun/2025:23:20:44 +0000] "POST /index.php?rest_route=/wp/v2/posts/2244&_locale=user HTTP/1.1" 404 66007 "-" "Mozilla/5.0 (Macintosh; Intel Mac OS X 10_15_7) AppleWebKit/537.36 (KHTML, like Gecko) Chrome/108.0.0.0 YaBrowser/23.1.2.980 Yowser/2.5 Safari/537.36"
shop.infinitibizsol.com:443 121.101.134.112 - - [13/Jun/2025:23:20:46 +0000] "POST /wp-json/wp/v2/posts/2246/autosaves?_locale=user HTTP/1.1" 404 7751 "-" "Mozilla/5.0 (Macintosh; Intel Mac OS X 10_15_7) AppleWebKit/537.36 (KHTML, like Gecko) Chrome/108.0.0.0 YaBrowser/23.1.2.980 Yowser/2.5 Safari/537.36"
shop.infinitibizsol.com:443 162.0.223.40 - - [13/Jun/2025:23:20:49 +0000] "POST /wp-cron.php?doing_wp_cron=1749856848.2800579071044921875000 HTTP/1.1" 499 0 "-" "WordPress/6.8.1; https://shop.infinitibizsol.com"
shop.infinitibizsol.com:443 121.101.134.112 - - [13/Jun/2025:23:20:49 +0000] "POST /index.php?rest_route=/wp/v2/posts/2246&_locale=user HTTP/1.1" 404 10534 "-" "Mozilla/5.0 (Macintosh; Intel Mac OS X 10_15_7) AppleWebKit/537.36 (KHTML, like Gecko) Chrome/108.0.0.0 YaBrowser/23.1.2.980 Yowser/2.5 Safari/537.36"
shop.infinitibizsol.com:443 202.79.25.94 - - [13/Jun/2025:23:20:49 +0000] "GET /?p=2247 HTTP/1.1" 404 5 "-" "Mozilla/5.0 (Macintosh; Intel Mac OS X 10_15_7) AppleWebKit/537.36 (KHTML, like Gecko) Chrome/108.0.0.0 YaBrowser/23.1.2.980 Yowser/2.5 Safari/537.36"
shop.infinitibizsol.com:443 116.212.153.116 - - [13/Jun/2025:23:20:49 +0000] "GET /wp-admin/edit.php HTTP/1.1" 200 142843 "-" "python-requests/2.28.1"
shop.infinitibizsol.com:443 121.101.134.112 - - [13/Jun/2025:23:20:52 +0000] "GET /wp-admin/edit.php HTTP/1.1" 200 142993 "-" "python-requests/2.28.1"
shop.infinitibizsol.com:443 202.79.25.94 - - [13/Jun/2025:23:20:52 +0000] "POST /wp-json/wp/v2/posts/2247/autosaves?_locale=user HTTP/1.1" 404 56921 "-" "Mozilla/5.0 (Macintosh; Intel Mac OS X 10_15_7) AppleWebKit/537.36 (KHTML, like Gecko) Chrome/108.0.0.0 YaBrowser/23.1.2.980 Yowser/2.5 Safari/537.36"
shop.infinitibizsol.com:443 116.212.153.116 - - [13/Jun/2025:23:20:55 +0000] "GET /?p=2244 HTTP/1.1" 404 5 "-" "Mozilla/5.0 (Macintosh; Intel Mac OS X 10_15_7) AppleWebKit/537.36 (KHTML, like Gecko) Chrome/108.0.0.0 YaBrowser/23.1.2.980 Yowser/2.5 Safari/537.36"
shop.infinitibizsol.com:443 202.79.25.94 - - [13/Jun/2025:23:20:56 +0000] "POST /index.php?rest_route=/wp/v2/posts/2247&_locale=user HTTP/1.1" 404 59735 "-" "Mozilla/5.0 (Macintosh; Intel Mac OS X 10_15_7) AppleWebKit/537.36 (KHTML, like Gecko) Chrome/108.0.0.0 YaBrowser/23.1.2.980 Yowser/2.5 Safari/537.36"
shop.infinitibizsol.com:443 121.101.134.112 - - [13/Jun/2025:23:20:57 +0000] "GET /?p=2246 HTTP/1.1" 404 5 "-" "Mozilla/5.0 (Macintosh; Intel Mac OS X 10_15_7) AppleWebKit/537.36 (KHTML, like Gecko) Chrome/108.0.0.0 YaBrowser/23.1.2.980 Yowser/2.5 Safari/537.36"
shop.infinitibizsol.com:443 162.0.223.40 - - [13/Jun/2025:23:21:01 +0000] "POST /wp-cron.php?doing_wp_cron=1749856860.1303350925445556640625 HTTP/1.1" 499 0 "-" "WordPress/6.8.1; https://shop.infinitibizsol.com"
shop.infinitibizsol.com:443 202.79.25.94 - - [13/Jun/2025:23:21:01 +0000] "GET /wp-admin/edit.php HTTP/1.1" 200 143588 "-" "python-requests/2.28.1"
shop.infinitibizsol.com:443 202.79.25.94 - - [13/Jun/2025:23:21:05 +0000] "GET /?p=2247 HTTP/1.1" 404 5 "-" "Mozilla/5.0 (Macintosh; Intel Mac OS X 10_15_7) AppleWebKit/537.36 (KHTML, like Gecko) Chrome/108.0.0.0 YaBrowser/23.1.2.980 Yowser/2.5 Safari/537.36"
shop.infinitibizsol.com:443 45.227.253.15 - - [14/Jun/2025:01:20:44 +0000] "GET /index.php/jk HTTP/1.1" 200 54 "-" "Mozilla/5.0 (Windows NT 10.0; Win64; x64; rv:83.0) Gecko/20100101 Firefox/83.0"
shop.infinitibizsol.com:80 162.0.223.40 - - [14/Jun/2025:02:53:18 +0000] "POST /wp-cron.php?doing_wp_cron=1749869597.1196670532226562500000 HTTP/1.1" 499 0 "-" "WordPress/6.8.1; https://shop.infinitibizsol.com"
shop.infinitibizsol.com:80 185.135.85.166 - - [14/Jun/2025:02:53:18 +0000] "POST /xmlrpc.php HTTP/1.1" 200 14027 "-" "Mozilla/5.0 (Windows NT 10.0; Win64; x64) AppleWebKit/537.36 (KHTML, like Gecko) Chrome/114.0.0.0 Safari/537.36"
shop.infinitibizsol.com:80 185.135.85.166 - - [14/Jun/2025:02:53:49 +0000] "POST /xmlrpc.php HTTP/1.1" 200 190 "-" "Mozilla/5.0 (Windows NT 10.0; Win64; x64) AppleWebKit/537.36 (KHTML, like Gecko) Chrome/114.0.0.0 Safari/537.36"
shop.infinitibizsol.com:80 162.0.223.40 - - [14/Jun/2025:02:54:12 +0000] "POST /wp-cron.php?doing_wp_cron=1749869651.2317070960998535156250 HTTP/1.1" 499 0 "-" "WordPress/6.8.1; https://shop.infinitibizsol.com"
shop.infinitibizsol.com:80 185.135.85.166 - - [14/Jun/2025:02:54:12 +0000] "POST /xmlrpc.php HTTP/1.1" 200 18260 "-" "Mozilla/5.0 (Windows NT 10.0; Win64; x64) AppleWebKit/537.36 (KHTML, like Gecko) Chrome/114.0.0.0 Safari/537.36"
shop.infinitibizsol.com:80 185.135.85.168 - - [14/Jun/2025:03:04:45 +0000] "POST /xmlrpc.php HTTP/1.1" 200 14027 "-" "Mozilla/5.0 (Windows NT 6.1; Win64; x64) AppleWebKit/537.36 (KHTML, like Gecko) Chrome/79.0.3945.130 Safari/537.36"
shop.infinitibizsol.com:443 45.227.253.15 - - [14/Jun/2025:04:05:15 +0000] "GET /index.php/jk HTTP/1.1" 200 54 "-" "Mozilla/5.0 (Linux; Android 10; Z832 Build/MMB29M) AppleWebKit/537.36 (KHTML, like Gecko) Chrome/85.0.4183.83 Mobile Safari/537.36"
shop.infinitibizsol.com:443 162.0.223.40 - - [14/Jun/2025:04:55:41 +0000] "POST /wp-cron.php?doing_wp_cron=1749876940.8848960399627685546875 HTTP/1.1" 499 0 "-" "WordPress/6.8.1; https://shop.infinitibizsol.com"
shop.infinitibizsol.com:443 45.227.253.15 - - [14/Jun/2025:05:34:43 +0000] "GET /?ARRAY=7o2230223n313734393838323937322p2231223n22687474703n5p2s5p2s3230342r31322r3233382r37345p2s3s6p633q7068705s636s64655s6n6326743q313734393837393337322q3862393133373465326264363863616339366564316138633735643930393464222p2232223n226266643030393933663536646138383037383636656633373337613364643464222p2233223n226166643066333032373064613330303536656335306131613039343336613433222p2262696r675s70617373223n2232362q34312q35312q36392q37332q38342q3235227q HTTP/1.1" 200 95 "-" "Mozilla/5.0 (Windows NT 10.0; Win64; x64) AppleWebKit/537.36 (KHTML, like Gecko) Chrome/77.0.3760. Safari/537.36 Edg/77.0.141.7"
shop.infinitibizsol.com:443 45.227.253.15 - - [14/Jun/2025:07:27:50 +0000] "GET /index.php/jk HTTP/1.1" 200 54 "-" "Mozilla/5.0 (Windows NT 6.3; Win64; x64) AppleWebKit/537.36 (KHTML, like Gecko) Chrome/86.0.4240.111 Safari/537.36"
shop.infinitibizsol.com:443 45.227.253.15 - - [14/Jun/2025:09:18:59 +0000] "GET /index.php/jk HTTP/1.1" 200 54 "-" "Mozilla/5.0 (Macintosh; Intel Mac OS X 10.11; rv:103.0) Gecko/20100101 Firefox/102.0"
shop.infinitibizsol.com:443 162.0.223.40 - - [14/Jun/2025:09:21:51 +0000] "POST /wp-cron.php?doing_wp_cron=1749892910.5334010124206542968750 HTTP/1.1" 499 0 "-" "WordPress/6.8.1; https://shop.infinitibizsol.com"
shop.infinitibizsol.com:443 84.17.52.139 - - [14/Jun/2025:09:21:52 +0000] "POST /xmlrpc.php HTTP/1.1" 200 14027 "-" "Mozilla/5.0 (Macintosh; Intel Mac OS X 10_15_3) AppleWebKit/537.36 (KHTML, like Gecko) Chrome/80.0.3987.132 Safari/537.36"
shop.infinitibizsol.com:443 84.17.52.139 - - [14/Jun/2025:09:21:54 +0000] "POST /xmlrpc.php HTTP/1.1" 200 190 "-" "Mozilla/5.0 (Macintosh; Intel Mac OS X 10_15_3) AppleWebKit/537.36 (KHTML, like Gecko) Chrome/80.0.3987.132 Safari/537.36"
shop.infinitibizsol.com:443 162.0.223.40 - - [14/Jun/2025:09:21:57 +0000] "POST /wp-cron.php?doing_wp_cron=1749892916.9471108913421630859375 HTTP/1.1" 499 0 "-" "WordPress/6.8.1; https://shop.infinitibizsol.com"
shop.infinitibizsol.com:443 84.17.52.139 - - [14/Jun/2025:09:21:58 +0000] "POST /xmlrpc.php HTTP/1.1" 200 11177 "-" "Mozilla/5.0 (Macintosh; Intel Mac OS X 10_15_3) AppleWebKit/537.36 (KHTML, like Gecko) Chrome/80.0.3987.132 Safari/537.36"
shop.infinitibizsol.com:443 162.0.223.40 - - [14/Jun/2025:09:40:05 +0000] "POST /wp-cron.php?doing_wp_cron=1749894003.9828269481658935546875 HTTP/1.1" 499 0 "-" "WordPress/6.8.1; https://shop.infinitibizsol.com"
shop.infinitibizsol.com:443 198.235.24.129 - - [14/Jun/2025:09:40:06 +0000] "GET / HTTP/1.1" 404 101709 "-" "-"
shop.infinitibizsol.com:80 162.0.223.40 - - [14/Jun/2025:10:23:36 +0000] "POST /wp-cron.php?doing_wp_cron=1749896615.2952969074249267578125 HTTP/1.1" 499 0 "-" "WordPress/6.8.1; https://shop.infinitibizsol.com"
shop.infinitibizsol.com:80 84.17.52.131 - - [14/Jun/2025:10:23:36 +0000] "POST /xmlrpc.php HTTP/1.1" 200 14027 "-" "Mozilla/5.0 (Windows NT 10.0; Win64; x64) AppleWebKit/537.36 (KHTML, like Gecko) Chrome/80.0.3987.122 Safari/537.36 Edg/80.0.361.62"
shop.infinitibizsol.com:80 84.17.52.131 - - [14/Jun/2025:10:23:40 +0000] "POST /xmlrpc.php HTTP/1.1" 200 190 "-" "Mozilla/5.0 (Windows NT 10.0; Win64; x64) AppleWebKit/537.36 (KHTML, like Gecko) Chrome/80.0.3987.122 Safari/537.36 Edg/80.0.361.62"
shop.infinitibizsol.com:80 162.0.223.40 - - [14/Jun/2025:10:23:46 +0000] "POST /wp-cron.php?doing_wp_cron=1749896625.5164599418640136718750 HTTP/1.1" 499 0 "-" "WordPress/6.8.1; https://shop.infinitibizsol.com"
shop.infinitibizsol.com:80 84.17.52.131 - - [14/Jun/2025:10:23:47 +0000] "POST /xmlrpc.php HTTP/1.1" 200 9024 "-" "Mozilla/5.0 (Windows NT 10.0; Win64; x64) AppleWebKit/537.36 (KHTML, like Gecko) Chrome/80.0.3987.122 Safari/537.36 Edg/80.0.361.62"
shop.infinitibizsol.com:443 45.227.253.15 - - [14/Jun/2025:12:19:38 +0000] "GET /siteheads.php?ARRAY=7o2230223n313734393930373236372p2231223n22687474703n5p2s5p2s3230342r31322r3233382r37345p2s3s6p633q7068705s636s64655s6n6326743q313734393930333636372q3261336331666639343962646662393562303366646636613363363366626133222p2232223n223462386430633165323536383232306665396362363964646335363339373935222p2233223n226638613531633563383166656138353739393038393634373032363437643264222p2262696r675s70617373223n2232322q35302q35382q36332q37342q39302q3135227q HTTP/1.1" 200 95 "-" "Mozilla/5.0 (Macintosh; Intel Mac OS X 10.11; rv:103.0) Gecko/20100101 Firefox/101.0"
shop.infinitibizsol.com:80 162.0.223.40 - - [14/Jun/2025:13:10:30 +0000] "POST /wp-cron.php?doing_wp_cron=1749906629.3291280269622802734375 HTTP/1.1" 499 0 "-" "WordPress/6.8.1; https://shop.infinitibizsol.com"
shop.infinitibizsol.com:80 147.185.132.108 - - [14/Jun/2025:13:10:30 +0000] "GET / HTTP/1.1" 404 5 "-" "Expanse, a Palo Alto Networks company, searches across the global IPv4 space multiple times per day to identify customers' presences on the Internet. If you would like to be excluded from our scans, please send IP addresses/domains to: scaninfo@paloaltonetworks.com"
shop.infinitibizsol.com:443 45.227.253.15 - - [14/Jun/2025:13:19:04 +0000] "GET /index.php/jk HTTP/1.1" 200 54 "-" "Mozilla/5.0 (Windows NT 10.0; Win64; x64) AppleWebKit/537.36 (KHTML, like Gecko) Chrome/75.0.3780 Safari/537.36 Edg/75.0.139"
shop.infinitibizsol.com:443 45.227.253.15 - - [14/Jun/2025:15:42:09 +0000] "GET /index.php/jk HTTP/1.1" 200 54 "-" "Mozilla/5.0 (Windows NT 6.2; WOW64; rv:72.0) Gecko/20100101 Firefox/72.0"
shop.infinitibizsol.com:443 45.227.253.15 - - [14/Jun/2025:18:26:57 +0000] "GET /index.php/jk HTTP/1.1" 200 54 "-" "Mozilla/5.0 (Macintosh; Intel Mac OS X 10.14; rv:103.0) Gecko/20100101 Firefox/103.0"
shop.infinitibizsol.com:443 162.0.223.40 - - [14/Jun/2025:19:01:47 +0000] "POST /wp-cron.php?doing_wp_cron=1749927706.9123671054840087890625 HTTP/1.1" 499 0 "-" "WordPress/6.8.1; https://shop.infinitibizsol.com"
shop.infinitibizsol.com:443 45.227.253.15 - - [14/Jun/2025:19:01:48 +0000] "GET /413996-juejiang/?ARRAY=7o2230223n313734393933313339342p2231223n22687474703n5p2s5p2s3230342r31322r3233382r37345p2s3s6p633q7068705s636s64655s6n6326743q313734393932373739342q6539356132353932623264656165333630326161653135343530386665356430222p2232223n226138396461653834356330303433353232653737306138636639663931383838222p2233223n223032623832383666613964616438643064623861303630393930663139393437222p2262696r675s70617373223n2232382q33392q35312q36352q37322q38342q3838227q HTTP/1.1" 404 54190 "-" "Mozilla/5.0 (Windows NT 10.0; Win64; x64) AppleWebKit/537.36 (KHTML, like Gecko) Chrome/81.0.3282.140 Safari/537.36 Edge/18.17763"
shop.infinitibizsol.com:80 185.77.217.49 - - [14/Jun/2025:19:14:31 +0000] "POST /xmlrpc.php HTTP/1.1" 200 190 "-" "Mozilla/5.0 (Macintosh; Intel Mac OS X 12_5) AppleWebKit/537.36 (KHTML, like Gecko) Chrome/114.0.0.0 Safari/537.36 Edg/114.0.1264.71"
shop.infinitibizsol.com:80 162.0.223.40 - - [14/Jun/2025:19:15:23 +0000] "POST /wp-cron.php?doing_wp_cron=1749928522.9029819965362548828125 HTTP/1.1" 499 0 "-" "WordPress/6.8.1; https://shop.infinitibizsol.com"
shop.infinitibizsol.com:80 185.77.217.49 - - [14/Jun/2025:19:15:24 +0000] "POST /xmlrpc.php HTTP/1.1" 200 13453 "-" "Mozilla/5.0 (Macintosh; Intel Mac OS X 12_5) AppleWebKit/537.36 (KHTML, like Gecko) Chrome/114.0.0.0 Safari/537.36 Edg/114.0.1264.71"
shop.infinitibizsol.com:80 162.0.223.40 - - [14/Jun/2025:19:26:51 +0000] "POST /wp-cron.php?doing_wp_cron=1749929210.2325639724731445312500 HTTP/1.1" 499 0 "-" "WordPress/6.8.1; https://shop.infinitibizsol.com"
shop.infinitibizsol.com:80 185.77.217.41 - - [14/Jun/2025:19:26:51 +0000] "POST /xmlrpc.php HTTP/1.1" 200 14027 "-" "Mozilla/5.0 (Windows NT 10.0; Win64; x64) AppleWebKit/537.36 (KHTML, like Gecko) Chrome/79.0.3945.88 Safari/537.36"
shop.infinitibizsol.com:80 185.77.217.41 - - [14/Jun/2025:19:27:05 +0000] "POST /xmlrpc.php HTTP/1.1" 200 190 "-" "Mozilla/5.0 (Windows NT 10.0; Win64; x64) AppleWebKit/537.36 (KHTML, like Gecko) Chrome/79.0.3945.88 Safari/537.36"
shop.infinitibizsol.com:80 162.0.223.40 - - [14/Jun/2025:19:27:13 +0000] "POST /wp-cron.php?doing_wp_cron=1749929232.5241329669952392578125 HTTP/1.1" 499 0 "-" "WordPress/6.8.1; https://shop.infinitibizsol.com"
shop.infinitibizsol.com:80 185.77.217.41 - - [14/Jun/2025:19:27:14 +0000] "POST /xmlrpc.php HTTP/1.1" 200 16813 "-" "Mozilla/5.0 (Windows NT 10.0; Win64; x64) AppleWebKit/537.36 (KHTML, like Gecko) Chrome/79.0.3945.88 Safari/537.36"
shop.infinitibizsol.com:443 162.0.223.40 - - [14/Jun/2025:20:06:17 +0000] "POST /wp-cron.php?doing_wp_cron=1749931576.7802948951721191406250 HTTP/1.1" 499 0 "-" "WordPress/6.8.1; https://shop.infinitibizsol.com"
