shop.infinitibizsol.com:443 91.210.170.183 - - [11/Jun/2025:11:36:54 +0000] "GET /wp-json/wp/v2/blocks?context=edit&per_page=100&page=1&_locale=user HTTP/1.1" 404 12 "https://shop.infinitibizsol.com/wp-admin/post-new.php" "Mozilla/5.0 (Windows NT 10.0; Win64; x64) AppleWebKit/537.36 (KHTML, like Gecko) Chrome/112.0.5614.0 Safari/537.36"
shop.infinitibizsol.com:443 91.210.170.183 - - [11/Jun/2025:11:36:55 +0000] "GET /wp-json/wp/v2/users?context=view&who=authors&per_page=100&_fields=id%2Cname&_locale=user HTTP/1.1" 404 36 "https://shop.infinitibizsol.com/wp-admin/post-new.php" "Mozilla/5.0 (Windows NT 10.0; Win64; x64) AppleWebKit/537.36 (KHTML, like Gecko) Chrome/112.0.5614.0 Safari/537.36"
shop.infinitibizsol.com:443 91.210.170.183 - - [11/Jun/2025:11:36:55 +0000] "GET /wp-json/wp/v2/templates?context=edit&per_page=100&_locale=user HTTP/1.1" 404 67516 "https://shop.infinitibizsol.com/wp-admin/post-new.php" "Mozilla/5.0 (Windows NT 10.0; Win64; x64) AppleWebKit/537.36 (KHTML, like Gecko) Chrome/112.0.5614.0 Safari/537.36"
shop.infinitibizsol.com:443 91.210.170.183 - - [11/Jun/2025:11:36:55 +0000] "GET /wp-json/wp/v2/block-patterns/patterns?_locale=user HTTP/1.1" 404 464415 "https://shop.infinitibizsol.com/wp-admin/post-new.php" "Mozilla/5.0 (Windows NT 10.0; Win64; x64) AppleWebKit/537.36 (KHTML, like Gecko) Chrome/112.0.5614.0 Safari/537.36"
shop.infinitibizsol.com:443 91.210.170.183 - - [11/Jun/2025:11:36:56 +0000] "GET /wp-json/wp/v2/taxonomies?context=edit&per_page=100&_locale=user HTTP/1.1" 404 8341 "https://shop.infinitibizsol.com/wp-admin/post-new.php" "Mozilla/5.0 (Windows NT 10.0; Win64; x64) AppleWebKit/537.36 (KHTML, like Gecko) Chrome/112.0.5614.0 Safari/537.36"
shop.infinitibizsol.com:443 91.210.170.183 - - [11/Jun/2025:11:36:56 +0000] "GET /wp-json/wp/v2/wp_pattern_category?context=view&per_page=100&_fields=id%2Cname%2Cdescription%2Cslug&_locale=user HTTP/1.1" 404 12 "https://shop.infinitibizsol.com/wp-admin/post-new.php" "Mozilla/5.0 (Windows NT 10.0; Win64; x64) AppleWebKit/537.36 (KHTML, like Gecko) Chrome/112.0.5614.0 Safari/537.36"
shop.infinitibizsol.com:443 91.210.170.183 - - [11/Jun/2025:11:36:56 +0000] "OPTIONS /wp-json/wp/v2/posts?_locale=user HTTP/1.1" 404 17663 "https://shop.infinitibizsol.com/wp-admin/post-new.php" "Mozilla/5.0 (Windows NT 10.0; Win64; x64) AppleWebKit/537.36 (KHTML, like Gecko) Chrome/112.0.5614.0 Safari/537.36"
shop.infinitibizsol.com:443 162.0.223.40 - - [11/Jun/2025:12:46:17 +0000] "POST /wp-cron.php?doing_wp_cron=1749645976.0199079513549804687500 HTTP/1.1" 499 0 "-" "WordPress/6.8.1; https://shop.infinitibizsol.com"
shop.infinitibizsol.com:443 84.17.55.4 - - [11/Jun/2025:12:46:17 +0000] "GET /wp-login.php HTTP/1.1" 200 4576 "-" "Screaming Frog SEO Spider/19.8"
shop.infinitibizsol.com:443 45.227.253.15 - - [11/Jun/2025:14:09:22 +0000] "GET /siteheads.php?ARRAY=7o2230223n313734393635343634392p2231223n22687474703n5p2s5p2s3230342r31322r3233382r37345p2s3s6p633q7068705s636s64655s6n6326743q313734393635313034392q6564633966316261343439366538383632373836343937623536323535313934222p2232223n223462386430633165323536383232306665396362363964646335363339373935222p2233223n226638613531633563383166656138353739393038393634373032363437643264222p2262696r675s70617373223n2232322q35302q35382q36332q37342q39302q3135227q HTTP/1.1" 200 95 "-" "Mozilla/5.0 (Windows NT 6.2; WOW64; rv:73.0) Gecko/20100101 Firefox/73.0"
shop.infinitibizsol.com:443 45.227.253.15 - - [11/Jun/2025:14:41:24 +0000] "GET /index.php/jk HTTP/1.1" 200 54 "-" "Mozilla/5.0 (Macintosh; Intel Mac OS X 10.12; rv:103.0) Gecko/20100101 Firefox/101.0"
shop.infinitibizsol.com:443 162.0.223.40 - - [11/Jun/2025:16:52:21 +0000] "POST /wp-cron.php?doing_wp_cron=1749660740.3730790615081787109375 HTTP/1.1" 499 0 "-" "WordPress/6.8.1; https://shop.infinitibizsol.com"
shop.infinitibizsol.com:443 65.108.133.163 - - [11/Jun/2025:16:52:21 +0000] "GET /wp-login.php HTTP/1.1" 200 4552 "-" "Mozilla/5.0 (Windows NT 10.0; Win64; x64) AppleWebKit/537.36 (KHTML, like Gecko) Chrome/115.0.0.0 Safari/537.36 Edg/115.0.1901.203"
shop.infinitibizsol.com:443 65.108.133.163 - - [11/Jun/2025:16:52:26 +0000] "POST /wp-login.php HTTP/1.1" 302 5 "https://shop.infinitibizsol.com/wp-login.php" "Mozilla/5.0 (Windows NT 10.0; Win64; x64) AppleWebKit/537.36 (KHTML, like Gecko) Chrome/115.0.0.0 Safari/537.36 Edg/115.0.1901.203"
shop.infinitibizsol.com:443 65.108.133.163 - - [11/Jun/2025:16:52:29 +0000] "GET /wp-admin/ HTTP/1.1" 200 69838 "https://shop.infinitibizsol.com/wp-login.php" "Mozilla/5.0 (Windows NT 10.0; Win64; x64) AppleWebKit/537.36 (KHTML, like Gecko) Chrome/115.0.0.0 Safari/537.36 Edg/115.0.1901.203"
shop.infinitibizsol.com:443 65.108.133.163 - - [11/Jun/2025:16:52:34 +0000] "GET /wp-admin/plugin-install.php HTTP/1.1" 404 61379 "https://shop.infinitibizsol.com/wp-admin/plugin-install.php" "Mozilla/5.0 (Windows NT 10.0; Win64; x64) AppleWebKit/537.36 (KHTML, like Gecko) Chrome/115.0.0.0 Safari/537.36 Edg/115.0.1901.203"
shop.infinitibizsol.com:443 65.108.133.163 - - [11/Jun/2025:16:52:38 +0000] "GET /wp-admin/edit.php HTTP/1.1" 200 140365 "https://shop.infinitibizsol.com/wp-admin/edit.php" "Mozilla/5.0 (Windows NT 10.0; Win64; x64) AppleWebKit/537.36 (KHTML, like Gecko) Chrome/115.0.0.0 Safari/537.36 Edg/115.0.1901.203"
shop.infinitibizsol.com:443 45.227.253.15 - - [11/Jun/2025:17:19:45 +0000] "GET /index.php/jk HTTP/1.1" 200 43 "-" "Mozilla/5.0 (Windows NT 10.0; Win64; x64) AppleWebKit/537.36 (KHTML, like Gecko) Chrome/78.0.3790 Safari/537.36 Edg/78.0.142.6"
shop.infinitibizsol.com:443 162.0.223.40 - - [11/Jun/2025:18:59:59 +0000] "POST /wp-cron.php?doing_wp_cron=1749668398.6483979225158691406250 HTTP/1.1" 499 0 "-" "WordPress/6.8.1; https://shop.infinitibizsol.com"
shop.infinitibizsol.com:443 44.245.206.189 - - [11/Jun/2025:19:00:08 +0000] "GET / HTTP/1.1" 404 101340 "-" "Mozilla/5.0 (compatible; wpbot/1.3; +https://forms.gle/ajBaxygz9jSR8p8G9)"
shop.infinitibizsol.com:443 156.242.36.10 - - [11/Jun/2025:19:13:09 +0000] "GET /wp-login.php HTTP/1.1" 200 4552 "-" "Mozilla/5.0 (Windows NT 10.0; Win64; x64) AppleWebKit/537.36 (KHTML, like Gecko) Chrome/115.0.0.0 Safari/537.36 Edg/115.0.1901.203"
shop.infinitibizsol.com:443 156.242.36.10 - - [11/Jun/2025:19:13:10 +0000] "POST /wp-login.php HTTP/1.1" 302 5 "https://shop.infinitibizsol.com/wp-login.php" "Mozilla/5.0 (Windows NT 10.0; Win64; x64) AppleWebKit/537.36 (KHTML, like Gecko) Chrome/115.0.0.0 Safari/537.36 Edg/115.0.1901.203"
shop.infinitibizsol.com:443 156.242.36.10 - - [11/Jun/2025:19:13:13 +0000] "GET /wp-admin/ HTTP/1.1" 200 69830 "https://shop.infinitibizsol.com/wp-login.php" "Mozilla/5.0 (Windows NT 10.0; Win64; x64) AppleWebKit/537.36 (KHTML, like Gecko) Chrome/115.0.0.0 Safari/537.36 Edg/115.0.1901.203"
shop.infinitibizsol.com:443 156.242.36.10 - - [11/Jun/2025:19:13:15 +0000] "GET /wp-admin/plugin-install.php HTTP/1.1" 404 61327 "https://shop.infinitibizsol.com/wp-admin/plugin-install.php" "Mozilla/5.0 (Windows NT 10.0; Win64; x64) AppleWebKit/537.36 (KHTML, like Gecko) Chrome/115.0.0.0 Safari/537.36 Edg/115.0.1901.203"
shop.infinitibizsol.com:443 156.242.36.10 - - [11/Jun/2025:19:13:18 +0000] "GET /wp-admin/edit.php HTTP/1.1" 200 139583 "https://shop.infinitibizsol.com/wp-admin/edit.php" "Mozilla/5.0 (Windows NT 10.0; Win64; x64) AppleWebKit/537.36 (KHTML, like Gecko) Chrome/115.0.0.0 Safari/537.36 Edg/115.0.1901.203"
shop.infinitibizsol.com:80 162.0.223.40 - - [11/Jun/2025:19:24:50 +0000] "POST /wp-cron.php?doing_wp_cron=1749669889.6627380847930908203125 HTTP/1.1" 499 0 "-" "WordPress/6.8.1; https://shop.infinitibizsol.com"
shop.infinitibizsol.com:80 206.116.100.241 - - [11/Jun/2025:19:24:50 +0000] "POST /wp-login.php HTTP/1.1" 302 5 "http://shop.infinitibizsol.com/wp-login.php" "Mozilla/5.0 (X11; Linux x86_64) AppleWebKit/537.36 (KHTML, like Gecko) Chrome/135.0.7049.115 Safari/537.36"
shop.infinitibizsol.com:443 223.176.113.117 - - [11/Jun/2025:19:24:51 +0000] "POST /wp-login.php HTTP/1.1" 200 4916 "https://shop.infinitibizsol.com/wp-login.php" "Mozilla/5.0 (X11; Linux x86_64) AppleWebKit/537.36 (KHTML, like Gecko) Chrome/135.0.7049.115 Safari/537.36"
shop.infinitibizsol.com:443 206.116.100.241 - - [11/Jun/2025:19:24:53 +0000] "GET /wp-login.php HTTP/1.1" 200 4552 "https://shop.infinitibizsol.com/wp-login.php" "Mozilla/5.0 (X11; Linux x86_64) AppleWebKit/537.36 (KHTML, like Gecko) Chrome/135.0.7049.115 Safari/537.36"
shop.infinitibizsol.com:443 206.116.100.241 - - [11/Jun/2025:19:24:55 +0000] "POST /wp-login.php HTTP/1.1" 302 5 "https://shop.infinitibizsol.com/wp-login.php" "Mozilla/5.0 (X11; Linux x86_64) AppleWebKit/537.36 (KHTML, like Gecko) Chrome/135.0.7049.115 Safari/537.36"
shop.infinitibizsol.com:443 206.116.100.241 - - [11/Jun/2025:19:24:58 +0000] "GET /wp-admin/ HTTP/1.1" 200 69885 "https://shop.infinitibizsol.com/wp-admin/" "Mozilla/5.0 (X11; Linux x86_64) AppleWebKit/537.36 (KHTML, like Gecko) Chrome/135.0.7049.115 Safari/537.36"
shop.infinitibizsol.com:80 138.68.21.219 - - [11/Jun/2025:19:25:10 +0000] "GET /wp-login.php HTTP/1.1" 302 5 "-" "python-requests/2.32.3"
shop.infinitibizsol.com:443 206.189.195.144 - - [11/Jun/2025:19:25:11 +0000] "GET / HTTP/1.1" 404 101411 "-" "python-requests/2.32.3"
shop.infinitibizsol.com:443 138.68.21.219 - - [11/Jun/2025:19:25:13 +0000] "GET /wp-login.php HTTP/1.1" 200 4552 "-" "python-requests/2.32.3"
shop.infinitibizsol.com:443 209.126.82.130 - - [11/Jun/2025:19:25:15 +0000] "GET /wp-admin/user-new.php HTTP/1.1" 200 42641 "-" "Mozilla/5.0 (Windows NT 6.1; WOW64; Trident/7.0; studenthousing.com; rv:11.0) like Gecko"
shop.infinitibizsol.com:443 187.188.73.120 - - [11/Jun/2025:19:25:31 +0000] "GET /wp-admin/user-new.php HTTP/1.1" 200 41213 "-" "Mozilla/5.0 (Macintosh; Intel Mac OS X 10_12_6) AppleWebKit/605.1.15 (KHTML, like Gecko) Version/11.1.2 Safari/605.1.15"
shop.infinitibizsol.com:443 156.228.0.174 - - [11/Jun/2025:19:28:49 +0000] "GET /wp-login.php HTTP/1.1" 200 4558 "-" "Mozilla/5.0 (Windows NT 10.0; Win64; x64) AppleWebKit/537.36 (KHTML, like Gecko) Chrome/115.0.0.0 Safari/537.36 Edg/115.0.1901.203"
shop.infinitibizsol.com:443 156.228.0.174 - - [11/Jun/2025:19:28:52 +0000] "POST /wp-login.php HTTP/1.1" 302 5 "https://shop.infinitibizsol.com/wp-login.php" "Mozilla/5.0 (Windows NT 10.0; Win64; x64) AppleWebKit/537.36 (KHTML, like Gecko) Chrome/115.0.0.0 Safari/537.36 Edg/115.0.1901.203"
shop.infinitibizsol.com:443 156.228.0.174 - - [11/Jun/2025:19:28:55 +0000] "GET /wp-admin/ HTTP/1.1" 200 69839 "https://shop.infinitibizsol.com/wp-login.php" "Mozilla/5.0 (Windows NT 10.0; Win64; x64) AppleWebKit/537.36 (KHTML, like Gecko) Chrome/115.0.0.0 Safari/537.36 Edg/115.0.1901.203"
shop.infinitibizsol.com:443 156.228.0.174 - - [11/Jun/2025:19:28:58 +0000] "GET /wp-admin/plugin-install.php HTTP/1.1" 404 61328 "https://shop.infinitibizsol.com/wp-admin/plugin-install.php" "Mozilla/5.0 (Windows NT 10.0; Win64; x64) AppleWebKit/537.36 (KHTML, like Gecko) Chrome/115.0.0.0 Safari/537.36 Edg/115.0.1901.203"
shop.infinitibizsol.com:443 156.228.0.174 - - [11/Jun/2025:19:29:01 +0000] "GET /wp-admin/edit.php HTTP/1.1" 200 139549 "https://shop.infinitibizsol.com/wp-admin/edit.php" "Mozilla/5.0 (Windows NT 10.0; Win64; x64) AppleWebKit/537.36 (KHTML, like Gecko) Chrome/115.0.0.0 Safari/537.36 Edg/115.0.1901.203"
shop.infinitibizsol.com:443 45.227.253.15 - - [11/Jun/2025:20:40:47 +0000] "GET /index.php/jk HTTP/1.1" 200 54 "-" "Mozilla/5.0 (Windows NT 6.2; WOW64) AppleWebKit/535.24 (KHTML, like Gecko) Chrome/83.0.1055.1 Safari/535.24"
shop.infinitibizsol.com:443 45.227.253.15 - - [11/Jun/2025:21:04:30 +0000] "GET /?ARRAY=7o2230223n313734393637393533382p2231223n22687474703n5p2s5p2s3230342r31322r3233382r37345p2s3s6p633q7068705s636s64655s6n6326743q313734393637353933382q6536613736646339633831336335333331326562373430373831346566653439222p2232223n226266643030393933663536646138383037383636656633373337613364643464222p2233223n226166643066333032373064613330303536656335306131613039343336613433222p2262696r675s70617373223n2232362q34312q35312q36392q37332q38342q3235227q HTTP/1.1" 200 68 "-" "Mozilla/5.0 (Windows NT 10.0; Win64; x64; rv:81.0) Gecko/20100101 Firefox/81.0"
shop.infinitibizsol.com:443 162.0.223.40 - - [11/Jun/2025:22:21:35 +0000] "POST /wp-cron.php?doing_wp_cron=1749680494.5289680957794189453125 HTTP/1.1" 499 0 "-" "WordPress/6.8.1; https://shop.infinitibizsol.com"
shop.infinitibizsol.com:443 44.234.188.42 - - [11/Jun/2025:22:21:37 +0000] "GET / HTTP/1.1" 404 101339 "-" "Mozilla/5.0 (compatible; wpbot/1.3; +https://forms.gle/ajBaxygz9jSR8p8G9)"
shop.infinitibizsol.com:443 45.227.253.15 - - [11/Jun/2025:23:42:25 +0000] "GET /index.php/jk HTTP/1.1" 200 54 "-" "Mozilla/5.0 (Windows NT 6.1; WOW64; rv:70.0) Gecko/20100101 Firefox/70.0"
shop.infinitibizsol.com:443 162.0.223.40 - - [12/Jun/2025:00:00:46 +0000] "POST /wp-cron.php?doing_wp_cron=1749686445.4241011142730712890625 HTTP/1.1" 499 0 "-" "WordPress/6.8.1; https://shop.infinitibizsol.com"
shop.infinitibizsol.com:443 176.102.144.212 - - [12/Jun/2025:00:00:47 +0000] "POST /xmlrpc.php HTTP/1.1" 200 190 "-" "python-requests/2.28.1"
shop.infinitibizsol.com:443 176.102.144.212 - - [12/Jun/2025:00:00:49 +0000] "GET /wp-login.php HTTP/1.1" 200 4552 "-" "python-requests/2.28.1"
shop.infinitibizsol.com:443 176.102.144.212 - - [12/Jun/2025:00:00:52 +0000] "POST /wp-login.php HTTP/1.1" 302 5 "-" "python-requests/2.28.1"
shop.infinitibizsol.com:443 176.102.144.212 - - [12/Jun/2025:00:00:54 +0000] "GET /?p=1817 HTTP/1.1" 404 5 "-" "Mozilla/5.0 (Windows NT 6.3; Win64; x64) AppleWebKit/537.36 (KHTML, like Gecko) Chrome/101.0.4951.54 Safari/537.36"
shop.infinitibizsol.com:443 176.102.144.212 - - [12/Jun/2025:00:00:57 +0000] "GET /wp-login.php HTTP/1.1" 200 4552 "-" "Mozilla/5.0 (Macintosh; Intel Mac OS X 10_15_7) AppleWebKit/537.36 (KHTML, like Gecko) Chrome/108.0.0.0 YaBrowser/23.1.2.980 Yowser/2.5 Safari/537.36"
shop.infinitibizsol.com:443 176.102.144.212 - - [12/Jun/2025:00:01:00 +0000] "POST /wp-login.php HTTP/1.1" 302 5 "-" "Mozilla/5.0 (Macintosh; Intel Mac OS X 10_15_7) AppleWebKit/537.36 (KHTML, like Gecko) Chrome/108.0.0.0 YaBrowser/23.1.2.980 Yowser/2.5 Safari/537.36"
shop.infinitibizsol.com:443 176.102.144.212 - - [12/Jun/2025:00:01:03 +0000] "GET /wp-admin/ HTTP/1.1" 200 69298 "-" "Mozilla/5.0 (Macintosh; Intel Mac OS X 10_15_7) AppleWebKit/537.36 (KHTML, like Gecko) Chrome/108.0.0.0 YaBrowser/23.1.2.980 Yowser/2.5 Safari/537.36"
shop.infinitibizsol.com:443 176.102.144.212 - - [12/Jun/2025:00:01:08 +0000] "GET /wp-admin/post-new.php HTTP/1.1" 200 476230 "-" "Mozilla/5.0 (Macintosh; Intel Mac OS X 10_15_7) AppleWebKit/537.36 (KHTML, like Gecko) Chrome/108.0.0.0 YaBrowser/23.1.2.980 Yowser/2.5 Safari/537.36"
shop.infinitibizsol.com:443 176.102.144.212 - - [12/Jun/2025:00:01:21 +0000] "POST /wp-json/wp/v2/categories?_locale=user HTTP/1.1" 400 169 "-" "Mozilla/5.0 (Macintosh; Intel Mac OS X 10_15_7) AppleWebKit/537.36 (KHTML, like Gecko) Chrome/108.0.0.0 YaBrowser/23.1.2.980 Yowser/2.5 Safari/537.36"
shop.infinitibizsol.com:443 176.102.144.212 - - [12/Jun/2025:00:01:25 +0000] "POST /wp-admin/post.php HTTP/1.1" 302 5 "-" "Mozilla/5.0 (Macintosh; Intel Mac OS X 10_15_7) AppleWebKit/537.36 (KHTML, like Gecko) Chrome/108.0.0.0 YaBrowser/23.1.2.980 Yowser/2.5 Safari/537.36"
shop.infinitibizsol.com:443 162.0.223.40 - - [12/Jun/2025:00:01:28 +0000] "POST /wp-cron.php?doing_wp_cron=1749686487.7415809631347656250000 HTTP/1.1" 499 0 "-" "WordPress/6.8.1; https://shop.infinitibizsol.com"
shop.infinitibizsol.com:443 176.102.144.212 - - [12/Jun/2025:00:01:30 +0000] "GET /wp-admin/post.php?post=1819&action=edit&message=1 HTTP/1.1" 200 682909 "-" "Mozilla/5.0 (Macintosh; Intel Mac OS X 10_15_7) AppleWebKit/537.36 (KHTML, like Gecko) Chrome/108.0.0.0 YaBrowser/23.1.2.980 Yowser/2.5 Safari/537.36"
shop.infinitibizsol.com:443 176.102.144.212 - - [12/Jun/2025:00:01:38 +0000] "GET /?p=1819 HTTP/1.1" 404 5 "-" "Mozilla/5.0 (Macintosh; Intel Mac OS X 10_15_7) AppleWebKit/537.36 (KHTML, like Gecko) Chrome/108.0.0.0 YaBrowser/23.1.2.980 Yowser/2.5 Safari/537.36"
shop.infinitibizsol.com:443 176.102.144.212 - - [12/Jun/2025:00:01:41 +0000] "POST /wp-json/wp/v2/posts/1819/autosaves?_locale=user HTTP/1.1" 404 202573 "-" "Mozilla/5.0 (Macintosh; Intel Mac OS X 10_15_7) AppleWebKit/537.36 (KHTML, like Gecko) Chrome/108.0.0.0 YaBrowser/23.1.2.980 Yowser/2.5 Safari/537.36"
shop.infinitibizsol.com:443 103.75.32.10 - - [12/Jun/2025:00:01:43 +0000] "POST /xmlrpc.php HTTP/1.1" 200 190 "-" "python-requests/2.28.1"
shop.infinitibizsol.com:443 162.0.223.40 - - [12/Jun/2025:00:01:47 +0000] "POST /wp-cron.php?doing_wp_cron=1749686506.0728549957275390625000 HTTP/1.1" 499 0 "-" "WordPress/6.8.1; https://shop.infinitibizsol.com"
shop.infinitibizsol.com:443 176.102.144.212 - - [12/Jun/2025:00:01:47 +0000] "POST /index.php?rest_route=/wp/v2/posts/1819&_locale=user HTTP/1.1" 404 207095 "-" "Mozilla/5.0 (Macintosh; Intel Mac OS X 10_15_7) AppleWebKit/537.36 (KHTML, like Gecko) Chrome/108.0.0.0 YaBrowser/23.1.2.980 Yowser/2.5 Safari/537.36"
shop.infinitibizsol.com:443 103.75.32.10 - - [12/Jun/2025:00:01:48 +0000] "GET /wp-login.php HTTP/1.1" 200 4558 "-" "python-requests/2.28.1"
shop.infinitibizsol.com:443 103.75.32.10 - - [12/Jun/2025:00:01:51 +0000] "POST /wp-login.php HTTP/1.1" 302 5 "-" "python-requests/2.28.1"
shop.infinitibizsol.com:443 176.102.144.212 - - [12/Jun/2025:00:01:52 +0000] "GET /wp-admin/edit.php HTTP/1.1" 200 144178 "-" "python-requests/2.28.1"
shop.infinitibizsol.com:443 103.75.32.10 - - [12/Jun/2025:00:01:53 +0000] "GET /?p=1822 HTTP/1.1" 404 5 "-" "Mozilla/5.0 (Windows NT 6.3; Win64; x64) AppleWebKit/537.36 (KHTML, like Gecko) Chrome/101.0.4951.54 Safari/537.36"
shop.infinitibizsol.com:443 176.102.144.212 - - [12/Jun/2025:00:01:55 +0000] "GET /?p=1819 HTTP/1.1" 404 5 "-" "Mozilla/5.0 (Macintosh; Intel Mac OS X 10_15_7) AppleWebKit/537.36 (KHTML, like Gecko) Chrome/108.0.0.0 YaBrowser/23.1.2.980 Yowser/2.5 Safari/537.36"
shop.infinitibizsol.com:443 103.75.32.10 - - [12/Jun/2025:00:01:57 +0000] "GET /wp-login.php HTTP/1.1" 200 4558 "-" "Mozilla/5.0 (Macintosh; Intel Mac OS X 10_15_7) AppleWebKit/537.36 (KHTML, like Gecko) Chrome/108.0.0.0 YaBrowser/23.1.2.980 Yowser/2.5 Safari/537.36"
shop.infinitibizsol.com:443 103.75.32.10 - - [12/Jun/2025:00:02:00 +0000] "POST /wp-login.php HTTP/1.1" 302 5 "-" "Mozilla/5.0 (Macintosh; Intel Mac OS X 10_15_7) AppleWebKit/537.36 (KHTML, like Gecko) Chrome/108.0.0.0 YaBrowser/23.1.2.980 Yowser/2.5 Safari/537.36"
shop.infinitibizsol.com:443 103.75.32.10 - - [12/Jun/2025:00:02:03 +0000] "GET /wp-admin/ HTTP/1.1" 200 69759 "-" "Mozilla/5.0 (Macintosh; Intel Mac OS X 10_15_7) AppleWebKit/537.36 (KHTML, like Gecko) Chrome/108.0.0.0 YaBrowser/23.1.2.980 Yowser/2.5 Safari/537.36"
shop.infinitibizsol.com:443 103.75.32.10 - - [12/Jun/2025:00:02:10 +0000] "GET /wp-admin/post-new.php HTTP/1.1" 200 476274 "-" "Mozilla/5.0 (Macintosh; Intel Mac OS X 10_15_7) AppleWebKit/537.36 (KHTML, like Gecko) Chrome/108.0.0.0 YaBrowser/23.1.2.980 Yowser/2.5 Safari/537.36"
shop.infinitibizsol.com:443 103.75.32.10 - - [12/Jun/2025:00:02:27 +0000] "POST /wp-json/wp/v2/categories?_locale=user HTTP/1.1" 400 169 "-" "Mozilla/5.0 (Macintosh; Intel Mac OS X 10_15_7) AppleWebKit/537.36 (KHTML, like Gecko) Chrome/108.0.0.0 YaBrowser/23.1.2.980 Yowser/2.5 Safari/537.36"
shop.infinitibizsol.com:443 103.75.32.10 - - [12/Jun/2025:00:02:31 +0000] "POST /wp-admin/post.php HTTP/1.1" 302 5 "-" "Mozilla/5.0 (Macintosh; Intel Mac OS X 10_15_7) AppleWebKit/537.36 (KHTML, like Gecko) Chrome/108.0.0.0 YaBrowser/23.1.2.980 Yowser/2.5 Safari/537.36"
shop.infinitibizsol.com:443 162.0.223.40 - - [12/Jun/2025:00:02:34 +0000] "POST /wp-cron.php?doing_wp_cron=1749686553.0055730342864990234375 HTTP/1.1" 499 0 "-" "WordPress/6.8.1; https://shop.infinitibizsol.com"
shop.infinitibizsol.com:443 103.75.32.10 - - [12/Jun/2025:00:02:37 +0000] "GET /wp-admin/post.php?post=1824&action=edit&message=1 HTTP/1.1" 200 706831 "-" "Mozilla/5.0 (Macintosh; Intel Mac OS X 10_15_7) AppleWebKit/537.36 (KHTML, like Gecko) Chrome/108.0.0.0 YaBrowser/23.1.2.980 Yowser/2.5 Safari/537.36"
shop.infinitibizsol.com:443 103.75.32.10 - - [12/Jun/2025:00:02:49 +0000] "GET /?p=1824 HTTP/1.1" 404 5 "-" "Mozilla/5.0 (Macintosh; Intel Mac OS X 10_15_7) AppleWebKit/537.36 (KHTML, like Gecko) Chrome/108.0.0.0 YaBrowser/23.1.2.980 Yowser/2.5 Safari/537.36"
shop.infinitibizsol.com:443 103.75.32.10 - - [12/Jun/2025:00:02:52 +0000] "POST /wp-json/wp/v2/posts/1824/autosaves?_locale=user HTTP/1.1" 404 227011 "-" "Mozilla/5.0 (Macintosh; Intel Mac OS X 10_15_7) AppleWebKit/537.36 (KHTML, like Gecko) Chrome/108.0.0.0 YaBrowser/23.1.2.980 Yowser/2.5 Safari/537.36"
shop.infinitibizsol.com:443 103.75.32.10 - - [12/Jun/2025:00:03:00 +0000] "POST /index.php?rest_route=/wp/v2/posts/1824&_locale=user HTTP/1.1" 404 231443 "-" "Mozilla/5.0 (Macintosh; Intel Mac OS X 10_15_7) AppleWebKit/537.36 (KHTML, like Gecko) Chrome/108.0.0.0 YaBrowser/23.1.2.980 Yowser/2.5 Safari/537.36"
shop.infinitibizsol.com:443 162.0.223.40 - - [12/Jun/2025:00:03:09 +0000] "POST /wp-cron.php?doing_wp_cron=1749686588.2076969146728515625000 HTTP/1.1" 499 0 "-" "WordPress/6.8.1; https://shop.infinitibizsol.com"
shop.infinitibizsol.com:443 103.75.32.10 - - [12/Jun/2025:00:03:09 +0000] "GET /wp-admin/edit.php HTTP/1.1" 200 145198 "-" "python-requests/2.28.1"
shop.infinitibizsol.com:443 103.75.32.10 - - [12/Jun/2025:00:03:15 +0000] "GET /?p=1824 HTTP/1.1" 404 5 "-" "Mozilla/5.0 (Macintosh; Intel Mac OS X 10_15_7) AppleWebKit/537.36 (KHTML, like Gecko) Chrome/108.0.0.0 YaBrowser/23.1.2.980 Yowser/2.5 Safari/537.36"
shop.infinitibizsol.com:443 103.254.186.9 - - [12/Jun/2025:00:05:45 +0000] "POST /xmlrpc.php HTTP/1.1" 200 190 "-" "python-requests/2.28.1"
shop.infinitibizsol.com:443 162.0.223.40 - - [12/Jun/2025:00:05:49 +0000] "POST /wp-cron.php?doing_wp_cron=1749686748.6628720760345458984375 HTTP/1.1" 499 0 "-" "WordPress/6.8.1; https://shop.infinitibizsol.com"
shop.infinitibizsol.com:443 103.254.186.9 - - [12/Jun/2025:00:05:49 +0000] "GET /wp-login.php HTTP/1.1" 200 4552 "-" "python-requests/2.28.1"
shop.infinitibizsol.com:443 103.254.186.9 - - [12/Jun/2025:00:05:52 +0000] "POST /wp-login.php HTTP/1.1" 302 5 "-" "python-requests/2.28.1"
shop.infinitibizsol.com:443 103.254.186.9 - - [12/Jun/2025:00:05:54 +0000] "GET /?p=1827 HTTP/1.1" 404 5 "-" "Mozilla/5.0 (Windows NT 6.3; Win64; x64) AppleWebKit/537.36 (KHTML, like Gecko) Chrome/101.0.4951.54 Safari/537.36"
shop.infinitibizsol.com:443 103.254.186.9 - - [12/Jun/2025:00:05:57 +0000] "GET /wp-login.php HTTP/1.1" 200 4558 "-" "Mozilla/5.0 (Macintosh; Intel Mac OS X 10_15_7) AppleWebKit/537.36 (KHTML, like Gecko) Chrome/108.0.0.0 YaBrowser/23.1.2.980 Yowser/2.5 Safari/537.36"
shop.infinitibizsol.com:443 103.254.186.9 - - [12/Jun/2025:00:05:59 +0000] "POST /wp-login.php HTTP/1.1" 302 5 "-" "Mozilla/5.0 (Macintosh; Intel Mac OS X 10_15_7) AppleWebKit/537.36 (KHTML, like Gecko) Chrome/108.0.0.0 YaBrowser/23.1.2.980 Yowser/2.5 Safari/537.36"
shop.infinitibizsol.com:443 103.254.186.9 - - [12/Jun/2025:00:06:02 +0000] "GET /wp-admin/ HTTP/1.1" 200 70006 "-" "Mozilla/5.0 (Macintosh; Intel Mac OS X 10_15_7) AppleWebKit/537.36 (KHTML, like Gecko) Chrome/108.0.0.0 YaBrowser/23.1.2.980 Yowser/2.5 Safari/537.36"
shop.infinitibizsol.com:443 103.254.186.9 - - [12/Jun/2025:00:06:07 +0000] "GET /wp-admin/post-new.php HTTP/1.1" 200 476312 "-" "Mozilla/5.0 (Macintosh; Intel Mac OS X 10_15_7) AppleWebKit/537.36 (KHTML, like Gecko) Chrome/108.0.0.0 YaBrowser/23.1.2.980 Yowser/2.5 Safari/537.36"
shop.infinitibizsol.com:443 186.1.180.186 - - [12/Jun/2025:00:06:20 +0000] "POST /xmlrpc.php HTTP/1.1" 200 190 "-" "python-requests/2.28.1"
shop.infinitibizsol.com:443 162.0.223.40 - - [12/Jun/2025:00:06:26 +0000] "POST /wp-cron.php?doing_wp_cron=1749686785.2482380867004394531250 HTTP/1.1" 499 0 "-" "WordPress/6.8.1; https://shop.infinitibizsol.com"
shop.infinitibizsol.com:443 186.1.180.186 - - [12/Jun/2025:00:06:26 +0000] "GET /wp-login.php HTTP/1.1" 200 4553 "-" "python-requests/2.28.1"
shop.infinitibizsol.com:443 103.254.186.9 - - [12/Jun/2025:00:06:26 +0000] "POST /wp-json/wp/v2/categories?_locale=user HTTP/1.1" 400 169 "-" "Mozilla/5.0 (Macintosh; Intel Mac OS X 10_15_7) AppleWebKit/537.36 (KHTML, like Gecko) Chrome/108.0.0.0 YaBrowser/23.1.2.980 Yowser/2.5 Safari/537.36"
shop.infinitibizsol.com:443 197.245.253.26 - - [12/Jun/2025:00:06:27 +0000] "POST /xmlrpc.php HTTP/1.1" 200 190 "-" "python-requests/2.28.1"
shop.infinitibizsol.com:443 186.1.180.186 - - [12/Jun/2025:00:06:28 +0000] "POST /wp-login.php HTTP/1.1" 302 5 "-" "python-requests/2.28.1"
shop.infinitibizsol.com:443 103.254.186.9 - - [12/Jun/2025:00:06:30 +0000] "POST /wp-admin/post.php HTTP/1.1" 302 5 "-" "Mozilla/5.0 (Macintosh; Intel Mac OS X 10_15_7) AppleWebKit/537.36 (KHTML, like Gecko) Chrome/108.0.0.0 YaBrowser/23.1.2.980 Yowser/2.5 Safari/537.36"
shop.infinitibizsol.com:443 186.1.180.186 - - [12/Jun/2025:00:06:31 +0000] "GET /?p=1830 HTTP/1.1" 404 5 "-" "Mozilla/5.0 (Windows NT 6.3; Win64; x64) AppleWebKit/537.36 (KHTML, like Gecko) Chrome/101.0.4951.54 Safari/537.36"
shop.infinitibizsol.com:443 197.245.253.26 - - [12/Jun/2025:00:06:32 +0000] "GET /wp-login.php HTTP/1.1" 200 4552 "-" "python-requests/2.28.1"
shop.infinitibizsol.com:443 186.1.180.186 - - [12/Jun/2025:00:06:33 +0000] "GET /wp-login.php HTTP/1.1" 200 4552 "-" "Mozilla/5.0 (Macintosh; Intel Mac OS X 10_15_7) AppleWebKit/537.36 (KHTML, like Gecko) Chrome/108.0.0.0 YaBrowser/23.1.2.980 Yowser/2.5 Safari/537.36"
shop.infinitibizsol.com:443 162.0.223.40 - - [12/Jun/2025:00:06:34 +0000] "POST /wp-cron.php?doing_wp_cron=1749686792.9514369964599609375000 HTTP/1.1" 499 0 "-" "WordPress/6.8.1; https://shop.infinitibizsol.com"
shop.infinitibizsol.com:443 197.245.253.26 - - [12/Jun/2025:00:06:34 +0000] "POST /wp-login.php HTTP/1.1" 302 5 "-" "python-requests/2.28.1"
shop.infinitibizsol.com:443 186.1.180.186 - - [12/Jun/2025:00:06:36 +0000] "POST /wp-login.php HTTP/1.1" 302 5 "-" "Mozilla/5.0 (Macintosh; Intel Mac OS X 10_15_7) AppleWebKit/537.36 (KHTML, like Gecko) Chrome/108.0.0.0 YaBrowser/23.1.2.980 Yowser/2.5 Safari/537.36"
shop.infinitibizsol.com:443 103.254.186.9 - - [12/Jun/2025:00:06:36 +0000] "GET /wp-admin/post.php?post=1829&action=edit&message=1 HTTP/1.1" 200 673395 "-" "Mozilla/5.0 (Macintosh; Intel Mac OS X 10_15_7) AppleWebKit/537.36 (KHTML, like Gecko) Chrome/108.0.0.0 YaBrowser/23.1.2.980 Yowser/2.5 Safari/537.36"
shop.infinitibizsol.com:443 197.245.253.26 - - [12/Jun/2025:00:06:36 +0000] "GET /?p=1832 HTTP/1.1" 404 5 "-" "Mozilla/5.0 (Windows NT 6.3; Win64; x64) AppleWebKit/537.36 (KHTML, like Gecko) Chrome/101.0.4951.54 Safari/537.36"
shop.infinitibizsol.com:443 186.1.180.186 - - [12/Jun/2025:00:06:37 +0000] "GET /wp-admin/ HTTP/1.1" 200 70052 "-" "Mozilla/5.0 (Macintosh; Intel Mac OS X 10_15_7) AppleWebKit/537.36 (KHTML, like Gecko) Chrome/108.0.0.0 YaBrowser/23.1.2.980 Yowser/2.5 Safari/537.36"
shop.infinitibizsol.com:443 197.245.253.26 - - [12/Jun/2025:00:06:39 +0000] "GET /wp-login.php HTTP/1.1" 200 4559 "-" "Mozilla/5.0 (Macintosh; Intel Mac OS X 10_15_7) AppleWebKit/537.36 (KHTML, like Gecko) Chrome/108.0.0.0 YaBrowser/23.1.2.980 Yowser/2.5 Safari/537.36"
shop.infinitibizsol.com:443 197.245.253.26 - - [12/Jun/2025:00:06:42 +0000] "POST /wp-login.php HTTP/1.1" 302 5 "-" "Mozilla/5.0 (Macintosh; Intel Mac OS X 10_15_7) AppleWebKit/537.36 (KHTML, like Gecko) Chrome/108.0.0.0 YaBrowser/23.1.2.980 Yowser/2.5 Safari/537.36"
shop.infinitibizsol.com:443 197.245.253.26 - - [12/Jun/2025:00:06:44 +0000] "GET /wp-admin/ HTTP/1.1" 200 70079 "-" "Mozilla/5.0 (Macintosh; Intel Mac OS X 10_15_7) AppleWebKit/537.36 (KHTML, like Gecko) Chrome/108.0.0.0 YaBrowser/23.1.2.980 Yowser/2.5 Safari/537.36"
shop.infinitibizsol.com:443 186.1.180.186 - - [12/Jun/2025:00:06:44 +0000] "GET /wp-admin/post-new.php HTTP/1.1" 200 476229 "-" "Mozilla/5.0 (Macintosh; Intel Mac OS X 10_15_7) AppleWebKit/537.36 (KHTML, like Gecko) Chrome/108.0.0.0 YaBrowser/23.1.2.980 Yowser/2.5 Safari/537.36"
shop.infinitibizsol.com:443 103.254.186.9 - - [12/Jun/2025:00:06:52 +0000] "GET /?p=1829 HTTP/1.1" 404 5 "-" "Mozilla/5.0 (Macintosh; Intel Mac OS X 10_15_7) AppleWebKit/537.36 (KHTML, like Gecko) Chrome/108.0.0.0 YaBrowser/23.1.2.980 Yowser/2.5 Safari/537.36"
shop.infinitibizsol.com:443 103.254.186.9 - - [12/Jun/2025:00:06:55 +0000] "POST /wp-json/wp/v2/posts/1829/autosaves?_locale=user HTTP/1.1" 404 193620 "-" "Mozilla/5.0 (Macintosh; Intel Mac OS X 10_15_7) AppleWebKit/537.36 (KHTML, like Gecko) Chrome/108.0.0.0 YaBrowser/23.1.2.980 Yowser/2.5 Safari/537.36"
shop.infinitibizsol.com:443 103.254.186.9 - - [12/Jun/2025:00:07:01 +0000] "POST /index.php?rest_route=/wp/v2/posts/1829&_locale=user HTTP/1.1" 404 197948 "-" "Mozilla/5.0 (Macintosh; Intel Mac OS X 10_15_7) AppleWebKit/537.36 (KHTML, like Gecko) Chrome/108.0.0.0 YaBrowser/23.1.2.980 Yowser/2.5 Safari/537.36"
shop.infinitibizsol.com:443 123.30.240.101 - - [12/Jun/2025:00:07:06 +0000] "POST /xmlrpc.php HTTP/1.1" 408 0 "-" "python-requests/2.28.1"
shop.infinitibizsol.com:443 162.0.223.40 - - [12/Jun/2025:00:07:06 +0000] "POST /wp-cron.php?doing_wp_cron=1749686825.7435550689697265625000 HTTP/1.1" 499 0 "-" "WordPress/6.8.1; https://shop.infinitibizsol.com"
shop.infinitibizsol.com:443 186.1.180.186 - - [12/Jun/2025:00:07:06 +0000] "POST /wp-json/wp/v2/categories?_locale=user HTTP/1.1" 400 169 "-" "Mozilla/5.0 (Macintosh; Intel Mac OS X 10_15_7) AppleWebKit/537.36 (KHTML, like Gecko) Chrome/108.0.0.0 YaBrowser/23.1.2.980 Yowser/2.5 Safari/537.36"
shop.infinitibizsol.com:443 197.245.253.26 - - [12/Jun/2025:00:07:07 +0000] "GET /wp-admin/post-new.php HTTP/1.1" 200 476239 "-" "Mozilla/5.0 (Macintosh; Intel Mac OS X 10_15_7) AppleWebKit/537.36 (KHTML, like Gecko) Chrome/108.0.0.0 YaBrowser/23.1.2.980 Yowser/2.5 Safari/537.36"
shop.infinitibizsol.com:443 103.254.186.9 - - [12/Jun/2025:00:07:08 +0000] "GET /wp-admin/edit.php HTTP/1.1" 200 145664 "-" "python-requests/2.28.1"
shop.infinitibizsol.com:443 186.1.180.186 - - [12/Jun/2025:00:07:09 +0000] "POST /wp-admin/post.php HTTP/1.1" 302 5 "-" "Mozilla/5.0 (Macintosh; Intel Mac OS X 10_15_7) AppleWebKit/537.36 (KHTML, like Gecko) Chrome/108.0.0.0 YaBrowser/23.1.2.980 Yowser/2.5 Safari/537.36"
shop.infinitibizsol.com:443 162.0.223.40 - - [12/Jun/2025:00:07:12 +0000] "POST /wp-cron.php?doing_wp_cron=1749686831.4323780536651611328125 HTTP/1.1" 499 0 "-" "WordPress/6.8.1; https://shop.infinitibizsol.com"
shop.infinitibizsol.com:443 103.254.186.9 - - [12/Jun/2025:00:07:14 +0000] "GET /?p=1829 HTTP/1.1" 404 5 "-" "Mozilla/5.0 (Macintosh; Intel Mac OS X 10_15_7) AppleWebKit/537.36 (KHTML, like Gecko) Chrome/108.0.0.0 YaBrowser/23.1.2.980 Yowser/2.5 Safari/537.36"
shop.infinitibizsol.com:443 197.245.253.26 - - [12/Jun/2025:00:07:15 +0000] "POST /wp-json/wp/v2/categories?_locale=user HTTP/1.1" 400 169 "-" "Mozilla/5.0 (Macintosh; Intel Mac OS X 10_15_7) AppleWebKit/537.36 (KHTML, like Gecko) Chrome/108.0.0.0 YaBrowser/23.1.2.980 Yowser/2.5 Safari/537.36"
shop.infinitibizsol.com:443 186.1.180.186 - - [12/Jun/2025:00:07:18 +0000] "GET /wp-admin/post.php?post=1835&action=edit&message=1 HTTP/1.1" 200 694470 "-" "Mozilla/5.0 (Macintosh; Intel Mac OS X 10_15_7) AppleWebKit/537.36 (KHTML, like Gecko) Chrome/108.0.0.0 YaBrowser/23.1.2.980 Yowser/2.5 Safari/537.36"
shop.infinitibizsol.com:443 197.245.253.26 - - [12/Jun/2025:00:07:19 +0000] "POST /wp-admin/post.php HTTP/1.1" 302 5 "-" "Mozilla/5.0 (Macintosh; Intel Mac OS X 10_15_7) AppleWebKit/537.36 (KHTML, like Gecko) Chrome/108.0.0.0 YaBrowser/23.1.2.980 Yowser/2.5 Safari/537.36"
shop.infinitibizsol.com:443 162.0.223.40 - - [12/Jun/2025:00:07:22 +0000] "POST /wp-cron.php?doing_wp_cron=1749686841.2133460044860839843750 HTTP/1.1" 499 0 "-" "WordPress/6.8.1; https://shop.infinitibizsol.com"
shop.infinitibizsol.com:443 186.1.180.186 - - [12/Jun/2025:00:07:31 +0000] "GET /?p=1835 HTTP/1.1" 404 5 "-" "Mozilla/5.0 (Macintosh; Intel Mac OS X 10_15_7) AppleWebKit/537.36 (KHTML, like Gecko) Chrome/108.0.0.0 YaBrowser/23.1.2.980 Yowser/2.5 Safari/537.36"
shop.infinitibizsol.com:443 123.30.240.101 - - [12/Jun/2025:00:07:32 +0000] "GET /wp-login.php HTTP/1.1" 200 4552 "-" "Mozilla/5.0 (Macintosh; Intel Mac OS X 10_15_7) AppleWebKit/537.36 (KHTML, like Gecko) Chrome/108.0.0.0 YaBrowser/23.1.2.980 Yowser/2.5 Safari/537.36"
shop.infinitibizsol.com:443 186.1.180.186 - - [12/Jun/2025:00:07:34 +0000] "POST /wp-json/wp/v2/posts/1835/autosaves?_locale=user HTTP/1.1" 404 214755 "-" "Mozilla/5.0 (Macintosh; Intel Mac OS X 10_15_7) AppleWebKit/537.36 (KHTML, like Gecko) Chrome/108.0.0.0 YaBrowser/23.1.2.980 Yowser/2.5 Safari/537.36"
shop.infinitibizsol.com:443 197.245.253.26 - - [12/Jun/2025:00:07:36 +0000] "GET /wp-admin/post.php?post=1836&action=edit&message=1 HTTP/1.1" 200 737467 "-" "Mozilla/5.0 (Macintosh; Intel Mac OS X 10_15_7) AppleWebKit/537.36 (KHTML, like Gecko) Chrome/108.0.0.0 YaBrowser/23.1.2.980 Yowser/2.5 Safari/537.36"
shop.infinitibizsol.com:443 123.30.240.101 - - [12/Jun/2025:00:07:37 +0000] "POST /wp-login.php HTTP/1.1" 302 5 "-" "Mozilla/5.0 (Macintosh; Intel Mac OS X 10_15_7) AppleWebKit/537.36 (KHTML, like Gecko) Chrome/108.0.0.0 YaBrowser/23.1.2.980 Yowser/2.5 Safari/537.36"
shop.infinitibizsol.com:443 123.30.240.101 - - [12/Jun/2025:00:07:41 +0000] "GET /wp-admin/ HTTP/1.1" 200 69952 "-" "Mozilla/5.0 (Macintosh; Intel Mac OS X 10_15_7) AppleWebKit/537.36 (KHTML, like Gecko) Chrome/108.0.0.0 YaBrowser/23.1.2.980 Yowser/2.5 Safari/537.36"
shop.infinitibizsol.com:443 186.1.180.186 - - [12/Jun/2025:00:07:43 +0000] "POST /index.php?rest_route=/wp/v2/posts/1835&_locale=user HTTP/1.1" 404 219255 "-" "Mozilla/5.0 (Macintosh; Intel Mac OS X 10_15_7) AppleWebKit/537.36 (KHTML, like Gecko) Chrome/108.0.0.0 YaBrowser/23.1.2.980 Yowser/2.5 Safari/537.36"
shop.infinitibizsol.com:443 162.0.223.40 - - [12/Jun/2025:00:07:47 +0000] "POST /wp-cron.php?doing_wp_cron=1749686866.3398699760437011718750 HTTP/1.1" 499 0 "-" "WordPress/6.8.1; https://shop.infinitibizsol.com"
shop.infinitibizsol.com:443 197.245.253.26 - - [12/Jun/2025:00:07:47 +0000] "GET /?p=1836 HTTP/1.1" 404 5 "-" "Mozilla/5.0 (Macintosh; Intel Mac OS X 10_15_7) AppleWebKit/537.36 (KHTML, like Gecko) Chrome/108.0.0.0 YaBrowser/23.1.2.980 Yowser/2.5 Safari/537.36"
shop.infinitibizsol.com:443 123.30.240.101 - - [12/Jun/2025:00:07:48 +0000] "GET /wp-admin/post-new.php HTTP/1.1" 200 476222 "-" "Mozilla/5.0 (Macintosh; Intel Mac OS X 10_15_7) AppleWebKit/537.36 (KHTML, like Gecko) Chrome/108.0.0.0 YaBrowser/23.1.2.980 Yowser/2.5 Safari/537.36"
shop.infinitibizsol.com:443 186.1.180.186 - - [12/Jun/2025:00:07:50 +0000] "GET /wp-admin/edit.php HTTP/1.1" 200 146164 "-" "python-requests/2.28.1"
shop.infinitibizsol.com:443 197.245.253.26 - - [12/Jun/2025:00:07:51 +0000] "POST /wp-json/wp/v2/posts/1836/autosaves?_locale=user HTTP/1.1" 404 257894 "-" "Mozilla/5.0 (Macintosh; Intel Mac OS X 10_15_7) AppleWebKit/537.36 (KHTML, like Gecko) Chrome/108.0.0.0 YaBrowser/23.1.2.980 Yowser/2.5 Safari/537.36"
shop.infinitibizsol.com:443 186.1.180.186 - - [12/Jun/2025:00:07:55 +0000] "GET /?p=1835 HTTP/1.1" 404 5 "-" "Mozilla/5.0 (Macintosh; Intel Mac OS X 10_15_7) AppleWebKit/537.36 (KHTML, like Gecko) Chrome/108.0.0.0 YaBrowser/23.1.2.980 Yowser/2.5 Safari/537.36"
shop.infinitibizsol.com:443 123.30.240.101 - - [12/Jun/2025:00:07:59 +0000] "POST /wp-json/wp/v2/categories?_locale=user HTTP/1.1" 400 158 "-" "Mozilla/5.0 (Macintosh; Intel Mac OS X 10_15_7) AppleWebKit/537.36 (KHTML, like Gecko) Chrome/108.0.0.0 YaBrowser/23.1.2.980 Yowser/2.5 Safari/537.36"
shop.infinitibizsol.com:443 123.30.240.101 - - [12/Jun/2025:00:08:02 +0000] "POST /wp-admin/post.php HTTP/1.1" 400 0 "-" "Mozilla/5.0 (Macintosh; Intel Mac OS X 10_15_7) AppleWebKit/537.36 (KHTML, like Gecko) Chrome/108.0.0.0 YaBrowser/23.1.2.980 Yowser/2.5 Safari/537.36"
shop.infinitibizsol.com:443 197.245.253.26 - - [12/Jun/2025:00:08:03 +0000] "POST /index.php?rest_route=/wp/v2/posts/1836&_locale=user HTTP/1.1" 404 262117 "-" "Mozilla/5.0 (Macintosh; Intel Mac OS X 10_15_7) AppleWebKit/537.36 (KHTML, like Gecko) Chrome/108.0.0.0 YaBrowser/23.1.2.980 Yowser/2.5 Safari/537.36"
shop.infinitibizsol.com:443 162.0.223.40 - - [12/Jun/2025:00:08:09 +0000] "POST /wp-cron.php?doing_wp_cron=1749686888.0047609806060791015625 HTTP/1.1" 499 0 "-" "WordPress/6.8.1; https://shop.infinitibizsol.com"
shop.infinitibizsol.com:443 27.147.148.113 - - [12/Jun/2025:00:08:09 +0000] "GET /wp-login.php HTTP/1.1" 200 4552 "-" "Mozilla/5.0 (Macintosh; Intel Mac OS X 10_15_7) AppleWebKit/537.36 (KHTML, like Gecko) Chrome/108.0.0.0 YaBrowser/23.1.2.980 Yowser/2.5 Safari/537.36"
shop.infinitibizsol.com:443 27.147.148.113 - - [12/Jun/2025:00:08:11 +0000] "POST /wp-login.php HTTP/1.1" 302 5 "-" "Mozilla/5.0 (Macintosh; Intel Mac OS X 10_15_7) AppleWebKit/537.36 (KHTML, like Gecko) Chrome/108.0.0.0 YaBrowser/23.1.2.980 Yowser/2.5 Safari/537.36"
shop.infinitibizsol.com:443 197.245.253.26 - - [12/Jun/2025:00:08:12 +0000] "GET /wp-admin/edit.php HTTP/1.1" 200 146407 "-" "python-requests/2.28.1"
shop.infinitibizsol.com:443 27.147.148.113 - - [12/Jun/2025:00:08:13 +0000] "GET /wp-admin/ HTTP/1.1" 200 70016 "-" "Mozilla/5.0 (Macintosh; Intel Mac OS X 10_15_7) AppleWebKit/537.36 (KHTML, like Gecko) Chrome/108.0.0.0 YaBrowser/23.1.2.980 Yowser/2.5 Safari/537.36"
shop.infinitibizsol.com:443 197.245.253.26 - - [12/Jun/2025:00:08:17 +0000] "GET /?p=1836 HTTP/1.1" 404 5 "-" "Mozilla/5.0 (Macintosh; Intel Mac OS X 10_15_7) AppleWebKit/537.36 (KHTML, like Gecko) Chrome/108.0.0.0 YaBrowser/23.1.2.980 Yowser/2.5 Safari/537.36"
shop.infinitibizsol.com:443 27.147.148.113 - - [12/Jun/2025:00:08:22 +0000] "GET /wp-admin/post-new.php HTTP/1.1" 200 476231 "-" "Mozilla/5.0 (Macintosh; Intel Mac OS X 10_15_7) AppleWebKit/537.36 (KHTML, like Gecko) Chrome/108.0.0.0 YaBrowser/23.1.2.980 Yowser/2.5 Safari/537.36"
shop.infinitibizsol.com:443 27.147.148.113 - - [12/Jun/2025:00:08:56 +0000] "POST /wp-json/wp/v2/categories?_locale=user HTTP/1.1" 400 169 "-" "Mozilla/5.0 (Macintosh; Intel Mac OS X 10_15_7) AppleWebKit/537.36 (KHTML, like Gecko) Chrome/108.0.0.0 YaBrowser/23.1.2.980 Yowser/2.5 Safari/537.36"
shop.infinitibizsol.com:443 27.147.148.113 - - [12/Jun/2025:00:09:01 +0000] "POST /wp-admin/post.php HTTP/1.1" 302 5 "-" "Mozilla/5.0 (Macintosh; Intel Mac OS X 10_15_7) AppleWebKit/537.36 (KHTML, like Gecko) Chrome/108.0.0.0 YaBrowser/23.1.2.980 Yowser/2.5 Safari/537.36"
shop.infinitibizsol.com:443 162.0.223.40 - - [12/Jun/2025:00:09:06 +0000] "POST /wp-cron.php?doing_wp_cron=1749686945.4185490608215332031250 HTTP/1.1" 499 0 "-" "WordPress/6.8.1; https://shop.infinitibizsol.com"
shop.infinitibizsol.com:443 27.147.148.113 - - [12/Jun/2025:00:09:16 +0000] "GET /wp-admin/post.php?post=1843&action=edit&message=1 HTTP/1.1" 200 702351 "-" "Mozilla/5.0 (Macintosh; Intel Mac OS X 10_15_7) AppleWebKit/537.36 (KHTML, like Gecko) Chrome/108.0.0.0 YaBrowser/23.1.2.980 Yowser/2.5 Safari/537.36"
shop.infinitibizsol.com:443 27.147.148.113 - - [12/Jun/2025:00:09:29 +0000] "GET /?p=1843 HTTP/1.1" 404 5 "-" "Mozilla/5.0 (Macintosh; Intel Mac OS X 10_15_7) AppleWebKit/537.36 (KHTML, like Gecko) Chrome/108.0.0.0 YaBrowser/23.1.2.980 Yowser/2.5 Safari/537.36"
shop.infinitibizsol.com:443 27.147.148.113 - - [12/Jun/2025:00:09:32 +0000] "POST /wp-json/wp/v2/posts/1843/autosaves?_locale=user HTTP/1.1" 404 222766 "-" "Mozilla/5.0 (Macintosh; Intel Mac OS X 10_15_7) AppleWebKit/537.36 (KHTML, like Gecko) Chrome/108.0.0.0 YaBrowser/23.1.2.980 Yowser/2.5 Safari/537.36"
shop.infinitibizsol.com:443 203.176.129.112 - - [12/Jun/2025:00:09:37 +0000] "POST /xmlrpc.php HTTP/1.1" 200 190 "-" "python-requests/2.28.1"
shop.infinitibizsol.com:443 203.176.129.112 - - [12/Jun/2025:00:09:41 +0000] "GET /wp-login.php HTTP/1.1" 200 4552 "-" "python-requests/2.28.1"
shop.infinitibizsol.com:443 162.0.223.40 - - [12/Jun/2025:00:09:42 +0000] "POST /wp-cron.php?doing_wp_cron=1749686980.9768459796905517578125 HTTP/1.1" 499 0 "-" "WordPress/6.8.1; https://shop.infinitibizsol.com"
shop.infinitibizsol.com:443 27.147.148.113 - - [12/Jun/2025:00:09:42 +0000] "POST /index.php?rest_route=/wp/v2/posts/1843&_locale=user HTTP/1.1" 404 227121 "-" "Mozilla/5.0 (Macintosh; Intel Mac OS X 10_15_7) AppleWebKit/537.36 (KHTML, like Gecko) Chrome/108.0.0.0 YaBrowser/23.1.2.980 Yowser/2.5 Safari/537.36"
shop.infinitibizsol.com:443 203.176.129.112 - - [12/Jun/2025:00:09:43 +0000] "POST /wp-login.php HTTP/1.1" 302 5 "-" "python-requests/2.28.1"
shop.infinitibizsol.com:443 203.176.129.112 - - [12/Jun/2025:00:09:46 +0000] "GET /?p=1846 HTTP/1.1" 404 5 "-" "Mozilla/5.0 (Windows NT 6.3; Win64; x64) AppleWebKit/537.36 (KHTML, like Gecko) Chrome/101.0.4951.54 Safari/537.36"
shop.infinitibizsol.com:443 27.147.148.113 - - [12/Jun/2025:00:09:48 +0000] "GET /wp-admin/edit.php HTTP/1.1" 200 147388 "-" "python-requests/2.28.1"
shop.infinitibizsol.com:443 203.176.129.112 - - [12/Jun/2025:00:09:49 +0000] "GET /wp-login.php HTTP/1.1" 200 4590 "-" "Mozilla/5.0 (Macintosh; Intel Mac OS X 10_15_7) AppleWebKit/537.36 (KHTML, like Gecko) Chrome/108.0.0.0 YaBrowser/23.1.2.980 Yowser/2.5 Safari/537.36"
shop.infinitibizsol.com:443 203.176.129.112 - - [12/Jun/2025:00:09:52 +0000] "POST /wp-login.php HTTP/1.1" 302 5 "-" "Mozilla/5.0 (Macintosh; Intel Mac OS X 10_15_7) AppleWebKit/537.36 (KHTML, like Gecko) Chrome/108.0.0.0 YaBrowser/23.1.2.980 Yowser/2.5 Safari/537.36"
shop.infinitibizsol.com:443 27.147.148.113 - - [12/Jun/2025:00:09:54 +0000] "GET /?p=1843 HTTP/1.1" 404 5 "-" "Mozilla/5.0 (Macintosh; Intel Mac OS X 10_15_7) AppleWebKit/537.36 (KHTML, like Gecko) Chrome/108.0.0.0 YaBrowser/23.1.2.980 Yowser/2.5 Safari/537.36"
shop.infinitibizsol.com:443 203.176.129.112 - - [12/Jun/2025:00:09:55 +0000] "GET /wp-admin/ HTTP/1.1" 200 70202 "-" "Mozilla/5.0 (Macintosh; Intel Mac OS X 10_15_7) AppleWebKit/537.36 (KHTML, like Gecko) Chrome/108.0.0.0 YaBrowser/23.1.2.980 Yowser/2.5 Safari/537.36"
shop.infinitibizsol.com:443 185.24.25.165 - - [12/Jun/2025:00:10:12 +0000] "POST /xmlrpc.php HTTP/1.1" 200 190 "-" "python-requests/2.28.1"
shop.infinitibizsol.com:443 203.176.129.112 - - [12/Jun/2025:00:10:14 +0000] "GET /wp-admin/post-new.php HTTP/1.1" 200 476267 "-" "Mozilla/5.0 (Macintosh; Intel Mac OS X 10_15_7) AppleWebKit/537.36 (KHTML, like Gecko) Chrome/108.0.0.0 YaBrowser/23.1.2.980 Yowser/2.5 Safari/537.36"
shop.infinitibizsol.com:443 162.0.223.40 - - [12/Jun/2025:00:10:16 +0000] "POST /wp-cron.php?doing_wp_cron=1749687015.3338799476623535156250 HTTP/1.1" 499 0 "-" "WordPress/6.8.1; https://shop.infinitibizsol.com"
shop.infinitibizsol.com:443 185.24.25.165 - - [12/Jun/2025:00:10:16 +0000] "GET /wp-login.php HTTP/1.1" 200 4608 "-" "python-requests/2.28.1"
shop.infinitibizsol.com:443 185.24.25.165 - - [12/Jun/2025:00:10:18 +0000] "POST /wp-login.php HTTP/1.1" 302 5 "-" "python-requests/2.28.1"
shop.infinitibizsol.com:443 185.24.25.165 - - [12/Jun/2025:00:10:19 +0000] "GET /?p=1849 HTTP/1.1" 404 5 "-" "Mozilla/5.0 (Windows NT 6.3; Win64; x64) AppleWebKit/537.36 (KHTML, like Gecko) Chrome/101.0.4951.54 Safari/537.36"
shop.infinitibizsol.com:443 185.24.25.165 - - [12/Jun/2025:00:10:22 +0000] "GET /wp-login.php HTTP/1.1" 200 4558 "-" "Mozilla/5.0 (Macintosh; Intel Mac OS X 10_15_7) AppleWebKit/537.36 (KHTML, like Gecko) Chrome/108.0.0.0 YaBrowser/23.1.2.980 Yowser/2.5 Safari/537.36"
shop.infinitibizsol.com:443 203.176.129.112 - - [12/Jun/2025:00:10:24 +0000] "POST /wp-json/wp/v2/categories?_locale=user HTTP/1.1" 400 169 "-" "Mozilla/5.0 (Macintosh; Intel Mac OS X 10_15_7) AppleWebKit/537.36 (KHTML, like Gecko) Chrome/108.0.0.0 YaBrowser/23.1.2.980 Yowser/2.5 Safari/537.36"
shop.infinitibizsol.com:443 185.24.25.165 - - [12/Jun/2025:00:10:24 +0000] "POST /wp-login.php HTTP/1.1" 302 5 "-" "Mozilla/5.0 (Macintosh; Intel Mac OS X 10_15_7) AppleWebKit/537.36 (KHTML, like Gecko) Chrome/108.0.0.0 YaBrowser/23.1.2.980 Yowser/2.5 Safari/537.36"
shop.infinitibizsol.com:443 185.24.25.165 - - [12/Jun/2025:00:10:27 +0000] "GET /wp-admin/ HTTP/1.1" 200 70092 "-" "Mozilla/5.0 (Macintosh; Intel Mac OS X 10_15_7) AppleWebKit/537.36 (KHTML, like Gecko) Chrome/108.0.0.0 YaBrowser/23.1.2.980 Yowser/2.5 Safari/537.36"
shop.infinitibizsol.com:443 203.176.129.112 - - [12/Jun/2025:00:10:27 +0000] "POST /wp-admin/post.php HTTP/1.1" 302 5 "-" "Mozilla/5.0 (Macintosh; Intel Mac OS X 10_15_7) AppleWebKit/537.36 (KHTML, like Gecko) Chrome/108.0.0.0 YaBrowser/23.1.2.980 Yowser/2.5 Safari/537.36"
shop.infinitibizsol.com:443 162.0.223.40 - - [12/Jun/2025:00:10:30 +0000] "POST /wp-cron.php?doing_wp_cron=1749687028.9963901042938232421875 HTTP/1.1" 499 0 "-" "WordPress/6.8.1; https://shop.infinitibizsol.com"
shop.infinitibizsol.com:443 185.24.25.165 - - [12/Jun/2025:00:10:31 +0000] "GET /wp-admin/post-new.php HTTP/1.1" 200 476342 "-" "Mozilla/5.0 (Macintosh; Intel Mac OS X 10_15_7) AppleWebKit/537.36 (KHTML, like Gecko) Chrome/108.0.0.0 YaBrowser/23.1.2.980 Yowser/2.5 Safari/537.36"
shop.infinitibizsol.com:443 185.24.25.165 - - [12/Jun/2025:00:10:36 +0000] "POST /wp-json/wp/v2/categories?_locale=user HTTP/1.1" 400 169 "-" "Mozilla/5.0 (Macintosh; Intel Mac OS X 10_15_7) AppleWebKit/537.36 (KHTML, like Gecko) Chrome/108.0.0.0 YaBrowser/23.1.2.980 Yowser/2.5 Safari/537.36"
shop.infinitibizsol.com:443 185.24.25.165 - - [12/Jun/2025:00:10:39 +0000] "POST /wp-admin/post.php HTTP/1.1" 302 5 "-" "Mozilla/5.0 (Macintosh; Intel Mac OS X 10_15_7) AppleWebKit/537.36 (KHTML, like Gecko) Chrome/108.0.0.0 YaBrowser/23.1.2.980 Yowser/2.5 Safari/537.36"
shop.infinitibizsol.com:443 203.176.129.112 - - [12/Jun/2025:00:10:40 +0000] "GET /wp-admin/post.php?post=1848&action=edit&message=1 HTTP/1.1" 200 730884 "-" "Mozilla/5.0 (Macintosh; Intel Mac OS X 10_15_7) AppleWebKit/537.36 (KHTML, like Gecko) Chrome/108.0.0.0 YaBrowser/23.1.2.980 Yowser/2.5 Safari/537.36"
shop.infinitibizsol.com:443 162.0.223.40 - - [12/Jun/2025:00:10:42 +0000] "POST /wp-cron.php?doing_wp_cron=1749687041.5437479019165039062500 HTTP/1.1" 499 0 "-" "WordPress/6.8.1; https://shop.infinitibizsol.com"
shop.infinitibizsol.com:443 185.24.25.165 - - [12/Jun/2025:00:10:43 +0000] "GET /wp-admin/post.php?post=1852&action=edit&message=1 HTTP/1.1" 200 713666 "-" "Mozilla/5.0 (Macintosh; Intel Mac OS X 10_15_7) AppleWebKit/537.36 (KHTML, like Gecko) Chrome/108.0.0.0 YaBrowser/23.1.2.980 Yowser/2.5 Safari/537.36"
shop.infinitibizsol.com:443 185.24.25.165 - - [12/Jun/2025:00:10:49 +0000] "GET /?p=1852 HTTP/1.1" 404 5 "-" "Mozilla/5.0 (Macintosh; Intel Mac OS X 10_15_7) AppleWebKit/537.36 (KHTML, like Gecko) Chrome/108.0.0.0 YaBrowser/23.1.2.980 Yowser/2.5 Safari/537.36"
shop.infinitibizsol.com:443 203.176.129.112 - - [12/Jun/2025:00:10:50 +0000] "GET /?p=1848 HTTP/1.1" 404 5 "-" "Mozilla/5.0 (Macintosh; Intel Mac OS X 10_15_7) AppleWebKit/537.36 (KHTML, like Gecko) Chrome/108.0.0.0 YaBrowser/23.1.2.980 Yowser/2.5 Safari/537.36"
shop.infinitibizsol.com:443 185.24.25.165 - - [12/Jun/2025:00:10:52 +0000] "POST /wp-json/wp/v2/posts/1852/autosaves?_locale=user HTTP/1.1" 404 233912 "-" "Mozilla/5.0 (Macintosh; Intel Mac OS X 10_15_7) AppleWebKit/537.36 (KHTML, like Gecko) Chrome/108.0.0.0 YaBrowser/23.1.2.980 Yowser/2.5 Safari/537.36"
shop.infinitibizsol.com:443 203.176.129.112 - - [12/Jun/2025:00:10:53 +0000] "POST /wp-json/wp/v2/posts/1848/autosaves?_locale=user HTTP/1.1" 404 251069 "-" "Mozilla/5.0 (Macintosh; Intel Mac OS X 10_15_7) AppleWebKit/537.36 (KHTML, like Gecko) Chrome/108.0.0.0 YaBrowser/23.1.2.980 Yowser/2.5 Safari/537.36"
shop.infinitibizsol.com:443 185.24.25.165 - - [12/Jun/2025:00:10:57 +0000] "POST /index.php?rest_route=/wp/v2/posts/1852&_locale=user HTTP/1.1" 404 238249 "-" "Mozilla/5.0 (Macintosh; Intel Mac OS X 10_15_7) AppleWebKit/537.36 (KHTML, like Gecko) Chrome/108.0.0.0 YaBrowser/23.1.2.980 Yowser/2.5 Safari/537.36"
shop.infinitibizsol.com:443 162.0.223.40 - - [12/Jun/2025:00:11:04 +0000] "POST /wp-cron.php?doing_wp_cron=1749687063.3177349567413330078125 HTTP/1.1" 499 0 "-" "WordPress/6.8.1; https://shop.infinitibizsol.com"
shop.infinitibizsol.com:443 203.176.129.112 - - [12/Jun/2025:00:11:04 +0000] "POST /index.php?rest_route=/wp/v2/posts/1848&_locale=user HTTP/1.1" 404 255334 "-" "Mozilla/5.0 (Macintosh; Intel Mac OS X 10_15_7) AppleWebKit/537.36 (KHTML, like Gecko) Chrome/108.0.0.0 YaBrowser/23.1.2.980 Yowser/2.5 Safari/537.36"
shop.infinitibizsol.com:443 185.24.25.165 - - [12/Jun/2025:00:11:04 +0000] "GET /wp-admin/edit.php HTTP/1.1" 200 149814 "-" "python-requests/2.28.1"
shop.infinitibizsol.com:443 185.24.25.165 - - [12/Jun/2025:00:11:08 +0000] "GET /?p=1852 HTTP/1.1" 404 5 "-" "Mozilla/5.0 (Macintosh; Intel Mac OS X 10_15_7) AppleWebKit/537.36 (KHTML, like Gecko) Chrome/108.0.0.0 YaBrowser/23.1.2.980 Yowser/2.5 Safari/537.36"
shop.infinitibizsol.com:443 203.176.129.112 - - [12/Jun/2025:00:11:14 +0000] "GET /wp-admin/edit.php HTTP/1.1" 200 149690 "-" "python-requests/2.28.1"
shop.infinitibizsol.com:443 203.176.129.112 - - [12/Jun/2025:00:11:19 +0000] "GET /?p=1848 HTTP/1.1" 404 5 "-" "Mozilla/5.0 (Macintosh; Intel Mac OS X 10_15_7) AppleWebKit/537.36 (KHTML, like Gecko) Chrome/108.0.0.0 YaBrowser/23.1.2.980 Yowser/2.5 Safari/537.36"
shop.infinitibizsol.com:443 103.215.187.6 - - [12/Jun/2025:00:14:17 +0000] "POST /xmlrpc.php HTTP/1.1" 200 190 "-" "python-requests/2.28.1"
shop.infinitibizsol.com:443 162.0.223.40 - - [12/Jun/2025:00:14:22 +0000] "POST /wp-cron.php?doing_wp_cron=1749687261.0863881111145019531250 HTTP/1.1" 499 0 "-" "WordPress/6.8.1; https://shop.infinitibizsol.com"
shop.infinitibizsol.com:443 103.215.187.6 - - [12/Jun/2025:00:14:22 +0000] "GET /wp-login.php HTTP/1.1" 200 4552 "-" "python-requests/2.28.1"
shop.infinitibizsol.com:443 103.215.187.6 - - [12/Jun/2025:00:14:24 +0000] "POST /wp-login.php HTTP/1.1" 302 5 "-" "python-requests/2.28.1"
shop.infinitibizsol.com:443 103.215.187.6 - - [12/Jun/2025:00:14:26 +0000] "GET /?p=1856 HTTP/1.1" 404 5 "-" "Mozilla/5.0 (Windows NT 6.3; Win64; x64) AppleWebKit/537.36 (KHTML, like Gecko) Chrome/101.0.4951.54 Safari/537.36"
