shop.infinitibizsol.com:443 45.236.162.215 - - [15/Jun/2025:22:44:02 +0000] "GET /wp-admin/ HTTP/1.1" 200 69197 "-" "Mozilla/5.0 (Macintosh; Intel Mac OS X 10_15_7) AppleWebKit/537.36 (KHTML, like Gecko) Chrome/108.0.0.0 YaBrowser/23.1.2.980 Yowser/2.5 Safari/537.36"
shop.infinitibizsol.com:443 43.231.115.89 - - [15/Jun/2025:22:44:04 +0000] "POST /wp-login.php HTTP/1.1" 302 5 "-" "Mozilla/5.0 (Macintosh; Intel Mac OS X 10_15_7) AppleWebKit/537.36 (KHTML, like Gecko) Chrome/108.0.0.0 YaBrowser/23.1.2.980 Yowser/2.5 Safari/537.36"
shop.infinitibizsol.com:443 43.231.115.89 - - [15/Jun/2025:22:44:07 +0000] "GET /wp-admin/ HTTP/1.1" 200 69192 "-" "Mozilla/5.0 (Macintosh; Intel Mac OS X 10_15_7) AppleWebKit/537.36 (KHTML, like Gecko) Chrome/108.0.0.0 YaBrowser/23.1.2.980 Yowser/2.5 Safari/537.36"
shop.infinitibizsol.com:443 43.231.115.89 - - [15/Jun/2025:22:44:10 +0000] "GET /wp-admin/post-new.php HTTP/1.1" 200 476214 "-" "Mozilla/5.0 (Macintosh; Intel Mac OS X 10_15_7) AppleWebKit/537.36 (KHTML, like Gecko) Chrome/108.0.0.0 YaBrowser/23.1.2.980 Yowser/2.5 Safari/537.36"
shop.infinitibizsol.com:443 43.231.115.89 - - [15/Jun/2025:22:44:14 +0000] "POST /wp-json/wp/v2/categories?_locale=user HTTP/1.1" 400 169 "-" "Mozilla/5.0 (Macintosh; Intel Mac OS X 10_15_7) AppleWebKit/537.36 (KHTML, like Gecko) Chrome/108.0.0.0 YaBrowser/23.1.2.980 Yowser/2.5 Safari/537.36"
shop.infinitibizsol.com:443 223.25.101.10 - - [15/Jun/2025:22:44:15 +0000] "POST /xmlrpc.php HTTP/1.1" 200 190 "-" "python-requests/2.28.1"
shop.infinitibizsol.com:443 162.0.223.40 - - [15/Jun/2025:22:44:17 +0000] "POST /wp-cron.php?doing_wp_cron=1750027456.8046429157257080078125 HTTP/1.1" 499 0 "-" "WordPress/6.8.1; https://shop.infinitibizsol.com"
shop.infinitibizsol.com:443 116.212.147.162 - - [15/Jun/2025:22:44:18 +0000] "POST /wp-json/wp/v2/categories?_locale=user HTTP/1.1" 400 169 "-" "Mozilla/5.0 (Macintosh; Intel Mac OS X 10_15_7) AppleWebKit/537.36 (KHTML, like Gecko) Chrome/108.0.0.0 YaBrowser/23.1.2.980 Yowser/2.5 Safari/537.36"
shop.infinitibizsol.com:443 43.231.115.89 - - [15/Jun/2025:22:44:18 +0000] "POST /wp-admin/post.php HTTP/1.1" 302 5 "-" "Mozilla/5.0 (Macintosh; Intel Mac OS X 10_15_7) AppleWebKit/537.36 (KHTML, like Gecko) Chrome/108.0.0.0 YaBrowser/23.1.2.980 Yowser/2.5 Safari/537.36"
shop.infinitibizsol.com:443 116.212.147.162 - - [15/Jun/2025:22:44:21 +0000] "POST /wp-admin/post.php HTTP/1.1" 302 5 "-" "Mozilla/5.0 (Macintosh; Intel Mac OS X 10_15_7) AppleWebKit/537.36 (KHTML, like Gecko) Chrome/108.0.0.0 YaBrowser/23.1.2.980 Yowser/2.5 Safari/537.36"
shop.infinitibizsol.com:443 43.231.115.89 - - [15/Jun/2025:22:44:21 +0000] "GET /wp-admin/post.php?post=2463&action=edit&message=1 HTTP/1.1" 200 534567 "-" "Mozilla/5.0 (Macintosh; Intel Mac OS X 10_15_7) AppleWebKit/537.36 (KHTML, like Gecko) Chrome/108.0.0.0 YaBrowser/23.1.2.980 Yowser/2.5 Safari/537.36"
shop.infinitibizsol.com:443 162.0.223.40 - - [15/Jun/2025:22:44:24 +0000] "POST /wp-cron.php?doing_wp_cron=1750027463.1516799926757812500000 HTTP/1.1" 499 0 "-" "WordPress/6.8.1; https://shop.infinitibizsol.com"
shop.infinitibizsol.com:443 223.25.101.10 - - [15/Jun/2025:22:44:24 +0000] "GET /wp-login.php HTTP/1.1" 200 4577 "-" "python-requests/2.28.1"
shop.infinitibizsol.com:443 43.231.115.89 - - [15/Jun/2025:22:44:25 +0000] "GET /?p=2463 HTTP/1.1" 404 5 "-" "Mozilla/5.0 (Macintosh; Intel Mac OS X 10_15_7) AppleWebKit/537.36 (KHTML, like Gecko) Chrome/108.0.0.0 YaBrowser/23.1.2.980 Yowser/2.5 Safari/537.36"
shop.infinitibizsol.com:443 223.25.101.10 - - [15/Jun/2025:22:44:27 +0000] "POST /wp-login.php HTTP/1.1" 302 5 "-" "python-requests/2.28.1"
shop.infinitibizsol.com:443 116.212.147.162 - - [15/Jun/2025:22:44:27 +0000] "GET /wp-admin/post.php?post=2462&action=edit&message=1 HTTP/1.1" 200 487947 "-" "Mozilla/5.0 (Macintosh; Intel Mac OS X 10_15_7) AppleWebKit/537.36 (KHTML, like Gecko) Chrome/108.0.0.0 YaBrowser/23.1.2.980 Yowser/2.5 Safari/537.36"
shop.infinitibizsol.com:443 43.231.115.89 - - [15/Jun/2025:22:44:28 +0000] "POST /wp-json/wp/v2/posts/2463/autosaves?_locale=user HTTP/1.1" 404 57851 "-" "Mozilla/5.0 (Macintosh; Intel Mac OS X 10_15_7) AppleWebKit/537.36 (KHTML, like Gecko) Chrome/108.0.0.0 YaBrowser/23.1.2.980 Yowser/2.5 Safari/537.36"
shop.infinitibizsol.com:443 223.25.101.10 - - [15/Jun/2025:22:44:29 +0000] "GET /?p=2465 HTTP/1.1" 404 5 "-" "Mozilla/5.0 (Windows NT 6.3; Win64; x64) AppleWebKit/537.36 (KHTML, like Gecko) Chrome/101.0.4951.54 Safari/537.36"
shop.infinitibizsol.com:443 43.231.115.89 - - [15/Jun/2025:22:44:31 +0000] "POST /index.php?rest_route=/wp/v2/posts/2463&_locale=user HTTP/1.1" 404 60572 "-" "Mozilla/5.0 (Macintosh; Intel Mac OS X 10_15_7) AppleWebKit/537.36 (KHTML, like Gecko) Chrome/108.0.0.0 YaBrowser/23.1.2.980 Yowser/2.5 Safari/537.36"
shop.infinitibizsol.com:443 162.0.223.40 - - [15/Jun/2025:22:44:33 +0000] "POST /wp-cron.php?doing_wp_cron=1750027472.5152299404144287109375 HTTP/1.1" 499 0 "-" "WordPress/6.8.1; https://shop.infinitibizsol.com"
shop.infinitibizsol.com:443 223.25.101.10 - - [15/Jun/2025:22:44:33 +0000] "GET /wp-login.php HTTP/1.1" 200 4552 "-" "Mozilla/5.0 (Macintosh; Intel Mac OS X 10_15_7) AppleWebKit/537.36 (KHTML, like Gecko) Chrome/108.0.0.0 YaBrowser/23.1.2.980 Yowser/2.5 Safari/537.36"
shop.infinitibizsol.com:443 43.231.115.89 - - [15/Jun/2025:22:44:34 +0000] "GET /wp-admin/edit.php HTTP/1.1" 200 147859 "-" "python-requests/2.28.1"
shop.infinitibizsol.com:443 223.25.101.10 - - [15/Jun/2025:22:44:36 +0000] "POST /wp-login.php HTTP/1.1" 302 5 "-" "Mozilla/5.0 (Macintosh; Intel Mac OS X 10_15_7) AppleWebKit/537.36 (KHTML, like Gecko) Chrome/108.0.0.0 YaBrowser/23.1.2.980 Yowser/2.5 Safari/537.36"
shop.infinitibizsol.com:443 43.231.115.89 - - [15/Jun/2025:22:44:37 +0000] "GET /?p=2463 HTTP/1.1" 404 5 "-" "Mozilla/5.0 (Macintosh; Intel Mac OS X 10_15_7) AppleWebKit/537.36 (KHTML, like Gecko) Chrome/108.0.0.0 YaBrowser/23.1.2.980 Yowser/2.5 Safari/537.36"
shop.infinitibizsol.com:443 116.212.147.162 - - [15/Jun/2025:22:44:38 +0000] "GET /?p=2462 HTTP/1.1" 404 5 "-" "Mozilla/5.0 (Macintosh; Intel Mac OS X 10_15_7) AppleWebKit/537.36 (KHTML, like Gecko) Chrome/108.0.0.0 YaBrowser/23.1.2.980 Yowser/2.5 Safari/537.36"
shop.infinitibizsol.com:443 223.25.101.10 - - [15/Jun/2025:22:44:38 +0000] "GET /wp-admin/ HTTP/1.1" 200 69299 "-" "Mozilla/5.0 (Macintosh; Intel Mac OS X 10_15_7) AppleWebKit/537.36 (KHTML, like Gecko) Chrome/108.0.0.0 YaBrowser/23.1.2.980 Yowser/2.5 Safari/537.36"
shop.infinitibizsol.com:443 103.91.95.60 - - [15/Jun/2025:22:44:38 +0000] "GET /wp-login.php HTTP/1.1" 200 4558 "-" "Mozilla/5.0 (Macintosh; Intel Mac OS X 10_15_7) AppleWebKit/537.36 (KHTML, like Gecko) Chrome/108.0.0.0 YaBrowser/23.1.2.980 Yowser/2.5 Safari/537.36"
shop.infinitibizsol.com:443 116.212.147.162 - - [15/Jun/2025:22:44:40 +0000] "POST /wp-json/wp/v2/posts/2462/autosaves?_locale=user HTTP/1.1" 404 10992 "-" "Mozilla/5.0 (Macintosh; Intel Mac OS X 10_15_7) AppleWebKit/537.36 (KHTML, like Gecko) Chrome/108.0.0.0 YaBrowser/23.1.2.980 Yowser/2.5 Safari/537.36"
shop.infinitibizsol.com:443 45.236.162.215 - - [15/Jun/2025:22:44:40 +0000] "GET /wp-admin/post-new.php HTTP/1.1" 200 476515 "-" "Mozilla/5.0 (Macintosh; Intel Mac OS X 10_15_7) AppleWebKit/537.36 (KHTML, like Gecko) Chrome/108.0.0.0 YaBrowser/23.1.2.980 Yowser/2.5 Safari/537.36"
shop.infinitibizsol.com:443 103.91.95.60 - - [15/Jun/2025:22:44:41 +0000] "POST /wp-login.php HTTP/1.1" 302 5 "-" "Mozilla/5.0 (Macintosh; Intel Mac OS X 10_15_7) AppleWebKit/537.36 (KHTML, like Gecko) Chrome/108.0.0.0 YaBrowser/23.1.2.980 Yowser/2.5 Safari/537.36"
shop.infinitibizsol.com:443 116.212.147.162 - - [15/Jun/2025:22:44:42 +0000] "POST /index.php?rest_route=/wp/v2/posts/2462&_locale=user HTTP/1.1" 404 13847 "-" "Mozilla/5.0 (Macintosh; Intel Mac OS X 10_15_7) AppleWebKit/537.36 (KHTML, like Gecko) Chrome/108.0.0.0 YaBrowser/23.1.2.980 Yowser/2.5 Safari/537.36"
shop.infinitibizsol.com:443 103.91.95.60 - - [15/Jun/2025:22:44:43 +0000] "GET /wp-admin/ HTTP/1.1" 200 69348 "-" "Mozilla/5.0 (Macintosh; Intel Mac OS X 10_15_7) AppleWebKit/537.36 (KHTML, like Gecko) Chrome/108.0.0.0 YaBrowser/23.1.2.980 Yowser/2.5 Safari/537.36"
shop.infinitibizsol.com:443 223.25.101.10 - - [15/Jun/2025:22:44:44 +0000] "GET /wp-admin/post-new.php HTTP/1.1" 200 476274 "-" "Mozilla/5.0 (Macintosh; Intel Mac OS X 10_15_7) AppleWebKit/537.36 (KHTML, like Gecko) Chrome/108.0.0.0 YaBrowser/23.1.2.980 Yowser/2.5 Safari/537.36"
shop.infinitibizsol.com:443 162.0.223.40 - - [15/Jun/2025:22:44:45 +0000] "POST /wp-cron.php?doing_wp_cron=1750027484.8198950290679931640625 HTTP/1.1" 499 0 "-" "WordPress/6.8.1; https://shop.infinitibizsol.com"
shop.infinitibizsol.com:443 116.212.147.162 - - [15/Jun/2025:22:44:46 +0000] "GET /wp-admin/edit.php HTTP/1.1" 200 147492 "-" "python-requests/2.28.1"
shop.infinitibizsol.com:443 45.236.162.215 - - [15/Jun/2025:22:44:47 +0000] "POST /wp-json/wp/v2/categories?_locale=user HTTP/1.1" 400 169 "-" "Mozilla/5.0 (Macintosh; Intel Mac OS X 10_15_7) AppleWebKit/537.36 (KHTML, like Gecko) Chrome/108.0.0.0 YaBrowser/23.1.2.980 Yowser/2.5 Safari/537.36"
shop.infinitibizsol.com:443 116.212.147.162 - - [15/Jun/2025:22:44:51 +0000] "GET /?p=2462 HTTP/1.1" 404 5 "-" "Mozilla/5.0 (Macintosh; Intel Mac OS X 10_15_7) AppleWebKit/537.36 (KHTML, like Gecko) Chrome/108.0.0.0 YaBrowser/23.1.2.980 Yowser/2.5 Safari/537.36"
shop.infinitibizsol.com:443 103.91.95.60 - - [15/Jun/2025:22:44:51 +0000] "GET /wp-admin/post-new.php HTTP/1.1" 200 476223 "-" "Mozilla/5.0 (Macintosh; Intel Mac OS X 10_15_7) AppleWebKit/537.36 (KHTML, like Gecko) Chrome/108.0.0.0 YaBrowser/23.1.2.980 Yowser/2.5 Safari/537.36"
shop.infinitibizsol.com:443 45.236.162.215 - - [15/Jun/2025:22:44:55 +0000] "POST /wp-admin/post.php HTTP/1.1" 302 5 "-" "Mozilla/5.0 (Macintosh; Intel Mac OS X 10_15_7) AppleWebKit/537.36 (KHTML, like Gecko) Chrome/108.0.0.0 YaBrowser/23.1.2.980 Yowser/2.5 Safari/537.36"
shop.infinitibizsol.com:443 103.91.95.60 - - [15/Jun/2025:22:44:56 +0000] "POST /wp-json/wp/v2/categories?_locale=user HTTP/1.1" 201 734 "-" "Mozilla/5.0 (Macintosh; Intel Mac OS X 10_15_7) AppleWebKit/537.36 (KHTML, like Gecko) Chrome/108.0.0.0 YaBrowser/23.1.2.980 Yowser/2.5 Safari/537.36"
shop.infinitibizsol.com:443 31.10.61.152 - - [15/Jun/2025:22:44:56 +0000] "POST /xmlrpc.php HTTP/1.1" 200 190 "-" "python-requests/2.28.1"
shop.infinitibizsol.com:443 162.0.223.40 - - [15/Jun/2025:22:44:58 +0000] "POST /wp-cron.php?doing_wp_cron=1750027497.7260570526123046875000 HTTP/1.1" 499 0 "-" "WordPress/6.8.1; https://shop.infinitibizsol.com"
shop.infinitibizsol.com:443 223.25.101.10 - - [15/Jun/2025:22:44:58 +0000] "POST /wp-json/wp/v2/categories?_locale=user HTTP/1.1" 400 169 "-" "Mozilla/5.0 (Macintosh; Intel Mac OS X 10_15_7) AppleWebKit/537.36 (KHTML, like Gecko) Chrome/108.0.0.0 YaBrowser/23.1.2.980 Yowser/2.5 Safari/537.36"
shop.infinitibizsol.com:443 31.10.61.152 - - [15/Jun/2025:22:44:59 +0000] "GET /wp-login.php HTTP/1.1" 200 4558 "-" "python-requests/2.28.1"
shop.infinitibizsol.com:443 103.91.95.60 - - [15/Jun/2025:22:45:00 +0000] "POST /wp-admin/post.php HTTP/1.1" 302 5 "-" "Mozilla/5.0 (Macintosh; Intel Mac OS X 10_15_7) AppleWebKit/537.36 (KHTML, like Gecko) Chrome/108.0.0.0 YaBrowser/23.1.2.980 Yowser/2.5 Safari/537.36"
shop.infinitibizsol.com:443 31.10.61.152 - - [15/Jun/2025:22:45:02 +0000] "POST /wp-login.php HTTP/1.1" 302 5 "-" "python-requests/2.28.1"
shop.infinitibizsol.com:443 223.25.101.10 - - [15/Jun/2025:22:45:02 +0000] "POST /wp-admin/post.php HTTP/1.1" 302 5 "-" "Mozilla/5.0 (Macintosh; Intel Mac OS X 10_15_7) AppleWebKit/537.36 (KHTML, like Gecko) Chrome/108.0.0.0 YaBrowser/23.1.2.980 Yowser/2.5 Safari/537.36"
shop.infinitibizsol.com:443 162.0.223.40 - - [15/Jun/2025:22:45:05 +0000] "POST /wp-cron.php?doing_wp_cron=1750027504.5997269153594970703125 HTTP/1.1" 499 0 "-" "WordPress/6.8.1; https://shop.infinitibizsol.com"
shop.infinitibizsol.com:443 31.10.61.152 - - [15/Jun/2025:22:45:05 +0000] "GET /?p=2474 HTTP/1.1" 404 5 "-" "Mozilla/5.0 (Windows NT 6.3; Win64; x64) AppleWebKit/537.36 (KHTML, like Gecko) Chrome/101.0.4951.54 Safari/537.36"
shop.infinitibizsol.com:443 223.25.101.10 - - [15/Jun/2025:22:45:08 +0000] "GET /wp-admin/post.php?post=2471&action=edit&message=1 HTTP/1.1" 200 549599 "-" "Mozilla/5.0 (Macintosh; Intel Mac OS X 10_15_7) AppleWebKit/537.36 (KHTML, like Gecko) Chrome/108.0.0.0 YaBrowser/23.1.2.980 Yowser/2.5 Safari/537.36"
shop.infinitibizsol.com:443 31.10.61.152 - - [15/Jun/2025:22:45:09 +0000] "GET /wp-login.php HTTP/1.1" 200 4942 "-" "Mozilla/5.0 (Macintosh; Intel Mac OS X 10_15_7) AppleWebKit/537.36 (KHTML, like Gecko) Chrome/108.0.0.0 YaBrowser/23.1.2.980 Yowser/2.5 Safari/537.36"
shop.infinitibizsol.com:443 103.91.95.60 - - [15/Jun/2025:22:45:09 +0000] "GET /wp-admin/post.php?post=2472&action=edit&message=1 HTTP/1.1" 200 537184 "-" "Mozilla/5.0 (Macintosh; Intel Mac OS X 10_15_7) AppleWebKit/537.36 (KHTML, like Gecko) Chrome/108.0.0.0 YaBrowser/23.1.2.980 Yowser/2.5 Safari/537.36"
shop.infinitibizsol.com:443 31.10.61.152 - - [15/Jun/2025:22:45:11 +0000] "POST /wp-login.php HTTP/1.1" 302 5 "-" "Mozilla/5.0 (Macintosh; Intel Mac OS X 10_15_7) AppleWebKit/537.36 (KHTML, like Gecko) Chrome/108.0.0.0 YaBrowser/23.1.2.980 Yowser/2.5 Safari/537.36"
shop.infinitibizsol.com:443 31.10.61.152 - - [15/Jun/2025:22:45:14 +0000] "GET /wp-admin/ HTTP/1.1" 200 69268 "-" "Mozilla/5.0 (Macintosh; Intel Mac OS X 10_15_7) AppleWebKit/537.36 (KHTML, like Gecko) Chrome/108.0.0.0 YaBrowser/23.1.2.980 Yowser/2.5 Safari/537.36"
shop.infinitibizsol.com:443 103.91.95.60 - - [15/Jun/2025:22:45:15 +0000] "GET /?p=2472 HTTP/1.1" 404 5 "-" "Mozilla/5.0 (Macintosh; Intel Mac OS X 10_15_7) AppleWebKit/537.36 (KHTML, like Gecko) Chrome/108.0.0.0 YaBrowser/23.1.2.980 Yowser/2.5 Safari/537.36"
shop.infinitibizsol.com:443 223.25.101.10 - - [15/Jun/2025:22:45:17 +0000] "GET /?p=2471 HTTP/1.1" 404 5 "-" "Mozilla/5.0 (Macintosh; Intel Mac OS X 10_15_7) AppleWebKit/537.36 (KHTML, like Gecko) Chrome/108.0.0.0 YaBrowser/23.1.2.980 Yowser/2.5 Safari/537.36"
shop.infinitibizsol.com:443 103.91.95.60 - - [15/Jun/2025:22:45:18 +0000] "POST /wp-json/wp/v2/posts/2472/autosaves?_locale=user HTTP/1.1" 404 60151 "-" "Mozilla/5.0 (Macintosh; Intel Mac OS X 10_15_7) AppleWebKit/537.36 (KHTML, like Gecko) Chrome/108.0.0.0 YaBrowser/23.1.2.980 Yowser/2.5 Safari/537.36"
shop.infinitibizsol.com:443 31.10.61.152 - - [15/Jun/2025:22:45:19 +0000] "GET /wp-admin/post-new.php HTTP/1.1" 200 476278 "-" "Mozilla/5.0 (Macintosh; Intel Mac OS X 10_15_7) AppleWebKit/537.36 (KHTML, like Gecko) Chrome/108.0.0.0 YaBrowser/23.1.2.980 Yowser/2.5 Safari/537.36"
shop.infinitibizsol.com:443 223.25.101.10 - - [15/Jun/2025:22:45:20 +0000] "POST /wp-json/wp/v2/posts/2471/autosaves?_locale=user HTTP/1.1" 404 72728 "-" "Mozilla/5.0 (Macintosh; Intel Mac OS X 10_15_7) AppleWebKit/537.36 (KHTML, like Gecko) Chrome/108.0.0.0 YaBrowser/23.1.2.980 Yowser/2.5 Safari/537.36"
shop.infinitibizsol.com:443 103.91.95.60 - - [15/Jun/2025:22:45:22 +0000] "POST /index.php?rest_route=/wp/v2/posts/2472&_locale=user HTTP/1.1" 404 62981 "-" "Mozilla/5.0 (Macintosh; Intel Mac OS X 10_15_7) AppleWebKit/537.36 (KHTML, like Gecko) Chrome/108.0.0.0 YaBrowser/23.1.2.980 Yowser/2.5 Safari/537.36"
shop.infinitibizsol.com:443 162.0.223.40 - - [15/Jun/2025:22:45:25 +0000] "POST /wp-cron.php?doing_wp_cron=1750027524.2885129451751708984375 HTTP/1.1" 499 0 "-" "WordPress/6.8.1; https://shop.infinitibizsol.com"
shop.infinitibizsol.com:443 103.91.95.60 - - [15/Jun/2025:22:45:25 +0000] "GET /wp-admin/edit.php HTTP/1.1" 200 147719 "-" "python-requests/2.28.1"
shop.infinitibizsol.com:443 223.25.101.10 - - [15/Jun/2025:22:45:25 +0000] "POST /index.php?rest_route=/wp/v2/posts/2471&_locale=user HTTP/1.1" 404 75557 "-" "Mozilla/5.0 (Macintosh; Intel Mac OS X 10_15_7) AppleWebKit/537.36 (KHTML, like Gecko) Chrome/108.0.0.0 YaBrowser/23.1.2.980 Yowser/2.5 Safari/537.36"
shop.infinitibizsol.com:443 31.10.61.152 - - [15/Jun/2025:22:45:28 +0000] "POST /wp-json/wp/v2/categories?_locale=user HTTP/1.1" 400 169 "-" "Mozilla/5.0 (Macintosh; Intel Mac OS X 10_15_7) AppleWebKit/537.36 (KHTML, like Gecko) Chrome/108.0.0.0 YaBrowser/23.1.2.980 Yowser/2.5 Safari/537.36"
shop.infinitibizsol.com:443 223.25.101.10 - - [15/Jun/2025:22:45:29 +0000] "GET /wp-admin/edit.php HTTP/1.1" 200 147367 "-" "python-requests/2.28.1"
shop.infinitibizsol.com:443 103.91.95.60 - - [15/Jun/2025:22:45:29 +0000] "GET /?p=2472 HTTP/1.1" 404 5 "-" "Mozilla/5.0 (Macintosh; Intel Mac OS X 10_15_7) AppleWebKit/537.36 (KHTML, like Gecko) Chrome/108.0.0.0 YaBrowser/23.1.2.980 Yowser/2.5 Safari/537.36"
shop.infinitibizsol.com:443 45.236.162.215 - - [15/Jun/2025:22:45:29 +0000] "GET /wp-admin/post.php?post=2464&action=edit&message=1 HTTP/1.1" 200 552871 "-" "Mozilla/5.0 (Macintosh; Intel Mac OS X 10_15_7) AppleWebKit/537.36 (KHTML, like Gecko) Chrome/108.0.0.0 YaBrowser/23.1.2.980 Yowser/2.5 Safari/537.36"
shop.infinitibizsol.com:443 31.10.61.152 - - [15/Jun/2025:22:45:31 +0000] "POST /wp-admin/post.php HTTP/1.1" 302 5 "-" "Mozilla/5.0 (Macintosh; Intel Mac OS X 10_15_7) AppleWebKit/537.36 (KHTML, like Gecko) Chrome/108.0.0.0 YaBrowser/23.1.2.980 Yowser/2.5 Safari/537.36"
shop.infinitibizsol.com:443 223.25.101.10 - - [15/Jun/2025:22:45:33 +0000] "GET /?p=2471 HTTP/1.1" 404 5 "-" "Mozilla/5.0 (Macintosh; Intel Mac OS X 10_15_7) AppleWebKit/537.36 (KHTML, like Gecko) Chrome/108.0.0.0 YaBrowser/23.1.2.980 Yowser/2.5 Safari/537.36"
shop.infinitibizsol.com:443 162.0.223.40 - - [15/Jun/2025:22:45:35 +0000] "POST /wp-cron.php?doing_wp_cron=1750027534.1740250587463378906250 HTTP/1.1" 499 0 "-" "WordPress/6.8.1; https://shop.infinitibizsol.com"
shop.infinitibizsol.com:443 45.236.162.215 - - [15/Jun/2025:22:45:36 +0000] "GET /?p=2464 HTTP/1.1" 404 5 "-" "Mozilla/5.0 (Macintosh; Intel Mac OS X 10_15_7) AppleWebKit/537.36 (KHTML, like Gecko) Chrome/108.0.0.0 YaBrowser/23.1.2.980 Yowser/2.5 Safari/537.36"
shop.infinitibizsol.com:443 31.10.61.152 - - [15/Jun/2025:22:45:36 +0000] "GET /wp-admin/post.php?post=2478&action=edit&message=1 HTTP/1.1" 200 533394 "-" "Mozilla/5.0 (Macintosh; Intel Mac OS X 10_15_7) AppleWebKit/537.36 (KHTML, like Gecko) Chrome/108.0.0.0 YaBrowser/23.1.2.980 Yowser/2.5 Safari/537.36"
shop.infinitibizsol.com:443 31.10.61.152 - - [15/Jun/2025:22:45:41 +0000] "GET /?p=2478 HTTP/1.1" 404 5 "-" "Mozilla/5.0 (Macintosh; Intel Mac OS X 10_15_7) AppleWebKit/537.36 (KHTML, like Gecko) Chrome/108.0.0.0 YaBrowser/23.1.2.980 Yowser/2.5 Safari/537.36"
shop.infinitibizsol.com:443 45.236.162.215 - - [15/Jun/2025:22:45:42 +0000] "POST /wp-json/wp/v2/posts/2464/autosaves?_locale=user HTTP/1.1" 404 75836 "-" "Mozilla/5.0 (Macintosh; Intel Mac OS X 10_15_7) AppleWebKit/537.36 (KHTML, like Gecko) Chrome/108.0.0.0 YaBrowser/23.1.2.980 Yowser/2.5 Safari/537.36"
shop.infinitibizsol.com:443 31.10.61.152 - - [15/Jun/2025:22:45:43 +0000] "POST /wp-json/wp/v2/posts/2478/autosaves?_locale=user HTTP/1.1" 404 56579 "-" "Mozilla/5.0 (Macintosh; Intel Mac OS X 10_15_7) AppleWebKit/537.36 (KHTML, like Gecko) Chrome/108.0.0.0 YaBrowser/23.1.2.980 Yowser/2.5 Safari/537.36"
shop.infinitibizsol.com:443 103.159.155.41 - - [15/Jun/2025:22:45:44 +0000] "POST /xmlrpc.php HTTP/1.1" 200 190 "-" "python-requests/2.28.1"
shop.infinitibizsol.com:443 162.0.223.40 - - [15/Jun/2025:22:45:47 +0000] "POST /wp-cron.php?doing_wp_cron=1750027546.1412980556488037109375 HTTP/1.1" 499 0 "-" "WordPress/6.8.1; https://shop.infinitibizsol.com"
shop.infinitibizsol.com:443 31.10.61.152 - - [15/Jun/2025:22:45:47 +0000] "POST /index.php?rest_route=/wp/v2/posts/2478&_locale=user HTTP/1.1" 404 59329 "-" "Mozilla/5.0 (Macintosh; Intel Mac OS X 10_15_7) AppleWebKit/537.36 (KHTML, like Gecko) Chrome/108.0.0.0 YaBrowser/23.1.2.980 Yowser/2.5 Safari/537.36"
shop.infinitibizsol.com:443 103.159.155.41 - - [15/Jun/2025:22:45:48 +0000] "GET /wp-login.php HTTP/1.1" 200 4558 "-" "python-requests/2.28.1"
shop.infinitibizsol.com:443 31.10.61.152 - - [15/Jun/2025:22:45:49 +0000] "GET /wp-admin/edit.php HTTP/1.1" 200 147351 "-" "python-requests/2.28.1"
shop.infinitibizsol.com:443 45.236.162.215 - - [15/Jun/2025:22:45:51 +0000] "POST /index.php?rest_route=/wp/v2/posts/2464&_locale=user HTTP/1.1" 404 78661 "-" "Mozilla/5.0 (Macintosh; Intel Mac OS X 10_15_7) AppleWebKit/537.36 (KHTML, like Gecko) Chrome/108.0.0.0 YaBrowser/23.1.2.980 Yowser/2.5 Safari/537.36"
shop.infinitibizsol.com:443 103.159.155.41 - - [15/Jun/2025:22:45:51 +0000] "POST /wp-login.php HTTP/1.1" 302 5 "-" "python-requests/2.28.1"
shop.infinitibizsol.com:443 103.159.155.41 - - [15/Jun/2025:22:45:54 +0000] "GET /?p=2484 HTTP/1.1" 404 5 "-" "Mozilla/5.0 (Windows NT 6.3; Win64; x64) AppleWebKit/537.36 (KHTML, like Gecko) Chrome/101.0.4951.54 Safari/537.36"
shop.infinitibizsol.com:443 162.0.223.40 - - [15/Jun/2025:22:45:54 +0000] "POST /wp-cron.php?doing_wp_cron=1750027553.7322831153869628906250 HTTP/1.1" 499 0 "-" "WordPress/6.8.1; https://shop.infinitibizsol.com"
shop.infinitibizsol.com:443 31.10.61.152 - - [15/Jun/2025:22:45:54 +0000] "GET /?p=2478 HTTP/1.1" 404 5 "-" "Mozilla/5.0 (Macintosh; Intel Mac OS X 10_15_7) AppleWebKit/537.36 (KHTML, like Gecko) Chrome/108.0.0.0 YaBrowser/23.1.2.980 Yowser/2.5 Safari/537.36"
shop.infinitibizsol.com:443 45.236.162.215 - - [15/Jun/2025:22:45:58 +0000] "GET /wp-admin/edit.php HTTP/1.1" 200 147237 "-" "python-requests/2.28.1"
shop.infinitibizsol.com:443 103.159.155.41 - - [15/Jun/2025:22:46:00 +0000] "GET /wp-login.php HTTP/1.1" 200 4558 "-" "Mozilla/5.0 (Macintosh; Intel Mac OS X 10_15_7) AppleWebKit/537.36 (KHTML, like Gecko) Chrome/108.0.0.0 YaBrowser/23.1.2.980 Yowser/2.5 Safari/537.36"
shop.infinitibizsol.com:443 103.159.155.41 - - [15/Jun/2025:22:46:03 +0000] "POST /wp-login.php HTTP/1.1" 302 5 "-" "Mozilla/5.0 (Macintosh; Intel Mac OS X 10_15_7) AppleWebKit/537.36 (KHTML, like Gecko) Chrome/108.0.0.0 YaBrowser/23.1.2.980 Yowser/2.5 Safari/537.36"
shop.infinitibizsol.com:443 45.236.162.218 - - [15/Jun/2025:22:46:04 +0000] "POST /xmlrpc.php HTTP/1.1" 200 190 "-" "python-requests/2.28.1"
shop.infinitibizsol.com:443 45.236.162.215 - - [15/Jun/2025:22:46:05 +0000] "GET /?p=2464 HTTP/1.1" 404 5 "-" "Mozilla/5.0 (Macintosh; Intel Mac OS X 10_15_7) AppleWebKit/537.36 (KHTML, like Gecko) Chrome/108.0.0.0 YaBrowser/23.1.2.980 Yowser/2.5 Safari/537.36"
shop.infinitibizsol.com:443 162.0.223.40 - - [15/Jun/2025:22:46:07 +0000] "POST /wp-cron.php?doing_wp_cron=1750027566.1459610462188720703125 HTTP/1.1" 499 0 "-" "WordPress/6.8.1; https://shop.infinitibizsol.com"
shop.infinitibizsol.com:443 103.159.155.41 - - [15/Jun/2025:22:46:08 +0000] "GET /wp-admin/ HTTP/1.1" 200 69126 "-" "Mozilla/5.0 (Macintosh; Intel Mac OS X 10_15_7) AppleWebKit/537.36 (KHTML, like Gecko) Chrome/108.0.0.0 YaBrowser/23.1.2.980 Yowser/2.5 Safari/537.36"
shop.infinitibizsol.com:443 45.236.162.218 - - [15/Jun/2025:22:46:15 +0000] "GET /wp-login.php HTTP/1.1" 200 4558 "-" "python-requests/2.28.1"
shop.infinitibizsol.com:443 45.236.162.218 - - [15/Jun/2025:22:46:18 +0000] "POST /wp-login.php HTTP/1.1" 302 5 "-" "python-requests/2.28.1"
shop.infinitibizsol.com:443 45.236.162.218 - - [15/Jun/2025:22:46:21 +0000] "GET /?p=2486 HTTP/1.1" 404 5 "-" "Mozilla/5.0 (Windows NT 6.3; Win64; x64) AppleWebKit/537.36 (KHTML, like Gecko) Chrome/101.0.4951.54 Safari/537.36"
shop.infinitibizsol.com:443 103.159.155.41 - - [15/Jun/2025:22:46:25 +0000] "GET /wp-admin/post-new.php HTTP/1.1" 200 476302 "-" "Mozilla/5.0 (Macintosh; Intel Mac OS X 10_15_7) AppleWebKit/537.36 (KHTML, like Gecko) Chrome/108.0.0.0 YaBrowser/23.1.2.980 Yowser/2.5 Safari/537.36"
shop.infinitibizsol.com:443 45.236.162.218 - - [15/Jun/2025:22:46:27 +0000] "GET /wp-login.php HTTP/1.1" 200 4565 "-" "Mozilla/5.0 (Macintosh; Intel Mac OS X 10_15_7) AppleWebKit/537.36 (KHTML, like Gecko) Chrome/108.0.0.0 YaBrowser/23.1.2.980 Yowser/2.5 Safari/537.36"
shop.infinitibizsol.com:443 45.236.162.218 - - [15/Jun/2025:22:46:30 +0000] "POST /wp-login.php HTTP/1.1" 302 5 "-" "Mozilla/5.0 (Macintosh; Intel Mac OS X 10_15_7) AppleWebKit/537.36 (KHTML, like Gecko) Chrome/108.0.0.0 YaBrowser/23.1.2.980 Yowser/2.5 Safari/537.36"
shop.infinitibizsol.com:443 103.159.155.41 - - [15/Jun/2025:22:46:32 +0000] "POST /wp-json/wp/v2/categories?_locale=user HTTP/1.1" 400 169 "-" "Mozilla/5.0 (Macintosh; Intel Mac OS X 10_15_7) AppleWebKit/537.36 (KHTML, like Gecko) Chrome/108.0.0.0 YaBrowser/23.1.2.980 Yowser/2.5 Safari/537.36"
shop.infinitibizsol.com:443 45.236.162.218 - - [15/Jun/2025:22:46:33 +0000] "GET /wp-admin/ HTTP/1.1" 200 69220 "-" "Mozilla/5.0 (Macintosh; Intel Mac OS X 10_15_7) AppleWebKit/537.36 (KHTML, like Gecko) Chrome/108.0.0.0 YaBrowser/23.1.2.980 Yowser/2.5 Safari/537.36"
shop.infinitibizsol.com:443 103.159.155.41 - - [15/Jun/2025:22:46:36 +0000] "POST /wp-admin/post.php HTTP/1.1" 302 5 "-" "Mozilla/5.0 (Macintosh; Intel Mac OS X 10_15_7) AppleWebKit/537.36 (KHTML, like Gecko) Chrome/108.0.0.0 YaBrowser/23.1.2.980 Yowser/2.5 Safari/537.36"
shop.infinitibizsol.com:443 162.0.223.40 - - [15/Jun/2025:22:46:39 +0000] "POST /wp-cron.php?doing_wp_cron=1750027598.4686388969421386718750 HTTP/1.1" 499 0 "-" "WordPress/6.8.1; https://shop.infinitibizsol.com"
shop.infinitibizsol.com:443 103.159.155.41 - - [15/Jun/2025:22:46:46 +0000] "GET /wp-admin/post.php?post=2488&action=edit&message=1 HTTP/1.1" 200 543792 "-" "Mozilla/5.0 (Macintosh; Intel Mac OS X 10_15_7) AppleWebKit/537.36 (KHTML, like Gecko) Chrome/108.0.0.0 YaBrowser/23.1.2.980 Yowser/2.5 Safari/537.36"
shop.infinitibizsol.com:443 103.159.155.41 - - [15/Jun/2025:22:46:52 +0000] "GET /?p=2488 HTTP/1.1" 404 5 "-" "Mozilla/5.0 (Macintosh; Intel Mac OS X 10_15_7) AppleWebKit/537.36 (KHTML, like Gecko) Chrome/108.0.0.0 YaBrowser/23.1.2.980 Yowser/2.5 Safari/537.36"
shop.infinitibizsol.com:443 103.159.155.41 - - [15/Jun/2025:22:46:56 +0000] "POST /wp-json/wp/v2/posts/2488/autosaves?_locale=user HTTP/1.1" 404 66970 "-" "Mozilla/5.0 (Macintosh; Intel Mac OS X 10_15_7) AppleWebKit/537.36 (KHTML, like Gecko) Chrome/108.0.0.0 YaBrowser/23.1.2.980 Yowser/2.5 Safari/537.36"
shop.infinitibizsol.com:443 103.159.155.41 - - [15/Jun/2025:22:47:00 +0000] "POST /index.php?rest_route=/wp/v2/posts/2488&_locale=user HTTP/1.1" 404 69782 "-" "Mozilla/5.0 (Macintosh; Intel Mac OS X 10_15_7) AppleWebKit/537.36 (KHTML, like Gecko) Chrome/108.0.0.0 YaBrowser/23.1.2.980 Yowser/2.5 Safari/537.36"
shop.infinitibizsol.com:443 162.0.223.40 - - [15/Jun/2025:22:47:05 +0000] "POST /wp-cron.php?doing_wp_cron=1750027624.9039649963378906250000 HTTP/1.1" 499 0 "-" "WordPress/6.8.1; https://shop.infinitibizsol.com"
shop.infinitibizsol.com:443 103.159.155.41 - - [15/Jun/2025:22:47:06 +0000] "GET /wp-admin/edit.php HTTP/1.1" 200 147148 "-" "python-requests/2.28.1"
shop.infinitibizsol.com:443 45.236.162.218 - - [15/Jun/2025:22:47:09 +0000] "GET /wp-admin/post-new.php HTTP/1.1" 200 478288 "-" "Mozilla/5.0 (Macintosh; Intel Mac OS X 10_15_7) AppleWebKit/537.36 (KHTML, like Gecko) Chrome/108.0.0.0 YaBrowser/23.1.2.980 Yowser/2.5 Safari/537.36"
shop.infinitibizsol.com:443 103.159.155.41 - - [15/Jun/2025:22:47:10 +0000] "GET /?p=2488 HTTP/1.1" 404 5 "-" "Mozilla/5.0 (Macintosh; Intel Mac OS X 10_15_7) AppleWebKit/537.36 (KHTML, like Gecko) Chrome/108.0.0.0 YaBrowser/23.1.2.980 Yowser/2.5 Safari/537.36"
shop.infinitibizsol.com:443 45.236.162.218 - - [15/Jun/2025:22:47:24 +0000] "POST /wp-json/wp/v2/categories?_locale=user HTTP/1.1" 400 169 "-" "Mozilla/5.0 (Macintosh; Intel Mac OS X 10_15_7) AppleWebKit/537.36 (KHTML, like Gecko) Chrome/108.0.0.0 YaBrowser/23.1.2.980 Yowser/2.5 Safari/537.36"
shop.infinitibizsol.com:443 45.236.162.218 - - [15/Jun/2025:22:47:34 +0000] "POST /wp-admin/post.php HTTP/1.1" 302 5 "-" "Mozilla/5.0 (Macintosh; Intel Mac OS X 10_15_7) AppleWebKit/537.36 (KHTML, like Gecko) Chrome/108.0.0.0 YaBrowser/23.1.2.980 Yowser/2.5 Safari/537.36"
shop.infinitibizsol.com:443 162.0.223.40 - - [15/Jun/2025:22:47:46 +0000] "POST /wp-cron.php?doing_wp_cron=1750027665.6017410755157470703125 HTTP/1.1" 499 0 "-" "WordPress/6.8.1; https://shop.infinitibizsol.com"
shop.infinitibizsol.com:443 45.236.162.218 - - [15/Jun/2025:22:48:33 +0000] "GET /wp-admin/post.php?post=2490&action=edit&message=1 HTTP/1.1" 200 540452 "-" "Mozilla/5.0 (Macintosh; Intel Mac OS X 10_15_7) AppleWebKit/537.36 (KHTML, like Gecko) Chrome/108.0.0.0 YaBrowser/23.1.2.980 Yowser/2.5 Safari/537.36"
shop.infinitibizsol.com:443 45.236.162.218 - - [15/Jun/2025:22:48:53 +0000] "GET /?p=2490 HTTP/1.1" 404 5 "-" "Mozilla/5.0 (Macintosh; Intel Mac OS X 10_15_7) AppleWebKit/537.36 (KHTML, like Gecko) Chrome/108.0.0.0 YaBrowser/23.1.2.980 Yowser/2.5 Safari/537.36"
shop.infinitibizsol.com:443 45.236.162.218 - - [15/Jun/2025:22:49:05 +0000] "POST /wp-json/wp/v2/posts/2490/autosaves?_locale=user HTTP/1.1" 404 62774 "-" "Mozilla/5.0 (Macintosh; Intel Mac OS X 10_15_7) AppleWebKit/537.36 (KHTML, like Gecko) Chrome/108.0.0.0 YaBrowser/23.1.2.980 Yowser/2.5 Safari/537.36"
shop.infinitibizsol.com:443 45.236.162.218 - - [15/Jun/2025:22:49:15 +0000] "POST /index.php?rest_route=/wp/v2/posts/2490&_locale=user HTTP/1.1" 404 65630 "-" "Mozilla/5.0 (Macintosh; Intel Mac OS X 10_15_7) AppleWebKit/537.36 (KHTML, like Gecko) Chrome/108.0.0.0 YaBrowser/23.1.2.980 Yowser/2.5 Safari/537.36"
shop.infinitibizsol.com:443 162.0.223.40 - - [15/Jun/2025:22:49:23 +0000] "POST /wp-cron.php?doing_wp_cron=1750027762.6539499759674072265625 HTTP/1.1" 499 0 "-" "WordPress/6.8.1; https://shop.infinitibizsol.com"
shop.infinitibizsol.com:443 45.236.162.218 - - [15/Jun/2025:22:49:26 +0000] "GET /wp-admin/edit.php HTTP/1.1" 200 147141 "-" "python-requests/2.28.1"
shop.infinitibizsol.com:443 45.236.162.218 - - [15/Jun/2025:22:49:35 +0000] "GET /?p=2490 HTTP/1.1" 404 5 "-" "Mozilla/5.0 (Macintosh; Intel Mac OS X 10_15_7) AppleWebKit/537.36 (KHTML, like Gecko) Chrome/108.0.0.0 YaBrowser/23.1.2.980 Yowser/2.5 Safari/537.36"
shop.infinitibizsol.com:443 84.17.52.169 - - [15/Jun/2025:22:52:08 +0000] "POST /xmlrpc.php HTTP/1.1" 200 16835 "-" "Mozilla/5.0 (Windows NT 10.0; Win64; x64) AppleWebKit/537.36 (KHTML, like Gecko) Chrome/80.0.3987.132 Safari/537.36"
shop.infinitibizsol.com:443 84.17.52.169 - - [15/Jun/2025:22:52:11 +0000] "POST /xmlrpc.php HTTP/1.1" 200 190 "-" "Mozilla/5.0 (Windows NT 10.0; Win64; x64) AppleWebKit/537.36 (KHTML, like Gecko) Chrome/80.0.3987.132 Safari/537.36"
shop.infinitibizsol.com:443 162.0.223.40 - - [15/Jun/2025:22:52:14 +0000] "POST /wp-cron.php?doing_wp_cron=1750027933.1009230613708496093750 HTTP/1.1" 499 0 "-" "WordPress/6.8.1; https://shop.infinitibizsol.com"
shop.infinitibizsol.com:443 84.17.52.169 - - [15/Jun/2025:22:52:14 +0000] "POST /xmlrpc.php HTTP/1.1" 200 19800 "-" "Mozilla/5.0 (Windows NT 10.0; Win64; x64) AppleWebKit/537.36 (KHTML, like Gecko) Chrome/80.0.3987.132 Safari/537.36"
shop.infinitibizsol.com:443 162.0.223.40 - - [15/Jun/2025:23:25:43 +0000] "POST /wp-cron.php?doing_wp_cron=1750029942.4195549488067626953125 HTTP/1.1" 499 0 "-" "WordPress/6.8.1; https://shop.infinitibizsol.com"
shop.infinitibizsol.com:443 45.227.253.15 - - [15/Jun/2025:23:25:43 +0000] "GET /413996-juejiang/?ARRAY=7o2230223n313735303033333633312p2231223n22687474703n5p2s5p2s3230342r31322r3233382r37345p2s3s6p633q7068705s636s64655s6n6326743q313735303033303033312q3561386638353438653639333561336531326532326337646663333163613337222p2232223n226138396461653834356330303433353232653737306138636639663931383838222p2233223n223032623832383666613964616438643064623861303630393930663139393437222p2262696r675s70617373223n2232382q33392q35312q36352q37322q38342q3838227q HTTP/1.1" 404 54189 "-" "Mozilla/5.0 (iPhone; CPU iPhone OS 13_5 like Mac OS X) AppleWebKit/605.1.15 (KHTML, like Gecko) Version/13.5.1 Mobile/15E148 Safari/604.1"
shop.infinitibizsol.com:443 162.0.223.40 - - [15/Jun/2025:23:50:17 +0000] "POST /wp-cron.php?doing_wp_cron=1750031416.6584780216217041015625 HTTP/1.1" 499 0 "-" "WordPress/6.8.1; https://shop.infinitibizsol.com"
shop.infinitibizsol.com:443 181.69.137.0 - - [15/Jun/2025:23:50:17 +0000] "GET /wp-login.php HTTP/1.1" 200 4559 "https://shop.infinitibizsol.com" "Mozilla/5.0 (Windows NT 10.0; Win64; x64) AppleWebKit/537.36 (KHTML, like Gecko) Chrome/131.0.0.0 Safari/537.36 OPR/114.0.0.0"
shop.infinitibizsol.com:443 181.69.137.0 - - [15/Jun/2025:23:50:21 +0000] "POST /wp-login.php?wpe-login=true&hide_my_wp=1&hmwp_do=login&login=1 HTTP/1.1" 302 5 "https://shop.infinitibizsol.com/wp-login.php" "Mozilla/5.0 (Windows NT 10.0; Win64; x64) AppleWebKit/537.36 (KHTML, like Gecko) Chrome/131.0.0.0 Safari/537.36 OPR/114.0.0.0"
shop.infinitibizsol.com:443 181.69.137.0 - - [15/Jun/2025:23:50:23 +0000] "GET /wp-admin/plugin-install.php?tab=upload HTTP/1.1" 404 62240 "https://shop.infinitibizsol.com" "Mozilla/5.0 (Windows NT 10.0; Win64; x64) AppleWebKit/537.36 (KHTML, like Gecko) Chrome/131.0.0.0 Safari/537.36 OPR/114.0.0.0"
shop.infinitibizsol.com:443 181.69.137.0 - - [15/Jun/2025:23:50:27 +0000] "POST /wp-admin/update.php?action=upload-plugin HTTP/1.1" 404 61363 "https://shop.infinitibizsol.com/wp-admin/plugin-install.php?tab=upload" "Mozilla/5.0 (Windows NT 10.0; Win64; x64) AppleWebKit/537.36 (KHTML, like Gecko) Chrome/131.0.0.0 Safari/537.36 OPR/114.0.0.0"
shop.infinitibizsol.com:443 181.69.137.0 - - [15/Jun/2025:23:50:31 +0000] "GET /wp-admin/plugins.php HTTP/1.1" 200 53064 "https://shop.infinitibizsol.com" "Mozilla/5.0 (Windows NT 10.0; Win64; x64) AppleWebKit/537.36 (KHTML, like Gecko) Chrome/131.0.0.0 Safari/537.36 OPR/114.0.0.0"
shop.infinitibizsol.com:443 181.69.137.0 - - [15/Jun/2025:23:50:34 +0000] "GET /wp-admin/plugins.php?action=activate&plugin=wp-anthroposophy-digestive%2Fwp-anthroposophy-digestive.php&_wpnonce= HTTP/1.1" 403 2579 "https://shop.infinitibizsol.com" "Mozilla/5.0 (Windows NT 10.0; Win64; x64) AppleWebKit/537.36 (KHTML, like Gecko) Chrome/131.0.0.0 Safari/537.36 OPR/114.0.0.0"
shop.infinitibizsol.com:443 181.69.137.0 - - [15/Jun/2025:23:50:38 +0000] "GET /wp-content/plugins/wp-anthroposophy-digestive/index.php HTTP/1.1" 404 5 "https://shop.infinitibizsol.com" "Mozilla/5.0 (Windows NT 10.0; Win64; x64) AppleWebKit/537.36 (KHTML, like Gecko) Chrome/131.0.0.0 Safari/537.36 OPR/114.0.0.083266305"
shop.infinitibizsol.com:80 80.255.7.7 - - [16/Jun/2025:00:11:23 +0000] "POST /xmlrpc.php HTTP/1.1" 200 190 "-" "Mozilla/5.0 (Windows NT 6.1; Win64; x64) AppleWebKit/537.36 (KHTML, like Gecko) Chrome/79.0.3945.130 Safari/537.36"
shop.infinitibizsol.com:80 162.0.223.40 - - [16/Jun/2025:00:11:26 +0000] "POST /wp-cron.php?doing_wp_cron=1750032685.1263470649719238281250 HTTP/1.1" 499 0 "-" "WordPress/6.8.1; https://shop.infinitibizsol.com"
shop.infinitibizsol.com:80 80.255.7.7 - - [16/Jun/2025:00:11:26 +0000] "POST /xmlrpc.php HTTP/1.1" 200 400 "-" "Mozilla/5.0 (Windows NT 6.1; Win64; x64) AppleWebKit/537.36 (KHTML, like Gecko) Chrome/79.0.3945.130 Safari/537.36"
shop.infinitibizsol.com:443 162.0.223.40 - - [16/Jun/2025:00:40:20 +0000] "POST /wp-cron.php?doing_wp_cron=1750034419.3346939086914062500000 HTTP/1.1" 499 0 "-" "WordPress/6.8.1; https://shop.infinitibizsol.com"
shop.infinitibizsol.com:443 66.249.64.41 - - [16/Jun/2025:00:40:20 +0000] "GET /2025/06/13/lemozione-di-un-lancio-il-gioco-che-sfida-la/ HTTP/1.1" 404 83902 "-" "Mozilla/5.0 (Linux; Android 6.0.1; Nexus 5X Build/MMB29P) AppleWebKit/537.36 (KHTML, like Gecko) Chrome/136.0.7103.113 Mobile Safari/537.36 (compatible; Googlebot/2.1; +http://www.google.com/bot.html)"
shop.infinitibizsol.com:443 156.228.101.137 - - [16/Jun/2025:00:46:48 +0000] "GET /wp-login.php HTTP/1.1" 200 4552 "https://shop.infinitibizsol.com" "Mozilla/5.0 (Macintosh; Intel Mac OS X 10_9_0) AppleWebKit/537.36 (KHTML, like Gecko) Chrome/33.0.1750.58 Safari/537.36"
shop.infinitibizsol.com:443 156.228.101.137 - - [16/Jun/2025:00:46:53 +0000] "POST /wp-login.php HTTP/1.1" 302 5 "https://shop.infinitibizsol.com" "Mozilla/5.0 (Macintosh; Intel Mac OS X 10_9_0) AppleWebKit/537.36 (KHTML, like Gecko) Chrome/33.0.1750.58 Safari/537.36"
shop.infinitibizsol.com:443 156.228.101.137 - - [16/Jun/2025:00:46:56 +0000] "GET /wp-admin/ HTTP/1.1" 200 69183 "https://shop.infinitibizsol.com" "Mozilla/5.0 (Macintosh; Intel Mac OS X 10_9_0) AppleWebKit/537.36 (KHTML, like Gecko) Chrome/33.0.1750.58 Safari/537.36"
shop.infinitibizsol.com:443 156.228.101.137 - - [16/Jun/2025:00:47:01 +0000] "GET /wp-admin/plugins.php HTTP/1.1" 200 53129 "https://shop.infinitibizsol.com" "Mozilla/5.0 (Macintosh; Intel Mac OS X 10_9_0) AppleWebKit/537.36 (KHTML, like Gecko) Chrome/33.0.1750.58 Safari/537.36"
shop.infinitibizsol.com:443 156.228.101.137 - - [16/Jun/2025:00:47:05 +0000] "GET /wp-admin/plugin-install.php?tab=search&s=file%20manager HTTP/1.1" 404 61344 "https://shop.infinitibizsol.com" "Mozilla/5.0 (Macintosh; Intel Mac OS X 10_9_0) AppleWebKit/537.36 (KHTML, like Gecko) Chrome/33.0.1750.58 Safari/537.36"
shop.infinitibizsol.com:443 156.228.101.137 - - [16/Jun/2025:00:47:09 +0000] "GET /wp-admin/plugins.php HTTP/1.1" 200 53424 "https://shop.infinitibizsol.com" "Mozilla/5.0 (Macintosh; Intel Mac OS X 10_9_0) AppleWebKit/537.36 (KHTML, like Gecko) Chrome/33.0.1750.58 Safari/537.36"
shop.infinitibizsol.com:443 156.228.101.137 - - [16/Jun/2025:00:47:13 +0000] "GET /wp-admin/admin.php?page=wp_file_manager HTTP/1.1" 403 2528 "https://shop.infinitibizsol.com" "Mozilla/5.0 (Macintosh; Intel Mac OS X 10_9_0) AppleWebKit/537.36 (KHTML, like Gecko) Chrome/33.0.1750.58 Safari/537.36"
shop.infinitibizsol.com:443 66.249.64.40 - - [16/Jun/2025:01:00:28 +0000] "GET /2025/06/13/elevate-your-game-with-premier-digital-casino/ HTTP/1.1" 404 91285 "-" "Mozilla/5.0 (Linux; Android 6.0.1; Nexus 5X Build/MMB29P) AppleWebKit/537.36 (KHTML, like Gecko) Chrome/136.0.7103.113 Mobile Safari/537.36 (compatible; Googlebot/2.1; +http://www.google.com/bot.html)"
shop.infinitibizsol.com:443 162.0.223.40 - - [16/Jun/2025:01:38:34 +0000] "POST /wp-cron.php?doing_wp_cron=1750037913.6280059814453125000000 HTTP/1.1" 499 0 "-" "WordPress/6.8.1; https://shop.infinitibizsol.com"
shop.infinitibizsol.com:443 66.249.64.39 - - [16/Jun/2025:01:38:34 +0000] "GET /2025/06/14/desafie-a-sorte-com-a-inovacao-da-leon-bet/ HTTP/1.1" 404 82996 "-" "Mozilla/5.0 (Linux; Android 6.0.1; Nexus 5X Build/MMB29P) AppleWebKit/537.36 (KHTML, like Gecko) Chrome/136.0.7103.113 Mobile Safari/537.36 (compatible; Googlebot/2.1; +http://www.google.com/bot.html)"
shop.infinitibizsol.com:443 156.248.83.25 - - [16/Jun/2025:01:39:00 +0000] "GET /wp-login.php HTTP/1.1" 200 4546 "https://shop.infinitibizsol.com" "Opera/9.80 (Windows NT 6.1; WOW64; MRA 8.2 (build 7138)) Presto/2.12.388 Version/12.16"
shop.infinitibizsol.com:443 156.248.83.25 - - [16/Jun/2025:01:39:07 +0000] "POST /wp-login.php HTTP/1.1" 302 5 "https://shop.infinitibizsol.com" "Opera/9.80 (Windows NT 6.1; WOW64; MRA 8.2 (build 7138)) Presto/2.12.388 Version/12.16"
shop.infinitibizsol.com:80 80.255.5.228 - - [16/Jun/2025:01:39:10 +0000] "POST /xmlrpc.php HTTP/1.1" 200 190 "-" "Mozilla/5.0 (X11; Linux x86_64) AppleWebKit/537.36 (KHTML, like Gecko) Chrome/114.0.0.0 Safari/537.36 OPR/89.0.4447.51"
shop.infinitibizsol.com:443 156.248.83.25 - - [16/Jun/2025:01:39:11 +0000] "GET /wp-admin/ HTTP/1.1" 200 70451 "https://shop.infinitibizsol.com" "Opera/9.80 (Windows NT 6.1; WOW64; MRA 8.2 (build 7138)) Presto/2.12.388 Version/12.16"
shop.infinitibizsol.com:80 162.0.223.40 - - [16/Jun/2025:01:39:14 +0000] "POST /wp-cron.php?doing_wp_cron=1750037953.7347509860992431640625 HTTP/1.1" 499 0 "-" "WordPress/6.8.1; https://shop.infinitibizsol.com"
shop.infinitibizsol.com:80 80.255.5.228 - - [16/Jun/2025:01:39:15 +0000] "POST /xmlrpc.php HTTP/1.1" 200 400 "-" "Mozilla/5.0 (X11; Linux x86_64) AppleWebKit/537.36 (KHTML, like Gecko) Chrome/114.0.0.0 Safari/537.36 OPR/89.0.4447.51"
shop.infinitibizsol.com:443 156.248.83.25 - - [16/Jun/2025:01:39:20 +0000] "GET /wp-admin/plugins.php HTTP/1.1" 200 53057 "https://shop.infinitibizsol.com" "Opera/9.80 (Windows NT 6.1; WOW64; MRA 8.2 (build 7138)) Presto/2.12.388 Version/12.16"
shop.infinitibizsol.com:443 156.248.83.25 - - [16/Jun/2025:01:39:23 +0000] "GET /wp-admin/plugin-install.php?tab=search&s=file%20manager HTTP/1.1" 404 61394 "https://shop.infinitibizsol.com" "Opera/9.80 (Windows NT 6.1; WOW64; MRA 8.2 (build 7138)) Presto/2.12.388 Version/12.16"
shop.infinitibizsol.com:443 156.248.83.25 - - [16/Jun/2025:01:39:28 +0000] "GET /wp-admin/plugins.php HTTP/1.1" 200 53084 "https://shop.infinitibizsol.com" "Opera/9.80 (Windows NT 6.1; WOW64; MRA 8.2 (build 7138)) Presto/2.12.388 Version/12.16"
shop.infinitibizsol.com:443 156.248.83.25 - - [16/Jun/2025:01:39:31 +0000] "GET /wp-admin/admin.php?page=wp_file_manager HTTP/1.1" 403 2528 "https://shop.infinitibizsol.com" "Opera/9.80 (Windows NT 6.1; WOW64; MRA 8.2 (build 7138)) Presto/2.12.388 Version/12.16"

Sindbad File Manager Version 1.0, Coded By Sindbad EG ~ The Terrorists