shop.infinitibizsol.com:443 185.208.231.58 - - [13/Jun/2025:09:30:56 +0000] "GET /wp-includes/js/wp-backbone.min.js?ver=6.8.1 HTTP/1.1" 200 3039 "https://shop.infinitibizsol.com/wp-admin/post-new.php" "Mozilla/5.0 (Macintosh; Intel Mac OS X 10_15_7) AppleWebKit/605.1.15 (KHTML, like Gecko) Version/18.5 Safari/605.1.15 Ddg/18.5"
shop.infinitibizsol.com:443 185.208.231.58 - - [13/Jun/2025:09:30:56 +0000] "GET /wp-includes/js/media-models.min.js?ver=6.8.1 HTTP/1.1" 200 13284 "https://shop.infinitibizsol.com/wp-admin/post-new.php" "Mozilla/5.0 (Macintosh; Intel Mac OS X 10_15_7) AppleWebKit/605.1.15 (KHTML, like Gecko) Version/18.5 Safari/605.1.15 Ddg/18.5"
shop.infinitibizsol.com:443 185.208.231.58 - - [13/Jun/2025:09:30:57 +0000] "GET /wp-includes/js/plupload/wp-plupload.min.js?ver=6.8.1 HTTP/1.1" 200 6036 "https://shop.infinitibizsol.com/wp-admin/post-new.php" "Mozilla/5.0 (Macintosh; Intel Mac OS X 10_15_7) AppleWebKit/605.1.15 (KHTML, like Gecko) Version/18.5 Safari/605.1.15 Ddg/18.5"
shop.infinitibizsol.com:443 185.208.231.58 - - [13/Jun/2025:09:30:57 +0000] "GET /wp-includes/js/mediaelement/mediaelement-and-player.min.js?ver=4.2.17 HTTP/1.1" 200 158005 "https://shop.infinitibizsol.com/wp-admin/post-new.php" "Mozilla/5.0 (Macintosh; Intel Mac OS X 10_15_7) AppleWebKit/605.1.15 (KHTML, like Gecko) Version/18.5 Safari/605.1.15 Ddg/18.5"
shop.infinitibizsol.com:443 185.208.231.58 - - [13/Jun/2025:09:30:57 +0000] "GET /wp-includes/js/mediaelement/mediaelement-migrate.min.js?ver=6.8.1 HTTP/1.1" 200 1191 "https://shop.infinitibizsol.com/wp-admin/post-new.php" "Mozilla/5.0 (Macintosh; Intel Mac OS X 10_15_7) AppleWebKit/605.1.15 (KHTML, like Gecko) Version/18.5 Safari/605.1.15 Ddg/18.5"
shop.infinitibizsol.com:443 185.208.231.58 - - [13/Jun/2025:09:30:57 +0000] "GET /wp-includes/js/mediaelement/wp-mediaelement.min.js?ver=6.8.1 HTTP/1.1" 200 1107 "https://shop.infinitibizsol.com/wp-admin/post-new.php" "Mozilla/5.0 (Macintosh; Intel Mac OS X 10_15_7) AppleWebKit/605.1.15 (KHTML, like Gecko) Version/18.5 Safari/605.1.15 Ddg/18.5"
shop.infinitibizsol.com:443 185.208.231.58 - - [13/Jun/2025:09:30:57 +0000] "GET /wp-includes/js/media-views.min.js?ver=6.8.1 HTTP/1.1" 200 110712 "https://shop.infinitibizsol.com/wp-admin/post-new.php" "Mozilla/5.0 (Macintosh; Intel Mac OS X 10_15_7) AppleWebKit/605.1.15 (KHTML, like Gecko) Version/18.5 Safari/605.1.15 Ddg/18.5"
shop.infinitibizsol.com:443 185.208.231.58 - - [13/Jun/2025:09:30:57 +0000] "GET /wp-includes/js/dist/edit-post.min.js?ver=d92354a82041cfd9f542 HTTP/1.1" 200 42263 "https://shop.infinitibizsol.com/wp-admin/post-new.php" "Mozilla/5.0 (Macintosh; Intel Mac OS X 10_15_7) AppleWebKit/605.1.15 (KHTML, like Gecko) Version/18.5 Safari/605.1.15 Ddg/18.5"
shop.infinitibizsol.com:443 185.208.231.58 - - [13/Jun/2025:09:30:57 +0000] "GET /wp-includes/js/media-editor.min.js?ver=6.8.1 HTTP/1.1" 200 10885 "https://shop.infinitibizsol.com/wp-admin/post-new.php" "Mozilla/5.0 (Macintosh; Intel Mac OS X 10_15_7) AppleWebKit/605.1.15 (KHTML, like Gecko) Version/18.5 Safari/605.1.15 Ddg/18.5"
shop.infinitibizsol.com:443 185.208.231.58 - - [13/Jun/2025:09:30:57 +0000] "GET /wp-includes/js/media-audiovideo.min.js?ver=6.8.1 HTTP/1.1" 200 12052 "https://shop.infinitibizsol.com/wp-admin/post-new.php" "Mozilla/5.0 (Macintosh; Intel Mac OS X 10_15_7) AppleWebKit/605.1.15 (KHTML, like Gecko) Version/18.5 Safari/605.1.15 Ddg/18.5"
shop.infinitibizsol.com:443 185.208.231.58 - - [13/Jun/2025:09:30:58 +0000] "GET /wp-includes/js/mce-view.min.js?ver=6.8.1 HTTP/1.1" 200 9770 "https://shop.infinitibizsol.com/wp-admin/post-new.php" "Mozilla/5.0 (Macintosh; Intel Mac OS X 10_15_7) AppleWebKit/605.1.15 (KHTML, like Gecko) Version/18.5 Safari/605.1.15 Ddg/18.5"
shop.infinitibizsol.com:443 185.208.231.58 - - [13/Jun/2025:09:30:58 +0000] "GET /wp-includes/js/imgareaselect/jquery.imgareaselect.min.js?ver=6.8.1 HTTP/1.1" 200 9770 "https://shop.infinitibizsol.com/wp-admin/post-new.php" "Mozilla/5.0 (Macintosh; Intel Mac OS X 10_15_7) AppleWebKit/605.1.15 (KHTML, like Gecko) Version/18.5 Safari/605.1.15 Ddg/18.5"
shop.infinitibizsol.com:443 185.208.231.58 - - [13/Jun/2025:09:30:58 +0000] "GET /wp-admin/js/image-edit.min.js?ver=6.8.1 HTTP/1.1" 200 15515 "https://shop.infinitibizsol.com/wp-admin/post-new.php" "Mozilla/5.0 (Macintosh; Intel Mac OS X 10_15_7) AppleWebKit/605.1.15 (KHTML, like Gecko) Version/18.5 Safari/605.1.15 Ddg/18.5"
shop.infinitibizsol.com:443 185.208.231.58 - - [13/Jun/2025:09:30:58 +0000] "GET /wp-includes/js/wplink.min.js?ver=6.8.1 HTTP/1.1" 200 11317 "https://shop.infinitibizsol.com/wp-admin/post-new.php" "Mozilla/5.0 (Macintosh; Intel Mac OS X 10_15_7) AppleWebKit/605.1.15 (KHTML, like Gecko) Version/18.5 Safari/605.1.15 Ddg/18.5"
shop.infinitibizsol.com:443 185.208.231.58 - - [13/Jun/2025:09:30:58 +0000] "GET /wp-includes/js/dist/block-directory.min.js?ver=5cecf7d562a5ae133696 HTTP/1.1" 200 20734 "https://shop.infinitibizsol.com/wp-admin/post-new.php" "Mozilla/5.0 (Macintosh; Intel Mac OS X 10_15_7) AppleWebKit/605.1.15 (KHTML, like Gecko) Version/18.5 Safari/605.1.15 Ddg/18.5"
shop.infinitibizsol.com:443 185.208.231.58 - - [13/Jun/2025:09:30:58 +0000] "GET /wp-includes/js/dist/format-library.min.js?ver=f813b03986e369dad65e HTTP/1.1" 200 22769 "https://shop.infinitibizsol.com/wp-admin/post-new.php" "Mozilla/5.0 (Macintosh; Intel Mac OS X 10_15_7) AppleWebKit/605.1.15 (KHTML, like Gecko) Version/18.5 Safari/605.1.15 Ddg/18.5"
shop.infinitibizsol.com:443 185.208.231.58 - - [13/Jun/2025:09:30:58 +0000] "GET /wp-includes/js/tinymce/plugins/compat3x/plugin.min.js?ver=49110-20201110 HTTP/1.1" 200 4129 "https://shop.infinitibizsol.com/wp-admin/post-new.php" "Mozilla/5.0 (Macintosh; Intel Mac OS X 10_15_7) AppleWebKit/605.1.15 (KHTML, like Gecko) Version/18.5 Safari/605.1.15 Ddg/18.5"
shop.infinitibizsol.com:443 185.208.231.58 - - [13/Jun/2025:09:30:58 +0000] "GET /wp-includes/js/tinymce/tinymce.min.js?ver=49110-20201110 HTTP/1.1" 200 365570 "https://shop.infinitibizsol.com/wp-admin/post-new.php" "Mozilla/5.0 (Macintosh; Intel Mac OS X 10_15_7) AppleWebKit/605.1.15 (KHTML, like Gecko) Version/18.5 Safari/605.1.15 Ddg/18.5"
shop.infinitibizsol.com:443 185.208.231.58 - - [13/Jun/2025:09:30:59 +0000] "GET /wp-includes/js/dist/block-library.min.js?ver=da3dad2e2f76224eccfe HTTP/1.1" 200 876179 "https://shop.infinitibizsol.com/wp-admin/post-new.php" "Mozilla/5.0 (Macintosh; Intel Mac OS X 10_15_7) AppleWebKit/605.1.15 (KHTML, like Gecko) Version/18.5 Safari/605.1.15 Ddg/18.5"
shop.infinitibizsol.com:443 185.208.231.58 - - [13/Jun/2025:09:31:00 +0000] "POST /wp-admin/admin-ajax.php HTTP/1.1" 200 58 "https://shop.infinitibizsol.com/wp-admin/post-new.php" "Mozilla/5.0 (Macintosh; Intel Mac OS X 10_15_7) AppleWebKit/605.1.15 (KHTML, like Gecko) Version/18.5 Safari/605.1.15 Ddg/18.5"
shop.infinitibizsol.com:443 185.208.231.58 - - [13/Jun/2025:09:31:01 +0000] "GET /wp-includes/css/dist/components/style.min.css?ver=6.8.1 HTTP/1.1" 200 87655 "-" "Mozilla/5.0 (Macintosh; Intel Mac OS X 10_15_7) AppleWebKit/605.1.15 (KHTML, like Gecko) Version/18.5 Safari/605.1.15 Ddg/18.5"
shop.infinitibizsol.com:443 185.208.231.58 - - [13/Jun/2025:09:31:02 +0000] "GET /wp-json/wp/v2/templates/lookup?slug=front-page&_locale=user HTTP/1.1" 404 26913 "https://shop.infinitibizsol.com/wp-admin/post-new.php" "Mozilla/5.0 (Macintosh; Intel Mac OS X 10_15_7) AppleWebKit/605.1.15 (KHTML, like Gecko) Version/18.5 Safari/605.1.15 Ddg/18.5"
shop.infinitibizsol.com:443 185.208.231.58 - - [13/Jun/2025:09:31:02 +0000] "GET /wp-includes/css/dist/block-library/style.min.css?ver=6.8.1 HTTP/1.1" 200 116363 "-" "Mozilla/5.0 (Macintosh; Intel Mac OS X 10_15_7) AppleWebKit/605.1.15 (KHTML, like Gecko) Version/18.5 Safari/605.1.15 Ddg/18.5"
shop.infinitibizsol.com:443 185.208.231.58 - - [13/Jun/2025:09:31:02 +0000] "OPTIONS /wp-json/wp/v2/settings?_locale=user HTTP/1.1" 404 5216 "https://shop.infinitibizsol.com/wp-admin/post-new.php" "Mozilla/5.0 (Macintosh; Intel Mac OS X 10_15_7) AppleWebKit/605.1.15 (KHTML, like Gecko) Version/18.5 Safari/605.1.15 Ddg/18.5"
shop.infinitibizsol.com:443 185.208.231.58 - - [13/Jun/2025:09:31:02 +0000] "GET /wp-includes/css/dist/block-editor/content.min.css?ver=6.8.1 HTTP/1.1" 200 29226 "-" "Mozilla/5.0 (Macintosh; Intel Mac OS X 10_15_7) AppleWebKit/605.1.15 (KHTML, like Gecko) Version/18.5 Safari/605.1.15 Ddg/18.5"
shop.infinitibizsol.com:443 185.208.231.58 - - [13/Jun/2025:09:31:02 +0000] "GET /wp-includes/css/dist/block-library/editor.min.css?ver=6.8.1 HTTP/1.1" 200 68419 "-" "Mozilla/5.0 (Macintosh; Intel Mac OS X 10_15_7) AppleWebKit/605.1.15 (KHTML, like Gecko) Version/18.5 Safari/605.1.15 Ddg/18.5"
shop.infinitibizsol.com:443 185.208.231.58 - - [13/Jun/2025:09:31:02 +0000] "GET /wp-admin/load-scripts.php?c=0&load%5Bchunk_0%5D=wp-polyfill&ver=6.8.1 HTTP/1.1" 200 41261 "-" "Mozilla/5.0 (Macintosh; Intel Mac OS X 10_15_7) AppleWebKit/605.1.15 (KHTML, like Gecko) Version/18.5 Safari/605.1.15 Ddg/18.5"
shop.infinitibizsol.com:443 185.208.231.58 - - [13/Jun/2025:09:31:04 +0000] "GET /wp-json/wp/v2/blocks?context=edit&per_page=100&page=1&_locale=user HTTP/1.1" 404 12 "https://shop.infinitibizsol.com/wp-admin/post-new.php" "Mozilla/5.0 (Macintosh; Intel Mac OS X 10_15_7) AppleWebKit/605.1.15 (KHTML, like Gecko) Version/18.5 Safari/605.1.15 Ddg/18.5"
shop.infinitibizsol.com:443 185.208.231.58 - - [13/Jun/2025:09:31:04 +0000] "GET /wp-json/wp/v2/templates?context=edit&per_page=100&_locale=user HTTP/1.1" 404 67516 "https://shop.infinitibizsol.com/wp-admin/post-new.php" "Mozilla/5.0 (Macintosh; Intel Mac OS X 10_15_7) AppleWebKit/605.1.15 (KHTML, like Gecko) Version/18.5 Safari/605.1.15 Ddg/18.5"
shop.infinitibizsol.com:443 185.208.231.58 - - [13/Jun/2025:09:31:04 +0000] "GET /wp-json/wp/v2/block-patterns/patterns?_locale=user HTTP/1.1" 404 464431 "https://shop.infinitibizsol.com/wp-admin/post-new.php" "Mozilla/5.0 (Macintosh; Intel Mac OS X 10_15_7) AppleWebKit/605.1.15 (KHTML, like Gecko) Version/18.5 Safari/605.1.15 Ddg/18.5"
shop.infinitibizsol.com:443 185.208.231.58 - - [13/Jun/2025:09:31:05 +0000] "GET /wp-json/wp/v2/taxonomies?context=edit&per_page=100&_locale=user HTTP/1.1" 404 8341 "https://shop.infinitibizsol.com/wp-admin/post-new.php" "Mozilla/5.0 (Macintosh; Intel Mac OS X 10_15_7) AppleWebKit/605.1.15 (KHTML, like Gecko) Version/18.5 Safari/605.1.15 Ddg/18.5"
shop.infinitibizsol.com:443 185.208.231.58 - - [13/Jun/2025:09:31:05 +0000] "GET /wp-json/wp/v2/users?context=view&who=authors&per_page=100&_fields=id%2Cname&_locale=user HTTP/1.1" 404 36 "https://shop.infinitibizsol.com/wp-admin/post-new.php" "Mozilla/5.0 (Macintosh; Intel Mac OS X 10_15_7) AppleWebKit/605.1.15 (KHTML, like Gecko) Version/18.5 Safari/605.1.15 Ddg/18.5"
shop.infinitibizsol.com:443 185.208.231.58 - - [13/Jun/2025:09:31:05 +0000] "GET /wp-content/themes/twentytwentyfour/assets/fonts/cardo/cardo_normal_400.woff2 HTTP/1.1" 200 146060 "https://shop.infinitibizsol.com/wp-admin/" "Mozilla/5.0 (Macintosh; Intel Mac OS X 10_15_7) AppleWebKit/605.1.15 (KHTML, like Gecko) Version/18.5 Safari/605.1.15 Ddg/18.5"
shop.infinitibizsol.com:443 185.208.231.58 - - [13/Jun/2025:09:31:05 +0000] "OPTIONS /wp-json/wp/v2/posts?_locale=user HTTP/1.1" 404 17663 "https://shop.infinitibizsol.com/wp-admin/post-new.php" "Mozilla/5.0 (Macintosh; Intel Mac OS X 10_15_7) AppleWebKit/605.1.15 (KHTML, like Gecko) Version/18.5 Safari/605.1.15 Ddg/18.5"
shop.infinitibizsol.com:443 185.208.231.58 - - [13/Jun/2025:09:31:06 +0000] "GET /wp-content/themes/twentytwentyfour/assets/fonts/inter/Inter-VariableFont_slnt,wght.woff2 HTTP/1.1" 200 326628 "https://shop.infinitibizsol.com/wp-admin/" "Mozilla/5.0 (Macintosh; Intel Mac OS X 10_15_7) AppleWebKit/605.1.15 (KHTML, like Gecko) Version/18.5 Safari/605.1.15 Ddg/18.5"
shop.infinitibizsol.com:443 185.208.231.58 - - [13/Jun/2025:09:31:07 +0000] "GET /wp-json/wp/v2/wp_pattern_category?context=view&per_page=100&_fields=id%2Cname%2Cdescription%2Cslug&_locale=user HTTP/1.1" 404 12 "https://shop.infinitibizsol.com/wp-admin/post-new.php" "Mozilla/5.0 (Macintosh; Intel Mac OS X 10_15_7) AppleWebKit/605.1.15 (KHTML, like Gecko) Version/18.5 Safari/605.1.15 Ddg/18.5"
shop.infinitibizsol.com:443 185.208.231.58 - - [13/Jun/2025:09:31:11 +0000] "POST /wp-admin/admin-ajax.php HTTP/1.1" 200 109 "https://shop.infinitibizsol.com/wp-admin/post-new.php" "Mozilla/5.0 (Macintosh; Intel Mac OS X 10_15_7) AppleWebKit/605.1.15 (KHTML, like Gecko) Version/18.5 Safari/605.1.15 Ddg/18.5"
shop.infinitibizsol.com:443 185.208.231.58 - - [13/Jun/2025:09:31:34 +0000] "POST /wp-admin/admin-ajax.php HTTP/1.1" 200 109 "https://shop.infinitibizsol.com/wp-admin/post-new.php" "Mozilla/5.0 (Macintosh; Intel Mac OS X 10_15_7) AppleWebKit/605.1.15 (KHTML, like Gecko) Version/18.5 Safari/605.1.15 Ddg/18.5"
shop.infinitibizsol.com:443 185.208.231.58 - - [13/Jun/2025:09:31:39 +0000] "OPTIONS /wp-json/wp/v2/posts/?context=edit&_locale=user HTTP/1.1" 404 17663 "https://shop.infinitibizsol.com/wp-admin/post-new.php" "Mozilla/5.0 (Macintosh; Intel Mac OS X 10_15_7) AppleWebKit/605.1.15 (KHTML, like Gecko) Version/18.5 Safari/605.1.15 Ddg/18.5"
shop.infinitibizsol.com:443 185.208.231.58 - - [13/Jun/2025:09:31:45 +0000] "POST /wp-admin/admin-ajax.php HTTP/1.1" 200 109 "https://shop.infinitibizsol.com/wp-admin/post-new.php" "Mozilla/5.0 (Macintosh; Intel Mac OS X 10_15_7) AppleWebKit/605.1.15 (KHTML, like Gecko) Version/18.5 Safari/605.1.15 Ddg/18.5"
shop.infinitibizsol.com:443 185.208.231.58 - - [13/Jun/2025:09:31:50 +0000] "GET /wp-json/wp/v2/taxonomies/post_tag?context=edit&_locale=user HTTP/1.1" 404 1899 "https://shop.infinitibizsol.com/wp-admin/post-new.php" "Mozilla/5.0 (Macintosh; Intel Mac OS X 10_15_7) AppleWebKit/605.1.15 (KHTML, like Gecko) Version/18.5 Safari/605.1.15 Ddg/18.5"
shop.infinitibizsol.com:443 185.208.231.58 - - [13/Jun/2025:09:31:51 +0000] "GET /wp-json/wp/v2/taxonomies/category?context=edit&_locale=user HTTP/1.1" 404 2097 "https://shop.infinitibizsol.com/wp-admin/post-new.php" "Mozilla/5.0 (Macintosh; Intel Mac OS X 10_15_7) AppleWebKit/605.1.15 (KHTML, like Gecko) Version/18.5 Safari/605.1.15 Ddg/18.5"
shop.infinitibizsol.com:443 185.208.231.58 - - [13/Jun/2025:09:31:52 +0000] "POST /wp-json/wp/v2/posts/2112?_locale=user HTTP/1.1" 404 20953 "https://shop.infinitibizsol.com/wp-admin/post-new.php" "Mozilla/5.0 (Macintosh; Intel Mac OS X 10_15_7) AppleWebKit/605.1.15 (KHTML, like Gecko) Version/18.5 Safari/605.1.15 Ddg/18.5"
shop.infinitibizsol.com:443 185.208.231.58 - - [13/Jun/2025:09:31:54 +0000] "POST /wp-admin/admin-ajax.php HTTP/1.1" 499 0 "https://shop.infinitibizsol.com/wp-admin/post-new.php" "Mozilla/5.0 (Macintosh; Intel Mac OS X 10_15_7) AppleWebKit/605.1.15 (KHTML, like Gecko) Version/18.5 Safari/605.1.15 Ddg/18.5"
shop.infinitibizsol.com:443 162.0.223.40 - - [13/Jun/2025:09:31:55 +0000] "POST /wp-cron.php?doing_wp_cron=1749807114.7739589214324951171875 HTTP/1.1" 499 0 "-" "WordPress/6.8.1; https://shop.infinitibizsol.com"
shop.infinitibizsol.com:443 185.208.231.58 - - [13/Jun/2025:09:31:56 +0000] "GET /wp-admin/edit.php?post_type=post HTTP/1.1" 200 143761 "https://shop.infinitibizsol.com/wp-admin/post-new.php" "Mozilla/5.0 (Macintosh; Intel Mac OS X 10_15_7) AppleWebKit/605.1.15 (KHTML, like Gecko) Version/18.5 Safari/605.1.15 Ddg/18.5"
shop.infinitibizsol.com:443 185.208.231.58 - - [13/Jun/2025:09:31:58 +0000] "POST /wp-admin/admin-ajax.php HTTP/1.1" 499 0 "https://shop.infinitibizsol.com/wp-admin/edit.php?post_type=post" "Mozilla/5.0 (Macintosh; Intel Mac OS X 10_15_7) AppleWebKit/605.1.15 (KHTML, like Gecko) Version/18.5 Safari/605.1.15 Ddg/18.5"
shop.infinitibizsol.com:443 185.208.231.58 - - [13/Jun/2025:09:32:00 +0000] "GET /wp-admin/post.php?post=2112&action=trash&_wpnonce=d3bb4ecacf HTTP/1.1" 302 5 "https://shop.infinitibizsol.com/wp-admin/edit.php?post_type=post" "Mozilla/5.0 (Macintosh; Intel Mac OS X 10_15_7) AppleWebKit/605.1.15 (KHTML, like Gecko) Version/18.5 Safari/605.1.15 Ddg/18.5"
shop.infinitibizsol.com:443 185.208.231.58 - - [13/Jun/2025:09:32:04 +0000] "GET /wp-admin/edit.php?post_type=post&trashed=1&ids=2112 HTTP/1.1" 200 144730 "https://shop.infinitibizsol.com/wp-admin/edit.php?post_type=post" "Mozilla/5.0 (Macintosh; Intel Mac OS X 10_15_7) AppleWebKit/605.1.15 (KHTML, like Gecko) Version/18.5 Safari/605.1.15 Ddg/18.5"
shop.infinitibizsol.com:443 185.208.231.58 - - [13/Jun/2025:09:32:07 +0000] "POST /wp-admin/admin-ajax.php HTTP/1.1" 200 58 "https://shop.infinitibizsol.com/wp-admin/edit.php?post_type=post" "Mozilla/5.0 (Macintosh; Intel Mac OS X 10_15_7) AppleWebKit/605.1.15 (KHTML, like Gecko) Version/18.5 Safari/605.1.15 Ddg/18.5"
shop.infinitibizsol.com:443 45.227.253.15 - - [13/Jun/2025:10:32:20 +0000] "GET /index.php/jk HTTP/1.1" 200 54 "-" "Mozilla/5.0 (Windows NT 10.0; Win64; x64; rv:81.0) Gecko/20100101 Firefox/81.0"
shop.infinitibizsol.com:443 162.0.223.40 - - [13/Jun/2025:10:43:10 +0000] "POST /wp-cron.php?doing_wp_cron=1749811389.1132450103759765625000 HTTP/1.1" 499 0 "-" "WordPress/6.8.1; https://shop.infinitibizsol.com"
shop.infinitibizsol.com:443 80.255.5.234 - - [13/Jun/2025:10:43:10 +0000] "POST /xmlrpc.php HTTP/1.1" 200 10589 "-" "Mozilla/5.0 (Windows NT 10.0; Win64; x64) AppleWebKit/537.36 (KHTML, like Gecko) Chrome/131.0.0.0 Safari/537.36"
shop.infinitibizsol.com:443 80.255.5.234 - - [13/Jun/2025:10:43:14 +0000] "POST /xmlrpc.php HTTP/1.1" 200 190 "-" "Mozilla/5.0 (Windows NT 10.0; Win64; x64) AppleWebKit/537.36 (KHTML, like Gecko) Chrome/131.0.0.0 Safari/537.36"
shop.infinitibizsol.com:443 162.0.223.40 - - [13/Jun/2025:10:43:17 +0000] "POST /wp-cron.php?doing_wp_cron=1749811396.6573309898376464843750 HTTP/1.1" 499 0 "-" "WordPress/6.8.1; https://shop.infinitibizsol.com"
shop.infinitibizsol.com:443 80.255.5.234 - - [13/Jun/2025:10:43:17 +0000] "POST /xmlrpc.php HTTP/1.1" 200 16548 "-" "Mozilla/5.0 (Windows NT 10.0; Win64; x64) AppleWebKit/537.36 (KHTML, like Gecko) Chrome/131.0.0.0 Safari/537.36"
shop.infinitibizsol.com:443 162.0.223.40 - - [13/Jun/2025:12:09:54 +0000] "POST /wp-cron.php?doing_wp_cron=1749816593.7994899749755859375000 HTTP/1.1" 499 0 "-" "WordPress/6.8.1; https://shop.infinitibizsol.com"
shop.infinitibizsol.com:443 80.255.7.37 - - [13/Jun/2025:12:09:55 +0000] "POST /xmlrpc.php HTTP/1.1" 200 10589 "-" "Mozilla/5.0 (Windows NT 10.0; Win64; x64; Xbox; Xbox One) AppleWebKit/537.36 (KHTML, like Gecko) Chrome/114.0.0.0 Safari/537.36 Edge/44.18363.8131"
shop.infinitibizsol.com:443 80.255.7.37 - - [13/Jun/2025:12:10:00 +0000] "POST /xmlrpc.php HTTP/1.1" 200 190 "-" "Mozilla/5.0 (Windows NT 10.0; Win64; x64; Xbox; Xbox One) AppleWebKit/537.36 (KHTML, like Gecko) Chrome/114.0.0.0 Safari/537.36 Edge/44.18363.8131"
shop.infinitibizsol.com:443 162.0.223.40 - - [13/Jun/2025:12:10:05 +0000] "POST /wp-cron.php?doing_wp_cron=1749816604.0293610095977783203125 HTTP/1.1" 499 0 "-" "WordPress/6.8.1; https://shop.infinitibizsol.com"
shop.infinitibizsol.com:443 80.255.7.37 - - [13/Jun/2025:12:10:05 +0000] "POST /xmlrpc.php HTTP/1.1" 200 16811 "-" "Mozilla/5.0 (Windows NT 10.0; Win64; x64; Xbox; Xbox One) AppleWebKit/537.36 (KHTML, like Gecko) Chrome/114.0.0.0 Safari/537.36 Edge/44.18363.8131"
shop.infinitibizsol.com:443 80.255.5.219 - - [13/Jun/2025:12:11:37 +0000] "POST /xmlrpc.php HTTP/1.1" 200 10589 "-" "Mozilla/5.0 (X11; Linux x86_64) AppleWebKit/537.36 (KHTML, like Gecko) Chrome/114.0.0.0 Safari/537.36"
shop.infinitibizsol.com:443 80.255.5.219 - - [13/Jun/2025:12:11:42 +0000] "POST /xmlrpc.php HTTP/1.1" 200 190 "-" "Mozilla/5.0 (X11; Linux x86_64) AppleWebKit/537.36 (KHTML, like Gecko) Chrome/114.0.0.0 Safari/537.36"
shop.infinitibizsol.com:443 162.0.223.40 - - [13/Jun/2025:12:11:45 +0000] "POST /wp-cron.php?doing_wp_cron=1749816704.7104089260101318359375 HTTP/1.1" 499 0 "-" "WordPress/6.8.1; https://shop.infinitibizsol.com"
shop.infinitibizsol.com:443 80.255.5.219 - - [13/Jun/2025:12:11:46 +0000] "POST /xmlrpc.php HTTP/1.1" 200 24427 "-" "Mozilla/5.0 (X11; Linux x86_64) AppleWebKit/537.36 (KHTML, like Gecko) Chrome/114.0.0.0 Safari/537.36"
shop.infinitibizsol.com:80 162.0.223.40 - - [13/Jun/2025:13:02:13 +0000] "POST /wp-cron.php?doing_wp_cron=1749819732.0456869602203369140625 HTTP/1.1" 499 0 "-" "WordPress/6.8.1; https://shop.infinitibizsol.com"
shop.infinitibizsol.com:80 45.130.203.165 - - [13/Jun/2025:13:02:13 +0000] "GET /.git/HEAD HTTP/1.1" 404 5 "-" "Python-urllib/3.10"
shop.infinitibizsol.com:443 45.227.253.15 - - [13/Jun/2025:13:44:24 +0000] "GET /index.php/jk HTTP/1.1" 200 54 "-" "Mozilla/5.0 (Windows NT 6.2; WOW64) AppleWebKit/535.24 (KHTML, like Gecko) Chrome/80.0.1055.1 Safari/535.24"
shop.infinitibizsol.com:443 162.0.223.40 - - [13/Jun/2025:14:40:24 +0000] "POST /wp-cron.php?doing_wp_cron=1749825623.3706219196319580078125 HTTP/1.1" 499 0 "-" "WordPress/6.8.1; https://shop.infinitibizsol.com"
shop.infinitibizsol.com:443 45.227.253.15 - - [13/Jun/2025:14:40:24 +0000] "GET /413996-juejiang/?ARRAY=7o2230223n313734393832393331302p2231223n22687474703n5p2s5p2s3230342r31322r3233382r37345p2s3s6p633q7068705s636s64655s6n6326743q313734393832353731302q3938663036343965346263666665613938363662373861323930316463333764222p2232223n226138396461653834356330303433353232653737306138636639663931383838222p2233223n223032623832383666613964616438643064623861303630393930663139393437222p2262696r675s70617373223n2232382q33392q35312q36352q37322q38342q3838227q HTTP/1.1" 404 54196 "-" "Mozilla/5.0 (Macintosh; Intel Mac OS X 10.14; rv:103.0) Gecko/20100101 Firefox/102.0"
shop.infinitibizsol.com:443 162.0.223.40 - - [13/Jun/2025:15:28:38 +0000] "POST /wp-cron.php?doing_wp_cron=1749828517.1275899410247802734375 HTTP/1.1" 499 0 "-" "WordPress/6.8.1; https://shop.infinitibizsol.com"
shop.infinitibizsol.com:443 205.210.31.26 - - [13/Jun/2025:15:28:38 +0000] "GET / HTTP/1.1" 404 5 "-" "Expanse, a Palo Alto Networks company, searches across the global IPv4 space multiple times per day to identify customers' presences on the Internet. If you would like to be excluded from our scans, please send IP addresses/domains to: scaninfo@paloaltonetworks.com"
shop.infinitibizsol.com:443 45.227.253.15 - - [13/Jun/2025:16:15:06 +0000] "GET /index.php/jk HTTP/1.1" 200 54 "-" "Mozilla/5.0 (Macintosh; Intel Mac OS X 10.15; rv:81.0) Gecko/20100101 Firefox/81.0"
shop.infinitibizsol.com:80 162.0.223.40 - - [13/Jun/2025:16:42:55 +0000] "POST /wp-cron.php?doing_wp_cron=1749832974.5384159088134765625000 HTTP/1.1" 499 0 "-" "WordPress/6.8.1; https://shop.infinitibizsol.com"
shop.infinitibizsol.com:80 80.255.5.217 - - [13/Jun/2025:16:42:56 +0000] "POST /xmlrpc.php HTTP/1.1" 200 190 "-" "Mozilla/5.0 (X11; Linux x86_64) AppleWebKit/537.36 (KHTML, like Gecko) Chrome/114.0.0.0 Safari/537.36"
shop.infinitibizsol.com:80 80.255.5.217 - - [13/Jun/2025:16:43:01 +0000] "POST /xmlrpc.php HTTP/1.1" 200 13534 "-" "Mozilla/5.0 (X11; Linux x86_64) AppleWebKit/537.36 (KHTML, like Gecko) Chrome/114.0.0.0 Safari/537.36"
shop.infinitibizsol.com:80 162.0.223.40 - - [13/Jun/2025:17:48:35 +0000] "POST /wp-cron.php?doing_wp_cron=1749836914.9133739471435546875000 HTTP/1.1" 499 0 "-" "WordPress/6.8.1; https://shop.infinitibizsol.com"
shop.infinitibizsol.com:80 80.255.5.217 - - [13/Jun/2025:17:48:36 +0000] "POST /xmlrpc.php HTTP/1.1" 200 10589 "-" "Mozilla/5.0 (Windows NT 10.0) AppleWebKit/537.36 (KHTML, like Gecko) Chrome/114.0.0.0 Safari/537.36"
shop.infinitibizsol.com:80 80.255.5.217 - - [13/Jun/2025:17:48:38 +0000] "POST /xmlrpc.php HTTP/1.1" 200 190 "-" "Mozilla/5.0 (Windows NT 10.0) AppleWebKit/537.36 (KHTML, like Gecko) Chrome/114.0.0.0 Safari/537.36"
shop.infinitibizsol.com:80 162.0.223.40 - - [13/Jun/2025:17:48:43 +0000] "POST /wp-cron.php?doing_wp_cron=1749836922.1619529724121093750000 HTTP/1.1" 499 0 "-" "WordPress/6.8.1; https://shop.infinitibizsol.com"
shop.infinitibizsol.com:80 80.255.5.217 - - [13/Jun/2025:17:48:43 +0000] "POST /xmlrpc.php HTTP/1.1" 200 16842 "-" "Mozilla/5.0 (Windows NT 10.0) AppleWebKit/537.36 (KHTML, like Gecko) Chrome/114.0.0.0 Safari/537.36"
shop.infinitibizsol.com:443 45.227.253.15 - - [13/Jun/2025:18:31:28 +0000] "GET /index.php/jk HTTP/1.1" 200 54 "-" "Mozilla/5.0 (iPad; U; CPU OS 4_1_3 like Mac OS X; ja) AppleWebKit/533.17.9 (KHTML, like Gecko) Version/5.0.2 Mobile/8J2 Safari/6533.18.5"
shop.infinitibizsol.com:80 162.0.223.40 - - [13/Jun/2025:19:06:13 +0000] "POST /wp-cron.php?doing_wp_cron=1749841572.2933850288391113281250 HTTP/1.1" 499 0 "-" "WordPress/6.8.1; https://shop.infinitibizsol.com"
shop.infinitibizsol.com:80 5.62.62.206 - - [13/Jun/2025:19:06:13 +0000] "POST /xmlrpc.php HTTP/1.1" 200 10589 "-" "Mozilla/5.0 (Windows NT 6.1) AppleWebKit/537.36 (KHTML, like Gecko) Chrome/49.0.2623.112 Safari/537.36"
shop.infinitibizsol.com:80 5.62.62.206 - - [13/Jun/2025:19:06:16 +0000] "POST /xmlrpc.php HTTP/1.1" 200 188 "-" "Mozilla/5.0 (Windows NT 6.1) AppleWebKit/537.36 (KHTML, like Gecko) Chrome/49.0.2623.112 Safari/537.36"
shop.infinitibizsol.com:80 5.62.62.206 - - [13/Jun/2025:19:06:18 +0000] "POST /xmlrpc.php HTTP/1.1" 200 190 "-" "Mozilla/5.0 (Windows NT 6.1) AppleWebKit/537.36 (KHTML, like Gecko) Chrome/49.0.2623.112 Safari/537.36"
shop.infinitibizsol.com:80 162.0.223.40 - - [13/Jun/2025:19:06:21 +0000] "POST /wp-cron.php?doing_wp_cron=1749841580.1466989517211914062500 HTTP/1.1" 499 0 "-" "WordPress/6.8.1; https://shop.infinitibizsol.com"
shop.infinitibizsol.com:80 5.62.62.206 - - [13/Jun/2025:19:06:21 +0000] "POST /xmlrpc.php HTTP/1.1" 200 8518 "-" "Mozilla/5.0 (Windows NT 6.1) AppleWebKit/537.36 (KHTML, like Gecko) Chrome/49.0.2623.112 Safari/537.36"
shop.infinitibizsol.com:80 5.62.62.206 - - [13/Jun/2025:19:08:27 +0000] "POST /xmlrpc.php HTTP/1.1" 200 11249 "-" "Mozilla/5.0 (Windows NT 10.0; WOW64) AppleWebKit/537.36 (KHTML, like Gecko) Chrome/114.0.0.0 Safari/537.36"
shop.infinitibizsol.com:80 5.62.62.206 - - [13/Jun/2025:19:08:29 +0000] "POST /xmlrpc.php HTTP/1.1" 200 190 "-" "Mozilla/5.0 (Windows NT 10.0; WOW64) AppleWebKit/537.36 (KHTML, like Gecko) Chrome/114.0.0.0 Safari/537.36"
shop.infinitibizsol.com:80 162.0.223.40 - - [13/Jun/2025:19:08:32 +0000] "POST /wp-cron.php?doing_wp_cron=1749841711.6677699089050292968750 HTTP/1.1" 499 0 "-" "WordPress/6.8.1; https://shop.infinitibizsol.com"
shop.infinitibizsol.com:80 5.62.62.206 - - [13/Jun/2025:19:08:33 +0000] "POST /xmlrpc.php HTTP/1.1" 200 11581 "-" "Mozilla/5.0 (Windows NT 10.0; WOW64) AppleWebKit/537.36 (KHTML, like Gecko) Chrome/114.0.0.0 Safari/537.36"
shop.infinitibizsol.com:443 162.0.223.40 - - [13/Jun/2025:19:38:13 +0000] "POST /wp-cron.php?doing_wp_cron=1749843492.4264628887176513671875 HTTP/1.1" 499 0 "-" "WordPress/6.8.1; https://shop.infinitibizsol.com"
shop.infinitibizsol.com:443 80.255.7.10 - - [13/Jun/2025:19:38:13 +0000] "POST /xmlrpc.php HTTP/1.1" 200 11249 "-" "Mozilla/5.0 (Macintosh; Intel Mac OS X 12_5) AppleWebKit/537.36 (KHTML, like Gecko) Chrome/114.0.0.0 Safari/537.36 Vivaldi/5.3.2679.68"
shop.infinitibizsol.com:443 80.255.7.10 - - [13/Jun/2025:19:38:17 +0000] "POST /xmlrpc.php HTTP/1.1" 200 190 "-" "Mozilla/5.0 (Macintosh; Intel Mac OS X 12_5) AppleWebKit/537.36 (KHTML, like Gecko) Chrome/114.0.0.0 Safari/537.36 Vivaldi/5.3.2679.68"
shop.infinitibizsol.com:443 162.0.223.40 - - [13/Jun/2025:19:38:21 +0000] "POST /wp-cron.php?doing_wp_cron=1749843500.8598380088806152343750 HTTP/1.1" 499 0 "-" "WordPress/6.8.1; https://shop.infinitibizsol.com"
shop.infinitibizsol.com:443 80.255.7.10 - - [13/Jun/2025:19:38:22 +0000] "POST /xmlrpc.php HTTP/1.1" 200 15759 "-" "Mozilla/5.0 (Macintosh; Intel Mac OS X 12_5) AppleWebKit/537.36 (KHTML, like Gecko) Chrome/114.0.0.0 Safari/537.36 Vivaldi/5.3.2679.68"
shop.infinitibizsol.com:80 198.235.24.13 - - [13/Jun/2025:19:45:07 +0000] "GET / HTTP/1.1" 404 5 "-" "-"
shop.infinitibizsol.com:443 34.48.144.207 - - [13/Jun/2025:20:51:49 +0000] "GET /.git/config HTTP/1.1" 499 0 "-" "-"
shop.infinitibizsol.com:443 162.0.223.40 - - [13/Jun/2025:20:51:50 +0000] "POST /wp-cron.php?doing_wp_cron=1749847909.3399949073791503906250 HTTP/1.1" 499 0 "-" "WordPress/6.8.1; https://shop.infinitibizsol.com"
shop.infinitibizsol.com:443 162.0.223.40 - - [13/Jun/2025:21:40:11 +0000] "POST /wp-cron.php?doing_wp_cron=1749850810.5935130119323730468750 HTTP/1.1" 499 0 "-" "WordPress/6.8.1; https://shop.infinitibizsol.com"
shop.infinitibizsol.com:443 147.185.132.100 - - [13/Jun/2025:21:40:12 +0000] "GET / HTTP/1.1" 404 101297 "-" "Expanse, a Palo Alto Networks company, searches across the global IPv4 space multiple times per day to identify customers' presences on the Internet. If you would like to be excluded from our scans, please send IP addresses/domains to: scaninfo@paloaltonetworks.com"
shop.infinitibizsol.com:443 45.227.253.15 - - [13/Jun/2025:22:24:00 +0000] "GET /index.php/jk HTTP/1.1" 200 54 "-" "Mozilla/5.0 (Windows NT 10.0; Win64; x64) AppleWebKit/537.36 (KHTML, like Gecko) Chrome/78.0.3790 Safari/537.36 Edg/78.0.142.6"
shop.infinitibizsol.com:443 162.0.223.40 - - [13/Jun/2025:22:30:51 +0000] "POST /wp-cron.php?doing_wp_cron=1749853850.1050179004669189453125 HTTP/1.1" 499 0 "-" "WordPress/6.8.1; https://shop.infinitibizsol.com"
shop.infinitibizsol.com:443 213.55.96.154 - - [13/Jun/2025:22:30:51 +0000] "POST /xmlrpc.php HTTP/1.1" 200 190 "-" "python-requests/2.28.1"
shop.infinitibizsol.com:443 162.0.223.40 - - [13/Jun/2025:22:46:51 +0000] "POST /wp-cron.php?doing_wp_cron=1749854810.4437830448150634765625 HTTP/1.1" 499 0 "-" "WordPress/6.8.1; https://shop.infinitibizsol.com"
shop.infinitibizsol.com:443 41.242.59.93 - - [13/Jun/2025:22:46:52 +0000] "POST /xmlrpc.php HTTP/1.1" 200 190 "-" "python-requests/2.28.1"
shop.infinitibizsol.com:443 162.0.223.40 - - [13/Jun/2025:22:46:58 +0000] "POST /wp-cron.php?doing_wp_cron=1749854817.2387049198150634765625 HTTP/1.1" 499 0 "-" "WordPress/6.8.1; https://shop.infinitibizsol.com"
shop.infinitibizsol.com:443 41.242.59.93 - - [13/Jun/2025:22:46:58 +0000] "GET /wp-login.php HTTP/1.1" 200 4558 "-" "python-requests/2.28.1"
shop.infinitibizsol.com:443 41.242.59.93 - - [13/Jun/2025:22:47:01 +0000] "POST /wp-login.php HTTP/1.1" 302 5 "-" "python-requests/2.28.1"
shop.infinitibizsol.com:443 41.242.59.93 - - [13/Jun/2025:22:47:05 +0000] "GET /?p=2132 HTTP/1.1" 404 5 "-" "Mozilla/5.0 (Windows NT 6.3; Win64; x64) AppleWebKit/537.36 (KHTML, like Gecko) Chrome/101.0.4951.54 Safari/537.36"
shop.infinitibizsol.com:443 41.242.59.93 - - [13/Jun/2025:22:47:11 +0000] "GET /wp-login.php HTTP/1.1" 200 4552 "-" "Mozilla/5.0 (Macintosh; Intel Mac OS X 10_15_7) AppleWebKit/537.36 (KHTML, like Gecko) Chrome/108.0.0.0 YaBrowser/23.1.2.980 Yowser/2.5 Safari/537.36"
shop.infinitibizsol.com:443 41.242.59.93 - - [13/Jun/2025:22:47:16 +0000] "POST /wp-login.php HTTP/1.1" 302 5 "-" "Mozilla/5.0 (Macintosh; Intel Mac OS X 10_15_7) AppleWebKit/537.36 (KHTML, like Gecko) Chrome/108.0.0.0 YaBrowser/23.1.2.980 Yowser/2.5 Safari/537.36"
shop.infinitibizsol.com:443 41.242.59.93 - - [13/Jun/2025:22:47:19 +0000] "GET /wp-admin/ HTTP/1.1" 200 68944 "-" "Mozilla/5.0 (Macintosh; Intel Mac OS X 10_15_7) AppleWebKit/537.36 (KHTML, like Gecko) Chrome/108.0.0.0 YaBrowser/23.1.2.980 Yowser/2.5 Safari/537.36"
shop.infinitibizsol.com:443 41.242.59.93 - - [13/Jun/2025:22:47:36 +0000] "GET /wp-admin/post-new.php HTTP/1.1" 200 476252 "-" "Mozilla/5.0 (Macintosh; Intel Mac OS X 10_15_7) AppleWebKit/537.36 (KHTML, like Gecko) Chrome/108.0.0.0 YaBrowser/23.1.2.980 Yowser/2.5 Safari/537.36"
shop.infinitibizsol.com:443 103.84.166.47 - - [13/Jun/2025:22:50:14 +0000] "POST /xmlrpc.php HTTP/1.1" 200 190 "-" "python-requests/2.28.1"
shop.infinitibizsol.com:443 162.0.223.40 - - [13/Jun/2025:22:50:20 +0000] "POST /wp-cron.php?doing_wp_cron=1749855019.1401219367980957031250 HTTP/1.1" 499 0 "-" "WordPress/6.8.1; https://shop.infinitibizsol.com"
shop.infinitibizsol.com:443 103.84.166.47 - - [13/Jun/2025:22:50:20 +0000] "GET /wp-login.php HTTP/1.1" 200 4552 "-" "python-requests/2.28.1"
shop.infinitibizsol.com:443 103.84.166.47 - - [13/Jun/2025:22:50:23 +0000] "POST /wp-login.php HTTP/1.1" 302 5 "-" "python-requests/2.28.1"
shop.infinitibizsol.com:443 103.84.166.47 - - [13/Jun/2025:22:50:26 +0000] "GET /?p=2135 HTTP/1.1" 404 5 "-" "Mozilla/5.0 (Windows NT 6.3; Win64; x64) AppleWebKit/537.36 (KHTML, like Gecko) Chrome/101.0.4951.54 Safari/537.36"
shop.infinitibizsol.com:443 103.84.166.47 - - [13/Jun/2025:22:50:31 +0000] "GET /wp-login.php HTTP/1.1" 200 4552 "-" "Mozilla/5.0 (Macintosh; Intel Mac OS X 10_15_7) AppleWebKit/537.36 (KHTML, like Gecko) Chrome/108.0.0.0 YaBrowser/23.1.2.980 Yowser/2.5 Safari/537.36"
shop.infinitibizsol.com:443 103.84.166.47 - - [13/Jun/2025:22:50:35 +0000] "POST /wp-login.php HTTP/1.1" 302 5 "-" "Mozilla/5.0 (Macintosh; Intel Mac OS X 10_15_7) AppleWebKit/537.36 (KHTML, like Gecko) Chrome/108.0.0.0 YaBrowser/23.1.2.980 Yowser/2.5 Safari/537.36"
shop.infinitibizsol.com:443 103.84.166.47 - - [13/Jun/2025:22:50:38 +0000] "GET /wp-admin/ HTTP/1.1" 200 68890 "-" "Mozilla/5.0 (Macintosh; Intel Mac OS X 10_15_7) AppleWebKit/537.36 (KHTML, like Gecko) Chrome/108.0.0.0 YaBrowser/23.1.2.980 Yowser/2.5 Safari/537.36"
shop.infinitibizsol.com:443 103.84.166.47 - - [13/Jun/2025:22:51:08 +0000] "GET /wp-admin/post-new.php HTTP/1.1" 200 476246 "-" "Mozilla/5.0 (Macintosh; Intel Mac OS X 10_15_7) AppleWebKit/537.36 (KHTML, like Gecko) Chrome/108.0.0.0 YaBrowser/23.1.2.980 Yowser/2.5 Safari/537.36"
shop.infinitibizsol.com:443 103.84.166.47 - - [13/Jun/2025:22:52:09 +0000] "POST /wp-json/wp/v2/categories?_locale=user HTTP/1.1" 400 169 "-" "Mozilla/5.0 (Macintosh; Intel Mac OS X 10_15_7) AppleWebKit/537.36 (KHTML, like Gecko) Chrome/108.0.0.0 YaBrowser/23.1.2.980 Yowser/2.5 Safari/537.36"
shop.infinitibizsol.com:443 103.84.166.47 - - [13/Jun/2025:22:52:12 +0000] "POST /wp-admin/post.php HTTP/1.1" 302 5 "-" "Mozilla/5.0 (Macintosh; Intel Mac OS X 10_15_7) AppleWebKit/537.36 (KHTML, like Gecko) Chrome/108.0.0.0 YaBrowser/23.1.2.980 Yowser/2.5 Safari/537.36"
shop.infinitibizsol.com:443 162.0.223.40 - - [13/Jun/2025:22:52:16 +0000] "POST /wp-cron.php?doing_wp_cron=1749855135.6277210712432861328125 HTTP/1.1" 499 0 "-" "WordPress/6.8.1; https://shop.infinitibizsol.com"
shop.infinitibizsol.com:443 103.84.166.47 - - [13/Jun/2025:22:52:30 +0000] "GET /wp-admin/post.php?post=2137&action=edit&message=1 HTTP/1.1" 200 545178 "-" "Mozilla/5.0 (Macintosh; Intel Mac OS X 10_15_7) AppleWebKit/537.36 (KHTML, like Gecko) Chrome/108.0.0.0 YaBrowser/23.1.2.980 Yowser/2.5 Safari/537.36"
shop.infinitibizsol.com:443 103.84.166.47 - - [13/Jun/2025:22:53:52 +0000] "GET /?p=2137 HTTP/1.1" 404 5 "-" "Mozilla/5.0 (Macintosh; Intel Mac OS X 10_15_7) AppleWebKit/537.36 (KHTML, like Gecko) Chrome/108.0.0.0 YaBrowser/23.1.2.980 Yowser/2.5 Safari/537.36"
shop.infinitibizsol.com:443 103.84.166.47 - - [13/Jun/2025:22:53:56 +0000] "POST /wp-json/wp/v2/posts/2137/autosaves?_locale=user HTTP/1.1" 404 68326 "-" "Mozilla/5.0 (Macintosh; Intel Mac OS X 10_15_7) AppleWebKit/537.36 (KHTML, like Gecko) Chrome/108.0.0.0 YaBrowser/23.1.2.980 Yowser/2.5 Safari/537.36"
shop.infinitibizsol.com:443 103.84.166.47 - - [13/Jun/2025:22:54:10 +0000] "POST /index.php?rest_route=/wp/v2/posts/2137&_locale=user HTTP/1.1" 404 71114 "-" "Mozilla/5.0 (Macintosh; Intel Mac OS X 10_15_7) AppleWebKit/537.36 (KHTML, like Gecko) Chrome/108.0.0.0 YaBrowser/23.1.2.980 Yowser/2.5 Safari/537.36"
shop.infinitibizsol.com:443 162.0.223.40 - - [13/Jun/2025:22:54:19 +0000] "POST /wp-cron.php?doing_wp_cron=1749855258.4777090549468994140625 HTTP/1.1" 499 0 "-" "WordPress/6.8.1; https://shop.infinitibizsol.com"
shop.infinitibizsol.com:443 103.84.166.47 - - [13/Jun/2025:22:54:19 +0000] "GET /wp-admin/edit.php HTTP/1.1" 200 143256 "-" "python-requests/2.28.1"
shop.infinitibizsol.com:443 128.199.89.172 - - [13/Jun/2025:22:55:53 +0000] "GET /wp-login.php HTTP/1.1" 200 4552 "-" "Mozilla/5.0 (Macintosh; Intel Mac OS X 10_15_7) AppleWebKit/537.36 (KHTML, like Gecko) Chrome/108.0.0.0 YaBrowser/23.1.2.980 Yowser/2.5 Safari/537.36"
shop.infinitibizsol.com:443 128.199.89.172 - - [13/Jun/2025:22:55:55 +0000] "POST /wp-login.php HTTP/1.1" 302 5 "-" "Mozilla/5.0 (Macintosh; Intel Mac OS X 10_15_7) AppleWebKit/537.36 (KHTML, like Gecko) Chrome/108.0.0.0 YaBrowser/23.1.2.980 Yowser/2.5 Safari/537.36"
shop.infinitibizsol.com:443 128.199.89.172 - - [13/Jun/2025:22:55:57 +0000] "GET /wp-admin/ HTTP/1.1" 200 68891 "-" "Mozilla/5.0 (Macintosh; Intel Mac OS X 10_15_7) AppleWebKit/537.36 (KHTML, like Gecko) Chrome/108.0.0.0 YaBrowser/23.1.2.980 Yowser/2.5 Safari/537.36"
shop.infinitibizsol.com:443 128.199.89.172 - - [13/Jun/2025:22:56:07 +0000] "GET /wp-admin/post-new.php HTTP/1.1" 200 476284 "-" "Mozilla/5.0 (Macintosh; Intel Mac OS X 10_15_7) AppleWebKit/537.36 (KHTML, like Gecko) Chrome/108.0.0.0 YaBrowser/23.1.2.980 Yowser/2.5 Safari/537.36"
shop.infinitibizsol.com:443 92.205.64.28 - - [13/Jun/2025:22:56:37 +0000] "GET /wp-login.php HTTP/1.1" 200 4546 "-" "Mozilla/5.0 (Macintosh; Intel Mac OS X 10_15_7) AppleWebKit/537.36 (KHTML, like Gecko) Chrome/108.0.0.0 YaBrowser/23.1.2.980 Yowser/2.5 Safari/537.36"
shop.infinitibizsol.com:443 92.205.64.28 - - [13/Jun/2025:22:56:40 +0000] "POST /wp-login.php HTTP/1.1" 302 5 "-" "Mozilla/5.0 (Macintosh; Intel Mac OS X 10_15_7) AppleWebKit/537.36 (KHTML, like Gecko) Chrome/108.0.0.0 YaBrowser/23.1.2.980 Yowser/2.5 Safari/537.36"
shop.infinitibizsol.com:443 92.205.64.28 - - [13/Jun/2025:22:56:43 +0000] "GET /wp-admin/ HTTP/1.1" 200 68932 "-" "Mozilla/5.0 (Macintosh; Intel Mac OS X 10_15_7) AppleWebKit/537.36 (KHTML, like Gecko) Chrome/108.0.0.0 YaBrowser/23.1.2.980 Yowser/2.5 Safari/537.36"
shop.infinitibizsol.com:443 92.205.64.28 - - [13/Jun/2025:22:57:03 +0000] "GET /wp-admin/post-new.php HTTP/1.1" 200 476253 "-" "Mozilla/5.0 (Macintosh; Intel Mac OS X 10_15_7) AppleWebKit/537.36 (KHTML, like Gecko) Chrome/108.0.0.0 YaBrowser/23.1.2.980 Yowser/2.5 Safari/537.36"
shop.infinitibizsol.com:443 192.185.4.106 - - [13/Jun/2025:22:57:34 +0000] "POST /xmlrpc.php HTTP/1.1" 200 190 "-" "python-requests/2.28.1"
shop.infinitibizsol.com:443 162.0.223.40 - - [13/Jun/2025:22:57:40 +0000] "POST /wp-cron.php?doing_wp_cron=1749855459.4517140388488769531250 HTTP/1.1" 499 0 "-" "WordPress/6.8.1; https://shop.infinitibizsol.com"
shop.infinitibizsol.com:443 192.185.4.106 - - [13/Jun/2025:22:57:40 +0000] "GET /wp-login.php HTTP/1.1" 200 4552 "-" "python-requests/2.28.1"
shop.infinitibizsol.com:443 92.205.64.28 - - [13/Jun/2025:22:57:43 +0000] "POST /wp-json/wp/v2/categories?_locale=user HTTP/1.1" 400 169 "-" "Mozilla/5.0 (Macintosh; Intel Mac OS X 10_15_7) AppleWebKit/537.36 (KHTML, like Gecko) Chrome/108.0.0.0 YaBrowser/23.1.2.980 Yowser/2.5 Safari/537.36"
shop.infinitibizsol.com:443 192.185.4.106 - - [13/Jun/2025:22:57:44 +0000] "POST /wp-login.php HTTP/1.1" 302 5 "-" "python-requests/2.28.1"
shop.infinitibizsol.com:443 92.205.64.28 - - [13/Jun/2025:22:57:46 +0000] "POST /wp-admin/post.php HTTP/1.1" 302 5 "-" "Mozilla/5.0 (Macintosh; Intel Mac OS X 10_15_7) AppleWebKit/537.36 (KHTML, like Gecko) Chrome/108.0.0.0 YaBrowser/23.1.2.980 Yowser/2.5 Safari/537.36"
shop.infinitibizsol.com:443 192.185.4.106 - - [13/Jun/2025:22:57:47 +0000] "GET /?p=2142 HTTP/1.1" 404 5 "-" "Mozilla/5.0 (Windows NT 6.3; Win64; x64) AppleWebKit/537.36 (KHTML, like Gecko) Chrome/101.0.4951.54 Safari/537.36"
shop.infinitibizsol.com:443 162.0.223.40 - - [13/Jun/2025:22:57:50 +0000] "POST /wp-cron.php?doing_wp_cron=1749855469.1237399578094482421875 HTTP/1.1" 499 0 "-" "WordPress/6.8.1; https://shop.infinitibizsol.com"
shop.infinitibizsol.com:443 92.205.64.28 - - [13/Jun/2025:22:57:51 +0000] "GET /wp-admin/post.php?post=2141&action=edit&message=1 HTTP/1.1" 200 546311 "-" "Mozilla/5.0 (Macintosh; Intel Mac OS X 10_15_7) AppleWebKit/537.36 (KHTML, like Gecko) Chrome/108.0.0.0 YaBrowser/23.1.2.980 Yowser/2.5 Safari/537.36"
shop.infinitibizsol.com:443 192.185.4.106 - - [13/Jun/2025:22:57:52 +0000] "GET /wp-login.php HTTP/1.1" 200 4577 "-" "Mozilla/5.0 (Macintosh; Intel Mac OS X 10_15_7) AppleWebKit/537.36 (KHTML, like Gecko) Chrome/108.0.0.0 YaBrowser/23.1.2.980 Yowser/2.5 Safari/537.36"
shop.infinitibizsol.com:443 192.185.4.106 - - [13/Jun/2025:22:57:56 +0000] "POST /wp-login.php HTTP/1.1" 302 5 "-" "Mozilla/5.0 (Macintosh; Intel Mac OS X 10_15_7) AppleWebKit/537.36 (KHTML, like Gecko) Chrome/108.0.0.0 YaBrowser/23.1.2.980 Yowser/2.5 Safari/537.36"
shop.infinitibizsol.com:443 192.185.4.106 - - [13/Jun/2025:22:57:59 +0000] "GET /wp-admin/ HTTP/1.1" 200 68916 "-" "Mozilla/5.0 (Macintosh; Intel Mac OS X 10_15_7) AppleWebKit/537.36 (KHTML, like Gecko) Chrome/108.0.0.0 YaBrowser/23.1.2.980 Yowser/2.5 Safari/537.36"
shop.infinitibizsol.com:443 192.185.4.106 - - [13/Jun/2025:22:58:09 +0000] "GET /wp-admin/post-new.php HTTP/1.1" 200 476230 "-" "Mozilla/5.0 (Macintosh; Intel Mac OS X 10_15_7) AppleWebKit/537.36 (KHTML, like Gecko) Chrome/108.0.0.0 YaBrowser/23.1.2.980 Yowser/2.5 Safari/537.36"
shop.infinitibizsol.com:443 191.242.214.60 - - [13/Jun/2025:22:58:10 +0000] "POST /xmlrpc.php HTTP/1.1" 200 190 "-" "python-requests/2.28.1"
shop.infinitibizsol.com:443 162.0.223.40 - - [13/Jun/2025:22:58:15 +0000] "POST /wp-cron.php?doing_wp_cron=1749855494.1802630424499511718750 HTTP/1.1" 499 0 "-" "WordPress/6.8.1; https://shop.infinitibizsol.com"
shop.infinitibizsol.com:443 191.242.214.60 - - [13/Jun/2025:22:58:15 +0000] "GET /wp-login.php HTTP/1.1" 200 4564 "-" "python-requests/2.28.1"
shop.infinitibizsol.com:443 191.242.214.60 - - [13/Jun/2025:22:58:18 +0000] "POST /wp-login.php HTTP/1.1" 302 5 "-" "python-requests/2.28.1"
shop.infinitibizsol.com:443 191.242.214.60 - - [13/Jun/2025:22:58:20 +0000] "GET /?p=2146 HTTP/1.1" 404 5 "-" "Mozilla/5.0 (Windows NT 6.3; Win64; x64) AppleWebKit/537.36 (KHTML, like Gecko) Chrome/101.0.4951.54 Safari/537.36"
shop.infinitibizsol.com:443 191.242.214.60 - - [13/Jun/2025:22:58:25 +0000] "GET /wp-login.php HTTP/1.1" 200 4552 "-" "Mozilla/5.0 (Macintosh; Intel Mac OS X 10_15_7) AppleWebKit/537.36 (KHTML, like Gecko) Chrome/108.0.0.0 YaBrowser/23.1.2.980 Yowser/2.5 Safari/537.36"
shop.infinitibizsol.com:443 191.242.214.60 - - [13/Jun/2025:22:58:29 +0000] "POST /wp-login.php HTTP/1.1" 302 5 "-" "Mozilla/5.0 (Macintosh; Intel Mac OS X 10_15_7) AppleWebKit/537.36 (KHTML, like Gecko) Chrome/108.0.0.0 YaBrowser/23.1.2.980 Yowser/2.5 Safari/537.36"
shop.infinitibizsol.com:443 191.242.214.60 - - [13/Jun/2025:22:58:31 +0000] "GET /wp-admin/ HTTP/1.1" 200 69082 "-" "Mozilla/5.0 (Macintosh; Intel Mac OS X 10_15_7) AppleWebKit/537.36 (KHTML, like Gecko) Chrome/108.0.0.0 YaBrowser/23.1.2.980 Yowser/2.5 Safari/537.36"
shop.infinitibizsol.com:443 192.185.4.106 - - [13/Jun/2025:22:58:41 +0000] "POST /wp-json/wp/v2/categories?_locale=user HTTP/1.1" 400 169 "-" "Mozilla/5.0 (Macintosh; Intel Mac OS X 10_15_7) AppleWebKit/537.36 (KHTML, like Gecko) Chrome/108.0.0.0 YaBrowser/23.1.2.980 Yowser/2.5 Safari/537.36"
shop.infinitibizsol.com:443 92.205.64.28 - - [13/Jun/2025:22:58:43 +0000] "GET /?p=2141 HTTP/1.1" 404 5 "-" "Mozilla/5.0 (Macintosh; Intel Mac OS X 10_15_7) AppleWebKit/537.36 (KHTML, like Gecko) Chrome/108.0.0.0 YaBrowser/23.1.2.980 Yowser/2.5 Safari/537.36"
shop.infinitibizsol.com:443 192.185.4.106 - - [13/Jun/2025:22:58:44 +0000] "POST /wp-admin/post.php HTTP/1.1" 302 5 "-" "Mozilla/5.0 (Macintosh; Intel Mac OS X 10_15_7) AppleWebKit/537.36 (KHTML, like Gecko) Chrome/108.0.0.0 YaBrowser/23.1.2.980 Yowser/2.5 Safari/537.36"
shop.infinitibizsol.com:443 92.205.64.28 - - [13/Jun/2025:22:58:45 +0000] "POST /wp-json/wp/v2/posts/2141/autosaves?_locale=user HTTP/1.1" 404 69215 "-" "Mozilla/5.0 (Macintosh; Intel Mac OS X 10_15_7) AppleWebKit/537.36 (KHTML, like Gecko) Chrome/108.0.0.0 YaBrowser/23.1.2.980 Yowser/2.5 Safari/537.36"
shop.infinitibizsol.com:443 162.0.223.40 - - [13/Jun/2025:22:58:48 +0000] "POST /wp-cron.php?doing_wp_cron=1749855527.0957078933715820312500 HTTP/1.1" 499 0 "-" "WordPress/6.8.1; https://shop.infinitibizsol.com"
shop.infinitibizsol.com:443 192.185.4.106 - - [13/Jun/2025:22:58:49 +0000] "GET /wp-admin/post.php?post=2145&action=edit&message=1 HTTP/1.1" 200 543824 "-" "Mozilla/5.0 (Macintosh; Intel Mac OS X 10_15_7) AppleWebKit/537.36 (KHTML, like Gecko) Chrome/108.0.0.0 YaBrowser/23.1.2.980 Yowser/2.5 Safari/537.36"
shop.infinitibizsol.com:443 92.205.64.28 - - [13/Jun/2025:22:58:50 +0000] "POST /index.php?rest_route=/wp/v2/posts/2141&_locale=user HTTP/1.1" 404 72129 "-" "Mozilla/5.0 (Macintosh; Intel Mac OS X 10_15_7) AppleWebKit/537.36 (KHTML, like Gecko) Chrome/108.0.0.0 YaBrowser/23.1.2.980 Yowser/2.5 Safari/537.36"
shop.infinitibizsol.com:443 162.0.223.40 - - [13/Jun/2025:22:58:57 +0000] "POST /wp-cron.php?doing_wp_cron=1749855536.7694499492645263671875 HTTP/1.1" 499 0 "-" "WordPress/6.8.1; https://shop.infinitibizsol.com"
shop.infinitibizsol.com:443 92.205.64.28 - - [13/Jun/2025:22:58:58 +0000] "GET /wp-admin/edit.php HTTP/1.1" 200 142576 "-" "python-requests/2.28.1"
shop.infinitibizsol.com:443 191.242.214.60 - - [13/Jun/2025:22:59:00 +0000] "GET /wp-admin/post-new.php HTTP/1.1" 200 476813 "-" "Mozilla/5.0 (Macintosh; Intel Mac OS X 10_15_7) AppleWebKit/537.36 (KHTML, like Gecko) Chrome/108.0.0.0 YaBrowser/23.1.2.980 Yowser/2.5 Safari/537.36"
shop.infinitibizsol.com:443 92.205.64.28 - - [13/Jun/2025:22:59:13 +0000] "GET /?p=2141 HTTP/1.1" 404 5 "-" "Mozilla/5.0 (Macintosh; Intel Mac OS X 10_15_7) AppleWebKit/537.36 (KHTML, like Gecko) Chrome/108.0.0.0 YaBrowser/23.1.2.980 Yowser/2.5 Safari/537.36"
shop.infinitibizsol.com:443 191.242.214.60 - - [13/Jun/2025:22:59:21 +0000] "POST /wp-admin/post.php HTTP/1.1" 302 5 "-" "Mozilla/5.0 (Macintosh; Intel Mac OS X 10_15_7) AppleWebKit/537.36 (KHTML, like Gecko) Chrome/108.0.0.0 YaBrowser/23.1.2.980 Yowser/2.5 Safari/537.36"
shop.infinitibizsol.com:443 162.0.223.40 - - [13/Jun/2025:22:59:23 +0000] "POST /wp-cron.php?doing_wp_cron=1749855562.8546879291534423828125 HTTP/1.1" 499 0 "-" "WordPress/6.8.1; https://shop.infinitibizsol.com"
shop.infinitibizsol.com:443 192.185.4.106 - - [13/Jun/2025:22:59:23 +0000] "GET /?p=2145 HTTP/1.1" 404 5 "-" "Mozilla/5.0 (Macintosh; Intel Mac OS X 10_15_7) AppleWebKit/537.36 (KHTML, like Gecko) Chrome/108.0.0.0 YaBrowser/23.1.2.980 Yowser/2.5 Safari/537.36"
shop.infinitibizsol.com:443 192.185.4.106 - - [13/Jun/2025:22:59:27 +0000] "POST /wp-json/wp/v2/posts/2145/autosaves?_locale=user HTTP/1.1" 404 66945 "-" "Mozilla/5.0 (Macintosh; Intel Mac OS X 10_15_7) AppleWebKit/537.36 (KHTML, like Gecko) Chrome/108.0.0.0 YaBrowser/23.1.2.980 Yowser/2.5 Safari/537.36"
shop.infinitibizsol.com:443 192.185.4.106 - - [13/Jun/2025:22:59:34 +0000] "POST /index.php?rest_route=/wp/v2/posts/2145&_locale=user HTTP/1.1" 404 69702 "-" "Mozilla/5.0 (Macintosh; Intel Mac OS X 10_15_7) AppleWebKit/537.36 (KHTML, like Gecko) Chrome/108.0.0.0 YaBrowser/23.1.2.980 Yowser/2.5 Safari/537.36"
shop.infinitibizsol.com:443 191.242.214.60 - - [13/Jun/2025:22:59:40 +0000] "GET /wp-admin/post.php?post=2150&action=edit&message=1 HTTP/1.1" 200 688931 "-" "Mozilla/5.0 (Macintosh; Intel Mac OS X 10_15_7) AppleWebKit/537.36 (KHTML, like Gecko) Chrome/108.0.0.0 YaBrowser/23.1.2.980 Yowser/2.5 Safari/537.36"
shop.infinitibizsol.com:443 162.0.223.40 - - [13/Jun/2025:22:59:45 +0000] "POST /wp-cron.php?doing_wp_cron=1749855584.1805939674377441406250 HTTP/1.1" 499 0 "-" "WordPress/6.8.1; https://shop.infinitibizsol.com"
shop.infinitibizsol.com:443 192.185.4.106 - - [13/Jun/2025:22:59:45 +0000] "GET /wp-admin/edit.php HTTP/1.1" 200 143795 "-" "python-requests/2.28.1"
shop.infinitibizsol.com:443 192.185.4.106 - - [13/Jun/2025:23:00:06 +0000] "GET /?p=2145 HTTP/1.1" 404 5 "-" "Mozilla/5.0 (Macintosh; Intel Mac OS X 10_15_7) AppleWebKit/537.36 (KHTML, like Gecko) Chrome/108.0.0.0 YaBrowser/23.1.2.980 Yowser/2.5 Safari/537.36"
shop.infinitibizsol.com:443 191.242.214.60 - - [13/Jun/2025:23:00:08 +0000] "GET /?p=2150 HTTP/1.1" 404 5 "-" "Mozilla/5.0 (Macintosh; Intel Mac OS X 10_15_7) AppleWebKit/537.36 (KHTML, like Gecko) Chrome/108.0.0.0 YaBrowser/23.1.2.980 Yowser/2.5 Safari/537.36"
shop.infinitibizsol.com:443 191.242.214.60 - - [13/Jun/2025:23:00:15 +0000] "POST /wp-json/wp/v2/posts/2150/autosaves?_locale=user HTTP/1.1" 404 208832 "-" "Mozilla/5.0 (Macintosh; Intel Mac OS X 10_15_7) AppleWebKit/537.36 (KHTML, like Gecko) Chrome/108.0.0.0 YaBrowser/23.1.2.980 Yowser/2.5 Safari/537.36"
shop.infinitibizsol.com:443 191.242.214.60 - - [13/Jun/2025:23:00:38 +0000] "POST /index.php?rest_route=/wp/v2/posts/2150&_locale=user HTTP/1.1" 404 213387 "-" "Mozilla/5.0 (Macintosh; Intel Mac OS X 10_15_7) AppleWebKit/537.36 (KHTML, like Gecko) Chrome/108.0.0.0 YaBrowser/23.1.2.980 Yowser/2.5 Safari/537.36"
shop.infinitibizsol.com:443 162.0.223.40 - - [13/Jun/2025:23:00:53 +0000] "POST /wp-cron.php?doing_wp_cron=1749855652.6401820182800292968750 HTTP/1.1" 499 0 "-" "WordPress/6.8.1; https://shop.infinitibizsol.com"
shop.infinitibizsol.com:443 191.242.214.60 - - [13/Jun/2025:23:00:54 +0000] "GET /wp-admin/edit.php HTTP/1.1" 200 143180 "-" "python-requests/2.28.1"
shop.infinitibizsol.com:443 191.242.214.60 - - [13/Jun/2025:23:01:05 +0000] "GET /?p=2150 HTTP/1.1" 404 5 "-" "Mozilla/5.0 (Macintosh; Intel Mac OS X 10_15_7) AppleWebKit/537.36 (KHTML, like Gecko) Chrome/108.0.0.0 YaBrowser/23.1.2.980 Yowser/2.5 Safari/537.36"
shop.infinitibizsol.com:443 184.168.97.145 - - [13/Jun/2025:23:01:53 +0000] "POST /xmlrpc.php HTTP/1.1" 200 190 "-" "python-requests/2.28.1"
shop.infinitibizsol.com:443 95.38.49.2 - - [13/Jun/2025:23:02:00 +0000] "POST /xmlrpc.php HTTP/1.1" 408 0 "-" "python-requests/2.28.1"
shop.infinitibizsol.com:443 162.0.223.40 - - [13/Jun/2025:23:02:05 +0000] "POST /wp-cron.php?doing_wp_cron=1749855724.6890149116516113281250 HTTP/1.1" 499 0 "-" "WordPress/6.8.1; https://shop.infinitibizsol.com"
shop.infinitibizsol.com:443 95.38.49.2 - - [13/Jun/2025:23:02:05 +0000] "GET /wp-login.php HTTP/1.1" 200 4552 "-" "Mozilla/5.0 (Macintosh; Intel Mac OS X 10_15_7) AppleWebKit/537.36 (KHTML, like Gecko) Chrome/108.0.0.0 YaBrowser/23.1.2.980 Yowser/2.5 Safari/537.36"
