shop.infinitibizsol.com:443 101.255.49.73 - - [12/Jun/2025:00:25:33 +0000] "GET /?p=1904 HTTP/1.1" 404 5 "-" "Mozilla/5.0 (Macintosh; Intel Mac OS X 10_15_7) AppleWebKit/537.36 (KHTML, like Gecko) Chrome/108.0.0.0 YaBrowser/23.1.2.980 Yowser/2.5 Safari/537.36"
shop.infinitibizsol.com:443 46.29.224.18 - - [12/Jun/2025:00:25:34 +0000] "POST /wp-json/wp/v2/posts/1907/autosaves?_locale=user HTTP/1.1" 404 216028 "-" "Mozilla/5.0 (Macintosh; Intel Mac OS X 10_15_7) AppleWebKit/537.36 (KHTML, like Gecko) Chrome/108.0.0.0 YaBrowser/23.1.2.980 Yowser/2.5 Safari/537.36"
shop.infinitibizsol.com:443 216.55.146.52 - - [12/Jun/2025:00:25:35 +0000] "POST /wp-json/wp/v2/posts/1900/autosaves?_locale=user HTTP/1.1" 404 275512 "-" "Mozilla/5.0 (Macintosh; Intel Mac OS X 10_15_7) AppleWebKit/537.36 (KHTML, like Gecko) Chrome/108.0.0.0 YaBrowser/23.1.2.980 Yowser/2.5 Safari/537.36"
shop.infinitibizsol.com:443 101.255.49.73 - - [12/Jun/2025:00:25:35 +0000] "POST /wp-json/wp/v2/posts/1904/autosaves?_locale=user HTTP/1.1" 404 194936 "-" "Mozilla/5.0 (Macintosh; Intel Mac OS X 10_15_7) AppleWebKit/537.36 (KHTML, like Gecko) Chrome/108.0.0.0 YaBrowser/23.1.2.980 Yowser/2.5 Safari/537.36"
shop.infinitibizsol.com:443 46.29.224.18 - - [12/Jun/2025:00:25:37 +0000] "POST /index.php?rest_route=/wp/v2/posts/1907&_locale=user HTTP/1.1" 404 220297 "-" "Mozilla/5.0 (Macintosh; Intel Mac OS X 10_15_7) AppleWebKit/537.36 (KHTML, like Gecko) Chrome/108.0.0.0 YaBrowser/23.1.2.980 Yowser/2.5 Safari/537.36"
shop.infinitibizsol.com:443 162.0.223.40 - - [12/Jun/2025:00:25:41 +0000] "POST /wp-cron.php?doing_wp_cron=1749687940.3361730575561523437500 HTTP/1.1" 499 0 "-" "WordPress/6.8.1; https://shop.infinitibizsol.com"
shop.infinitibizsol.com:443 46.29.224.18 - - [12/Jun/2025:00:25:42 +0000] "GET /wp-admin/edit.php HTTP/1.1" 200 150367 "-" "python-requests/2.28.1"
shop.infinitibizsol.com:443 101.255.49.73 - - [12/Jun/2025:00:25:43 +0000] "POST /index.php?rest_route=/wp/v2/posts/1904&_locale=user HTTP/1.1" 404 199608 "-" "Mozilla/5.0 (Macintosh; Intel Mac OS X 10_15_7) AppleWebKit/537.36 (KHTML, like Gecko) Chrome/108.0.0.0 YaBrowser/23.1.2.980 Yowser/2.5 Safari/537.36"
shop.infinitibizsol.com:443 46.29.224.18 - - [12/Jun/2025:00:25:44 +0000] "GET /?p=1907 HTTP/1.1" 404 5 "-" "Mozilla/5.0 (Macintosh; Intel Mac OS X 10_15_7) AppleWebKit/537.36 (KHTML, like Gecko) Chrome/108.0.0.0 YaBrowser/23.1.2.980 Yowser/2.5 Safari/537.36"
shop.infinitibizsol.com:443 78.41.174.255 - - [12/Jun/2025:00:25:46 +0000] "POST /xmlrpc.php HTTP/1.1" 200 190 "-" "python-requests/2.28.1"
shop.infinitibizsol.com:443 216.55.146.52 - - [12/Jun/2025:00:25:48 +0000] "POST /index.php?rest_route=/wp/v2/posts/1900&_locale=user HTTP/1.1" 404 279668 "-" "Mozilla/5.0 (Macintosh; Intel Mac OS X 10_15_7) AppleWebKit/537.36 (KHTML, like Gecko) Chrome/108.0.0.0 YaBrowser/23.1.2.980 Yowser/2.5 Safari/537.36"
shop.infinitibizsol.com:443 101.255.49.73 - - [12/Jun/2025:00:25:50 +0000] "GET /wp-admin/edit.php HTTP/1.1" 200 151139 "-" "python-requests/2.28.1"
shop.infinitibizsol.com:443 162.0.223.40 - - [12/Jun/2025:00:25:50 +0000] "POST /wp-cron.php?doing_wp_cron=1749687949.3486409187316894531250 HTTP/1.1" 499 0 "-" "WordPress/6.8.1; https://shop.infinitibizsol.com"
shop.infinitibizsol.com:443 78.41.174.255 - - [12/Jun/2025:00:25:50 +0000] "GET /wp-login.php HTTP/1.1" 200 4546 "-" "python-requests/2.28.1"
shop.infinitibizsol.com:443 78.41.174.255 - - [12/Jun/2025:00:25:52 +0000] "POST /wp-login.php HTTP/1.1" 302 5 "-" "python-requests/2.28.1"
shop.infinitibizsol.com:443 78.41.174.255 - - [12/Jun/2025:00:25:54 +0000] "GET /?p=1912 HTTP/1.1" 404 5 "-" "Mozilla/5.0 (Windows NT 6.3; Win64; x64) AppleWebKit/537.36 (KHTML, like Gecko) Chrome/101.0.4951.54 Safari/537.36"
shop.infinitibizsol.com:443 101.255.49.73 - - [12/Jun/2025:00:25:55 +0000] "GET /?p=1904 HTTP/1.1" 404 5 "-" "Mozilla/5.0 (Macintosh; Intel Mac OS X 10_15_7) AppleWebKit/537.36 (KHTML, like Gecko) Chrome/108.0.0.0 YaBrowser/23.1.2.980 Yowser/2.5 Safari/537.36"
shop.infinitibizsol.com:443 216.55.146.52 - - [12/Jun/2025:00:25:57 +0000] "GET /wp-admin/edit.php HTTP/1.1" 200 151089 "-" "python-requests/2.28.1"
shop.infinitibizsol.com:443 78.41.174.255 - - [12/Jun/2025:00:25:57 +0000] "GET /wp-login.php HTTP/1.1" 200 4546 "-" "Mozilla/5.0 (Macintosh; Intel Mac OS X 10_15_7) AppleWebKit/537.36 (KHTML, like Gecko) Chrome/108.0.0.0 YaBrowser/23.1.2.980 Yowser/2.5 Safari/537.36"
shop.infinitibizsol.com:443 78.41.174.255 - - [12/Jun/2025:00:25:59 +0000] "POST /wp-login.php HTTP/1.1" 302 5 "-" "Mozilla/5.0 (Macintosh; Intel Mac OS X 10_15_7) AppleWebKit/537.36 (KHTML, like Gecko) Chrome/108.0.0.0 YaBrowser/23.1.2.980 Yowser/2.5 Safari/537.36"
shop.infinitibizsol.com:443 78.41.174.255 - - [12/Jun/2025:00:26:02 +0000] "GET /wp-admin/ HTTP/1.1" 200 69744 "-" "Mozilla/5.0 (Macintosh; Intel Mac OS X 10_15_7) AppleWebKit/537.36 (KHTML, like Gecko) Chrome/108.0.0.0 YaBrowser/23.1.2.980 Yowser/2.5 Safari/537.36"
shop.infinitibizsol.com:443 216.55.146.52 - - [12/Jun/2025:00:26:10 +0000] "GET /?p=1900 HTTP/1.1" 404 5 "-" "Mozilla/5.0 (Macintosh; Intel Mac OS X 10_15_7) AppleWebKit/537.36 (KHTML, like Gecko) Chrome/108.0.0.0 YaBrowser/23.1.2.980 Yowser/2.5 Safari/537.36"
shop.infinitibizsol.com:443 78.41.174.255 - - [12/Jun/2025:00:26:13 +0000] "GET /wp-admin/post-new.php HTTP/1.1" 200 476222 "-" "Mozilla/5.0 (Macintosh; Intel Mac OS X 10_15_7) AppleWebKit/537.36 (KHTML, like Gecko) Chrome/108.0.0.0 YaBrowser/23.1.2.980 Yowser/2.5 Safari/537.36"
shop.infinitibizsol.com:443 78.41.174.255 - - [12/Jun/2025:00:26:18 +0000] "POST /wp-json/wp/v2/categories?_locale=user HTTP/1.1" 400 169 "-" "Mozilla/5.0 (Macintosh; Intel Mac OS X 10_15_7) AppleWebKit/537.36 (KHTML, like Gecko) Chrome/108.0.0.0 YaBrowser/23.1.2.980 Yowser/2.5 Safari/537.36"
shop.infinitibizsol.com:443 78.41.174.255 - - [12/Jun/2025:00:26:22 +0000] "POST /wp-admin/post.php HTTP/1.1" 302 5 "-" "Mozilla/5.0 (Macintosh; Intel Mac OS X 10_15_7) AppleWebKit/537.36 (KHTML, like Gecko) Chrome/108.0.0.0 YaBrowser/23.1.2.980 Yowser/2.5 Safari/537.36"
shop.infinitibizsol.com:443 162.0.223.40 - - [12/Jun/2025:00:26:24 +0000] "POST /wp-cron.php?doing_wp_cron=1749687983.9506421089172363281250 HTTP/1.1" 499 0 "-" "WordPress/6.8.1; https://shop.infinitibizsol.com"
shop.infinitibizsol.com:443 78.41.174.255 - - [12/Jun/2025:00:26:31 +0000] "GET /wp-admin/post.php?post=1914&action=edit&message=1 HTTP/1.1" 200 705134 "-" "Mozilla/5.0 (Macintosh; Intel Mac OS X 10_15_7) AppleWebKit/537.36 (KHTML, like Gecko) Chrome/108.0.0.0 YaBrowser/23.1.2.980 Yowser/2.5 Safari/537.36"
shop.infinitibizsol.com:443 78.41.174.255 - - [12/Jun/2025:00:26:35 +0000] "GET /?p=1914 HTTP/1.1" 404 5 "-" "Mozilla/5.0 (Macintosh; Intel Mac OS X 10_15_7) AppleWebKit/537.36 (KHTML, like Gecko) Chrome/108.0.0.0 YaBrowser/23.1.2.980 Yowser/2.5 Safari/537.36"
shop.infinitibizsol.com:443 78.41.174.255 - - [12/Jun/2025:00:26:38 +0000] "POST /wp-json/wp/v2/posts/1914/autosaves?_locale=user HTTP/1.1" 404 225133 "-" "Mozilla/5.0 (Macintosh; Intel Mac OS X 10_15_7) AppleWebKit/537.36 (KHTML, like Gecko) Chrome/108.0.0.0 YaBrowser/23.1.2.980 Yowser/2.5 Safari/537.36"
shop.infinitibizsol.com:443 78.41.174.255 - - [12/Jun/2025:00:26:45 +0000] "POST /index.php?rest_route=/wp/v2/posts/1914&_locale=user HTTP/1.1" 404 229615 "-" "Mozilla/5.0 (Macintosh; Intel Mac OS X 10_15_7) AppleWebKit/537.36 (KHTML, like Gecko) Chrome/108.0.0.0 YaBrowser/23.1.2.980 Yowser/2.5 Safari/537.36"
shop.infinitibizsol.com:443 162.0.223.40 - - [12/Jun/2025:00:26:51 +0000] "POST /wp-cron.php?doing_wp_cron=1749688010.3869469165802001953125 HTTP/1.1" 499 0 "-" "WordPress/6.8.1; https://shop.infinitibizsol.com"
shop.infinitibizsol.com:443 78.41.174.255 - - [12/Jun/2025:00:26:51 +0000] "GET /wp-admin/edit.php HTTP/1.1" 200 152506 "-" "python-requests/2.28.1"
shop.infinitibizsol.com:443 78.41.174.255 - - [12/Jun/2025:00:26:55 +0000] "GET /?p=1914 HTTP/1.1" 404 5 "-" "Mozilla/5.0 (Macintosh; Intel Mac OS X 10_15_7) AppleWebKit/537.36 (KHTML, like Gecko) Chrome/108.0.0.0 YaBrowser/23.1.2.980 Yowser/2.5 Safari/537.36"
shop.infinitibizsol.com:443 219.145.208.198 - - [12/Jun/2025:00:27:14 +0000] "POST /xmlrpc.php HTTP/1.1" 200 190 "-" "python-requests/2.28.1"
shop.infinitibizsol.com:443 162.0.223.40 - - [12/Jun/2025:00:27:20 +0000] "POST /wp-cron.php?doing_wp_cron=1749688039.5074739456176757812500 HTTP/1.1" 499 0 "-" "WordPress/6.8.1; https://shop.infinitibizsol.com"
shop.infinitibizsol.com:443 219.145.208.198 - - [12/Jun/2025:00:27:20 +0000] "GET /wp-login.php HTTP/1.1" 200 4552 "-" "python-requests/2.28.1"
shop.infinitibizsol.com:443 219.145.208.198 - - [12/Jun/2025:00:27:23 +0000] "POST /wp-login.php HTTP/1.1" 302 5 "-" "python-requests/2.28.1"
shop.infinitibizsol.com:443 219.145.208.198 - - [12/Jun/2025:00:27:25 +0000] "GET /?p=1917 HTTP/1.1" 404 5 "-" "Mozilla/5.0 (Windows NT 6.3; Win64; x64) AppleWebKit/537.36 (KHTML, like Gecko) Chrome/101.0.4951.54 Safari/537.36"
shop.infinitibizsol.com:443 219.145.208.198 - - [12/Jun/2025:00:27:29 +0000] "GET /wp-login.php HTTP/1.1" 200 4552 "-" "Mozilla/5.0 (Macintosh; Intel Mac OS X 10_15_7) AppleWebKit/537.36 (KHTML, like Gecko) Chrome/108.0.0.0 YaBrowser/23.1.2.980 Yowser/2.5 Safari/537.36"
shop.infinitibizsol.com:443 219.145.208.198 - - [12/Jun/2025:00:27:32 +0000] "POST /wp-login.php HTTP/1.1" 302 5 "-" "Mozilla/5.0 (Macintosh; Intel Mac OS X 10_15_7) AppleWebKit/537.36 (KHTML, like Gecko) Chrome/108.0.0.0 YaBrowser/23.1.2.980 Yowser/2.5 Safari/537.36"
shop.infinitibizsol.com:443 219.145.208.198 - - [12/Jun/2025:00:27:35 +0000] "GET /wp-admin/ HTTP/1.1" 200 69777 "-" "Mozilla/5.0 (Macintosh; Intel Mac OS X 10_15_7) AppleWebKit/537.36 (KHTML, like Gecko) Chrome/108.0.0.0 YaBrowser/23.1.2.980 Yowser/2.5 Safari/537.36"
shop.infinitibizsol.com:443 163.53.81.181 - - [12/Jun/2025:00:27:47 +0000] "POST /xmlrpc.php HTTP/1.1" 200 190 "-" "python-requests/2.28.1"
shop.infinitibizsol.com:443 162.0.223.40 - - [12/Jun/2025:00:27:51 +0000] "POST /wp-cron.php?doing_wp_cron=1749688070.5631859302520751953125 HTTP/1.1" 499 0 "-" "WordPress/6.8.1; https://shop.infinitibizsol.com"
shop.infinitibizsol.com:443 163.53.81.181 - - [12/Jun/2025:00:27:51 +0000] "GET /wp-login.php HTTP/1.1" 200 4552 "-" "python-requests/2.28.1"
shop.infinitibizsol.com:443 163.53.81.181 - - [12/Jun/2025:00:27:53 +0000] "POST /wp-login.php HTTP/1.1" 302 5 "-" "python-requests/2.28.1"
shop.infinitibizsol.com:443 163.53.81.181 - - [12/Jun/2025:00:27:55 +0000] "GET /?p=1919 HTTP/1.1" 404 5 "-" "Mozilla/5.0 (Windows NT 6.3; Win64; x64) AppleWebKit/537.36 (KHTML, like Gecko) Chrome/101.0.4951.54 Safari/537.36"
shop.infinitibizsol.com:443 163.53.81.181 - - [12/Jun/2025:00:27:58 +0000] "GET /wp-login.php HTTP/1.1" 200 4559 "-" "Mozilla/5.0 (Macintosh; Intel Mac OS X 10_15_7) AppleWebKit/537.36 (KHTML, like Gecko) Chrome/108.0.0.0 YaBrowser/23.1.2.980 Yowser/2.5 Safari/537.36"
shop.infinitibizsol.com:443 163.53.81.181 - - [12/Jun/2025:00:28:00 +0000] "POST /wp-login.php HTTP/1.1" 302 5 "-" "Mozilla/5.0 (Macintosh; Intel Mac OS X 10_15_7) AppleWebKit/537.36 (KHTML, like Gecko) Chrome/108.0.0.0 YaBrowser/23.1.2.980 Yowser/2.5 Safari/537.36"
shop.infinitibizsol.com:443 163.53.81.181 - - [12/Jun/2025:00:28:04 +0000] "GET /wp-admin/ HTTP/1.1" 200 69515 "-" "Mozilla/5.0 (Macintosh; Intel Mac OS X 10_15_7) AppleWebKit/537.36 (KHTML, like Gecko) Chrome/108.0.0.0 YaBrowser/23.1.2.980 Yowser/2.5 Safari/537.36"
shop.infinitibizsol.com:443 170.239.136.17 - - [12/Jun/2025:00:28:18 +0000] "GET /wp-login.php HTTP/1.1" 200 4546 "-" "Mozilla/5.0 (Macintosh; Intel Mac OS X 10_15_7) AppleWebKit/537.36 (KHTML, like Gecko) Chrome/108.0.0.0 YaBrowser/23.1.2.980 Yowser/2.5 Safari/537.36"
shop.infinitibizsol.com:443 219.145.208.198 - - [12/Jun/2025:00:28:18 +0000] "GET /wp-admin/post-new.php HTTP/1.1" 200 261767 "-" "Mozilla/5.0 (Macintosh; Intel Mac OS X 10_15_7) AppleWebKit/537.36 (KHTML, like Gecko) Chrome/108.0.0.0 YaBrowser/23.1.2.980 Yowser/2.5 Safari/537.36"
shop.infinitibizsol.com:443 163.53.81.181 - - [12/Jun/2025:00:28:19 +0000] "GET /wp-admin/post-new.php HTTP/1.1" 200 476254 "-" "Mozilla/5.0 (Macintosh; Intel Mac OS X 10_15_7) AppleWebKit/537.36 (KHTML, like Gecko) Chrome/108.0.0.0 YaBrowser/23.1.2.980 Yowser/2.5 Safari/537.36"
shop.infinitibizsol.com:443 170.239.136.17 - - [12/Jun/2025:00:28:21 +0000] "POST /wp-login.php HTTP/1.1" 302 5 "-" "Mozilla/5.0 (Macintosh; Intel Mac OS X 10_15_7) AppleWebKit/537.36 (KHTML, like Gecko) Chrome/108.0.0.0 YaBrowser/23.1.2.980 Yowser/2.5 Safari/537.36"
shop.infinitibizsol.com:443 170.239.136.17 - - [12/Jun/2025:00:28:23 +0000] "GET /wp-admin/ HTTP/1.1" 200 69498 "-" "Mozilla/5.0 (Macintosh; Intel Mac OS X 10_15_7) AppleWebKit/537.36 (KHTML, like Gecko) Chrome/108.0.0.0 YaBrowser/23.1.2.980 Yowser/2.5 Safari/537.36"
shop.infinitibizsol.com:443 190.15.111.218 - - [12/Jun/2025:00:28:26 +0000] "GET /wp-login.php HTTP/1.1" 200 4559 "-" "Mozilla/5.0 (Macintosh; Intel Mac OS X 10_15_7) AppleWebKit/537.36 (KHTML, like Gecko) Chrome/108.0.0.0 YaBrowser/23.1.2.980 Yowser/2.5 Safari/537.36"
shop.infinitibizsol.com:443 163.53.81.181 - - [12/Jun/2025:00:28:28 +0000] "POST /wp-json/wp/v2/categories?_locale=user HTTP/1.1" 400 169 "-" "Mozilla/5.0 (Macintosh; Intel Mac OS X 10_15_7) AppleWebKit/537.36 (KHTML, like Gecko) Chrome/108.0.0.0 YaBrowser/23.1.2.980 Yowser/2.5 Safari/537.36"
shop.infinitibizsol.com:443 190.15.111.218 - - [12/Jun/2025:00:28:28 +0000] "POST /wp-login.php HTTP/1.1" 302 5 "-" "Mozilla/5.0 (Macintosh; Intel Mac OS X 10_15_7) AppleWebKit/537.36 (KHTML, like Gecko) Chrome/108.0.0.0 YaBrowser/23.1.2.980 Yowser/2.5 Safari/537.36"
shop.infinitibizsol.com:443 170.239.136.17 - - [12/Jun/2025:00:28:29 +0000] "GET /wp-admin/post-new.php HTTP/1.1" 200 476268 "-" "Mozilla/5.0 (Macintosh; Intel Mac OS X 10_15_7) AppleWebKit/537.36 (KHTML, like Gecko) Chrome/108.0.0.0 YaBrowser/23.1.2.980 Yowser/2.5 Safari/537.36"
shop.infinitibizsol.com:443 190.15.111.218 - - [12/Jun/2025:00:28:31 +0000] "GET /wp-admin/ HTTP/1.1" 200 69542 "-" "Mozilla/5.0 (Macintosh; Intel Mac OS X 10_15_7) AppleWebKit/537.36 (KHTML, like Gecko) Chrome/108.0.0.0 YaBrowser/23.1.2.980 Yowser/2.5 Safari/537.36"
shop.infinitibizsol.com:443 163.53.81.181 - - [12/Jun/2025:00:28:32 +0000] "POST /wp-admin/post.php HTTP/1.1" 302 5 "-" "Mozilla/5.0 (Macintosh; Intel Mac OS X 10_15_7) AppleWebKit/537.36 (KHTML, like Gecko) Chrome/108.0.0.0 YaBrowser/23.1.2.980 Yowser/2.5 Safari/537.36"
shop.infinitibizsol.com:443 162.0.223.40 - - [12/Jun/2025:00:28:35 +0000] "POST /wp-cron.php?doing_wp_cron=1749688114.9550108909606933593750 HTTP/1.1" 499 0 "-" "WordPress/6.8.1; https://shop.infinitibizsol.com"
shop.infinitibizsol.com:443 170.239.136.17 - - [12/Jun/2025:00:28:38 +0000] "POST /wp-admin/post.php HTTP/1.1" 302 5 "-" "Mozilla/5.0 (Macintosh; Intel Mac OS X 10_15_7) AppleWebKit/537.36 (KHTML, like Gecko) Chrome/108.0.0.0 YaBrowser/23.1.2.980 Yowser/2.5 Safari/537.36"
shop.infinitibizsol.com:443 190.15.111.218 - - [12/Jun/2025:00:28:39 +0000] "GET /wp-admin/post-new.php HTTP/1.1" 200 476266 "-" "Mozilla/5.0 (Macintosh; Intel Mac OS X 10_15_7) AppleWebKit/537.36 (KHTML, like Gecko) Chrome/108.0.0.0 YaBrowser/23.1.2.980 Yowser/2.5 Safari/537.36"
shop.infinitibizsol.com:443 163.53.81.181 - - [12/Jun/2025:00:28:41 +0000] "GET /wp-admin/post.php?post=1922&action=edit&message=1 HTTP/1.1" 200 538327 "-" "Mozilla/5.0 (Macintosh; Intel Mac OS X 10_15_7) AppleWebKit/537.36 (KHTML, like Gecko) Chrome/108.0.0.0 YaBrowser/23.1.2.980 Yowser/2.5 Safari/537.36"
shop.infinitibizsol.com:443 162.0.223.40 - - [12/Jun/2025:00:28:42 +0000] "POST /wp-cron.php?doing_wp_cron=1749688121.0035688877105712890625 HTTP/1.1" 499 0 "-" "WordPress/6.8.1; https://shop.infinitibizsol.com"
shop.infinitibizsol.com:443 170.239.136.17 - - [12/Jun/2025:00:28:45 +0000] "GET /wp-admin/post.php?post=1923&action=edit&message=1 HTTP/1.1" 200 694062 "-" "Mozilla/5.0 (Macintosh; Intel Mac OS X 10_15_7) AppleWebKit/537.36 (KHTML, like Gecko) Chrome/108.0.0.0 YaBrowser/23.1.2.980 Yowser/2.5 Safari/537.36"
shop.infinitibizsol.com:443 190.15.111.218 - - [12/Jun/2025:00:28:52 +0000] "POST /wp-admin/post.php HTTP/1.1" 302 5 "-" "Mozilla/5.0 (Macintosh; Intel Mac OS X 10_15_7) AppleWebKit/537.36 (KHTML, like Gecko) Chrome/108.0.0.0 YaBrowser/23.1.2.980 Yowser/2.5 Safari/537.36"
shop.infinitibizsol.com:443 162.0.223.40 - - [12/Jun/2025:00:28:54 +0000] "POST /wp-cron.php?doing_wp_cron=1749688133.7223091125488281250000 HTTP/1.1" 499 0 "-" "WordPress/6.8.1; https://shop.infinitibizsol.com"
shop.infinitibizsol.com:443 163.53.81.181 - - [12/Jun/2025:00:28:54 +0000] "GET /?p=1922 HTTP/1.1" 404 5 "-" "Mozilla/5.0 (Macintosh; Intel Mac OS X 10_15_7) AppleWebKit/537.36 (KHTML, like Gecko) Chrome/108.0.0.0 YaBrowser/23.1.2.980 Yowser/2.5 Safari/537.36"
shop.infinitibizsol.com:443 170.239.136.17 - - [12/Jun/2025:00:28:56 +0000] "GET /?p=1923 HTTP/1.1" 404 5 "-" "Mozilla/5.0 (Macintosh; Intel Mac OS X 10_15_7) AppleWebKit/537.36 (KHTML, like Gecko) Chrome/108.0.0.0 YaBrowser/23.1.2.980 Yowser/2.5 Safari/537.36"
shop.infinitibizsol.com:443 163.53.81.181 - - [12/Jun/2025:00:28:57 +0000] "POST /wp-json/wp/v2/posts/1922/autosaves?_locale=user HTTP/1.1" 404 61095 "-" "Mozilla/5.0 (Macintosh; Intel Mac OS X 10_15_7) AppleWebKit/537.36 (KHTML, like Gecko) Chrome/108.0.0.0 YaBrowser/23.1.2.980 Yowser/2.5 Safari/537.36"
shop.infinitibizsol.com:443 170.239.136.17 - - [12/Jun/2025:00:28:59 +0000] "POST /wp-json/wp/v2/posts/1923/autosaves?_locale=user HTTP/1.1" 404 214233 "-" "Mozilla/5.0 (Macintosh; Intel Mac OS X 10_15_7) AppleWebKit/537.36 (KHTML, like Gecko) Chrome/108.0.0.0 YaBrowser/23.1.2.980 Yowser/2.5 Safari/537.36"
shop.infinitibizsol.com:443 163.53.81.181 - - [12/Jun/2025:00:29:03 +0000] "POST /index.php?rest_route=/wp/v2/posts/1922&_locale=user HTTP/1.1" 404 63973 "-" "Mozilla/5.0 (Macintosh; Intel Mac OS X 10_15_7) AppleWebKit/537.36 (KHTML, like Gecko) Chrome/108.0.0.0 YaBrowser/23.1.2.980 Yowser/2.5 Safari/537.36"
shop.infinitibizsol.com:443 190.15.111.218 - - [12/Jun/2025:00:29:05 +0000] "GET /wp-admin/post.php?post=1925&action=edit&message=1 HTTP/1.1" 200 752251 "-" "Mozilla/5.0 (Macintosh; Intel Mac OS X 10_15_7) AppleWebKit/537.36 (KHTML, like Gecko) Chrome/108.0.0.0 YaBrowser/23.1.2.980 Yowser/2.5 Safari/537.36"
shop.infinitibizsol.com:443 162.0.223.40 - - [12/Jun/2025:00:29:06 +0000] "POST /wp-cron.php?doing_wp_cron=1749688145.5077168941497802734375 HTTP/1.1" 499 0 "-" "WordPress/6.8.1; https://shop.infinitibizsol.com"
shop.infinitibizsol.com:443 170.239.136.17 - - [12/Jun/2025:00:29:06 +0000] "POST /index.php?rest_route=/wp/v2/posts/1923&_locale=user HTTP/1.1" 404 218855 "-" "Mozilla/5.0 (Macintosh; Intel Mac OS X 10_15_7) AppleWebKit/537.36 (KHTML, like Gecko) Chrome/108.0.0.0 YaBrowser/23.1.2.980 Yowser/2.5 Safari/537.36"
shop.infinitibizsol.com:443 163.53.81.181 - - [12/Jun/2025:00:29:08 +0000] "GET /wp-admin/edit.php HTTP/1.1" 200 151397 "-" "python-requests/2.28.1"
shop.infinitibizsol.com:443 170.239.136.17 - - [12/Jun/2025:00:29:12 +0000] "GET /wp-admin/edit.php HTTP/1.1" 200 151241 "-" "python-requests/2.28.1"
shop.infinitibizsol.com:443 163.53.81.181 - - [12/Jun/2025:00:29:16 +0000] "GET /?p=1922 HTTP/1.1" 404 5 "-" "Mozilla/5.0 (Macintosh; Intel Mac OS X 10_15_7) AppleWebKit/537.36 (KHTML, like Gecko) Chrome/108.0.0.0 YaBrowser/23.1.2.980 Yowser/2.5 Safari/537.36"
shop.infinitibizsol.com:443 170.239.136.17 - - [12/Jun/2025:00:29:17 +0000] "GET /?p=1923 HTTP/1.1" 404 5 "-" "Mozilla/5.0 (Macintosh; Intel Mac OS X 10_15_7) AppleWebKit/537.36 (KHTML, like Gecko) Chrome/108.0.0.0 YaBrowser/23.1.2.980 Yowser/2.5 Safari/537.36"
shop.infinitibizsol.com:443 190.15.111.218 - - [12/Jun/2025:00:29:17 +0000] "GET /?p=1925 HTTP/1.1" 404 5 "-" "Mozilla/5.0 (Macintosh; Intel Mac OS X 10_15_7) AppleWebKit/537.36 (KHTML, like Gecko) Chrome/108.0.0.0 YaBrowser/23.1.2.980 Yowser/2.5 Safari/537.36"
shop.infinitibizsol.com:443 190.15.111.218 - - [12/Jun/2025:00:29:21 +0000] "POST /wp-json/wp/v2/posts/1925/autosaves?_locale=user HTTP/1.1" 404 272750 "-" "Mozilla/5.0 (Macintosh; Intel Mac OS X 10_15_7) AppleWebKit/537.36 (KHTML, like Gecko) Chrome/108.0.0.0 YaBrowser/23.1.2.980 Yowser/2.5 Safari/537.36"
shop.infinitibizsol.com:443 190.15.111.218 - - [12/Jun/2025:00:29:31 +0000] "POST /index.php?rest_route=/wp/v2/posts/1925&_locale=user HTTP/1.1" 404 276993 "-" "Mozilla/5.0 (Macintosh; Intel Mac OS X 10_15_7) AppleWebKit/537.36 (KHTML, like Gecko) Chrome/108.0.0.0 YaBrowser/23.1.2.980 Yowser/2.5 Safari/537.36"
shop.infinitibizsol.com:443 162.0.223.40 - - [12/Jun/2025:00:29:40 +0000] "POST /wp-cron.php?doing_wp_cron=1749688179.2266559600830078125000 HTTP/1.1" 499 0 "-" "WordPress/6.8.1; https://shop.infinitibizsol.com"
shop.infinitibizsol.com:443 190.15.111.218 - - [12/Jun/2025:00:29:40 +0000] "GET /wp-admin/edit.php HTTP/1.1" 200 151166 "-" "python-requests/2.28.1"
shop.infinitibizsol.com:443 190.15.111.218 - - [12/Jun/2025:00:29:45 +0000] "GET /?p=1925 HTTP/1.1" 404 5 "-" "Mozilla/5.0 (Macintosh; Intel Mac OS X 10_15_7) AppleWebKit/537.36 (KHTML, like Gecko) Chrome/108.0.0.0 YaBrowser/23.1.2.980 Yowser/2.5 Safari/537.36"
shop.infinitibizsol.com:80 34.145.165.227 - - [12/Jun/2025:00:30:45 +0000] "GET / HTTP/1.1" 404 5 "-" "Mozilla/5.0 (Windows NT 10.0; Win64; x64) AppleWebKit/537.36 (KHTML, like Gecko) Chrome/102.0.5005.197 Safari/537.36"
shop.infinitibizsol.com:443 45.227.253.15 - - [12/Jun/2025:01:42:40 +0000] "GET /index.php/jk HTTP/1.1" 200 54 "-" "Mozilla/5.0 (Windows NT 6.3; Win64; x64) AppleWebKit/537.36 (KHTML, like Gecko) Chrome/86.0.4240.111 Safari/537.36"
shop.infinitibizsol.com:80 162.0.223.40 - - [12/Jun/2025:01:44:14 +0000] "POST /wp-cron.php?doing_wp_cron=1749692653.7121469974517822265625 HTTP/1.1" 499 0 "-" "WordPress/6.8.1; https://shop.infinitibizsol.com"
shop.infinitibizsol.com:80 173.212.230.245 - - [12/Jun/2025:01:44:15 +0000] "POST /xmlrpc.php HTTP/1.1" 200 190 "-" "Mozilla/5.0 (compatible; Googlebot/2.1; +http://www.google.com/bot.html)"
shop.infinitibizsol.com:80 173.212.230.245 - - [12/Jun/2025:01:44:17 +0000] "POST /xmlrpc.php HTTP/1.1" 200 3356 "-" "Mozilla/5.0 (compatible; Googlebot/2.1; +http://www.google.com/bot.html)"
shop.infinitibizsol.com:443 173.212.230.245 - - [12/Jun/2025:01:44:24 +0000] "GET /2025/06/12/391528411749692555/ HTTP/1.1" 404 63424 "-" "Mozilla/5.0 (compatible; Googlebot/2.1; +http://www.google.com/bot.html)"
shop.infinitibizsol.com:80 173.212.230.245 - - [12/Jun/2025:01:44:26 +0000] "POST /xmlrpc.php HTTP/1.1" 200 189 "-" "Mozilla/5.0 (compatible; Googlebot/2.1; +http://www.google.com/bot.html)"
shop.infinitibizsol.com:80 162.0.223.40 - - [12/Jun/2025:02:42:17 +0000] "POST /wp-cron.php?doing_wp_cron=1749696136.2539660930633544921875 HTTP/1.1" 499 0 "-" "WordPress/6.8.1; https://shop.infinitibizsol.com"
shop.infinitibizsol.com:80 95.182.100.70 - - [12/Jun/2025:02:42:18 +0000] "GET / HTTP/1.1" 404 102784 "-" "Mozilla/5.0 (Windows NT 10.0; Win64; x64) AppleWebKit/537.36 (KHTML, like Gecko) Chrome/117.0.5938.132 Safari/537.36"
shop.infinitibizsol.com:443 45.227.253.15 - - [12/Jun/2025:03:34:17 +0000] "GET /siteheads.php?ARRAY=7o2230223n313734393730323934352p2231223n22687474703n5p2s5p2s3230342r31322r3233382r37345p2s3s6p633q7068705s636s64655s6n6326743q313734393639393334352q3361626164396433646162373236353863656463613665663630643436316331222p2232223n223462386430633165323536383232306665396362363964646335363339373935222p2233223n226638613531633563383166656138353739393038393634373032363437643264222p2262696r675s70617373223n2232322q35302q35382q36332q37342q39302q3135227q HTTP/1.1" 200 95 "-" "Mozilla/5.0 (Macintosh; Intel Mac OS X 10.15; rv:80.0) Gecko/20100101 Firefox/80.0"
shop.infinitibizsol.com:80 162.0.223.40 - - [12/Jun/2025:03:50:34 +0000] "POST /wp-cron.php?doing_wp_cron=1749700233.3729219436645507812500 HTTP/1.1" 499 0 "-" "WordPress/6.8.1; https://shop.infinitibizsol.com"
shop.infinitibizsol.com:80 173.249.52.154 - - [12/Jun/2025:03:50:34 +0000] "POST /xmlrpc.php HTTP/1.1" 200 198 "-" "Mozilla/5.0 (compatible; Googlebot/2.1; +http://www.google.com/bot.html)"
shop.infinitibizsol.com:443 18.97.9.100 - - [12/Jun/2025:03:50:54 +0000] "GET / HTTP/1.1" 404 5 "-" "Mozilla/5.0 AppleWebKit/537.36 (KHTML, like Gecko; compatible; PerplexityBot/1.0; +https://perplexity.ai/perplexitybot), Mozilla/5.0 (Macintosh; Intel Mac OS X 10.15; rv:130.0) Gecko/20100101 Firefox/130.0"
shop.infinitibizsol.com:443 162.0.223.40 - - [12/Jun/2025:04:54:26 +0000] "POST /wp-cron.php?doing_wp_cron=1749704065.2829990386962890625000 HTTP/1.1" 499 0 "-" "WordPress/6.8.1; https://shop.infinitibizsol.com"
shop.infinitibizsol.com:443 45.227.253.15 - - [12/Jun/2025:05:28:07 +0000] "GET /index.php/jk HTTP/1.1" 200 54 "-" "Mozilla/5.0 (iPhone; CPU iPhone OS 11_3 like Mac OS X) AppleWebKit/605.1.15 (KHTML, like Gecko) Version/11.0.4 Mobile/15E148 Safari/604.1"
shop.infinitibizsol.com:443 185.177.72.14 - - [12/Jun/2025:05:41:47 +0000] "GET /core/.git/config HTTP/1.1" 404 5 "-" "Mozilla/5.0 (Macintosh; Intel Mac OS X 12_2_8; en) AppleWebKit/605.1.15 (KHTML, like Gecko) Version/17.3.2 Safari/605.1.15"
shop.infinitibizsol.com:443 185.177.72.14 - - [12/Jun/2025:05:41:47 +0000] "GET /static../.git/config HTTP/1.1" 404 5 "-" "Mozilla/5.0 (X11; Linux i686; rv:127.0) Gecko/20100101 Firefox/127.0"
shop.infinitibizsol.com:443 185.177.72.14 - - [12/Jun/2025:05:41:47 +0000] "GET /dev/.git/config HTTP/1.1" 404 5 "-" "Mozilla/5.0 (Macintosh; Intel Mac OS X 10_15_7) AppleWebKit/605.1.15 (KHTML, like Gecko) Version/16.6 Safari/605.1.15"
shop.infinitibizsol.com:443 185.177.72.14 - - [12/Jun/2025:05:41:47 +0000] "GET /staging/.git/config HTTP/1.1" 404 5 "-" "Mozilla/5.0 (Macintosh; Intel Mac OS X 15_7_9) AppleWebKit/605.1.15 (KHTML, like Gecko) Version/17.3.4 Safari/605.1.15"
shop.infinitibizsol.com:443 185.177.72.14 - - [12/Jun/2025:05:41:47 +0000] "GET /backend/.git/config HTTP/1.1" 404 5 "-" "Mozilla/5.0 (Ubuntu; Linux x86_64; rv:124.0) Gecko/20100101 Firefox/124.0"
shop.infinitibizsol.com:443 185.177.72.14 - - [12/Jun/2025:05:41:48 +0000] "GET /app/.git/config HTTP/1.1" 404 5 "-" "Mozilla/5.0 (CentOS; Linux i686) AppleWebKit/537.36 (KHTML, like Gecko) Chrome/126.0.0.0 Safari/537.36"
shop.infinitibizsol.com:443 185.177.72.14 - - [12/Jun/2025:05:41:48 +0000] "GET /frontend/.git/config HTTP/1.1" 404 5 "-" "Mozilla/5.0 (Windows NT 6.3; Win64; x64; rv:76.0) Gecko/20100101 Firefox/76.0"
shop.infinitibizsol.com:443 162.0.223.40 - - [12/Jun/2025:05:41:48 +0000] "POST /wp-cron.php?doing_wp_cron=1749706907.3426179885864257812500 HTTP/1.1" 499 0 "-" "WordPress/6.8.1; https://shop.infinitibizsol.com"
shop.infinitibizsol.com:443 185.177.72.14 - - [12/Jun/2025:05:41:48 +0000] "GET /public/.git/config HTTP/1.1" 404 5 "-" "Mozilla/5.0 (Windows NT 10.0; Win64; x64; rv:109.0) Gecko/20100101 Firefox/116.0"
shop.infinitibizsol.com:443 185.177.72.14 - - [12/Jun/2025:05:41:48 +0000] "GET /old/.git/config HTTP/1.1" 404 5 "-" "Mozilla/5.0 (Knoppix; Linux i686; rv:128.0) Gecko/20100101 Firefox/128.0"
shop.infinitibizsol.com:443 185.177.72.14 - - [12/Jun/2025:05:41:48 +0000] "GET /api/.git/config HTTP/1.1" 404 5 "-" "Mozilla/5.0 (X11; Linux x86_64; rv:109.0) Gecko/20100101 Firefox/117.0"
shop.infinitibizsol.com:443 185.177.72.14 - - [12/Jun/2025:05:41:49 +0000] "GET /assets/.git/config HTTP/1.1" 404 5 "-" "Mozilla/5.0 (X11; Linux x86_64; rv:121.0) Gecko/20100101 Firefox/121.0"
shop.infinitibizsol.com:443 185.177.72.14 - - [12/Jun/2025:05:41:49 +0000] "GET /sandbox/.git/config HTTP/1.1" 404 5 "-" "Mozilla/5.0 (Macintosh; Intel Mac OS X 10_15_7) AppleWebKit/605.1.15 (KHTML, like Gecko) Version/17.5 Safari/605.1.20"
shop.infinitibizsol.com:443 185.177.72.14 - - [12/Jun/2025:05:41:49 +0000] "GET /panel/.git/config HTTP/1.1" 404 5 "-" "Mozilla/5.0 (Windows NT 10.0; Win64; x64; rv:109.0) Gecko/20100101 Firefox/116.0"
shop.infinitibizsol.com:443 185.177.72.14 - - [12/Jun/2025:05:41:49 +0000] "GET /test/.git/config HTTP/1.1" 404 5 "-" "Mozilla/5.0 (Debian; Linux i686) AppleWebKit/537.36 (KHTML, like Gecko) Chrome/120.0.0.0 Safari/537.36"
shop.infinitibizsol.com:443 162.0.223.40 - - [12/Jun/2025:05:41:49 +0000] "POST /wp-cron.php?doing_wp_cron=1749706908.8364450931549072265625 HTTP/1.1" 499 0 "-" "WordPress/6.8.1; https://shop.infinitibizsol.com"
shop.infinitibizsol.com:443 185.177.72.14 - - [12/Jun/2025:05:41:49 +0000] "GET /js../.git/config HTTP/1.1" 404 5 "-" "Mozilla/5.0 (Macintosh; Intel Mac OS X 12) AppleWebKit/618.6 (KHTML, like Gecko) Version/17.2 Safari/618.6"
shop.infinitibizsol.com:443 185.177.72.14 - - [12/Jun/2025:05:41:50 +0000] "GET /src/.git/config HTTP/1.1" 404 5 "-" "Mozilla/5.0 (Windows NT 6.1; WOW64) AppleWebKit/537.36 (KHTML, like Gecko) Chrome/56.0.2924.87 Safari/537.36"
shop.infinitibizsol.com:443 185.177.72.14 - - [12/Jun/2025:05:41:50 +0000] "GET /logs/.git/config HTTP/1.1" 404 5 "-" "Mozilla/5.0 (Windows NT 10.0; Win64; x64; rv:125.0) Gecko/20100101 Firefox/125.0"
shop.infinitibizsol.com:443 185.177.72.14 - - [12/Jun/2025:05:41:50 +0000] "GET /admin/.git/config HTTP/1.1" 404 5 "-" "Mozilla/5.0 (X11; Linux i686; rv:122.0) Gecko/20100101 Firefox/122.0"
shop.infinitibizsol.com:443 185.177.72.14 - - [12/Jun/2025:05:41:50 +0000] "GET /source/.git/config HTTP/1.1" 404 5 "-" "Mozilla/5.0 (Macintosh; Intel Mac OS X 10_15_7) AppleWebKit/605.1.15 (KHTML, like Gecko) Version/17.0 Safari/605.1.41"
shop.infinitibizsol.com:443 185.177.72.14 - - [12/Jun/2025:05:41:51 +0000] "GET /dist/.git/config HTTP/1.1" 404 5 "-" "Mozilla/5.0 (SS; Linux x86_64) AppleWebKit/537.36 (KHTML, like Gecko) Chrome/125.0.0.0 Safari/537.36"
shop.infinitibizsol.com:443 185.177.72.14 - - [12/Jun/2025:05:41:51 +0000] "GET /lib/.git/config HTTP/1.1" 404 5 "-" "Mozilla/5.0 (Kubuntu; Linux x86_64) AppleWebKit/537.36 (KHTML, like Gecko) Chrome/122.0.0.0 Safari/537.36"
shop.infinitibizsol.com:443 185.177.72.14 - - [12/Jun/2025:05:41:51 +0000] "GET /files/.git/config HTTP/1.1" 404 5 "-" "Mozilla/5.0 (Macintosh; Intel Mac OS X 10_13_6) AppleWebKit/537.36 (KHTML, like Gecko) Chrome/79.0.3945.88 Safari/537.36"
shop.infinitibizsol.com:443 185.177.72.14 - - [12/Jun/2025:05:41:52 +0000] "GET /www/.git/config HTTP/1.1" 404 5 "-" "Mozilla/5.0 (SS; Linux i686) AppleWebKit/537.36 (KHTML, like Gecko) Chrome/127.0.0.0 Safari/537.36"
shop.infinitibizsol.com:443 185.177.72.14 - - [12/Jun/2025:05:41:53 +0000] "GET /template/.git/config HTTP/1.1" 404 5 "-" "Mozilla/5.0 (Macintosh; Intel Mac OS X 10_15_7) AppleWebKit/605.1.15 (KHTML, like Gecko) Version/17.2 Safari/605.3.17"
shop.infinitibizsol.com:443 185.177.72.14 - - [12/Jun/2025:05:41:53 +0000] "GET /plugins/.git/config HTTP/1.1" 404 5 "-" "Mozilla/5.0 (X11; Linux i686) AppleWebKit/537.36 (KHTML, like Gecko) Chrome/121.0.0.0 Safari/537.36"
shop.infinitibizsol.com:443 185.177.72.14 - - [12/Jun/2025:05:41:53 +0000] "GET /docs/.git/config HTTP/1.1" 404 5 "-" "Mozilla/5.0 (Kubuntu; Linux i686) AppleWebKit/537.36 (KHTML, like Gecko) Chrome/122.0.0.0 Safari/537.36"
shop.infinitibizsol.com:443 185.177.72.14 - - [12/Jun/2025:05:41:53 +0000] "GET /scripts/.git/config HTTP/1.1" 404 5 "-" "Mozilla/5.0 (Windows NT 10.0; Win64; x64; rv:96.0) Gecko/20100101 Firefox/96.0"
shop.infinitibizsol.com:443 185.177.72.14 - - [12/Jun/2025:05:41:53 +0000] "GET /laravel/.git/config HTTP/1.1" 404 5 "-" "Mozilla/5.0 (ZZ; Linux i686) AppleWebKit/537.36 (KHTML, like Gecko) Chrome/121.0.0.0 Safari/537.36"
shop.infinitibizsol.com:443 185.177.72.14 - - [12/Jun/2025:05:41:53 +0000] "GET /media../.git/config HTTP/1.1" 404 5 "-" "Mozilla/5.0 (Debian; Linux i686; rv:123.0) Gecko/20100101 Firefox/123.0"
shop.infinitibizsol.com:443 185.177.72.14 - - [12/Jun/2025:05:41:53 +0000] "GET /wp-content/.git/config HTTP/1.1" 404 5 "-" "Mozilla/5.0 (Windows NT 10.0; rv:109.0) Gecko/20100101 Firefox/118.0"
shop.infinitibizsol.com:443 45.227.253.15 - - [12/Jun/2025:07:43:16 +0000] "GET /index.php/jk HTTP/1.1" 200 54 "-" "Mozilla/5.0 (Macintosh; Intel Mac OS X 10.12; rv:103.0) Gecko/20100101 Firefox/103.0"
shop.infinitibizsol.com:443 128.199.182.152 - - [12/Jun/2025:08:05:22 +0000] "GET / HTTP/1.1" 499 0 "-" "-"
shop.infinitibizsol.com:443 162.0.223.40 - - [12/Jun/2025:08:05:23 +0000] "POST /wp-cron.php?doing_wp_cron=1749715522.9384191036224365234375 HTTP/1.1" 499 0 "-" "WordPress/6.8.1; https://shop.infinitibizsol.com"
shop.infinitibizsol.com:443 128.199.182.152 - - [12/Jun/2025:08:05:24 +0000] "GET / HTTP/1.1" 404 5 "-" "Mozilla/5.0 (Linux; Android 6.0; HTC One M9 Build/MRA969554) AppleWebKit/537.36 (KHTML, like Gecko) Chrome/52.0.2717.98 Mobile Safari/537.3"
shop.infinitibizsol.com:443 128.199.182.152 - - [12/Jun/2025:08:05:27 +0000] "GET /@vite/env HTTP/1.1" 404 5 "-" "Go-http-client/1.1"
shop.infinitibizsol.com:443 128.199.182.152 - - [12/Jun/2025:08:05:29 +0000] "GET /actuator/env HTTP/1.1" 404 5 "-" "Go-http-client/1.1"
shop.infinitibizsol.com:443 128.199.182.152 - - [12/Jun/2025:08:05:31 +0000] "GET /server HTTP/1.1" 404 5 "-" "Go-http-client/1.1"
shop.infinitibizsol.com:443 128.199.182.152 - - [12/Jun/2025:08:05:34 +0000] "GET /version HTTP/1.1" 404 5 "-" "Go-http-client/1.1"
shop.infinitibizsol.com:443 128.199.182.152 - - [12/Jun/2025:08:05:36 +0000] "GET /.vscode/sftp.json HTTP/1.1" 404 5 "-" "Go-http-client/1.1"
shop.infinitibizsol.com:443 128.199.182.152 - - [12/Jun/2025:08:05:38 +0000] "GET /about HTTP/1.1" 404 5 "-" "Go-http-client/1.1"
shop.infinitibizsol.com:443 128.199.182.152 - - [12/Jun/2025:08:05:41 +0000] "GET /debug/default/view?panel=config HTTP/1.1" 404 5 "-" "Go-http-client/1.1"
shop.infinitibizsol.com:443 128.199.182.152 - - [12/Jun/2025:08:05:43 +0000] "GET /v2/_catalog HTTP/1.1" 404 5 "-" "Go-http-client/1.1"
shop.infinitibizsol.com:443 128.199.182.152 - - [12/Jun/2025:08:05:45 +0000] "GET /ecp/Current/exporttool/microsoft.exchange.ediscovery.exporttool.application HTTP/1.1" 404 5 "-" "Go-http-client/1.1"
shop.infinitibizsol.com:443 128.199.182.152 - - [12/Jun/2025:08:05:47 +0000] "GET /server-status HTTP/1.1" 404 5 "-" "Go-http-client/1.1"
shop.infinitibizsol.com:443 128.199.182.152 - - [12/Jun/2025:08:05:49 +0000] "GET /login.action HTTP/1.1" 404 5 "-" "Go-http-client/1.1"
shop.infinitibizsol.com:443 128.199.182.152 - - [12/Jun/2025:08:05:51 +0000] "GET /_all_dbs HTTP/1.1" 404 5 "-" "Mozilla/5.0 (l9scan/2.0.0343e2332323e203e2236313; +https://leakix.net)"
shop.infinitibizsol.com:443 128.199.182.152 - - [12/Jun/2025:08:05:54 +0000] "GET /.DS_Store HTTP/1.1" 404 5 "-" "Go-http-client/1.1"
shop.infinitibizsol.com:443 128.199.182.152 - - [12/Jun/2025:08:05:56 +0000] "GET /.env HTTP/1.1" 404 5 "-" "Go-http-client/1.1"
shop.infinitibizsol.com:443 128.199.182.152 - - [12/Jun/2025:08:05:58 +0000] "GET /.git/config HTTP/1.1" 404 5 "-" "Go-http-client/1.1"
shop.infinitibizsol.com:443 128.199.182.152 - - [12/Jun/2025:08:06:00 +0000] "GET /s/0343e2332323e203e2236313/_/;/META-INF/maven/com.atlassian.jira/jira-webapp-dist/pom.properties HTTP/1.1" 404 5 "-" "Go-http-client/1.1"
shop.infinitibizsol.com:443 128.199.182.152 - - [12/Jun/2025:08:06:03 +0000] "GET /config.json HTTP/1.1" 404 5 "-" "Go-http-client/1.1"
shop.infinitibizsol.com:443 128.199.182.152 - - [12/Jun/2025:08:06:06 +0000] "GET /telescope/requests HTTP/1.1" 404 5 "-" "Go-http-client/1.1"
shop.infinitibizsol.com:443 128.199.182.152 - - [12/Jun/2025:08:06:08 +0000] "GET /info.php HTTP/1.1" 404 5 "-" "Go-http-client/1.1"
shop.infinitibizsol.com:443 128.199.182.152 - - [12/Jun/2025:08:06:11 +0000] "GET /?rest_route=/wp/v2/users/ HTTP/1.1" 404 780 "-" "Go-http-client/1.1"
shop.infinitibizsol.com:80 5.180.179.19 - - [12/Jun/2025:08:19:42 +0000] "GET /.env HTTP/1.1" 404 5 "-" "Python-urllib/3.10"
shop.infinitibizsol.com:443 5.180.179.15 - - [12/Jun/2025:08:19:44 +0000] "GET /.env.local HTTP/1.1" 404 5 "-" "Python-urllib/3.10"
shop.infinitibizsol.com:443 5.180.179.12 - - [12/Jun/2025:08:19:46 +0000] "GET /.env.prod HTTP/1.1" 404 5 "-" "Python-urllib/3.10"
shop.infinitibizsol.com:443 5.180.179.21 - - [12/Jun/2025:08:19:48 +0000] "GET /.env.production HTTP/1.1" 404 5 "-" "Python-urllib/3.10"
shop.infinitibizsol.com:443 5.180.179.16 - - [12/Jun/2025:08:19:50 +0000] "GET /.env HTTP/1.1" 404 5 "-" "Python-urllib/3.10"
shop.infinitibizsol.com:80 162.0.223.40 - - [12/Jun/2025:08:58:13 +0000] "POST /wp-cron.php?doing_wp_cron=1749718692.0339510440826416015625 HTTP/1.1" 499 0 "-" "WordPress/6.8.1; https://shop.infinitibizsol.com"
shop.infinitibizsol.com:80 5.180.179.12 - - [12/Jun/2025:08:58:13 +0000] "GET /.git/HEAD HTTP/1.1" 404 5 "-" "Python-urllib/3.10"
shop.infinitibizsol.com:443 162.0.223.40 - - [12/Jun/2025:09:40:43 +0000] "POST /wp-cron.php?doing_wp_cron=1749721242.5286819934844970703125 HTTP/1.1" 499 0 "-" "WordPress/6.8.1; https://shop.infinitibizsol.com"
shop.infinitibizsol.com:443 91.210.170.183 - - [12/Jun/2025:09:40:43 +0000] "HEAD /wp-login.php HTTP/1.1" 200 0 "-" "Microsoft Office Excel 2014"
shop.infinitibizsol.com:443 45.227.253.15 - - [12/Jun/2025:10:47:34 +0000] "GET /siteheads.php?ARRAY=7o2230223n313734393732383934322p2231223n22687474703n5p2s5p2s3230342r31322r3233382r37345p2s3s6p633q7068705s636s64655s6n6326743q313734393732353334322q6366316636643136333564333833383535336431386661613365366466653930222p2232223n223462386430633165323536383232306665396362363964646335363339373935222p2233223n226638613531633563383166656138353739393038393634373032363437643264222p2262696r675s70617373223n2232322q35302q35382q36332q37342q39302q3135227q HTTP/1.1" 200 95 "-" "Mozilla/5.0 (iPhone; CPU iPhone OS 13_6 like Mac OS X) AppleWebKit/605.1.15 (KHTML, like Gecko) Version/13.6 Mobile/15E148 Safari/604.1"
shop.infinitibizsol.com:443 45.227.253.15 - - [12/Jun/2025:10:53:14 +0000] "GET /index.php/jk HTTP/1.1" 200 54 "-" "Mozilla/5.0 (Windows NT 10.0; Win64; x64) AppleWebKit/537.36 (KHTML, like Gecko) Chrome/82.0.3292.140 Safari/537.36 Edge/18.18761"
shop.infinitibizsol.com:443 45.227.253.15 - - [12/Jun/2025:13:49:11 +0000] "GET /index.php/jk HTTP/1.1" 200 54 "-" "Mozilla/5.0 (Macintosh; Intel Mac OS X 10.13; rv:103.0) Gecko/20100101 Firefox/101.0"
shop.infinitibizsol.com:443 162.0.223.40 - - [12/Jun/2025:17:12:53 +0000] "POST /wp-cron.php?doing_wp_cron=1749748372.8231110572814941406250 HTTP/1.1" 499 0 "-" "WordPress/6.8.1; https://shop.infinitibizsol.com"
shop.infinitibizsol.com:443 193.93.230.188 - - [12/Jun/2025:17:12:54 +0000] "GET / HTTP/1.1" 404 102809 "-" "Mozilla/5.0 (Windows NT 10.0; Win64; x64) AppleWebKit/537.36 (KHTML, like Gecko) Chrome/124.0.0.0 Safari/537.36"
shop.infinitibizsol.com:443 193.93.230.188 - - [12/Jun/2025:17:12:58 +0000] "GET / HTTP/1.1" 404 102916 "-" "Mozilla/5.0 (Windows NT 10.0; Win64; x64) AppleWebKit/537.36 (KHTML, like Gecko) Chrome/124.0.0.0 Safari/537.36"
shop.infinitibizsol.com:80 193.93.230.188 - - [12/Jun/2025:17:13:01 +0000] "GET http://shop.infinitibizsol.com/ HTTP/1.1" 404 102853 "-" "Mozilla/5.0 (Windows NT 10.0; Win64; x64) AppleWebKit/537.36 (KHTML, like Gecko) Chrome/124.0.0.0 Safari/537.36"
shop.infinitibizsol.com:443 95.179.134.54 - - [12/Jun/2025:17:13:05 +0000] "GET / HTTP/1.1" 404 102823 "-" "Mozilla/5.0 (Windows NT 10.0; Win64; x64) AppleWebKit/537.36 (KHTML, like Gecko) Chrome/124.0.0.0 Safari/537.36"
shop.infinitibizsol.com:443 95.179.134.54 - - [12/Jun/2025:17:13:08 +0000] "GET / HTTP/1.1" 404 102784 "-" "Mozilla/5.0 (Windows NT 10.0; Win64; x64) AppleWebKit/537.36 (KHTML, like Gecko) Chrome/124.0.0.0 Safari/537.36"
shop.infinitibizsol.com:80 95.179.134.54 - - [12/Jun/2025:17:13:11 +0000] "GET / HTTP/1.1" 404 102810 "-" "Mozilla/5.0 (Windows NT 10.0; Win64; x64) AppleWebKit/537.36 (KHTML, like Gecko) Chrome/124.0.0.0 Safari/537.36"
shop.infinitibizsol.com:443 45.227.253.15 - - [12/Jun/2025:17:15:46 +0000] "GET /index.php/jk HTTP/1.1" 200 54 "-" "Mozilla/5.0 (iPad; U; CPU OS 4_2_3 like Mac OS X; ja) AppleWebKit/533.17.9 (KHTML, like Gecko) Version/5.0.2 Mobile/8J2 Safari/6533.18.5"
shop.infinitibizsol.com:443 162.0.223.40 - - [12/Jun/2025:18:00:41 +0000] "POST /wp-cron.php?doing_wp_cron=1749751240.6926689147949218750000 HTTP/1.1" 499 0 "-" "WordPress/6.8.1; https://shop.infinitibizsol.com"
shop.infinitibizsol.com:443 45.227.253.15 - - [12/Jun/2025:18:00:42 +0000] "GET /413996-juejiang/?ARRAY=7o2230223n313734393735343932382p2231223n22687474703n5p2s5p2s3230342r31322r3233382r37345p2s3s6p633q7068705s636s64655s6n6326743q313734393735313332382q3961366239306334396532666433303235623239666132613266613161356264222p2232223n226138396461653834356330303433353232653737306138636639663931383838222p2233223n223032623832383666613964616438643064623861303630393930663139393437222p2262696r675s70617373223n2232382q33392q35312q36352q37322q38342q3838227q HTTP/1.1" 404 54189 "-" "Mozilla/5.0 (Windows NT 6.2; Win64; x64) AppleWebKit/537.36 (KHTML, like Gecko) Chrome/86.0.4240.111 Safari/537.36"
shop.infinitibizsol.com:443 45.227.253.15 - - [12/Jun/2025:20:04:02 +0000] "GET /index.php/jk HTTP/1.1" 200 54 "-" "Mozilla/5.0 (Windows NT 6.2; Win64; x64) AppleWebKit/537.36 (KHTML, like Gecko) Chrome/86.0.4240.111 Safari/537.36"
shop.infinitibizsol.com:80 162.0.223.40 - - [12/Jun/2025:21:26:59 +0000] "POST /wp-cron.php?doing_wp_cron=1749763618.5913341045379638671875 HTTP/1.1" 499 0 "-" "WordPress/6.8.1; https://shop.infinitibizsol.com"
shop.infinitibizsol.com:80 205.210.31.83 - - [12/Jun/2025:21:26:59 +0000] "GET / HTTP/1.1" 404 102771 "-" "Expanse, a Palo Alto Networks company, searches across the global IPv4 space multiple times per day to identify customers' presences on the Internet. If you would like to be excluded from our scans, please send IP addresses/domains to: scaninfo@paloaltonetworks.com"
shop.infinitibizsol.com:443 45.227.253.15 - - [12/Jun/2025:22:02:35 +0000] "GET /index.php/jk HTTP/1.1" 200 54 "-" "Mozilla/5.0 (Macintosh; Intel Mac OS X 10.12; rv:103.0) Gecko/20100101 Firefox/101.0"
shop.infinitibizsol.com:443 162.0.223.40 - - [12/Jun/2025:22:49:24 +0000] "POST /wp-cron.php?doing_wp_cron=1749768563.8835580348968505859375 HTTP/1.1" 499 0 "-" "WordPress/6.8.1; https://shop.infinitibizsol.com"
shop.infinitibizsol.com:443 103.122.85.17 - - [12/Jun/2025:22:49:25 +0000] "POST /xmlrpc.php HTTP/1.1" 200 190 "-" "python-requests/2.28.1"
shop.infinitibizsol.com:443 103.122.85.17 - - [12/Jun/2025:22:49:29 +0000] "GET /wp-login.php HTTP/1.1" 200 4559 "-" "python-requests/2.28.1"
shop.infinitibizsol.com:443 103.122.85.17 - - [12/Jun/2025:22:49:32 +0000] "POST /wp-login.php HTTP/1.1" 302 5 "-" "python-requests/2.28.1"
shop.infinitibizsol.com:443 103.122.85.17 - - [12/Jun/2025:22:49:34 +0000] "GET /?p=1933 HTTP/1.1" 404 5 "-" "Mozilla/5.0 (Windows NT 6.3; Win64; x64) AppleWebKit/537.36 (KHTML, like Gecko) Chrome/101.0.4951.54 Safari/537.36"
shop.infinitibizsol.com:443 103.122.85.17 - - [12/Jun/2025:22:49:39 +0000] "GET /wp-login.php HTTP/1.1" 200 4693 "-" "Mozilla/5.0 (Macintosh; Intel Mac OS X 10_15_7) AppleWebKit/537.36 (KHTML, like Gecko) Chrome/108.0.0.0 YaBrowser/23.1.2.980 Yowser/2.5 Safari/537.36"
shop.infinitibizsol.com:443 103.122.85.17 - - [12/Jun/2025:22:49:41 +0000] "POST /wp-login.php HTTP/1.1" 302 5 "-" "Mozilla/5.0 (Macintosh; Intel Mac OS X 10_15_7) AppleWebKit/537.36 (KHTML, like Gecko) Chrome/108.0.0.0 YaBrowser/23.1.2.980 Yowser/2.5 Safari/537.36"
shop.infinitibizsol.com:443 103.122.85.17 - - [12/Jun/2025:22:49:44 +0000] "GET /wp-admin/ HTTP/1.1" 200 69615 "-" "Mozilla/5.0 (Macintosh; Intel Mac OS X 10_15_7) AppleWebKit/537.36 (KHTML, like Gecko) Chrome/108.0.0.0 YaBrowser/23.1.2.980 Yowser/2.5 Safari/537.36"
shop.infinitibizsol.com:443 103.122.85.17 - - [12/Jun/2025:22:50:06 +0000] "GET /wp-admin/post-new.php HTTP/1.1" 200 476282 "-" "Mozilla/5.0 (Macintosh; Intel Mac OS X 10_15_7) AppleWebKit/537.36 (KHTML, like Gecko) Chrome/108.0.0.0 YaBrowser/23.1.2.980 Yowser/2.5 Safari/537.36"
shop.infinitibizsol.com:443 103.122.85.17 - - [12/Jun/2025:22:50:18 +0000] "POST /wp-json/wp/v2/categories?_locale=user HTTP/1.1" 400 169 "-" "Mozilla/5.0 (Macintosh; Intel Mac OS X 10_15_7) AppleWebKit/537.36 (KHTML, like Gecko) Chrome/108.0.0.0 YaBrowser/23.1.2.980 Yowser/2.5 Safari/537.36"
shop.infinitibizsol.com:443 103.122.85.17 - - [12/Jun/2025:22:50:21 +0000] "POST /wp-admin/post.php HTTP/1.1" 302 5 "-" "Mozilla/5.0 (Macintosh; Intel Mac OS X 10_15_7) AppleWebKit/537.36 (KHTML, like Gecko) Chrome/108.0.0.0 YaBrowser/23.1.2.980 Yowser/2.5 Safari/537.36"
shop.infinitibizsol.com:443 162.0.223.40 - - [12/Jun/2025:22:50:25 +0000] "POST /wp-cron.php?doing_wp_cron=1749768624.0341219902038574218750 HTTP/1.1" 499 0 "-" "WordPress/6.8.1; https://shop.infinitibizsol.com"
shop.infinitibizsol.com:443 103.122.85.17 - - [12/Jun/2025:22:50:37 +0000] "GET /wp-admin/post.php?post=1935&action=edit&message=1 HTTP/1.1" 200 696346 "-" "Mozilla/5.0 (Macintosh; Intel Mac OS X 10_15_7) AppleWebKit/537.36 (KHTML, like Gecko) Chrome/108.0.0.0 YaBrowser/23.1.2.980 Yowser/2.5 Safari/537.36"
shop.infinitibizsol.com:443 103.122.85.17 - - [12/Jun/2025:22:50:52 +0000] "GET /?p=1935 HTTP/1.1" 404 5 "-" "Mozilla/5.0 (Macintosh; Intel Mac OS X 10_15_7) AppleWebKit/537.36 (KHTML, like Gecko) Chrome/108.0.0.0 YaBrowser/23.1.2.980 Yowser/2.5 Safari/537.36"
shop.infinitibizsol.com:443 103.122.85.17 - - [12/Jun/2025:22:50:56 +0000] "POST /wp-json/wp/v2/posts/1935/autosaves?_locale=user HTTP/1.1" 404 216554 "-" "Mozilla/5.0 (Macintosh; Intel Mac OS X 10_15_7) AppleWebKit/537.36 (KHTML, like Gecko) Chrome/108.0.0.0 YaBrowser/23.1.2.980 Yowser/2.5 Safari/537.36"
shop.infinitibizsol.com:443 103.122.85.17 - - [12/Jun/2025:22:51:07 +0000] "POST /index.php?rest_route=/wp/v2/posts/1935&_locale=user HTTP/1.1" 404 220956 "-" "Mozilla/5.0 (Macintosh; Intel Mac OS X 10_15_7) AppleWebKit/537.36 (KHTML, like Gecko) Chrome/108.0.0.0 YaBrowser/23.1.2.980 Yowser/2.5 Safari/537.36"
shop.infinitibizsol.com:443 162.0.223.40 - - [12/Jun/2025:22:51:16 +0000] "POST /wp-cron.php?doing_wp_cron=1749768675.4932260513305664062500 HTTP/1.1" 499 0 "-" "WordPress/6.8.1; https://shop.infinitibizsol.com"
shop.infinitibizsol.com:443 103.122.85.17 - - [12/Jun/2025:22:51:17 +0000] "GET /wp-admin/edit.php HTTP/1.1" 200 153012 "-" "python-requests/2.28.1"
shop.infinitibizsol.com:443 103.122.85.17 - - [12/Jun/2025:22:51:23 +0000] "GET /?p=1935 HTTP/1.1" 404 5 "-" "Mozilla/5.0 (Macintosh; Intel Mac OS X 10_15_7) AppleWebKit/537.36 (KHTML, like Gecko) Chrome/108.0.0.0 YaBrowser/23.1.2.980 Yowser/2.5 Safari/537.36"
shop.infinitibizsol.com:443 113.176.31.95 - - [12/Jun/2025:22:53:45 +0000] "POST /xmlrpc.php HTTP/1.1" 200 190 "-" "python-requests/2.28.1"
shop.infinitibizsol.com:443 162.0.223.40 - - [12/Jun/2025:22:53:51 +0000] "POST /wp-cron.php?doing_wp_cron=1749768830.0871291160583496093750 HTTP/1.1" 499 0 "-" "WordPress/6.8.1; https://shop.infinitibizsol.com"
shop.infinitibizsol.com:443 113.176.31.95 - - [12/Jun/2025:22:53:51 +0000] "GET /wp-login.php HTTP/1.1" 200 4552 "-" "python-requests/2.28.1"
shop.infinitibizsol.com:443 113.176.31.95 - - [12/Jun/2025:22:53:53 +0000] "POST /wp-login.php HTTP/1.1" 302 5 "-" "python-requests/2.28.1"
shop.infinitibizsol.com:443 113.176.31.95 - - [12/Jun/2025:22:53:56 +0000] "GET /?p=1938 HTTP/1.1" 404 5 "-" "Mozilla/5.0 (Windows NT 6.3; Win64; x64) AppleWebKit/537.36 (KHTML, like Gecko) Chrome/101.0.4951.54 Safari/537.36"
shop.infinitibizsol.com:443 113.176.31.95 - - [12/Jun/2025:22:53:59 +0000] "GET /wp-login.php HTTP/1.1" 200 4559 "-" "Mozilla/5.0 (Macintosh; Intel Mac OS X 10_15_7) AppleWebKit/537.36 (KHTML, like Gecko) Chrome/108.0.0.0 YaBrowser/23.1.2.980 Yowser/2.5 Safari/537.36"
shop.infinitibizsol.com:443 113.176.31.95 - - [12/Jun/2025:22:54:03 +0000] "POST /wp-login.php HTTP/1.1" 302 5 "-" "Mozilla/5.0 (Macintosh; Intel Mac OS X 10_15_7) AppleWebKit/537.36 (KHTML, like Gecko) Chrome/108.0.0.0 YaBrowser/23.1.2.980 Yowser/2.5 Safari/537.36"
shop.infinitibizsol.com:443 113.176.31.95 - - [12/Jun/2025:22:54:07 +0000] "GET /wp-admin/ HTTP/1.1" 200 69890 "-" "Mozilla/5.0 (Macintosh; Intel Mac OS X 10_15_7) AppleWebKit/537.36 (KHTML, like Gecko) Chrome/108.0.0.0 YaBrowser/23.1.2.980 Yowser/2.5 Safari/537.36"
shop.infinitibizsol.com:443 139.180.204.7 - - [12/Jun/2025:22:54:12 +0000] "POST /xmlrpc.php HTTP/1.1" 200 190 "-" "python-requests/2.28.1"
shop.infinitibizsol.com:443 162.0.223.40 - - [12/Jun/2025:22:54:17 +0000] "POST /wp-cron.php?doing_wp_cron=1749768856.1501359939575195312500 HTTP/1.1" 499 0 "-" "WordPress/6.8.1; https://shop.infinitibizsol.com"
shop.infinitibizsol.com:443 139.180.204.7 - - [12/Jun/2025:22:54:17 +0000] "GET /wp-login.php HTTP/1.1" 200 4546 "-" "python-requests/2.28.1"
shop.infinitibizsol.com:443 139.180.204.7 - - [12/Jun/2025:22:54:20 +0000] "POST /wp-login.php HTTP/1.1" 302 5 "-" "python-requests/2.28.1"
shop.infinitibizsol.com:443 139.180.204.7 - - [12/Jun/2025:22:54:23 +0000] "GET /?p=1940 HTTP/1.1" 404 5 "-" "Mozilla/5.0 (Windows NT 6.3; Win64; x64) AppleWebKit/537.36 (KHTML, like Gecko) Chrome/101.0.4951.54 Safari/537.36"
shop.infinitibizsol.com:443 113.176.31.95 - - [12/Jun/2025:22:54:26 +0000] "GET /wp-admin/post-new.php HTTP/1.1" 200 476286 "-" "Mozilla/5.0 (Macintosh; Intel Mac OS X 10_15_7) AppleWebKit/537.36 (KHTML, like Gecko) Chrome/108.0.0.0 YaBrowser/23.1.2.980 Yowser/2.5 Safari/537.36"
shop.infinitibizsol.com:443 139.180.204.7 - - [12/Jun/2025:22:54:26 +0000] "GET /wp-login.php HTTP/1.1" 200 4558 "-" "Mozilla/5.0 (Macintosh; Intel Mac OS X 10_15_7) AppleWebKit/537.36 (KHTML, like Gecko) Chrome/108.0.0.0 YaBrowser/23.1.2.980 Yowser/2.5 Safari/537.36"
shop.infinitibizsol.com:443 139.180.204.7 - - [12/Jun/2025:22:54:29 +0000] "POST /wp-login.php HTTP/1.1" 302 5 "-" "Mozilla/5.0 (Macintosh; Intel Mac OS X 10_15_7) AppleWebKit/537.36 (KHTML, like Gecko) Chrome/108.0.0.0 YaBrowser/23.1.2.980 Yowser/2.5 Safari/537.36"
shop.infinitibizsol.com:443 139.180.204.7 - - [12/Jun/2025:22:54:31 +0000] "GET /wp-admin/ HTTP/1.1" 200 69727 "-" "Mozilla/5.0 (Macintosh; Intel Mac OS X 10_15_7) AppleWebKit/537.36 (KHTML, like Gecko) Chrome/108.0.0.0 YaBrowser/23.1.2.980 Yowser/2.5 Safari/537.36"
