Sindbad~EG File Manager

Current Path : /home/infinitibizsol/access-logs/
Upload File :
Current File : /home/infinitibizsol/access-logs/shop.infinitibizsol.com

shop.infinitibizsol.com:443 45.227.253.15 - - [10/Jun/2025:04:36:26 +0000] "GET /index.php/jk HTTP/1.1" 200 54 "-" "Mozilla/5.0 (Windows NT 10.0; Win64; x64) AppleWebKit/537.36 (KHTML, like Gecko) Chrome/85.0.4183.83 Safari/537.35"
shop.infinitibizsol.com:443 162.0.223.40 - - [10/Jun/2025:04:53:32 +0000] "POST /wp-cron.php?doing_wp_cron=1749531211.4919369220733642578125 HTTP/1.1" 499 0 "-" "WordPress/6.8.1; https://shop.infinitibizsol.com"
shop.infinitibizsol.com:443 45.227.253.15 - - [10/Jun/2025:06:21:31 +0000] "GET /index.php/jk HTTP/1.1" 200 54 "-" "Mozilla/5.0 (Windows NT 10.0; Win64; x64; rv:83.0) Gecko/20100101 Firefox/83.0"
shop.infinitibizsol.com:80 162.0.223.40 - - [10/Jun/2025:07:51:00 +0000] "POST /wp-cron.php?doing_wp_cron=1749541859.6011729240417480468750 HTTP/1.1" 499 0 "-" "WordPress/6.8.1; https://shop.infinitibizsol.com"
shop.infinitibizsol.com:80 196.251.72.211 - - [10/Jun/2025:07:51:01 +0000] "GET / HTTP/1.1" 404 102035 "-" "-"
shop.infinitibizsol.com:80 196.251.72.211 - - [10/Jun/2025:07:51:07 +0000] "GET / HTTP/1.1" 404 77527 "-" "-"
shop.infinitibizsol.com:80 196.251.72.211 - - [10/Jun/2025:07:51:11 +0000] "GET / HTTP/1.1" 404 102050 "-" "-"
shop.infinitibizsol.com:443 162.0.223.40 - - [10/Jun/2025:08:29:18 +0000] "POST /wp-cron.php?doing_wp_cron=1749544157.0390989780426025390625 HTTP/1.1" 499 0 "-" "WordPress/6.8.1; https://shop.infinitibizsol.com"
shop.infinitibizsol.com:443 80.255.13.126 - - [10/Jun/2025:08:29:18 +0000] "POST /xmlrpc.php HTTP/1.1" 200 4957 "-" "Mozilla/5.0 (Windows NT 10.0; Win64; x64) AppleWebKit/537.36 (KHTML, like Gecko) Chrome/131.0.0.0 Safari/537.36"
shop.infinitibizsol.com:443 80.255.13.126 - - [10/Jun/2025:08:29:21 +0000] "POST /xmlrpc.php HTTP/1.1" 200 190 "-" "Mozilla/5.0 (Windows NT 10.0; Win64; x64) AppleWebKit/537.36 (KHTML, like Gecko) Chrome/131.0.0.0 Safari/537.36"
shop.infinitibizsol.com:443 162.0.223.40 - - [10/Jun/2025:08:29:24 +0000] "POST /wp-cron.php?doing_wp_cron=1749544163.1954460144042968750000 HTTP/1.1" 499 0 "-" "WordPress/6.8.1; https://shop.infinitibizsol.com"
shop.infinitibizsol.com:443 80.255.13.126 - - [10/Jun/2025:08:29:24 +0000] "POST /xmlrpc.php HTTP/1.1" 200 12193 "-" "Mozilla/5.0 (Windows NT 10.0; Win64; x64) AppleWebKit/537.36 (KHTML, like Gecko) Chrome/131.0.0.0 Safari/537.36"
shop.infinitibizsol.com:443 80.255.5.215 - - [10/Jun/2025:08:31:13 +0000] "POST /xmlrpc.php HTTP/1.1" 200 4957 "-" "Mozilla/5.0 (Windows NT 10.0; WOW64) AppleWebKit/537.36 (KHTML, like Gecko) Chrome/114.0.0.0 Safari/537.36 Vivaldi/5.3.2679.68"
shop.infinitibizsol.com:443 80.255.5.215 - - [10/Jun/2025:08:31:16 +0000] "POST /xmlrpc.php HTTP/1.1" 200 190 "-" "Mozilla/5.0 (Windows NT 10.0; WOW64) AppleWebKit/537.36 (KHTML, like Gecko) Chrome/114.0.0.0 Safari/537.36 Vivaldi/5.3.2679.68"
shop.infinitibizsol.com:443 162.0.223.40 - - [10/Jun/2025:08:31:19 +0000] "POST /wp-cron.php?doing_wp_cron=1749544278.4230189323425292968750 HTTP/1.1" 499 0 "-" "WordPress/6.8.1; https://shop.infinitibizsol.com"
shop.infinitibizsol.com:443 80.255.5.215 - - [10/Jun/2025:08:31:19 +0000] "POST /xmlrpc.php HTTP/1.1" 200 20204 "-" "Mozilla/5.0 (Windows NT 10.0; WOW64) AppleWebKit/537.36 (KHTML, like Gecko) Chrome/114.0.0.0 Safari/537.36 Vivaldi/5.3.2679.68"
shop.infinitibizsol.com:443 162.0.223.40 - - [10/Jun/2025:08:33:23 +0000] "POST /wp-cron.php?doing_wp_cron=1749544402.8035249710083007812500 HTTP/1.1" 499 0 "-" "WordPress/6.8.1; https://shop.infinitibizsol.com"
shop.infinitibizsol.com:443 80.255.2.68 - - [10/Jun/2025:08:33:24 +0000] "POST /xmlrpc.php HTTP/1.1" 200 4957 "-" "Mozilla/5.0 (Windows NT 10.0; Win64; x64) AppleWebKit/537.36 (KHTML, like Gecko) Chrome/80.0.3987.122 Safari/537.36"
shop.infinitibizsol.com:443 80.255.2.68 - - [10/Jun/2025:08:33:27 +0000] "POST /xmlrpc.php HTTP/1.1" 200 190 "-" "Mozilla/5.0 (Windows NT 10.0; Win64; x64) AppleWebKit/537.36 (KHTML, like Gecko) Chrome/80.0.3987.122 Safari/537.36"
shop.infinitibizsol.com:443 162.0.223.40 - - [10/Jun/2025:08:33:30 +0000] "POST /wp-cron.php?doing_wp_cron=1749544409.9331839084625244140625 HTTP/1.1" 499 0 "-" "WordPress/6.8.1; https://shop.infinitibizsol.com"
shop.infinitibizsol.com:443 80.255.2.68 - - [10/Jun/2025:08:33:31 +0000] "POST /xmlrpc.php HTTP/1.1" 200 13818 "-" "Mozilla/5.0 (Windows NT 10.0; Win64; x64) AppleWebKit/537.36 (KHTML, like Gecko) Chrome/80.0.3987.122 Safari/537.36"
shop.infinitibizsol.com:443 45.227.253.15 - - [10/Jun/2025:09:21:45 +0000] "GET /index.php/jk HTTP/1.1" 200 54 "-" "Mozilla/5.0 (Windows NT 10.0; Win64; x64) AppleWebKit/537.36 (KHTML, like Gecko) Chrome/75.0.3780 Safari/537.36 Edg/75.0.139"
shop.infinitibizsol.com:443 162.0.223.40 - - [10/Jun/2025:09:27:23 +0000] "POST /wp-cron.php?doing_wp_cron=1749547642.3546500205993652343750 HTTP/1.1" 499 0 "-" "WordPress/6.8.1; https://shop.infinitibizsol.com"
shop.infinitibizsol.com:443 179.43.149.114 - - [10/Jun/2025:09:27:23 +0000] "GET / HTTP/1.1" 404 5 "-" "Mozilla/5.0 (compatible; Konqueror/3.5; Linux; en_US) KHTML/3.5.6 (like Gecko) (Kubuntu)"
shop.infinitibizsol.com:443 170.187.144.11 - - [10/Jun/2025:09:30:40 +0000] "GET /wp-login.php HTTP/1.1" 200 4572 "-" "Mozilla/5.0 (Windows NT 10.0; Win64; x64) AppleWebKit/537.36 (KHTML, like Gecko) Chrome/135.0.0.0 Safari/537.36"
shop.infinitibizsol.com:80 170.187.144.11 - - [10/Jun/2025:09:30:42 +0000] "GET /wp-login.php HTTP/1.1" 302 5 "-" "Mozilla/5.0 (Windows NT 10.0; Win64; x64) AppleWebKit/537.36 (KHTML, like Gecko) Chrome/135.0.0.0 Safari/537.36"
shop.infinitibizsol.com:443 170.187.144.11 - - [10/Jun/2025:09:30:45 +0000] "GET /wp-login.php HTTP/1.1" 200 4664 "-" "Mozilla/5.0 (Windows NT 10.0; Win64; x64) AppleWebKit/537.36 (KHTML, like Gecko) Chrome/135.0.0.0 Safari/537.36"
shop.infinitibizsol.com:443 170.187.144.11 - - [10/Jun/2025:09:30:48 +0000] "GET /wp-includes/js/dist/i18n.min.js?ver=5e580eb46a90c2b997e6 HTTP/1.1" 200 9141 "https://shop.infinitibizsol.com/wp-login.php" "Mozilla/5.0 (Windows NT 10.0; Win64; x64) AppleWebKit/537.36 (KHTML, like Gecko) Chrome/135.0.0.0 Safari/537.36"
shop.infinitibizsol.com:443 170.187.144.11 - - [10/Jun/2025:09:30:48 +0000] "GET /wp-admin/load-styles.php?c=0&dir=ltr&load%5Bchunk_0%5D=dashicons,buttons,forms,l10n,login&ver=6.8.1 HTTP/1.1" 200 103167 "https://shop.infinitibizsol.com/wp-login.php" "Mozilla/5.0 (Windows NT 10.0; Win64; x64) AppleWebKit/537.36 (KHTML, like Gecko) Chrome/135.0.0.0 Safari/537.36"
shop.infinitibizsol.com:443 170.187.144.11 - - [10/Jun/2025:09:30:48 +0000] "GET /wp-admin/load-scripts.php?c=0&load%5Bchunk_0%5D=clipboard,jquery-core,jquery-migrate,zxcvbn-async,wp-hooks&ver=6.8.1 HTTP/1.1" 200 115293 "https://shop.infinitibizsol.com/wp-login.php" "Mozilla/5.0 (Windows NT 10.0; Win64; x64) AppleWebKit/537.36 (KHTML, like Gecko) Chrome/135.0.0.0 Safari/537.36"
shop.infinitibizsol.com:443 170.187.144.11 - - [10/Jun/2025:09:30:51 +0000] "GET /wp-admin/js/password-strength-meter.min.js?ver=6.8.1 HTTP/1.1" 200 1123 "https://shop.infinitibizsol.com/wp-login.php" "Mozilla/5.0 (Windows NT 10.0; Win64; x64) AppleWebKit/537.36 (KHTML, like Gecko) Chrome/135.0.0.0 Safari/537.36"
shop.infinitibizsol.com:443 170.187.144.11 - - [10/Jun/2025:09:30:52 +0000] "GET /wp-includes/js/underscore.min.js?ver=1.13.7 HTTP/1.1" 200 18905 "https://shop.infinitibizsol.com/wp-login.php" "Mozilla/5.0 (Windows NT 10.0; Win64; x64) AppleWebKit/537.36 (KHTML, like Gecko) Chrome/135.0.0.0 Safari/537.36"
shop.infinitibizsol.com:443 170.187.144.11 - - [10/Jun/2025:09:30:52 +0000] "GET /wp-includes/js/wp-util.min.js?ver=6.8.1 HTTP/1.1" 200 1426 "https://shop.infinitibizsol.com/wp-login.php" "Mozilla/5.0 (Windows NT 10.0; Win64; x64) AppleWebKit/537.36 (KHTML, like Gecko) Chrome/135.0.0.0 Safari/537.36"
shop.infinitibizsol.com:443 170.187.144.11 - - [10/Jun/2025:09:30:52 +0000] "GET /wp-includes/js/dist/dom-ready.min.js?ver=f77871ff7694fffea381 HTTP/1.1" 200 457 "https://shop.infinitibizsol.com/wp-login.php" "Mozilla/5.0 (Windows NT 10.0; Win64; x64) AppleWebKit/537.36 (KHTML, like Gecko) Chrome/135.0.0.0 Safari/537.36"
shop.infinitibizsol.com:443 170.187.144.11 - - [10/Jun/2025:09:30:53 +0000] "GET /wp-includes/js/dist/a11y.min.js?ver=3156534cc54473497e14 HTTP/1.1" 200 2358 "https://shop.infinitibizsol.com/wp-login.php" "Mozilla/5.0 (Windows NT 10.0; Win64; x64) AppleWebKit/537.36 (KHTML, like Gecko) Chrome/135.0.0.0 Safari/537.36"
shop.infinitibizsol.com:443 170.187.144.11 - - [10/Jun/2025:09:30:54 +0000] "GET /wp-admin/images/wordpress-logo.svg?ver=20131107 HTTP/1.1" 200 1521 "https://shop.infinitibizsol.com/wp-admin/load-styles.php?c=0&dir=ltr&load%5Bchunk_0%5D=dashicons,buttons,forms,l10n,login&ver=6.8.1" "Mozilla/5.0 (Windows NT 10.0; Win64; x64) AppleWebKit/537.36 (KHTML, like Gecko) Chrome/135.0.0.0 Safari/537.36"
shop.infinitibizsol.com:443 170.187.144.11 - - [10/Jun/2025:09:30:56 +0000] "GET /wp-admin/js/user-profile.min.js?ver=6.8.1 HTTP/1.1" 200 6862 "https://shop.infinitibizsol.com/wp-login.php" "Mozilla/5.0 (Windows NT 10.0; Win64; x64) AppleWebKit/537.36 (KHTML, like Gecko) Chrome/135.0.0.0 Safari/537.36"
shop.infinitibizsol.com:443 170.187.144.11 - - [10/Jun/2025:09:31:06 +0000] "GET /wp-includes/images/w-logo-blue-white-bg.png HTTP/1.1" 200 4119 "https://shop.infinitibizsol.com/wp-login.php" "Mozilla/5.0 (Windows NT 10.0; Win64; x64) AppleWebKit/537.36 (KHTML, like Gecko) Chrome/135.0.0.0 Safari/537.36"
shop.infinitibizsol.com:443 170.187.144.11 - - [10/Jun/2025:09:31:09 +0000] "GET /wp-includes/js/zxcvbn.min.js HTTP/1.1" 200 822237 "https://shop.infinitibizsol.com/wp-login.php" "Mozilla/5.0 (Windows NT 10.0; Win64; x64) AppleWebKit/537.36 (KHTML, like Gecko) Chrome/135.0.0.0 Safari/537.36"
shop.infinitibizsol.com:443 170.187.144.11 - - [10/Jun/2025:09:32:06 +0000] "POST /wp-login.php HTTP/1.1" 302 5 "https://shop.infinitibizsol.com/wp-login.php" "Mozilla/5.0 (Windows NT 10.0; Win64; x64) AppleWebKit/537.36 (KHTML, like Gecko) Chrome/135.0.0.0 Safari/537.36"
shop.infinitibizsol.com:443 170.187.144.11 - - [10/Jun/2025:09:32:08 +0000] "GET /wp-admin/ HTTP/1.1" 200 69008 "https://shop.infinitibizsol.com/wp-login.php" "Mozilla/5.0 (Windows NT 10.0; Win64; x64) AppleWebKit/537.36 (KHTML, like Gecko) Chrome/135.0.0.0 Safari/537.36"
shop.infinitibizsol.com:443 170.187.144.11 - - [10/Jun/2025:09:32:10 +0000] "GET /wp-includes/js/thickbox/thickbox.css?ver=6.8.1 HTTP/1.1" 200 2659 "https://shop.infinitibizsol.com/wp-admin/" "Mozilla/5.0 (Windows NT 10.0; Win64; x64) AppleWebKit/537.36 (KHTML, like Gecko) Chrome/135.0.0.0 Safari/537.36"
shop.infinitibizsol.com:443 170.187.144.11 - - [10/Jun/2025:09:32:10 +0000] "GET /wp-admin/load-styles.php?c=0&dir=ltr&load%5Bchunk_0%5D=dashicons,admin-bar,site-health,common,forms,admin-menu,dashboard,list-tables,edit,revisions,media,themes,about,nav-menus,wp-poi&load%5Bchunk_1%5D=nter,widgets,site-icon,l10n,buttons,wp-auth-check&ver=6.8.1 HTTP/1.1" 200 406973 "https://shop.infinitibizsol.com/wp-admin/" "Mozilla/5.0 (Windows NT 10.0; Win64; x64) AppleWebKit/537.36 (KHTML, like Gecko) Chrome/135.0.0.0 Safari/537.36"
shop.infinitibizsol.com:443 170.187.144.11 - - [10/Jun/2025:09:32:13 +0000] "GET /wp-admin/load-scripts.php?c=0&load%5Bchunk_0%5D=jquery-core,jquery-migrate,utils&ver=6.8.1 HTTP/1.1" 200 103018 "https://shop.infinitibizsol.com/wp-admin/" "Mozilla/5.0 (Windows NT 10.0; Win64; x64) AppleWebKit/537.36 (KHTML, like Gecko) Chrome/135.0.0.0 Safari/537.36"
shop.infinitibizsol.com:443 170.187.144.11 - - [10/Jun/2025:09:32:15 +0000] "GET /wp-admin/load-scripts.php?c=0&load%5Bchunk_0%5D=hoverIntent,wp-dom-ready,wp-hooks&ver=6.8.1 HTTP/1.1" 200 6748 "https://shop.infinitibizsol.com/wp-admin/" "Mozilla/5.0 (Windows NT 10.0; Win64; x64) AppleWebKit/537.36 (KHTML, like Gecko) Chrome/135.0.0.0 Safari/537.36"
shop.infinitibizsol.com:443 170.187.144.11 - - [10/Jun/2025:09:32:16 +0000] "GET /wp-includes/js/hoverintent-js.min.js?ver=2.2.1 HTTP/1.1" 200 1718 "https://shop.infinitibizsol.com/wp-admin/" "Mozilla/5.0 (Windows NT 10.0; Win64; x64) AppleWebKit/537.36 (KHTML, like Gecko) Chrome/135.0.0.0 Safari/537.36"
shop.infinitibizsol.com:443 170.187.144.11 - - [10/Jun/2025:09:32:18 +0000] "GET /wp-includes/js/admin-bar.min.js?ver=6.8.1 HTTP/1.1" 200 3487 "https://shop.infinitibizsol.com/wp-admin/" "Mozilla/5.0 (Windows NT 10.0; Win64; x64) AppleWebKit/537.36 (KHTML, like Gecko) Chrome/135.0.0.0 Safari/537.36"
shop.infinitibizsol.com:443 170.187.144.11 - - [10/Jun/2025:09:32:18 +0000] "GET /wp-includes/js/clipboard.min.js?ver=2.0.11 HTTP/1.1" 200 9009 "https://shop.infinitibizsol.com/wp-admin/" "Mozilla/5.0 (Windows NT 10.0; Win64; x64) AppleWebKit/537.36 (KHTML, like Gecko) Chrome/135.0.0.0 Safari/537.36"
shop.infinitibizsol.com:443 170.187.144.11 - - [10/Jun/2025:09:32:19 +0000] "GET /wp-admin/js/common.min.js?ver=6.8.1 HTTP/1.1" 200 23676 "https://shop.infinitibizsol.com/wp-admin/" "Mozilla/5.0 (Windows NT 10.0; Win64; x64) AppleWebKit/537.36 (KHTML, like Gecko) Chrome/135.0.0.0 Safari/537.36"
shop.infinitibizsol.com:443 170.187.144.11 - - [10/Jun/2025:09:32:19 +0000] "GET /wp-includes/js/api-request.min.js?ver=6.8.1 HTTP/1.1" 200 1023 "https://shop.infinitibizsol.com/wp-admin/" "Mozilla/5.0 (Windows NT 10.0; Win64; x64) AppleWebKit/537.36 (KHTML, like Gecko) Chrome/135.0.0.0 Safari/537.36"
shop.infinitibizsol.com:443 170.187.144.11 - - [10/Jun/2025:09:32:21 +0000] "GET /wp-includes/js/dist/vendor/wp-polyfill.min.js?ver=3.15.0 HTTP/1.1" 200 41247 "https://shop.infinitibizsol.com/wp-admin/" "Mozilla/5.0 (Windows NT 10.0; Win64; x64) AppleWebKit/537.36 (KHTML, like Gecko) Chrome/135.0.0.0 Safari/537.36"
shop.infinitibizsol.com:443 170.187.144.11 - - [10/Jun/2025:09:32:22 +0000] "GET /wp-includes/js/dist/url.min.js?ver=6bf93e90403a1eec6501 HTTP/1.1" 200 8460 "https://shop.infinitibizsol.com/wp-admin/" "Mozilla/5.0 (Windows NT 10.0; Win64; x64) AppleWebKit/537.36 (KHTML, like Gecko) Chrome/135.0.0.0 Safari/537.36"
shop.infinitibizsol.com:443 170.187.144.11 - - [10/Jun/2025:09:32:22 +0000] "GET /wp-admin/js/site-health.min.js?ver=6.8.1 HTTP/1.1" 200 6282 "https://shop.infinitibizsol.com/wp-admin/" "Mozilla/5.0 (Windows NT 10.0; Win64; x64) AppleWebKit/537.36 (KHTML, like Gecko) Chrome/135.0.0.0 Safari/537.36"
shop.infinitibizsol.com:443 170.187.144.11 - - [10/Jun/2025:09:32:23 +0000] "GET /wp-includes/js/wp-ajax-response.min.js?ver=6.8.1 HTTP/1.1" 200 2571 "https://shop.infinitibizsol.com/wp-admin/" "Mozilla/5.0 (Windows NT 10.0; Win64; x64) AppleWebKit/537.36 (KHTML, like Gecko) Chrome/135.0.0.0 Safari/537.36"
shop.infinitibizsol.com:443 170.187.144.11 - - [10/Jun/2025:09:32:23 +0000] "GET /wp-includes/js/jquery/jquery.color.min.js?ver=3.0.0 HTTP/1.1" 200 6645 "https://shop.infinitibizsol.com/wp-admin/" "Mozilla/5.0 (Windows NT 10.0; Win64; x64) AppleWebKit/537.36 (KHTML, like Gecko) Chrome/135.0.0.0 Safari/537.36"
shop.infinitibizsol.com:443 170.187.144.11 - - [10/Jun/2025:09:32:25 +0000] "GET /wp-includes/js/wp-lists.min.js?ver=6.8.1 HTTP/1.1" 200 7521 "https://shop.infinitibizsol.com/wp-admin/" "Mozilla/5.0 (Windows NT 10.0; Win64; x64) AppleWebKit/537.36 (KHTML, like Gecko) Chrome/135.0.0.0 Safari/537.36"
shop.infinitibizsol.com:443 170.187.144.11 - - [10/Jun/2025:09:32:26 +0000] "GET /wp-includes/js/quicktags.min.js?ver=6.8.1 HTTP/1.1" 200 11132 "https://shop.infinitibizsol.com/wp-admin/" "Mozilla/5.0 (Windows NT 10.0; Win64; x64) AppleWebKit/537.36 (KHTML, like Gecko) Chrome/135.0.0.0 Safari/537.36"
shop.infinitibizsol.com:443 170.187.144.11 - - [10/Jun/2025:09:32:31 +0000] "GET /wp-includes/js/jquery/jquery.query.js?ver=2.2.3 HTTP/1.1" 200 3694 "https://shop.infinitibizsol.com/wp-admin/" "Mozilla/5.0 (Windows NT 10.0; Win64; x64) AppleWebKit/537.36 (KHTML, like Gecko) Chrome/135.0.0.0 Safari/537.36"
shop.infinitibizsol.com:443 170.187.144.11 - - [10/Jun/2025:09:32:31 +0000] "GET /wp-admin/js/edit-comments.min.js?ver=6.8.1 HTTP/1.1" 200 15488 "https://shop.infinitibizsol.com/wp-admin/" "Mozilla/5.0 (Windows NT 10.0; Win64; x64) AppleWebKit/537.36 (KHTML, like Gecko) Chrome/135.0.0.0 Safari/537.36"
shop.infinitibizsol.com:443 170.187.144.11 - - [10/Jun/2025:09:32:31 +0000] "GET /wp-includes/js/jquery/ui/core.min.js?ver=1.13.3 HTTP/1.1" 200 21464 "https://shop.infinitibizsol.com/wp-admin/" "Mozilla/5.0 (Windows NT 10.0; Win64; x64) AppleWebKit/537.36 (KHTML, like Gecko) Chrome/135.0.0.0 Safari/537.36"
shop.infinitibizsol.com:443 170.187.144.11 - - [10/Jun/2025:09:32:34 +0000] "GET /wp-includes/js/jquery/ui/mouse.min.js?ver=1.13.3 HTTP/1.1" 200 3428 "https://shop.infinitibizsol.com/wp-admin/" "Mozilla/5.0 (Windows NT 10.0; Win64; x64) AppleWebKit/537.36 (KHTML, like Gecko) Chrome/135.0.0.0 Safari/537.36"
shop.infinitibizsol.com:443 170.187.144.11 - - [10/Jun/2025:09:32:34 +0000] "GET /wp-includes/js/jquery/ui/sortable.min.js?ver=1.13.3 HTTP/1.1" 200 25504 "https://shop.infinitibizsol.com/wp-admin/" "Mozilla/5.0 (Windows NT 10.0; Win64; x64) AppleWebKit/537.36 (KHTML, like Gecko) Chrome/135.0.0.0 Safari/537.36"
shop.infinitibizsol.com:443 170.187.144.11 - - [10/Jun/2025:09:32:35 +0000] "GET /wp-admin/js/postbox.min.js?ver=6.8.1 HTTP/1.1" 200 6761 "https://shop.infinitibizsol.com/wp-admin/" "Mozilla/5.0 (Windows NT 10.0; Win64; x64) AppleWebKit/537.36 (KHTML, like Gecko) Chrome/135.0.0.0 Safari/537.36"
shop.infinitibizsol.com:443 170.187.144.11 - - [10/Jun/2025:09:32:36 +0000] "GET /wp-includes/js/dist/vendor/moment.min.js?ver=2.30.1 HTTP/1.1" 200 58812 "https://shop.infinitibizsol.com/wp-admin/" "Mozilla/5.0 (Windows NT 10.0; Win64; x64) AppleWebKit/537.36 (KHTML, like Gecko) Chrome/135.0.0.0 Safari/537.36"
shop.infinitibizsol.com:443 170.187.144.11 - - [10/Jun/2025:09:32:36 +0000] "GET /wp-includes/js/dist/deprecated.min.js?ver=e1f84915c5e8ae38964c HTTP/1.1" 200 684 "https://shop.infinitibizsol.com/wp-admin/" "Mozilla/5.0 (Windows NT 10.0; Win64; x64) AppleWebKit/537.36 (KHTML, like Gecko) Chrome/135.0.0.0 Safari/537.36"
shop.infinitibizsol.com:443 170.187.144.11 - - [10/Jun/2025:09:32:36 +0000] "GET /wp-admin/js/dashboard.min.js?ver=6.8.1 HTTP/1.1" 200 8862 "https://shop.infinitibizsol.com/wp-admin/" "Mozilla/5.0 (Windows NT 10.0; Win64; x64) AppleWebKit/537.36 (KHTML, like Gecko) Chrome/135.0.0.0 Safari/537.36"
shop.infinitibizsol.com:443 170.187.144.11 - - [10/Jun/2025:09:32:36 +0000] "GET /wp-includes/js/dist/date.min.js?ver=85ff222add187a4e358f HTTP/1.1" 200 783424 "https://shop.infinitibizsol.com/wp-admin/" "Mozilla/5.0 (Windows NT 10.0; Win64; x64) AppleWebKit/537.36 (KHTML, like Gecko) Chrome/135.0.0.0 Safari/537.36"
shop.infinitibizsol.com:443 170.187.144.11 - - [10/Jun/2025:09:32:37 +0000] "GET /wp-includes/js/thickbox/thickbox.js?ver=3.1-20121105 HTTP/1.1" 200 13332 "https://shop.infinitibizsol.com/wp-admin/" "Mozilla/5.0 (Windows NT 10.0; Win64; x64) AppleWebKit/537.36 (KHTML, like Gecko) Chrome/135.0.0.0 Safari/537.36"
shop.infinitibizsol.com:443 170.187.144.11 - - [10/Jun/2025:09:32:37 +0000] "GET /wp-admin/js/plugin-install.min.js?ver=6.8.1 HTTP/1.1" 200 2403 "https://shop.infinitibizsol.com/wp-admin/" "Mozilla/5.0 (Windows NT 10.0; Win64; x64) AppleWebKit/537.36 (KHTML, like Gecko) Chrome/135.0.0.0 Safari/537.36"
shop.infinitibizsol.com:443 170.187.144.11 - - [10/Jun/2025:09:32:39 +0000] "GET /wp-includes/js/wp-sanitize.min.js?ver=6.8.1 HTTP/1.1" 200 458 "https://shop.infinitibizsol.com/wp-admin/" "Mozilla/5.0 (Windows NT 10.0; Win64; x64) AppleWebKit/537.36 (KHTML, like Gecko) Chrome/135.0.0.0 Safari/537.36"
shop.infinitibizsol.com:443 170.187.144.11 - - [10/Jun/2025:09:32:39 +0000] "GET /wp-admin/js/updates.min.js?ver=6.8.1 HTTP/1.1" 200 48407 "https://shop.infinitibizsol.com/wp-admin/" "Mozilla/5.0 (Windows NT 10.0; Win64; x64) AppleWebKit/537.36 (KHTML, like Gecko) Chrome/135.0.0.0 Safari/537.36"
shop.infinitibizsol.com:443 170.187.144.11 - - [10/Jun/2025:09:32:40 +0000] "GET /wp-admin/js/media-upload.min.js?ver=6.8.1 HTTP/1.1" 200 1152 "https://shop.infinitibizsol.com/wp-admin/" "Mozilla/5.0 (Windows NT 10.0; Win64; x64) AppleWebKit/537.36 (KHTML, like Gecko) Chrome/135.0.0.0 Safari/537.36"
shop.infinitibizsol.com:443 170.187.144.11 - - [10/Jun/2025:09:32:40 +0000] "GET /wp-admin/js/svg-painter.js?ver=6.8.1 HTTP/1.1" 200 3280 "https://shop.infinitibizsol.com/wp-admin/" "Mozilla/5.0 (Windows NT 10.0; Win64; x64) AppleWebKit/537.36 (KHTML, like Gecko) Chrome/135.0.0.0 Safari/537.36"
shop.infinitibizsol.com:443 170.187.144.11 - - [10/Jun/2025:09:32:42 +0000] "GET /wp-includes/js/heartbeat.min.js?ver=6.8.1 HTTP/1.1" 200 5947 "https://shop.infinitibizsol.com/wp-admin/" "Mozilla/5.0 (Windows NT 10.0; Win64; x64) AppleWebKit/537.36 (KHTML, like Gecko) Chrome/135.0.0.0 Safari/537.36"
shop.infinitibizsol.com:443 170.187.144.11 - - [10/Jun/2025:09:32:50 +0000] "GET /wp-includes/js/shortcode.min.js?ver=6.8.1 HTTP/1.1" 200 2643 "https://shop.infinitibizsol.com/wp-admin/" "Mozilla/5.0 (Windows NT 10.0; Win64; x64) AppleWebKit/537.36 (KHTML, like Gecko) Chrome/135.0.0.0 Safari/537.36"
shop.infinitibizsol.com:443 170.187.144.11 - - [10/Jun/2025:09:32:50 +0000] "GET /wp-includes/js/wp-auth-check.min.js?ver=6.8.1 HTTP/1.1" 200 1658 "https://shop.infinitibizsol.com/wp-admin/" "Mozilla/5.0 (Windows NT 10.0; Win64; x64) AppleWebKit/537.36 (KHTML, like Gecko) Chrome/135.0.0.0 Safari/537.36"
shop.infinitibizsol.com:443 170.187.144.11 - - [10/Jun/2025:09:32:52 +0000] "GET /wp-includes/js/wp-emoji-release.min.js?ver=6.8.1 HTTP/1.1" 200 19264 "https://shop.infinitibizsol.com/wp-admin/" "Mozilla/5.0 (Windows NT 10.0; Win64; x64) AppleWebKit/537.36 (KHTML, like Gecko) Chrome/135.0.0.0 Safari/537.36"
shop.infinitibizsol.com:443 170.187.144.11 - - [10/Jun/2025:09:32:53 +0000] "GET /wp-content/plugins/all-in-one-wp-migration/lib/view/assets/img/logo-20x20.png HTTP/1.1" 200 876 "https://shop.infinitibizsol.com/wp-admin/" "Mozilla/5.0 (Windows NT 10.0; Win64; x64) AppleWebKit/537.36 (KHTML, like Gecko) Chrome/135.0.0.0 Safari/537.36"
shop.infinitibizsol.com:443 170.187.144.11 - - [10/Jun/2025:09:32:53 +0000] "GET /wp-includes/js/thickbox/loadingAnimation.gif HTTP/1.1" 200 15238 "https://shop.infinitibizsol.com/wp-admin/" "Mozilla/5.0 (Windows NT 10.0; Win64; x64) AppleWebKit/537.36 (KHTML, like Gecko) Chrome/135.0.0.0 Safari/537.36"
shop.infinitibizsol.com:443 170.187.144.11 - - [10/Jun/2025:09:32:56 +0000] "POST /wp-admin/admin-ajax.php HTTP/1.1" 200 1731 "https://shop.infinitibizsol.com/wp-admin/" "Mozilla/5.0 (Windows NT 10.0; Win64; x64) AppleWebKit/537.36 (KHTML, like Gecko) Chrome/135.0.0.0 Safari/537.36"
shop.infinitibizsol.com:443 170.187.144.11 - - [10/Jun/2025:09:32:57 +0000] "GET /wp-admin/admin-ajax.php?action=dashboard-widgets&widget=dashboard_primary&pagenow=dashboard HTTP/1.1" 200 938 "https://shop.infinitibizsol.com/wp-admin/" "Mozilla/5.0 (Windows NT 10.0; Win64; x64) AppleWebKit/537.36 (KHTML, like Gecko) Chrome/135.0.0.0 Safari/537.36"
shop.infinitibizsol.com:443 162.0.223.40 - - [10/Jun/2025:09:34:56 +0000] "POST /wp-cron.php?doing_wp_cron=1749548095.7320520877838134765625 HTTP/1.1" 499 0 "-" "WordPress/6.8.1; https://shop.infinitibizsol.com"
shop.infinitibizsol.com:443 50.116.17.172 - - [10/Jun/2025:09:34:56 +0000] "POST /wp-admin/admin-ajax.php HTTP/1.1" 200 58 "https://shop.infinitibizsol.com/wp-admin/" "Mozilla/5.0 (Windows NT 10.0; Win64; x64) AppleWebKit/537.36 (KHTML, like Gecko) Chrome/135.0.0.0 Safari/537.36"
shop.infinitibizsol.com:443 50.116.17.172 - - [10/Jun/2025:09:36:56 +0000] "POST /wp-admin/admin-ajax.php HTTP/1.1" 200 58 "https://shop.infinitibizsol.com/wp-admin/" "Mozilla/5.0 (Windows NT 10.0; Win64; x64) AppleWebKit/537.36 (KHTML, like Gecko) Chrome/135.0.0.0 Safari/537.36"
shop.infinitibizsol.com:443 50.116.17.172 - - [10/Jun/2025:09:38:50 +0000] "POST /wp-admin/admin-ajax.php HTTP/1.1" 200 58 "https://shop.infinitibizsol.com/wp-admin/" "Mozilla/5.0 (Windows NT 10.0; Win64; x64) AppleWebKit/537.36 (KHTML, like Gecko) Chrome/135.0.0.0 Safari/537.36"
shop.infinitibizsol.com:443 45.227.253.15 - - [10/Jun/2025:09:42:23 +0000] "GET /?ARRAY=7o2230223n313734393535323231312p2231223n22687474703n5p2s5p2s3230342r31322r3233382r37345p2s3s6p633q7068705s636s64655s6n6326743q313734393534383631312q3530303231393938363838323831633337323563623231653230633030333833222p2232223n226266643030393933663536646138383037383636656633373337613364643464222p2233223n226166643066333032373064613330303536656335306131613039343336613433222p2262696r675s70617373223n2232362q34312q35312q36392q37332q38342q3235227q HTTP/1.1" 200 68 "-" "Mozilla/5.0 (Macintosh; Intel Mac OS X 10.14; rv:103.0) Gecko/20100101 Firefox/102.0"
shop.infinitibizsol.com:80 205.210.31.170 - - [10/Jun/2025:10:03:55 +0000] "GET / HTTP/1.1" 404 101333 "-" "Expanse, a Palo Alto Networks company, searches across the global IPv4 space multiple times per day to identify customers' presences on the Internet. If you would like to be excluded from our scans, please send IP addresses/domains to: scaninfo@paloaltonetworks.com"
shop.infinitibizsol.com:443 162.0.223.40 - - [10/Jun/2025:11:50:45 +0000] "POST /wp-cron.php?doing_wp_cron=1749556244.5389020442962646484375 HTTP/1.1" 499 0 "-" "WordPress/6.8.1; https://shop.infinitibizsol.com"
shop.infinitibizsol.com:443 64.120.34.110 - - [10/Jun/2025:11:50:46 +0000] "GET / HTTP/1.1" 404 101352 "-" "\x22Mozilla/5.0 (Macintosh; Intel Mac OS X 10_15_7) AppleWebKit/537.36 (KHTML, like Gecko) Chrome/136.0.0.0 Safari/537.36\x22"
shop.infinitibizsol.com:443 159.223.132.86 - - [10/Jun/2025:12:22:18 +0000] "GET / HTTP/1.1" 499 0 "-" "-"
shop.infinitibizsol.com:443 162.0.223.40 - - [10/Jun/2025:12:22:20 +0000] "POST /wp-cron.php?doing_wp_cron=1749558138.9961400032043457031250 HTTP/1.1" 499 0 "-" "WordPress/6.8.1; https://shop.infinitibizsol.com"
shop.infinitibizsol.com:443 159.223.132.86 - - [10/Jun/2025:12:22:20 +0000] "GET / HTTP/1.1" 404 5 "-" "Mozilla/5.0 (Linux; Android 6.0; HTC One M9 Build/MRA969554) AppleWebKit/537.36 (KHTML, like Gecko) Chrome/52.0.2717.98 Mobile Safari/537.3"
shop.infinitibizsol.com:443 159.223.132.86 - - [10/Jun/2025:12:22:21 +0000] "GET /@vite/env HTTP/1.1" 404 5 "-" "Go-http-client/1.1"
shop.infinitibizsol.com:443 159.223.132.86 - - [10/Jun/2025:12:22:23 +0000] "GET /actuator/env HTTP/1.1" 404 5 "-" "Go-http-client/1.1"
shop.infinitibizsol.com:443 159.223.132.86 - - [10/Jun/2025:12:22:24 +0000] "GET /server HTTP/1.1" 404 5 "-" "Go-http-client/1.1"
shop.infinitibizsol.com:443 159.223.132.86 - - [10/Jun/2025:12:22:26 +0000] "GET /version HTTP/1.1" 404 5 "-" "Go-http-client/1.1"
shop.infinitibizsol.com:443 159.223.132.86 - - [10/Jun/2025:12:22:27 +0000] "GET /.vscode/sftp.json HTTP/1.1" 404 5 "-" "Go-http-client/1.1"
shop.infinitibizsol.com:443 159.223.132.86 - - [10/Jun/2025:12:22:29 +0000] "GET /about HTTP/1.1" 404 5 "-" "Go-http-client/1.1"
shop.infinitibizsol.com:443 159.223.132.86 - - [10/Jun/2025:12:22:30 +0000] "GET /debug/default/view?panel=config HTTP/1.1" 404 5 "-" "Go-http-client/1.1"
shop.infinitibizsol.com:443 159.223.132.86 - - [10/Jun/2025:12:22:32 +0000] "GET /v2/_catalog HTTP/1.1" 404 5 "-" "Go-http-client/1.1"
shop.infinitibizsol.com:443 159.223.132.86 - - [10/Jun/2025:12:22:33 +0000] "GET /ecp/Current/exporttool/microsoft.exchange.ediscovery.exporttool.application HTTP/1.1" 404 5 "-" "Go-http-client/1.1"
shop.infinitibizsol.com:443 159.223.132.86 - - [10/Jun/2025:12:22:35 +0000] "GET /server-status HTTP/1.1" 404 5 "-" "Go-http-client/1.1"
shop.infinitibizsol.com:443 159.223.132.86 - - [10/Jun/2025:12:22:37 +0000] "GET /login.action HTTP/1.1" 404 5 "-" "Go-http-client/1.1"
shop.infinitibizsol.com:443 159.223.132.86 - - [10/Jun/2025:12:22:39 +0000] "GET /_all_dbs HTTP/1.1" 404 5 "-" "Mozilla/5.0 (l9scan/2.0.0343e2332323e203e2236313; +https://leakix.net)"
shop.infinitibizsol.com:443 159.223.132.86 - - [10/Jun/2025:12:22:40 +0000] "GET /.DS_Store HTTP/1.1" 404 5 "-" "Go-http-client/1.1"
shop.infinitibizsol.com:443 159.223.132.86 - - [10/Jun/2025:12:22:42 +0000] "GET /.env HTTP/1.1" 404 5 "-" "Go-http-client/1.1"
shop.infinitibizsol.com:443 159.223.132.86 - - [10/Jun/2025:12:22:44 +0000] "GET /.git/config HTTP/1.1" 404 5 "-" "Go-http-client/1.1"
shop.infinitibizsol.com:443 159.223.132.86 - - [10/Jun/2025:12:22:46 +0000] "GET /s/0343e2332323e203e2236313/_/;/META-INF/maven/com.atlassian.jira/jira-webapp-dist/pom.properties HTTP/1.1" 404 5 "-" "Go-http-client/1.1"
shop.infinitibizsol.com:443 159.223.132.86 - - [10/Jun/2025:12:22:47 +0000] "GET /config.json HTTP/1.1" 404 5 "-" "Go-http-client/1.1"
shop.infinitibizsol.com:443 159.223.132.86 - - [10/Jun/2025:12:22:49 +0000] "GET /telescope/requests HTTP/1.1" 404 5 "-" "Go-http-client/1.1"
shop.infinitibizsol.com:443 159.223.132.86 - - [10/Jun/2025:12:22:50 +0000] "GET /info.php HTTP/1.1" 404 5 "-" "Go-http-client/1.1"
shop.infinitibizsol.com:443 159.223.132.86 - - [10/Jun/2025:12:22:52 +0000] "GET /?rest_route=/wp/v2/users/ HTTP/1.1" 404 780 "-" "Go-http-client/1.1"
shop.infinitibizsol.com:443 45.227.253.15 - - [10/Jun/2025:12:37:58 +0000] "GET /index.php/jk HTTP/1.1" 200 54 "-" "Mozilla/5.0 (Windows NT 6.2; WOW64) AppleWebKit/535.24 (KHTML, like Gecko) Chrome/80.0.1055.1 Safari/535.24"
shop.infinitibizsol.com:443 45.227.253.15 - - [10/Jun/2025:14:40:29 +0000] "GET /index.php/jk HTTP/1.1" 200 54 "-" "Mozilla/5.0 (Windows NT 10.0; Win64; x64) AppleWebKit/537.36 (KHTML, like Gecko) Chrome/79.0.3970 Safari/537.36 Edg/79.0.143.5"
shop.infinitibizsol.com:443 162.0.223.40 - - [10/Jun/2025:15:51:23 +0000] "POST /wp-cron.php?doing_wp_cron=1749570682.3603539466857910156250 HTTP/1.1" 499 0 "-" "WordPress/6.8.1; https://shop.infinitibizsol.com"
shop.infinitibizsol.com:443 156.228.107.226 - - [10/Jun/2025:15:51:23 +0000] "GET /wp-login.php HTTP/1.1" 200 4558 "-" "Mozilla/5.0 (Windows NT 10.0; Win64; x64) AppleWebKit/537.36 (KHTML, like Gecko) Chrome/115.0.0.0 Safari/537.36 Edg/115.0.1901.203"
shop.infinitibizsol.com:443 156.228.107.226 - - [10/Jun/2025:15:51:25 +0000] "POST /wp-login.php HTTP/1.1" 302 5 "https://shop.infinitibizsol.com/wp-login.php" "Mozilla/5.0 (Windows NT 10.0; Win64; x64) AppleWebKit/537.36 (KHTML, like Gecko) Chrome/115.0.0.0 Safari/537.36 Edg/115.0.1901.203"
shop.infinitibizsol.com:443 156.228.107.226 - - [10/Jun/2025:15:51:27 +0000] "GET /wp-admin/ HTTP/1.1" 200 69737 "https://shop.infinitibizsol.com/wp-login.php" "Mozilla/5.0 (Windows NT 10.0; Win64; x64) AppleWebKit/537.36 (KHTML, like Gecko) Chrome/115.0.0.0 Safari/537.36 Edg/115.0.1901.203"
shop.infinitibizsol.com:443 156.228.107.226 - - [10/Jun/2025:15:51:29 +0000] "GET /wp-admin/plugin-install.php HTTP/1.1" 404 61349 "https://shop.infinitibizsol.com/wp-admin/plugin-install.php" "Mozilla/5.0 (Windows NT 10.0; Win64; x64) AppleWebKit/537.36 (KHTML, like Gecko) Chrome/115.0.0.0 Safari/537.36 Edg/115.0.1901.203"
shop.infinitibizsol.com:443 156.228.107.226 - - [10/Jun/2025:15:51:32 +0000] "GET /wp-admin/edit.php HTTP/1.1" 200 139682 "https://shop.infinitibizsol.com/wp-admin/edit.php" "Mozilla/5.0 (Windows NT 10.0; Win64; x64) AppleWebKit/537.36 (KHTML, like Gecko) Chrome/115.0.0.0 Safari/537.36 Edg/115.0.1901.203"
shop.infinitibizsol.com:443 162.0.223.40 - - [10/Jun/2025:16:22:06 +0000] "POST /wp-cron.php?doing_wp_cron=1749572525.0698969364166259765625 HTTP/1.1" 499 0 "-" "WordPress/6.8.1; https://shop.infinitibizsol.com"
shop.infinitibizsol.com:443 156.228.88.33 - - [10/Jun/2025:16:22:06 +0000] "GET /wp-login.php HTTP/1.1" 200 4558 "-" "Mozilla/5.0 (Windows NT 10.0; Win64; x64) AppleWebKit/537.36 (KHTML, like Gecko) Chrome/115.0.0.0 Safari/537.36 Edg/115.0.1901.203"
shop.infinitibizsol.com:443 156.228.88.33 - - [10/Jun/2025:16:22:07 +0000] "POST /wp-login.php HTTP/1.1" 302 5 "https://shop.infinitibizsol.com/wp-login.php" "Mozilla/5.0 (Windows NT 10.0; Win64; x64) AppleWebKit/537.36 (KHTML, like Gecko) Chrome/115.0.0.0 Safari/537.36 Edg/115.0.1901.203"
shop.infinitibizsol.com:443 156.228.88.33 - - [10/Jun/2025:16:22:09 +0000] "GET /wp-admin/ HTTP/1.1" 200 69802 "https://shop.infinitibizsol.com/wp-login.php" "Mozilla/5.0 (Windows NT 10.0; Win64; x64) AppleWebKit/537.36 (KHTML, like Gecko) Chrome/115.0.0.0 Safari/537.36 Edg/115.0.1901.203"
shop.infinitibizsol.com:443 156.228.88.33 - - [10/Jun/2025:16:22:11 +0000] "GET /wp-admin/plugin-install.php HTTP/1.1" 404 61329 "https://shop.infinitibizsol.com/wp-admin/plugin-install.php" "Mozilla/5.0 (Windows NT 10.0; Win64; x64) AppleWebKit/537.36 (KHTML, like Gecko) Chrome/115.0.0.0 Safari/537.36 Edg/115.0.1901.203"
shop.infinitibizsol.com:443 156.228.88.33 - - [10/Jun/2025:16:22:13 +0000] "GET /wp-admin/edit.php HTTP/1.1" 200 139794 "https://shop.infinitibizsol.com/wp-admin/edit.php" "Mozilla/5.0 (Windows NT 10.0; Win64; x64) AppleWebKit/537.36 (KHTML, like Gecko) Chrome/115.0.0.0 Safari/537.36 Edg/115.0.1901.203"
shop.infinitibizsol.com:443 185.114.139.235 - - [10/Jun/2025:16:32:51 +0000] "GET / HTTP/1.1" 404 101352 "-" "Mozilla/5.0 (Windows NT 10.0; Win64; x64) AppleWebKit/537.36 (KHTML, like Gecko) Chrome/124.0.0.0 Safari/537.36"
shop.infinitibizsol.com:443 193.56.13.202 - - [10/Jun/2025:16:32:56 +0000] "GET / HTTP/1.1" 404 101332 "-" "Mozilla/5.0 (Windows NT 10.0; Win64; x64) AppleWebKit/537.36 (KHTML, like Gecko) Chrome/124.0.0.0 Safari/537.36"
shop.infinitibizsol.com:80 193.56.13.202 - - [10/Jun/2025:16:33:00 +0000] "GET http://shop.infinitibizsol.com/ HTTP/1.1" 404 101319 "-" "Mozilla/5.0 (Windows NT 10.0; Win64; x64) AppleWebKit/537.36 (KHTML, like Gecko) Chrome/124.0.0.0 Safari/537.36"
shop.infinitibizsol.com:443 162.0.223.40 - - [10/Jun/2025:16:33:07 +0000] "POST /wp-cron.php?doing_wp_cron=1749573185.9843471050262451171875 HTTP/1.1" 499 0 "-" "WordPress/6.8.1; https://shop.infinitibizsol.com"
shop.infinitibizsol.com:443 95.179.134.54 - - [10/Jun/2025:16:33:07 +0000] "GET / HTTP/1.1" 404 101353 "-" "Mozilla/5.0 (Windows NT 10.0; Win64; x64) AppleWebKit/537.36 (KHTML, like Gecko) Chrome/124.0.0.0 Safari/537.36"
shop.infinitibizsol.com:443 95.179.134.54 - - [10/Jun/2025:16:33:10 +0000] "GET / HTTP/1.1" 404 101338 "-" "Mozilla/5.0 (Windows NT 10.0; Win64; x64) AppleWebKit/537.36 (KHTML, like Gecko) Chrome/124.0.0.0 Safari/537.36"
shop.infinitibizsol.com:80 95.179.134.54 - - [10/Jun/2025:16:33:13 +0000] "GET / HTTP/1.1" 404 101325 "-" "Mozilla/5.0 (Windows NT 10.0; Win64; x64) AppleWebKit/537.36 (KHTML, like Gecko) Chrome/124.0.0.0 Safari/537.36"
shop.infinitibizsol.com:443 45.227.253.15 - - [10/Jun/2025:16:57:28 +0000] "GET /siteheads.php?ARRAY=7o2230223n313734393537383333352p2231223n22687474703n5p2s5p2s3230342r31322r3233382r37345p2s3s6p633q7068705s636s64655s6n6326743q313734393537343733352q6438346333343134393763633866303238646266393937656131343565366564222p2232223n223462386430633165323536383232306665396362363964646335363339373935222p2233223n226638613531633563383166656138353739393038393634373032363437643264222p2262696r675s70617373223n2232322q35302q35382q36332q37342q39302q3135227q HTTP/1.1" 200 95 "-" "Mozilla/5.0 (Windows NT 6.2; Win64; x64) AppleWebKit/537.36 (KHTML, like Gecko) Chrome/86.0.4240.111 Safari/537.36"
shop.infinitibizsol.com:443 45.227.253.15 - - [10/Jun/2025:18:18:46 +0000] "GET /index.php/jk HTTP/1.1" 200 54 "-" "Mozilla/5.0 (Windows NT 6.2; WOW64; rv:73.0) Gecko/20100101 Firefox/73.0"
shop.infinitibizsol.com:443 162.0.223.40 - - [10/Jun/2025:18:49:33 +0000] "POST /wp-cron.php?doing_wp_cron=1749581372.0946478843688964843750 HTTP/1.1" 499 0 "-" "WordPress/6.8.1; https://shop.infinitibizsol.com"
shop.infinitibizsol.com:443 45.141.215.170 - - [10/Jun/2025:18:49:33 +0000] "GET / HTTP/1.1" 404 101345 "-" "Mozilla/5.0 (Windows NT 10.0; Win64; x64) AppleWebKit/537.36 (KHTML, like Gecko) Chrome/58.0.3029.110 Safari/537.3"
shop.infinitibizsol.com:443 20.171.207.16 - - [10/Jun/2025:19:19:13 +0000] "GET / HTTP/1.1" 404 5 "-" "Mozilla/5.0 AppleWebKit/537.36 (KHTML, like Gecko; compatible; GPTBot/1.2; +https://openai.com/gptbot)"
shop.infinitibizsol.com:443 45.227.253.15 - - [10/Jun/2025:20:03:45 +0000] "GET /index.php/jk HTTP/1.1" 200 54 "-" "Mozilla/5.0 (Linux; Android 10; Z832 Build/MMB29M) AppleWebKit/537.36 (KHTML, like Gecko) Chrome/85.0.4183.83 Mobile Safari/537.36"
shop.infinitibizsol.com:443 162.0.223.40 - - [10/Jun/2025:21:26:04 +0000] "POST /wp-cron.php?doing_wp_cron=1749590763.5900900363922119140625 HTTP/1.1" 499 0 "-" "WordPress/6.8.1; https://shop.infinitibizsol.com"
shop.infinitibizsol.com:443 65.108.133.163 - - [10/Jun/2025:21:26:04 +0000] "GET /wp-login.php HTTP/1.1" 200 4546 "-" "Mozilla/5.0 (Windows NT 10.0; Win64; x64) AppleWebKit/537.36 (KHTML, like Gecko) Chrome/115.0.0.0 Safari/537.36 Edg/115.0.1901.203"
shop.infinitibizsol.com:443 65.108.133.163 - - [10/Jun/2025:21:26:09 +0000] "POST /wp-login.php HTTP/1.1" 302 5 "https://shop.infinitibizsol.com/wp-login.php" "Mozilla/5.0 (Windows NT 10.0; Win64; x64) AppleWebKit/537.36 (KHTML, like Gecko) Chrome/115.0.0.0 Safari/537.36 Edg/115.0.1901.203"
shop.infinitibizsol.com:443 65.108.133.163 - - [10/Jun/2025:21:26:13 +0000] "GET /wp-admin/ HTTP/1.1" 200 69758 "https://shop.infinitibizsol.com/wp-login.php" "Mozilla/5.0 (Windows NT 10.0; Win64; x64) AppleWebKit/537.36 (KHTML, like Gecko) Chrome/115.0.0.0 Safari/537.36 Edg/115.0.1901.203"
shop.infinitibizsol.com:443 65.108.133.163 - - [10/Jun/2025:21:26:16 +0000] "GET /wp-admin/plugin-install.php HTTP/1.1" 404 61334 "https://shop.infinitibizsol.com/wp-admin/plugin-install.php" "Mozilla/5.0 (Windows NT 10.0; Win64; x64) AppleWebKit/537.36 (KHTML, like Gecko) Chrome/115.0.0.0 Safari/537.36 Edg/115.0.1901.203"
shop.infinitibizsol.com:443 65.108.133.163 - - [10/Jun/2025:21:26:19 +0000] "GET /wp-admin/edit.php HTTP/1.1" 200 139775 "https://shop.infinitibizsol.com/wp-admin/edit.php" "Mozilla/5.0 (Windows NT 10.0; Win64; x64) AppleWebKit/537.36 (KHTML, like Gecko) Chrome/115.0.0.0 Safari/537.36 Edg/115.0.1901.203"
shop.infinitibizsol.com:443 45.227.253.15 - - [10/Jun/2025:23:43:34 +0000] "GET /index.php/jk HTTP/1.1" 200 54 "-" "Mozilla/5.0 (Windows NT 6.2; WOW64; rv:72.0) Gecko/20100101 Firefox/72.0"
shop.infinitibizsol.com:443 45.227.253.15 - - [10/Jun/2025:23:46:33 +0000] "GET /siteheads.php?ARRAY=7o2230223n313734393630323838312p2231223n22687474703n5p2s5p2s3230342r31322r3233382r37345p2s3s6p633q7068705s636s64655s6n6326743q313734393539393238312q3431616237643033366636336130393265356539333731326431333838643035222p2232223n223462386430633165323536383232306665396362363964646335363339373935222p2233223n226638613531633563383166656138353739393038393634373032363437643264222p2262696r675s70617373223n2232322q35302q35382q36332q37342q39302q3135227q HTTP/1.1" 200 95 "-" "Mozilla/5.0 (Macintosh; Intel Mac OS X 10.15; rv:81.0) Gecko/20100101 Firefox/81.0"
shop.infinitibizsol.com:443 162.0.223.40 - - [11/Jun/2025:00:02:58 +0000] "POST /wp-cron.php?doing_wp_cron=1749600177.1898219585418701171875 HTTP/1.1" 499 0 "-" "WordPress/6.8.1; https://shop.infinitibizsol.com"
shop.infinitibizsol.com:443 18.191.151.90 - - [11/Jun/2025:00:02:58 +0000] "HEAD / HTTP/1.1" 404 0 "-" "Mozilla/5.0 (iPhone; CPU iPhone OS 16_7_4 like Mac OS X) AppleWebKit/605.1.15 (KHTML, like Gecko) Version/16.6 Mobile/15E148 Safari/604.1"
shop.infinitibizsol.com:443 18.191.151.90 - - [11/Jun/2025:00:03:00 +0000] "GET / HTTP/1.1" 404 101351 "-" "Mozilla/5.0 (Windows NT 10.0; Win64; x64) AppleWebKit/537.36 (KHTML, like Gecko) Chrome/122.0.0.0 Safari/537.36"
shop.infinitibizsol.com:443 18.191.151.90 - - [11/Jun/2025:00:03:06 +0000] "HEAD / HTTP/1.1" 404 0 "-" "Mozilla/5.0 (iPhone; CPU iPhone OS 17_1_1 like Mac OS X) AppleWebKit/605.1.15 (KHTML, like Gecko) Version/17.1 Mobile/15E148 Safari/604.1"
shop.infinitibizsol.com:443 18.191.151.90 - - [11/Jun/2025:00:03:13 +0000] "GET / HTTP/1.1" 404 5 "-" "Mozilla/5.0 (Linux; Android 14; SM-G998B) AppleWebKit/537.36 (KHTML, like Gecko) Chrome/122.0.0.0 Mobile Safari/537.36"
shop.infinitibizsol.com:443 45.227.253.15 - - [11/Jun/2025:01:58:06 +0000] "GET /index.php/jk HTTP/1.1" 200 54 "-" "Mozilla/5.0 (Windows NT 6.1; Win64; x64) AppleWebKit/537.36 (KHTML, like Gecko) Chrome/86.0.4240.111 Safari/537.36"
shop.infinitibizsol.com:443 162.0.223.40 - - [11/Jun/2025:04:53:31 +0000] "POST /wp-cron.php?doing_wp_cron=1749617610.6641631126403808593750 HTTP/1.1" 499 0 "-" "WordPress/6.8.1; https://shop.infinitibizsol.com"
shop.infinitibizsol.com:80 192.121.159.155 - - [11/Jun/2025:05:01:10 +0000] "GET / HTTP/1.1" 404 101353 "-" "Mozilla/5.0 (Windows NT 5.1; rv:6.0) Gecko/20100101 Firefox/10.0.2"
shop.infinitibizsol.com:80 193.183.67.126 - - [11/Jun/2025:05:01:11 +0000] "GET / HTTP/1.1" 404 101397 "-" "Mozilla/5.0 (compatible; Googlebot/2.1; +http://www.google.com/bot.html)"
shop.infinitibizsol.com:80 192.121.159.155 - - [11/Jun/2025:05:01:14 +0000] "GET / HTTP/1.1" 404 101344 "-" "Mozilla/5.0 (Windows NT 5.1; rv:6.0) Gecko/20100101 Firefox/10.0.2"
shop.infinitibizsol.com:80 193.183.67.126 - - [11/Jun/2025:05:01:16 +0000] "GET / HTTP/1.1" 404 101357 "-" "Mozilla/5.0 (compatible; Googlebot/2.1; +http://www.google.com/bot.html)"
shop.infinitibizsol.com:80 192.121.159.155 - - [11/Jun/2025:05:01:17 +0000] "GET / HTTP/1.1" 404 101391 "-" "Mozilla/5.0 (Windows NT 5.1; rv:6.0) Gecko/20100101 Firefox/10.0.2"
shop.infinitibizsol.com:80 192.121.159.155 - - [11/Jun/2025:05:01:19 +0000] "GET / HTTP/1.1" 404 101362 "-" "Mozilla/5.0 (Windows NT 5.1; rv:6.0) Gecko/20100101 Firefox/10.0.2"
shop.infinitibizsol.com:80 192.121.159.155 - - [11/Jun/2025:05:01:24 +0000] "GET / HTTP/1.1" 404 101324 "-" "Mozilla/5.0 (Windows NT 5.1; rv:6.0) Gecko/20100101 Firefox/10.0.2"
shop.infinitibizsol.com:80 192.121.159.155 - - [11/Jun/2025:05:01:27 +0000] "GET / HTTP/1.1" 404 101333 "-" "Mozilla/5.0 (Windows NT 5.1; rv:6.0) Gecko/20100101 Firefox/10.0.2"
shop.infinitibizsol.com:80 151.252.28.219 - - [11/Jun/2025:05:02:02 +0000] "GET / HTTP/1.1" 404 101339 "-" "Mozilla/5.0 (compatible; Googlebot/2.1; +http://www.google.com/bot.html)"
shop.infinitibizsol.com:80 151.252.28.219 - - [11/Jun/2025:05:02:05 +0000] "GET / HTTP/1.1" 404 101358 "-" "Mozilla/5.0 (compatible; Googlebot/2.1; +http://www.google.com/bot.html)"
shop.infinitibizsol.com:80 193.235.238.156 - - [11/Jun/2025:05:06:09 +0000] "GET / HTTP/1.1" 404 101325 "-" "Mozilla/5.0 (compatible; Googlebot/2.1; +http://www.google.com/bot.html)"
shop.infinitibizsol.com:80 193.235.238.156 - - [11/Jun/2025:05:06:13 +0000] "GET / HTTP/1.1" 404 101319 "-" "Mozilla/5.0 (compatible; Googlebot/2.1; +http://www.google.com/bot.html)"
shop.infinitibizsol.com:80 194.71.211.50 - - [11/Jun/2025:05:06:15 +0000] "GET / HTTP/1.1" 404 101340 "-" "Mozilla/5.0 (Windows NT 5.1; rv:6.0) Gecko/20100101 Firefox/10.0.2"
shop.infinitibizsol.com:80 194.71.211.50 - - [11/Jun/2025:05:06:20 +0000] "GET / HTTP/1.1" 404 101325 "-" "Mozilla/5.0 (Windows NT 5.1; rv:6.0) Gecko/20100101 Firefox/10.0.2"
shop.infinitibizsol.com:80 194.71.211.50 - - [11/Jun/2025:05:06:38 +0000] "GET / HTTP/1.1" 404 101324 "-" "Mozilla/5.0 (Windows NT 5.1; rv:6.0) Gecko/20100101 Firefox/10.0.2"
shop.infinitibizsol.com:80 194.71.211.50 - - [11/Jun/2025:05:06:41 +0000] "GET / HTTP/1.1" 404 101339 "-" "Mozilla/5.0 (Windows NT 5.1; rv:6.0) Gecko/20100101 Firefox/10.0.2"
shop.infinitibizsol.com:80 194.71.211.50 - - [11/Jun/2025:05:06:47 +0000] "GET / HTTP/1.1" 404 101606 "-" "Mozilla/5.0 (Windows NT 5.1; rv:6.0) Gecko/20100101 Firefox/10.0.2"
shop.infinitibizsol.com:80 194.71.211.50 - - [11/Jun/2025:05:06:50 +0000] "GET / HTTP/1.1" 404 101318 "-" "Mozilla/5.0 (Windows NT 5.1; rv:6.0) Gecko/20100101 Firefox/10.0.2"
shop.infinitibizsol.com:80 194.71.211.50 - - [11/Jun/2025:05:07:04 +0000] "GET / HTTP/1.1" 404 101325 "-" "Mozilla/5.0 (Windows NT 5.1; rv:6.0) Gecko/20100101 Firefox/10.0.2"
shop.infinitibizsol.com:80 194.71.211.50 - - [11/Jun/2025:05:07:07 +0000] "GET / HTTP/1.1" 404 101325 "-" "Mozilla/5.0 (Windows NT 5.1; rv:6.0) Gecko/20100101 Firefox/10.0.2"
shop.infinitibizsol.com:80 194.71.211.50 - - [11/Jun/2025:05:07:14 +0000] "GET / HTTP/1.1" 404 101345 "-" "Mozilla/5.0 (Windows NT 5.1; rv:6.0) Gecko/20100101 Firefox/10.0.2"
shop.infinitibizsol.com:80 194.71.211.50 - - [11/Jun/2025:05:07:18 +0000] "GET / HTTP/1.1" 404 101333 "-" "Mozilla/5.0 (Windows NT 5.1; rv:6.0) Gecko/20100101 Firefox/10.0.2"
shop.infinitibizsol.com:80 192.121.156.192 - - [11/Jun/2025:05:07:19 +0000] "GET / HTTP/1.1" 404 101325 "-" "Mozilla/5.0 (compatible; Googlebot/2.1; +http://www.google.com/bot.html)"
shop.infinitibizsol.com:80 194.71.211.50 - - [11/Jun/2025:05:07:21 +0000] "GET / HTTP/1.1" 404 101318 "-" "Mozilla/5.0 (Windows NT 5.1; rv:6.0) Gecko/20100101 Firefox/10.0.2"
shop.infinitibizsol.com:80 192.121.156.192 - - [11/Jun/2025:05:07:22 +0000] "GET / HTTP/1.1" 404 101337 "-" "Mozilla/5.0 (compatible; Googlebot/2.1; +http://www.google.com/bot.html)"
shop.infinitibizsol.com:80 194.71.211.50 - - [11/Jun/2025:05:07:24 +0000] "GET / HTTP/1.1" 404 101399 "-" "Mozilla/5.0 (Windows NT 5.1; rv:6.0) Gecko/20100101 Firefox/10.0.2"
shop.infinitibizsol.com:80 193.183.187.204 - - [11/Jun/2025:05:14:03 +0000] "GET / HTTP/1.1" 404 101333 "-" "Mozilla/5.0 (compatible; Googlebot/2.1; +http://www.google.com/bot.html)"
shop.infinitibizsol.com:80 193.183.187.204 - - [11/Jun/2025:05:14:07 +0000] "GET / HTTP/1.1" 404 101354 "-" "Mozilla/5.0 (compatible; Googlebot/2.1; +http://www.google.com/bot.html)"
shop.infinitibizsol.com:80 193.183.187.204 - - [11/Jun/2025:05:14:10 +0000] "GET / HTTP/1.1" 404 101319 "-" "Mozilla/5.0 (compatible; Googlebot/2.1; +http://www.google.com/bot.html)"
shop.infinitibizsol.com:80 193.183.187.204 - - [11/Jun/2025:05:14:12 +0000] "GET / HTTP/1.1" 404 101371 "-" "Mozilla/5.0 (compatible; Googlebot/2.1; +http://www.google.com/bot.html)"
shop.infinitibizsol.com:80 162.0.223.40 - - [11/Jun/2025:05:34:10 +0000] "POST /wp-cron.php?doing_wp_cron=1749620049.4332640171051025390625 HTTP/1.1" 499 0 "-" "WordPress/6.8.1; https://shop.infinitibizsol.com"
shop.infinitibizsol.com:80 5.133.214.195 - - [11/Jun/2025:05:34:11 +0000] "GET / HTTP/1.1" 404 101341 "-" "Mozilla/5.0 (compatible; Googlebot/2.1; +http://www.google.com/bot.html)"
shop.infinitibizsol.com:80 5.133.214.195 - - [11/Jun/2025:05:34:14 +0000] "GET / HTTP/1.1" 404 101346 "-" "Mozilla/5.0 (compatible; Googlebot/2.1; +http://www.google.com/bot.html)"
shop.infinitibizsol.com:80 192.71.86.172 - - [11/Jun/2025:05:35:30 +0000] "GET / HTTP/1.1" 404 101377 "-" "Mozilla/5.0 (compatible; Googlebot/2.1; +http://www.google.com/bot.html)"
shop.infinitibizsol.com:80 192.71.86.172 - - [11/Jun/2025:05:35:34 +0000] "GET / HTTP/1.1" 404 101318 "-" "Mozilla/5.0 (compatible; Googlebot/2.1; +http://www.google.com/bot.html)"
shop.infinitibizsol.com:80 192.165.48.154 - - [11/Jun/2025:05:36:13 +0000] "GET / HTTP/1.1" 404 101325 "-" "Mozilla/5.0 (compatible; Googlebot/2.1; +http://www.google.com/bot.html)"
shop.infinitibizsol.com:443 45.227.253.15 - - [11/Jun/2025:05:59:28 +0000] "GET /index.php/jk HTTP/1.1" 200 54 "-" "Mozilla/5.0 (Windows NT 6.3; WOW64; rv:74.0) Gecko/20100101 Firefox/74.0"
shop.infinitibizsol.com:443 45.227.253.15 - - [11/Jun/2025:06:32:18 +0000] "GET /siteheads.php?ARRAY=7o2230223n313734393632373232362p2231223n22687474703n5p2s5p2s3230342r31322r3233382r37345p2s3s6p633q7068705s636s64655s6n6326743q313734393632333632362q6564363466626436633639653439323265633562343664343434636230373734222p2232223n223462386430633165323536383232306665396362363964646335363339373935222p2233223n226638613531633563383166656138353739393038393634373032363437643264222p2262696r675s70617373223n2232322q35302q35382q36332q37342q39302q3135227q HTTP/1.1" 200 95 "-" "Mozilla/5.0 (Macintosh; Intel Mac OS X 10.15; rv:103.0) Gecko/20100101 Firefox/102.0"
shop.infinitibizsol.com:443 45.227.253.15 - - [11/Jun/2025:07:59:41 +0000] "GET /index.php/jk HTTP/1.1" 200 54 "-" "Mozilla/5.0 (iPhone; CPU iPhone OS 13_4 like Mac OS X) AppleWebKit/605.1.15 (KHTML, like Gecko) Version/13.4.4 Mobile/15E148 Safari/604.1"
shop.infinitibizsol.com:443 162.0.223.40 - - [11/Jun/2025:08:40:24 +0000] "POST /wp-cron.php?doing_wp_cron=1749631223.7233929634094238281250 HTTP/1.1" 499 0 "-" "WordPress/6.8.1; https://shop.infinitibizsol.com"
shop.infinitibizsol.com:443 116.212.147.166 - - [11/Jun/2025:08:40:32 +0000] "GET / HTTP/1.1" 404 101352 "-" "Mozilla/5.0 (Windows NT 6.3; Win64; x64) AppleWebKit/537.36 (KHTML, like Gecko) Chrome/101.0.4951.54 Safari/537.36"
shop.infinitibizsol.com:443 116.212.147.166 - - [11/Jun/2025:08:40:35 +0000] "POST /xmlrpc.php HTTP/1.1" 200 668 "-" "Mozilla/5.0 (Windows NT 6.3; Win64; x64) AppleWebKit/537.36 (KHTML, like Gecko) Chrome/101.0.4951.54 Safari/537.36"
shop.infinitibizsol.com:443 116.212.147.166 - - [11/Jun/2025:08:40:44 +0000] "POST /wp-login.php HTTP/1.1" 302 5 "-" "Mozilla/5.0 (Windows NT 6.3; Win64; x64) AppleWebKit/537.36 (KHTML, like Gecko) Chrome/101.0.4951.54 Safari/537.36"
shop.infinitibizsol.com:443 116.212.147.166 - - [11/Jun/2025:08:40:49 +0000] "GET /wp-admin/ HTTP/1.1" 200 69023 "-" "Mozilla/5.0 (Windows NT 6.3; Win64; x64) AppleWebKit/537.36 (KHTML, like Gecko) Chrome/101.0.4951.54 Safari/537.36"
shop.infinitibizsol.com:443 116.212.147.166 - - [11/Jun/2025:08:40:58 +0000] "GET /wp-admin/ HTTP/1.1" 200 68996 "-" "Mozilla/5.0 (Windows NT 6.3; Win64; x64) AppleWebKit/537.36 (KHTML, like Gecko) Chrome/101.0.4951.54 Safari/537.36"
shop.infinitibizsol.com:443 168.194.84.114 - - [11/Jun/2025:08:41:33 +0000] "GET / HTTP/1.1" 404 101337 "-" "Mozilla/5.0 (Windows NT 6.3; Win64; x64) AppleWebKit/537.36 (KHTML, like Gecko) Chrome/101.0.4951.54 Safari/537.36"
shop.infinitibizsol.com:443 168.194.84.114 - - [11/Jun/2025:08:41:36 +0000] "POST /xmlrpc.php HTTP/1.1" 200 668 "-" "Mozilla/5.0 (Windows NT 6.3; Win64; x64) AppleWebKit/537.36 (KHTML, like Gecko) Chrome/101.0.4951.54 Safari/537.36"
shop.infinitibizsol.com:443 168.194.84.114 - - [11/Jun/2025:08:41:39 +0000] "POST /wp-login.php HTTP/1.1" 302 5 "-" "Mozilla/5.0 (Windows NT 6.3; Win64; x64) AppleWebKit/537.36 (KHTML, like Gecko) Chrome/101.0.4951.54 Safari/537.36"
