superexoticrental.com.infinitibizsol.com:443 198.204.224.34 - - [11/Jun/2025:02:32:36 +0000] "GET /wp-content/install.php HTTP/1.1" 200 16 "https://superexoticrental.com/wp-content/install.php" "Mozilla/5.0 (Windows NT 10.0; Win64; x64) AppleWebKit/537.36 (KHTML, like Gecko) Chrome/58.0.3029.110 Safari/537.3"
superexoticrental.com.infinitibizsol.com:443 20.171.207.71 - - [11/Jun/2025:02:32:42 +0000] "GET /284qiuu37405.html HTTP/1.1" 499 0 "-" "Mozilla/5.0 AppleWebKit/537.36 (KHTML, like Gecko; compatible; GPTBot/1.2; +https://openai.com/gptbot)"
superexoticrental.com.infinitibizsol.com:443 162.0.223.40 - - [11/Jun/2025:02:33:42 +0000] "POST /wp-cron.php?doing_wp_cron=1749609221.0760679244995117187500 HTTP/1.1" 499 0 "-" "WordPress/6.8.1; https://superexoticrental.com"
superexoticrental.com.infinitibizsol.com:443 20.171.207.71 - - [11/Jun/2025:02:33:45 +0000] "GET /180bvui35545.html HTTP/1.1" 404 32358 "-" "Mozilla/5.0 AppleWebKit/537.36 (KHTML, like Gecko; compatible; GPTBot/1.2; +https://openai.com/gptbot)"
superexoticrental.com.infinitibizsol.com:443 198.204.226.18 - - [11/Jun/2025:02:33:57 +0000] "GET /wp-content/install.php HTTP/1.1" 499 0 "https://superexoticrental.com/wp-content/install.php" "Mozilla/5.0 (Windows NT 10.0; Win64; x64) AppleWebKit/537.36 (KHTML, like Gecko) Chrome/58.0.3029.110 Safari/537.3"
superexoticrental.com.infinitibizsol.com:80 132.232.144.200 - - [11/Jun/2025:02:34:42 +0000] "GET / HTTP/1.1" 301 5 "-" "Mozilla/5.0 (iPhone; CPU iPhone OS 13_2_3 like Mac OS X) AppleWebKit/605.1.15 (KHTML, like Gecko) Version/13.0.3 Mobile/15E148 Safari/604.1"
superexoticrental.com.infinitibizsol.com:443 20.171.207.71 - - [11/Jun/2025:02:34:48 +0000] "GET /249iivq24086.html HTTP/1.1" 499 0 "-" "Mozilla/5.0 AppleWebKit/537.36 (KHTML, like Gecko; compatible; GPTBot/1.2; +https://openai.com/gptbot)"
superexoticrental.com.infinitibizsol.com:443 162.0.223.40 - - [11/Jun/2025:02:34:49 +0000] "POST /wp-cron.php?doing_wp_cron=1749609288.8795859813690185546875 HTTP/1.1" 499 0 "-" "WordPress/6.8.1; https://superexoticrental.com"
superexoticrental.com.infinitibizsol.com:443 162.0.223.40 - - [11/Jun/2025:02:34:50 +0000] "POST /wp-cron.php?doing_wp_cron=1749609289.4230740070343017578125 HTTP/1.1" 499 0 "-" "WordPress/6.8.1; https://superexoticrental.com"
superexoticrental.com.infinitibizsol.com:443 132.232.144.200 - - [11/Jun/2025:02:34:57 +0000] "GET / HTTP/1.1" 200 101054 "http://superexoticrental.com" "Mozilla/5.0 (iPhone; CPU iPhone OS 13_2_3 like Mac OS X) AppleWebKit/605.1.15 (KHTML, like Gecko) Version/13.0.3 Mobile/15E148 Safari/604.1"
superexoticrental.com.infinitibizsol.com:443 20.171.207.71 - - [11/Jun/2025:02:35:52 +0000] "GET /284xgky26527.html HTTP/1.1" 499 0 "-" "Mozilla/5.0 AppleWebKit/537.36 (KHTML, like Gecko; compatible; GPTBot/1.2; +https://openai.com/gptbot)"
superexoticrental.com.infinitibizsol.com:443 162.0.223.40 - - [11/Jun/2025:02:35:55 +0000] "POST /wp-cron.php?doing_wp_cron=1749609354.7155189514160156250000 HTTP/1.1" 499 0 "-" "WordPress/6.8.1; https://superexoticrental.com"
superexoticrental.com.infinitibizsol.com:443 20.171.207.71 - - [11/Jun/2025:02:36:30 +0000] "GET /191dyrz26260.html HTTP/1.1" 404 32358 "-" "Mozilla/5.0 AppleWebKit/537.36 (KHTML, like Gecko; compatible; GPTBot/1.2; +https://openai.com/gptbot)"
superexoticrental.com.infinitibizsol.com:443 51.222.253.19 - - [11/Jun/2025:02:36:49 +0000] "GET /d/631696505.shtm HTTP/1.1" 499 0 "-" "Mozilla/5.0 (compatible; AhrefsBot/7.0; +http://ahrefs.com/robot/)"
superexoticrental.com.infinitibizsol.com:443 162.0.223.40 - - [11/Jun/2025:02:36:59 +0000] "POST /wp-cron.php?doing_wp_cron=1749609418.6722230911254882812500 HTTP/1.1" 499 0 "-" "WordPress/6.8.1; https://superexoticrental.com"
superexoticrental.com.infinitibizsol.com:443 198.204.226.18 - - [11/Jun/2025:02:37:13 +0000] "GET /wp-content/install.php HTTP/1.1" 499 0 "https://superexoticrental.com/wp-content/install.php" "Mozilla/5.0 (Windows NT 10.0; Win64; x64) AppleWebKit/537.36 (KHTML, like Gecko) Chrome/58.0.3029.110 Safari/537.3"
superexoticrental.com.infinitibizsol.com:443 45.157.54.24 - - [11/Jun/2025:02:37:22 +0000] "GET /wp-content/plugins/WordPressCore/include.php HTTP/1.1" 404 54864 "-" "Mozilla/5.0 (Windows NT 10.0; Win64; x64) AppleWebKit/537.36 (KHTML, like Gecko) Chrome/127.0.0.0 Safari/537.36"
superexoticrental.com.infinitibizsol.com:443 198.204.226.18 - - [11/Jun/2025:02:37:32 +0000] "GET /wp-content/install.php HTTP/1.1" 200 16 "https://superexoticrental.com/wp-content/install.php" "Mozilla/5.0 (Windows NT 10.0; Win64; x64) AppleWebKit/537.36 (KHTML, like Gecko) Chrome/58.0.3029.110 Safari/537.3"
superexoticrental.com.infinitibizsol.com:443 20.171.207.71 - - [11/Jun/2025:02:37:59 +0000] "GET /127mtys34588.html HTTP/1.1" 499 0 "-" "Mozilla/5.0 AppleWebKit/537.36 (KHTML, like Gecko; compatible; GPTBot/1.2; +https://openai.com/gptbot)"
superexoticrental.com.infinitibizsol.com:443 162.0.223.40 - - [11/Jun/2025:02:38:06 +0000] "POST /wp-cron.php?doing_wp_cron=1749609485.7076539993286132812500 HTTP/1.1" 499 0 "-" "WordPress/6.8.1; https://superexoticrental.com"
superexoticrental.com.infinitibizsol.com:443 20.171.207.71 - - [11/Jun/2025:02:39:02 +0000] "GET /287wmqx13776.html HTTP/1.1" 499 0 "-" "Mozilla/5.0 AppleWebKit/537.36 (KHTML, like Gecko; compatible; GPTBot/1.2; +https://openai.com/gptbot)"
superexoticrental.com.infinitibizsol.com:443 162.0.223.40 - - [11/Jun/2025:02:39:21 +0000] "POST /wp-cron.php?doing_wp_cron=1749609560.5873789787292480468750 HTTP/1.1" 499 0 "-" "WordPress/6.8.1; https://superexoticrental.com"
superexoticrental.com.infinitibizsol.com:443 20.171.207.71 - - [11/Jun/2025:02:40:06 +0000] "GET /117bzak42820.html HTTP/1.1" 499 0 "-" "Mozilla/5.0 AppleWebKit/537.36 (KHTML, like Gecko; compatible; GPTBot/1.2; +https://openai.com/gptbot)"
superexoticrental.com.infinitibizsol.com:443 198.204.224.34 - - [11/Jun/2025:02:40:42 +0000] "GET /wp-content/install.php HTTP/1.1" 499 0 "https://superexoticrental.com/wp-content/install.php" "Mozilla/5.0 (Windows NT 10.0; Win64; x64) AppleWebKit/537.36 (KHTML, like Gecko) Chrome/58.0.3029.110 Safari/537.3"
superexoticrental.com.infinitibizsol.com:443 198.204.224.34 - - [11/Jun/2025:02:40:43 +0000] "GET /wp-content/install.php HTTP/1.1" 200 16 "https://superexoticrental.com/wp-content/install.php" "Mozilla/5.0 (Windows NT 10.0; Win64; x64) AppleWebKit/537.36 (KHTML, like Gecko) Chrome/58.0.3029.110 Safari/537.3"
superexoticrental.com.infinitibizsol.com:443 20.171.207.71 - - [11/Jun/2025:02:41:10 +0000] "GET /269szuc22570.html HTTP/1.1" 499 0 "-" "Mozilla/5.0 AppleWebKit/537.36 (KHTML, like Gecko; compatible; GPTBot/1.2; +https://openai.com/gptbot)"
superexoticrental.com.infinitibizsol.com:443 162.0.223.40 - - [11/Jun/2025:02:41:19 +0000] "POST /wp-cron.php?doing_wp_cron=1749609677.9662520885467529296875 HTTP/1.1" 499 0 "-" "WordPress/6.8.1; https://superexoticrental.com"
superexoticrental.com.infinitibizsol.com:443 198.204.226.18 - - [11/Jun/2025:02:41:47 +0000] "GET /wp-content/install.php HTTP/1.1" 200 16 "https://superexoticrental.com/wp-content/install.php" "Mozilla/5.0 (Windows NT 10.0; Win64; x64) AppleWebKit/537.36 (KHTML, like Gecko) Chrome/58.0.3029.110 Safari/537.3"
superexoticrental.com.infinitibizsol.com:443 198.204.226.18 - - [11/Jun/2025:02:42:00 +0000] "GET /wp-content/install.php HTTP/1.1" 200 16 "https://superexoticrental.com/wp-content/install.php" "Mozilla/5.0 (Windows NT 10.0; Win64; x64) AppleWebKit/537.36 (KHTML, like Gecko) Chrome/58.0.3029.110 Safari/537.3"
superexoticrental.com.infinitibizsol.com:443 20.171.207.71 - - [11/Jun/2025:02:42:13 +0000] "GET /282ruwj16107.html HTTP/1.1" 499 0 "-" "Mozilla/5.0 AppleWebKit/537.36 (KHTML, like Gecko; compatible; GPTBot/1.2; +https://openai.com/gptbot)"
superexoticrental.com.infinitibizsol.com:443 162.0.223.40 - - [11/Jun/2025:02:42:27 +0000] "POST /wp-cron.php?doing_wp_cron=1749609746.9468080997467041015625 HTTP/1.1" 499 0 "-" "WordPress/6.8.1; https://superexoticrental.com"
superexoticrental.com.infinitibizsol.com:443 198.204.226.18 - - [11/Jun/2025:02:42:53 +0000] "GET /wp-content/install.php HTTP/1.1" 499 0 "https://superexoticrental.com/wp-content/install.php" "Mozilla/5.0 (Windows NT 10.0; Win64; x64) AppleWebKit/537.36 (KHTML, like Gecko) Chrome/58.0.3029.110 Safari/537.3"
superexoticrental.com.infinitibizsol.com:443 198.204.226.18 - - [11/Jun/2025:02:42:58 +0000] "GET /wp-content/install.php HTTP/1.1" 200 16 "https://superexoticrental.com/wp-content/install.php" "Mozilla/5.0 (Windows NT 10.0; Win64; x64) AppleWebKit/537.36 (KHTML, like Gecko) Chrome/58.0.3029.110 Safari/537.3"
superexoticrental.com.infinitibizsol.com:443 198.204.226.18 - - [11/Jun/2025:02:42:59 +0000] "GET /wp-content/install.php HTTP/1.1" 200 16 "https://superexoticrental.com/wp-content/install.php" "Mozilla/5.0 (Windows NT 10.0; Win64; x64) AppleWebKit/537.36 (KHTML, like Gecko) Chrome/58.0.3029.110 Safari/537.3"
superexoticrental.com.infinitibizsol.com:443 20.171.207.71 - - [11/Jun/2025:02:43:17 +0000] "GET /219kcus28914.html HTTP/1.1" 499 0 "-" "Mozilla/5.0 AppleWebKit/537.36 (KHTML, like Gecko; compatible; GPTBot/1.2; +https://openai.com/gptbot)"
superexoticrental.com.infinitibizsol.com:443 162.0.223.40 - - [11/Jun/2025:02:43:30 +0000] "POST /wp-cron.php?doing_wp_cron=1749609809.2458779811859130859375 HTTP/1.1" 499 0 "-" "WordPress/6.8.1; https://superexoticrental.com"
superexoticrental.com.infinitibizsol.com:443 198.204.226.18 - - [11/Jun/2025:02:43:47 +0000] "GET /wp-content/install.php HTTP/1.1" 200 16 "https://superexoticrental.com/wp-content/install.php" "Mozilla/5.0 (Windows NT 10.0; Win64; x64) AppleWebKit/537.36 (KHTML, like Gecko) Chrome/58.0.3029.110 Safari/537.3"
superexoticrental.com.infinitibizsol.com:443 20.171.207.71 - - [11/Jun/2025:02:44:18 +0000] "GET /100yycq49057.html HTTP/1.1" 499 0 "-" "Mozilla/5.0 AppleWebKit/537.36 (KHTML, like Gecko; compatible; GPTBot/1.2; +https://openai.com/gptbot)"
superexoticrental.com.infinitibizsol.com:443 20.171.207.71 - - [11/Jun/2025:02:45:24 +0000] "GET /295bhjy11620.html HTTP/1.1" 499 0 "-" "Mozilla/5.0 AppleWebKit/537.36 (KHTML, like Gecko; compatible; GPTBot/1.2; +https://openai.com/gptbot)"
superexoticrental.com.infinitibizsol.com:443 162.0.223.40 - - [11/Jun/2025:02:45:33 +0000] "POST /wp-cron.php?doing_wp_cron=1749609932.8999409675598144531250 HTTP/1.1" 499 0 "-" "WordPress/6.8.1; https://superexoticrental.com"
superexoticrental.com.infinitibizsol.com:80 206.189.22.84 - - [11/Jun/2025:02:46:23 +0000] "GET / HTTP/1.1" 499 0 "-" "Mozilla/5.0 (X11; Linux x86_64; rv:136.0) Gecko/20100101 Firefox/136.0"
superexoticrental.com.infinitibizsol.com:443 20.171.207.71 - - [11/Jun/2025:02:46:25 +0000] "GET /117npew33266.html HTTP/1.1" 499 0 "-" "Mozilla/5.0 AppleWebKit/537.36 (KHTML, like Gecko; compatible; GPTBot/1.2; +https://openai.com/gptbot)"
superexoticrental.com.infinitibizsol.com:443 206.189.22.84 - - [11/Jun/2025:02:46:30 +0000] "GET / HTTP/1.1" 499 0 "-" "Mozilla/5.0 (X11; Linux x86_64) AppleWebKit/537.36 (KHTML, like Gecko) Chrome/135.0.0.0 Safari/537.36"
superexoticrental.com.infinitibizsol.com:443 162.0.223.40 - - [11/Jun/2025:02:46:52 +0000] "POST /wp-cron.php?doing_wp_cron=1749610011.5238199234008789062500 HTTP/1.1" 499 0 "-" "WordPress/6.8.1; https://superexoticrental.com"
superexoticrental.com.infinitibizsol.com:443 198.204.226.18 - - [11/Jun/2025:02:46:57 +0000] "GET /wp-content/install.php HTTP/1.1" 499 0 "https://superexoticrental.com/wp-content/install.php" "Mozilla/5.0 (Windows NT 10.0; Win64; x64) AppleWebKit/537.36 (KHTML, like Gecko) Chrome/58.0.3029.110 Safari/537.3"
superexoticrental.com.infinitibizsol.com:443 20.171.207.71 - - [11/Jun/2025:02:47:05 +0000] "GET /162kyer17395.html HTTP/1.1" 404 32358 "-" "Mozilla/5.0 AppleWebKit/537.36 (KHTML, like Gecko; compatible; GPTBot/1.2; +https://openai.com/gptbot)"
superexoticrental.com.infinitibizsol.com:443 173.208.204.66 - - [11/Jun/2025:02:47:30 +0000] "GET /wp-content/install.php HTTP/1.1" 200 16 "https://superexoticrental.com/wp-content/install.php" "Mozilla/5.0 (Windows NT 10.0; Win64; x64) AppleWebKit/537.36 (KHTML, like Gecko) Chrome/58.0.3029.110 Safari/537.3"
superexoticrental.com.infinitibizsol.com:443 20.171.207.71 - - [11/Jun/2025:02:48:33 +0000] "GET /155dfae11826.html HTTP/1.1" 499 0 "-" "Mozilla/5.0 AppleWebKit/537.36 (KHTML, like Gecko; compatible; GPTBot/1.2; +https://openai.com/gptbot)"
superexoticrental.com.infinitibizsol.com:443 162.0.223.40 - - [11/Jun/2025:02:48:46 +0000] "POST /wp-cron.php?doing_wp_cron=1749610125.2700390815734863281250 HTTP/1.1" 499 0 "-" "WordPress/6.8.1; https://superexoticrental.com"
superexoticrental.com.infinitibizsol.com:443 20.171.207.71 - - [11/Jun/2025:02:49:08 +0000] "GET /235sorj15032.html HTTP/1.1" 200 5 "-" "Mozilla/5.0 AppleWebKit/537.36 (KHTML, like Gecko; compatible; GPTBot/1.2; +https://openai.com/gptbot)"
superexoticrental.com.infinitibizsol.com:443 20.171.207.71 - - [11/Jun/2025:02:50:40 +0000] "GET /288wzpq18649.html HTTP/1.1" 499 0 "-" "Mozilla/5.0 AppleWebKit/537.36 (KHTML, like Gecko; compatible; GPTBot/1.2; +https://openai.com/gptbot)"
superexoticrental.com.infinitibizsol.com:443 162.0.223.40 - - [11/Jun/2025:02:50:48 +0000] "POST /wp-cron.php?doing_wp_cron=1749610247.2608189582824707031250 HTTP/1.1" 499 0 "-" "WordPress/6.8.1; https://superexoticrental.com"
superexoticrental.com.infinitibizsol.com:443 20.171.207.71 - - [11/Jun/2025:02:51:35 +0000] "GET /188afwr34191.html HTTP/1.1" 499 0 "-" "Mozilla/5.0 AppleWebKit/537.36 (KHTML, like Gecko; compatible; GPTBot/1.2; +https://openai.com/gptbot)"
superexoticrental.com.infinitibizsol.com:443 198.204.226.18 - - [11/Jun/2025:02:51:42 +0000] "GET /wp-content/install.php HTTP/1.1" 499 0 "https://superexoticrental.com/wp-content/install.php" "Mozilla/5.0 (Windows NT 10.0; Win64; x64) AppleWebKit/537.36 (KHTML, like Gecko) Chrome/58.0.3029.110 Safari/537.3"
superexoticrental.com.infinitibizsol.com:443 20.171.207.71 - - [11/Jun/2025:02:52:41 +0000] "GET /278rcux43495.html HTTP/1.1" 499 0 "-" "Mozilla/5.0 AppleWebKit/537.36 (KHTML, like Gecko; compatible; GPTBot/1.2; +https://openai.com/gptbot)"
superexoticrental.com.infinitibizsol.com:443 162.0.223.40 - - [11/Jun/2025:02:52:56 +0000] "POST /wp-cron.php?doing_wp_cron=1749610375.6789619922637939453125 HTTP/1.1" 499 0 "-" "WordPress/6.8.1; https://superexoticrental.com"
superexoticrental.com.infinitibizsol.com:443 20.171.207.71 - - [11/Jun/2025:02:53:43 +0000] "GET /142mdns48595.html HTTP/1.1" 499 0 "-" "Mozilla/5.0 AppleWebKit/537.36 (KHTML, like Gecko; compatible; GPTBot/1.2; +https://openai.com/gptbot)"
superexoticrental.com.infinitibizsol.com:443 20.171.207.71 - - [11/Jun/2025:02:54:45 +0000] "GET /214ngvl28857.html HTTP/1.1" 499 0 "-" "Mozilla/5.0 AppleWebKit/537.36 (KHTML, like Gecko; compatible; GPTBot/1.2; +https://openai.com/gptbot)"
superexoticrental.com.infinitibizsol.com:443 162.0.223.40 - - [11/Jun/2025:02:54:53 +0000] "POST /wp-cron.php?doing_wp_cron=1749610492.2249100208282470703125 HTTP/1.1" 499 0 "-" "WordPress/6.8.1; https://superexoticrental.com"
superexoticrental.com.infinitibizsol.com:443 198.204.224.34 - - [11/Jun/2025:02:55:48 +0000] "GET /wp-content/install.php HTTP/1.1" 499 0 "https://superexoticrental.com/wp-content/install.php" "Mozilla/5.0 (Windows NT 10.0; Win64; x64) AppleWebKit/537.36 (KHTML, like Gecko) Chrome/58.0.3029.110 Safari/537.3"
superexoticrental.com.infinitibizsol.com:443 198.204.224.34 - - [11/Jun/2025:02:55:48 +0000] "GET /wp-content/install.php HTTP/1.1" 200 16 "https://superexoticrental.com/wp-content/install.php" "Mozilla/5.0 (Windows NT 10.0; Win64; x64) AppleWebKit/537.36 (KHTML, like Gecko) Chrome/58.0.3029.110 Safari/537.3"
superexoticrental.com.infinitibizsol.com:443 20.171.207.71 - - [11/Jun/2025:02:55:50 +0000] "GET /261gwzg24756.html HTTP/1.1" 499 0 "-" "Mozilla/5.0 AppleWebKit/537.36 (KHTML, like Gecko; compatible; GPTBot/1.2; +https://openai.com/gptbot)"
superexoticrental.com.infinitibizsol.com:80 162.0.223.40 - - [11/Jun/2025:02:55:56 +0000] "POST /wp-cron.php?doing_wp_cron=1749610555.6421089172363281250000 HTTP/1.1" 499 0 "-" "WordPress/6.8.1; https://superexoticrental.com"
superexoticrental.com.infinitibizsol.com:80 185.247.137.83 - - [11/Jun/2025:02:56:00 +0000] "GET / HTTP/1.1" 301 377 "-" "Mozilla/5.0 (compatible; InternetMeasurement/1.0; +https://internet-measurement.com/)"
superexoticrental.com.infinitibizsol.com:443 185.247.137.83 - - [11/Jun/2025:02:56:10 +0000] "GET / HTTP/1.1" 200 101043 "http://superexoticrental.com" "Mozilla/5.0 (compatible; InternetMeasurement/1.0; +https://internet-measurement.com/)"
superexoticrental.com.infinitibizsol.com:443 185.247.137.215 - - [11/Jun/2025:02:56:12 +0000] "GET /wp-content/uploads/2023/03/cropped-Turquoise-Gradient-Climate-Change-Facebook-Profile-Frame-32x32.png HTTP/1.1" 200 925 "-" "Mozilla/5.0 (compatible; InternetMeasurement/1.0; +https://internet-measurement.com/)"
superexoticrental.com.infinitibizsol.com:443 185.247.137.203 - - [11/Jun/2025:02:56:12 +0000] "GET /wp-content/uploads/2023/03/cropped-Turquoise-Gradient-Climate-Change-Facebook-Profile-Frame-180x180.png HTTP/1.1" 200 10133 "-" "Mozilla/5.0 (compatible; InternetMeasurement/1.0; +https://internet-measurement.com/)"
superexoticrental.com.infinitibizsol.com:443 185.247.137.126 - - [11/Jun/2025:02:56:12 +0000] "GET /wp-content/uploads/2023/03/cropped-Turquoise-Gradient-Climate-Change-Facebook-Profile-Frame-270x270.png HTTP/1.1" 200 18668 "-" "Mozilla/5.0 (compatible; InternetMeasurement/1.0; +https://internet-measurement.com/)"
superexoticrental.com.infinitibizsol.com:443 87.236.176.123 - - [11/Jun/2025:02:56:12 +0000] "GET /wp-content/uploads/2023/03/cropped-Turquoise-Gradient-Climate-Change-Facebook-Profile-Frame-192x192.png HTTP/1.1" 200 11217 "-" "Mozilla/5.0 (compatible; InternetMeasurement/1.0; +https://internet-measurement.com/)"
superexoticrental.com.infinitibizsol.com:443 20.171.207.71 - - [11/Jun/2025:02:56:29 +0000] "GET /134jido47651.html HTTP/1.1" 404 32358 "-" "Mozilla/5.0 AppleWebKit/537.36 (KHTML, like Gecko; compatible; GPTBot/1.2; +https://openai.com/gptbot)"
superexoticrental.com.infinitibizsol.com:443 108.173.148.117 - - [11/Jun/2025:02:56:44 +0000] "GET /mercedes-benz-g-class-2/ HTTP/1.1" 200 70058 "https://superexoticrental.com/" "Mozilla/5.0 (iPhone; CPU iPhone OS 18_5 like Mac OS X) AppleWebKit/605.1.15 (KHTML, like Gecko) Version/18.5 Mobile/15E148 Safari/604.1"
superexoticrental.com.infinitibizsol.com:443 108.173.148.117 - - [11/Jun/2025:02:56:44 +0000] "GET /wp-content/plugins/addons-for-divi/styles/style.min.css?ver=3.6.1 HTTP/1.1" 200 106791 "https://superexoticrental.com/mercedes-benz-g-class-2/" "Mozilla/5.0 (iPhone; CPU iPhone OS 18_5 like Mac OS X) AppleWebKit/605.1.15 (KHTML, like Gecko) Version/18.5 Mobile/15E148 Safari/604.1"
superexoticrental.com.infinitibizsol.com:443 108.173.148.117 - - [11/Jun/2025:02:56:44 +0000] "GET /wp-content/themes/Divi/includes/builder/feature/dynamic-assets/assets/css/magnific_popup.css?ver=2.5.2 HTTP/1.1" 200 6470 "https://superexoticrental.com/mercedes-benz-g-class-2/" "Mozilla/5.0 (iPhone; CPU iPhone OS 18_5 like Mac OS X) AppleWebKit/605.1.15 (KHTML, like Gecko) Version/18.5 Mobile/15E148 Safari/604.1"
superexoticrental.com.infinitibizsol.com:443 108.173.148.117 - - [11/Jun/2025:02:56:44 +0000] "GET /wp-content/plugins/addons-for-divi/assets/css/magnific-popup.min.css?ver=3.6.1 HTTP/1.1" 200 5235 "https://superexoticrental.com/mercedes-benz-g-class-2/" "Mozilla/5.0 (iPhone; CPU iPhone OS 18_5 like Mac OS X) AppleWebKit/605.1.15 (KHTML, like Gecko) Version/18.5 Mobile/15E148 Safari/604.1"
superexoticrental.com.infinitibizsol.com:443 108.173.148.117 - - [11/Jun/2025:02:56:44 +0000] "GET /wp-content/plugins/addons-for-divi/assets/deprecated/index.min.css?ver=3.6.1 HTTP/1.1" 200 31496 "https://superexoticrental.com/mercedes-benz-g-class-2/" "Mozilla/5.0 (iPhone; CPU iPhone OS 18_5 like Mac OS X) AppleWebKit/605.1.15 (KHTML, like Gecko) Version/18.5 Mobile/15E148 Safari/604.1"
superexoticrental.com.infinitibizsol.com:443 108.173.148.117 - - [11/Jun/2025:02:56:44 +0000] "GET /wp-content/themes/Divi/style-static.min.css?ver=4.20.2 HTTP/1.1" 200 824656 "https://superexoticrental.com/mercedes-benz-g-class-2/" "Mozilla/5.0 (iPhone; CPU iPhone OS 18_5 like Mac OS X) AppleWebKit/605.1.15 (KHTML, like Gecko) Version/18.5 Mobile/15E148 Safari/604.1"
superexoticrental.com.infinitibizsol.com:443 108.173.148.117 - - [11/Jun/2025:02:56:44 +0000] "GET /wp-content/plugins/supreme-modules-for-divi/public/css/animate.css?ver=2.5.2 HTTP/1.1" 200 85371 "https://superexoticrental.com/mercedes-benz-g-class-2/" "Mozilla/5.0 (iPhone; CPU iPhone OS 18_5 like Mac OS X) AppleWebKit/605.1.15 (KHTML, like Gecko) Version/18.5 Mobile/15E148 Safari/604.1"
superexoticrental.com.infinitibizsol.com:443 108.173.148.117 - - [11/Jun/2025:02:56:44 +0000] "GET /wp-content/plugins/addons-for-divi/assets/js/magnific-popup.js?ver=3.6.1 HTTP/1.1" 200 51871 "https://superexoticrental.com/mercedes-benz-g-class-2/" "Mozilla/5.0 (iPhone; CPU iPhone OS 18_5 like Mac OS X) AppleWebKit/605.1.15 (KHTML, like Gecko) Version/18.5 Mobile/15E148 Safari/604.1"
superexoticrental.com.infinitibizsol.com:443 108.173.148.117 - - [11/Jun/2025:02:56:44 +0000] "GET /wp-content/plugins/addons-for-divi/scripts/frontend-bundle.min.js?ver=3.6.1 HTTP/1.1" 200 5727 "https://superexoticrental.com/mercedes-benz-g-class-2/" "Mozilla/5.0 (iPhone; CPU iPhone OS 18_5 like Mac OS X) AppleWebKit/605.1.15 (KHTML, like Gecko) Version/18.5 Mobile/15E148 Safari/604.1"
superexoticrental.com.infinitibizsol.com:443 108.173.148.117 - - [11/Jun/2025:02:56:44 +0000] "GET /wp-includes/js/jquery/jquery.min.js?ver=3.7.1 HTTP/1.1" 200 87553 "https://superexoticrental.com/mercedes-benz-g-class-2/" "Mozilla/5.0 (iPhone; CPU iPhone OS 18_5 like Mac OS X) AppleWebKit/605.1.15 (KHTML, like Gecko) Version/18.5 Mobile/15E148 Safari/604.1"
superexoticrental.com.infinitibizsol.com:443 108.173.148.117 - - [11/Jun/2025:02:56:44 +0000] "GET /wp-content/plugins/supreme-modules-for-divi/scripts/frontend-bundle.min.js?ver=2.5.2 HTTP/1.1" 200 1217 "https://superexoticrental.com/mercedes-benz-g-class-2/" "Mozilla/5.0 (iPhone; CPU iPhone OS 18_5 like Mac OS X) AppleWebKit/605.1.15 (KHTML, like Gecko) Version/18.5 Mobile/15E148 Safari/604.1"
superexoticrental.com.infinitibizsol.com:443 108.173.148.117 - - [11/Jun/2025:02:56:45 +0000] "GET /wp-content/uploads/2023/03/car-dealer-34.jpg HTTP/1.1" 200 322889 "https://superexoticrental.com/mercedes-benz-g-class-2/" "Mozilla/5.0 (iPhone; CPU iPhone OS 18_5 like Mac OS X) AppleWebKit/605.1.15 (KHTML, like Gecko) Version/18.5 Mobile/15E148 Safari/604.1"
superexoticrental.com.infinitibizsol.com:443 108.173.148.117 - - [11/Jun/2025:02:56:45 +0000] "GET /wp-content/uploads/2023/03/Mercedes-Benz-G-Class-1.png HTTP/1.1" 200 2542701 "https://superexoticrental.com/mercedes-benz-g-class-2/" "Mozilla/5.0 (iPhone; CPU iPhone OS 18_5 like Mac OS X) AppleWebKit/605.1.15 (KHTML, like Gecko) Version/18.5 Mobile/15E148 Safari/604.1"
superexoticrental.com.infinitibizsol.com:443 108.173.148.117 - - [11/Jun/2025:02:56:46 +0000] "GET /wp-content/themes/Divi/core/admin/fonts/fontawesome/fa-regular-400.woff2 HTTP/1.1" 200 13548 "https://superexoticrental.com/mercedes-benz-g-class-2/" "Mozilla/5.0 (iPhone; CPU iPhone OS 18_5 like Mac OS X) AppleWebKit/605.1.15 (KHTML, like Gecko) Version/18.5 Mobile/15E148 Safari/604.1"
superexoticrental.com.infinitibizsol.com:443 108.173.148.117 - - [11/Jun/2025:02:56:46 +0000] "GET /wp-content/uploads/2023/03/cadillac-superexoticrental-1.png HTTP/1.1" 200 1645385 "https://superexoticrental.com/mercedes-benz-g-class-2/" "Mozilla/5.0 (iPhone; CPU iPhone OS 18_5 like Mac OS X) AppleWebKit/605.1.15 (KHTML, like Gecko) Version/18.5 Mobile/15E148 Safari/604.1"
superexoticrental.com.infinitibizsol.com:443 162.0.223.40 - - [11/Jun/2025:02:57:55 +0000] "POST /wp-cron.php?doing_wp_cron=1749610674.6113309860229492187500 HTTP/1.1" 499 0 "-" "WordPress/6.8.1; https://superexoticrental.com"
superexoticrental.com.infinitibizsol.com:443 20.171.207.71 - - [11/Jun/2025:02:57:56 +0000] "GET /280gszf27627.html HTTP/1.1" 499 0 "-" "Mozilla/5.0 AppleWebKit/537.36 (KHTML, like Gecko; compatible; GPTBot/1.2; +https://openai.com/gptbot)"
superexoticrental.com.infinitibizsol.com:443 162.0.223.40 - - [11/Jun/2025:02:58:56 +0000] "POST /wp-cron.php?doing_wp_cron=1749610735.9690709114074707031250 HTTP/1.1" 499 0 "-" "WordPress/6.8.1; https://superexoticrental.com"
superexoticrental.com.infinitibizsol.com:443 20.171.207.71 - - [11/Jun/2025:02:58:58 +0000] "GET /137nepw26028.html HTTP/1.1" 499 0 "-" "Mozilla/5.0 AppleWebKit/537.36 (KHTML, like Gecko; compatible; GPTBot/1.2; +https://openai.com/gptbot)"
superexoticrental.com.infinitibizsol.com:443 20.171.207.71 - - [11/Jun/2025:02:59:36 +0000] "GET /106exzt10347.html HTTP/1.1" 404 32358 "-" "Mozilla/5.0 AppleWebKit/537.36 (KHTML, like Gecko; compatible; GPTBot/1.2; +https://openai.com/gptbot)"
superexoticrental.com.infinitibizsol.com:443 51.222.253.4 - - [11/Jun/2025:02:59:42 +0000] "GET /d/652538141.shtm HTTP/1.1" 499 0 "-" "Mozilla/5.0 (compatible; AhrefsBot/7.0; +http://ahrefs.com/robot/)"
superexoticrental.com.infinitibizsol.com:443 162.0.223.40 - - [11/Jun/2025:02:59:58 +0000] "POST /wp-cron.php?doing_wp_cron=1749610797.0380311012268066406250 HTTP/1.1" 499 0 "-" "WordPress/6.8.1; https://superexoticrental.com"
superexoticrental.com.infinitibizsol.com:443 198.204.226.18 - - [11/Jun/2025:03:00:42 +0000] "GET /wp-content/install.php HTTP/1.1" 499 0 "https://superexoticrental.com/wp-content/install.php" "Mozilla/5.0 (Windows NT 10.0; Win64; x64) AppleWebKit/537.36 (KHTML, like Gecko) Chrome/58.0.3029.110 Safari/537.3"
superexoticrental.com.infinitibizsol.com:443 20.171.207.71 - - [11/Jun/2025:03:01:00 +0000] "GET /158uegi46483.html HTTP/1.1" 499 0 "-" "Mozilla/5.0 AppleWebKit/537.36 (KHTML, like Gecko; compatible; GPTBot/1.2; +https://openai.com/gptbot)"
superexoticrental.com.infinitibizsol.com:443 162.0.223.40 - - [11/Jun/2025:03:01:04 +0000] "POST /wp-cron.php?doing_wp_cron=1749610863.8821320533752441406250 HTTP/1.1" 499 0 "-" "WordPress/6.8.1; https://superexoticrental.com"
superexoticrental.com.infinitibizsol.com:443 20.171.207.71 - - [11/Jun/2025:03:02:02 +0000] "GET /173icfa12152.html HTTP/1.1" 499 0 "-" "Mozilla/5.0 AppleWebKit/537.36 (KHTML, like Gecko; compatible; GPTBot/1.2; +https://openai.com/gptbot)"
superexoticrental.com.infinitibizsol.com:443 162.0.223.40 - - [11/Jun/2025:03:02:07 +0000] "POST /wp-cron.php?doing_wp_cron=1749610926.4243710041046142578125 HTTP/1.1" 499 0 "-" "WordPress/6.8.1; https://superexoticrental.com"
superexoticrental.com.infinitibizsol.com:443 20.171.207.71 - - [11/Jun/2025:03:03:06 +0000] "GET /119jrts30656.html HTTP/1.1" 499 0 "-" "Mozilla/5.0 AppleWebKit/537.36 (KHTML, like Gecko; compatible; GPTBot/1.2; +https://openai.com/gptbot)"
superexoticrental.com.infinitibizsol.com:443 162.0.223.40 - - [11/Jun/2025:03:03:08 +0000] "POST /wp-cron.php?doing_wp_cron=1749610987.8481850624084472656250 HTTP/1.1" 499 0 "-" "WordPress/6.8.1; https://superexoticrental.com"
superexoticrental.com.infinitibizsol.com:443 173.208.204.66 - - [11/Jun/2025:03:03:47 +0000] "GET /wp-content/install.php HTTP/1.1" 499 0 "https://superexoticrental.com/wp-content/install.php" "Mozilla/5.0 (Windows NT 10.0; Win64; x64) AppleWebKit/537.36 (KHTML, like Gecko) Chrome/58.0.3029.110 Safari/537.3"
superexoticrental.com.infinitibizsol.com:443 173.208.204.66 - - [11/Jun/2025:03:03:47 +0000] "GET /wp-content/install.php HTTP/1.1" 200 16 "https://superexoticrental.com/wp-content/install.php" "Mozilla/5.0 (Windows NT 10.0; Win64; x64) AppleWebKit/537.36 (KHTML, like Gecko) Chrome/58.0.3029.110 Safari/537.3"
superexoticrental.com.infinitibizsol.com:443 20.171.207.71 - - [11/Jun/2025:03:04:10 +0000] "GET /281ddkv30492.html HTTP/1.1" 499 0 "-" "Mozilla/5.0 AppleWebKit/537.36 (KHTML, like Gecko; compatible; GPTBot/1.2; +https://openai.com/gptbot)"
superexoticrental.com.infinitibizsol.com:443 162.0.223.40 - - [11/Jun/2025:03:04:16 +0000] "POST /wp-cron.php?doing_wp_cron=1749611055.1715140342712402343750 HTTP/1.1" 499 0 "-" "WordPress/6.8.1; https://superexoticrental.com"
superexoticrental.com.infinitibizsol.com:443 20.171.207.71 - - [11/Jun/2025:03:05:13 +0000] "GET /299ffrp15066.html HTTP/1.1" 499 0 "-" "Mozilla/5.0 AppleWebKit/537.36 (KHTML, like Gecko; compatible; GPTBot/1.2; +https://openai.com/gptbot)"
superexoticrental.com.infinitibizsol.com:443 162.0.223.40 - - [11/Jun/2025:03:05:35 +0000] "POST /wp-cron.php?doing_wp_cron=1749611134.1847579479217529296875 HTTP/1.1" 499 0 "-" "WordPress/6.8.1; https://superexoticrental.com"
superexoticrental.com.infinitibizsol.com:443 20.171.207.71 - - [11/Jun/2025:03:05:49 +0000] "GET /284jcjq26905.html HTTP/1.1" 404 32358 "-" "Mozilla/5.0 AppleWebKit/537.36 (KHTML, like Gecko; compatible; GPTBot/1.2; +https://openai.com/gptbot)"
superexoticrental.com.infinitibizsol.com:443 162.0.223.40 - - [11/Jun/2025:03:07:14 +0000] "POST /wp-cron.php?doing_wp_cron=1749611233.0249259471893310546875 HTTP/1.1" 499 0 "-" "WordPress/6.8.1; https://superexoticrental.com"
superexoticrental.com.infinitibizsol.com:443 20.171.207.71 - - [11/Jun/2025:03:07:14 +0000] "GET /205gzef22478.html HTTP/1.1" 499 0 "-" "Mozilla/5.0 AppleWebKit/537.36 (KHTML, like Gecko; compatible; GPTBot/1.2; +https://openai.com/gptbot)"
superexoticrental.com.infinitibizsol.com:443 87.236.176.88 - - [11/Jun/2025:03:07:17 +0000] "GET / HTTP/1.1" 200 101044 "-" "Mozilla/5.0 (compatible; InternetMeasurement/1.0; +https://internet-measurement.com/)"
superexoticrental.com.infinitibizsol.com:443 185.247.137.167 - - [11/Jun/2025:03:07:19 +0000] "GET /wp-content/uploads/2023/03/cropped-Turquoise-Gradient-Climate-Change-Facebook-Profile-Frame-192x192.png HTTP/1.1" 200 11217 "-" "Mozilla/5.0 (compatible; InternetMeasurement/1.0; +https://internet-measurement.com/)"
superexoticrental.com.infinitibizsol.com:443 87.236.176.127 - - [11/Jun/2025:03:07:19 +0000] "GET /wp-content/uploads/2023/03/cropped-Turquoise-Gradient-Climate-Change-Facebook-Profile-Frame-270x270.png HTTP/1.1" 200 18668 "-" "Mozilla/5.0 (compatible; InternetMeasurement/1.0; +https://internet-measurement.com/)"
superexoticrental.com.infinitibizsol.com:443 87.236.176.134 - - [11/Jun/2025:03:07:19 +0000] "GET /wp-content/uploads/2023/03/cropped-Turquoise-Gradient-Climate-Change-Facebook-Profile-Frame-180x180.png HTTP/1.1" 200 10133 "-" "Mozilla/5.0 (compatible; InternetMeasurement/1.0; +https://internet-measurement.com/)"
superexoticrental.com.infinitibizsol.com:443 87.236.176.234 - - [11/Jun/2025:03:07:19 +0000] "GET /wp-content/uploads/2023/03/cropped-Turquoise-Gradient-Climate-Change-Facebook-Profile-Frame-32x32.png HTTP/1.1" 200 925 "-" "Mozilla/5.0 (compatible; InternetMeasurement/1.0; +https://internet-measurement.com/)"
superexoticrental.com.infinitibizsol.com:443 162.0.223.40 - - [11/Jun/2025:03:07:25 +0000] "POST /wp-cron.php?doing_wp_cron=1749611244.0291349887847900390625 HTTP/1.1" 499 0 "-" "WordPress/6.8.1; https://superexoticrental.com"
superexoticrental.com.infinitibizsol.com:443 20.171.207.71 - - [11/Jun/2025:03:08:17 +0000] "GET /112ulqr14735.html HTTP/1.1" 499 0 "-" "Mozilla/5.0 AppleWebKit/537.36 (KHTML, like Gecko; compatible; GPTBot/1.2; +https://openai.com/gptbot)"
superexoticrental.com.infinitibizsol.com:443 162.0.223.40 - - [11/Jun/2025:03:08:26 +0000] "POST /wp-cron.php?doing_wp_cron=1749611305.2718820571899414062500 HTTP/1.1" 499 0 "-" "WordPress/6.8.1; https://superexoticrental.com"
superexoticrental.com.infinitibizsol.com:443 20.171.207.71 - - [11/Jun/2025:03:09:18 +0000] "GET /281qgdt29176.html HTTP/1.1" 499 0 "-" "Mozilla/5.0 AppleWebKit/537.36 (KHTML, like Gecko; compatible; GPTBot/1.2; +https://openai.com/gptbot)"
superexoticrental.com.infinitibizsol.com:443 162.0.223.40 - - [11/Jun/2025:03:09:30 +0000] "POST /wp-cron.php?doing_wp_cron=1749611369.2360589504241943359375 HTTP/1.1" 499 0 "-" "WordPress/6.8.1; https://superexoticrental.com"
superexoticrental.com.infinitibizsol.com:443 20.171.207.71 - - [11/Jun/2025:03:10:19 +0000] "GET /182uupf47969.html HTTP/1.1" 499 0 "-" "Mozilla/5.0 AppleWebKit/537.36 (KHTML, like Gecko; compatible; GPTBot/1.2; +https://openai.com/gptbot)"
superexoticrental.com.infinitibizsol.com:443 162.0.223.40 - - [11/Jun/2025:03:10:33 +0000] "POST /wp-cron.php?doing_wp_cron=1749611432.5124850273132324218750 HTTP/1.1" 499 0 "-" "WordPress/6.8.1; https://superexoticrental.com"
superexoticrental.com.infinitibizsol.com:443 20.171.207.71 - - [11/Jun/2025:03:11:19 +0000] "GET /289mxhi48716.html HTTP/1.1" 404 32358 "-" "Mozilla/5.0 AppleWebKit/537.36 (KHTML, like Gecko; compatible; GPTBot/1.2; +https://openai.com/gptbot)"
superexoticrental.com.infinitibizsol.com:443 173.208.204.66 - - [11/Jun/2025:03:11:47 +0000] "GET /wp-content/install.php HTTP/1.1" 499 0 "https://superexoticrental.com/wp-content/install.php" "Mozilla/5.0 (Windows NT 10.0; Win64; x64) AppleWebKit/537.36 (KHTML, like Gecko) Chrome/58.0.3029.110 Safari/537.3"
superexoticrental.com.infinitibizsol.com:443 173.208.204.66 - - [11/Jun/2025:03:11:47 +0000] "GET /wp-content/install.php HTTP/1.1" 200 16 "https://superexoticrental.com/wp-content/install.php" "Mozilla/5.0 (Windows NT 10.0; Win64; x64) AppleWebKit/537.36 (KHTML, like Gecko) Chrome/58.0.3029.110 Safari/537.3"
superexoticrental.com.infinitibizsol.com:443 162.0.223.40 - - [11/Jun/2025:03:12:20 +0000] "POST /wp-cron.php?doing_wp_cron=1749611539.4198160171508789062500 HTTP/1.1" 499 0 "-" "WordPress/6.8.1; https://superexoticrental.com"
superexoticrental.com.infinitibizsol.com:443 20.171.207.71 - - [11/Jun/2025:03:12:23 +0000] "GET /100jlne46825.html HTTP/1.1" 404 32358 "-" "Mozilla/5.0 AppleWebKit/537.36 (KHTML, like Gecko; compatible; GPTBot/1.2; +https://openai.com/gptbot)"
superexoticrental.com.infinitibizsol.com:443 198.204.226.18 - - [11/Jun/2025:03:13:10 +0000] "GET /wp-content/install.php HTTP/1.1" 200 16 "https://superexoticrental.com/wp-content/install.php" "Mozilla/5.0 (Windows NT 10.0; Win64; x64) AppleWebKit/537.36 (KHTML, like Gecko) Chrome/58.0.3029.110 Safari/537.3"
superexoticrental.com.infinitibizsol.com:443 20.171.207.71 - - [11/Jun/2025:03:13:31 +0000] "GET /245gfsh29702.html HTTP/1.1" 499 0 "-" "Mozilla/5.0 AppleWebKit/537.36 (KHTML, like Gecko; compatible; GPTBot/1.2; +https://openai.com/gptbot)"
superexoticrental.com.infinitibizsol.com:443 162.0.223.40 - - [11/Jun/2025:03:13:42 +0000] "POST /wp-cron.php?doing_wp_cron=1749611621.9129259586334228515625 HTTP/1.1" 499 0 "-" "WordPress/6.8.1; https://superexoticrental.com"
superexoticrental.com.infinitibizsol.com:443 198.204.226.18 - - [11/Jun/2025:03:13:58 +0000] "GET /wp-content/install.php HTTP/1.1" 499 0 "https://superexoticrental.com/wp-content/install.php" "Mozilla/5.0 (Windows NT 10.0; Win64; x64) AppleWebKit/537.36 (KHTML, like Gecko) Chrome/58.0.3029.110 Safari/537.3"
superexoticrental.com.infinitibizsol.com:443 20.171.207.71 - - [11/Jun/2025:03:14:29 +0000] "GET /184bjod11683.html HTTP/1.1" 404 32358 "-" "Mozilla/5.0 AppleWebKit/537.36 (KHTML, like Gecko; compatible; GPTBot/1.2; +https://openai.com/gptbot)"
superexoticrental.com.infinitibizsol.com:443 20.171.207.71 - - [11/Jun/2025:03:15:39 +0000] "GET /103lnqk41706.html HTTP/1.1" 499 0 "-" "Mozilla/5.0 AppleWebKit/537.36 (KHTML, like Gecko; compatible; GPTBot/1.2; +https://openai.com/gptbot)"
superexoticrental.com.infinitibizsol.com:443 162.0.223.40 - - [11/Jun/2025:03:15:43 +0000] "POST /wp-cron.php?doing_wp_cron=1749611742.7888720035552978515625 HTTP/1.1" 499 0 "-" "WordPress/6.8.1; https://superexoticrental.com"
superexoticrental.com.infinitibizsol.com:443 66.249.70.101 - - [11/Jun/2025:03:16:14 +0000] "GET /?sell=13738646 HTTP/1.1" 200 555209 "-" "Mozilla/5.0 (Linux; Android 6.0.1; Nexus 5X Build/MMB29P) AppleWebKit/537.36 (KHTML, like Gecko) Chrome/136.0.7103.113 Mobile Safari/537.36 (compatible; Googlebot/2.1; +http://www.google.com/bot.html)"
superexoticrental.com.infinitibizsol.com:443 20.171.207.71 - - [11/Jun/2025:03:16:31 +0000] "GET /158aenc23475.html HTTP/1.1" 404 32358 "-" "Mozilla/5.0 AppleWebKit/537.36 (KHTML, like Gecko; compatible; GPTBot/1.2; +https://openai.com/gptbot)"
superexoticrental.com.infinitibizsol.com:443 162.0.223.40 - - [11/Jun/2025:03:17:35 +0000] "POST /wp-cron.php?doing_wp_cron=1749611854.0136380195617675781250 HTTP/1.1" 499 0 "-" "WordPress/6.8.1; https://superexoticrental.com"
superexoticrental.com.infinitibizsol.com:443 20.171.207.71 - - [11/Jun/2025:03:17:40 +0000] "GET /151lisr41376.html HTTP/1.1" 404 32358 "-" "Mozilla/5.0 AppleWebKit/537.36 (KHTML, like Gecko; compatible; GPTBot/1.2; +https://openai.com/gptbot)"
superexoticrental.com.infinitibizsol.com:443 162.0.223.40 - - [11/Jun/2025:03:18:36 +0000] "POST /wp-cron.php?doing_wp_cron=1749611915.8094398975372314453125 HTTP/1.1" 499 0 "-" "WordPress/6.8.1; https://superexoticrental.com"
superexoticrental.com.infinitibizsol.com:443 20.171.207.71 - - [11/Jun/2025:03:18:39 +0000] "GET /246qihh38985.html HTTP/1.1" 404 32358 "-" "Mozilla/5.0 AppleWebKit/537.36 (KHTML, like Gecko; compatible; GPTBot/1.2; +https://openai.com/gptbot)"
superexoticrental.com.infinitibizsol.com:443 20.171.207.71 - - [11/Jun/2025:03:19:37 +0000] "GET /142wvnq38819.html HTTP/1.1" 404 32358 "-" "Mozilla/5.0 AppleWebKit/537.36 (KHTML, like Gecko; compatible; GPTBot/1.2; +https://openai.com/gptbot)"
superexoticrental.com.infinitibizsol.com:443 173.208.204.66 - - [11/Jun/2025:03:19:47 +0000] "GET /wp-content/install.php HTTP/1.1" 499 0 "https://superexoticrental.com/wp-content/install.php" "Mozilla/5.0 (Windows NT 10.0; Win64; x64) AppleWebKit/537.36 (KHTML, like Gecko) Chrome/58.0.3029.110 Safari/537.3"
superexoticrental.com.infinitibizsol.com:443 173.208.204.66 - - [11/Jun/2025:03:19:48 +0000] "GET /wp-content/install.php HTTP/1.1" 200 16 "https://superexoticrental.com/wp-content/install.php" "Mozilla/5.0 (Windows NT 10.0; Win64; x64) AppleWebKit/537.36 (KHTML, like Gecko) Chrome/58.0.3029.110 Safari/537.3"
superexoticrental.com.infinitibizsol.com:443 51.222.253.7 - - [11/Jun/2025:03:20:25 +0000] "GET /d/715678971.shtm HTTP/1.1" 499 0 "-" "Mozilla/5.0 (compatible; AhrefsBot/7.0; +http://ahrefs.com/robot/)"
superexoticrental.com.infinitibizsol.com:443 162.0.223.40 - - [11/Jun/2025:03:20:29 +0000] "POST /wp-cron.php?doing_wp_cron=1749612028.6378159523010253906250 HTTP/1.1" 499 0 "-" "WordPress/6.8.1; https://superexoticrental.com"
superexoticrental.com.infinitibizsol.com:443 20.171.207.71 - - [11/Jun/2025:03:20:32 +0000] "GET /137ztrn18458.html HTTP/1.1" 404 32358 "-" "Mozilla/5.0 AppleWebKit/537.36 (KHTML, like Gecko; compatible; GPTBot/1.2; +https://openai.com/gptbot)"
superexoticrental.com.infinitibizsol.com:443 162.0.223.40 - - [11/Jun/2025:03:20:43 +0000] "POST /wp-cron.php?doing_wp_cron=1749612042.3019750118255615234375 HTTP/1.1" 499 0 "-" "WordPress/6.8.1; https://superexoticrental.com"
superexoticrental.com.infinitibizsol.com:443 162.0.223.40 - - [11/Jun/2025:03:21:55 +0000] "POST /wp-cron.php?doing_wp_cron=1749612114.1304700374603271484375 HTTP/1.1" 499 0 "-" "WordPress/6.8.1; https://superexoticrental.com"
superexoticrental.com.infinitibizsol.com:443 20.171.207.71 - - [11/Jun/2025:03:21:56 +0000] "GET /208izjn41737.html HTTP/1.1" 499 0 "-" "Mozilla/5.0 AppleWebKit/537.36 (KHTML, like Gecko; compatible; GPTBot/1.2; +https://openai.com/gptbot)"
superexoticrental.com.infinitibizsol.com:443 198.204.226.18 - - [11/Jun/2025:03:22:13 +0000] "GET /wp-content/install.php HTTP/1.1" 499 0 "https://superexoticrental.com/wp-content/install.php" "Mozilla/5.0 (Windows NT 10.0; Win64; x64) AppleWebKit/537.36 (KHTML, like Gecko) Chrome/58.0.3029.110 Safari/537.3"
superexoticrental.com.infinitibizsol.com:443 198.204.226.18 - - [11/Jun/2025:03:22:14 +0000] "GET /wp-content/install.php HTTP/1.1" 200 16 "https://superexoticrental.com/wp-content/install.php" "Mozilla/5.0 (Windows NT 10.0; Win64; x64) AppleWebKit/537.36 (KHTML, like Gecko) Chrome/58.0.3029.110 Safari/537.3"
superexoticrental.com.infinitibizsol.com:443 162.0.223.40 - - [11/Jun/2025:03:22:59 +0000] "POST /wp-cron.php?doing_wp_cron=1749612178.1288230419158935546875 HTTP/1.1" 499 0 "-" "WordPress/6.8.1; https://superexoticrental.com"
superexoticrental.com.infinitibizsol.com:443 20.171.207.71 - - [11/Jun/2025:03:23:01 +0000] "GET /295znfv17796.html HTTP/1.1" 499 0 "-" "Mozilla/5.0 AppleWebKit/537.36 (KHTML, like Gecko; compatible; GPTBot/1.2; +https://openai.com/gptbot)"
superexoticrental.com.infinitibizsol.com:443 198.204.226.18 - - [11/Jun/2025:03:23:19 +0000] "GET /wp-content/install.php HTTP/1.1" 200 16 "https://superexoticrental.com/wp-content/install.php" "Mozilla/5.0 (Windows NT 10.0; Win64; x64) AppleWebKit/537.36 (KHTML, like Gecko) Chrome/58.0.3029.110 Safari/537.3"
superexoticrental.com.infinitibizsol.com:443 162.0.223.40 - - [11/Jun/2025:03:24:00 +0000] "POST /wp-cron.php?doing_wp_cron=1749612239.4205079078674316406250 HTTP/1.1" 499 0 "-" "WordPress/6.8.1; https://superexoticrental.com"
superexoticrental.com.infinitibizsol.com:443 20.171.207.71 - - [11/Jun/2025:03:24:02 +0000] "GET /127jegr44704.html HTTP/1.1" 404 32358 "-" "Mozilla/5.0 AppleWebKit/537.36 (KHTML, like Gecko; compatible; GPTBot/1.2; +https://openai.com/gptbot)"
superexoticrental.com.infinitibizsol.com:443 20.171.207.71 - - [11/Jun/2025:03:25:07 +0000] "GET /118tecw14903.html HTTP/1.1" 499 0 "-" "Mozilla/5.0 AppleWebKit/537.36 (KHTML, like Gecko; compatible; GPTBot/1.2; +https://openai.com/gptbot)"
superexoticrental.com.infinitibizsol.com:443 162.0.223.40 - - [11/Jun/2025:03:25:26 +0000] "POST /wp-cron.php?doing_wp_cron=1749612325.5224039554595947265625 HTTP/1.1" 499 0 "-" "WordPress/6.8.1; https://superexoticrental.com"
superexoticrental.com.infinitibizsol.com:443 198.204.226.18 - - [11/Jun/2025:03:25:40 +0000] "GET /wp-content/install.php HTTP/1.1" 499 0 "https://superexoticrental.com/wp-content/install.php" "Mozilla/5.0 (Windows NT 10.0; Win64; x64) AppleWebKit/537.36 (KHTML, like Gecko) Chrome/58.0.3029.110 Safari/537.3"
superexoticrental.com.infinitibizsol.com:443 198.204.226.18 - - [11/Jun/2025:03:25:49 +0000] "GET /wp-content/install.php HTTP/1.1" 200 16 "https://superexoticrental.com/wp-content/install.php" "Mozilla/5.0 (Windows NT 10.0; Win64; x64) AppleWebKit/537.36 (KHTML, like Gecko) Chrome/58.0.3029.110 Safari/537.3"
superexoticrental.com.infinitibizsol.com:443 20.171.207.71 - - [11/Jun/2025:03:25:56 +0000] "GET /214knvs21979.html HTTP/1.1" 404 48742 "-" "Mozilla/5.0 AppleWebKit/537.36 (KHTML, like Gecko; compatible; GPTBot/1.2; +https://openai.com/gptbot)"
superexoticrental.com.infinitibizsol.com:443 108.181.202.211 - - [11/Jun/2025:03:25:57 +0000] "GET /wp-content/install.php HTTP/1.1" 200 16 "https://superexoticrental.com/wp-content/install.php" "Mozilla/5.0 (Macintosh; U; Intel Mac OS X 10_5_6; ja-jp) AppleWebKit/525.27.1 (KHTML, like Gecko) Version/3.2.1 Safari/525.27.1"
superexoticrental.com.infinitibizsol.com:443 198.204.226.18 - - [11/Jun/2025:03:27:06 +0000] "GET /wp-content/install.php HTTP/1.1" 499 0 "https://superexoticrental.com/wp-content/install.php" "Mozilla/5.0 (Windows NT 10.0; Win64; x64) AppleWebKit/537.36 (KHTML, like Gecko) Chrome/58.0.3029.110 Safari/537.3"
superexoticrental.com.infinitibizsol.com:443 20.171.207.71 - - [11/Jun/2025:03:27:09 +0000] "GET /274ahql15387.html HTTP/1.1" 499 0 "-" "Mozilla/5.0 AppleWebKit/537.36 (KHTML, like Gecko; compatible; GPTBot/1.2; +https://openai.com/gptbot)"
superexoticrental.com.infinitibizsol.com:443 162.0.223.40 - - [11/Jun/2025:03:27:28 +0000] "POST /wp-cron.php?doing_wp_cron=1749612447.0000178813934326171875 HTTP/1.1" 499 0 "-" "WordPress/6.8.1; https://superexoticrental.com"
superexoticrental.com.infinitibizsol.com:443 198.204.224.34 - - [11/Jun/2025:03:27:44 +0000] "GET /wp-content/install.php HTTP/1.1" 200 16 "https://superexoticrental.com/wp-content/install.php" "Mozilla/5.0 (Windows NT 10.0; Win64; x64) AppleWebKit/537.36 (KHTML, like Gecko) Chrome/58.0.3029.110 Safari/537.3"
superexoticrental.com.infinitibizsol.com:443 20.171.207.71 - - [11/Jun/2025:03:28:10 +0000] "GET /226edez14577.html HTTP/1.1" 499 0 "-" "Mozilla/5.0 AppleWebKit/537.36 (KHTML, like Gecko; compatible; GPTBot/1.2; +https://openai.com/gptbot)"
superexoticrental.com.infinitibizsol.com:443 198.204.226.18 - - [11/Jun/2025:03:29:10 +0000] "GET /wp-content/install.php HTTP/1.1" 499 0 "https://superexoticrental.com/wp-content/install.php" "Mozilla/5.0 (Windows NT 10.0; Win64; x64) AppleWebKit/537.36 (KHTML, like Gecko) Chrome/58.0.3029.110 Safari/537.3"
superexoticrental.com.infinitibizsol.com:443 20.171.207.71 - - [11/Jun/2025:03:29:13 +0000] "GET /229qfke30028.html HTTP/1.1" 499 0 "-" "Mozilla/5.0 AppleWebKit/537.36 (KHTML, like Gecko; compatible; GPTBot/1.2; +https://openai.com/gptbot)"
superexoticrental.com.infinitibizsol.com:443 198.204.226.18 - - [11/Jun/2025:03:29:22 +0000] "GET /wp-content/install.php HTTP/1.1" 200 16 "https://superexoticrental.com/wp-content/install.php" "Mozilla/5.0 (Windows NT 10.0; Win64; x64) AppleWebKit/537.36 (KHTML, like Gecko) Chrome/58.0.3029.110 Safari/537.3"
superexoticrental.com.infinitibizsol.com:443 162.0.223.40 - - [11/Jun/2025:03:29:32 +0000] "POST /wp-cron.php?doing_wp_cron=1749612571.3586490154266357421875 HTTP/1.1" 499 0 "-" "WordPress/6.8.1; https://superexoticrental.com"
superexoticrental.com.infinitibizsol.com:443 20.171.207.71 - - [11/Jun/2025:03:30:18 +0000] "GET /284cnsq32511.html HTTP/1.1" 499 0 "-" "Mozilla/5.0 AppleWebKit/537.36 (KHTML, like Gecko; compatible; GPTBot/1.2; +https://openai.com/gptbot)"
superexoticrental.com.infinitibizsol.com:443 162.0.223.40 - - [11/Jun/2025:03:30:35 +0000] "POST /wp-cron.php?doing_wp_cron=1749612633.9818599224090576171875 HTTP/1.1" 499 0 "-" "WordPress/6.8.1; https://superexoticrental.com"
superexoticrental.com.infinitibizsol.com:443 20.171.207.71 - - [11/Jun/2025:03:31:21 +0000] "GET /176cjnf16405.html HTTP/1.1" 499 0 "-" "Mozilla/5.0 AppleWebKit/537.36 (KHTML, like Gecko; compatible; GPTBot/1.2; +https://openai.com/gptbot)"
superexoticrental.com.infinitibizsol.com:443 162.0.223.40 - - [11/Jun/2025:03:31:40 +0000] "POST /wp-cron.php?doing_wp_cron=1749612699.1085939407348632812500 HTTP/1.1" 499 0 "-" "WordPress/6.8.1; https://superexoticrental.com"
superexoticrental.com.infinitibizsol.com:443 20.171.207.71 - - [11/Jun/2025:03:32:22 +0000] "GET /254rjlc18577.html HTTP/1.1" 499 0 "-" "Mozilla/5.0 AppleWebKit/537.36 (KHTML, like Gecko; compatible; GPTBot/1.2; +https://openai.com/gptbot)"
superexoticrental.com.infinitibizsol.com:443 198.204.226.18 - - [11/Jun/2025:03:32:26 +0000] "GET /wp-content/install.php HTTP/1.1" 499 0 "https://superexoticrental.com/wp-content/install.php" "Mozilla/5.0 (Windows NT 10.0; Win64; x64) AppleWebKit/537.36 (KHTML, like Gecko) Chrome/58.0.3029.110 Safari/537.3"
superexoticrental.com.infinitibizsol.com:443 198.204.226.18 - - [11/Jun/2025:03:33:15 +0000] "GET /wp-content/install.php HTTP/1.1" 200 16 "https://superexoticrental.com/wp-content/install.php" "Mozilla/5.0 (Windows NT 10.0; Win64; x64) AppleWebKit/537.36 (KHTML, like Gecko) Chrome/58.0.3029.110 Safari/537.3"
superexoticrental.com.infinitibizsol.com:443 20.171.207.71 - - [11/Jun/2025:03:33:25 +0000] "GET /189ytrp39164.html HTTP/1.1" 499 0 "-" "Mozilla/5.0 AppleWebKit/537.36 (KHTML, like Gecko; compatible; GPTBot/1.2; +https://openai.com/gptbot)"
superexoticrental.com.infinitibizsol.com:443 198.204.226.18 - - [11/Jun/2025:03:33:26 +0000] "GET /wp-content/install.php HTTP/1.1" 200 16 "https://superexoticrental.com/wp-content/install.php" "Mozilla/5.0 (Windows NT 10.0; Win64; x64) AppleWebKit/537.36 (KHTML, like Gecko) Chrome/58.0.3029.110 Safari/537.3"
superexoticrental.com.infinitibizsol.com:443 162.0.223.40 - - [11/Jun/2025:03:33:47 +0000] "POST /wp-cron.php?doing_wp_cron=1749612826.3978619575500488281250 HTTP/1.1" 499 0 "-" "WordPress/6.8.1; https://superexoticrental.com"
superexoticrental.com.infinitibizsol.com:443 198.204.226.18 - - [11/Jun/2025:03:34:04 +0000] "GET /wp-content/install.php HTTP/1.1" 499 0 "https://superexoticrental.com/wp-content/install.php" "Mozilla/5.0 (Windows NT 10.0; Win64; x64) AppleWebKit/537.36 (KHTML, like Gecko) Chrome/58.0.3029.110 Safari/537.3"
superexoticrental.com.infinitibizsol.com:443 20.171.207.71 - - [11/Jun/2025:03:34:29 +0000] "GET /152ndsb30757.html HTTP/1.1" 499 0 "-" "Mozilla/5.0 AppleWebKit/537.36 (KHTML, like Gecko; compatible; GPTBot/1.2; +https://openai.com/gptbot)"
superexoticrental.com.infinitibizsol.com:443 198.204.226.18 - - [11/Jun/2025:03:34:53 +0000] "GET /wp-content/install.php HTTP/1.1" 200 16 "https://superexoticrental.com/wp-content/install.php" "Mozilla/5.0 (Windows NT 10.0; Win64; x64) AppleWebKit/537.36 (KHTML, like Gecko) Chrome/58.0.3029.110 Safari/537.3"
superexoticrental.com.infinitibizsol.com:443 198.204.226.18 - - [11/Jun/2025:03:34:54 +0000] "GET /wp-content/install.php HTTP/1.1" 200 16 "https://superexoticrental.com/wp-content/install.php" "Mozilla/5.0 (Windows NT 10.0; Win64; x64) AppleWebKit/537.36 (KHTML, like Gecko) Chrome/58.0.3029.110 Safari/537.3"
superexoticrental.com.infinitibizsol.com:443 162.0.223.40 - - [11/Jun/2025:03:34:55 +0000] "POST /wp-cron.php?doing_wp_cron=1749612894.7414538860321044921875 HTTP/1.1" 499 0 "-" "WordPress/6.8.1; https://superexoticrental.com"
superexoticrental.com.infinitibizsol.com:443 198.204.226.18 - - [11/Jun/2025:03:35:07 +0000] "GET /wp-content/install.php HTTP/1.1" 200 16 "https://superexoticrental.com/wp-content/install.php" "Mozilla/5.0 (Windows NT 10.0; Win64; x64) AppleWebKit/537.36 (KHTML, like Gecko) Chrome/58.0.3029.110 Safari/537.3"
superexoticrental.com.infinitibizsol.com:443 20.171.207.71 - - [11/Jun/2025:03:35:30 +0000] "GET /180owvd48157.html HTTP/1.1" 499 0 "-" "Mozilla/5.0 AppleWebKit/537.36 (KHTML, like Gecko; compatible; GPTBot/1.2; +https://openai.com/gptbot)"
