superexoticrental.com.infinitibizsol.com:443 162.0.223.40 - - [10/Jun/2025:13:39:01 +0000] "POST /wp-cron.php?doing_wp_cron=1749562740.0554420948028564453125 HTTP/1.1" 499 0 "-" "WordPress/6.8.1; https://superexoticrental.com"
superexoticrental.com.infinitibizsol.com:443 20.171.207.69 - - [10/Jun/2025:13:39:51 +0000] "GET /211vbkxu48664.html HTTP/1.1" 499 0 "-" "Mozilla/5.0 AppleWebKit/537.36 (KHTML, like Gecko; compatible; GPTBot/1.2; +https://openai.com/gptbot)"
superexoticrental.com.infinitibizsol.com:443 162.0.223.40 - - [10/Jun/2025:13:40:06 +0000] "POST /wp-cron.php?doing_wp_cron=1749562805.8711609840393066406250 HTTP/1.1" 499 0 "-" "WordPress/6.8.1; https://superexoticrental.com"
superexoticrental.com.infinitibizsol.com:443 20.171.207.69 - - [10/Jun/2025:13:40:53 +0000] "GET /213tbrga40108.html HTTP/1.1" 499 0 "-" "Mozilla/5.0 AppleWebKit/537.36 (KHTML, like Gecko; compatible; GPTBot/1.2; +https://openai.com/gptbot)"
superexoticrental.com.infinitibizsol.com:443 162.0.223.40 - - [10/Jun/2025:13:41:12 +0000] "POST /wp-cron.php?doing_wp_cron=1749562871.7202939987182617187500 HTTP/1.1" 499 0 "-" "WordPress/6.8.1; https://superexoticrental.com"
superexoticrental.com.infinitibizsol.com:443 20.171.207.69 - - [10/Jun/2025:13:41:58 +0000] "GET /224pwxkj22963.html HTTP/1.1" 499 0 "-" "Mozilla/5.0 AppleWebKit/537.36 (KHTML, like Gecko; compatible; GPTBot/1.2; +https://openai.com/gptbot)"
superexoticrental.com.infinitibizsol.com:443 20.171.207.69 - - [10/Jun/2025:13:43:04 +0000] "GET /171dukep34632.html HTTP/1.1" 499 0 "-" "Mozilla/5.0 AppleWebKit/537.36 (KHTML, like Gecko; compatible; GPTBot/1.2; +https://openai.com/gptbot)"
superexoticrental.com.infinitibizsol.com:443 162.0.223.40 - - [10/Jun/2025:13:43:22 +0000] "POST /wp-cron.php?doing_wp_cron=1749563001.4817960262298583984375 HTTP/1.1" 499 0 "-" "WordPress/6.8.1; https://superexoticrental.com"
superexoticrental.com.infinitibizsol.com:443 51.222.253.1 - - [10/Jun/2025:13:43:58 +0000] "GET /b/337786563.shtm HTTP/1.1" 404 57774 "-" "Mozilla/5.0 (compatible; AhrefsBot/7.0; +http://ahrefs.com/robot/)"
superexoticrental.com.infinitibizsol.com:443 20.171.207.69 - - [10/Jun/2025:13:44:02 +0000] "GET /240lfqwg26785.html HTTP/1.1" 404 32358 "-" "Mozilla/5.0 AppleWebKit/537.36 (KHTML, like Gecko; compatible; GPTBot/1.2; +https://openai.com/gptbot)"
superexoticrental.com.infinitibizsol.com:443 173.208.204.66 - - [10/Jun/2025:13:44:30 +0000] "GET /wp-content/install.php HTTP/1.1" 499 0 "https://superexoticrental.com/wp-content/install.php" "Mozilla/5.0 (Windows NT 10.0; Win64; x64) AppleWebKit/537.36 (KHTML, like Gecko) Chrome/58.0.3029.110 Safari/537.3"
superexoticrental.com.infinitibizsol.com:443 173.208.204.66 - - [10/Jun/2025:13:44:31 +0000] "GET /wp-content/install.php HTTP/1.1" 200 16 "https://superexoticrental.com/wp-content/install.php" "Mozilla/5.0 (Windows NT 10.0; Win64; x64) AppleWebKit/537.36 (KHTML, like Gecko) Chrome/58.0.3029.110 Safari/537.3"
superexoticrental.com.infinitibizsol.com:443 20.171.207.69 - - [10/Jun/2025:13:45:09 +0000] "GET /205wvlib43486.html HTTP/1.1" 499 0 "-" "Mozilla/5.0 AppleWebKit/537.36 (KHTML, like Gecko; compatible; GPTBot/1.2; +https://openai.com/gptbot)"
superexoticrental.com.infinitibizsol.com:443 162.0.223.40 - - [10/Jun/2025:13:45:18 +0000] "POST /wp-cron.php?doing_wp_cron=1749563117.0050029754638671875000 HTTP/1.1" 499 0 "-" "WordPress/6.8.1; https://superexoticrental.com"
superexoticrental.com.infinitibizsol.com:443 35.80.17.98 - - [10/Jun/2025:13:45:30 +0000] "GET / HTTP/1.1" 200 101044 "-" "Mozilla/5.0 (compatible; wpbot/1.3; +https://forms.gle/ajBaxygz9jSR8p8G9)"
superexoticrental.com.infinitibizsol.com:443 20.171.207.69 - - [10/Jun/2025:13:46:10 +0000] "GET /109ojmyx20936.html HTTP/1.1" 499 0 "-" "Mozilla/5.0 AppleWebKit/537.36 (KHTML, like Gecko; compatible; GPTBot/1.2; +https://openai.com/gptbot)"
superexoticrental.com.infinitibizsol.com:443 162.0.223.40 - - [10/Jun/2025:13:46:22 +0000] "POST /wp-cron.php?doing_wp_cron=1749563181.7394649982452392578125 HTTP/1.1" 499 0 "-" "WordPress/6.8.1; https://superexoticrental.com"
superexoticrental.com.infinitibizsol.com:443 20.171.207.69 - - [10/Jun/2025:13:47:11 +0000] "GET /126lgirs42505.html HTTP/1.1" 499 0 "-" "Mozilla/5.0 AppleWebKit/537.36 (KHTML, like Gecko; compatible; GPTBot/1.2; +https://openai.com/gptbot)"
superexoticrental.com.infinitibizsol.com:443 20.171.207.69 - - [10/Jun/2025:13:48:16 +0000] "GET /240zzano15959.html HTTP/1.1" 499 0 "-" "Mozilla/5.0 AppleWebKit/537.36 (KHTML, like Gecko; compatible; GPTBot/1.2; +https://openai.com/gptbot)"
superexoticrental.com.infinitibizsol.com:443 162.0.223.40 - - [10/Jun/2025:13:48:23 +0000] "POST /wp-cron.php?doing_wp_cron=1749563302.9422349929809570312500 HTTP/1.1" 499 0 "-" "WordPress/6.8.1; https://superexoticrental.com"
superexoticrental.com.infinitibizsol.com:443 146.59.4.208 - - [10/Jun/2025:13:48:54 +0000] "GET /newworkbar---/ HTTP/1.1" 200 13840 "-" "Mozilla/5.0 (Windows NT 10.0; Win64; x64) AppleWebKit/537.36 (KHTML, like Gecko) Chrome/122.0.0.0 Safari/537.36 Edg/122.0.0.0"
superexoticrental.com.infinitibizsol.com:443 146.59.4.208 - - [10/Jun/2025:13:49:10 +0000] "GET /newworkbar---/url('https://fonts.googleapis.com/css2?family=SF+Pro+Text:wght@400 HTTP/1.1" 301 5 "-" "Mozilla/5.0 (Windows NT 10.0; Win64; x64) AppleWebKit/537.36 (KHTML, like Gecko) Chrome/122.0.0.0 Safari/537.36 Edg/122.0.0.0"
superexoticrental.com.infinitibizsol.com:443 146.59.4.208 - - [10/Jun/2025:13:49:16 +0000] "GET /newworkbar---/your-audio-file.wav HTTP/1.1" 404 57808 "https://superexoticrental.com/newworkbar---/" "Mozilla/5.0 (Windows NT 10.0; Win64; x64) AppleWebKit/537.36 (KHTML, like Gecko) Chrome/122.0.0.0 Safari/537.36 Edg/122.0.0.0"
superexoticrental.com.infinitibizsol.com:443 20.171.207.69 - - [10/Jun/2025:13:49:17 +0000] "GET /157fppnb42862.html HTTP/1.1" 499 0 "-" "Mozilla/5.0 AppleWebKit/537.36 (KHTML, like Gecko; compatible; GPTBot/1.2; +https://openai.com/gptbot)"
superexoticrental.com.infinitibizsol.com:443 162.0.223.40 - - [10/Jun/2025:13:49:27 +0000] "POST /wp-cron.php?doing_wp_cron=1749563366.3282690048217773437500 HTTP/1.1" 499 0 "-" "WordPress/6.8.1; https://superexoticrental.com"
superexoticrental.com.infinitibizsol.com:443 146.59.4.208 - - [10/Jun/2025:13:49:30 +0000] "GET /newworkbar---/url(https:/fonts.googleapis.com/css2?family=SF+Pro+Text:wght@400 HTTP/1.1" 404 54936 "-" "Mozilla/5.0 (Windows NT 10.0; Win64; x64) AppleWebKit/537.36 (KHTML, like Gecko) Chrome/122.0.0.0 Safari/537.36 Edg/122.0.0.0"
superexoticrental.com.infinitibizsol.com:443 162.0.223.40 - - [10/Jun/2025:13:49:43 +0000] "POST /wp-cron.php?doing_wp_cron=1749563382.8170940876007080078125 HTTP/1.1" 499 0 "-" "WordPress/6.8.1; https://superexoticrental.com"
superexoticrental.com.infinitibizsol.com:443 20.171.207.69 - - [10/Jun/2025:13:50:04 +0000] "GET /155dnoiz20590.html HTTP/1.1" 404 48742 "-" "Mozilla/5.0 AppleWebKit/537.36 (KHTML, like Gecko; compatible; GPTBot/1.2; +https://openai.com/gptbot)"
superexoticrental.com.infinitibizsol.com:443 20.171.207.69 - - [10/Jun/2025:13:51:25 +0000] "GET /159etabk26114.html HTTP/1.1" 499 0 "-" "Mozilla/5.0 AppleWebKit/537.36 (KHTML, like Gecko; compatible; GPTBot/1.2; +https://openai.com/gptbot)"
superexoticrental.com.infinitibizsol.com:443 162.0.223.40 - - [10/Jun/2025:13:51:35 +0000] "POST /wp-cron.php?doing_wp_cron=1749563494.0082221031188964843750 HTTP/1.1" 499 0 "-" "WordPress/6.8.1; https://superexoticrental.com"
superexoticrental.com.infinitibizsol.com:443 20.171.207.69 - - [10/Jun/2025:13:52:29 +0000] "GET /294ncftc15081.html HTTP/1.1" 499 0 "-" "Mozilla/5.0 AppleWebKit/537.36 (KHTML, like Gecko; compatible; GPTBot/1.2; +https://openai.com/gptbot)"
superexoticrental.com.infinitibizsol.com:443 162.0.223.40 - - [10/Jun/2025:13:52:37 +0000] "POST /wp-cron.php?doing_wp_cron=1749563556.5940999984741210937500 HTTP/1.1" 499 0 "-" "WordPress/6.8.1; https://superexoticrental.com"
superexoticrental.com.infinitibizsol.com:443 173.208.204.66 - - [10/Jun/2025:13:52:46 +0000] "GET /wp-content/install.php HTTP/1.1" 499 0 "https://superexoticrental.com/wp-content/install.php" "Mozilla/5.0 (Windows NT 10.0; Win64; x64) AppleWebKit/537.36 (KHTML, like Gecko) Chrome/58.0.3029.110 Safari/537.3"
superexoticrental.com.infinitibizsol.com:443 173.208.204.66 - - [10/Jun/2025:13:52:47 +0000] "GET /wp-content/install.php HTTP/1.1" 200 16 "https://superexoticrental.com/wp-content/install.php" "Mozilla/5.0 (Windows NT 10.0; Win64; x64) AppleWebKit/537.36 (KHTML, like Gecko) Chrome/58.0.3029.110 Safari/537.3"
superexoticrental.com.infinitibizsol.com:443 20.171.207.69 - - [10/Jun/2025:13:53:34 +0000] "GET /250vfofp39643.html HTTP/1.1" 499 0 "-" "Mozilla/5.0 AppleWebKit/537.36 (KHTML, like Gecko; compatible; GPTBot/1.2; +https://openai.com/gptbot)"
superexoticrental.com.infinitibizsol.com:443 162.0.223.40 - - [10/Jun/2025:13:53:54 +0000] "POST /wp-cron.php?doing_wp_cron=1749563633.2355089187622070312500 HTTP/1.1" 499 0 "-" "WordPress/6.8.1; https://superexoticrental.com"
superexoticrental.com.infinitibizsol.com:443 20.171.207.69 - - [10/Jun/2025:13:54:37 +0000] "GET /291ghxvt49564.html HTTP/1.1" 499 0 "-" "Mozilla/5.0 AppleWebKit/537.36 (KHTML, like Gecko; compatible; GPTBot/1.2; +https://openai.com/gptbot)"
superexoticrental.com.infinitibizsol.com:443 162.0.223.40 - - [10/Jun/2025:13:55:35 +0000] "POST /wp-cron.php?doing_wp_cron=1749563734.0058379173278808593750 HTTP/1.1" 499 0 "-" "WordPress/6.8.1; https://superexoticrental.com"
superexoticrental.com.infinitibizsol.com:443 20.171.207.69 - - [10/Jun/2025:13:55:38 +0000] "GET /167sohku20928.html HTTP/1.1" 404 32358 "-" "Mozilla/5.0 AppleWebKit/537.36 (KHTML, like Gecko; compatible; GPTBot/1.2; +https://openai.com/gptbot)"
superexoticrental.com.infinitibizsol.com:443 198.204.226.18 - - [10/Jun/2025:13:55:40 +0000] "GET /wp-content/install.php HTTP/1.1" 499 0 "https://superexoticrental.com/wp-content/install.php" "Mozilla/5.0 (Windows NT 10.0; Win64; x64) AppleWebKit/537.36 (KHTML, like Gecko) Chrome/58.0.3029.110 Safari/537.3"
superexoticrental.com.infinitibizsol.com:443 198.204.226.18 - - [10/Jun/2025:13:56:05 +0000] "GET /wp-content/install.php HTTP/1.1" 200 16 "https://superexoticrental.com/wp-content/install.php" "Mozilla/5.0 (Windows NT 10.0; Win64; x64) AppleWebKit/537.36 (KHTML, like Gecko) Chrome/58.0.3029.110 Safari/537.3"
superexoticrental.com.infinitibizsol.com:443 198.204.226.18 - - [10/Jun/2025:13:56:25 +0000] "GET /wp-content/install.php HTTP/1.1" 200 16 "https://superexoticrental.com/wp-content/install.php" "Mozilla/5.0 (Windows NT 10.0; Win64; x64) AppleWebKit/537.36 (KHTML, like Gecko) Chrome/58.0.3029.110 Safari/537.3"
superexoticrental.com.infinitibizsol.com:443 162.0.223.40 - - [10/Jun/2025:13:56:35 +0000] "POST /wp-cron.php?doing_wp_cron=1749563794.8069450855255126953125 HTTP/1.1" 499 0 "-" "WordPress/6.8.1; https://superexoticrental.com"
superexoticrental.com.infinitibizsol.com:443 20.171.207.69 - - [10/Jun/2025:13:56:38 +0000] "GET /258ebssw19439.html HTTP/1.1" 404 32358 "-" "Mozilla/5.0 AppleWebKit/537.36 (KHTML, like Gecko; compatible; GPTBot/1.2; +https://openai.com/gptbot)"
superexoticrental.com.infinitibizsol.com:80 51.75.249.247 - - [10/Jun/2025:13:56:43 +0000] "GET /modules/mod_ariimageslidersa/mod_ariimageslidersa.php HTTP/1.1" 499 0 "-" "python-requests/2.22.0"
superexoticrental.com.infinitibizsol.com:443 51.222.253.17 - - [10/Jun/2025:13:56:55 +0000] "GET /b/372291769.shtm HTTP/1.1" 404 57766 "-" "Mozilla/5.0 (compatible; AhrefsBot/7.0; +http://ahrefs.com/robot/)"
superexoticrental.com.infinitibizsol.com:443 198.204.226.18 - - [10/Jun/2025:13:57:17 +0000] "GET /wp-content/install.php HTTP/1.1" 499 0 "https://superexoticrental.com/wp-content/install.php" "Mozilla/5.0 (Windows NT 10.0; Win64; x64) AppleWebKit/537.36 (KHTML, like Gecko) Chrome/58.0.3029.110 Safari/537.3"
superexoticrental.com.infinitibizsol.com:443 20.171.207.69 - - [10/Jun/2025:13:57:44 +0000] "GET /125iefib17420.html HTTP/1.1" 499 0 "-" "Mozilla/5.0 AppleWebKit/537.36 (KHTML, like Gecko; compatible; GPTBot/1.2; +https://openai.com/gptbot)"
superexoticrental.com.infinitibizsol.com:443 162.0.223.40 - - [10/Jun/2025:13:57:49 +0000] "POST /wp-cron.php?doing_wp_cron=1749563868.7001249790191650390625 HTTP/1.1" 499 0 "-" "WordPress/6.8.1; https://superexoticrental.com"
superexoticrental.com.infinitibizsol.com:443 198.204.226.18 - - [10/Jun/2025:13:58:37 +0000] "GET /wp-content/install.php HTTP/1.1" 200 16 "https://superexoticrental.com/wp-content/install.php" "Mozilla/5.0 (Windows NT 10.0; Win64; x64) AppleWebKit/537.36 (KHTML, like Gecko) Chrome/58.0.3029.110 Safari/537.3"
superexoticrental.com.infinitibizsol.com:443 20.171.207.69 - - [10/Jun/2025:13:58:47 +0000] "GET /121apzim45540.html HTTP/1.1" 499 0 "-" "Mozilla/5.0 AppleWebKit/537.36 (KHTML, like Gecko; compatible; GPTBot/1.2; +https://openai.com/gptbot)"
superexoticrental.com.infinitibizsol.com:443 162.0.223.40 - - [10/Jun/2025:13:58:50 +0000] "POST /wp-cron.php?doing_wp_cron=1749563929.9415929317474365234375 HTTP/1.1" 499 0 "-" "WordPress/6.8.1; https://superexoticrental.com"
superexoticrental.com.infinitibizsol.com:443 198.204.226.18 - - [10/Jun/2025:13:59:01 +0000] "GET /wp-content/install.php HTTP/1.1" 499 0 "https://superexoticrental.com/wp-content/install.php" "Mozilla/5.0 (Windows NT 10.0; Win64; x64) AppleWebKit/537.36 (KHTML, like Gecko) Chrome/58.0.3029.110 Safari/537.3"
superexoticrental.com.infinitibizsol.com:443 20.171.207.69 - - [10/Jun/2025:13:59:52 +0000] "GET /186ufaso32751.html HTTP/1.1" 499 0 "-" "Mozilla/5.0 AppleWebKit/537.36 (KHTML, like Gecko; compatible; GPTBot/1.2; +https://openai.com/gptbot)"
superexoticrental.com.infinitibizsol.com:443 162.0.223.40 - - [10/Jun/2025:14:00:03 +0000] "POST /wp-cron.php?doing_wp_cron=1749564002.7384490966796875000000 HTTP/1.1" 499 0 "-" "WordPress/6.8.1; https://superexoticrental.com"
superexoticrental.com.infinitibizsol.com:443 57.141.4.25 - - [10/Jun/2025:14:00:15 +0000] "GET /sitemap-hot-2978254.xml HTTP/1.1" 200 23 "-" "meta-externalagent/1.1 (+https://developers.facebook.com/docs/sharing/webmasters/crawler)"
superexoticrental.com.infinitibizsol.com:443 198.204.226.18 - - [10/Jun/2025:14:00:29 +0000] "GET /wp-content/install.php HTTP/1.1" 499 0 "https://superexoticrental.com/wp-content/install.php" "Mozilla/5.0 (Windows NT 10.0; Win64; x64) AppleWebKit/537.36 (KHTML, like Gecko) Chrome/58.0.3029.110 Safari/537.3"
superexoticrental.com.infinitibizsol.com:443 20.171.207.69 - - [10/Jun/2025:14:00:56 +0000] "GET /143ieicr36612.html HTTP/1.1" 499 0 "-" "Mozilla/5.0 AppleWebKit/537.36 (KHTML, like Gecko; compatible; GPTBot/1.2; +https://openai.com/gptbot)"
superexoticrental.com.infinitibizsol.com:443 162.0.223.40 - - [10/Jun/2025:14:01:08 +0000] "POST /wp-cron.php?doing_wp_cron=1749564067.4893219470977783203125 HTTP/1.1" 499 0 "-" "WordPress/6.8.1; https://superexoticrental.com"
superexoticrental.com.infinitibizsol.com:443 173.208.204.66 - - [10/Jun/2025:14:01:28 +0000] "GET /wp-content/install.php HTTP/1.1" 200 16 "https://superexoticrental.com/wp-content/install.php" "Mozilla/5.0 (Windows NT 10.0; Win64; x64) AppleWebKit/537.36 (KHTML, like Gecko) Chrome/58.0.3029.110 Safari/537.3"
superexoticrental.com.infinitibizsol.com:443 20.171.207.69 - - [10/Jun/2025:14:01:58 +0000] "GET /285pskhg43730.html HTTP/1.1" 499 0 "-" "Mozilla/5.0 AppleWebKit/537.36 (KHTML, like Gecko; compatible; GPTBot/1.2; +https://openai.com/gptbot)"
superexoticrental.com.infinitibizsol.com:443 198.204.226.18 - - [10/Jun/2025:14:02:29 +0000] "GET /wp-content/install.php HTTP/1.1" 499 0 "https://superexoticrental.com/wp-content/install.php" "Mozilla/5.0 (Windows NT 10.0; Win64; x64) AppleWebKit/537.36 (KHTML, like Gecko) Chrome/58.0.3029.110 Safari/537.3"
superexoticrental.com.infinitibizsol.com:443 198.204.226.18 - - [10/Jun/2025:14:02:51 +0000] "GET /wp-content/install.php HTTP/1.1" 200 16 "https://superexoticrental.com/wp-content/install.php" "Mozilla/5.0 (Windows NT 10.0; Win64; x64) AppleWebKit/537.36 (KHTML, like Gecko) Chrome/58.0.3029.110 Safari/537.3"
superexoticrental.com.infinitibizsol.com:443 20.171.207.69 - - [10/Jun/2025:14:03:02 +0000] "GET /252nldtx43721.html HTTP/1.1" 499 0 "-" "Mozilla/5.0 AppleWebKit/537.36 (KHTML, like Gecko; compatible; GPTBot/1.2; +https://openai.com/gptbot)"
superexoticrental.com.infinitibizsol.com:443 162.0.223.40 - - [10/Jun/2025:14:03:19 +0000] "POST /wp-cron.php?doing_wp_cron=1749564198.7901389598846435546875 HTTP/1.1" 499 0 "-" "WordPress/6.8.1; https://superexoticrental.com"
superexoticrental.com.infinitibizsol.com:443 57.141.4.9 - - [10/Jun/2025:14:04:01 +0000] "GET /?sitemapindex.xml HTTP/1.1" 200 23 "-" "meta-externalagent/1.1 (+https://developers.facebook.com/docs/sharing/webmasters/crawler)"
superexoticrental.com.infinitibizsol.com:443 20.171.207.69 - - [10/Jun/2025:14:04:03 +0000] "GET /189kucpq44042.html HTTP/1.1" 404 32358 "-" "Mozilla/5.0 AppleWebKit/537.36 (KHTML, like Gecko; compatible; GPTBot/1.2; +https://openai.com/gptbot)"
superexoticrental.com.infinitibizsol.com:443 162.0.223.40 - - [10/Jun/2025:14:04:44 +0000] "POST /wp-cron.php?doing_wp_cron=1749564284.0036880970001220703125 HTTP/1.1" 403 5 "-" "WordPress/6.8.1; https://superexoticrental.com"
superexoticrental.com.infinitibizsol.com:443 57.141.4.5 - - [10/Jun/2025:14:04:46 +0000] "GET /sitemap-hot-2966254.xml HTTP/1.1" 404 57780 "-" "meta-externalagent/1.1 (+https://developers.facebook.com/docs/sharing/webmasters/crawler)"
superexoticrental.com.infinitibizsol.com:443 20.171.207.69 - - [10/Jun/2025:14:05:07 +0000] "GET /265sjpze22950.html HTTP/1.1" 499 0 "-" "Mozilla/5.0 AppleWebKit/537.36 (KHTML, like Gecko; compatible; GPTBot/1.2; +https://openai.com/gptbot)"
superexoticrental.com.infinitibizsol.com:443 162.0.223.40 - - [10/Jun/2025:14:05:53 +0000] "POST /wp-cron.php?doing_wp_cron=1749564352.6300799846649169921875 HTTP/1.1" 499 0 "-" "WordPress/6.8.1; https://superexoticrental.com"
superexoticrental.com.infinitibizsol.com:443 20.171.207.69 - - [10/Jun/2025:14:06:00 +0000] "GET /259eykke31244.html HTTP/1.1" 404 32358 "-" "Mozilla/5.0 AppleWebKit/537.36 (KHTML, like Gecko; compatible; GPTBot/1.2; +https://openai.com/gptbot)"
superexoticrental.com.infinitibizsol.com:443 198.204.226.18 - - [10/Jun/2025:14:06:02 +0000] "GET /wp-content/install.php HTTP/1.1" 499 0 "https://superexoticrental.com/wp-content/install.php" "Mozilla/5.0 (Windows NT 10.0; Win64; x64) AppleWebKit/537.36 (KHTML, like Gecko) Chrome/58.0.3029.110 Safari/537.3"
superexoticrental.com.infinitibizsol.com:443 162.0.223.40 - - [10/Jun/2025:14:07:01 +0000] "POST /wp-cron.php?doing_wp_cron=1749564420.7019050121307373046875 HTTP/1.1" 499 0 "-" "WordPress/6.8.1; https://superexoticrental.com"
superexoticrental.com.infinitibizsol.com:443 20.171.207.69 - - [10/Jun/2025:14:07:05 +0000] "GET /183cjive31824.html HTTP/1.1" 404 32358 "-" "Mozilla/5.0 AppleWebKit/537.36 (KHTML, like Gecko; compatible; GPTBot/1.2; +https://openai.com/gptbot)"
superexoticrental.com.infinitibizsol.com:443 20.171.207.69 - - [10/Jun/2025:14:08:19 +0000] "GET /236shzrn26973.html HTTP/1.1" 499 0 "-" "Mozilla/5.0 AppleWebKit/537.36 (KHTML, like Gecko; compatible; GPTBot/1.2; +https://openai.com/gptbot)"
superexoticrental.com.infinitibizsol.com:443 162.0.223.40 - - [10/Jun/2025:14:08:31 +0000] "POST /wp-cron.php?doing_wp_cron=1749564510.6347260475158691406250 HTTP/1.1" 499 0 "-" "WordPress/6.8.1; https://superexoticrental.com"
superexoticrental.com.infinitibizsol.com:443 20.171.207.69 - - [10/Jun/2025:14:09:23 +0000] "GET /169rzxin34066.html HTTP/1.1" 499 0 "-" "Mozilla/5.0 AppleWebKit/537.36 (KHTML, like Gecko; compatible; GPTBot/1.2; +https://openai.com/gptbot)"
superexoticrental.com.infinitibizsol.com:443 173.208.204.66 - - [10/Jun/2025:14:09:29 +0000] "GET /wp-content/install.php HTTP/1.1" 499 0 "https://superexoticrental.com/wp-content/install.php" "Mozilla/5.0 (Windows NT 10.0; Win64; x64) AppleWebKit/537.36 (KHTML, like Gecko) Chrome/58.0.3029.110 Safari/537.3"
superexoticrental.com.infinitibizsol.com:443 173.208.204.66 - - [10/Jun/2025:14:09:30 +0000] "GET /wp-content/install.php HTTP/1.1" 200 16 "https://superexoticrental.com/wp-content/install.php" "Mozilla/5.0 (Windows NT 10.0; Win64; x64) AppleWebKit/537.36 (KHTML, like Gecko) Chrome/58.0.3029.110 Safari/537.3"
superexoticrental.com.infinitibizsol.com:443 162.0.223.40 - - [10/Jun/2025:14:09:35 +0000] "POST /wp-cron.php?doing_wp_cron=1749564574.6306068897247314453125 HTTP/1.1" 499 0 "-" "WordPress/6.8.1; https://superexoticrental.com"
superexoticrental.com.infinitibizsol.com:443 57.141.4.21 - - [10/Jun/2025:14:10:12 +0000] "GET /sitemap-hot-2974254.xml HTTP/1.1" 200 23 "-" "meta-externalagent/1.1 (+https://developers.facebook.com/docs/sharing/webmasters/crawler)"
superexoticrental.com.infinitibizsol.com:443 20.171.207.69 - - [10/Jun/2025:14:10:24 +0000] "GET /146cmsex16281.html HTTP/1.1" 499 0 "-" "Mozilla/5.0 AppleWebKit/537.36 (KHTML, like Gecko; compatible; GPTBot/1.2; +https://openai.com/gptbot)"
superexoticrental.com.infinitibizsol.com:443 162.0.223.40 - - [10/Jun/2025:14:10:40 +0000] "POST /wp-cron.php?doing_wp_cron=1749564639.6411459445953369140625 HTTP/1.1" 499 0 "-" "WordPress/6.8.1; https://superexoticrental.com"
superexoticrental.com.infinitibizsol.com:443 173.208.153.154 - - [10/Jun/2025:14:10:41 +0000] "GET /wp-content/install.php HTTP/1.1" 200 16 "https://superexoticrental.com/wp-content/install.php" "Mozilla/4.0 (compatible; MSIE 7.0; Windows NT 5.1; SV1; .NET CLR 1.0.3705; .NET CLR 2.0.50727; .NET CLR 1.1.4322)"
superexoticrental.com.infinitibizsol.com:443 108.181.202.211 - - [10/Jun/2025:14:10:49 +0000] "GET /wp-content/install.php HTTP/1.1" 200 16 "https://superexoticrental.com/wp-content/install.php" "Mozilla/5.0 (Macintosh; Intel Mac OS X 10_6_8) AppleWebKit/535.1 (KHTML, like Gecko) Chrome/13.0.782.220 Safari/535.1"
superexoticrental.com.infinitibizsol.com:443 20.171.207.69 - - [10/Jun/2025:14:11:27 +0000] "GET /268enqru10843.html HTTP/1.1" 499 0 "-" "Mozilla/5.0 AppleWebKit/537.36 (KHTML, like Gecko; compatible; GPTBot/1.2; +https://openai.com/gptbot)"
superexoticrental.com.infinitibizsol.com:443 162.0.223.40 - - [10/Jun/2025:14:11:43 +0000] "POST /wp-cron.php?doing_wp_cron=1749564702.4257459640502929687500 HTTP/1.1" 499 0 "-" "WordPress/6.8.1; https://superexoticrental.com"
superexoticrental.com.infinitibizsol.com:443 51.222.253.19 - - [10/Jun/2025:14:12:15 +0000] "GET /b/475420321.shtm HTTP/1.1" 404 57766 "-" "Mozilla/5.0 (compatible; AhrefsBot/7.0; +http://ahrefs.com/robot/)"
superexoticrental.com.infinitibizsol.com:443 20.171.207.69 - - [10/Jun/2025:14:12:28 +0000] "GET /146nwclc20281.html HTTP/1.1" 499 0 "-" "Mozilla/5.0 AppleWebKit/537.36 (KHTML, like Gecko; compatible; GPTBot/1.2; +https://openai.com/gptbot)"
superexoticrental.com.infinitibizsol.com:443 20.171.207.69 - - [10/Jun/2025:14:13:28 +0000] "GET /293cyiyf48662.html HTTP/1.1" 499 0 "-" "Mozilla/5.0 AppleWebKit/537.36 (KHTML, like Gecko; compatible; GPTBot/1.2; +https://openai.com/gptbot)"
superexoticrental.com.infinitibizsol.com:443 162.0.223.40 - - [10/Jun/2025:14:13:40 +0000] "POST /wp-cron.php?doing_wp_cron=1749564819.6738460063934326171875 HTTP/1.1" 499 0 "-" "WordPress/6.8.1; https://superexoticrental.com"
superexoticrental.com.infinitibizsol.com:443 20.171.207.69 - - [10/Jun/2025:14:14:29 +0000] "GET /205hqvbt17356.html HTTP/1.1" 499 0 "-" "Mozilla/5.0 AppleWebKit/537.36 (KHTML, like Gecko; compatible; GPTBot/1.2; +https://openai.com/gptbot)"
superexoticrental.com.infinitibizsol.com:443 57.141.4.12 - - [10/Jun/2025:14:15:28 +0000] "GET /sitemap-hot-2988254.xml HTTP/1.1" 200 23 "-" "meta-externalagent/1.1 (+https://developers.facebook.com/docs/sharing/webmasters/crawler)"
superexoticrental.com.infinitibizsol.com:443 20.171.207.69 - - [10/Jun/2025:14:15:33 +0000] "GET /124brnql34469.html HTTP/1.1" 499 0 "-" "Mozilla/5.0 AppleWebKit/537.36 (KHTML, like Gecko; compatible; GPTBot/1.2; +https://openai.com/gptbot)"
superexoticrental.com.infinitibizsol.com:443 57.141.4.6 - - [10/Jun/2025:14:15:42 +0000] "GET /?sitemap550.xml HTTP/1.1" 200 23 "-" "meta-externalagent/1.1 (+https://developers.facebook.com/docs/sharing/webmasters/crawler)"
superexoticrental.com.infinitibizsol.com:443 57.141.4.29 - - [10/Jun/2025:14:15:44 +0000] "GET /sitemap-hot-2986254.xml HTTP/1.1" 200 13 "-" "meta-externalagent/1.1 (+https://developers.facebook.com/docs/sharing/webmasters/crawler)"
superexoticrental.com.infinitibizsol.com:443 198.204.226.18 - - [10/Jun/2025:14:15:48 +0000] "GET /wp-content/install.php HTTP/1.1" 499 0 "https://superexoticrental.com/wp-content/install.php" "Mozilla/5.0 (Windows NT 10.0; Win64; x64) AppleWebKit/537.36 (KHTML, like Gecko) Chrome/58.0.3029.110 Safari/537.3"
superexoticrental.com.infinitibizsol.com:443 162.0.223.40 - - [10/Jun/2025:14:15:50 +0000] "POST /wp-cron.php?doing_wp_cron=1749564949.9145541191101074218750 HTTP/1.1" 499 0 "-" "WordPress/6.8.1; https://superexoticrental.com"
superexoticrental.com.infinitibizsol.com:443 57.141.4.15 - - [10/Jun/2025:14:16:12 +0000] "GET /?sitemap918.xml HTTP/1.1" 200 23 "-" "meta-externalagent/1.1 (+https://developers.facebook.com/docs/sharing/webmasters/crawler)"
superexoticrental.com.infinitibizsol.com:443 20.171.207.69 - - [10/Jun/2025:14:16:38 +0000] "GET /185rpxya11622.html HTTP/1.1" 499 0 "-" "Mozilla/5.0 AppleWebKit/537.36 (KHTML, like Gecko; compatible; GPTBot/1.2; +https://openai.com/gptbot)"
superexoticrental.com.infinitibizsol.com:443 162.0.223.40 - - [10/Jun/2025:14:16:54 +0000] "POST /wp-cron.php?doing_wp_cron=1749565013.4158680438995361328125 HTTP/1.1" 499 0 "-" "WordPress/6.8.1; https://superexoticrental.com"
superexoticrental.com.infinitibizsol.com:443 20.171.207.69 - - [10/Jun/2025:14:17:40 +0000] "GET /225sofkv48176.html HTTP/1.1" 499 0 "-" "Mozilla/5.0 AppleWebKit/537.36 (KHTML, like Gecko; compatible; GPTBot/1.2; +https://openai.com/gptbot)"
superexoticrental.com.infinitibizsol.com:443 173.208.204.66 - - [10/Jun/2025:14:17:47 +0000] "GET /wp-content/install.php HTTP/1.1" 499 0 "https://superexoticrental.com/wp-content/install.php" "Mozilla/5.0 (Windows NT 10.0; Win64; x64) AppleWebKit/537.36 (KHTML, like Gecko) Chrome/58.0.3029.110 Safari/537.3"
superexoticrental.com.infinitibizsol.com:443 173.208.204.66 - - [10/Jun/2025:14:17:48 +0000] "GET /wp-content/install.php HTTP/1.1" 200 16 "https://superexoticrental.com/wp-content/install.php" "Mozilla/5.0 (Windows NT 10.0; Win64; x64) AppleWebKit/537.36 (KHTML, like Gecko) Chrome/58.0.3029.110 Safari/537.3"
superexoticrental.com.infinitibizsol.com:443 20.171.207.69 - - [10/Jun/2025:14:18:43 +0000] "GET /162vifho25433.html HTTP/1.1" 499 0 "-" "Mozilla/5.0 AppleWebKit/537.36 (KHTML, like Gecko; compatible; GPTBot/1.2; +https://openai.com/gptbot)"
superexoticrental.com.infinitibizsol.com:443 162.0.223.40 - - [10/Jun/2025:14:18:52 +0000] "POST /wp-cron.php?doing_wp_cron=1749565131.3439469337463378906250 HTTP/1.1" 499 0 "-" "WordPress/6.8.1; https://superexoticrental.com"
superexoticrental.com.infinitibizsol.com:443 20.171.207.69 - - [10/Jun/2025:14:19:44 +0000] "GET /263mncqz12898.html HTTP/1.1" 499 0 "-" "Mozilla/5.0 AppleWebKit/537.36 (KHTML, like Gecko; compatible; GPTBot/1.2; +https://openai.com/gptbot)"
superexoticrental.com.infinitibizsol.com:443 162.0.223.40 - - [10/Jun/2025:14:20:09 +0000] "POST /wp-cron.php?doing_wp_cron=1749565208.3847119808197021484375 HTTP/1.1" 499 0 "-" "WordPress/6.8.1; https://superexoticrental.com"
superexoticrental.com.infinitibizsol.com:443 20.171.207.69 - - [10/Jun/2025:14:20:23 +0000] "GET /264trusq23849.html HTTP/1.1" 404 32358 "-" "Mozilla/5.0 AppleWebKit/537.36 (KHTML, like Gecko; compatible; GPTBot/1.2; +https://openai.com/gptbot)"
superexoticrental.com.infinitibizsol.com:80 162.0.223.40 - - [10/Jun/2025:14:21:29 +0000] "POST /wp-cron.php?doing_wp_cron=1749565288.2309229373931884765625 HTTP/1.1" 499 0 "-" "WordPress/6.8.1; https://superexoticrental.com"
superexoticrental.com.infinitibizsol.com:80 101.42.117.179 - - [10/Jun/2025:14:21:32 +0000] "GET / HTTP/1.1" 301 5 "-" "Mozilla/5.0 (iPhone; CPU iPhone OS 13_2_3 like Mac OS X) AppleWebKit/605.1.15 (KHTML, like Gecko) Version/13.0.3 Mobile/15E148 Safari/604.1"
superexoticrental.com.infinitibizsol.com:443 101.42.117.179 - - [10/Jun/2025:14:21:43 +0000] "GET / HTTP/1.1" 200 100698 "http://superexoticrental.com" "Mozilla/5.0 (iPhone; CPU iPhone OS 13_2_3 like Mac OS X) AppleWebKit/605.1.15 (KHTML, like Gecko) Version/13.0.3 Mobile/15E148 Safari/604.1"
superexoticrental.com.infinitibizsol.com:443 20.171.207.69 - - [10/Jun/2025:14:21:53 +0000] "GET /174lyqag30437.html HTTP/1.1" 499 0 "-" "Mozilla/5.0 AppleWebKit/537.36 (KHTML, like Gecko; compatible; GPTBot/1.2; +https://openai.com/gptbot)"
superexoticrental.com.infinitibizsol.com:443 20.171.207.69 - - [10/Jun/2025:14:22:54 +0000] "GET /236vispa23893.html HTTP/1.1" 499 0 "-" "Mozilla/5.0 AppleWebKit/537.36 (KHTML, like Gecko; compatible; GPTBot/1.2; +https://openai.com/gptbot)"
superexoticrental.com.infinitibizsol.com:443 162.0.223.40 - - [10/Jun/2025:14:23:07 +0000] "POST /wp-cron.php?doing_wp_cron=1749565386.8917191028594970703125 HTTP/1.1" 499 0 "-" "WordPress/6.8.1; https://superexoticrental.com"
superexoticrental.com.infinitibizsol.com:443 20.171.207.69 - - [10/Jun/2025:14:23:57 +0000] "GET /165rcymq29454.html HTTP/1.1" 499 0 "-" "Mozilla/5.0 AppleWebKit/537.36 (KHTML, like Gecko; compatible; GPTBot/1.2; +https://openai.com/gptbot)"
superexoticrental.com.infinitibizsol.com:443 162.0.223.40 - - [10/Jun/2025:14:24:13 +0000] "POST /wp-cron.php?doing_wp_cron=1749565451.9656889438629150390625 HTTP/1.1" 499 0 "-" "WordPress/6.8.1; https://superexoticrental.com"
superexoticrental.com.infinitibizsol.com:443 20.171.207.69 - - [10/Jun/2025:14:25:02 +0000] "GET /169psgud19692.html HTTP/1.1" 499 0 "-" "Mozilla/5.0 AppleWebKit/537.36 (KHTML, like Gecko; compatible; GPTBot/1.2; +https://openai.com/gptbot)"
superexoticrental.com.infinitibizsol.com:443 20.171.207.69 - - [10/Jun/2025:14:26:04 +0000] "GET /260axlzi17765.html HTTP/1.1" 499 0 "-" "Mozilla/5.0 AppleWebKit/537.36 (KHTML, like Gecko; compatible; GPTBot/1.2; +https://openai.com/gptbot)"
superexoticrental.com.infinitibizsol.com:443 162.0.223.40 - - [10/Jun/2025:14:26:21 +0000] "POST /wp-cron.php?doing_wp_cron=1749565580.8851799964904785156250 HTTP/1.1" 499 0 "-" "WordPress/6.8.1; https://superexoticrental.com"
superexoticrental.com.infinitibizsol.com:443 173.208.204.66 - - [10/Jun/2025:14:26:30 +0000] "GET /wp-content/install.php HTTP/1.1" 499 0 "https://superexoticrental.com/wp-content/install.php" "Mozilla/5.0 (Windows NT 10.0; Win64; x64) AppleWebKit/537.36 (KHTML, like Gecko) Chrome/58.0.3029.110 Safari/537.3"
superexoticrental.com.infinitibizsol.com:443 173.208.204.66 - - [10/Jun/2025:14:26:30 +0000] "GET /wp-content/install.php HTTP/1.1" 200 16 "https://superexoticrental.com/wp-content/install.php" "Mozilla/5.0 (Windows NT 10.0; Win64; x64) AppleWebKit/537.36 (KHTML, like Gecko) Chrome/58.0.3029.110 Safari/537.3"
superexoticrental.com.infinitibizsol.com:443 198.204.226.18 - - [10/Jun/2025:14:26:46 +0000] "GET /wp-content/install.php HTTP/1.1" 200 16 "https://superexoticrental.com/wp-content/install.php" "Mozilla/5.0 (Windows NT 10.0; Win64; x64) AppleWebKit/537.36 (KHTML, like Gecko) Chrome/58.0.3029.110 Safari/537.3"
superexoticrental.com.infinitibizsol.com:443 20.171.207.69 - - [10/Jun/2025:14:27:06 +0000] "GET /245rxlno43654.html HTTP/1.1" 499 0 "-" "Mozilla/5.0 AppleWebKit/537.36 (KHTML, like Gecko; compatible; GPTBot/1.2; +https://openai.com/gptbot)"
superexoticrental.com.infinitibizsol.com:443 20.171.207.69 - - [10/Jun/2025:14:28:07 +0000] "GET /119hoapb16458.html HTTP/1.1" 499 0 "-" "Mozilla/5.0 AppleWebKit/537.36 (KHTML, like Gecko; compatible; GPTBot/1.2; +https://openai.com/gptbot)"
superexoticrental.com.infinitibizsol.com:443 162.0.223.40 - - [10/Jun/2025:14:28:26 +0000] "POST /wp-cron.php?doing_wp_cron=1749565705.4784269332885742187500 HTTP/1.1" 499 0 "-" "WordPress/6.8.1; https://superexoticrental.com"
superexoticrental.com.infinitibizsol.com:443 51.222.253.11 - - [10/Jun/2025:14:29:05 +0000] "GET /b/86827983.shtm HTTP/1.1" 404 57764 "-" "Mozilla/5.0 (compatible; AhrefsBot/7.0; +http://ahrefs.com/robot/)"
superexoticrental.com.infinitibizsol.com:443 20.171.207.69 - - [10/Jun/2025:14:29:11 +0000] "GET /163zsjlt44772.html HTTP/1.1" 499 0 "-" "Mozilla/5.0 AppleWebKit/537.36 (KHTML, like Gecko; compatible; GPTBot/1.2; +https://openai.com/gptbot)"
superexoticrental.com.infinitibizsol.com:443 198.204.226.18 - - [10/Jun/2025:14:29:52 +0000] "GET /wp-content/install.php HTTP/1.1" 499 0 "https://superexoticrental.com/wp-content/install.php" "Mozilla/5.0 (Windows NT 10.0; Win64; x64) AppleWebKit/537.36 (KHTML, like Gecko) Chrome/58.0.3029.110 Safari/537.3"
superexoticrental.com.infinitibizsol.com:443 20.171.207.69 - - [10/Jun/2025:14:30:15 +0000] "GET /128pusxw38517.html HTTP/1.1" 499 0 "-" "Mozilla/5.0 AppleWebKit/537.36 (KHTML, like Gecko; compatible; GPTBot/1.2; +https://openai.com/gptbot)"
superexoticrental.com.infinitibizsol.com:443 162.0.223.40 - - [10/Jun/2025:14:30:24 +0000] "POST /wp-cron.php?doing_wp_cron=1749565823.5586071014404296875000 HTTP/1.1" 499 0 "-" "WordPress/6.8.1; https://superexoticrental.com"
superexoticrental.com.infinitibizsol.com:443 20.171.207.69 - - [10/Jun/2025:14:31:19 +0000] "GET /106idndl46587.html HTTP/1.1" 499 0 "-" "Mozilla/5.0 AppleWebKit/537.36 (KHTML, like Gecko; compatible; GPTBot/1.2; +https://openai.com/gptbot)"
superexoticrental.com.infinitibizsol.com:443 162.0.223.40 - - [10/Jun/2025:14:31:24 +0000] "POST /wp-cron.php?doing_wp_cron=1749565883.6195249557495117187500 HTTP/1.1" 499 0 "-" "WordPress/6.8.1; https://superexoticrental.com"
superexoticrental.com.infinitibizsol.com:443 198.204.226.18 - - [10/Jun/2025:14:32:10 +0000] "GET /wp-content/install.php HTTP/1.1" 499 0 "https://superexoticrental.com/wp-content/install.php" "Mozilla/5.0 (Windows NT 10.0; Win64; x64) AppleWebKit/537.36 (KHTML, like Gecko) Chrome/58.0.3029.110 Safari/537.3"
superexoticrental.com.infinitibizsol.com:443 20.171.207.69 - - [10/Jun/2025:14:32:23 +0000] "GET /136oxmps27445.html HTTP/1.1" 499 0 "-" "Mozilla/5.0 AppleWebKit/537.36 (KHTML, like Gecko; compatible; GPTBot/1.2; +https://openai.com/gptbot)"
superexoticrental.com.infinitibizsol.com:443 162.0.223.40 - - [10/Jun/2025:14:32:29 +0000] "POST /wp-cron.php?doing_wp_cron=1749565948.7072110176086425781250 HTTP/1.1" 499 0 "-" "WordPress/6.8.1; https://superexoticrental.com"
superexoticrental.com.infinitibizsol.com:443 20.171.207.69 - - [10/Jun/2025:14:33:28 +0000] "GET /116mxfdo49837.html HTTP/1.1" 499 0 "-" "Mozilla/5.0 AppleWebKit/537.36 (KHTML, like Gecko; compatible; GPTBot/1.2; +https://openai.com/gptbot)"
superexoticrental.com.infinitibizsol.com:443 162.0.223.40 - - [10/Jun/2025:14:33:33 +0000] "POST /wp-cron.php?doing_wp_cron=1749566011.8239049911499023437500 HTTP/1.1" 499 0 "-" "WordPress/6.8.1; https://superexoticrental.com"
superexoticrental.com.infinitibizsol.com:443 57.141.4.19 - - [10/Jun/2025:14:33:44 +0000] "GET /?sitemap195.xml HTTP/1.1" 301 5 "-" "meta-externalagent/1.1 (+https://developers.facebook.com/docs/sharing/webmasters/crawler)"
superexoticrental.com.infinitibizsol.com:443 57.141.4.26 - - [10/Jun/2025:14:34:29 +0000] "GET /?sitemap195_xml HTTP/1.1" 200 100708 "-" "meta-externalagent/1.1 (+https://developers.facebook.com/docs/sharing/webmasters/crawler)"
superexoticrental.com.infinitibizsol.com:443 173.208.204.66 - - [10/Jun/2025:14:34:30 +0000] "GET /wp-content/install.php HTTP/1.1" 499 0 "https://superexoticrental.com/wp-content/install.php" "Mozilla/5.0 (Windows NT 10.0; Win64; x64) AppleWebKit/537.36 (KHTML, like Gecko) Chrome/58.0.3029.110 Safari/537.3"
superexoticrental.com.infinitibizsol.com:443 173.208.204.66 - - [10/Jun/2025:14:34:31 +0000] "GET /wp-content/install.php HTTP/1.1" 200 16 "https://superexoticrental.com/wp-content/install.php" "Mozilla/5.0 (Windows NT 10.0; Win64; x64) AppleWebKit/537.36 (KHTML, like Gecko) Chrome/58.0.3029.110 Safari/537.3"
superexoticrental.com.infinitibizsol.com:443 20.171.207.69 - - [10/Jun/2025:14:34:31 +0000] "GET /163agsyj14536.html HTTP/1.1" 499 0 "-" "Mozilla/5.0 AppleWebKit/537.36 (KHTML, like Gecko; compatible; GPTBot/1.2; +https://openai.com/gptbot)"
superexoticrental.com.infinitibizsol.com:443 162.0.223.40 - - [10/Jun/2025:14:34:34 +0000] "POST /wp-cron.php?doing_wp_cron=1749566073.4726159572601318359375 HTTP/1.1" 499 0 "-" "WordPress/6.8.1; https://superexoticrental.com"
superexoticrental.com.infinitibizsol.com:443 198.204.226.18 - - [10/Jun/2025:14:34:57 +0000] "GET /wp-content/install.php HTTP/1.1" 200 16 "https://superexoticrental.com/wp-content/install.php" "Mozilla/5.0 (Windows NT 10.0; Win64; x64) AppleWebKit/537.36 (KHTML, like Gecko) Chrome/58.0.3029.110 Safari/537.3"
superexoticrental.com.infinitibizsol.com:443 198.204.226.18 - - [10/Jun/2025:14:35:18 +0000] "GET /wp-content/install.php HTTP/1.1" 200 16 "https://superexoticrental.com/wp-content/install.php" "Mozilla/5.0 (Windows NT 10.0; Win64; x64) AppleWebKit/537.36 (KHTML, like Gecko) Chrome/58.0.3029.110 Safari/537.3"
superexoticrental.com.infinitibizsol.com:443 20.171.207.69 - - [10/Jun/2025:14:35:37 +0000] "GET /281wzrki10184.html HTTP/1.1" 499 0 "-" "Mozilla/5.0 AppleWebKit/537.36 (KHTML, like Gecko; compatible; GPTBot/1.2; +https://openai.com/gptbot)"
superexoticrental.com.infinitibizsol.com:443 162.0.223.40 - - [10/Jun/2025:14:35:52 +0000] "POST /wp-cron.php?doing_wp_cron=1749566151.1324079036712646484375 HTTP/1.1" 499 0 "-" "WordPress/6.8.1; https://superexoticrental.com"
superexoticrental.com.infinitibizsol.com:443 20.171.207.69 - - [10/Jun/2025:14:36:42 +0000] "GET /280behjm14179.html HTTP/1.1" 499 0 "-" "Mozilla/5.0 AppleWebKit/537.36 (KHTML, like Gecko; compatible; GPTBot/1.2; +https://openai.com/gptbot)"
superexoticrental.com.infinitibizsol.com:443 162.0.223.40 - - [10/Jun/2025:14:37:01 +0000] "POST /wp-cron.php?doing_wp_cron=1749566220.4715030193328857421875 HTTP/1.1" 499 0 "-" "WordPress/6.8.1; https://superexoticrental.com"
superexoticrental.com.infinitibizsol.com:443 20.171.207.69 - - [10/Jun/2025:14:37:44 +0000] "GET /177pgmvd33562.html HTTP/1.1" 499 0 "-" "Mozilla/5.0 AppleWebKit/537.36 (KHTML, like Gecko; compatible; GPTBot/1.2; +https://openai.com/gptbot)"
superexoticrental.com.infinitibizsol.com:443 198.204.226.18 - - [10/Jun/2025:14:37:55 +0000] "GET /wp-content/install.php HTTP/1.1" 499 0 "https://superexoticrental.com/wp-content/install.php" "Mozilla/5.0 (Windows NT 10.0; Win64; x64) AppleWebKit/537.36 (KHTML, like Gecko) Chrome/58.0.3029.110 Safari/537.3"
superexoticrental.com.infinitibizsol.com:443 20.171.207.69 - - [10/Jun/2025:14:38:48 +0000] "GET /295ydtbt17930.html HTTP/1.1" 499 0 "-" "Mozilla/5.0 AppleWebKit/537.36 (KHTML, like Gecko; compatible; GPTBot/1.2; +https://openai.com/gptbot)"
superexoticrental.com.infinitibizsol.com:443 162.0.223.40 - - [10/Jun/2025:14:39:09 +0000] "POST /wp-cron.php?doing_wp_cron=1749566348.6110808849334716796875 HTTP/1.1" 499 0 "-" "WordPress/6.8.1; https://superexoticrental.com"
superexoticrental.com.infinitibizsol.com:443 20.171.207.69 - - [10/Jun/2025:14:39:49 +0000] "GET /150udipl26803.html HTTP/1.1" 499 0 "-" "Mozilla/5.0 AppleWebKit/537.36 (KHTML, like Gecko; compatible; GPTBot/1.2; +https://openai.com/gptbot)"
superexoticrental.com.infinitibizsol.com:443 20.171.207.69 - - [10/Jun/2025:14:40:53 +0000] "GET /225hxecy11776.html HTTP/1.1" 499 0 "-" "Mozilla/5.0 AppleWebKit/537.36 (KHTML, like Gecko; compatible; GPTBot/1.2; +https://openai.com/gptbot)"
superexoticrental.com.infinitibizsol.com:443 162.0.223.40 - - [10/Jun/2025:14:40:58 +0000] "POST /wp-cron.php?doing_wp_cron=1749566457.2778170108795166015625 HTTP/1.1" 499 0 "-" "WordPress/6.8.1; https://superexoticrental.com"
superexoticrental.com.infinitibizsol.com:443 20.171.207.69 - - [10/Jun/2025:14:41:59 +0000] "GET /148pduzn29373.html HTTP/1.1" 499 0 "-" "Mozilla/5.0 AppleWebKit/537.36 (KHTML, like Gecko; compatible; GPTBot/1.2; +https://openai.com/gptbot)"
superexoticrental.com.infinitibizsol.com:443 162.0.223.40 - - [10/Jun/2025:14:42:24 +0000] "POST /wp-cron.php?doing_wp_cron=1749566543.0173571109771728515625 HTTP/1.1" 499 0 "-" "WordPress/6.8.1; https://superexoticrental.com"
superexoticrental.com.infinitibizsol.com:443 173.208.204.66 - - [10/Jun/2025:14:42:34 +0000] "GET /wp-content/install.php HTTP/1.1" 499 0 "https://superexoticrental.com/wp-content/install.php" "Mozilla/5.0 (Windows NT 10.0; Win64; x64) AppleWebKit/537.36 (KHTML, like Gecko) Chrome/58.0.3029.110 Safari/537.3"
superexoticrental.com.infinitibizsol.com:443 173.208.204.66 - - [10/Jun/2025:14:42:35 +0000] "GET /wp-content/install.php HTTP/1.1" 200 16 "https://superexoticrental.com/wp-content/install.php" "Mozilla/5.0 (Windows NT 10.0; Win64; x64) AppleWebKit/537.36 (KHTML, like Gecko) Chrome/58.0.3029.110 Safari/537.3"
superexoticrental.com.infinitibizsol.com:443 51.222.253.7 - - [10/Jun/2025:14:42:47 +0000] "GET /b/917496733.shtm HTTP/1.1" 404 57766 "-" "Mozilla/5.0 (compatible; AhrefsBot/7.0; +http://ahrefs.com/robot/)"
superexoticrental.com.infinitibizsol.com:443 20.171.207.69 - - [10/Jun/2025:14:43:04 +0000] "GET /294xaruq21715.html HTTP/1.1" 499 0 "-" "Mozilla/5.0 AppleWebKit/537.36 (KHTML, like Gecko; compatible; GPTBot/1.2; +https://openai.com/gptbot)"
superexoticrental.com.infinitibizsol.com:443 162.0.223.40 - - [10/Jun/2025:14:44:07 +0000] "POST /wp-cron.php?doing_wp_cron=1749566646.3966400623321533203125 HTTP/1.1" 499 0 "-" "WordPress/6.8.1; https://superexoticrental.com"
superexoticrental.com.infinitibizsol.com:443 20.171.207.69 - - [10/Jun/2025:14:44:08 +0000] "GET /205vrvki44228.html HTTP/1.1" 499 0 "-" "Mozilla/5.0 AppleWebKit/537.36 (KHTML, like Gecko; compatible; GPTBot/1.2; +https://openai.com/gptbot)"
superexoticrental.com.infinitibizsol.com:443 57.141.4.2 - - [10/Jun/2025:14:44:26 +0000] "GET /sitemapmobileindex.xml HTTP/1.1" 200 23 "-" "meta-externalagent/1.1 (+https://developers.facebook.com/docs/sharing/webmasters/crawler)"
superexoticrental.com.infinitibizsol.com:443 20.171.207.69 - - [10/Jun/2025:14:45:03 +0000] "GET /227ehlhi19350.html HTTP/1.1" 404 32358 "-" "Mozilla/5.0 AppleWebKit/537.36 (KHTML, like Gecko; compatible; GPTBot/1.2; +https://openai.com/gptbot)"
superexoticrental.com.infinitibizsol.com:443 20.171.207.69 - - [10/Jun/2025:14:46:09 +0000] "GET /282zsppg33495.html HTTP/1.1" 499 0 "-" "Mozilla/5.0 AppleWebKit/537.36 (KHTML, like Gecko; compatible; GPTBot/1.2; +https://openai.com/gptbot)"
superexoticrental.com.infinitibizsol.com:443 162.0.223.40 - - [10/Jun/2025:14:46:24 +0000] "POST /wp-cron.php?doing_wp_cron=1749566783.4059979915618896484375 HTTP/1.1" 499 0 "-" "WordPress/6.8.1; https://superexoticrental.com"
superexoticrental.com.infinitibizsol.com:443 20.171.207.69 - - [10/Jun/2025:14:47:11 +0000] "GET /291vntfa24634.html HTTP/1.1" 499 0 "-" "Mozilla/5.0 AppleWebKit/537.36 (KHTML, like Gecko; compatible; GPTBot/1.2; +https://openai.com/gptbot)"
superexoticrental.com.infinitibizsol.com:443 162.0.223.40 - - [10/Jun/2025:14:47:24 +0000] "POST /wp-cron.php?doing_wp_cron=1749566843.7717249393463134765625 HTTP/1.1" 499 0 "-" "WordPress/6.8.1; https://superexoticrental.com"
superexoticrental.com.infinitibizsol.com:443 20.171.207.69 - - [10/Jun/2025:14:48:12 +0000] "GET /229cykix28578.html HTTP/1.1" 404 32358 "-" "Mozilla/5.0 AppleWebKit/537.36 (KHTML, like Gecko; compatible; GPTBot/1.2; +https://openai.com/gptbot)"
superexoticrental.com.infinitibizsol.com:443 20.171.207.69 - - [10/Jun/2025:14:49:20 +0000] "GET /264ysnxw36023.html HTTP/1.1" 499 0 "-" "Mozilla/5.0 AppleWebKit/537.36 (KHTML, like Gecko; compatible; GPTBot/1.2; +https://openai.com/gptbot)"
superexoticrental.com.infinitibizsol.com:443 162.0.223.40 - - [10/Jun/2025:14:49:34 +0000] "POST /wp-cron.php?doing_wp_cron=1749566973.7485830783843994140625 HTTP/1.1" 499 0 "-" "WordPress/6.8.1; https://superexoticrental.com"
superexoticrental.com.infinitibizsol.com:443 51.222.253.9 - - [10/Jun/2025:14:50:05 +0000] "GET /b1627887163.shtm HTTP/1.1" 404 57766 "-" "Mozilla/5.0 (compatible; AhrefsBot/7.0; +http://ahrefs.com/robot/)"
superexoticrental.com.infinitibizsol.com:443 20.171.207.69 - - [10/Jun/2025:14:50:25 +0000] "GET /150udipl26803.html HTTP/1.1" 404 32358 "-" "Mozilla/5.0 AppleWebKit/537.36 (KHTML, like Gecko; compatible; GPTBot/1.2; +https://openai.com/gptbot)"
superexoticrental.com.infinitibizsol.com:443 173.208.204.66 - - [10/Jun/2025:14:50:35 +0000] "GET /wp-content/install.php HTTP/1.1" 499 0 "https://superexoticrental.com/wp-content/install.php" "Mozilla/5.0 (Windows NT 10.0; Win64; x64) AppleWebKit/537.36 (KHTML, like Gecko) Chrome/58.0.3029.110 Safari/537.3"
superexoticrental.com.infinitibizsol.com:443 173.208.204.66 - - [10/Jun/2025:14:50:35 +0000] "GET /wp-content/install.php HTTP/1.1" 200 16 "https://superexoticrental.com/wp-content/install.php" "Mozilla/5.0 (Windows NT 10.0; Win64; x64) AppleWebKit/537.36 (KHTML, like Gecko) Chrome/58.0.3029.110 Safari/537.3"
superexoticrental.com.infinitibizsol.com:443 20.171.207.69 - - [10/Jun/2025:14:51:28 +0000] "GET /143hqzxk37068.html HTTP/1.1" 499 0 "-" "Mozilla/5.0 AppleWebKit/537.36 (KHTML, like Gecko; compatible; GPTBot/1.2; +https://openai.com/gptbot)"
superexoticrental.com.infinitibizsol.com:443 162.0.223.40 - - [10/Jun/2025:14:51:40 +0000] "POST /wp-cron.php?doing_wp_cron=1749567099.1793360710144042968750 HTTP/1.1" 499 0 "-" "WordPress/6.8.1; https://superexoticrental.com"
superexoticrental.com.infinitibizsol.com:443 20.171.207.69 - - [10/Jun/2025:14:52:31 +0000] "GET /257nkxgz11612.html HTTP/1.1" 499 0 "-" "Mozilla/5.0 AppleWebKit/537.36 (KHTML, like Gecko; compatible; GPTBot/1.2; +https://openai.com/gptbot)"
superexoticrental.com.infinitibizsol.com:443 162.0.223.40 - - [10/Jun/2025:14:52:40 +0000] "POST /wp-cron.php?doing_wp_cron=1749567159.2573249340057373046875 HTTP/1.1" 499 0 "-" "WordPress/6.8.1; https://superexoticrental.com"
superexoticrental.com.infinitibizsol.com:443 20.171.207.69 - - [10/Jun/2025:14:53:34 +0000] "GET /291yxutx37758.html HTTP/1.1" 499 0 "-" "Mozilla/5.0 AppleWebKit/537.36 (KHTML, like Gecko; compatible; GPTBot/1.2; +https://openai.com/gptbot)"
superexoticrental.com.infinitibizsol.com:443 162.0.223.40 - - [10/Jun/2025:14:53:50 +0000] "POST /wp-cron.php?doing_wp_cron=1749567229.8829569816589355468750 HTTP/1.1" 499 0 "-" "WordPress/6.8.1; https://superexoticrental.com"
superexoticrental.com.infinitibizsol.com:443 66.249.70.100 - - [10/Jun/2025:14:54:07 +0000] "GET /?_gl=1*f4zux3b*_ga*lVvojlrMMJymEEgvqHlEAOqVwdhg*_ga_YCLOVZDLP*vGpEi2OvKCdWaR0M9qqXbLCcm5U2B2vlXHwoD1glT4KsUERGXOxApOn.*_gcl_au=1.1.199053280.178008926*_gcl_aw=STA.173447951.B6b20PPWja9h3qcQOzAyfb56XGAQSrWh88nG5DHtsHNDh9KR3GQLweldWwQfwVBBMwCVSCXs3Lx4qfquBNDzQnhjE8..&_gz=2.194985454.199581896.173554222-867479944.164804339&_bdsid=t8k0e6.n~PIJIT.178955614.177677846&_bd_prev_page=https://superexoticrental.com/chat.php?2tkm31601.html HTTP/1.1" 200 576514 "-" "Mozilla/5.0 (Linux; Android 6.0.1; Nexus 5X Build/MMB29P) AppleWebKit/537.36 (KHTML, like Gecko) Chrome/137.0.7151.68 Mobile Safari/537.36 (compatible; Googlebot/2.1; +http://www.google.com/bot.html)"
superexoticrental.com.infinitibizsol.com:443 20.171.207.69 - - [10/Jun/2025:14:54:40 +0000] "GET /252unkat39849.html HTTP/1.1" 499 0 "-" "Mozilla/5.0 AppleWebKit/537.36 (KHTML, like Gecko; compatible; GPTBot/1.2; +https://openai.com/gptbot)"
superexoticrental.com.infinitibizsol.com:443 162.0.223.40 - - [10/Jun/2025:14:55:00 +0000] "POST /wp-cron.php?doing_wp_cron=1749567299.2250330448150634765625 HTTP/1.1" 499 0 "-" "WordPress/6.8.1; https://superexoticrental.com"
superexoticrental.com.infinitibizsol.com:443 20.171.207.69 - - [10/Jun/2025:14:55:43 +0000] "GET /187njfvx31454.html HTTP/1.1" 499 0 "-" "Mozilla/5.0 AppleWebKit/537.36 (KHTML, like Gecko; compatible; GPTBot/1.2; +https://openai.com/gptbot)"
superexoticrental.com.infinitibizsol.com:443 20.171.207.69 - - [10/Jun/2025:14:56:47 +0000] "GET /270xkgnx29937.html HTTP/1.1" 499 0 "-" "Mozilla/5.0 AppleWebKit/537.36 (KHTML, like Gecko; compatible; GPTBot/1.2; +https://openai.com/gptbot)"
superexoticrental.com.infinitibizsol.com:443 162.0.223.40 - - [10/Jun/2025:14:57:01 +0000] "POST /wp-cron.php?doing_wp_cron=1749567420.5847520828247070312500 HTTP/1.1" 499 0 "-" "WordPress/6.8.1; https://superexoticrental.com"
superexoticrental.com.infinitibizsol.com:443 51.222.253.1 - - [10/Jun/2025:14:57:34 +0000] "GET /b1815500379.shtm HTTP/1.1" 404 57766 "-" "Mozilla/5.0 (compatible; AhrefsBot/7.0; +http://ahrefs.com/robot/)"
superexoticrental.com.infinitibizsol.com:443 198.204.226.18 - - [10/Jun/2025:14:57:42 +0000] "GET /wp-content/install.php HTTP/1.1" 499 0 "https://superexoticrental.com/wp-content/install.php" "Mozilla/5.0 (Windows NT 10.0; Win64; x64) AppleWebKit/537.36 (KHTML, like Gecko) Chrome/58.0.3029.110 Safari/537.3"
superexoticrental.com.infinitibizsol.com:443 20.171.207.69 - - [10/Jun/2025:14:57:49 +0000] "GET /153noitp13812.html HTTP/1.1" 499 0 "-" "Mozilla/5.0 AppleWebKit/537.36 (KHTML, like Gecko; compatible; GPTBot/1.2; +https://openai.com/gptbot)"
superexoticrental.com.infinitibizsol.com:443 20.171.207.69 - - [10/Jun/2025:14:58:53 +0000] "GET /275exvbi42590.html HTTP/1.1" 499 0 "-" "Mozilla/5.0 AppleWebKit/537.36 (KHTML, like Gecko; compatible; GPTBot/1.2; +https://openai.com/gptbot)"
superexoticrental.com.infinitibizsol.com:443 162.0.223.40 - - [10/Jun/2025:14:58:57 +0000] "POST /wp-cron.php?doing_wp_cron=1749567536.3572070598602294921875 HTTP/1.1" 499 0 "-" "WordPress/6.8.1; https://superexoticrental.com"
superexoticrental.com.infinitibizsol.com:443 198.204.226.18 - - [10/Jun/2025:14:59:16 +0000] "GET /wp-content/install.php HTTP/1.1" 499 0 "https://superexoticrental.com/wp-content/install.php" "Mozilla/5.0 (Windows NT 10.0; Win64; x64) AppleWebKit/537.36 (KHTML, like Gecko) Chrome/58.0.3029.110 Safari/537.3"
