superexoticrental.com.infinitibizsol.com:443 173.208.204.66 - - [11/Jun/2025:20:43:36 +0000] "GET /wp-content/install.php HTTP/1.1" 200 16 "https://superexoticrental.com/wp-content/install.php" "Mozilla/5.0 (Windows NT 10.0; Win64; x64) AppleWebKit/537.36 (KHTML, like Gecko) Chrome/58.0.3029.110 Safari/537.3"
superexoticrental.com.infinitibizsol.com:443 162.0.223.40 - - [11/Jun/2025:20:43:47 +0000] "POST /wp-cron.php?doing_wp_cron=1749674626.2930459976196289062500 HTTP/1.1" 499 0 "-" "WordPress/6.8.1; https://superexoticrental.com"
superexoticrental.com.infinitibizsol.com:443 20.171.207.28 - - [11/Jun/2025:20:44:37 +0000] "GET /26afjp16465.html HTTP/1.1" 499 0 "-" "Mozilla/5.0 AppleWebKit/537.36 (KHTML, like Gecko; compatible; GPTBot/1.2; +https://openai.com/gptbot)"
superexoticrental.com.infinitibizsol.com:443 20.171.207.28 - - [11/Jun/2025:20:45:39 +0000] "GET /50vysb49139.html HTTP/1.1" 499 0 "-" "Mozilla/5.0 AppleWebKit/537.36 (KHTML, like Gecko; compatible; GPTBot/1.2; +https://openai.com/gptbot)"
superexoticrental.com.infinitibizsol.com:443 162.0.223.40 - - [11/Jun/2025:20:45:48 +0000] "POST /wp-cron.php?doing_wp_cron=1749674747.5748600959777832031250 HTTP/1.1" 499 0 "-" "WordPress/6.8.1; https://superexoticrental.com"
superexoticrental.com.infinitibizsol.com:443 34.202.88.37 - - [11/Jun/2025:20:46:00 +0000] "GET /cadillac-escalade-esv/ HTTP/1.1" 200 70060 "-" "Mozilla/5.0 AppleWebKit/537.36 (KHTML, like Gecko; compatible; Amazonbot/0.1; +https://developer.amazon.com/support/amazonbot) Chrome/119.0.6045.214 Safari/537.36"
superexoticrental.com.infinitibizsol.com:443 110.249.201.162 - - [11/Jun/2025:20:46:25 +0000] "GET /wp-content/uploads/2023/03/Chevy-Suburban.png.png HTTP/1.1" 200 3056960 "-" "Mozilla/5.0 (Linux; Android 5.0) AppleWebKit/537.36 (KHTML, like Gecko) Mobile Safari/537.36 (compatible; Bytespider; https://zhanzhang.toutiao.com/)"
superexoticrental.com.infinitibizsol.com:443 20.171.207.28 - - [11/Jun/2025:20:46:43 +0000] "GET /58xjcv25089.html HTTP/1.1" 499 0 "-" "Mozilla/5.0 AppleWebKit/537.36 (KHTML, like Gecko; compatible; GPTBot/1.2; +https://openai.com/gptbot)"
superexoticrental.com.infinitibizsol.com:443 162.0.223.40 - - [11/Jun/2025:20:47:01 +0000] "POST /wp-cron.php?doing_wp_cron=1749674820.7386620044708251953125 HTTP/1.1" 499 0 "-" "WordPress/6.8.1; https://superexoticrental.com"
superexoticrental.com.infinitibizsol.com:443 20.171.207.28 - - [11/Jun/2025:20:47:48 +0000] "GET /189yzei8672.html HTTP/1.1" 499 0 "-" "Mozilla/5.0 AppleWebKit/537.36 (KHTML, like Gecko; compatible; GPTBot/1.2; +https://openai.com/gptbot)"
superexoticrental.com.infinitibizsol.com:443 20.171.207.28 - - [11/Jun/2025:20:48:50 +0000] "GET /61vyds30732.html HTTP/1.1" 499 0 "-" "Mozilla/5.0 AppleWebKit/537.36 (KHTML, like Gecko; compatible; GPTBot/1.2; +https://openai.com/gptbot)"
superexoticrental.com.infinitibizsol.com:443 162.0.223.40 - - [11/Jun/2025:20:49:15 +0000] "POST /wp-cron.php?doing_wp_cron=1749674954.5683729648590087890625 HTTP/1.1" 499 0 "-" "WordPress/6.8.1; https://superexoticrental.com"
superexoticrental.com.infinitibizsol.com:443 20.171.207.28 - - [11/Jun/2025:20:49:52 +0000] "GET /298wprz7793.html HTTP/1.1" 499 0 "-" "Mozilla/5.0 AppleWebKit/537.36 (KHTML, like Gecko; compatible; GPTBot/1.2; +https://openai.com/gptbot)"
superexoticrental.com.infinitibizsol.com:443 162.0.223.40 - - [11/Jun/2025:20:50:16 +0000] "POST /wp-cron.php?doing_wp_cron=1749675015.6105170249938964843750 HTTP/1.1" 499 0 "-" "WordPress/6.8.1; https://superexoticrental.com"
superexoticrental.com.infinitibizsol.com:443 20.171.207.28 - - [11/Jun/2025:20:50:35 +0000] "GET /14eygd36147.html HTTP/1.1" 404 32358 "-" "Mozilla/5.0 AppleWebKit/537.36 (KHTML, like Gecko; compatible; GPTBot/1.2; +https://openai.com/gptbot)"
superexoticrental.com.infinitibizsol.com:443 173.208.204.66 - - [11/Jun/2025:20:51:33 +0000] "GET /wp-content/install.php HTTP/1.1" 499 0 "https://superexoticrental.com/wp-content/install.php" "Mozilla/5.0 (Windows NT 10.0; Win64; x64) AppleWebKit/537.36 (KHTML, like Gecko) Chrome/58.0.3029.110 Safari/537.3"
superexoticrental.com.infinitibizsol.com:443 173.208.204.66 - - [11/Jun/2025:20:51:34 +0000] "GET /wp-content/install.php HTTP/1.1" 200 16 "https://superexoticrental.com/wp-content/install.php" "Mozilla/5.0 (Windows NT 10.0; Win64; x64) AppleWebKit/537.36 (KHTML, like Gecko) Chrome/58.0.3029.110 Safari/537.3"
superexoticrental.com.infinitibizsol.com:443 20.171.207.28 - - [11/Jun/2025:20:52:00 +0000] "GET /33kwmr19204.html HTTP/1.1" 499 0 "-" "Mozilla/5.0 AppleWebKit/537.36 (KHTML, like Gecko; compatible; GPTBot/1.2; +https://openai.com/gptbot)"
superexoticrental.com.infinitibizsol.com:443 162.0.223.40 - - [11/Jun/2025:20:52:20 +0000] "POST /wp-cron.php?doing_wp_cron=1749675139.0672750473022460937500 HTTP/1.1" 499 0 "-" "WordPress/6.8.1; https://superexoticrental.com"
superexoticrental.com.infinitibizsol.com:443 20.171.207.28 - - [11/Jun/2025:20:53:00 +0000] "GET /50nxeq33117.html HTTP/1.1" 499 0 "-" "Mozilla/5.0 AppleWebKit/537.36 (KHTML, like Gecko; compatible; GPTBot/1.2; +https://openai.com/gptbot)"
superexoticrental.com.infinitibizsol.com:443 20.171.207.28 - - [11/Jun/2025:20:54:00 +0000] "GET /19gmqs25310.html HTTP/1.1" 499 0 "-" "Mozilla/5.0 AppleWebKit/537.36 (KHTML, like Gecko; compatible; GPTBot/1.2; +https://openai.com/gptbot)"
superexoticrental.com.infinitibizsol.com:443 162.0.223.40 - - [11/Jun/2025:20:54:09 +0000] "POST /wp-cron.php?doing_wp_cron=1749675248.3492829799652099609375 HTTP/1.1" 499 0 "-" "WordPress/6.8.1; https://superexoticrental.com"
superexoticrental.com.infinitibizsol.com:443 20.171.207.28 - - [11/Jun/2025:20:55:03 +0000] "GET /63kvus35744.html HTTP/1.1" 499 0 "-" "Mozilla/5.0 AppleWebKit/537.36 (KHTML, like Gecko; compatible; GPTBot/1.2; +https://openai.com/gptbot)"
superexoticrental.com.infinitibizsol.com:443 162.0.223.40 - - [11/Jun/2025:20:55:14 +0000] "POST /wp-cron.php?doing_wp_cron=1749675312.9865739345550537109375 HTTP/1.1" 499 0 "-" "WordPress/6.8.1; https://superexoticrental.com"
superexoticrental.com.infinitibizsol.com:443 198.204.226.18 - - [11/Jun/2025:20:55:34 +0000] "GET /wp-content/install.php HTTP/1.1" 499 0 "https://superexoticrental.com/wp-content/install.php" "Mozilla/5.0 (Windows NT 10.0; Win64; x64) AppleWebKit/537.36 (KHTML, like Gecko) Chrome/58.0.3029.110 Safari/537.3"
superexoticrental.com.infinitibizsol.com:443 20.171.207.28 - - [11/Jun/2025:20:56:07 +0000] "GET /164vapm5103.html HTTP/1.1" 499 0 "-" "Mozilla/5.0 AppleWebKit/537.36 (KHTML, like Gecko; compatible; GPTBot/1.2; +https://openai.com/gptbot)"
superexoticrental.com.infinitibizsol.com:443 162.0.223.40 - - [11/Jun/2025:20:56:14 +0000] "POST /wp-cron.php?doing_wp_cron=1749675373.2124319076538085937500 HTTP/1.1" 499 0 "-" "WordPress/6.8.1; https://superexoticrental.com"
superexoticrental.com.infinitibizsol.com:443 20.171.207.28 - - [11/Jun/2025:20:57:12 +0000] "GET /76unmk48529.html HTTP/1.1" 499 0 "-" "Mozilla/5.0 AppleWebKit/537.36 (KHTML, like Gecko; compatible; GPTBot/1.2; +https://openai.com/gptbot)"
superexoticrental.com.infinitibizsol.com:443 162.0.223.40 - - [11/Jun/2025:20:57:22 +0000] "POST /wp-cron.php?doing_wp_cron=1749675441.8064260482788085937500 HTTP/1.1" 499 0 "-" "WordPress/6.8.1; https://superexoticrental.com"
superexoticrental.com.infinitibizsol.com:443 20.171.207.28 - - [11/Jun/2025:20:58:16 +0000] "GET /13nnkp14856.html HTTP/1.1" 499 0 "-" "Mozilla/5.0 AppleWebKit/537.36 (KHTML, like Gecko; compatible; GPTBot/1.2; +https://openai.com/gptbot)"
superexoticrental.com.infinitibizsol.com:443 162.0.223.40 - - [11/Jun/2025:20:58:23 +0000] "POST /wp-cron.php?doing_wp_cron=1749675502.5709400177001953125000 HTTP/1.1" 499 0 "-" "WordPress/6.8.1; https://superexoticrental.com"
superexoticrental.com.infinitibizsol.com:80 117.33.163.216 - - [11/Jun/2025:20:59:05 +0000] "GET / HTTP/1.1" 301 5 "-" "Mozilla/5.0 (iPhone; CPU iPhone OS 13_2_3 like Mac OS X) AppleWebKit/605.1.15 (KHTML, like Gecko) Version/13.0.3 Mobile/15E148 Safari/604.1"
superexoticrental.com.infinitibizsol.com:443 117.33.163.216 - - [11/Jun/2025:20:59:13 +0000] "GET / HTTP/1.1" 200 100691 "http://superexoticrental.com" "Mozilla/5.0 (iPhone; CPU iPhone OS 13_2_3 like Mac OS X) AppleWebKit/605.1.15 (KHTML, like Gecko) Version/13.0.3 Mobile/15E148 Safari/604.1"
superexoticrental.com.infinitibizsol.com:443 20.171.207.28 - - [11/Jun/2025:20:59:19 +0000] "GET /80kqxp24863.html HTTP/1.1" 499 0 "-" "Mozilla/5.0 AppleWebKit/537.36 (KHTML, like Gecko; compatible; GPTBot/1.2; +https://openai.com/gptbot)"
superexoticrental.com.infinitibizsol.com:443 162.0.223.40 - - [11/Jun/2025:20:59:31 +0000] "POST /wp-cron.php?doing_wp_cron=1749675570.2056651115417480468750 HTTP/1.1" 499 0 "-" "WordPress/6.8.1; https://superexoticrental.com"
superexoticrental.com.infinitibizsol.com:443 173.208.204.66 - - [11/Jun/2025:20:59:34 +0000] "GET /wp-content/install.php HTTP/1.1" 499 0 "https://superexoticrental.com/wp-content/install.php" "Mozilla/5.0 (Windows NT 10.0; Win64; x64) AppleWebKit/537.36 (KHTML, like Gecko) Chrome/58.0.3029.110 Safari/537.3"
superexoticrental.com.infinitibizsol.com:443 173.208.204.66 - - [11/Jun/2025:20:59:35 +0000] "GET /wp-content/install.php HTTP/1.1" 200 16 "https://superexoticrental.com/wp-content/install.php" "Mozilla/5.0 (Windows NT 10.0; Win64; x64) AppleWebKit/537.36 (KHTML, like Gecko) Chrome/58.0.3029.110 Safari/537.3"
superexoticrental.com.infinitibizsol.com:443 20.171.207.28 - - [11/Jun/2025:21:00:24 +0000] "GET /12ytjo35879.html HTTP/1.1" 499 0 "-" "Mozilla/5.0 AppleWebKit/537.36 (KHTML, like Gecko; compatible; GPTBot/1.2; +https://openai.com/gptbot)"
superexoticrental.com.infinitibizsol.com:443 20.171.207.28 - - [11/Jun/2025:21:01:26 +0000] "GET /133beud2170.html HTTP/1.1" 499 0 "-" "Mozilla/5.0 AppleWebKit/537.36 (KHTML, like Gecko; compatible; GPTBot/1.2; +https://openai.com/gptbot)"
superexoticrental.com.infinitibizsol.com:443 162.0.223.40 - - [11/Jun/2025:21:01:27 +0000] "POST /wp-cron.php?doing_wp_cron=1749675686.1776309013366699218750 HTTP/1.1" 499 0 "-" "WordPress/6.8.1; https://superexoticrental.com"
superexoticrental.com.infinitibizsol.com:443 20.171.207.28 - - [11/Jun/2025:21:02:27 +0000] "GET /79ulwo31876.html HTTP/1.1" 499 0 "-" "Mozilla/5.0 AppleWebKit/537.36 (KHTML, like Gecko; compatible; GPTBot/1.2; +https://openai.com/gptbot)"
superexoticrental.com.infinitibizsol.com:443 162.0.223.40 - - [11/Jun/2025:21:02:34 +0000] "POST /wp-cron.php?doing_wp_cron=1749675753.8839850425720214843750 HTTP/1.1" 499 0 "-" "WordPress/6.8.1; https://superexoticrental.com"
superexoticrental.com.infinitibizsol.com:443 20.171.207.28 - - [11/Jun/2025:21:03:30 +0000] "GET /91fytz35640.html HTTP/1.1" 499 0 "-" "Mozilla/5.0 AppleWebKit/537.36 (KHTML, like Gecko; compatible; GPTBot/1.2; +https://openai.com/gptbot)"
superexoticrental.com.infinitibizsol.com:443 20.171.207.28 - - [11/Jun/2025:21:04:31 +0000] "GET /49yaqp12900.html HTTP/1.1" 499 0 "-" "Mozilla/5.0 AppleWebKit/537.36 (KHTML, like Gecko; compatible; GPTBot/1.2; +https://openai.com/gptbot)"
superexoticrental.com.infinitibizsol.com:443 162.0.223.40 - - [11/Jun/2025:21:04:39 +0000] "POST /wp-cron.php?doing_wp_cron=1749675878.0046060085296630859375 HTTP/1.1" 499 0 "-" "WordPress/6.8.1; https://superexoticrental.com"
superexoticrental.com.infinitibizsol.com:443 20.171.207.28 - - [11/Jun/2025:21:05:31 +0000] "GET /67hqai49288.html HTTP/1.1" 499 0 "-" "Mozilla/5.0 AppleWebKit/537.36 (KHTML, like Gecko; compatible; GPTBot/1.2; +https://openai.com/gptbot)"
superexoticrental.com.infinitibizsol.com:443 162.0.223.40 - - [11/Jun/2025:21:05:44 +0000] "POST /wp-cron.php?doing_wp_cron=1749675943.4482200145721435546875 HTTP/1.1" 499 0 "-" "WordPress/6.8.1; https://superexoticrental.com"
superexoticrental.com.infinitibizsol.com:443 20.171.207.28 - - [11/Jun/2025:21:06:36 +0000] "GET /39uwox11824.html HTTP/1.1" 499 0 "-" "Mozilla/5.0 AppleWebKit/537.36 (KHTML, like Gecko; compatible; GPTBot/1.2; +https://openai.com/gptbot)"
superexoticrental.com.infinitibizsol.com:443 173.208.204.66 - - [11/Jun/2025:21:07:33 +0000] "GET /wp-content/install.php HTTP/1.1" 499 0 "https://superexoticrental.com/wp-content/install.php" "Mozilla/5.0 (Windows NT 10.0; Win64; x64) AppleWebKit/537.36 (KHTML, like Gecko) Chrome/58.0.3029.110 Safari/537.3"
superexoticrental.com.infinitibizsol.com:443 173.208.204.66 - - [11/Jun/2025:21:07:34 +0000] "GET /wp-content/install.php HTTP/1.1" 200 16 "https://superexoticrental.com/wp-content/install.php" "Mozilla/5.0 (Windows NT 10.0; Win64; x64) AppleWebKit/537.36 (KHTML, like Gecko) Chrome/58.0.3029.110 Safari/537.3"
superexoticrental.com.infinitibizsol.com:443 20.171.207.28 - - [11/Jun/2025:21:07:36 +0000] "GET /84hdkx49601.html HTTP/1.1" 499 0 "-" "Mozilla/5.0 AppleWebKit/537.36 (KHTML, like Gecko; compatible; GPTBot/1.2; +https://openai.com/gptbot)"
superexoticrental.com.infinitibizsol.com:443 162.0.223.40 - - [11/Jun/2025:21:07:47 +0000] "POST /wp-cron.php?doing_wp_cron=1749676065.9601089954376220703125 HTTP/1.1" 499 0 "-" "WordPress/6.8.1; https://superexoticrental.com"
superexoticrental.com.infinitibizsol.com:443 20.171.207.28 - - [11/Jun/2025:21:08:37 +0000] "GET /247sezg7570.html HTTP/1.1" 499 0 "-" "Mozilla/5.0 AppleWebKit/537.36 (KHTML, like Gecko; compatible; GPTBot/1.2; +https://openai.com/gptbot)"
superexoticrental.com.infinitibizsol.com:443 198.204.226.18 - - [11/Jun/2025:21:08:45 +0000] "GET /wp-content/install.php HTTP/1.1" 200 16 "https://superexoticrental.com/wp-content/install.php" "Mozilla/5.0 (Windows NT 10.0; Win64; x64) AppleWebKit/537.36 (KHTML, like Gecko) Chrome/58.0.3029.110 Safari/537.3"
superexoticrental.com.infinitibizsol.com:443 20.171.207.28 - - [11/Jun/2025:21:09:38 +0000] "GET /37qgkf42752.html HTTP/1.1" 499 0 "-" "Mozilla/5.0 AppleWebKit/537.36 (KHTML, like Gecko; compatible; GPTBot/1.2; +https://openai.com/gptbot)"
superexoticrental.com.infinitibizsol.com:443 162.0.223.40 - - [11/Jun/2025:21:09:48 +0000] "POST /wp-cron.php?doing_wp_cron=1749676187.3852729797363281250000 HTTP/1.1" 499 0 "-" "WordPress/6.8.1; https://superexoticrental.com"
superexoticrental.com.infinitibizsol.com:443 20.171.207.28 - - [11/Jun/2025:21:10:41 +0000] "GET /86ojpe28639.html HTTP/1.1" 499 0 "-" "Mozilla/5.0 AppleWebKit/537.36 (KHTML, like Gecko; compatible; GPTBot/1.2; +https://openai.com/gptbot)"
superexoticrental.com.infinitibizsol.com:443 20.171.207.28 - - [11/Jun/2025:21:11:46 +0000] "GET /40dzac49321.html HTTP/1.1" 499 0 "-" "Mozilla/5.0 AppleWebKit/537.36 (KHTML, like Gecko; compatible; GPTBot/1.2; +https://openai.com/gptbot)"
superexoticrental.com.infinitibizsol.com:443 162.0.223.40 - - [11/Jun/2025:21:12:04 +0000] "POST /wp-cron.php?doing_wp_cron=1749676323.2370700836181640625000 HTTP/1.1" 499 0 "-" "WordPress/6.8.1; https://superexoticrental.com"
superexoticrental.com.infinitibizsol.com:443 20.171.207.28 - - [11/Jun/2025:21:12:50 +0000] "GET /58xrve30823.html HTTP/1.1" 499 0 "-" "Mozilla/5.0 AppleWebKit/537.36 (KHTML, like Gecko; compatible; GPTBot/1.2; +https://openai.com/gptbot)"
superexoticrental.com.infinitibizsol.com:443 162.0.223.40 - - [11/Jun/2025:21:13:06 +0000] "POST /wp-cron.php?doing_wp_cron=1749676385.2657740116119384765625 HTTP/1.1" 499 0 "-" "WordPress/6.8.1; https://superexoticrental.com"
superexoticrental.com.infinitibizsol.com:443 20.171.207.28 - - [11/Jun/2025:21:13:53 +0000] "GET /131ikwe7804.html HTTP/1.1" 499 0 "-" "Mozilla/5.0 AppleWebKit/537.36 (KHTML, like Gecko; compatible; GPTBot/1.2; +https://openai.com/gptbot)"
superexoticrental.com.infinitibizsol.com:443 108.181.202.211 - - [11/Jun/2025:21:14:33 +0000] "GET /wp-content/install.php HTTP/1.1" 499 0 "https://superexoticrental.com/wp-content/install.php" "Opera/9.80 (Windows NT 6.1; U; ja) Presto/2.9.168 Version/11.50"
superexoticrental.com.infinitibizsol.com:443 108.181.202.211 - - [11/Jun/2025:21:14:33 +0000] "GET /wp-content/install.php HTTP/1.1" 200 16 "https://superexoticrental.com/wp-content/install.php" "Mozilla/4.0 (compatible; MSIE 8.0; Windows NT 5.1; Trident/4.0; .NET CLR 2.0.50727; InfoPath.1"
superexoticrental.com.infinitibizsol.com:443 20.171.207.28 - - [11/Jun/2025:21:14:57 +0000] "GET /173kite2506.html HTTP/1.1" 499 0 "-" "Mozilla/5.0 AppleWebKit/537.36 (KHTML, like Gecko; compatible; GPTBot/1.2; +https://openai.com/gptbot)"
superexoticrental.com.infinitibizsol.com:443 162.0.223.40 - - [11/Jun/2025:21:14:58 +0000] "POST /wp-cron.php?doing_wp_cron=1749676497.6676180362701416015625 HTTP/1.1" 499 0 "-" "WordPress/6.8.1; https://superexoticrental.com"
superexoticrental.com.infinitibizsol.com:443 173.208.204.66 - - [11/Jun/2025:21:15:32 +0000] "GET /wp-content/install.php HTTP/1.1" 200 16 "https://superexoticrental.com/wp-content/install.php" "Mozilla/5.0 (Windows NT 10.0; Win64; x64) AppleWebKit/537.36 (KHTML, like Gecko) Chrome/58.0.3029.110 Safari/537.3"
superexoticrental.com.infinitibizsol.com:443 20.171.207.28 - - [11/Jun/2025:21:16:00 +0000] "GET /21fpxr10732.html HTTP/1.1" 499 0 "-" "Mozilla/5.0 AppleWebKit/537.36 (KHTML, like Gecko; compatible; GPTBot/1.2; +https://openai.com/gptbot)"
superexoticrental.com.infinitibizsol.com:443 162.0.223.40 - - [11/Jun/2025:21:16:07 +0000] "POST /wp-cron.php?doing_wp_cron=1749676566.4808990955352783203125 HTTP/1.1" 499 0 "-" "WordPress/6.8.1; https://superexoticrental.com"
superexoticrental.com.infinitibizsol.com:443 198.204.226.18 - - [11/Jun/2025:21:16:37 +0000] "GET /wp-content/install.php HTTP/1.1" 499 0 "https://superexoticrental.com/wp-content/install.php" "Mozilla/5.0 (Windows NT 10.0; Win64; x64) AppleWebKit/537.36 (KHTML, like Gecko) Chrome/58.0.3029.110 Safari/537.3"
superexoticrental.com.infinitibizsol.com:443 20.171.207.28 - - [11/Jun/2025:21:17:03 +0000] "GET /19tayq27386.html HTTP/1.1" 499 0 "-" "Mozilla/5.0 AppleWebKit/537.36 (KHTML, like Gecko; compatible; GPTBot/1.2; +https://openai.com/gptbot)"
superexoticrental.com.infinitibizsol.com:443 162.0.223.40 - - [11/Jun/2025:21:17:10 +0000] "POST /wp-cron.php?doing_wp_cron=1749676629.5531010627746582031250 HTTP/1.1" 499 0 "-" "WordPress/6.8.1; https://superexoticrental.com"
superexoticrental.com.infinitibizsol.com:443 20.171.207.28 - - [11/Jun/2025:21:18:06 +0000] "GET /49gwfy25720.html HTTP/1.1" 404 32358 "-" "Mozilla/5.0 AppleWebKit/537.36 (KHTML, like Gecko; compatible; GPTBot/1.2; +https://openai.com/gptbot)"
superexoticrental.com.infinitibizsol.com:80 159.65.24.22 - - [11/Jun/2025:21:18:24 +0000] "GET / HTTP/1.1" 200 5 "-" "Mozilla/5.0 (Windows NT 10.0; Win64; x64) AppleWebKit/537.36 (KHTML, like Gecko) Chrome/124.0.0.0 Safari/537.36"
superexoticrental.com.infinitibizsol.com:443 20.171.207.28 - - [11/Jun/2025:21:19:13 +0000] "GET /64kaul18997.html HTTP/1.1" 499 0 "-" "Mozilla/5.0 AppleWebKit/537.36 (KHTML, like Gecko; compatible; GPTBot/1.2; +https://openai.com/gptbot)"
superexoticrental.com.infinitibizsol.com:443 162.0.223.40 - - [11/Jun/2025:21:19:31 +0000] "POST /wp-cron.php?doing_wp_cron=1749676770.4912889003753662109375 HTTP/1.1" 499 0 "-" "WordPress/6.8.1; https://superexoticrental.com"
superexoticrental.com.infinitibizsol.com:443 20.171.207.28 - - [11/Jun/2025:21:20:07 +0000] "GET /63hufj45132.html HTTP/1.1" 404 58131 "-" "Mozilla/5.0 AppleWebKit/537.36 (KHTML, like Gecko; compatible; GPTBot/1.2; +https://openai.com/gptbot)"
superexoticrental.com.infinitibizsol.com:443 20.171.207.28 - - [11/Jun/2025:21:21:16 +0000] "GET /150qvmd7439.html HTTP/1.1" 499 0 "-" "Mozilla/5.0 AppleWebKit/537.36 (KHTML, like Gecko; compatible; GPTBot/1.2; +https://openai.com/gptbot)"
superexoticrental.com.infinitibizsol.com:443 162.0.223.40 - - [11/Jun/2025:21:21:30 +0000] "POST /wp-cron.php?doing_wp_cron=1749676889.4242849349975585937500 HTTP/1.1" 499 0 "-" "WordPress/6.8.1; https://superexoticrental.com"
superexoticrental.com.infinitibizsol.com:443 198.204.226.18 - - [11/Jun/2025:21:22:10 +0000] "GET /wp-content/install.php HTTP/1.1" 499 0 "https://superexoticrental.com/wp-content/install.php" "Mozilla/5.0 (Windows NT 10.0; Win64; x64) AppleWebKit/537.36 (KHTML, like Gecko) Chrome/58.0.3029.110 Safari/537.3"
superexoticrental.com.infinitibizsol.com:443 20.171.207.28 - - [11/Jun/2025:21:22:18 +0000] "GET /66samq25901.html HTTP/1.1" 499 0 "-" "Mozilla/5.0 AppleWebKit/537.36 (KHTML, like Gecko; compatible; GPTBot/1.2; +https://openai.com/gptbot)"
superexoticrental.com.infinitibizsol.com:443 162.0.223.40 - - [11/Jun/2025:21:23:10 +0000] "POST /wp-cron.php?doing_wp_cron=1749676989.3067100048065185546875 HTTP/1.1" 499 0 "-" "WordPress/6.8.1; https://superexoticrental.com"
superexoticrental.com.infinitibizsol.com:443 20.171.207.28 - - [11/Jun/2025:21:23:13 +0000] "GET /62okus34725.html HTTP/1.1" 404 32358 "-" "Mozilla/5.0 AppleWebKit/537.36 (KHTML, like Gecko; compatible; GPTBot/1.2; +https://openai.com/gptbot)"
superexoticrental.com.infinitibizsol.com:443 173.208.204.66 - - [11/Jun/2025:21:23:33 +0000] "GET /wp-content/install.php HTTP/1.1" 200 16 "https://superexoticrental.com/wp-content/install.php" "Mozilla/5.0 (Windows NT 10.0; Win64; x64) AppleWebKit/537.36 (KHTML, like Gecko) Chrome/58.0.3029.110 Safari/537.3"
superexoticrental.com.infinitibizsol.com:443 162.0.223.40 - - [11/Jun/2025:21:24:12 +0000] "POST /wp-cron.php?doing_wp_cron=1749677051.9306170940399169921875 HTTP/1.1" 499 0 "-" "WordPress/6.8.1; https://superexoticrental.com"
superexoticrental.com.infinitibizsol.com:443 20.171.207.28 - - [11/Jun/2025:21:24:18 +0000] "GET /116srbi4093.html HTTP/1.1" 404 32358 "-" "Mozilla/5.0 AppleWebKit/537.36 (KHTML, like Gecko; compatible; GPTBot/1.2; +https://openai.com/gptbot)"
superexoticrental.com.infinitibizsol.com:443 20.171.207.28 - - [11/Jun/2025:21:25:25 +0000] "GET /82onib12057.html HTTP/1.1" 499 0 "-" "Mozilla/5.0 AppleWebKit/537.36 (KHTML, like Gecko; compatible; GPTBot/1.2; +https://openai.com/gptbot)"
superexoticrental.com.infinitibizsol.com:443 162.0.223.40 - - [11/Jun/2025:21:25:41 +0000] "POST /wp-cron.php?doing_wp_cron=1749677140.3664789199829101562500 HTTP/1.1" 499 0 "-" "WordPress/6.8.1; https://superexoticrental.com"
superexoticrental.com.infinitibizsol.com:443 111.225.149.67 - - [11/Jun/2025:21:25:43 +0000] "GET /wp-content/uploads/2023/03/Chevy-Suburban.png HTTP/1.1" 301 5 "-" "Mozilla/5.0 (Linux; Android 5.0) AppleWebKit/537.36 (KHTML, like Gecko) Mobile Safari/537.36 (compatible; Bytespider; https://zhanzhang.toutiao.com/)"
superexoticrental.com.infinitibizsol.com:443 111.225.149.69 - - [11/Jun/2025:21:25:49 +0000] "GET /wp-content/uploads/2023/03/Chevy-Suburban.png HTTP/1.1" 301 5 "https://www.superexoticrental.com/wp-content/uploads/2023/03/Chevy-Suburban.png" "Mozilla/5.0 (Linux; Android 5.0) AppleWebKit/537.36 (KHTML, like Gecko) Mobile Safari/537.36 (compatible; Bytespider; https://zhanzhang.toutiao.com/)"
superexoticrental.com.infinitibizsol.com:443 111.225.149.76 - - [11/Jun/2025:21:25:56 +0000] "GET /wp-content/uploads/2023/03/Chevy-Suburban.png HTTP/1.1" 301 5 "https://www.superexoticrental.com/wp-content/uploads/2023/03/Chevy-Suburban.png" "Mozilla/5.0 (Linux; Android 5.0) AppleWebKit/537.36 (KHTML, like Gecko) Mobile Safari/537.36 (compatible; Bytespider; https://zhanzhang.toutiao.com/)"
superexoticrental.com.infinitibizsol.com:443 111.225.149.81 - - [11/Jun/2025:21:26:03 +0000] "GET /wp-content/uploads/2023/03/Chevy-Suburban.png HTTP/1.1" 301 5 "https://www.superexoticrental.com/wp-content/uploads/2023/03/Chevy-Suburban.png" "Mozilla/5.0 (Linux; Android 5.0) AppleWebKit/537.36 (KHTML, like Gecko) Mobile Safari/537.36 (compatible; Bytespider; https://zhanzhang.toutiao.com/)"
superexoticrental.com.infinitibizsol.com:443 20.171.207.28 - - [11/Jun/2025:21:26:03 +0000] "GET /47nhjs37698.html HTTP/1.1" 404 57766 "-" "Mozilla/5.0 AppleWebKit/537.36 (KHTML, like Gecko; compatible; GPTBot/1.2; +https://openai.com/gptbot)"
superexoticrental.com.infinitibizsol.com:443 111.225.149.69 - - [11/Jun/2025:21:26:06 +0000] "GET /wp-content/uploads/2023/03/Chevy-Suburban.png HTTP/1.1" 499 0 "https://www.superexoticrental.com/wp-content/uploads/2023/03/Chevy-Suburban.png" "Mozilla/5.0 (Linux; Android 5.0) AppleWebKit/537.36 (KHTML, like Gecko) Mobile Safari/537.36 (compatible; Bytespider; https://zhanzhang.toutiao.com/)"
superexoticrental.com.infinitibizsol.com:443 162.0.223.40 - - [11/Jun/2025:21:26:08 +0000] "POST /wp-cron.php?doing_wp_cron=1749677167.6058449745178222656250 HTTP/1.1" 499 0 "-" "WordPress/6.8.1; https://superexoticrental.com"
superexoticrental.com.infinitibizsol.com:443 162.0.223.40 - - [11/Jun/2025:21:27:22 +0000] "POST /wp-cron.php?doing_wp_cron=1749677241.1268720626831054687500 HTTP/1.1" 499 0 "-" "WordPress/6.8.1; https://superexoticrental.com"
superexoticrental.com.infinitibizsol.com:443 20.171.207.28 - - [11/Jun/2025:21:27:32 +0000] "GET /21igar46522.html HTTP/1.1" 499 0 "-" "Mozilla/5.0 AppleWebKit/537.36 (KHTML, like Gecko; compatible; GPTBot/1.2; +https://openai.com/gptbot)"
superexoticrental.com.infinitibizsol.com:443 20.171.207.28 - - [11/Jun/2025:21:28:37 +0000] "GET /58lqyi43979.html HTTP/1.1" 499 0 "-" "Mozilla/5.0 AppleWebKit/537.36 (KHTML, like Gecko; compatible; GPTBot/1.2; +https://openai.com/gptbot)"
superexoticrental.com.infinitibizsol.com:443 162.0.223.40 - - [11/Jun/2025:21:28:45 +0000] "POST /wp-cron.php?doing_wp_cron=1749677324.4636800289154052734375 HTTP/1.1" 499 0 "-" "WordPress/6.8.1; https://superexoticrental.com"
superexoticrental.com.infinitibizsol.com:443 20.171.207.28 - - [11/Jun/2025:21:29:39 +0000] "GET /39qyqv26080.html HTTP/1.1" 499 0 "-" "Mozilla/5.0 AppleWebKit/537.36 (KHTML, like Gecko; compatible; GPTBot/1.2; +https://openai.com/gptbot)"
superexoticrental.com.infinitibizsol.com:443 52.167.144.159 - - [11/Jun/2025:21:30:21 +0000] "GET /pod/items/879375.shtm HTTP/1.1" 200 23 "-" "Mozilla/5.0 AppleWebKit/537.36 (KHTML, like Gecko; compatible; bingbot/2.0; +http://www.bing.com/bingbot.htm) Chrome/116.0.1938.76 Safari/537.36"
superexoticrental.com.infinitibizsol.com:443 20.171.207.28 - - [11/Jun/2025:21:30:43 +0000] "GET /90gzim15483.html HTTP/1.1" 499 0 "-" "Mozilla/5.0 AppleWebKit/537.36 (KHTML, like Gecko; compatible; GPTBot/1.2; +https://openai.com/gptbot)"
superexoticrental.com.infinitibizsol.com:443 162.0.223.40 - - [11/Jun/2025:21:30:50 +0000] "POST /wp-cron.php?doing_wp_cron=1749677449.8730449676513671875000 HTTP/1.1" 499 0 "-" "WordPress/6.8.1; https://superexoticrental.com"
superexoticrental.com.infinitibizsol.com:443 173.208.204.66 - - [11/Jun/2025:21:31:34 +0000] "GET /wp-content/install.php HTTP/1.1" 499 0 "https://superexoticrental.com/wp-content/install.php" "Mozilla/5.0 (Windows NT 10.0; Win64; x64) AppleWebKit/537.36 (KHTML, like Gecko) Chrome/58.0.3029.110 Safari/537.3"
superexoticrental.com.infinitibizsol.com:443 173.208.204.66 - - [11/Jun/2025:21:31:35 +0000] "GET /wp-content/install.php HTTP/1.1" 200 16 "https://superexoticrental.com/wp-content/install.php" "Mozilla/5.0 (Windows NT 10.0; Win64; x64) AppleWebKit/537.36 (KHTML, like Gecko) Chrome/58.0.3029.110 Safari/537.3"
superexoticrental.com.infinitibizsol.com:443 40.77.167.53 - - [11/Jun/2025:21:31:40 +0000] "GET /xih/ HTTP/1.1" 301 5 "-" "Mozilla/5.0 AppleWebKit/537.36 (KHTML, like Gecko; compatible; bingbot/2.0; +http://www.bing.com/bingbot.htm) Chrome/116.0.1938.76 Safari/537.36"
superexoticrental.com.infinitibizsol.com:443 20.171.207.28 - - [11/Jun/2025:21:31:46 +0000] "GET /18uegi46623.html HTTP/1.1" 499 0 "-" "Mozilla/5.0 AppleWebKit/537.36 (KHTML, like Gecko; compatible; GPTBot/1.2; +https://openai.com/gptbot)"
superexoticrental.com.infinitibizsol.com:443 162.0.223.40 - - [11/Jun/2025:21:31:59 +0000] "POST /wp-cron.php?doing_wp_cron=1749677518.5335729122161865234375 HTTP/1.1" 499 0 "-" "WordPress/6.8.1; https://superexoticrental.com"
superexoticrental.com.infinitibizsol.com:443 20.171.207.28 - - [11/Jun/2025:21:32:52 +0000] "GET /58ugte17067.html HTTP/1.1" 499 0 "-" "Mozilla/5.0 AppleWebKit/537.36 (KHTML, like Gecko; compatible; GPTBot/1.2; +https://openai.com/gptbot)"
superexoticrental.com.infinitibizsol.com:443 162.0.223.40 - - [11/Jun/2025:21:33:18 +0000] "POST /wp-cron.php?doing_wp_cron=1749677597.0709960460662841796875 HTTP/1.1" 499 0 "-" "WordPress/6.8.1; https://superexoticrental.com"
superexoticrental.com.infinitibizsol.com:443 20.171.207.28 - - [11/Jun/2025:21:33:28 +0000] "GET /52tebs46985.html HTTP/1.1" 404 32358 "-" "Mozilla/5.0 AppleWebKit/537.36 (KHTML, like Gecko; compatible; GPTBot/1.2; +https://openai.com/gptbot)"
superexoticrental.com.infinitibizsol.com:443 173.208.153.154 - - [11/Jun/2025:21:33:55 +0000] "GET /wp-content/install.php HTTP/1.1" 499 0 "https://superexoticrental.com/wp-content/install.php" "Mozilla/4.0 (compatible; MSIE 7.0; Windows NT 6.0; SLCC1; .NET CLR 2.0.50727; Media Center PC 5.0; .NET CLR 3.0.04506)"
superexoticrental.com.infinitibizsol.com:443 173.208.153.154 - - [11/Jun/2025:21:33:56 +0000] "GET /wp-content/install.php HTTP/1.1" 200 16 "https://superexoticrental.com/wp-content/install.php" "Mozilla/5.0 (Macintosh; Intel Mac OS X 10_7_2) AppleWebKit/535.2 (KHTML, like Gecko) Chrome/15.0.874.106 Safari/535.2"
superexoticrental.com.infinitibizsol.com:443 198.204.226.18 - - [11/Jun/2025:21:34:08 +0000] "GET /wp-content/install.php HTTP/1.1" 200 16 "https://superexoticrental.com/wp-content/install.php" "Mozilla/5.0 (Windows NT 10.0; Win64; x64) AppleWebKit/537.36 (KHTML, like Gecko) Chrome/58.0.3029.110 Safari/537.3"
superexoticrental.com.infinitibizsol.com:443 198.204.226.18 - - [11/Jun/2025:21:34:26 +0000] "GET /wp-content/install.php HTTP/1.1" 200 16 "https://superexoticrental.com/wp-content/install.php" "Mozilla/5.0 (Windows NT 10.0; Win64; x64) AppleWebKit/537.36 (KHTML, like Gecko) Chrome/58.0.3029.110 Safari/537.3"
superexoticrental.com.infinitibizsol.com:443 162.0.223.40 - - [11/Jun/2025:21:34:51 +0000] "POST /wp-cron.php?doing_wp_cron=1749677690.1316380500793457031250 HTTP/1.1" 499 0 "-" "WordPress/6.8.1; https://superexoticrental.com"
superexoticrental.com.infinitibizsol.com:443 20.171.207.28 - - [11/Jun/2025:21:34:53 +0000] "GET /215jysc2054.html HTTP/1.1" 404 32358 "-" "Mozilla/5.0 AppleWebKit/537.36 (KHTML, like Gecko; compatible; GPTBot/1.2; +https://openai.com/gptbot)"
superexoticrental.com.infinitibizsol.com:443 162.0.223.40 - - [11/Jun/2025:21:35:55 +0000] "POST /wp-cron.php?doing_wp_cron=1749677754.4172348976135253906250 HTTP/1.1" 499 0 "-" "WordPress/6.8.1; https://superexoticrental.com"
superexoticrental.com.infinitibizsol.com:443 20.171.207.28 - - [11/Jun/2025:21:35:55 +0000] "GET /82onib12057.html HTTP/1.1" 499 0 "-" "Mozilla/5.0 AppleWebKit/537.36 (KHTML, like Gecko; compatible; GPTBot/1.2; +https://openai.com/gptbot)"
superexoticrental.com.infinitibizsol.com:443 162.0.223.40 - - [11/Jun/2025:21:36:57 +0000] "POST /wp-cron.php?doing_wp_cron=1749677816.1206889152526855468750 HTTP/1.1" 499 0 "-" "WordPress/6.8.1; https://superexoticrental.com"
superexoticrental.com.infinitibizsol.com:443 20.171.207.28 - - [11/Jun/2025:21:36:58 +0000] "GET /47hqai49308.html HTTP/1.1" 404 58131 "-" "Mozilla/5.0 AppleWebKit/537.36 (KHTML, like Gecko; compatible; GPTBot/1.2; +https://openai.com/gptbot)"
superexoticrental.com.infinitibizsol.com:443 198.204.226.18 - - [11/Jun/2025:21:37:27 +0000] "GET /wp-content/install.php HTTP/1.1" 499 0 "https://superexoticrental.com/wp-content/install.php" "Mozilla/5.0 (Windows NT 10.0; Win64; x64) AppleWebKit/537.36 (KHTML, like Gecko) Chrome/58.0.3029.110 Safari/537.3"
superexoticrental.com.infinitibizsol.com:443 20.171.207.28 - - [11/Jun/2025:21:38:03 +0000] "GET /198ynag5917.html HTTP/1.1" 499 0 "-" "Mozilla/5.0 AppleWebKit/537.36 (KHTML, like Gecko; compatible; GPTBot/1.2; +https://openai.com/gptbot)"
superexoticrental.com.infinitibizsol.com:443 162.0.223.40 - - [11/Jun/2025:21:38:05 +0000] "POST /wp-cron.php?doing_wp_cron=1749677884.8636319637298583984375 HTTP/1.1" 499 0 "-" "WordPress/6.8.1; https://superexoticrental.com"
superexoticrental.com.infinitibizsol.com:443 20.171.207.28 - - [11/Jun/2025:21:39:06 +0000] "GET /39ocga36430.html HTTP/1.1" 499 0 "-" "Mozilla/5.0 AppleWebKit/537.36 (KHTML, like Gecko; compatible; GPTBot/1.2; +https://openai.com/gptbot)"
superexoticrental.com.infinitibizsol.com:443 162.0.223.40 - - [11/Jun/2025:21:39:18 +0000] "POST /wp-cron.php?doing_wp_cron=1749677957.7967059612274169921875 HTTP/1.1" 499 0 "-" "WordPress/6.8.1; https://superexoticrental.com"
superexoticrental.com.infinitibizsol.com:443 173.208.204.66 - - [11/Jun/2025:21:39:34 +0000] "GET /wp-content/install.php HTTP/1.1" 499 0 "https://superexoticrental.com/wp-content/install.php" "Mozilla/5.0 (Windows NT 10.0; Win64; x64) AppleWebKit/537.36 (KHTML, like Gecko) Chrome/58.0.3029.110 Safari/537.3"
superexoticrental.com.infinitibizsol.com:443 173.208.204.66 - - [11/Jun/2025:21:39:34 +0000] "GET /wp-content/install.php HTTP/1.1" 200 16 "https://superexoticrental.com/wp-content/install.php" "Mozilla/5.0 (Windows NT 10.0; Win64; x64) AppleWebKit/537.36 (KHTML, like Gecko) Chrome/58.0.3029.110 Safari/537.3"
superexoticrental.com.infinitibizsol.com:443 20.171.207.28 - - [11/Jun/2025:21:40:08 +0000] "GET /28sizb44895.html HTTP/1.1" 499 0 "-" "Mozilla/5.0 AppleWebKit/537.36 (KHTML, like Gecko; compatible; GPTBot/1.2; +https://openai.com/gptbot)"
superexoticrental.com.infinitibizsol.com:443 162.0.223.40 - - [11/Jun/2025:21:40:24 +0000] "POST /wp-cron.php?doing_wp_cron=1749678023.9127130508422851562500 HTTP/1.1" 499 0 "-" "WordPress/6.8.1; https://superexoticrental.com"
superexoticrental.com.infinitibizsol.com:443 20.171.207.28 - - [11/Jun/2025:21:41:09 +0000] "GET /85moqz32100.html HTTP/1.1" 499 0 "-" "Mozilla/5.0 AppleWebKit/537.36 (KHTML, like Gecko; compatible; GPTBot/1.2; +https://openai.com/gptbot)"
superexoticrental.com.infinitibizsol.com:443 20.171.207.28 - - [11/Jun/2025:21:42:11 +0000] "GET /62utko18179.html HTTP/1.1" 499 0 "-" "Mozilla/5.0 AppleWebKit/537.36 (KHTML, like Gecko; compatible; GPTBot/1.2; +https://openai.com/gptbot)"
superexoticrental.com.infinitibizsol.com:443 162.0.223.40 - - [11/Jun/2025:21:42:22 +0000] "POST /wp-cron.php?doing_wp_cron=1749678141.8168680667877197265625 HTTP/1.1" 499 0 "-" "WordPress/6.8.1; https://superexoticrental.com"
superexoticrental.com.infinitibizsol.com:443 20.171.207.28 - - [11/Jun/2025:21:43:12 +0000] "GET /55acjn31422.html HTTP/1.1" 499 0 "-" "Mozilla/5.0 AppleWebKit/537.36 (KHTML, like Gecko; compatible; GPTBot/1.2; +https://openai.com/gptbot)"
superexoticrental.com.infinitibizsol.com:443 162.0.223.40 - - [11/Jun/2025:21:43:25 +0000] "POST /wp-cron.php?doing_wp_cron=1749678204.4914000034332275390625 HTTP/1.1" 499 0 "-" "WordPress/6.8.1; https://superexoticrental.com"
superexoticrental.com.infinitibizsol.com:443 20.171.207.28 - - [11/Jun/2025:21:44:13 +0000] "GET /90xknn12473.html HTTP/1.1" 499 0 "-" "Mozilla/5.0 AppleWebKit/537.36 (KHTML, like Gecko; compatible; GPTBot/1.2; +https://openai.com/gptbot)"
superexoticrental.com.infinitibizsol.com:443 162.0.223.40 - - [11/Jun/2025:21:44:30 +0000] "POST /wp-cron.php?doing_wp_cron=1749678269.3188159465789794921875 HTTP/1.1" 499 0 "-" "WordPress/6.8.1; https://superexoticrental.com"
superexoticrental.com.infinitibizsol.com:443 20.171.207.28 - - [11/Jun/2025:21:45:17 +0000] "GET /34ygsi47415.html HTTP/1.1" 499 0 "-" "Mozilla/5.0 AppleWebKit/537.36 (KHTML, like Gecko; compatible; GPTBot/1.2; +https://openai.com/gptbot)"
superexoticrental.com.infinitibizsol.com:443 162.0.223.40 - - [11/Jun/2025:21:45:33 +0000] "POST /wp-cron.php?doing_wp_cron=1749678332.0478980541229248046875 HTTP/1.1" 499 0 "-" "WordPress/6.8.1; https://superexoticrental.com"
superexoticrental.com.infinitibizsol.com:443 20.171.207.28 - - [11/Jun/2025:21:46:20 +0000] "GET /94fqoz39013.html HTTP/1.1" 499 0 "-" "Mozilla/5.0 AppleWebKit/537.36 (KHTML, like Gecko; compatible; GPTBot/1.2; +https://openai.com/gptbot)"
superexoticrental.com.infinitibizsol.com:443 20.171.207.28 - - [11/Jun/2025:21:47:23 +0000] "GET /147yllo8390.html HTTP/1.1" 499 0 "-" "Mozilla/5.0 AppleWebKit/537.36 (KHTML, like Gecko; compatible; GPTBot/1.2; +https://openai.com/gptbot)"
superexoticrental.com.infinitibizsol.com:443 162.0.223.40 - - [11/Jun/2025:21:47:31 +0000] "POST /wp-cron.php?doing_wp_cron=1749678450.0998361110687255859375 HTTP/1.1" 499 0 "-" "WordPress/6.8.1; https://superexoticrental.com"
superexoticrental.com.infinitibizsol.com:443 173.208.204.66 - - [11/Jun/2025:21:47:34 +0000] "GET /wp-content/install.php HTTP/1.1" 499 0 "https://superexoticrental.com/wp-content/install.php" "Mozilla/5.0 (Windows NT 10.0; Win64; x64) AppleWebKit/537.36 (KHTML, like Gecko) Chrome/58.0.3029.110 Safari/537.3"
superexoticrental.com.infinitibizsol.com:443 173.208.204.66 - - [11/Jun/2025:21:47:34 +0000] "GET /wp-content/install.php HTTP/1.1" 200 16 "https://superexoticrental.com/wp-content/install.php" "Mozilla/5.0 (Windows NT 10.0; Win64; x64) AppleWebKit/537.36 (KHTML, like Gecko) Chrome/58.0.3029.110 Safari/537.3"
superexoticrental.com.infinitibizsol.com:443 20.171.207.28 - - [11/Jun/2025:21:48:27 +0000] "GET /42aydr25841.html HTTP/1.1" 499 0 "-" "Mozilla/5.0 AppleWebKit/537.36 (KHTML, like Gecko; compatible; GPTBot/1.2; +https://openai.com/gptbot)"
superexoticrental.com.infinitibizsol.com:443 20.171.207.28 - - [11/Jun/2025:21:49:31 +0000] "GET /72knco43285.html HTTP/1.1" 499 0 "-" "Mozilla/5.0 AppleWebKit/537.36 (KHTML, like Gecko; compatible; GPTBot/1.2; +https://openai.com/gptbot)"
superexoticrental.com.infinitibizsol.com:443 162.0.223.40 - - [11/Jun/2025:21:49:37 +0000] "POST /wp-cron.php?doing_wp_cron=1749678576.4714388847351074218750 HTTP/1.1" 499 0 "-" "WordPress/6.8.1; https://superexoticrental.com"
superexoticrental.com.infinitibizsol.com:443 20.171.207.28 - - [11/Jun/2025:21:50:33 +0000] "GET /10qdvx45271.html HTTP/1.1" 499 0 "-" "Mozilla/5.0 AppleWebKit/537.36 (KHTML, like Gecko; compatible; GPTBot/1.2; +https://openai.com/gptbot)"
superexoticrental.com.infinitibizsol.com:443 162.0.223.40 - - [11/Jun/2025:21:50:57 +0000] "POST /wp-cron.php?doing_wp_cron=1749678656.3528559207916259765625 HTTP/1.1" 499 0 "-" "WordPress/6.8.1; https://superexoticrental.com"
superexoticrental.com.infinitibizsol.com:443 20.171.207.28 - - [11/Jun/2025:21:51:34 +0000] "GET /88acov31455.html HTTP/1.1" 499 0 "-" "Mozilla/5.0 AppleWebKit/537.36 (KHTML, like Gecko; compatible; GPTBot/1.2; +https://openai.com/gptbot)"
superexoticrental.com.infinitibizsol.com:443 20.171.207.28 - - [11/Jun/2025:21:52:38 +0000] "GET /61edpa47044.html HTTP/1.1" 499 0 "-" "Mozilla/5.0 AppleWebKit/537.36 (KHTML, like Gecko; compatible; GPTBot/1.2; +https://openai.com/gptbot)"
superexoticrental.com.infinitibizsol.com:443 162.0.223.40 - - [11/Jun/2025:21:52:47 +0000] "POST /wp-cron.php?doing_wp_cron=1749678766.6106739044189453125000 HTTP/1.1" 499 0 "-" "WordPress/6.8.1; https://superexoticrental.com"
superexoticrental.com.infinitibizsol.com:443 20.171.207.28 - - [11/Jun/2025:21:53:38 +0000] "GET /75jsag14258.html HTTP/1.1" 499 0 "-" "Mozilla/5.0 AppleWebKit/537.36 (KHTML, like Gecko; compatible; GPTBot/1.2; +https://openai.com/gptbot)"
superexoticrental.com.infinitibizsol.com:443 20.171.207.28 - - [11/Jun/2025:21:54:41 +0000] "GET /77zbxp31016.html HTTP/1.1" 499 0 "-" "Mozilla/5.0 AppleWebKit/537.36 (KHTML, like Gecko; compatible; GPTBot/1.2; +https://openai.com/gptbot)"
superexoticrental.com.infinitibizsol.com:443 162.0.223.40 - - [11/Jun/2025:21:54:42 +0000] "POST /wp-cron.php?doing_wp_cron=1749678881.1656889915466308593750 HTTP/1.1" 499 0 "-" "WordPress/6.8.1; https://superexoticrental.com"
superexoticrental.com.infinitibizsol.com:443 198.204.226.18 - - [11/Jun/2025:21:55:11 +0000] "GET /wp-content/install.php HTTP/1.1" 499 0 "https://superexoticrental.com/wp-content/install.php" "Mozilla/5.0 (Windows NT 10.0; Win64; x64) AppleWebKit/537.36 (KHTML, like Gecko) Chrome/58.0.3029.110 Safari/537.3"
superexoticrental.com.infinitibizsol.com:443 173.208.204.66 - - [11/Jun/2025:21:55:32 +0000] "GET /wp-content/install.php HTTP/1.1" 200 16 "https://superexoticrental.com/wp-content/install.php" "Mozilla/5.0 (Windows NT 10.0; Win64; x64) AppleWebKit/537.36 (KHTML, like Gecko) Chrome/58.0.3029.110 Safari/537.3"
superexoticrental.com.infinitibizsol.com:443 20.171.207.28 - - [11/Jun/2025:21:55:45 +0000] "GET /82hpzy25643.html HTTP/1.1" 499 0 "-" "Mozilla/5.0 AppleWebKit/537.36 (KHTML, like Gecko; compatible; GPTBot/1.2; +https://openai.com/gptbot)"
superexoticrental.com.infinitibizsol.com:443 162.0.223.40 - - [11/Jun/2025:21:55:46 +0000] "POST /wp-cron.php?doing_wp_cron=1749678945.4651000499725341796875 HTTP/1.1" 499 0 "-" "WordPress/6.8.1; https://superexoticrental.com"
superexoticrental.com.infinitibizsol.com:443 20.171.207.28 - - [11/Jun/2025:21:56:48 +0000] "GET /59pbqd32334.html HTTP/1.1" 499 0 "-" "Mozilla/5.0 AppleWebKit/537.36 (KHTML, like Gecko; compatible; GPTBot/1.2; +https://openai.com/gptbot)"
superexoticrental.com.infinitibizsol.com:443 162.0.223.40 - - [11/Jun/2025:21:56:55 +0000] "POST /wp-cron.php?doing_wp_cron=1749679014.7161719799041748046875 HTTP/1.1" 499 0 "-" "WordPress/6.8.1; https://superexoticrental.com"
superexoticrental.com.infinitibizsol.com:443 20.171.207.28 - - [11/Jun/2025:21:57:51 +0000] "GET /71dnba37518.html HTTP/1.1" 404 58131 "-" "Mozilla/5.0 AppleWebKit/537.36 (KHTML, like Gecko; compatible; GPTBot/1.2; +https://openai.com/gptbot)"
superexoticrental.com.infinitibizsol.com:443 162.0.223.40 - - [11/Jun/2025:21:58:33 +0000] "POST /wp-cron.php?doing_wp_cron=1749679112.3519399166107177734375 HTTP/1.1" 499 0 "-" "WordPress/6.8.1; https://superexoticrental.com"
superexoticrental.com.infinitibizsol.com:443 20.171.207.28 - - [11/Jun/2025:21:58:35 +0000] "GET /117rnwa3150.html HTTP/1.1" 404 32358 "-" "Mozilla/5.0 AppleWebKit/537.36 (KHTML, like Gecko; compatible; GPTBot/1.2; +https://openai.com/gptbot)"
superexoticrental.com.infinitibizsol.com:443 154.213.162.159 - - [11/Jun/2025:21:58:56 +0000] "GET /contact-us/ HTTP/1.1" 200 71920 "-" "Mozilla/5.0 (Windows NT 10.0; Win64; x64) AppleWebKit/537.36 (KHTML, like Gecko) Chrome/114.0.0.0 Safari/537.36"
superexoticrental.com.infinitibizsol.com:443 162.0.223.40 - - [11/Jun/2025:21:59:35 +0000] "POST /wp-cron.php?doing_wp_cron=1749679174.0533940792083740234375 HTTP/1.1" 499 0 "-" "WordPress/6.8.1; https://superexoticrental.com"
superexoticrental.com.infinitibizsol.com:443 20.171.207.28 - - [11/Jun/2025:21:59:37 +0000] "GET /290cqfv5807.html HTTP/1.1" 404 32358 "-" "Mozilla/5.0 AppleWebKit/537.36 (KHTML, like Gecko; compatible; GPTBot/1.2; +https://openai.com/gptbot)"
superexoticrental.com.infinitibizsol.com:443 154.213.162.159 - - [11/Jun/2025:21:59:58 +0000] "POST /contact-us/ HTTP/1.1" 200 67335 "https://superexoticrental.com/contact-us/" "Mozilla/5.0 (Windows NT 10.0; Win64; x64) AppleWebKit/537.36 (KHTML, like Gecko) Chrome/114.0.0.0 Safari/537.36"
superexoticrental.com.infinitibizsol.com:443 20.171.207.28 - - [11/Jun/2025:22:01:04 +0000] "GET /32qija42765.html HTTP/1.1" 499 0 "-" "Mozilla/5.0 AppleWebKit/537.36 (KHTML, like Gecko; compatible; GPTBot/1.2; +https://openai.com/gptbot)"
superexoticrental.com.infinitibizsol.com:443 162.0.223.40 - - [11/Jun/2025:22:01:23 +0000] "POST /wp-cron.php?doing_wp_cron=1749679282.2910070419311523437500 HTTP/1.1" 499 0 "-" "WordPress/6.8.1; https://superexoticrental.com"
superexoticrental.com.infinitibizsol.com:443 20.171.207.28 - - [11/Jun/2025:22:02:04 +0000] "GET /95idmo26980.html HTTP/1.1" 404 32358 "-" "Mozilla/5.0 AppleWebKit/537.36 (KHTML, like Gecko; compatible; GPTBot/1.2; +https://openai.com/gptbot)"
superexoticrental.com.infinitibizsol.com:443 20.171.207.28 - - [11/Jun/2025:22:03:11 +0000] "GET /17qbpd36464.html HTTP/1.1" 499 0 "-" "Mozilla/5.0 AppleWebKit/537.36 (KHTML, like Gecko; compatible; GPTBot/1.2; +https://openai.com/gptbot)"
superexoticrental.com.infinitibizsol.com:443 162.0.223.40 - - [11/Jun/2025:22:03:15 +0000] "POST /wp-cron.php?doing_wp_cron=1749679394.0031630992889404296875 HTTP/1.1" 499 0 "-" "WordPress/6.8.1; https://superexoticrental.com"
superexoticrental.com.infinitibizsol.com:443 173.208.204.66 - - [11/Jun/2025:22:03:34 +0000] "GET /wp-content/install.php HTTP/1.1" 499 0 "https://superexoticrental.com/wp-content/install.php" "Mozilla/5.0 (Windows NT 10.0; Win64; x64) AppleWebKit/537.36 (KHTML, like Gecko) Chrome/58.0.3029.110 Safari/537.3"
superexoticrental.com.infinitibizsol.com:443 173.208.204.66 - - [11/Jun/2025:22:03:34 +0000] "GET /wp-content/install.php HTTP/1.1" 200 16 "https://superexoticrental.com/wp-content/install.php" "Mozilla/5.0 (Windows NT 10.0; Win64; x64) AppleWebKit/537.36 (KHTML, like Gecko) Chrome/58.0.3029.110 Safari/537.3"
superexoticrental.com.infinitibizsol.com:443 20.171.207.28 - - [11/Jun/2025:22:04:08 +0000] "GET /267stek2940.html HTTP/1.1" 404 32358 "-" "Mozilla/5.0 AppleWebKit/537.36 (KHTML, like Gecko; compatible; GPTBot/1.2; +https://openai.com/gptbot)"
superexoticrental.com.infinitibizsol.com:443 162.0.223.40 - - [11/Jun/2025:22:05:12 +0000] "POST /wp-cron.php?doing_wp_cron=1749679511.9092600345611572265625 HTTP/1.1" 499 0 "-" "WordPress/6.8.1; https://superexoticrental.com"
superexoticrental.com.infinitibizsol.com:443 20.171.207.28 - - [11/Jun/2025:22:05:14 +0000] "GET /36pbzt34529.html HTTP/1.1" 404 32358 "-" "Mozilla/5.0 AppleWebKit/537.36 (KHTML, like Gecko; compatible; GPTBot/1.2; +https://openai.com/gptbot)"
superexoticrental.com.infinitibizsol.com:443 20.171.207.28 - - [11/Jun/2025:22:06:24 +0000] "GET /270vizf5273.html HTTP/1.1" 499 0 "-" "Mozilla/5.0 AppleWebKit/537.36 (KHTML, like Gecko; compatible; GPTBot/1.2; +https://openai.com/gptbot)"
superexoticrental.com.infinitibizsol.com:443 162.0.223.40 - - [11/Jun/2025:22:06:39 +0000] "POST /wp-cron.php?doing_wp_cron=1749679598.2864959239959716796875 HTTP/1.1" 499 0 "-" "WordPress/6.8.1; https://superexoticrental.com"
superexoticrental.com.infinitibizsol.com:443 198.204.226.18 - - [11/Jun/2025:22:06:42 +0000] "GET /wp-content/install.php HTTP/1.1" 499 0 "https://superexoticrental.com/wp-content/install.php" "Mozilla/5.0 (Windows NT 10.0; Win64; x64) AppleWebKit/537.36 (KHTML, like Gecko) Chrome/58.0.3029.110 Safari/537.3"
superexoticrental.com.infinitibizsol.com:443 20.171.207.28 - - [11/Jun/2025:22:07:28 +0000] "GET /72ocga36397.html HTTP/1.1" 499 0 "-" "Mozilla/5.0 AppleWebKit/537.36 (KHTML, like Gecko; compatible; GPTBot/1.2; +https://openai.com/gptbot)"
superexoticrental.com.infinitibizsol.com:443 20.171.207.28 - - [11/Jun/2025:22:08:29 +0000] "GET /128fwgs8059.html HTTP/1.1" 499 0 "-" "Mozilla/5.0 AppleWebKit/537.36 (KHTML, like Gecko; compatible; GPTBot/1.2; +https://openai.com/gptbot)"
superexoticrental.com.infinitibizsol.com:443 162.0.223.40 - - [11/Jun/2025:22:08:37 +0000] "POST /wp-cron.php?doing_wp_cron=1749679716.4403460025787353515625 HTTP/1.1" 499 0 "-" "WordPress/6.8.1; https://superexoticrental.com"
superexoticrental.com.infinitibizsol.com:443 20.171.207.28 - - [11/Jun/2025:22:09:31 +0000] "GET /207xtuf2598.html HTTP/1.1" 499 0 "-" "Mozilla/5.0 AppleWebKit/537.36 (KHTML, like Gecko; compatible; GPTBot/1.2; +https://openai.com/gptbot)"
superexoticrental.com.infinitibizsol.com:443 20.171.207.28 - - [11/Jun/2025:22:10:31 +0000] "GET /41oipu19016.html HTTP/1.1" 499 0 "-" "Mozilla/5.0 AppleWebKit/537.36 (KHTML, like Gecko; compatible; GPTBot/1.2; +https://openai.com/gptbot)"
superexoticrental.com.infinitibizsol.com:443 198.204.226.18 - - [11/Jun/2025:22:10:33 +0000] "GET /wp-content/install.php HTTP/1.1" 499 0 "https://superexoticrental.com/wp-content/install.php" "Mozilla/5.0 (Windows NT 10.0; Win64; x64) AppleWebKit/537.36 (KHTML, like Gecko) Chrome/58.0.3029.110 Safari/537.3"
superexoticrental.com.infinitibizsol.com:443 162.0.223.40 - - [11/Jun/2025:22:10:35 +0000] "POST /wp-cron.php?doing_wp_cron=1749679834.6379148960113525390625 HTTP/1.1" 499 0 "-" "WordPress/6.8.1; https://superexoticrental.com"
superexoticrental.com.infinitibizsol.com:443 198.204.226.18 - - [11/Jun/2025:22:10:44 +0000] "GET /wp-content/install.php HTTP/1.1" 200 16 "https://superexoticrental.com/wp-content/install.php" "Mozilla/5.0 (Windows NT 10.0; Win64; x64) AppleWebKit/537.36 (KHTML, like Gecko) Chrome/58.0.3029.110 Safari/537.3"
superexoticrental.com.infinitibizsol.com:443 20.171.207.28 - - [11/Jun/2025:22:11:32 +0000] "GET /57igsl30424.html HTTP/1.1" 499 0 "-" "Mozilla/5.0 AppleWebKit/537.36 (KHTML, like Gecko; compatible; GPTBot/1.2; +https://openai.com/gptbot)"
superexoticrental.com.infinitibizsol.com:443 173.208.204.66 - - [11/Jun/2025:22:11:33 +0000] "GET /wp-content/install.php HTTP/1.1" 200 16 "https://superexoticrental.com/wp-content/install.php" "Mozilla/5.0 (Windows NT 10.0; Win64; x64) AppleWebKit/537.36 (KHTML, like Gecko) Chrome/58.0.3029.110 Safari/537.3"
superexoticrental.com.infinitibizsol.com:443 162.0.223.40 - - [11/Jun/2025:22:11:44 +0000] "POST /wp-cron.php?doing_wp_cron=1749679903.5807640552520751953125 HTTP/1.1" 499 0 "-" "WordPress/6.8.1; https://superexoticrental.com"
superexoticrental.com.infinitibizsol.com:443 20.171.207.28 - - [11/Jun/2025:22:12:33 +0000] "GET /140wprz7951.html HTTP/1.1" 499 0 "-" "Mozilla/5.0 AppleWebKit/537.36 (KHTML, like Gecko; compatible; GPTBot/1.2; +https://openai.com/gptbot)"
superexoticrental.com.infinitibizsol.com:443 162.0.223.40 - - [11/Jun/2025:22:12:53 +0000] "POST /wp-cron.php?doing_wp_cron=1749679972.2115681171417236328125 HTTP/1.1" 499 0 "-" "WordPress/6.8.1; https://superexoticrental.com"
superexoticrental.com.infinitibizsol.com:443 20.171.207.28 - - [11/Jun/2025:22:13:39 +0000] "GET /87oipu18970.html HTTP/1.1" 499 0 "-" "Mozilla/5.0 AppleWebKit/537.36 (KHTML, like Gecko; compatible; GPTBot/1.2; +https://openai.com/gptbot)"
superexoticrental.com.infinitibizsol.com:443 198.204.226.18 - - [11/Jun/2025:22:13:44 +0000] "GET /wp-content/install.php HTTP/1.1" 499 0 "https://superexoticrental.com/wp-content/install.php" "Mozilla/5.0 (Windows NT 10.0; Win64; x64) AppleWebKit/537.36 (KHTML, like Gecko) Chrome/58.0.3029.110 Safari/537.3"
