superexoticrental.com.infinitibizsol.com:443 173.208.204.66 - - [11/Jun/2025:10:35:32 +0000] "GET /wp-content/install.php HTTP/1.1" 200 16 "https://superexoticrental.com/wp-content/install.php" "Mozilla/5.0 (Windows NT 10.0; Win64; x64) AppleWebKit/537.36 (KHTML, like Gecko) Chrome/58.0.3029.110 Safari/537.3"
superexoticrental.com.infinitibizsol.com:443 162.0.223.40 - - [11/Jun/2025:10:35:47 +0000] "POST /wp-cron.php?doing_wp_cron=1749638146.8240261077880859375000 HTTP/1.1" 499 0 "-" "WordPress/6.8.1; https://superexoticrental.com"
superexoticrental.com.infinitibizsol.com:443 20.171.207.71 - - [11/Jun/2025:10:35:51 +0000] "GET /243iwqd36402.html HTTP/1.1" 404 32358 "-" "Mozilla/5.0 AppleWebKit/537.36 (KHTML, like Gecko; compatible; GPTBot/1.2; +https://openai.com/gptbot)"
superexoticrental.com.infinitibizsol.com:443 20.171.207.71 - - [11/Jun/2025:10:36:45 +0000] "GET /156jhwi35469.html HTTP/1.1" 404 32358 "-" "Mozilla/5.0 AppleWebKit/537.36 (KHTML, like Gecko; compatible; GPTBot/1.2; +https://openai.com/gptbot)"
superexoticrental.com.infinitibizsol.com:443 162.0.223.40 - - [11/Jun/2025:10:37:38 +0000] "POST /wp-cron.php?doing_wp_cron=1749638257.4007530212402343750000 HTTP/1.1" 499 0 "-" "WordPress/6.8.1; https://superexoticrental.com"
superexoticrental.com.infinitibizsol.com:443 20.171.207.71 - - [11/Jun/2025:10:37:40 +0000] "GET /255micd46218.html HTTP/1.1" 404 32358 "-" "Mozilla/5.0 AppleWebKit/537.36 (KHTML, like Gecko; compatible; GPTBot/1.2; +https://openai.com/gptbot)"
superexoticrental.com.infinitibizsol.com:443 162.0.223.40 - - [11/Jun/2025:10:37:56 +0000] "POST /wp-cron.php?doing_wp_cron=1749638275.4006009101867675781250 HTTP/1.1" 499 0 "-" "WordPress/6.8.1; https://superexoticrental.com"
superexoticrental.com.infinitibizsol.com:443 20.171.207.71 - - [11/Jun/2025:10:38:58 +0000] "GET /295khef18050.html HTTP/1.1" 499 0 "-" "Mozilla/5.0 AppleWebKit/537.36 (KHTML, like Gecko; compatible; GPTBot/1.2; +https://openai.com/gptbot)"
superexoticrental.com.infinitibizsol.com:443 162.0.223.40 - - [11/Jun/2025:10:39:13 +0000] "POST /wp-cron.php?doing_wp_cron=1749638352.4435930252075195312500 HTTP/1.1" 499 0 "-" "WordPress/6.8.1; https://superexoticrental.com"
superexoticrental.com.infinitibizsol.com:443 198.204.226.18 - - [11/Jun/2025:10:39:45 +0000] "GET /wp-content/install.php HTTP/1.1" 499 0 "https://superexoticrental.com/wp-content/install.php" "Mozilla/5.0 (Windows NT 10.0; Win64; x64) AppleWebKit/537.36 (KHTML, like Gecko) Chrome/58.0.3029.110 Safari/537.3"
superexoticrental.com.infinitibizsol.com:443 20.171.207.71 - - [11/Jun/2025:10:39:48 +0000] "GET /152wsfx13269.html HTTP/1.1" 404 32358 "-" "Mozilla/5.0 AppleWebKit/537.36 (KHTML, like Gecko; compatible; GPTBot/1.2; +https://openai.com/gptbot)"
superexoticrental.com.infinitibizsol.com:443 198.204.226.18 - - [11/Jun/2025:10:40:42 +0000] "GET /wp-content/install.php HTTP/1.1" 200 6 "https://superexoticrental.com/wp-content/install.php" "Mozilla/5.0 (Windows NT 10.0; Win64; x64) AppleWebKit/537.36 (KHTML, like Gecko) Chrome/58.0.3029.110 Safari/537.3"
superexoticrental.com.infinitibizsol.com:443 20.171.207.71 - - [11/Jun/2025:10:40:56 +0000] "GET /192dewd46171.html HTTP/1.1" 499 0 "-" "Mozilla/5.0 AppleWebKit/537.36 (KHTML, like Gecko; compatible; GPTBot/1.2; +https://openai.com/gptbot)"
superexoticrental.com.infinitibizsol.com:443 162.0.223.40 - - [11/Jun/2025:10:41:16 +0000] "POST /wp-cron.php?doing_wp_cron=1749638475.6566851139068603515625 HTTP/1.1" 499 0 "-" "WordPress/6.8.1; https://superexoticrental.com"
superexoticrental.com.infinitibizsol.com:443 20.171.207.71 - - [11/Jun/2025:10:41:57 +0000] "GET /278ctgq17625.html HTTP/1.1" 499 0 "-" "Mozilla/5.0 AppleWebKit/537.36 (KHTML, like Gecko; compatible; GPTBot/1.2; +https://openai.com/gptbot)"
superexoticrental.com.infinitibizsol.com:443 198.235.24.34 - - [11/Jun/2025:10:42:17 +0000] "GET / HTTP/1.1" 499 0 "-" "Expanse, a Palo Alto Networks company, searches across the global IPv4 space multiple times per day to identify customers' presences on the Internet. If you would like to be excluded from our scans, please send IP addresses/domains to: scaninfo@paloaltonetworks.com"
superexoticrental.com.infinitibizsol.com:443 162.0.223.40 - - [11/Jun/2025:10:42:33 +0000] "POST /wp-cron.php?doing_wp_cron=1749638552.1239879131317138671875 HTTP/1.1" 499 0 "-" "WordPress/6.8.1; https://superexoticrental.com"
superexoticrental.com.infinitibizsol.com:443 20.171.207.71 - - [11/Jun/2025:10:42:35 +0000] "GET /250cvtj23867.html HTTP/1.1" 404 32358 "-" "Mozilla/5.0 AppleWebKit/537.36 (KHTML, like Gecko; compatible; GPTBot/1.2; +https://openai.com/gptbot)"
superexoticrental.com.infinitibizsol.com:443 173.208.204.66 - - [11/Jun/2025:10:43:32 +0000] "GET /wp-content/install.php HTTP/1.1" 499 0 "https://superexoticrental.com/wp-content/install.php" "Mozilla/5.0 (Windows NT 10.0; Win64; x64) AppleWebKit/537.36 (KHTML, like Gecko) Chrome/58.0.3029.110 Safari/537.3"
superexoticrental.com.infinitibizsol.com:443 173.208.204.66 - - [11/Jun/2025:10:43:33 +0000] "GET /wp-content/install.php HTTP/1.1" 200 16 "https://superexoticrental.com/wp-content/install.php" "Mozilla/5.0 (Windows NT 10.0; Win64; x64) AppleWebKit/537.36 (KHTML, like Gecko) Chrome/58.0.3029.110 Safari/537.3"
superexoticrental.com.infinitibizsol.com:443 162.0.223.40 - - [11/Jun/2025:10:43:34 +0000] "POST /wp-cron.php?doing_wp_cron=1749638613.8267459869384765625000 HTTP/1.1" 499 0 "-" "WordPress/6.8.1; https://superexoticrental.com"
superexoticrental.com.infinitibizsol.com:443 20.171.207.71 - - [11/Jun/2025:10:43:37 +0000] "GET /129uokw39252.html HTTP/1.1" 404 32358 "-" "Mozilla/5.0 AppleWebKit/537.36 (KHTML, like Gecko; compatible; GPTBot/1.2; +https://openai.com/gptbot)"
superexoticrental.com.infinitibizsol.com:443 162.0.223.40 - - [11/Jun/2025:10:44:39 +0000] "POST /wp-cron.php?doing_wp_cron=1749638678.8568370342254638671875 HTTP/1.1" 499 0 "-" "WordPress/6.8.1; https://superexoticrental.com"
superexoticrental.com.infinitibizsol.com:443 20.171.207.71 - - [11/Jun/2025:10:44:42 +0000] "GET /238sadi34171.html HTTP/1.1" 404 32358 "-" "Mozilla/5.0 AppleWebKit/537.36 (KHTML, like Gecko; compatible; GPTBot/1.2; +https://openai.com/gptbot)"
superexoticrental.com.infinitibizsol.com:443 162.0.223.40 - - [11/Jun/2025:10:45:45 +0000] "POST /wp-cron.php?doing_wp_cron=1749638744.1325199604034423828125 HTTP/1.1" 499 0 "-" "WordPress/6.8.1; https://superexoticrental.com"
superexoticrental.com.infinitibizsol.com:443 20.171.207.71 - - [11/Jun/2025:10:45:47 +0000] "GET /128aynd27091.html HTTP/1.1" 404 32358 "-" "Mozilla/5.0 AppleWebKit/537.36 (KHTML, like Gecko; compatible; GPTBot/1.2; +https://openai.com/gptbot)"
superexoticrental.com.infinitibizsol.com:443 162.0.223.40 - - [11/Jun/2025:10:46:47 +0000] "POST /wp-cron.php?doing_wp_cron=1749638806.0235850811004638671875 HTTP/1.1" 499 0 "-" "WordPress/6.8.1; https://superexoticrental.com"
superexoticrental.com.infinitibizsol.com:443 20.171.207.71 - - [11/Jun/2025:10:46:49 +0000] "GET /233geuj14604.html HTTP/1.1" 404 32358 "-" "Mozilla/5.0 AppleWebKit/537.36 (KHTML, like Gecko; compatible; GPTBot/1.2; +https://openai.com/gptbot)"
superexoticrental.com.infinitibizsol.com:443 57.141.4.29 - - [11/Jun/2025:10:47:36 +0000] "GET /?sitemap195.xml HTTP/1.1" 200 23 "-" "meta-externalagent/1.1 (+https://developers.facebook.com/docs/sharing/webmasters/crawler)"
superexoticrental.com.infinitibizsol.com:443 162.0.223.40 - - [11/Jun/2025:10:47:49 +0000] "POST /wp-cron.php?doing_wp_cron=1749638868.4149580001831054687500 HTTP/1.1" 499 0 "-" "WordPress/6.8.1; https://superexoticrental.com"
superexoticrental.com.infinitibizsol.com:443 20.171.207.71 - - [11/Jun/2025:10:47:51 +0000] "GET /288ulqr14559.html HTTP/1.1" 404 57768 "-" "Mozilla/5.0 AppleWebKit/537.36 (KHTML, like Gecko; compatible; GPTBot/1.2; +https://openai.com/gptbot)"
superexoticrental.com.infinitibizsol.com:443 162.0.223.40 - - [11/Jun/2025:10:48:55 +0000] "POST /wp-cron.php?doing_wp_cron=1749638934.5256810188293457031250 HTTP/1.1" 499 0 "-" "WordPress/6.8.1; https://superexoticrental.com"
superexoticrental.com.infinitibizsol.com:443 20.171.207.71 - - [11/Jun/2025:10:48:58 +0000] "GET /235enfx24484.html HTTP/1.1" 404 32358 "-" "Mozilla/5.0 AppleWebKit/537.36 (KHTML, like Gecko; compatible; GPTBot/1.2; +https://openai.com/gptbot)"
superexoticrental.com.infinitibizsol.com:443 198.204.226.18 - - [11/Jun/2025:10:49:53 +0000] "GET /wp-content/install.php HTTP/1.1" 499 0 "https://superexoticrental.com/wp-content/install.php" "Mozilla/5.0 (Windows NT 10.0; Win64; x64) AppleWebKit/537.36 (KHTML, like Gecko) Chrome/58.0.3029.110 Safari/537.3"
superexoticrental.com.infinitibizsol.com:443 162.0.223.40 - - [11/Jun/2025:10:49:56 +0000] "POST /wp-cron.php?doing_wp_cron=1749638995.4531819820404052734375 HTTP/1.1" 499 0 "-" "WordPress/6.8.1; https://superexoticrental.com"
superexoticrental.com.infinitibizsol.com:443 20.171.207.71 - - [11/Jun/2025:10:49:59 +0000] "GET /109vkuv17648.html HTTP/1.1" 404 32358 "-" "Mozilla/5.0 AppleWebKit/537.36 (KHTML, like Gecko; compatible; GPTBot/1.2; +https://openai.com/gptbot)"
superexoticrental.com.infinitibizsol.com:443 198.204.226.18 - - [11/Jun/2025:10:50:28 +0000] "GET /wp-content/install.php HTTP/1.1" 200 16 "https://superexoticrental.com/wp-content/install.php" "Mozilla/5.0 (Windows NT 10.0; Win64; x64) AppleWebKit/537.36 (KHTML, like Gecko) Chrome/58.0.3029.110 Safari/537.3"
superexoticrental.com.infinitibizsol.com:443 198.204.226.18 - - [11/Jun/2025:10:50:58 +0000] "GET /wp-content/install.php HTTP/1.1" 200 16 "https://superexoticrental.com/wp-content/install.php" "Mozilla/5.0 (Windows NT 10.0; Win64; x64) AppleWebKit/537.36 (KHTML, like Gecko) Chrome/58.0.3029.110 Safari/537.3"
superexoticrental.com.infinitibizsol.com:443 162.0.223.40 - - [11/Jun/2025:10:51:01 +0000] "POST /wp-cron.php?doing_wp_cron=1749639060.5072751045227050781250 HTTP/1.1" 499 0 "-" "WordPress/6.8.1; https://superexoticrental.com"
superexoticrental.com.infinitibizsol.com:443 20.171.207.71 - - [11/Jun/2025:10:51:04 +0000] "GET /262vzbj15803.html HTTP/1.1" 404 48742 "-" "Mozilla/5.0 AppleWebKit/537.36 (KHTML, like Gecko; compatible; GPTBot/1.2; +https://openai.com/gptbot)"
superexoticrental.com.infinitibizsol.com:443 173.208.204.66 - - [11/Jun/2025:10:51:32 +0000] "GET /wp-content/install.php HTTP/1.1" 499 0 "https://superexoticrental.com/wp-content/install.php" "Mozilla/5.0 (Windows NT 10.0; Win64; x64) AppleWebKit/537.36 (KHTML, like Gecko) Chrome/58.0.3029.110 Safari/537.3"
superexoticrental.com.infinitibizsol.com:443 173.208.204.66 - - [11/Jun/2025:10:51:32 +0000] "GET /wp-content/install.php HTTP/1.1" 200 16 "https://superexoticrental.com/wp-content/install.php" "Mozilla/5.0 (Windows NT 10.0; Win64; x64) AppleWebKit/537.36 (KHTML, like Gecko) Chrome/58.0.3029.110 Safari/537.3"
superexoticrental.com.infinitibizsol.com:443 198.204.226.18 - - [11/Jun/2025:10:51:40 +0000] "GET /wp-content/install.php HTTP/1.1" 200 16 "https://superexoticrental.com/wp-content/install.php" "Mozilla/5.0 (Windows NT 10.0; Win64; x64) AppleWebKit/537.36 (KHTML, like Gecko) Chrome/58.0.3029.110 Safari/537.3"
superexoticrental.com.infinitibizsol.com:443 198.204.226.18 - - [11/Jun/2025:10:51:53 +0000] "GET /wp-content/install.php HTTP/1.1" 200 16 "https://superexoticrental.com/wp-content/install.php" "Mozilla/5.0 (Windows NT 10.0; Win64; x64) AppleWebKit/537.36 (KHTML, like Gecko) Chrome/58.0.3029.110 Safari/537.3"
superexoticrental.com.infinitibizsol.com:443 162.0.223.40 - - [11/Jun/2025:10:52:02 +0000] "POST /wp-cron.php?doing_wp_cron=1749639121.3571679592132568359375 HTTP/1.1" 499 0 "-" "WordPress/6.8.1; https://superexoticrental.com"
superexoticrental.com.infinitibizsol.com:443 198.204.226.18 - - [11/Jun/2025:10:52:04 +0000] "GET /wp-content/install.php HTTP/1.1" 200 16 "https://superexoticrental.com/wp-content/install.php" "Mozilla/5.0 (Windows NT 10.0; Win64; x64) AppleWebKit/537.36 (KHTML, like Gecko) Chrome/58.0.3029.110 Safari/537.3"
superexoticrental.com.infinitibizsol.com:443 20.171.207.71 - - [11/Jun/2025:10:52:05 +0000] "GET /250poxg42483.html HTTP/1.1" 404 32358 "-" "Mozilla/5.0 AppleWebKit/537.36 (KHTML, like Gecko; compatible; GPTBot/1.2; +https://openai.com/gptbot)"
superexoticrental.com.infinitibizsol.com:443 198.204.226.18 - - [11/Jun/2025:10:52:32 +0000] "GET /wp-content/install.php HTTP/1.1" 200 16 "https://superexoticrental.com/wp-content/install.php" "Mozilla/5.0 (Windows NT 10.0; Win64; x64) AppleWebKit/537.36 (KHTML, like Gecko) Chrome/58.0.3029.110 Safari/537.3"
superexoticrental.com.infinitibizsol.com:443 198.204.226.18 - - [11/Jun/2025:10:52:56 +0000] "GET /wp-content/install.php HTTP/1.1" 200 16 "https://superexoticrental.com/wp-content/install.php" "Mozilla/5.0 (Windows NT 10.0; Win64; x64) AppleWebKit/537.36 (KHTML, like Gecko) Chrome/58.0.3029.110 Safari/537.3"
superexoticrental.com.infinitibizsol.com:443 162.0.223.40 - - [11/Jun/2025:10:53:05 +0000] "POST /wp-cron.php?doing_wp_cron=1749639184.1020228862762451171875 HTTP/1.1" 499 0 "-" "WordPress/6.8.1; https://superexoticrental.com"
superexoticrental.com.infinitibizsol.com:443 20.171.207.71 - - [11/Jun/2025:10:53:07 +0000] "GET /261czix43026.html HTTP/1.1" 404 32358 "-" "Mozilla/5.0 AppleWebKit/537.36 (KHTML, like Gecko; compatible; GPTBot/1.2; +https://openai.com/gptbot)"
superexoticrental.com.infinitibizsol.com:443 198.204.226.18 - - [11/Jun/2025:10:53:36 +0000] "GET /wp-content/install.php HTTP/1.1" 499 0 "https://superexoticrental.com/wp-content/install.php" "Mozilla/5.0 (Windows NT 10.0; Win64; x64) AppleWebKit/537.36 (KHTML, like Gecko) Chrome/58.0.3029.110 Safari/537.3"
superexoticrental.com.infinitibizsol.com:443 162.0.223.40 - - [11/Jun/2025:10:54:07 +0000] "POST /wp-cron.php?doing_wp_cron=1749639246.0027420520782470703125 HTTP/1.1" 499 0 "-" "WordPress/6.8.1; https://superexoticrental.com"
superexoticrental.com.infinitibizsol.com:443 20.171.207.71 - - [11/Jun/2025:10:54:08 +0000] "GET /109nggp48724.html HTTP/1.1" 404 32358 "-" "Mozilla/5.0 AppleWebKit/537.36 (KHTML, like Gecko; compatible; GPTBot/1.2; +https://openai.com/gptbot)"
superexoticrental.com.infinitibizsol.com:443 198.204.226.18 - - [11/Jun/2025:10:54:39 +0000] "GET /wp-content/install.php HTTP/1.1" 200 16 "https://superexoticrental.com/wp-content/install.php" "Mozilla/5.0 (Windows NT 10.0; Win64; x64) AppleWebKit/537.36 (KHTML, like Gecko) Chrome/58.0.3029.110 Safari/537.3"
superexoticrental.com.infinitibizsol.com:443 162.0.223.40 - - [11/Jun/2025:10:55:10 +0000] "POST /wp-cron.php?doing_wp_cron=1749639309.9158399105072021484375 HTTP/1.1" 499 0 "-" "WordPress/6.8.1; https://superexoticrental.com"
superexoticrental.com.infinitibizsol.com:443 20.171.207.71 - - [11/Jun/2025:10:55:14 +0000] "GET /190fyex48141.html HTTP/1.1" 404 32358 "-" "Mozilla/5.0 AppleWebKit/537.36 (KHTML, like Gecko; compatible; GPTBot/1.2; +https://openai.com/gptbot)"
superexoticrental.com.infinitibizsol.com:443 198.204.226.18 - - [11/Jun/2025:10:56:11 +0000] "GET /wp-content/install.php HTTP/1.1" 499 0 "https://superexoticrental.com/wp-content/install.php" "Mozilla/5.0 (Windows NT 10.0; Win64; x64) AppleWebKit/537.36 (KHTML, like Gecko) Chrome/58.0.3029.110 Safari/537.3"
superexoticrental.com.infinitibizsol.com:443 162.0.223.40 - - [11/Jun/2025:10:56:12 +0000] "POST /wp-cron.php?doing_wp_cron=1749639371.1414620876312255859375 HTTP/1.1" 499 0 "-" "WordPress/6.8.1; https://superexoticrental.com"
superexoticrental.com.infinitibizsol.com:443 20.171.207.71 - - [11/Jun/2025:10:56:15 +0000] "GET /200vuof10679.html HTTP/1.1" 404 32358 "-" "Mozilla/5.0 AppleWebKit/537.36 (KHTML, like Gecko; compatible; GPTBot/1.2; +https://openai.com/gptbot)"
superexoticrental.com.infinitibizsol.com:443 66.249.70.106 - - [11/Jun/2025:10:56:19 +0000] "GET /?sitemapindex.xml HTTP/1.1" 200 8319 "-" "Mozilla/5.0 (compatible; Googlebot/2.1; +http://www.google.com/bot.html)"
superexoticrental.com.infinitibizsol.com:443 66.249.70.106 - - [11/Jun/2025:10:56:40 +0000] "GET /sitemap72.xml HTTP/1.1" 200 540934 "-" "Mozilla/5.0 (compatible; Googlebot/2.1; +http://www.google.com/bot.html)"
superexoticrental.com.infinitibizsol.com:443 162.0.223.40 - - [11/Jun/2025:10:57:18 +0000] "POST /wp-cron.php?doing_wp_cron=1749639437.3354260921478271484375 HTTP/1.1" 499 0 "-" "WordPress/6.8.1; https://superexoticrental.com"
superexoticrental.com.infinitibizsol.com:443 66.249.70.108 - - [11/Jun/2025:10:57:18 +0000] "GET /sitemap79.xml HTTP/1.1" 200 541092 "-" "Mozilla/5.0 (compatible; Googlebot/2.1; +http://www.google.com/bot.html)"
superexoticrental.com.infinitibizsol.com:443 20.171.207.71 - - [11/Jun/2025:10:57:21 +0000] "GET /275cvnf26038.html HTTP/1.1" 404 32358 "-" "Mozilla/5.0 AppleWebKit/537.36 (KHTML, like Gecko; compatible; GPTBot/1.2; +https://openai.com/gptbot)"
superexoticrental.com.infinitibizsol.com:443 198.204.226.18 - - [11/Jun/2025:10:57:52 +0000] "GET /wp-content/install.php HTTP/1.1" 499 0 "https://superexoticrental.com/wp-content/install.php" "Mozilla/5.0 (Windows NT 10.0; Win64; x64) AppleWebKit/537.36 (KHTML, like Gecko) Chrome/58.0.3029.110 Safari/537.3"
superexoticrental.com.infinitibizsol.com:443 162.0.223.40 - - [11/Jun/2025:10:58:24 +0000] "POST /wp-cron.php?doing_wp_cron=1749639503.1122460365295410156250 HTTP/1.1" 499 0 "-" "WordPress/6.8.1; https://superexoticrental.com"
superexoticrental.com.infinitibizsol.com:443 20.171.207.71 - - [11/Jun/2025:10:58:26 +0000] "GET /112gvto30365.html HTTP/1.1" 404 57768 "-" "Mozilla/5.0 AppleWebKit/537.36 (KHTML, like Gecko; compatible; GPTBot/1.2; +https://openai.com/gptbot)"
superexoticrental.com.infinitibizsol.com:443 198.204.226.18 - - [11/Jun/2025:10:58:30 +0000] "GET /wp-content/install.php HTTP/1.1" 200 16 "https://superexoticrental.com/wp-content/install.php" "Mozilla/5.0 (Windows NT 10.0; Win64; x64) AppleWebKit/537.36 (KHTML, like Gecko) Chrome/58.0.3029.110 Safari/537.3"
superexoticrental.com.infinitibizsol.com:443 162.0.223.40 - - [11/Jun/2025:10:59:24 +0000] "POST /wp-cron.php?doing_wp_cron=1749639563.4965100288391113281250 HTTP/1.1" 499 0 "-" "WordPress/6.8.1; https://superexoticrental.com"
superexoticrental.com.infinitibizsol.com:443 20.171.207.71 - - [11/Jun/2025:10:59:27 +0000] "GET /163jvuy39282.html HTTP/1.1" 404 32358 "-" "Mozilla/5.0 AppleWebKit/537.36 (KHTML, like Gecko; compatible; GPTBot/1.2; +https://openai.com/gptbot)"
superexoticrental.com.infinitibizsol.com:443 173.208.204.66 - - [11/Jun/2025:10:59:33 +0000] "GET /wp-content/install.php HTTP/1.1" 499 0 "https://superexoticrental.com/wp-content/install.php" "Mozilla/5.0 (Windows NT 10.0; Win64; x64) AppleWebKit/537.36 (KHTML, like Gecko) Chrome/58.0.3029.110 Safari/537.3"
superexoticrental.com.infinitibizsol.com:443 173.208.204.66 - - [11/Jun/2025:10:59:33 +0000] "GET /wp-content/install.php HTTP/1.1" 200 16 "https://superexoticrental.com/wp-content/install.php" "Mozilla/5.0 (Windows NT 10.0; Win64; x64) AppleWebKit/537.36 (KHTML, like Gecko) Chrome/58.0.3029.110 Safari/537.3"
superexoticrental.com.infinitibizsol.com:443 66.249.70.100 - - [11/Jun/2025:10:59:42 +0000] "GET /sitemap33.xml HTTP/1.1" 200 541222 "-" "Mozilla/5.0 (compatible; Googlebot/2.1; +http://www.google.com/bot.html)"
superexoticrental.com.infinitibizsol.com:443 66.249.70.99 - - [11/Jun/2025:11:00:21 +0000] "GET /sitemap73.xml HTTP/1.1" 200 540295 "-" "Mozilla/5.0 (compatible; Googlebot/2.1; +http://www.google.com/bot.html)"
superexoticrental.com.infinitibizsol.com:443 20.171.207.71 - - [11/Jun/2025:11:00:34 +0000] "GET /260aiyi39703.html HTTP/1.1" 404 57768 "-" "Mozilla/5.0 AppleWebKit/537.36 (KHTML, like Gecko; compatible; GPTBot/1.2; +https://openai.com/gptbot)"
superexoticrental.com.infinitibizsol.com:443 198.204.226.18 - - [11/Jun/2025:11:01:05 +0000] "GET /wp-content/install.php HTTP/1.1" 499 0 "https://superexoticrental.com/wp-content/install.php" "Mozilla/5.0 (Windows NT 10.0; Win64; x64) AppleWebKit/537.36 (KHTML, like Gecko) Chrome/58.0.3029.110 Safari/537.3"
superexoticrental.com.infinitibizsol.com:443 66.249.70.100 - - [11/Jun/2025:11:01:18 +0000] "GET /sitemap44.xml HTTP/1.1" 200 541127 "-" "Mozilla/5.0 (compatible; Googlebot/2.1; +http://www.google.com/bot.html)"
superexoticrental.com.infinitibizsol.com:443 162.0.223.40 - - [11/Jun/2025:11:01:32 +0000] "POST /wp-cron.php?doing_wp_cron=1749639691.5228319168090820312500 HTTP/1.1" 499 0 "-" "WordPress/6.8.1; https://superexoticrental.com"
superexoticrental.com.infinitibizsol.com:443 20.171.207.71 - - [11/Jun/2025:11:01:35 +0000] "GET /218ctgq17685.html HTTP/1.1" 404 32358 "-" "Mozilla/5.0 AppleWebKit/537.36 (KHTML, like Gecko; compatible; GPTBot/1.2; +https://openai.com/gptbot)"
superexoticrental.com.infinitibizsol.com:443 198.204.226.18 - - [11/Jun/2025:11:02:07 +0000] "GET /wp-content/install.php HTTP/1.1" 200 16 "https://superexoticrental.com/wp-content/install.php" "Mozilla/5.0 (Windows NT 10.0; Win64; x64) AppleWebKit/537.36 (KHTML, like Gecko) Chrome/58.0.3029.110 Safari/537.3"
superexoticrental.com.infinitibizsol.com:443 66.249.70.100 - - [11/Jun/2025:11:02:12 +0000] "GET /sitemap63.xml HTTP/1.1" 200 541405 "-" "Mozilla/5.0 (compatible; Googlebot/2.1; +http://www.google.com/bot.html)"
superexoticrental.com.infinitibizsol.com:443 20.171.207.71 - - [11/Jun/2025:11:02:32 +0000] "GET /186nyyw26385.html HTTP/1.1" 404 32358 "-" "Mozilla/5.0 AppleWebKit/537.36 (KHTML, like Gecko; compatible; GPTBot/1.2; +https://openai.com/gptbot)"
superexoticrental.com.infinitibizsol.com:443 66.249.70.99 - - [11/Jun/2025:11:02:44 +0000] "GET /sitemap17.xml HTTP/1.1" 200 541093 "-" "Mozilla/5.0 (compatible; Googlebot/2.1; +http://www.google.com/bot.html)"
superexoticrental.com.infinitibizsol.com:80 162.0.223.40 - - [11/Jun/2025:11:02:59 +0000] "POST /wp-cron.php?doing_wp_cron=1749639778.4627768993377685546875 HTTP/1.1" 499 0 "-" "WordPress/6.8.1; https://superexoticrental.com"
superexoticrental.com.infinitibizsol.com:80 43.153.119.119 - - [11/Jun/2025:11:03:01 +0000] "GET / HTTP/1.1" 301 5 "-" "Mozilla/5.0 (iPhone; CPU iPhone OS 13_2_3 like Mac OS X) AppleWebKit/605.1.15 (KHTML, like Gecko) Version/13.0.3 Mobile/15E148 Safari/604.1"
superexoticrental.com.infinitibizsol.com:443 43.153.119.119 - - [11/Jun/2025:11:03:09 +0000] "GET / HTTP/1.1" 200 100683 "http://superexoticrental.com" "Mozilla/5.0 (iPhone; CPU iPhone OS 13_2_3 like Mac OS X) AppleWebKit/605.1.15 (KHTML, like Gecko) Version/13.0.3 Mobile/15E148 Safari/604.1"
superexoticrental.com.infinitibizsol.com:443 20.171.207.71 - - [11/Jun/2025:11:03:37 +0000] "GET /203zbdy38176.html HTTP/1.1" 404 32358 "-" "Mozilla/5.0 AppleWebKit/537.36 (KHTML, like Gecko; compatible; GPTBot/1.2; +https://openai.com/gptbot)"
superexoticrental.com.infinitibizsol.com:443 162.0.223.40 - - [11/Jun/2025:11:04:38 +0000] "POST /wp-cron.php?doing_wp_cron=1749639877.3307650089263916015625 HTTP/1.1" 499 0 "-" "WordPress/6.8.1; https://superexoticrental.com"
superexoticrental.com.infinitibizsol.com:443 20.171.207.71 - - [11/Jun/2025:11:04:40 +0000] "GET /205ruqm27306.html HTTP/1.1" 404 32358 "-" "Mozilla/5.0 AppleWebKit/537.36 (KHTML, like Gecko; compatible; GPTBot/1.2; +https://openai.com/gptbot)"
superexoticrental.com.infinitibizsol.com:443 162.0.223.40 - - [11/Jun/2025:11:05:44 +0000] "POST /wp-cron.php?doing_wp_cron=1749639943.2222430706024169921875 HTTP/1.1" 499 0 "-" "WordPress/6.8.1; https://superexoticrental.com"
superexoticrental.com.infinitibizsol.com:443 20.171.207.71 - - [11/Jun/2025:11:05:46 +0000] "GET /158mbyc44293.html HTTP/1.1" 404 57784 "-" "Mozilla/5.0 AppleWebKit/537.36 (KHTML, like Gecko; compatible; GPTBot/1.2; +https://openai.com/gptbot)"
superexoticrental.com.infinitibizsol.com:443 162.0.223.40 - - [11/Jun/2025:11:06:49 +0000] "POST /wp-cron.php?doing_wp_cron=1749640008.4089789390563964843750 HTTP/1.1" 499 0 "-" "WordPress/6.8.1; https://superexoticrental.com"
superexoticrental.com.infinitibizsol.com:443 20.171.207.71 - - [11/Jun/2025:11:06:51 +0000] "GET /106gyyx43545.html HTTP/1.1" 404 48742 "-" "Mozilla/5.0 AppleWebKit/537.36 (KHTML, like Gecko; compatible; GPTBot/1.2; +https://openai.com/gptbot)"
superexoticrental.com.infinitibizsol.com:443 173.208.204.66 - - [11/Jun/2025:11:07:33 +0000] "GET /wp-content/install.php HTTP/1.1" 499 0 "https://superexoticrental.com/wp-content/install.php" "Mozilla/5.0 (Windows NT 10.0; Win64; x64) AppleWebKit/537.36 (KHTML, like Gecko) Chrome/58.0.3029.110 Safari/537.3"
superexoticrental.com.infinitibizsol.com:443 173.208.204.66 - - [11/Jun/2025:11:07:33 +0000] "GET /wp-content/install.php HTTP/1.1" 200 16 "https://superexoticrental.com/wp-content/install.php" "Mozilla/5.0 (Windows NT 10.0; Win64; x64) AppleWebKit/537.36 (KHTML, like Gecko) Chrome/58.0.3029.110 Safari/537.3"
superexoticrental.com.infinitibizsol.com:443 185.21.13.25 - - [11/Jun/2025:11:07:53 +0000] "GET / HTTP/1.1" 200 100682 "-" "Mozilla/5.0 (Macintosh; Intel Mac OS X 10_15_7) AppleWebKit/537.36 (KHTML, like Gecko) Chrome/133.0.0.0 Safari/537.36"
superexoticrental.com.infinitibizsol.com:443 162.0.223.40 - - [11/Jun/2025:11:07:54 +0000] "POST /wp-cron.php?doing_wp_cron=1749640073.5467119216918945312500 HTTP/1.1" 499 0 "-" "WordPress/6.8.1; https://superexoticrental.com"
superexoticrental.com.infinitibizsol.com:443 20.171.207.71 - - [11/Jun/2025:11:07:57 +0000] "GET /298jfhr17715.html HTTP/1.1" 404 32358 "-" "Mozilla/5.0 AppleWebKit/537.36 (KHTML, like Gecko; compatible; GPTBot/1.2; +https://openai.com/gptbot)"
superexoticrental.com.infinitibizsol.com:443 103.106.243.66 - - [11/Jun/2025:11:08:13 +0000] "POST / HTTP/1.1" 200 100727 "-" "Mozilla/5.0 (Macintosh; Intel Mac OS X 10_15_7) AppleWebKit/537.36 (KHTML, like Gecko) Chrome/133.0.0.0 Safari/537.36"
superexoticrental.com.infinitibizsol.com:443 198.204.226.18 - - [11/Jun/2025:11:08:22 +0000] "GET /wp-content/install.php HTTP/1.1" 200 16 "https://superexoticrental.com/wp-content/install.php" "Mozilla/5.0 (Windows NT 10.0; Win64; x64) AppleWebKit/537.36 (KHTML, like Gecko) Chrome/58.0.3029.110 Safari/537.3"
superexoticrental.com.infinitibizsol.com:443 103.106.243.66 - - [11/Jun/2025:11:08:25 +0000] "POST / HTTP/1.1" 200 102174 "-" "Mozilla/5.0 (Windows NT 10.0; Win64; x64) AppleWebKit/537.36 (KHTML, like Gecko) Chrome/120.0.0.0 Safari/537.36"
superexoticrental.com.infinitibizsol.com:443 198.204.226.18 - - [11/Jun/2025:11:08:28 +0000] "GET /wp-content/install.php HTTP/1.1" 200 16 "https://superexoticrental.com/wp-content/install.php" "Mozilla/5.0 (Windows NT 10.0; Win64; x64) AppleWebKit/537.36 (KHTML, like Gecko) Chrome/58.0.3029.110 Safari/537.3"
superexoticrental.com.infinitibizsol.com:443 185.21.13.25 - - [11/Jun/2025:11:08:31 +0000] "GET /comments/feed/ HTTP/1.1" 200 1691 "-" "Mozilla/5.0 (Macintosh; Intel Mac OS X 10_15_7) AppleWebKit/537.36 (KHTML, like Gecko) Chrome/133.0.0.0 Safari/537.36"
superexoticrental.com.infinitibizsol.com:443 185.21.13.25 - - [11/Jun/2025:11:08:42 +0000] "GET /contact-us/ HTTP/1.1" 200 71582 "-" "Mozilla/5.0 (Macintosh; Intel Mac OS X 10_15_7) AppleWebKit/537.36 (KHTML, like Gecko) Chrome/133.0.0.0 Safari/537.36"
superexoticrental.com.infinitibizsol.com:443 162.0.223.40 - - [11/Jun/2025:11:08:58 +0000] "POST /wp-cron.php?doing_wp_cron=1749640137.3259840011596679687500 HTTP/1.1" 499 0 "-" "WordPress/6.8.1; https://superexoticrental.com"
superexoticrental.com.infinitibizsol.com:443 103.106.243.66 - - [11/Jun/2025:11:08:58 +0000] "POST /contact-us/ HTTP/1.1" 200 71656 "-" "Mozilla/5.0 (Macintosh; Intel Mac OS X 10_15_7) AppleWebKit/537.36 (KHTML, like Gecko) Chrome/133.0.0.0 Safari/537.36"
superexoticrental.com.infinitibizsol.com:443 20.171.207.71 - - [11/Jun/2025:11:09:00 +0000] "GET /134tgab20137.html HTTP/1.1" 404 32358 "-" "Mozilla/5.0 AppleWebKit/537.36 (KHTML, like Gecko; compatible; GPTBot/1.2; +https://openai.com/gptbot)"
superexoticrental.com.infinitibizsol.com:443 103.106.243.66 - - [11/Jun/2025:11:09:15 +0000] "POST /contact-us/ HTTP/1.1" 200 73445 "-" "Mozilla/5.0 (Windows NT 10.0; Win64; x64) AppleWebKit/537.36 (KHTML, like Gecko) Chrome/120.0.0.0 Safari/537.36"
superexoticrental.com.infinitibizsol.com:443 103.106.243.66 - - [11/Jun/2025:11:09:24 +0000] "POST /contact-us/ HTTP/1.1" 200 71606 "-" "Mozilla/5.0 (Macintosh; Intel Mac OS X 10_15_7) AppleWebKit/537.36 (KHTML, like Gecko) Chrome/133.0.0.0 Safari/537.36"
superexoticrental.com.infinitibizsol.com:443 198.204.226.18 - - [11/Jun/2025:11:09:30 +0000] "GET /wp-content/install.php HTTP/1.1" 499 0 "https://superexoticrental.com/wp-content/install.php" "Mozilla/5.0 (Windows NT 10.0; Win64; x64) AppleWebKit/537.36 (KHTML, like Gecko) Chrome/58.0.3029.110 Safari/537.3"
superexoticrental.com.infinitibizsol.com:443 103.106.243.66 - - [11/Jun/2025:11:09:36 +0000] "POST /contact-us/ HTTP/1.1" 200 73422 "-" "Mozilla/5.0 (Windows NT 10.0; Win64; x64) AppleWebKit/537.36 (KHTML, like Gecko) Chrome/120.0.0.0 Safari/537.36"
superexoticrental.com.infinitibizsol.com:443 198.204.226.18 - - [11/Jun/2025:11:09:43 +0000] "GET /wp-content/install.php HTTP/1.1" 200 16 "https://superexoticrental.com/wp-content/install.php" "Mozilla/5.0 (Windows NT 10.0; Win64; x64) AppleWebKit/537.36 (KHTML, like Gecko) Chrome/58.0.3029.110 Safari/537.3"
superexoticrental.com.infinitibizsol.com:443 162.0.223.40 - - [11/Jun/2025:11:10:00 +0000] "POST /wp-cron.php?doing_wp_cron=1749640197.8758718967437744140625 HTTP/1.1" 499 0 "-" "WordPress/6.8.1; https://superexoticrental.com"
superexoticrental.com.infinitibizsol.com:443 20.171.207.71 - - [11/Jun/2025:11:10:04 +0000] "GET /292idze46631.html HTTP/1.1" 404 32358 "-" "Mozilla/5.0 AppleWebKit/537.36 (KHTML, like Gecko; compatible; GPTBot/1.2; +https://openai.com/gptbot)"
superexoticrental.com.infinitibizsol.com:443 198.204.226.18 - - [11/Jun/2025:11:10:18 +0000] "GET /wp-content/install.php HTTP/1.1" 200 16 "https://superexoticrental.com/wp-content/install.php" "Mozilla/5.0 (Windows NT 10.0; Win64; x64) AppleWebKit/537.36 (KHTML, like Gecko) Chrome/58.0.3029.110 Safari/537.3"
superexoticrental.com.infinitibizsol.com:443 185.191.171.4 - - [11/Jun/2025:11:10:32 +0000] "GET / HTTP/1.1" 200 100671 "-" "Mozilla/5.0 (compatible; SemrushBot/7~bl; +http://www.semrush.com/bot.html)"
superexoticrental.com.infinitibizsol.com:443 162.0.223.40 - - [11/Jun/2025:11:11:05 +0000] "POST /wp-cron.php?doing_wp_cron=1749640264.3713290691375732421875 HTTP/1.1" 499 0 "-" "WordPress/6.8.1; https://superexoticrental.com"
superexoticrental.com.infinitibizsol.com:443 20.171.207.71 - - [11/Jun/2025:11:11:08 +0000] "GET /172vsah13905.html HTTP/1.1" 404 57768 "-" "Mozilla/5.0 AppleWebKit/537.36 (KHTML, like Gecko; compatible; GPTBot/1.2; +https://openai.com/gptbot)"
superexoticrental.com.infinitibizsol.com:443 162.0.223.40 - - [11/Jun/2025:11:12:07 +0000] "POST /wp-cron.php?doing_wp_cron=1749640326.4549219608306884765625 HTTP/1.1" 499 0 "-" "WordPress/6.8.1; https://superexoticrental.com"
superexoticrental.com.infinitibizsol.com:443 20.171.207.71 - - [11/Jun/2025:11:12:09 +0000] "GET /251aisr26456.html HTTP/1.1" 404 32358 "-" "Mozilla/5.0 AppleWebKit/537.36 (KHTML, like Gecko; compatible; GPTBot/1.2; +https://openai.com/gptbot)"
superexoticrental.com.infinitibizsol.com:443 198.204.226.18 - - [11/Jun/2025:11:12:13 +0000] "GET /wp-content/install.php HTTP/1.1" 499 0 "https://superexoticrental.com/wp-content/install.php" "Mozilla/5.0 (Windows NT 10.0; Win64; x64) AppleWebKit/537.36 (KHTML, like Gecko) Chrome/58.0.3029.110 Safari/537.3"
superexoticrental.com.infinitibizsol.com:443 162.0.223.40 - - [11/Jun/2025:11:13:11 +0000] "POST /wp-cron.php?doing_wp_cron=1749640390.4815559387207031250000 HTTP/1.1" 499 0 "-" "WordPress/6.8.1; https://superexoticrental.com"
superexoticrental.com.infinitibizsol.com:443 20.171.207.71 - - [11/Jun/2025:11:13:14 +0000] "GET /202wiyu43027.html HTTP/1.1" 404 48742 "-" "Mozilla/5.0 AppleWebKit/537.36 (KHTML, like Gecko; compatible; GPTBot/1.2; +https://openai.com/gptbot)"
superexoticrental.com.infinitibizsol.com:443 198.204.226.18 - - [11/Jun/2025:11:13:16 +0000] "GET /wp-content/install.php HTTP/1.1" 200 16 "https://superexoticrental.com/wp-content/install.php" "Mozilla/5.0 (Windows NT 10.0; Win64; x64) AppleWebKit/537.36 (KHTML, like Gecko) Chrome/58.0.3029.110 Safari/537.3"
superexoticrental.com.infinitibizsol.com:443 198.204.226.18 - - [11/Jun/2025:11:13:24 +0000] "GET /wp-content/install.php HTTP/1.1" 200 16 "https://superexoticrental.com/wp-content/install.php" "Mozilla/5.0 (Windows NT 10.0; Win64; x64) AppleWebKit/537.36 (KHTML, like Gecko) Chrome/58.0.3029.110 Safari/537.3"
superexoticrental.com.infinitibizsol.com:443 198.204.226.18 - - [11/Jun/2025:11:13:35 +0000] "GET /wp-content/install.php HTTP/1.1" 200 16 "https://superexoticrental.com/wp-content/install.php" "Mozilla/5.0 (Windows NT 10.0; Win64; x64) AppleWebKit/537.36 (KHTML, like Gecko) Chrome/58.0.3029.110 Safari/537.3"
superexoticrental.com.infinitibizsol.com:443 162.0.223.40 - - [11/Jun/2025:11:14:15 +0000] "POST /wp-cron.php?doing_wp_cron=1749640454.4091749191284179687500 HTTP/1.1" 499 0 "-" "WordPress/6.8.1; https://superexoticrental.com"
superexoticrental.com.infinitibizsol.com:443 20.171.207.71 - - [11/Jun/2025:11:14:19 +0000] "GET /228bkev35975.html HTTP/1.1" 404 32358 "-" "Mozilla/5.0 AppleWebKit/537.36 (KHTML, like Gecko; compatible; GPTBot/1.2; +https://openai.com/gptbot)"
superexoticrental.com.infinitibizsol.com:443 198.204.226.18 - - [11/Jun/2025:11:14:38 +0000] "GET /wp-content/install.php HTTP/1.1" 499 0 "https://superexoticrental.com/wp-content/install.php" "Mozilla/5.0 (Windows NT 10.0; Win64; x64) AppleWebKit/537.36 (KHTML, like Gecko) Chrome/58.0.3029.110 Safari/537.3"
superexoticrental.com.infinitibizsol.com:443 198.204.226.18 - - [11/Jun/2025:11:14:40 +0000] "GET /wp-content/install.php HTTP/1.1" 200 16 "https://superexoticrental.com/wp-content/install.php" "Mozilla/5.0 (Windows NT 10.0; Win64; x64) AppleWebKit/537.36 (KHTML, like Gecko) Chrome/58.0.3029.110 Safari/537.3"
superexoticrental.com.infinitibizsol.com:443 198.204.226.18 - - [11/Jun/2025:11:15:08 +0000] "GET /wp-content/install.php HTTP/1.1" 200 16 "https://superexoticrental.com/wp-content/install.php" "Mozilla/5.0 (Windows NT 10.0; Win64; x64) AppleWebKit/537.36 (KHTML, like Gecko) Chrome/58.0.3029.110 Safari/537.3"
superexoticrental.com.infinitibizsol.com:443 162.0.223.40 - - [11/Jun/2025:11:15:20 +0000] "POST /wp-cron.php?doing_wp_cron=1749640519.8711938858032226562500 HTTP/1.1" 499 0 "-" "WordPress/6.8.1; https://superexoticrental.com"
superexoticrental.com.infinitibizsol.com:443 20.171.207.71 - - [11/Jun/2025:11:15:24 +0000] "GET /172puga35043.html HTTP/1.1" 404 32358 "-" "Mozilla/5.0 AppleWebKit/537.36 (KHTML, like Gecko; compatible; GPTBot/1.2; +https://openai.com/gptbot)"
superexoticrental.com.infinitibizsol.com:443 173.208.204.66 - - [11/Jun/2025:11:15:31 +0000] "GET /wp-content/install.php HTTP/1.1" 200 16 "https://superexoticrental.com/wp-content/install.php" "Mozilla/5.0 (Windows NT 10.0; Win64; x64) AppleWebKit/537.36 (KHTML, like Gecko) Chrome/58.0.3029.110 Safari/537.3"
superexoticrental.com.infinitibizsol.com:443 198.204.226.18 - - [11/Jun/2025:11:16:16 +0000] "GET /wp-content/install.php HTTP/1.1" 499 0 "https://superexoticrental.com/wp-content/install.php" "Mozilla/5.0 (Windows NT 10.0; Win64; x64) AppleWebKit/537.36 (KHTML, like Gecko) Chrome/58.0.3029.110 Safari/537.3"
superexoticrental.com.infinitibizsol.com:443 162.0.223.40 - - [11/Jun/2025:11:16:22 +0000] "POST /wp-cron.php?doing_wp_cron=1749640580.9862239360809326171875 HTTP/1.1" 499 0 "-" "WordPress/6.8.1; https://superexoticrental.com"
superexoticrental.com.infinitibizsol.com:443 198.204.226.18 - - [11/Jun/2025:11:16:22 +0000] "GET /wp-content/install.php HTTP/1.1" 200 16 "https://superexoticrental.com/wp-content/install.php" "Mozilla/5.0 (Windows NT 10.0; Win64; x64) AppleWebKit/537.36 (KHTML, like Gecko) Chrome/58.0.3029.110 Safari/537.3"
superexoticrental.com.infinitibizsol.com:443 20.171.207.71 - - [11/Jun/2025:11:16:25 +0000] "GET /108etkn16139.html HTTP/1.1" 404 32358 "-" "Mozilla/5.0 AppleWebKit/537.36 (KHTML, like Gecko; compatible; GPTBot/1.2; +https://openai.com/gptbot)"
superexoticrental.com.infinitibizsol.com:443 198.204.226.18 - - [11/Jun/2025:11:16:37 +0000] "GET /wp-content/install.php HTTP/1.1" 200 16 "https://superexoticrental.com/wp-content/install.php" "Mozilla/5.0 (Windows NT 10.0; Win64; x64) AppleWebKit/537.36 (KHTML, like Gecko) Chrome/58.0.3029.110 Safari/537.3"
superexoticrental.com.infinitibizsol.com:443 198.204.226.18 - - [11/Jun/2025:11:16:41 +0000] "GET /wp-content/install.php HTTP/1.1" 200 16 "https://superexoticrental.com/wp-content/install.php" "Mozilla/5.0 (Windows NT 10.0; Win64; x64) AppleWebKit/537.36 (KHTML, like Gecko) Chrome/58.0.3029.110 Safari/537.3"
superexoticrental.com.infinitibizsol.com:443 198.204.226.18 - - [11/Jun/2025:11:17:04 +0000] "GET /wp-content/install.php HTTP/1.1" 200 16 "https://superexoticrental.com/wp-content/install.php" "Mozilla/5.0 (Windows NT 10.0; Win64; x64) AppleWebKit/537.36 (KHTML, like Gecko) Chrome/58.0.3029.110 Safari/537.3"
superexoticrental.com.infinitibizsol.com:443 198.204.226.18 - - [11/Jun/2025:11:17:18 +0000] "GET /wp-content/install.php HTTP/1.1" 200 16 "https://superexoticrental.com/wp-content/install.php" "Mozilla/5.0 (Windows NT 10.0; Win64; x64) AppleWebKit/537.36 (KHTML, like Gecko) Chrome/58.0.3029.110 Safari/537.3"
superexoticrental.com.infinitibizsol.com:443 162.0.223.40 - - [11/Jun/2025:11:17:22 +0000] "POST /wp-cron.php?doing_wp_cron=1749640641.2127599716186523437500 HTTP/1.1" 499 0 "-" "WordPress/6.8.1; https://superexoticrental.com"
superexoticrental.com.infinitibizsol.com:443 20.171.207.71 - - [11/Jun/2025:11:17:25 +0000] "GET /125fytz35606.html HTTP/1.1" 404 32358 "-" "Mozilla/5.0 AppleWebKit/537.36 (KHTML, like Gecko; compatible; GPTBot/1.2; +https://openai.com/gptbot)"
superexoticrental.com.infinitibizsol.com:443 198.204.226.18 - - [11/Jun/2025:11:18:03 +0000] "GET /wp-content/install.php HTTP/1.1" 499 0 "https://superexoticrental.com/wp-content/install.php" "Mozilla/5.0 (Windows NT 10.0; Win64; x64) AppleWebKit/537.36 (KHTML, like Gecko) Chrome/58.0.3029.110 Safari/537.3"
superexoticrental.com.infinitibizsol.com:443 198.204.226.18 - - [11/Jun/2025:11:18:23 +0000] "GET /wp-content/install.php HTTP/1.1" 200 16 "https://superexoticrental.com/wp-content/install.php" "Mozilla/5.0 (Windows NT 10.0; Win64; x64) AppleWebKit/537.36 (KHTML, like Gecko) Chrome/58.0.3029.110 Safari/537.3"
superexoticrental.com.infinitibizsol.com:443 162.0.223.40 - - [11/Jun/2025:11:18:25 +0000] "POST /wp-cron.php?doing_wp_cron=1749640704.2737839221954345703125 HTTP/1.1" 499 0 "-" "WordPress/6.8.1; https://superexoticrental.com"
superexoticrental.com.infinitibizsol.com:443 20.171.207.71 - - [11/Jun/2025:11:18:27 +0000] "GET /275dmjq13066.html HTTP/1.1" 404 57768 "-" "Mozilla/5.0 AppleWebKit/537.36 (KHTML, like Gecko; compatible; GPTBot/1.2; +https://openai.com/gptbot)"
superexoticrental.com.infinitibizsol.com:443 52.167.144.219 - - [11/Jun/2025:11:18:47 +0000] "GET /ll/virescence/ HTTP/1.1" 200 23 "-" "Mozilla/5.0 AppleWebKit/537.36 (KHTML, like Gecko; compatible; bingbot/2.0; +http://www.bing.com/bingbot.htm) Chrome/116.0.1938.76 Safari/537.36"
superexoticrental.com.infinitibizsol.com:443 198.204.226.18 - - [11/Jun/2025:11:18:47 +0000] "GET /wp-content/install.php HTTP/1.1" 200 16 "https://superexoticrental.com/wp-content/install.php" "Mozilla/5.0 (Windows NT 10.0; Win64; x64) AppleWebKit/537.36 (KHTML, like Gecko) Chrome/58.0.3029.110 Safari/537.3"
superexoticrental.com.infinitibizsol.com:443 66.249.70.100 - - [11/Jun/2025:11:18:54 +0000] "GET /ads.txt HTTP/1.1" 200 577909 "-" "Mozilla/5.0 (compatible; Googlebot/2.1; +http://www.google.com/bot.html)"
superexoticrental.com.infinitibizsol.com:443 20.171.207.71 - - [11/Jun/2025:11:19:25 +0000] "GET /176swna45623.html HTTP/1.1" 404 48742 "-" "Mozilla/5.0 AppleWebKit/537.36 (KHTML, like Gecko; compatible; GPTBot/1.2; +https://openai.com/gptbot)"
superexoticrental.com.infinitibizsol.com:443 198.204.226.18 - - [11/Jun/2025:11:20:21 +0000] "GET /wp-content/install.php HTTP/1.1" 499 0 "https://superexoticrental.com/wp-content/install.php" "Mozilla/5.0 (Windows NT 10.0; Win64; x64) AppleWebKit/537.36 (KHTML, like Gecko) Chrome/58.0.3029.110 Safari/537.3"
superexoticrental.com.infinitibizsol.com:443 162.0.223.40 - - [11/Jun/2025:11:20:28 +0000] "POST /wp-cron.php?doing_wp_cron=1749640827.9488749504089355468750 HTTP/1.1" 499 0 "-" "WordPress/6.8.1; https://superexoticrental.com"
superexoticrental.com.infinitibizsol.com:443 20.171.207.71 - - [11/Jun/2025:11:20:31 +0000] "GET /248bdia47327.html HTTP/1.1" 404 32358 "-" "Mozilla/5.0 AppleWebKit/537.36 (KHTML, like Gecko; compatible; GPTBot/1.2; +https://openai.com/gptbot)"
superexoticrental.com.infinitibizsol.com:443 162.0.223.40 - - [11/Jun/2025:11:21:31 +0000] "POST /wp-cron.php?doing_wp_cron=1749640890.3152709007263183593750 HTTP/1.1" 499 0 "-" "WordPress/6.8.1; https://superexoticrental.com"
superexoticrental.com.infinitibizsol.com:443 20.171.207.71 - - [11/Jun/2025:11:21:33 +0000] "GET /127fsua48162.html HTTP/1.1" 404 57784 "-" "Mozilla/5.0 AppleWebKit/537.36 (KHTML, like Gecko; compatible; GPTBot/1.2; +https://openai.com/gptbot)"
superexoticrental.com.infinitibizsol.com:443 198.204.226.18 - - [11/Jun/2025:11:22:03 +0000] "GET /wp-content/install.php HTTP/1.1" 499 0 "https://superexoticrental.com/wp-content/install.php" "Mozilla/5.0 (Windows NT 10.0; Win64; x64) AppleWebKit/537.36 (KHTML, like Gecko) Chrome/58.0.3029.110 Safari/537.3"
superexoticrental.com.infinitibizsol.com:443 198.204.226.18 - - [11/Jun/2025:11:22:23 +0000] "GET /wp-content/install.php HTTP/1.1" 200 16 "https://superexoticrental.com/wp-content/install.php" "Mozilla/5.0 (Windows NT 10.0; Win64; x64) AppleWebKit/537.36 (KHTML, like Gecko) Chrome/58.0.3029.110 Safari/537.3"
superexoticrental.com.infinitibizsol.com:443 162.0.223.40 - - [11/Jun/2025:11:22:36 +0000] "POST /wp-cron.php?doing_wp_cron=1749640955.9369630813598632812500 HTTP/1.1" 499 0 "-" "WordPress/6.8.1; https://superexoticrental.com"
superexoticrental.com.infinitibizsol.com:443 20.171.207.71 - - [11/Jun/2025:11:22:39 +0000] "GET /197ffce29206.html HTTP/1.1" 404 32358 "-" "Mozilla/5.0 AppleWebKit/537.36 (KHTML, like Gecko; compatible; GPTBot/1.2; +https://openai.com/gptbot)"
superexoticrental.com.infinitibizsol.com:443 173.208.204.66 - - [11/Jun/2025:11:23:32 +0000] "GET /wp-content/install.php HTTP/1.1" 499 0 "https://superexoticrental.com/wp-content/install.php" "Mozilla/5.0 (Windows NT 10.0; Win64; x64) AppleWebKit/537.36 (KHTML, like Gecko) Chrome/58.0.3029.110 Safari/537.3"
superexoticrental.com.infinitibizsol.com:443 173.208.204.66 - - [11/Jun/2025:11:23:33 +0000] "GET /wp-content/install.php HTTP/1.1" 200 16 "https://superexoticrental.com/wp-content/install.php" "Mozilla/5.0 (Windows NT 10.0; Win64; x64) AppleWebKit/537.36 (KHTML, like Gecko) Chrome/58.0.3029.110 Safari/537.3"
superexoticrental.com.infinitibizsol.com:443 162.0.223.40 - - [11/Jun/2025:11:23:39 +0000] "POST /wp-cron.php?doing_wp_cron=1749641018.5375180244445800781250 HTTP/1.1" 499 0 "-" "WordPress/6.8.1; https://superexoticrental.com"
superexoticrental.com.infinitibizsol.com:443 198.204.226.18 - - [11/Jun/2025:11:23:42 +0000] "GET /wp-content/install.php HTTP/1.1" 200 16 "https://superexoticrental.com/wp-content/install.php" "Mozilla/5.0 (Windows NT 10.0; Win64; x64) AppleWebKit/537.36 (KHTML, like Gecko) Chrome/58.0.3029.110 Safari/537.3"
superexoticrental.com.infinitibizsol.com:443 20.171.207.71 - - [11/Jun/2025:11:23:42 +0000] "GET /183nlxq24464.html HTTP/1.1" 404 48742 "-" "Mozilla/5.0 AppleWebKit/537.36 (KHTML, like Gecko; compatible; GPTBot/1.2; +https://openai.com/gptbot)"
superexoticrental.com.infinitibizsol.com:443 198.204.226.18 - - [11/Jun/2025:11:23:49 +0000] "GET /wp-content/install.php HTTP/1.1" 200 16 "https://superexoticrental.com/wp-content/install.php" "Mozilla/5.0 (Windows NT 10.0; Win64; x64) AppleWebKit/537.36 (KHTML, like Gecko) Chrome/58.0.3029.110 Safari/537.3"
superexoticrental.com.infinitibizsol.com:443 162.0.223.40 - - [11/Jun/2025:11:24:43 +0000] "POST /wp-cron.php?doing_wp_cron=1749641082.5422689914703369140625 HTTP/1.1" 499 0 "-" "WordPress/6.8.1; https://superexoticrental.com"
superexoticrental.com.infinitibizsol.com:443 20.171.207.71 - - [11/Jun/2025:11:24:46 +0000] "GET /128cnwa46815.html HTTP/1.1" 404 32358 "-" "Mozilla/5.0 AppleWebKit/537.36 (KHTML, like Gecko; compatible; GPTBot/1.2; +https://openai.com/gptbot)"
superexoticrental.com.infinitibizsol.com:443 198.204.226.18 - - [11/Jun/2025:11:25:13 +0000] "GET /wp-content/install.php HTTP/1.1" 499 0 "https://superexoticrental.com/wp-content/install.php" "Mozilla/5.0 (Windows NT 10.0; Win64; x64) AppleWebKit/537.36 (KHTML, like Gecko) Chrome/58.0.3029.110 Safari/537.3"
superexoticrental.com.infinitibizsol.com:443 162.0.223.40 - - [11/Jun/2025:11:25:48 +0000] "POST /wp-cron.php?doing_wp_cron=1749641147.6607871055603027343750 HTTP/1.1" 499 0 "-" "WordPress/6.8.1; https://superexoticrental.com"
superexoticrental.com.infinitibizsol.com:443 20.171.207.71 - - [11/Jun/2025:11:25:51 +0000] "GET /147pbnp30078.html HTTP/1.1" 404 32358 "-" "Mozilla/5.0 AppleWebKit/537.36 (KHTML, like Gecko; compatible; GPTBot/1.2; +https://openai.com/gptbot)"
superexoticrental.com.infinitibizsol.com:443 162.0.223.40 - - [11/Jun/2025:11:26:48 +0000] "POST /wp-cron.php?doing_wp_cron=1749641207.9127531051635742187500 HTTP/1.1" 499 0 "-" "WordPress/6.8.1; https://superexoticrental.com"
superexoticrental.com.infinitibizsol.com:443 20.171.207.71 - - [11/Jun/2025:11:26:51 +0000] "GET /101bccn12984.html HTTP/1.1" 404 32358 "-" "Mozilla/5.0 AppleWebKit/537.36 (KHTML, like Gecko; compatible; GPTBot/1.2; +https://openai.com/gptbot)"
superexoticrental.com.infinitibizsol.com:443 162.0.223.40 - - [11/Jun/2025:11:27:53 +0000] "POST /wp-cron.php?doing_wp_cron=1749641272.1962599754333496093750 HTTP/1.1" 499 0 "-" "WordPress/6.8.1; https://superexoticrental.com"
superexoticrental.com.infinitibizsol.com:443 20.171.207.71 - - [11/Jun/2025:11:27:55 +0000] "GET /101axrg24126.html HTTP/1.1" 404 57768 "-" "Mozilla/5.0 AppleWebKit/537.36 (KHTML, like Gecko; compatible; GPTBot/1.2; +https://openai.com/gptbot)"
superexoticrental.com.infinitibizsol.com:443 198.204.226.18 - - [11/Jun/2025:11:28:29 +0000] "GET /wp-content/install.php HTTP/1.1" 499 0 "https://superexoticrental.com/wp-content/install.php" "Mozilla/5.0 (Windows NT 10.0; Win64; x64) AppleWebKit/537.36 (KHTML, like Gecko) Chrome/58.0.3029.110 Safari/537.3"
superexoticrental.com.infinitibizsol.com:443 162.0.223.40 - - [11/Jun/2025:11:28:53 +0000] "POST /wp-cron.php?doing_wp_cron=1749641332.4994928836822509765625 HTTP/1.1" 499 0 "-" "WordPress/6.8.1; https://superexoticrental.com"
superexoticrental.com.infinitibizsol.com:443 198.204.226.18 - - [11/Jun/2025:11:28:54 +0000] "GET /wp-content/install.php HTTP/1.1" 200 16 "https://superexoticrental.com/wp-content/install.php" "Mozilla/5.0 (Windows NT 10.0; Win64; x64) AppleWebKit/537.36 (KHTML, like Gecko) Chrome/58.0.3029.110 Safari/537.3"
superexoticrental.com.infinitibizsol.com:443 20.171.207.71 - - [11/Jun/2025:11:28:56 +0000] "GET /233iohg41784.html HTTP/1.1" 404 32358 "-" "Mozilla/5.0 AppleWebKit/537.36 (KHTML, like Gecko; compatible; GPTBot/1.2; +https://openai.com/gptbot)"
superexoticrental.com.infinitibizsol.com:443 198.204.226.18 - - [11/Jun/2025:11:29:11 +0000] "GET /wp-content/install.php HTTP/1.1" 200 16 "https://superexoticrental.com/wp-content/install.php" "Mozilla/5.0 (Windows NT 10.0; Win64; x64) AppleWebKit/537.36 (KHTML, like Gecko) Chrome/58.0.3029.110 Safari/537.3"
superexoticrental.com.infinitibizsol.com:443 173.208.153.154 - - [11/Jun/2025:11:29:41 +0000] "GET /wp-content/install.php HTTP/1.1" 200 6 "https://superexoticrental.com/wp-content/install.php" "Mozilla/4.0 (compatible; MSIE 7.0; Windows NT 5.1; SV1; .NET CLR 1.0.3705; .NET CLR 2.0.50727; .NET CLR 1.1.4322)"
superexoticrental.com.infinitibizsol.com:443 108.181.202.211 - - [11/Jun/2025:11:29:47 +0000] "GET /wp-content/install.php HTTP/1.1" 200 16 "https://superexoticrental.com/wp-content/install.php" "Mozilla/5.0 (Windows NT 6.1; WOW64; rv:5.0) Gecko/20100101 Firefox/5.0"
superexoticrental.com.infinitibizsol.com:443 162.0.223.40 - - [11/Jun/2025:11:29:55 +0000] "POST /wp-cron.php?doing_wp_cron=1749641394.5508251190185546875000 HTTP/1.1" 499 0 "-" "WordPress/6.8.1; https://superexoticrental.com"
superexoticrental.com.infinitibizsol.com:443 20.171.207.71 - - [11/Jun/2025:11:29:57 +0000] "GET /145vpua41538.html HTTP/1.1" 404 32358 "-" "Mozilla/5.0 AppleWebKit/537.36 (KHTML, like Gecko; compatible; GPTBot/1.2; +https://openai.com/gptbot)"
superexoticrental.com.infinitibizsol.com:443 162.0.223.40 - - [11/Jun/2025:11:30:57 +0000] "POST /wp-cron.php?doing_wp_cron=1749641456.0192160606384277343750 HTTP/1.1" 499 0 "-" "WordPress/6.8.1; https://superexoticrental.com"
superexoticrental.com.infinitibizsol.com:443 20.171.207.71 - - [11/Jun/2025:11:31:00 +0000] "GET /293riul38374.html HTTP/1.1" 404 32358 "-" "Mozilla/5.0 AppleWebKit/537.36 (KHTML, like Gecko; compatible; GPTBot/1.2; +https://openai.com/gptbot)"
superexoticrental.com.infinitibizsol.com:443 198.204.226.18 - - [11/Jun/2025:11:31:24 +0000] "GET /wp-content/install.php HTTP/1.1" 499 0 "https://superexoticrental.com/wp-content/install.php" "Mozilla/5.0 (Windows NT 10.0; Win64; x64) AppleWebKit/537.36 (KHTML, like Gecko) Chrome/58.0.3029.110 Safari/537.3"
superexoticrental.com.infinitibizsol.com:443 173.208.204.66 - - [11/Jun/2025:11:31:31 +0000] "GET /wp-content/install.php HTTP/1.1" 200 16 "https://superexoticrental.com/wp-content/install.php" "Mozilla/5.0 (Windows NT 10.0; Win64; x64) AppleWebKit/537.36 (KHTML, like Gecko) Chrome/58.0.3029.110 Safari/537.3"
superexoticrental.com.infinitibizsol.com:443 162.0.223.40 - - [11/Jun/2025:11:32:01 +0000] "POST /wp-cron.php?doing_wp_cron=1749641520.6787118911743164062500 HTTP/1.1" 499 0 "-" "WordPress/6.8.1; https://superexoticrental.com"
