superexoticrental.com.infinitibizsol.com:443 173.208.204.66 - - [10/Jun/2025:16:46:33 +0000] "GET /wp-content/install.php HTTP/1.1" 499 0 "https://superexoticrental.com/wp-content/install.php" "Mozilla/5.0 (Windows NT 10.0; Win64; x64) AppleWebKit/537.36 (KHTML, like Gecko) Chrome/58.0.3029.110 Safari/537.3"
superexoticrental.com.infinitibizsol.com:443 173.208.204.66 - - [10/Jun/2025:16:46:34 +0000] "GET /wp-content/install.php HTTP/1.1" 200 6 "https://superexoticrental.com/wp-content/install.php" "Mozilla/5.0 (Windows NT 10.0; Win64; x64) AppleWebKit/537.36 (KHTML, like Gecko) Chrome/58.0.3029.110 Safari/537.3"
superexoticrental.com.infinitibizsol.com:443 162.0.223.40 - - [10/Jun/2025:16:46:35 +0000] "POST /wp-cron.php?doing_wp_cron=1749573994.6957130432128906250000 HTTP/1.1" 499 0 "-" "WordPress/6.8.1; https://superexoticrental.com"
superexoticrental.com.infinitibizsol.com:443 57.141.4.24 - - [10/Jun/2025:16:48:19 +0000] "GET /search.php?sitemap706.xml HTTP/1.1" 200 23 "-" "meta-externalagent/1.1 (+https://developers.facebook.com/docs/sharing/webmasters/crawler)"
superexoticrental.com.infinitibizsol.com:443 162.0.223.40 - - [10/Jun/2025:16:52:46 +0000] "POST /wp-cron.php?doing_wp_cron=1749574365.8703820705413818359375 HTTP/1.1" 499 0 "-" "WordPress/6.8.1; https://superexoticrental.com"
superexoticrental.com.infinitibizsol.com:443 51.222.253.17 - - [10/Jun/2025:16:52:48 +0000] "GET /c/695414134.shtm HTTP/1.1" 404 57766 "-" "Mozilla/5.0 (compatible; AhrefsBot/7.0; +http://ahrefs.com/robot/)"
superexoticrental.com.infinitibizsol.com:443 198.204.226.18 - - [10/Jun/2025:16:53:10 +0000] "GET /wp-content/install.php HTTP/1.1" 499 0 "https://superexoticrental.com/wp-content/install.php" "Mozilla/5.0 (Windows NT 10.0; Win64; x64) AppleWebKit/537.36 (KHTML, like Gecko) Chrome/58.0.3029.110 Safari/537.3"
superexoticrental.com.infinitibizsol.com:443 14.102.232.221 - - [10/Jun/2025:16:53:30 +0000] "GET /contact-us/ HTTP/1.1" 200 71927 "-" "Mozilla/5.0 (Windows NT 10.0) AppleWebKit/537.36 (KHTML, like Gecko) Chrome/114.0.0.0 Safari/537.36"
superexoticrental.com.infinitibizsol.com:443 162.0.223.40 - - [10/Jun/2025:16:54:04 +0000] "POST /wp-cron.php?doing_wp_cron=1749574443.1120529174804687500000 HTTP/1.1" 499 0 "-" "WordPress/6.8.1; https://superexoticrental.com"
superexoticrental.com.infinitibizsol.com:443 14.102.232.221 - - [10/Jun/2025:16:54:08 +0000] "POST /contact-us/ HTTP/1.1" 200 67328 "https://superexoticrental.com/contact-us/" "Mozilla/5.0 (Windows NT 10.0) AppleWebKit/537.36 (KHTML, like Gecko) Chrome/114.0.0.0 Safari/537.36"
superexoticrental.com.infinitibizsol.com:443 198.204.226.18 - - [10/Jun/2025:16:54:19 +0000] "GET /wp-content/install.php HTTP/1.1" 200 16 "https://superexoticrental.com/wp-content/install.php" "Mozilla/5.0 (Windows NT 10.0; Win64; x64) AppleWebKit/537.36 (KHTML, like Gecko) Chrome/58.0.3029.110 Safari/537.3"
superexoticrental.com.infinitibizsol.com:443 173.208.204.66 - - [10/Jun/2025:16:54:36 +0000] "GET /wp-content/install.php HTTP/1.1" 499 0 "https://superexoticrental.com/wp-content/install.php" "Mozilla/5.0 (Windows NT 10.0; Win64; x64) AppleWebKit/537.36 (KHTML, like Gecko) Chrome/58.0.3029.110 Safari/537.3"
superexoticrental.com.infinitibizsol.com:443 173.208.204.66 - - [10/Jun/2025:16:54:36 +0000] "GET /wp-content/install.php HTTP/1.1" 200 16 "https://superexoticrental.com/wp-content/install.php" "Mozilla/5.0 (Windows NT 10.0; Win64; x64) AppleWebKit/537.36 (KHTML, like Gecko) Chrome/58.0.3029.110 Safari/537.3"
superexoticrental.com.infinitibizsol.com:443 198.204.226.18 - - [10/Jun/2025:16:55:45 +0000] "GET /wp-content/install.php HTTP/1.1" 200 16 "https://superexoticrental.com/wp-content/install.php" "Mozilla/5.0 (Windows NT 10.0; Win64; x64) AppleWebKit/537.36 (KHTML, like Gecko) Chrome/58.0.3029.110 Safari/537.3"
superexoticrental.com.infinitibizsol.com:443 49.51.252.146 - - [10/Jun/2025:16:56:52 +0000] "GET /ford-expedition-xl-2/ HTTP/1.1" 499 0 "-" "Mozilla/5.0 (iPhone; CPU iPhone OS 13_2_3 like Mac OS X) AppleWebKit/605.1.15 (KHTML, like Gecko) Version/13.0.3 Mobile/15E148 Safari/604.1"
superexoticrental.com.infinitibizsol.com:443 162.0.223.40 - - [10/Jun/2025:16:56:57 +0000] "POST /wp-cron.php?doing_wp_cron=1749574616.3071210384368896484375 HTTP/1.1" 499 0 "-" "WordPress/6.8.1; https://superexoticrental.com"
superexoticrental.com.infinitibizsol.com:443 198.204.226.18 - - [10/Jun/2025:16:59:58 +0000] "GET /wp-content/install.php HTTP/1.1" 499 0 "https://superexoticrental.com/wp-content/install.php" "Mozilla/5.0 (Windows NT 10.0; Win64; x64) AppleWebKit/537.36 (KHTML, like Gecko) Chrome/58.0.3029.110 Safari/537.3"
superexoticrental.com.infinitibizsol.com:443 173.208.153.154 - - [10/Jun/2025:17:01:02 +0000] "GET /wp-content/install.php HTTP/1.1" 200 16 "https://superexoticrental.com/wp-content/install.php" "Mozilla/5.0 (Macintosh; U; Intel Mac OS X 10_5_5; ja-jp) AppleWebKit/525.26.2 (KHTML, like Gecko) Version/3.2 Safari/525.26.12"
superexoticrental.com.infinitibizsol.com:443 108.181.202.211 - - [10/Jun/2025:17:01:14 +0000] "GET /wp-content/install.php HTTP/1.1" 200 16 "https://superexoticrental.com/wp-content/install.php" "Mozilla/5.0 (Macintosh; Intel Mac OS X 10.7; rv:9.0.1) Gecko/20100101 Firefox/9.0.1"
superexoticrental.com.infinitibizsol.com:443 198.204.226.18 - - [10/Jun/2025:17:01:14 +0000] "GET /wp-content/install.php HTTP/1.1" 200 16 "https://superexoticrental.com/wp-content/install.php" "Mozilla/5.0 (Windows NT 10.0; Win64; x64) AppleWebKit/537.36 (KHTML, like Gecko) Chrome/58.0.3029.110 Safari/537.3"
superexoticrental.com.infinitibizsol.com:443 198.204.226.18 - - [10/Jun/2025:17:02:30 +0000] "GET /wp-content/install.php HTTP/1.1" 499 0 "https://superexoticrental.com/wp-content/install.php" "Mozilla/5.0 (Windows NT 10.0; Win64; x64) AppleWebKit/537.36 (KHTML, like Gecko) Chrome/58.0.3029.110 Safari/537.3"
superexoticrental.com.infinitibizsol.com:443 198.204.226.18 - - [10/Jun/2025:17:03:25 +0000] "GET /wp-content/install.php HTTP/1.1" 200 16 "https://superexoticrental.com/wp-content/install.php" "Mozilla/5.0 (Windows NT 10.0; Win64; x64) AppleWebKit/537.36 (KHTML, like Gecko) Chrome/58.0.3029.110 Safari/537.3"
superexoticrental.com.infinitibizsol.com:443 198.204.224.34 - - [10/Jun/2025:17:03:31 +0000] "GET /wp-content/install.php HTTP/1.1" 200 16 "https://superexoticrental.com/wp-content/install.php" "Mozilla/5.0 (Windows NT 10.0; Win64; x64) AppleWebKit/537.36 (KHTML, like Gecko) Chrome/58.0.3029.110 Safari/537.3"
superexoticrental.com.infinitibizsol.com:443 198.204.226.18 - - [10/Jun/2025:17:06:20 +0000] "GET /wp-content/install.php HTTP/1.1" 499 0 "https://superexoticrental.com/wp-content/install.php" "Mozilla/5.0 (Windows NT 10.0; Win64; x64) AppleWebKit/537.36 (KHTML, like Gecko) Chrome/58.0.3029.110 Safari/537.3"
superexoticrental.com.infinitibizsol.com:443 198.204.226.18 - - [10/Jun/2025:17:09:41 +0000] "GET /wp-content/install.php HTTP/1.1" 499 0 "https://superexoticrental.com/wp-content/install.php" "Mozilla/5.0 (Windows NT 10.0; Win64; x64) AppleWebKit/537.36 (KHTML, like Gecko) Chrome/58.0.3029.110 Safari/537.3"
superexoticrental.com.infinitibizsol.com:443 198.204.226.18 - - [10/Jun/2025:17:09:50 +0000] "GET /wp-content/install.php HTTP/1.1" 200 16 "https://superexoticrental.com/wp-content/install.php" "Mozilla/5.0 (Windows NT 10.0; Win64; x64) AppleWebKit/537.36 (KHTML, like Gecko) Chrome/58.0.3029.110 Safari/537.3"
superexoticrental.com.infinitibizsol.com:443 198.204.226.18 - - [10/Jun/2025:17:09:55 +0000] "GET /wp-content/install.php HTTP/1.1" 200 16 "https://superexoticrental.com/wp-content/install.php" "Mozilla/5.0 (Windows NT 10.0; Win64; x64) AppleWebKit/537.36 (KHTML, like Gecko) Chrome/58.0.3029.110 Safari/537.3"
superexoticrental.com.infinitibizsol.com:443 198.204.226.18 - - [10/Jun/2025:17:10:15 +0000] "GET /wp-content/install.php HTTP/1.1" 200 16 "https://superexoticrental.com/wp-content/install.php" "Mozilla/5.0 (Windows NT 10.0; Win64; x64) AppleWebKit/537.36 (KHTML, like Gecko) Chrome/58.0.3029.110 Safari/537.3"
superexoticrental.com.infinitibizsol.com:443 198.204.224.34 - - [10/Jun/2025:17:11:20 +0000] "GET /wp-content/install.php HTTP/1.1" 499 0 "https://superexoticrental.com/wp-content/install.php" "Mozilla/5.0 (Windows NT 10.0; Win64; x64) AppleWebKit/537.36 (KHTML, like Gecko) Chrome/58.0.3029.110 Safari/537.3"
superexoticrental.com.infinitibizsol.com:443 198.204.224.34 - - [10/Jun/2025:17:11:21 +0000] "GET /wp-content/install.php HTTP/1.1" 200 16 "https://superexoticrental.com/wp-content/install.php" "Mozilla/5.0 (Windows NT 10.0; Win64; x64) AppleWebKit/537.36 (KHTML, like Gecko) Chrome/58.0.3029.110 Safari/537.3"
superexoticrental.com.infinitibizsol.com:443 198.204.226.18 - - [10/Jun/2025:17:15:13 +0000] "GET /wp-content/install.php HTTP/1.1" 499 0 "https://superexoticrental.com/wp-content/install.php" "Mozilla/5.0 (Windows NT 10.0; Win64; x64) AppleWebKit/537.36 (KHTML, like Gecko) Chrome/58.0.3029.110 Safari/537.3"
superexoticrental.com.infinitibizsol.com:443 162.0.223.40 - - [10/Jun/2025:17:15:19 +0000] "POST /wp-cron.php?doing_wp_cron=1749575718.2934980392456054687500 HTTP/1.1" 499 0 "-" "WordPress/6.8.1; https://superexoticrental.com"
superexoticrental.com.infinitibizsol.com:443 51.222.253.3 - - [10/Jun/2025:17:15:21 +0000] "GET /c/716647644.shtm HTTP/1.1" 404 58147 "-" "Mozilla/5.0 (compatible; AhrefsBot/7.0; +http://ahrefs.com/robot/)"
superexoticrental.com.infinitibizsol.com:443 198.204.226.18 - - [10/Jun/2025:17:16:31 +0000] "GET /wp-content/install.php HTTP/1.1" 200 16 "https://superexoticrental.com/wp-content/install.php" "Mozilla/5.0 (Windows NT 10.0; Win64; x64) AppleWebKit/537.36 (KHTML, like Gecko) Chrome/58.0.3029.110 Safari/537.3"
superexoticrental.com.infinitibizsol.com:443 198.204.226.18 - - [10/Jun/2025:17:17:37 +0000] "GET /wp-content/install.php HTTP/1.1" 499 0 "https://superexoticrental.com/wp-content/install.php" "Mozilla/5.0 (Windows NT 10.0; Win64; x64) AppleWebKit/537.36 (KHTML, like Gecko) Chrome/58.0.3029.110 Safari/537.3"
superexoticrental.com.infinitibizsol.com:443 198.204.226.18 - - [10/Jun/2025:17:18:37 +0000] "GET /wp-content/install.php HTTP/1.1" 200 16 "https://superexoticrental.com/wp-content/install.php" "Mozilla/5.0 (Windows NT 10.0; Win64; x64) AppleWebKit/537.36 (KHTML, like Gecko) Chrome/58.0.3029.110 Safari/537.3"
superexoticrental.com.infinitibizsol.com:443 198.204.224.34 - - [10/Jun/2025:17:19:33 +0000] "GET /wp-content/install.php HTTP/1.1" 499 0 "https://superexoticrental.com/wp-content/install.php" "Mozilla/5.0 (Windows NT 10.0; Win64; x64) AppleWebKit/537.36 (KHTML, like Gecko) Chrome/58.0.3029.110 Safari/537.3"
superexoticrental.com.infinitibizsol.com:443 198.204.224.34 - - [10/Jun/2025:17:19:34 +0000] "GET /wp-content/install.php HTTP/1.1" 200 16 "https://superexoticrental.com/wp-content/install.php" "Mozilla/5.0 (Windows NT 10.0; Win64; x64) AppleWebKit/537.36 (KHTML, like Gecko) Chrome/58.0.3029.110 Safari/537.3"
superexoticrental.com.infinitibizsol.com:443 198.204.226.18 - - [10/Jun/2025:17:19:34 +0000] "GET /wp-content/install.php HTTP/1.1" 200 16 "https://superexoticrental.com/wp-content/install.php" "Mozilla/5.0 (Windows NT 10.0; Win64; x64) AppleWebKit/537.36 (KHTML, like Gecko) Chrome/58.0.3029.110 Safari/537.3"
superexoticrental.com.infinitibizsol.com:443 198.204.226.18 - - [10/Jun/2025:17:21:12 +0000] "GET /wp-content/install.php HTTP/1.1" 499 0 "https://superexoticrental.com/wp-content/install.php" "Mozilla/5.0 (Windows NT 10.0; Win64; x64) AppleWebKit/537.36 (KHTML, like Gecko) Chrome/58.0.3029.110 Safari/537.3"
superexoticrental.com.infinitibizsol.com:443 198.204.226.18 - - [10/Jun/2025:17:21:42 +0000] "GET /wp-content/install.php HTTP/1.1" 200 16 "https://superexoticrental.com/wp-content/install.php" "Mozilla/5.0 (Windows NT 10.0; Win64; x64) AppleWebKit/537.36 (KHTML, like Gecko) Chrome/58.0.3029.110 Safari/537.3"
superexoticrental.com.infinitibizsol.com:443 198.204.226.18 - - [10/Jun/2025:17:23:23 +0000] "GET /wp-content/install.php HTTP/1.1" 499 0 "https://superexoticrental.com/wp-content/install.php" "Mozilla/5.0 (Windows NT 10.0; Win64; x64) AppleWebKit/537.36 (KHTML, like Gecko) Chrome/58.0.3029.110 Safari/537.3"
superexoticrental.com.infinitibizsol.com:443 198.204.226.18 - - [10/Jun/2025:17:23:29 +0000] "GET /wp-content/install.php HTTP/1.1" 200 16 "https://superexoticrental.com/wp-content/install.php" "Mozilla/5.0 (Windows NT 10.0; Win64; x64) AppleWebKit/537.36 (KHTML, like Gecko) Chrome/58.0.3029.110 Safari/537.3"
superexoticrental.com.infinitibizsol.com:443 198.204.226.18 - - [10/Jun/2025:17:24:35 +0000] "GET /wp-content/install.php HTTP/1.1" 200 16 "https://superexoticrental.com/wp-content/install.php" "Mozilla/5.0 (Windows NT 10.0; Win64; x64) AppleWebKit/537.36 (KHTML, like Gecko) Chrome/58.0.3029.110 Safari/537.3"
superexoticrental.com.infinitibizsol.com:443 162.0.223.40 - - [10/Jun/2025:17:25:13 +0000] "POST /wp-cron.php?doing_wp_cron=1749576312.6949090957641601562500 HTTP/1.1" 499 0 "-" "WordPress/6.8.1; https://superexoticrental.com"
superexoticrental.com.infinitibizsol.com:443 20.171.207.177 - - [10/Jun/2025:17:25:15 +0000] "GET /115eolxd43690.html HTTP/1.1" 499 0 "-" "Mozilla/5.0 AppleWebKit/537.36 (KHTML, like Gecko; compatible; GPTBot/1.2; +https://openai.com/gptbot)"
superexoticrental.com.infinitibizsol.com:443 20.171.207.177 - - [10/Jun/2025:17:25:23 +0000] "GET /298hjzag33155.html HTTP/1.1" 404 32358 "-" "Mozilla/5.0 AppleWebKit/537.36 (KHTML, like Gecko; compatible; GPTBot/1.2; +https://openai.com/gptbot)"
superexoticrental.com.infinitibizsol.com:443 20.171.207.177 - - [10/Jun/2025:17:26:17 +0000] "GET /190hrhvq43157.html HTTP/1.1" 499 0 "-" "Mozilla/5.0 AppleWebKit/537.36 (KHTML, like Gecko; compatible; GPTBot/1.2; +https://openai.com/gptbot)"
superexoticrental.com.infinitibizsol.com:443 198.204.226.18 - - [10/Jun/2025:17:26:21 +0000] "GET /wp-content/install.php HTTP/1.1" 499 0 "https://superexoticrental.com/wp-content/install.php" "Mozilla/5.0 (Windows NT 10.0; Win64; x64) AppleWebKit/537.36 (KHTML, like Gecko) Chrome/58.0.3029.110 Safari/537.3"
superexoticrental.com.infinitibizsol.com:443 198.204.226.18 - - [10/Jun/2025:17:26:22 +0000] "GET /wp-content/install.php HTTP/1.1" 200 16 "https://superexoticrental.com/wp-content/install.php" "Mozilla/5.0 (Windows NT 10.0; Win64; x64) AppleWebKit/537.36 (KHTML, like Gecko) Chrome/58.0.3029.110 Safari/537.3"
superexoticrental.com.infinitibizsol.com:443 162.0.223.40 - - [10/Jun/2025:17:26:24 +0000] "POST /wp-cron.php?doing_wp_cron=1749576383.2859818935394287109375 HTTP/1.1" 499 0 "-" "WordPress/6.8.1; https://superexoticrental.com"
superexoticrental.com.infinitibizsol.com:443 20.171.207.177 - - [10/Jun/2025:17:26:27 +0000] "GET /135tdqxn25054.html HTTP/1.1" 404 48742 "-" "Mozilla/5.0 AppleWebKit/537.36 (KHTML, like Gecko; compatible; GPTBot/1.2; +https://openai.com/gptbot)"
superexoticrental.com.infinitibizsol.com:443 162.0.223.40 - - [10/Jun/2025:17:26:37 +0000] "POST /wp-cron.php?doing_wp_cron=1749576396.5414481163024902343750 HTTP/1.1" 499 0 "-" "WordPress/6.8.1; https://superexoticrental.com"
superexoticrental.com.infinitibizsol.com:443 198.204.226.18 - - [10/Jun/2025:17:26:41 +0000] "GET /wp-content/install.php HTTP/1.1" 200 16 "https://superexoticrental.com/wp-content/install.php" "Mozilla/5.0 (Windows NT 10.0; Win64; x64) AppleWebKit/537.36 (KHTML, like Gecko) Chrome/58.0.3029.110 Safari/537.3"
superexoticrental.com.infinitibizsol.com:443 57.141.4.10 - - [10/Jun/2025:17:27:02 +0000] "GET /sitemap-hot-2992254.xml HTTP/1.1" 200 23 "-" "meta-externalagent/1.1 (+https://developers.facebook.com/docs/sharing/webmasters/crawler)"
superexoticrental.com.infinitibizsol.com:443 198.204.226.18 - - [10/Jun/2025:17:27:05 +0000] "GET /wp-content/install.php HTTP/1.1" 200 16 "https://superexoticrental.com/wp-content/install.php" "Mozilla/5.0 (Windows NT 10.0; Win64; x64) AppleWebKit/537.36 (KHTML, like Gecko) Chrome/58.0.3029.110 Safari/537.3"
superexoticrental.com.infinitibizsol.com:443 198.204.224.34 - - [10/Jun/2025:17:27:23 +0000] "GET /wp-content/install.php HTTP/1.1" 200 16 "https://superexoticrental.com/wp-content/install.php" "Mozilla/5.0 (Windows NT 10.0; Win64; x64) AppleWebKit/537.36 (KHTML, like Gecko) Chrome/58.0.3029.110 Safari/537.3"
superexoticrental.com.infinitibizsol.com:443 20.171.207.177 - - [10/Jun/2025:17:27:55 +0000] "GET /229aiwvg44896.html HTTP/1.1" 499 0 "-" "Mozilla/5.0 AppleWebKit/537.36 (KHTML, like Gecko; compatible; GPTBot/1.2; +https://openai.com/gptbot)"
superexoticrental.com.infinitibizsol.com:443 162.0.223.40 - - [10/Jun/2025:17:28:08 +0000] "POST /wp-cron.php?doing_wp_cron=1749576487.2124330997467041015625 HTTP/1.1" 499 0 "-" "WordPress/6.8.1; https://superexoticrental.com"
superexoticrental.com.infinitibizsol.com:443 57.141.4.8 - - [10/Jun/2025:17:28:46 +0000] "GET /?sitemap622.xml HTTP/1.1" 200 23 "-" "meta-externalagent/1.1 (+https://developers.facebook.com/docs/sharing/webmasters/crawler)"
superexoticrental.com.infinitibizsol.com:443 198.204.226.18 - - [10/Jun/2025:17:28:47 +0000] "GET /wp-content/install.php HTTP/1.1" 499 0 "https://superexoticrental.com/wp-content/install.php" "Mozilla/5.0 (Windows NT 10.0; Win64; x64) AppleWebKit/537.36 (KHTML, like Gecko) Chrome/58.0.3029.110 Safari/537.3"
superexoticrental.com.infinitibizsol.com:443 198.204.226.18 - - [10/Jun/2025:17:29:16 +0000] "GET /wp-content/install.php HTTP/1.1" 200 16 "https://superexoticrental.com/wp-content/install.php" "Mozilla/5.0 (Windows NT 10.0; Win64; x64) AppleWebKit/537.36 (KHTML, like Gecko) Chrome/58.0.3029.110 Safari/537.3"
superexoticrental.com.infinitibizsol.com:443 198.204.226.18 - - [10/Jun/2025:17:29:28 +0000] "GET /wp-content/install.php HTTP/1.1" 200 16 "https://superexoticrental.com/wp-content/install.php" "Mozilla/5.0 (Windows NT 10.0; Win64; x64) AppleWebKit/537.36 (KHTML, like Gecko) Chrome/58.0.3029.110 Safari/537.3"
superexoticrental.com.infinitibizsol.com:443 20.171.207.177 - - [10/Jun/2025:17:30:29 +0000] "GET /124bkyfp23395.html HTTP/1.1" 499 0 "-" "Mozilla/5.0 AppleWebKit/537.36 (KHTML, like Gecko; compatible; GPTBot/1.2; +https://openai.com/gptbot)"
superexoticrental.com.infinitibizsol.com:443 162.0.223.40 - - [10/Jun/2025:17:30:38 +0000] "POST /wp-cron.php?doing_wp_cron=1749576635.9361720085144042968750 HTTP/1.1" 499 0 "-" "WordPress/6.8.1; https://superexoticrental.com"
superexoticrental.com.infinitibizsol.com:443 20.171.207.177 - - [10/Jun/2025:17:30:40 +0000] "GET /109gnjhu27916.html HTTP/1.1" 404 32358 "-" "Mozilla/5.0 AppleWebKit/537.36 (KHTML, like Gecko; compatible; GPTBot/1.2; +https://openai.com/gptbot)"
superexoticrental.com.infinitibizsol.com:443 198.204.226.18 - - [10/Jun/2025:17:31:24 +0000] "GET /wp-content/install.php HTTP/1.1" 499 0 "https://superexoticrental.com/wp-content/install.php" "Mozilla/5.0 (Windows NT 10.0; Win64; x64) AppleWebKit/537.36 (KHTML, like Gecko) Chrome/58.0.3029.110 Safari/537.3"
superexoticrental.com.infinitibizsol.com:443 198.204.226.18 - - [10/Jun/2025:17:31:28 +0000] "GET /wp-content/install.php HTTP/1.1" 200 16 "https://superexoticrental.com/wp-content/install.php" "Mozilla/5.0 (Windows NT 10.0; Win64; x64) AppleWebKit/537.36 (KHTML, like Gecko) Chrome/58.0.3029.110 Safari/537.3"
superexoticrental.com.infinitibizsol.com:443 162.0.223.40 - - [10/Jun/2025:17:31:57 +0000] "POST /wp-cron.php?doing_wp_cron=1749576716.3861451148986816406250 HTTP/1.1" 499 0 "-" "WordPress/6.8.1; https://superexoticrental.com"
superexoticrental.com.infinitibizsol.com:443 20.171.207.177 - - [10/Jun/2025:17:32:00 +0000] "GET /212oeuuv39695.html HTTP/1.1" 404 32358 "-" "Mozilla/5.0 AppleWebKit/537.36 (KHTML, like Gecko; compatible; GPTBot/1.2; +https://openai.com/gptbot)"
superexoticrental.com.infinitibizsol.com:443 57.141.4.15 - - [10/Jun/2025:17:32:14 +0000] "GET /sitemap-hot-2970254.xml HTTP/1.1" 200 23 "-" "meta-externalagent/1.1 (+https://developers.facebook.com/docs/sharing/webmasters/crawler)"
superexoticrental.com.infinitibizsol.com:443 198.204.226.18 - - [10/Jun/2025:17:32:21 +0000] "GET /wp-content/install.php HTTP/1.1" 200 16 "https://superexoticrental.com/wp-content/install.php" "Mozilla/5.0 (Windows NT 10.0; Win64; x64) AppleWebKit/537.36 (KHTML, like Gecko) Chrome/58.0.3029.110 Safari/537.3"
superexoticrental.com.infinitibizsol.com:443 20.171.207.177 - - [10/Jun/2025:17:33:08 +0000] "GET /163gdgyx22972.html HTTP/1.1" 499 0 "-" "Mozilla/5.0 AppleWebKit/537.36 (KHTML, like Gecko; compatible; GPTBot/1.2; +https://openai.com/gptbot)"
superexoticrental.com.infinitibizsol.com:443 162.0.223.40 - - [10/Jun/2025:17:33:10 +0000] "POST /wp-cron.php?doing_wp_cron=1749576789.7962028980255126953125 HTTP/1.1" 499 0 "-" "WordPress/6.8.1; https://superexoticrental.com"
superexoticrental.com.infinitibizsol.com:443 20.171.207.177 - - [10/Jun/2025:17:34:14 +0000] "GET /236uxzyj15581.html HTTP/1.1" 499 0 "-" "Mozilla/5.0 AppleWebKit/537.36 (KHTML, like Gecko; compatible; GPTBot/1.2; +https://openai.com/gptbot)"
superexoticrental.com.infinitibizsol.com:443 162.0.223.40 - - [10/Jun/2025:17:34:19 +0000] "POST /wp-cron.php?doing_wp_cron=1749576858.7410008907318115234375 HTTP/1.1" 499 0 "-" "WordPress/6.8.1; https://superexoticrental.com"
superexoticrental.com.infinitibizsol.com:443 173.208.204.66 - - [10/Jun/2025:17:34:46 +0000] "GET /wp-content/install.php HTTP/1.1" 499 0 "https://superexoticrental.com/wp-content/install.php" "Mozilla/5.0 (Windows NT 10.0; Win64; x64) AppleWebKit/537.36 (KHTML, like Gecko) Chrome/58.0.3029.110 Safari/537.3"
superexoticrental.com.infinitibizsol.com:443 173.208.204.66 - - [10/Jun/2025:17:34:47 +0000] "GET /wp-content/install.php HTTP/1.1" 200 16 "https://superexoticrental.com/wp-content/install.php" "Mozilla/5.0 (Windows NT 10.0; Win64; x64) AppleWebKit/537.36 (KHTML, like Gecko) Chrome/58.0.3029.110 Safari/537.3"
superexoticrental.com.infinitibizsol.com:443 20.171.207.177 - - [10/Jun/2025:17:35:16 +0000] "GET /287nlqbf12350.html HTTP/1.1" 499 0 "-" "Mozilla/5.0 AppleWebKit/537.36 (KHTML, like Gecko; compatible; GPTBot/1.2; +https://openai.com/gptbot)"
superexoticrental.com.infinitibizsol.com:443 198.204.226.18 - - [10/Jun/2025:17:36:15 +0000] "GET /wp-content/install.php HTTP/1.1" 499 0 "https://superexoticrental.com/wp-content/install.php" "Mozilla/5.0 (Windows NT 10.0; Win64; x64) AppleWebKit/537.36 (KHTML, like Gecko) Chrome/58.0.3029.110 Safari/537.3"
superexoticrental.com.infinitibizsol.com:443 20.171.207.177 - - [10/Jun/2025:17:36:22 +0000] "GET /151psxxs30256.html HTTP/1.1" 499 0 "-" "Mozilla/5.0 AppleWebKit/537.36 (KHTML, like Gecko; compatible; GPTBot/1.2; +https://openai.com/gptbot)"
superexoticrental.com.infinitibizsol.com:443 162.0.223.40 - - [10/Jun/2025:17:36:42 +0000] "POST /wp-cron.php?doing_wp_cron=1749577001.0294759273529052734375 HTTP/1.1" 499 0 "-" "WordPress/6.8.1; https://superexoticrental.com"
superexoticrental.com.infinitibizsol.com:443 20.171.207.177 - - [10/Jun/2025:17:37:24 +0000] "GET /291ufjel49570.html HTTP/1.1" 499 0 "-" "Mozilla/5.0 AppleWebKit/537.36 (KHTML, like Gecko; compatible; GPTBot/1.2; +https://openai.com/gptbot)"
superexoticrental.com.infinitibizsol.com:443 198.204.226.18 - - [10/Jun/2025:17:38:15 +0000] "GET /wp-content/install.php HTTP/1.1" 499 0 "https://superexoticrental.com/wp-content/install.php" "Mozilla/5.0 (Windows NT 10.0; Win64; x64) AppleWebKit/537.36 (KHTML, like Gecko) Chrome/58.0.3029.110 Safari/537.3"
superexoticrental.com.infinitibizsol.com:443 20.171.207.177 - - [10/Jun/2025:17:38:27 +0000] "GET /186ixatv21613.html HTTP/1.1" 499 0 "-" "Mozilla/5.0 AppleWebKit/537.36 (KHTML, like Gecko; compatible; GPTBot/1.2; +https://openai.com/gptbot)"
superexoticrental.com.infinitibizsol.com:443 162.0.223.40 - - [10/Jun/2025:17:38:47 +0000] "POST /wp-cron.php?doing_wp_cron=1749577126.5167629718780517578125 HTTP/1.1" 499 0 "-" "WordPress/6.8.1; https://superexoticrental.com"
superexoticrental.com.infinitibizsol.com:443 198.204.226.18 - - [10/Jun/2025:17:39:04 +0000] "GET /wp-content/install.php HTTP/1.1" 200 16 "https://superexoticrental.com/wp-content/install.php" "Mozilla/5.0 (Windows NT 10.0; Win64; x64) AppleWebKit/537.36 (KHTML, like Gecko) Chrome/58.0.3029.110 Safari/537.3"
superexoticrental.com.infinitibizsol.com:80 119.96.24.54 - - [10/Jun/2025:17:39:17 +0000] "GET / HTTP/1.1" 301 5 "-" "Mozilla/5.0 (iPhone; CPU iPhone OS 13_2_3 like Mac OS X) AppleWebKit/605.1.15 (KHTML, like Gecko) Version/13.0.3 Mobile/15E148 Safari/604.1"
superexoticrental.com.infinitibizsol.com:443 20.171.207.177 - - [10/Jun/2025:17:39:30 +0000] "GET /102dkguk15299.html HTTP/1.1" 499 0 "-" "Mozilla/5.0 AppleWebKit/537.36 (KHTML, like Gecko; compatible; GPTBot/1.2; +https://openai.com/gptbot)"
superexoticrental.com.infinitibizsol.com:443 20.171.207.177 - - [10/Jun/2025:17:40:32 +0000] "GET /134lnupq37285.html HTTP/1.1" 499 0 "-" "Mozilla/5.0 AppleWebKit/537.36 (KHTML, like Gecko; compatible; GPTBot/1.2; +https://openai.com/gptbot)"
superexoticrental.com.infinitibizsol.com:443 162.0.223.40 - - [10/Jun/2025:17:40:39 +0000] "POST /wp-cron.php?doing_wp_cron=1749577238.7852890491485595703125 HTTP/1.1" 499 0 "-" "WordPress/6.8.1; https://superexoticrental.com"
superexoticrental.com.infinitibizsol.com:443 20.171.207.177 - - [10/Jun/2025:17:41:37 +0000] "GET /160ckyud25903.html HTTP/1.1" 499 0 "-" "Mozilla/5.0 AppleWebKit/537.36 (KHTML, like Gecko; compatible; GPTBot/1.2; +https://openai.com/gptbot)"
superexoticrental.com.infinitibizsol.com:443 51.222.253.9 - - [10/Jun/2025:17:41:38 +0000] "GET /c/923909248.shtm HTTP/1.1" 404 57766 "-" "Mozilla/5.0 (compatible; AhrefsBot/7.0; +http://ahrefs.com/robot/)"
superexoticrental.com.infinitibizsol.com:443 162.0.223.40 - - [10/Jun/2025:17:41:49 +0000] "POST /wp-cron.php?doing_wp_cron=1749577308.2905650138854980468750 HTTP/1.1" 499 0 "-" "WordPress/6.8.1; https://superexoticrental.com"
superexoticrental.com.infinitibizsol.com:443 173.208.204.66 - - [10/Jun/2025:17:42:32 +0000] "GET /wp-content/install.php HTTP/1.1" 499 0 "https://superexoticrental.com/wp-content/install.php" "Mozilla/5.0 (Windows NT 10.0; Win64; x64) AppleWebKit/537.36 (KHTML, like Gecko) Chrome/58.0.3029.110 Safari/537.3"
superexoticrental.com.infinitibizsol.com:443 173.208.204.66 - - [10/Jun/2025:17:42:32 +0000] "GET /wp-content/install.php HTTP/1.1" 200 16 "https://superexoticrental.com/wp-content/install.php" "Mozilla/5.0 (Windows NT 10.0; Win64; x64) AppleWebKit/537.36 (KHTML, like Gecko) Chrome/58.0.3029.110 Safari/537.3"
superexoticrental.com.infinitibizsol.com:443 20.171.207.177 - - [10/Jun/2025:17:42:40 +0000] "GET /216gqcwe37043.html HTTP/1.1" 499 0 "-" "Mozilla/5.0 AppleWebKit/537.36 (KHTML, like Gecko; compatible; GPTBot/1.2; +https://openai.com/gptbot)"
superexoticrental.com.infinitibizsol.com:443 162.0.223.40 - - [10/Jun/2025:17:42:58 +0000] "POST /wp-cron.php?doing_wp_cron=1749577377.4945440292358398437500 HTTP/1.1" 499 0 "-" "WordPress/6.8.1; https://superexoticrental.com"
superexoticrental.com.infinitibizsol.com:443 20.171.207.177 - - [10/Jun/2025:17:43:43 +0000] "GET /172ufzhv15543.html HTTP/1.1" 499 0 "-" "Mozilla/5.0 AppleWebKit/537.36 (KHTML, like Gecko; compatible; GPTBot/1.2; +https://openai.com/gptbot)"
superexoticrental.com.infinitibizsol.com:443 198.204.226.18 - - [10/Jun/2025:17:44:27 +0000] "GET /wp-content/install.php HTTP/1.1" 499 0 "https://superexoticrental.com/wp-content/install.php" "Mozilla/5.0 (Windows NT 10.0; Win64; x64) AppleWebKit/537.36 (KHTML, like Gecko) Chrome/58.0.3029.110 Safari/537.3"
superexoticrental.com.infinitibizsol.com:443 20.171.207.177 - - [10/Jun/2025:17:44:51 +0000] "GET /279wugff24826.html HTTP/1.1" 499 0 "-" "Mozilla/5.0 AppleWebKit/537.36 (KHTML, like Gecko; compatible; GPTBot/1.2; +https://openai.com/gptbot)"
superexoticrental.com.infinitibizsol.com:443 162.0.223.40 - - [10/Jun/2025:17:45:00 +0000] "POST /wp-cron.php?doing_wp_cron=1749577499.2444639205932617187500 HTTP/1.1" 499 0 "-" "WordPress/6.8.1; https://superexoticrental.com"
superexoticrental.com.infinitibizsol.com:443 20.171.207.177 - - [10/Jun/2025:17:45:50 +0000] "GET /173jgtdd15274.html HTTP/1.1" 499 0 "-" "Mozilla/5.0 AppleWebKit/537.36 (KHTML, like Gecko; compatible; GPTBot/1.2; +https://openai.com/gptbot)"
superexoticrental.com.infinitibizsol.com:443 198.204.226.18 - - [10/Jun/2025:17:46:25 +0000] "GET /wp-content/install.php HTTP/1.1" 499 0 "https://superexoticrental.com/wp-content/install.php" "Mozilla/5.0 (Windows NT 10.0; Win64; x64) AppleWebKit/537.36 (KHTML, like Gecko) Chrome/58.0.3029.110 Safari/537.3"
superexoticrental.com.infinitibizsol.com:443 20.171.207.177 - - [10/Jun/2025:17:46:54 +0000] "GET /272payus43399.html HTTP/1.1" 499 0 "-" "Mozilla/5.0 AppleWebKit/537.36 (KHTML, like Gecko; compatible; GPTBot/1.2; +https://openai.com/gptbot)"
superexoticrental.com.infinitibizsol.com:443 162.0.223.40 - - [10/Jun/2025:17:46:56 +0000] "POST /wp-cron.php?doing_wp_cron=1749577615.7628989219665527343750 HTTP/1.1" 499 0 "-" "WordPress/6.8.1; https://superexoticrental.com"
superexoticrental.com.infinitibizsol.com:443 20.171.207.177 - - [10/Jun/2025:17:47:57 +0000] "GET /290gfvtp24649.html HTTP/1.1" 499 0 "-" "Mozilla/5.0 AppleWebKit/537.36 (KHTML, like Gecko; compatible; GPTBot/1.2; +https://openai.com/gptbot)"
superexoticrental.com.infinitibizsol.com:443 162.0.223.40 - - [10/Jun/2025:17:48:00 +0000] "POST /wp-cron.php?doing_wp_cron=1749577679.8779139518737792968750 HTTP/1.1" 499 0 "-" "WordPress/6.8.1; https://superexoticrental.com"
superexoticrental.com.infinitibizsol.com:443 20.171.207.177 - - [10/Jun/2025:17:49:00 +0000] "GET /241mjgdq29174.html HTTP/1.1" 499 0 "-" "Mozilla/5.0 AppleWebKit/537.36 (KHTML, like Gecko; compatible; GPTBot/1.2; +https://openai.com/gptbot)"
superexoticrental.com.infinitibizsol.com:443 162.0.223.40 - - [10/Jun/2025:17:49:01 +0000] "POST /wp-cron.php?doing_wp_cron=1749577740.1979811191558837890625 HTTP/1.1" 499 0 "-" "WordPress/6.8.1; https://superexoticrental.com"
superexoticrental.com.infinitibizsol.com:443 20.171.207.177 - - [10/Jun/2025:17:50:03 +0000] "GET /262yruyv23019.html HTTP/1.1" 499 0 "-" "Mozilla/5.0 AppleWebKit/537.36 (KHTML, like Gecko; compatible; GPTBot/1.2; +https://openai.com/gptbot)"
superexoticrental.com.infinitibizsol.com:443 162.0.223.40 - - [10/Jun/2025:17:50:08 +0000] "POST /wp-cron.php?doing_wp_cron=1749577807.6160459518432617187500 HTTP/1.1" 499 0 "-" "WordPress/6.8.1; https://superexoticrental.com"
superexoticrental.com.infinitibizsol.com:443 173.208.204.66 - - [10/Jun/2025:17:50:32 +0000] "GET /wp-content/install.php HTTP/1.1" 499 0 "https://superexoticrental.com/wp-content/install.php" "Mozilla/5.0 (Windows NT 10.0; Win64; x64) AppleWebKit/537.36 (KHTML, like Gecko) Chrome/58.0.3029.110 Safari/537.3"
superexoticrental.com.infinitibizsol.com:443 173.208.204.66 - - [10/Jun/2025:17:50:33 +0000] "GET /wp-content/install.php HTTP/1.1" 200 16 "https://superexoticrental.com/wp-content/install.php" "Mozilla/5.0 (Windows NT 10.0; Win64; x64) AppleWebKit/537.36 (KHTML, like Gecko) Chrome/58.0.3029.110 Safari/537.3"
superexoticrental.com.infinitibizsol.com:443 20.171.207.177 - - [10/Jun/2025:17:51:07 +0000] "GET /209xmksb45538.html HTTP/1.1" 499 0 "-" "Mozilla/5.0 AppleWebKit/537.36 (KHTML, like Gecko; compatible; GPTBot/1.2; +https://openai.com/gptbot)"
superexoticrental.com.infinitibizsol.com:443 162.0.223.40 - - [10/Jun/2025:17:51:10 +0000] "POST /wp-cron.php?doing_wp_cron=1749577869.7677350044250488281250 HTTP/1.1" 499 0 "-" "WordPress/6.8.1; https://superexoticrental.com"
superexoticrental.com.infinitibizsol.com:443 20.171.207.177 - - [10/Jun/2025:17:52:09 +0000] "GET /180xkwtk14775.html HTTP/1.1" 499 0 "-" "Mozilla/5.0 AppleWebKit/537.36 (KHTML, like Gecko; compatible; GPTBot/1.2; +https://openai.com/gptbot)"
superexoticrental.com.infinitibizsol.com:443 162.0.223.40 - - [10/Jun/2025:17:52:15 +0000] "POST /wp-cron.php?doing_wp_cron=1749577934.4704670906066894531250 HTTP/1.1" 499 0 "-" "WordPress/6.8.1; https://superexoticrental.com"
superexoticrental.com.infinitibizsol.com:443 198.204.226.18 - - [10/Jun/2025:17:52:27 +0000] "GET /wp-content/install.php HTTP/1.1" 499 0 "https://superexoticrental.com/wp-content/install.php" "Mozilla/5.0 (Windows NT 10.0; Win64; x64) AppleWebKit/537.36 (KHTML, like Gecko) Chrome/58.0.3029.110 Safari/537.3"
superexoticrental.com.infinitibizsol.com:443 198.204.226.18 - - [10/Jun/2025:17:52:27 +0000] "GET /wp-content/install.php HTTP/1.1" 200 16 "https://superexoticrental.com/wp-content/install.php" "Mozilla/5.0 (Windows NT 10.0; Win64; x64) AppleWebKit/537.36 (KHTML, like Gecko) Chrome/58.0.3029.110 Safari/537.3"
superexoticrental.com.infinitibizsol.com:443 20.171.207.177 - - [10/Jun/2025:17:53:10 +0000] "GET /196wunrc19423.html HTTP/1.1" 499 0 "-" "Mozilla/5.0 AppleWebKit/537.36 (KHTML, like Gecko; compatible; GPTBot/1.2; +https://openai.com/gptbot)"
superexoticrental.com.infinitibizsol.com:443 162.0.223.40 - - [10/Jun/2025:17:53:27 +0000] "POST /wp-cron.php?doing_wp_cron=1749578006.7062239646911621093750 HTTP/1.1" 499 0 "-" "WordPress/6.8.1; https://superexoticrental.com"
superexoticrental.com.infinitibizsol.com:443 20.171.207.177 - - [10/Jun/2025:17:54:15 +0000] "GET /117jqeyt37268.html HTTP/1.1" 499 0 "-" "Mozilla/5.0 AppleWebKit/537.36 (KHTML, like Gecko; compatible; GPTBot/1.2; +https://openai.com/gptbot)"
superexoticrental.com.infinitibizsol.com:443 66.249.70.101 - - [10/Jun/2025:17:54:34 +0000] "GET /?sell=12564986 HTTP/1.1" 200 558969 "-" "Mozilla/5.0 (Linux; Android 6.0.1; Nexus 5X Build/MMB29P) AppleWebKit/537.36 (KHTML, like Gecko) Chrome/136.0.7103.113 Mobile Safari/537.36 (compatible; Googlebot/2.1; +http://www.google.com/bot.html)"
superexoticrental.com.infinitibizsol.com:443 66.249.70.99 - - [10/Jun/2025:17:54:41 +0000] "GET /drupal/themes/surugaya/new/images/icon/arrow-next-blue.svg HTTP/1.1" 200 564516 "https://superexoticrental.com/?sell=12564986" "Mozilla/5.0 (Linux; Android 6.0.1; Nexus 5X Build/MMB29P) AppleWebKit/537.36 (KHTML, like Gecko) Chrome/136.0.7103.92 Mobile Safari/537.36 (compatible; Googlebot/2.1; +http://www.google.com/bot.html)"
superexoticrental.com.infinitibizsol.com:443 20.171.207.177 - - [10/Jun/2025:17:55:21 +0000] "GET / HTTP/1.1" 499 0 "-" "Mozilla/5.0 AppleWebKit/537.36 (KHTML, like Gecko; compatible; GPTBot/1.2; +https://openai.com/gptbot)"
superexoticrental.com.infinitibizsol.com:443 198.204.226.18 - - [10/Jun/2025:17:55:22 +0000] "GET /wp-content/install.php HTTP/1.1" 499 0 "https://superexoticrental.com/wp-content/install.php" "Mozilla/5.0 (Windows NT 10.0; Win64; x64) AppleWebKit/537.36 (KHTML, like Gecko) Chrome/58.0.3029.110 Safari/537.3"
superexoticrental.com.infinitibizsol.com:443 162.0.223.40 - - [10/Jun/2025:17:55:31 +0000] "POST /wp-cron.php?doing_wp_cron=1749578130.5777559280395507812500 HTTP/1.1" 499 0 "-" "WordPress/6.8.1; https://superexoticrental.com"
superexoticrental.com.infinitibizsol.com:443 198.204.226.18 - - [10/Jun/2025:17:55:38 +0000] "GET /wp-content/install.php HTTP/1.1" 200 16 "https://superexoticrental.com/wp-content/install.php" "Mozilla/5.0 (Windows NT 10.0; Win64; x64) AppleWebKit/537.36 (KHTML, like Gecko) Chrome/58.0.3029.110 Safari/537.3"
superexoticrental.com.infinitibizsol.com:443 20.171.207.177 - - [10/Jun/2025:17:56:22 +0000] "GET /294owdaz29211.html HTTP/1.1" 499 0 "-" "Mozilla/5.0 AppleWebKit/537.36 (KHTML, like Gecko; compatible; GPTBot/1.2; +https://openai.com/gptbot)"
superexoticrental.com.infinitibizsol.com:443 20.171.207.177 - - [10/Jun/2025:17:57:27 +0000] "GET /128ozvtw20175.html HTTP/1.1" 499 0 "-" "Mozilla/5.0 AppleWebKit/537.36 (KHTML, like Gecko; compatible; GPTBot/1.2; +https://openai.com/gptbot)"
superexoticrental.com.infinitibizsol.com:443 162.0.223.40 - - [10/Jun/2025:17:57:40 +0000] "POST /wp-cron.php?doing_wp_cron=1749578259.5371539592742919921875 HTTP/1.1" 499 0 "-" "WordPress/6.8.1; https://superexoticrental.com"
superexoticrental.com.infinitibizsol.com:443 20.171.207.177 - - [10/Jun/2025:17:58:28 +0000] "GET /198tlqbc27321.html HTTP/1.1" 499 0 "-" "Mozilla/5.0 AppleWebKit/537.36 (KHTML, like Gecko; compatible; GPTBot/1.2; +https://openai.com/gptbot)"
superexoticrental.com.infinitibizsol.com:443 173.208.204.66 - - [10/Jun/2025:17:58:32 +0000] "GET /wp-content/install.php HTTP/1.1" 200 16 "https://superexoticrental.com/wp-content/install.php" "Mozilla/5.0 (Windows NT 10.0; Win64; x64) AppleWebKit/537.36 (KHTML, like Gecko) Chrome/58.0.3029.110 Safari/537.3"
superexoticrental.com.infinitibizsol.com:443 198.204.226.18 - - [10/Jun/2025:17:58:33 +0000] "GET /wp-content/install.php HTTP/1.1" 499 0 "https://superexoticrental.com/wp-content/install.php" "Mozilla/5.0 (Windows NT 10.0; Win64; x64) AppleWebKit/537.36 (KHTML, like Gecko) Chrome/58.0.3029.110 Safari/537.3"
superexoticrental.com.infinitibizsol.com:443 162.0.223.40 - - [10/Jun/2025:17:58:47 +0000] "POST /wp-cron.php?doing_wp_cron=1749578326.2321789264678955078125 HTTP/1.1" 499 0 "-" "WordPress/6.8.1; https://superexoticrental.com"
superexoticrental.com.infinitibizsol.com:443 20.171.207.177 - - [10/Jun/2025:17:59:28 +0000] "GET /186nhkgq33715.html HTTP/1.1" 499 0 "-" "Mozilla/5.0 AppleWebKit/537.36 (KHTML, like Gecko; compatible; GPTBot/1.2; +https://openai.com/gptbot)"
superexoticrental.com.infinitibizsol.com:443 162.0.223.40 - - [10/Jun/2025:18:00:27 +0000] "POST /wp-cron.php?doing_wp_cron=1749578426.7894470691680908203125 HTTP/1.1" 499 0 "-" "WordPress/6.8.1; https://superexoticrental.com"
superexoticrental.com.infinitibizsol.com:443 20.171.207.177 - - [10/Jun/2025:18:00:29 +0000] "GET /149hckzk32834.html HTTP/1.1" 499 0 "-" "Mozilla/5.0 AppleWebKit/537.36 (KHTML, like Gecko; compatible; GPTBot/1.2; +https://openai.com/gptbot)"
superexoticrental.com.infinitibizsol.com:443 198.204.226.18 - - [10/Jun/2025:18:00:33 +0000] "GET /wp-content/install.php HTTP/1.1" 499 0 "https://superexoticrental.com/wp-content/install.php" "Mozilla/5.0 (Windows NT 10.0; Win64; x64) AppleWebKit/537.36 (KHTML, like Gecko) Chrome/58.0.3029.110 Safari/537.3"
superexoticrental.com.infinitibizsol.com:443 198.204.226.18 - - [10/Jun/2025:18:01:24 +0000] "GET /wp-content/install.php HTTP/1.1" 200 16 "https://superexoticrental.com/wp-content/install.php" "Mozilla/5.0 (Windows NT 10.0; Win64; x64) AppleWebKit/537.36 (KHTML, like Gecko) Chrome/58.0.3029.110 Safari/537.3"
superexoticrental.com.infinitibizsol.com:443 20.171.207.177 - - [10/Jun/2025:18:01:30 +0000] "GET /285eedax29128.html HTTP/1.1" 499 0 "-" "Mozilla/5.0 AppleWebKit/537.36 (KHTML, like Gecko; compatible; GPTBot/1.2; +https://openai.com/gptbot)"
superexoticrental.com.infinitibizsol.com:443 162.0.223.40 - - [10/Jun/2025:18:01:30 +0000] "POST /wp-cron.php?doing_wp_cron=1749578489.3772270679473876953125 HTTP/1.1" 499 0 "-" "WordPress/6.8.1; https://superexoticrental.com"
superexoticrental.com.infinitibizsol.com:443 198.204.226.18 - - [10/Jun/2025:18:01:41 +0000] "GET /wp-content/install.php HTTP/1.1" 200 16 "https://superexoticrental.com/wp-content/install.php" "Mozilla/5.0 (Windows NT 10.0; Win64; x64) AppleWebKit/537.36 (KHTML, like Gecko) Chrome/58.0.3029.110 Safari/537.3"
superexoticrental.com.infinitibizsol.com:443 198.204.226.18 - - [10/Jun/2025:18:02:28 +0000] "GET /wp-content/install.php HTTP/1.1" 499 0 "https://superexoticrental.com/wp-content/install.php" "Mozilla/5.0 (Windows NT 10.0; Win64; x64) AppleWebKit/537.36 (KHTML, like Gecko) Chrome/58.0.3029.110 Safari/537.3"
superexoticrental.com.infinitibizsol.com:443 20.171.207.177 - - [10/Jun/2025:18:02:32 +0000] "GET /187srlbi13676.html HTTP/1.1" 499 0 "-" "Mozilla/5.0 AppleWebKit/537.36 (KHTML, like Gecko; compatible; GPTBot/1.2; +https://openai.com/gptbot)"
superexoticrental.com.infinitibizsol.com:443 162.0.223.40 - - [10/Jun/2025:18:02:50 +0000] "POST /wp-cron.php?doing_wp_cron=1749578569.5456669330596923828125 HTTP/1.1" 499 0 "-" "WordPress/6.8.1; https://superexoticrental.com"
superexoticrental.com.infinitibizsol.com:443 20.171.207.177 - - [10/Jun/2025:18:03:30 +0000] "GET /259llwzk10358.html HTTP/1.1" 404 32358 "-" "Mozilla/5.0 AppleWebKit/537.36 (KHTML, like Gecko; compatible; GPTBot/1.2; +https://openai.com/gptbot)"
superexoticrental.com.infinitibizsol.com:443 198.204.226.18 - - [10/Jun/2025:18:04:32 +0000] "GET /wp-content/install.php HTTP/1.1" 499 0 "https://superexoticrental.com/wp-content/install.php" "Mozilla/5.0 (Windows NT 10.0; Win64; x64) AppleWebKit/537.36 (KHTML, like Gecko) Chrome/58.0.3029.110 Safari/537.3"
superexoticrental.com.infinitibizsol.com:443 162.0.223.40 - - [10/Jun/2025:18:04:39 +0000] "POST /wp-cron.php?doing_wp_cron=1749578677.9385430812835693359375 HTTP/1.1" 499 0 "-" "WordPress/6.8.1; https://superexoticrental.com"
superexoticrental.com.infinitibizsol.com:443 20.171.207.177 - - [10/Jun/2025:18:04:39 +0000] "GET /79qgrvj47770.html HTTP/1.1" 499 0 "-" "Mozilla/5.0 AppleWebKit/537.36 (KHTML, like Gecko; compatible; GPTBot/1.2; +https://openai.com/gptbot)"
superexoticrental.com.infinitibizsol.com:443 57.141.4.5 - - [10/Jun/2025:18:05:09 +0000] "GET /sitemap-hot-2996254.xml HTTP/1.1" 200 23 "-" "meta-externalagent/1.1 (+https://developers.facebook.com/docs/sharing/webmasters/crawler)"
superexoticrental.com.infinitibizsol.com:443 198.204.226.18 - - [10/Jun/2025:18:05:26 +0000] "GET /wp-content/install.php HTTP/1.1" 200 16 "https://superexoticrental.com/wp-content/install.php" "Mozilla/5.0 (Windows NT 10.0; Win64; x64) AppleWebKit/537.36 (KHTML, like Gecko) Chrome/58.0.3029.110 Safari/537.3"
superexoticrental.com.infinitibizsol.com:443 20.171.207.177 - - [10/Jun/2025:18:05:44 +0000] "GET /fan/segment184/x271p-1284/ HTTP/1.1" 499 0 "-" "Mozilla/5.0 AppleWebKit/537.36 (KHTML, like Gecko; compatible; GPTBot/1.2; +https://openai.com/gptbot)"
superexoticrental.com.infinitibizsol.com:443 162.0.223.40 - - [10/Jun/2025:18:05:52 +0000] "POST /wp-cron.php?doing_wp_cron=1749578751.0909268856048583984375 HTTP/1.1" 499 0 "-" "WordPress/6.8.1; https://superexoticrental.com"
superexoticrental.com.infinitibizsol.com:443 173.208.204.66 - - [10/Jun/2025:18:06:36 +0000] "GET /wp-content/install.php HTTP/1.1" 499 0 "https://superexoticrental.com/wp-content/install.php" "Mozilla/5.0 (Windows NT 10.0; Win64; x64) AppleWebKit/537.36 (KHTML, like Gecko) Chrome/58.0.3029.110 Safari/537.3"
superexoticrental.com.infinitibizsol.com:443 173.208.204.66 - - [10/Jun/2025:18:06:36 +0000] "GET /wp-content/install.php HTTP/1.1" 200 16 "https://superexoticrental.com/wp-content/install.php" "Mozilla/5.0 (Windows NT 10.0; Win64; x64) AppleWebKit/537.36 (KHTML, like Gecko) Chrome/58.0.3029.110 Safari/537.3"
superexoticrental.com.infinitibizsol.com:443 20.171.207.177 - - [10/Jun/2025:18:06:47 +0000] "GET /21behjm14438.html HTTP/1.1" 499 0 "-" "Mozilla/5.0 AppleWebKit/537.36 (KHTML, like Gecko; compatible; GPTBot/1.2; +https://openai.com/gptbot)"
superexoticrental.com.infinitibizsol.com:443 162.0.223.40 - - [10/Jun/2025:18:06:59 +0000] "POST /wp-cron.php?doing_wp_cron=1749578818.2581839561462402343750 HTTP/1.1" 499 0 "-" "WordPress/6.8.1; https://superexoticrental.com"
superexoticrental.com.infinitibizsol.com:443 51.222.253.4 - - [10/Jun/2025:18:07:01 +0000] "GET /c1330306000.shtm HTTP/1.1" 404 58138 "-" "Mozilla/5.0 (compatible; AhrefsBot/7.0; +http://ahrefs.com/robot/)"
superexoticrental.com.infinitibizsol.com:443 20.171.207.177 - - [10/Jun/2025:18:07:50 +0000] "GET /42ehbxq27547.html HTTP/1.1" 499 0 "-" "Mozilla/5.0 AppleWebKit/537.36 (KHTML, like Gecko; compatible; GPTBot/1.2; +https://openai.com/gptbot)"
superexoticrental.com.infinitibizsol.com:443 198.204.226.18 - - [10/Jun/2025:18:08:29 +0000] "GET /wp-content/install.php HTTP/1.1" 499 0 "https://superexoticrental.com/wp-content/install.php" "Mozilla/5.0 (Windows NT 10.0; Win64; x64) AppleWebKit/537.36 (KHTML, like Gecko) Chrome/58.0.3029.110 Safari/537.3"
superexoticrental.com.infinitibizsol.com:80 196.251.84.251 - - [10/Jun/2025:18:08:32 +0000] "GET //wp-content/plugins/fix/up.php HTTP/1.1" 499 0 "-" "Mozilla/5.0 (Windows NT 10.0; Win64; x64) AppleWebKit/537.36 (KHTML, like Gecko) Chrome/85.0.4183.102 Safari/537.36"
superexoticrental.com.infinitibizsol.com:80 162.0.223.40 - - [10/Jun/2025:18:08:33 +0000] "POST /wp-cron.php?doing_wp_cron=1749578912.7785620689392089843750 HTTP/1.1" 499 0 "-" "WordPress/6.8.1; https://superexoticrental.com"
superexoticrental.com.infinitibizsol.com:443 198.204.226.18 - - [10/Jun/2025:18:08:49 +0000] "GET /wp-content/install.php HTTP/1.1" 200 16 "https://superexoticrental.com/wp-content/install.php" "Mozilla/5.0 (Windows NT 10.0; Win64; x64) AppleWebKit/537.36 (KHTML, like Gecko) Chrome/58.0.3029.110 Safari/537.3"
superexoticrental.com.infinitibizsol.com:443 20.171.207.177 - - [10/Jun/2025:18:08:56 +0000] "GET /203ektjm3162.html HTTP/1.1" 499 0 "-" "Mozilla/5.0 AppleWebKit/537.36 (KHTML, like Gecko; compatible; GPTBot/1.2; +https://openai.com/gptbot)"
superexoticrental.com.infinitibizsol.com:443 20.171.207.177 - - [10/Jun/2025:18:09:56 +0000] "GET /131tqfln8534.html HTTP/1.1" 499 0 "-" "Mozilla/5.0 AppleWebKit/537.36 (KHTML, like Gecko; compatible; GPTBot/1.2; +https://openai.com/gptbot)"
superexoticrental.com.infinitibizsol.com:443 162.0.223.40 - - [10/Jun/2025:18:10:01 +0000] "POST /wp-cron.php?doing_wp_cron=1749579000.1765060424804687500000 HTTP/1.1" 499 0 "-" "WordPress/6.8.1; https://superexoticrental.com"
superexoticrental.com.infinitibizsol.com:443 20.171.207.177 - - [10/Jun/2025:18:10:56 +0000] "GET /235hqcqb4456.html HTTP/1.1" 499 0 "-" "Mozilla/5.0 AppleWebKit/537.36 (KHTML, like Gecko; compatible; GPTBot/1.2; +https://openai.com/gptbot)"
superexoticrental.com.infinitibizsol.com:443 198.204.226.18 - - [10/Jun/2025:18:11:05 +0000] "GET /wp-content/install.php HTTP/1.1" 499 0 "https://superexoticrental.com/wp-content/install.php" "Mozilla/5.0 (Windows NT 10.0; Win64; x64) AppleWebKit/537.36 (KHTML, like Gecko) Chrome/58.0.3029.110 Safari/537.3"
superexoticrental.com.infinitibizsol.com:443 162.0.223.40 - - [10/Jun/2025:18:11:06 +0000] "POST /wp-cron.php?doing_wp_cron=1749579065.6694040298461914062500 HTTP/1.1" 499 0 "-" "WordPress/6.8.1; https://superexoticrental.com"
superexoticrental.com.infinitibizsol.com:443 198.204.226.18 - - [10/Jun/2025:18:11:15 +0000] "GET /wp-content/install.php HTTP/1.1" 200 16 "https://superexoticrental.com/wp-content/install.php" "Mozilla/5.0 (Windows NT 10.0; Win64; x64) AppleWebKit/537.36 (KHTML, like Gecko) Chrome/58.0.3029.110 Safari/537.3"
superexoticrental.com.infinitibizsol.com:443 20.171.207.177 - - [10/Jun/2025:18:11:44 +0000] "GET /10bsxmh12259.html HTTP/1.1" 404 32358 "-" "Mozilla/5.0 AppleWebKit/537.36 (KHTML, like Gecko; compatible; GPTBot/1.2; +https://openai.com/gptbot)"
superexoticrental.com.infinitibizsol.com:443 20.171.207.177 - - [10/Jun/2025:18:13:04 +0000] "GET /38imjja16535.html HTTP/1.1" 499 0 "-" "Mozilla/5.0 AppleWebKit/537.36 (KHTML, like Gecko; compatible; GPTBot/1.2; +https://openai.com/gptbot)"
superexoticrental.com.infinitibizsol.com:443 162.0.223.40 - - [10/Jun/2025:18:13:06 +0000] "POST /wp-cron.php?doing_wp_cron=1749579185.1050798892974853515625 HTTP/1.1" 499 0 "-" "WordPress/6.8.1; https://superexoticrental.com"
superexoticrental.com.infinitibizsol.com:443 198.204.226.18 - - [10/Jun/2025:18:13:56 +0000] "GET /wp-content/install.php HTTP/1.1" 499 0 "https://superexoticrental.com/wp-content/install.php" "Mozilla/5.0 (Windows NT 10.0; Win64; x64) AppleWebKit/537.36 (KHTML, like Gecko) Chrome/58.0.3029.110 Safari/537.3"
superexoticrental.com.infinitibizsol.com:443 20.171.207.177 - - [10/Jun/2025:18:14:08 +0000] "GET /70hlwav27051.html HTTP/1.1" 499 0 "-" "Mozilla/5.0 AppleWebKit/537.36 (KHTML, like Gecko; compatible; GPTBot/1.2; +https://openai.com/gptbot)"
superexoticrental.com.infinitibizsol.com:443 198.204.226.18 - - [10/Jun/2025:18:14:21 +0000] "GET /wp-content/install.php HTTP/1.1" 200 16 "https://superexoticrental.com/wp-content/install.php" "Mozilla/5.0 (Windows NT 10.0; Win64; x64) AppleWebKit/537.36 (KHTML, like Gecko) Chrome/58.0.3029.110 Safari/537.3"
superexoticrental.com.infinitibizsol.com:443 162.0.223.40 - - [10/Jun/2025:18:14:22 +0000] "POST /wp-cron.php?doing_wp_cron=1749579261.8076119422912597656250 HTTP/1.1" 499 0 "-" "WordPress/6.8.1; https://superexoticrental.com"
superexoticrental.com.infinitibizsol.com:443 173.208.204.66 - - [10/Jun/2025:18:14:29 +0000] "GET /wp-content/install.php HTTP/1.1" 200 16 "https://superexoticrental.com/wp-content/install.php" "Mozilla/5.0 (Windows NT 10.0; Win64; x64) AppleWebKit/537.36 (KHTML, like Gecko) Chrome/58.0.3029.110 Safari/537.3"
superexoticrental.com.infinitibizsol.com:443 20.171.207.177 - - [10/Jun/2025:18:15:13 +0000] "GET /79euama24932.html HTTP/1.1" 499 0 "-" "Mozilla/5.0 AppleWebKit/537.36 (KHTML, like Gecko; compatible; GPTBot/1.2; +https://openai.com/gptbot)"
superexoticrental.com.infinitibizsol.com:443 162.0.223.40 - - [10/Jun/2025:18:15:35 +0000] "POST /wp-cron.php?doing_wp_cron=1749579334.9390709400177001953125 HTTP/1.1" 499 0 "-" "WordPress/6.8.1; https://superexoticrental.com"
superexoticrental.com.infinitibizsol.com:80 103.148.25.242 - - [10/Jun/2025:18:15:43 +0000] "GET /wp-admin/setup-config.php?step=1 HTTP/1.1" 499 0 "-" "Apache/2.4.34 (Ubuntu) OpenSSL/1.1.1 (internal dummy connection)"
superexoticrental.com.infinitibizsol.com:443 20.171.207.177 - - [10/Jun/2025:18:15:50 +0000] "GET /99cahrf22878.html HTTP/1.1" 404 32358 "-" "Mozilla/5.0 AppleWebKit/537.36 (KHTML, like Gecko; compatible; GPTBot/1.2; +https://openai.com/gptbot)"
superexoticrental.com.infinitibizsol.com:443 162.0.223.40 - - [10/Jun/2025:18:16:51 +0000] "POST /wp-cron.php?doing_wp_cron=1749579410.1016719341278076171875 HTTP/1.1" 499 0 "-" "WordPress/6.8.1; https://superexoticrental.com"
superexoticrental.com.infinitibizsol.com:443 20.171.207.177 - - [10/Jun/2025:18:16:53 +0000] "GET /89xyyxc12126.html HTTP/1.1" 404 32358 "-" "Mozilla/5.0 AppleWebKit/537.36 (KHTML, like Gecko; compatible; GPTBot/1.2; +https://openai.com/gptbot)"
