superexoticrental.com.infinitibizsol.com:443 162.0.223.40 - - [11/Jun/2025:18:09:41 +0000] "POST /wp-cron.php?doing_wp_cron=1749665380.1348741054534912109375 HTTP/1.1" 499 0 "-" "WordPress/6.8.1; https://superexoticrental.com"
superexoticrental.com.infinitibizsol.com:443 20.171.207.71 - - [11/Jun/2025:18:10:27 +0000] "GET /133dwmc21726.html HTTP/1.1" 404 48742 "-" "Mozilla/5.0 AppleWebKit/537.36 (KHTML, like Gecko; compatible; GPTBot/1.2; +https://openai.com/gptbot)"
superexoticrental.com.infinitibizsol.com:443 198.204.226.18 - - [11/Jun/2025:18:10:52 +0000] "GET /wp-content/install.php HTTP/1.1" 499 0 "https://superexoticrental.com/wp-content/install.php" "Mozilla/5.0 (Windows NT 10.0; Win64; x64) AppleWebKit/537.36 (KHTML, like Gecko) Chrome/58.0.3029.110 Safari/537.3"
superexoticrental.com.infinitibizsol.com:443 198.204.226.18 - - [11/Jun/2025:18:10:57 +0000] "GET /wp-content/install.php HTTP/1.1" 200 16 "https://superexoticrental.com/wp-content/install.php" "Mozilla/5.0 (Windows NT 10.0; Win64; x64) AppleWebKit/537.36 (KHTML, like Gecko) Chrome/58.0.3029.110 Safari/537.3"
superexoticrental.com.infinitibizsol.com:443 20.171.207.71 - - [11/Jun/2025:18:11:31 +0000] "GET /158ujdl18747.html HTTP/1.1" 499 0 "-" "Mozilla/5.0 AppleWebKit/537.36 (KHTML, like Gecko; compatible; GPTBot/1.2; +https://openai.com/gptbot)"
superexoticrental.com.infinitibizsol.com:443 162.0.223.40 - - [11/Jun/2025:18:11:32 +0000] "POST /wp-cron.php?doing_wp_cron=1749665491.6562020778656005859375 HTTP/1.1" 499 0 "-" "WordPress/6.8.1; https://superexoticrental.com"
superexoticrental.com.infinitibizsol.com:443 173.208.204.66 - - [11/Jun/2025:18:12:01 +0000] "GET /wp-content/install.php HTTP/1.1" 200 16 "https://superexoticrental.com/wp-content/install.php" "Mozilla/5.0 (Windows NT 10.0; Win64; x64) AppleWebKit/537.36 (KHTML, like Gecko) Chrome/58.0.3029.110 Safari/537.3"
superexoticrental.com.infinitibizsol.com:443 20.171.207.71 - - [11/Jun/2025:18:12:31 +0000] "GET /296qwmp45925.html HTTP/1.1" 499 0 "-" "Mozilla/5.0 AppleWebKit/537.36 (KHTML, like Gecko; compatible; GPTBot/1.2; +https://openai.com/gptbot)"
superexoticrental.com.infinitibizsol.com:443 162.0.223.40 - - [11/Jun/2025:18:12:46 +0000] "POST /wp-cron.php?doing_wp_cron=1749665564.8556039333343505859375 HTTP/1.1" 499 0 "-" "WordPress/6.8.1; https://superexoticrental.com"
superexoticrental.com.infinitibizsol.com:443 20.171.207.71 - - [11/Jun/2025:18:13:32 +0000] "GET /162odds44629.html HTTP/1.1" 499 0 "-" "Mozilla/5.0 AppleWebKit/537.36 (KHTML, like Gecko; compatible; GPTBot/1.2; +https://openai.com/gptbot)"
superexoticrental.com.infinitibizsol.com:443 162.0.223.40 - - [11/Jun/2025:18:14:10 +0000] "POST /wp-cron.php?doing_wp_cron=1749665649.4263389110565185546875 HTTP/1.1" 499 0 "-" "WordPress/6.8.1; https://superexoticrental.com"
superexoticrental.com.infinitibizsol.com:443 20.171.207.71 - - [11/Jun/2025:18:14:13 +0000] "GET /204glmn15951.html HTTP/1.1" 404 32358 "-" "Mozilla/5.0 AppleWebKit/537.36 (KHTML, like Gecko; compatible; GPTBot/1.2; +https://openai.com/gptbot)"
superexoticrental.com.infinitibizsol.com:443 51.222.253.8 - - [11/Jun/2025:18:14:21 +0000] "GET /b1382035555.shtm HTTP/1.1" 499 0 "-" "Mozilla/5.0 (compatible; AhrefsBot/7.0; +http://ahrefs.com/robot/)"
superexoticrental.com.infinitibizsol.com:443 162.0.223.40 - - [11/Jun/2025:18:15:37 +0000] "POST /wp-cron.php?doing_wp_cron=1749665736.4955339431762695312500 HTTP/1.1" 499 0 "-" "WordPress/6.8.1; https://superexoticrental.com"
superexoticrental.com.infinitibizsol.com:443 20.171.207.71 - - [11/Jun/2025:18:15:39 +0000] "GET /154lsgh32473.html HTTP/1.1" 499 0 "-" "Mozilla/5.0 AppleWebKit/537.36 (KHTML, like Gecko; compatible; GPTBot/1.2; +https://openai.com/gptbot)"
superexoticrental.com.infinitibizsol.com:443 198.204.226.18 - - [11/Jun/2025:18:15:44 +0000] "GET /wp-content/install.php HTTP/1.1" 499 0 "https://superexoticrental.com/wp-content/install.php" "Mozilla/5.0 (Windows NT 10.0; Win64; x64) AppleWebKit/537.36 (KHTML, like Gecko) Chrome/58.0.3029.110 Safari/537.3"
superexoticrental.com.infinitibizsol.com:443 198.204.226.18 - - [11/Jun/2025:18:16:17 +0000] "GET /wp-content/install.php HTTP/1.1" 200 16 "https://superexoticrental.com/wp-content/install.php" "Mozilla/5.0 (Windows NT 10.0; Win64; x64) AppleWebKit/537.36 (KHTML, like Gecko) Chrome/58.0.3029.110 Safari/537.3"
superexoticrental.com.infinitibizsol.com:443 198.204.226.18 - - [11/Jun/2025:18:16:32 +0000] "GET /wp-content/install.php HTTP/1.1" 200 16 "https://superexoticrental.com/wp-content/install.php" "Mozilla/5.0 (Windows NT 10.0; Win64; x64) AppleWebKit/537.36 (KHTML, like Gecko) Chrome/58.0.3029.110 Safari/537.3"
superexoticrental.com.infinitibizsol.com:443 20.171.207.71 - - [11/Jun/2025:18:16:42 +0000] "GET /170fpit22733.html HTTP/1.1" 499 0 "-" "Mozilla/5.0 AppleWebKit/537.36 (KHTML, like Gecko; compatible; GPTBot/1.2; +https://openai.com/gptbot)"
superexoticrental.com.infinitibizsol.com:443 162.0.223.40 - - [11/Jun/2025:18:16:53 +0000] "POST /wp-cron.php?doing_wp_cron=1749665812.7089629173278808593750 HTTP/1.1" 499 0 "-" "WordPress/6.8.1; https://superexoticrental.com"
superexoticrental.com.infinitibizsol.com:443 198.204.226.18 - - [11/Jun/2025:18:16:57 +0000] "GET /wp-content/install.php HTTP/1.1" 200 16 "https://superexoticrental.com/wp-content/install.php" "Mozilla/5.0 (Windows NT 10.0; Win64; x64) AppleWebKit/537.36 (KHTML, like Gecko) Chrome/58.0.3029.110 Safari/537.3"
superexoticrental.com.infinitibizsol.com:443 198.204.226.18 - - [11/Jun/2025:18:17:26 +0000] "GET /wp-content/install.php HTTP/1.1" 499 0 "https://superexoticrental.com/wp-content/install.php" "Mozilla/5.0 (Windows NT 10.0; Win64; x64) AppleWebKit/537.36 (KHTML, like Gecko) Chrome/58.0.3029.110 Safari/537.3"
superexoticrental.com.infinitibizsol.com:443 20.171.207.71 - - [11/Jun/2025:18:17:42 +0000] "GET /166wrtk39239.html HTTP/1.1" 404 32358 "-" "Mozilla/5.0 AppleWebKit/537.36 (KHTML, like Gecko; compatible; GPTBot/1.2; +https://openai.com/gptbot)"
superexoticrental.com.infinitibizsol.com:80 138.197.152.158 - - [11/Jun/2025:18:18:45 +0000] "GET /uploaded_script.php HTTP/1.1" 403 317 "www.google.com" "Mozilla/5.0 (Linux; Android 7.0; SM-G892A Build/NRD90M; wv) AppleWebKit/537.36 (KHTML, like Gecko) Version/4.0 Chrome/60.0.3112.107 Mobile Safari/537.36"
superexoticrental.com.infinitibizsol.com:443 138.197.152.158 - - [11/Jun/2025:18:18:46 +0000] "GET /uploaded_script.php HTTP/1.1" 403 309 "www.google.com" "Mozilla/5.0 (Linux; Android 7.0; SM-G892A Build/NRD90M; wv) AppleWebKit/537.36 (KHTML, like Gecko) Version/4.0 Chrome/60.0.3112.107 Mobile Safari/537.36"
superexoticrental.com.infinitibizsol.com:443 20.171.207.71 - - [11/Jun/2025:18:18:50 +0000] "GET /118uusk48223.html HTTP/1.1" 499 0 "-" "Mozilla/5.0 AppleWebKit/537.36 (KHTML, like Gecko; compatible; GPTBot/1.2; +https://openai.com/gptbot)"
superexoticrental.com.infinitibizsol.com:443 162.0.223.40 - - [11/Jun/2025:18:18:56 +0000] "POST /wp-cron.php?doing_wp_cron=1749665935.3555049896240234375000 HTTP/1.1" 499 0 "-" "WordPress/6.8.1; https://superexoticrental.com"
superexoticrental.com.infinitibizsol.com:443 173.208.204.66 - - [11/Jun/2025:18:19:32 +0000] "GET /wp-content/install.php HTTP/1.1" 200 16 "https://superexoticrental.com/wp-content/install.php" "Mozilla/5.0 (Windows NT 10.0; Win64; x64) AppleWebKit/537.36 (KHTML, like Gecko) Chrome/58.0.3029.110 Safari/537.3"
superexoticrental.com.infinitibizsol.com:443 198.204.226.18 - - [11/Jun/2025:18:19:33 +0000] "GET /wp-content/install.php HTTP/1.1" 499 0 "https://superexoticrental.com/wp-content/install.php" "Mozilla/5.0 (Windows NT 10.0; Win64; x64) AppleWebKit/537.36 (KHTML, like Gecko) Chrome/58.0.3029.110 Safari/537.3"
superexoticrental.com.infinitibizsol.com:443 20.171.207.71 - - [11/Jun/2025:18:19:46 +0000] "GET /102jniv20919.html HTTP/1.1" 404 48742 "-" "Mozilla/5.0 AppleWebKit/537.36 (KHTML, like Gecko; compatible; GPTBot/1.2; +https://openai.com/gptbot)"
superexoticrental.com.infinitibizsol.com:443 198.204.226.18 - - [11/Jun/2025:18:19:52 +0000] "GET /wp-content/install.php HTTP/1.1" 200 16 "https://superexoticrental.com/wp-content/install.php" "Mozilla/5.0 (Windows NT 10.0; Win64; x64) AppleWebKit/537.36 (KHTML, like Gecko) Chrome/58.0.3029.110 Safari/537.3"
superexoticrental.com.infinitibizsol.com:443 198.204.226.18 - - [11/Jun/2025:18:20:35 +0000] "GET /wp-content/install.php HTTP/1.1" 200 16 "https://superexoticrental.com/wp-content/install.php" "Mozilla/5.0 (Windows NT 10.0; Win64; x64) AppleWebKit/537.36 (KHTML, like Gecko) Chrome/58.0.3029.110 Safari/537.3"
superexoticrental.com.infinitibizsol.com:443 198.204.226.18 - - [11/Jun/2025:18:20:40 +0000] "GET /wp-content/install.php HTTP/1.1" 200 16 "https://superexoticrental.com/wp-content/install.php" "Mozilla/5.0 (Windows NT 10.0; Win64; x64) AppleWebKit/537.36 (KHTML, like Gecko) Chrome/58.0.3029.110 Safari/537.3"
superexoticrental.com.infinitibizsol.com:443 20.171.207.71 - - [11/Jun/2025:18:20:58 +0000] "GET /150zvzl18935.html HTTP/1.1" 499 0 "-" "Mozilla/5.0 AppleWebKit/537.36 (KHTML, like Gecko; compatible; GPTBot/1.2; +https://openai.com/gptbot)"
superexoticrental.com.infinitibizsol.com:443 162.0.223.40 - - [11/Jun/2025:18:21:02 +0000] "POST /wp-cron.php?doing_wp_cron=1749666061.0701689720153808593750 HTTP/1.1" 499 0 "-" "WordPress/6.8.1; https://superexoticrental.com"
superexoticrental.com.infinitibizsol.com:443 198.204.226.18 - - [11/Jun/2025:18:22:00 +0000] "GET /wp-content/install.php HTTP/1.1" 499 0 "https://superexoticrental.com/wp-content/install.php" "Mozilla/5.0 (Windows NT 10.0; Win64; x64) AppleWebKit/537.36 (KHTML, like Gecko) Chrome/58.0.3029.110 Safari/537.3"
superexoticrental.com.infinitibizsol.com:443 20.171.207.71 - - [11/Jun/2025:18:22:01 +0000] "GET /166sphf49719.html HTTP/1.1" 499 0 "-" "Mozilla/5.0 AppleWebKit/537.36 (KHTML, like Gecko; compatible; GPTBot/1.2; +https://openai.com/gptbot)"
superexoticrental.com.infinitibizsol.com:443 162.0.223.40 - - [11/Jun/2025:18:22:03 +0000] "POST /wp-cron.php?doing_wp_cron=1749666121.9848709106445312500000 HTTP/1.1" 499 0 "-" "WordPress/6.8.1; https://superexoticrental.com"
superexoticrental.com.infinitibizsol.com:443 198.204.226.18 - - [11/Jun/2025:18:22:33 +0000] "GET /wp-content/install.php HTTP/1.1" 200 16 "https://superexoticrental.com/wp-content/install.php" "Mozilla/5.0 (Windows NT 10.0; Win64; x64) AppleWebKit/537.36 (KHTML, like Gecko) Chrome/58.0.3029.110 Safari/537.3"
superexoticrental.com.infinitibizsol.com:443 20.171.207.71 - - [11/Jun/2025:18:23:07 +0000] "GET /139dedl25010.html HTTP/1.1" 499 0 "-" "Mozilla/5.0 AppleWebKit/537.36 (KHTML, like Gecko; compatible; GPTBot/1.2; +https://openai.com/gptbot)"
superexoticrental.com.infinitibizsol.com:443 162.0.223.40 - - [11/Jun/2025:18:23:18 +0000] "POST /wp-cron.php?doing_wp_cron=1749666197.0926659107208251953125 HTTP/1.1" 499 0 "-" "WordPress/6.8.1; https://superexoticrental.com"
superexoticrental.com.infinitibizsol.com:443 198.204.226.18 - - [11/Jun/2025:18:23:34 +0000] "GET /wp-content/install.php HTTP/1.1" 499 0 "https://superexoticrental.com/wp-content/install.php" "Mozilla/5.0 (Windows NT 10.0; Win64; x64) AppleWebKit/537.36 (KHTML, like Gecko) Chrome/58.0.3029.110 Safari/537.3"
superexoticrental.com.infinitibizsol.com:443 198.204.226.18 - - [11/Jun/2025:18:23:48 +0000] "GET /wp-content/install.php HTTP/1.1" 200 16 "https://superexoticrental.com/wp-content/install.php" "Mozilla/5.0 (Windows NT 10.0; Win64; x64) AppleWebKit/537.36 (KHTML, like Gecko) Chrome/58.0.3029.110 Safari/537.3"
superexoticrental.com.infinitibizsol.com:443 110.249.201.54 - - [11/Jun/2025:18:24:03 +0000] "GET /wp-content/uploads/2023/03/bus.png HTTP/1.1" 200 11806 "-" "Mozilla/5.0 (Linux; Android 5.0) AppleWebKit/537.36 (KHTML, like Gecko) Mobile Safari/537.36 (compatible; Bytespider; https://zhanzhang.toutiao.com/)"
superexoticrental.com.infinitibizsol.com:443 20.171.207.71 - - [11/Jun/2025:18:24:13 +0000] "GET /194tbbd19603.html HTTP/1.1" 499 0 "-" "Mozilla/5.0 AppleWebKit/537.36 (KHTML, like Gecko; compatible; GPTBot/1.2; +https://openai.com/gptbot)"
superexoticrental.com.infinitibizsol.com:443 173.208.153.154 - - [11/Jun/2025:18:24:24 +0000] "GET /wp-content/install.php HTTP/1.1" 200 16 "https://superexoticrental.com/wp-content/install.php" "Mozilla/5.0 (Macintosh; Intel Mac OS X 10_7_2) AppleWebKit/535.2 (KHTML, like Gecko) Chrome/15.0.874.106 Safari/535.2"
superexoticrental.com.infinitibizsol.com:443 162.0.223.40 - - [11/Jun/2025:18:24:28 +0000] "POST /wp-cron.php?doing_wp_cron=1749666267.5979349613189697265625 HTTP/1.1" 499 0 "-" "WordPress/6.8.1; https://superexoticrental.com"
superexoticrental.com.infinitibizsol.com:443 198.204.226.18 - - [11/Jun/2025:18:24:44 +0000] "GET /wp-content/install.php HTTP/1.1" 200 16 "https://superexoticrental.com/wp-content/install.php" "Mozilla/5.0 (Windows NT 10.0; Win64; x64) AppleWebKit/537.36 (KHTML, like Gecko) Chrome/58.0.3029.110 Safari/537.3"
superexoticrental.com.infinitibizsol.com:443 198.204.226.18 - - [11/Jun/2025:18:24:49 +0000] "GET /wp-content/install.php HTTP/1.1" 200 16 "https://superexoticrental.com/wp-content/install.php" "Mozilla/5.0 (Windows NT 10.0; Win64; x64) AppleWebKit/537.36 (KHTML, like Gecko) Chrome/58.0.3029.110 Safari/537.3"
superexoticrental.com.infinitibizsol.com:443 108.181.202.211 - - [11/Jun/2025:18:24:53 +0000] "GET /wp-content/install.php HTTP/1.1" 200 16 "https://superexoticrental.com/wp-content/install.php" "Mozilla/5.0 (compatible; MSIE 10.0; Windows NT 6.2; ARM; Trident/6.0)"
superexoticrental.com.infinitibizsol.com:443 20.171.207.71 - - [11/Jun/2025:18:25:09 +0000] "GET /217rjad27010.html HTTP/1.1" 404 32358 "-" "Mozilla/5.0 AppleWebKit/537.36 (KHTML, like Gecko; compatible; GPTBot/1.2; +https://openai.com/gptbot)"
superexoticrental.com.infinitibizsol.com:443 198.204.226.18 - - [11/Jun/2025:18:25:58 +0000] "GET /wp-content/install.php HTTP/1.1" 200 16 "https://superexoticrental.com/wp-content/install.php" "Mozilla/5.0 (Windows NT 10.0; Win64; x64) AppleWebKit/537.36 (KHTML, like Gecko) Chrome/58.0.3029.110 Safari/537.3"
superexoticrental.com.infinitibizsol.com:443 198.204.226.18 - - [11/Jun/2025:18:26:00 +0000] "GET /wp-content/install.php HTTP/1.1" 499 0 "https://superexoticrental.com/wp-content/install.php" "Mozilla/5.0 (Windows NT 10.0; Win64; x64) AppleWebKit/537.36 (KHTML, like Gecko) Chrome/58.0.3029.110 Safari/537.3"
superexoticrental.com.infinitibizsol.com:443 198.204.226.18 - - [11/Jun/2025:18:26:01 +0000] "GET /wp-content/install.php HTTP/1.1" 200 16 "https://superexoticrental.com/wp-content/install.php" "Mozilla/5.0 (Windows NT 10.0; Win64; x64) AppleWebKit/537.36 (KHTML, like Gecko) Chrome/58.0.3029.110 Safari/537.3"
superexoticrental.com.infinitibizsol.com:443 162.0.223.40 - - [11/Jun/2025:18:26:03 +0000] "POST /wp-cron.php?doing_wp_cron=1749666362.6657149791717529296875 HTTP/1.1" 499 0 "-" "WordPress/6.8.1; https://superexoticrental.com"
superexoticrental.com.infinitibizsol.com:443 20.171.207.71 - - [11/Jun/2025:18:26:06 +0000] "GET /124mnxs37143.html HTTP/1.1" 404 32358 "-" "Mozilla/5.0 AppleWebKit/537.36 (KHTML, like Gecko; compatible; GPTBot/1.2; +https://openai.com/gptbot)"
superexoticrental.com.infinitibizsol.com:443 198.204.226.18 - - [11/Jun/2025:18:26:28 +0000] "GET /wp-content/install.php HTTP/1.1" 200 16 "https://superexoticrental.com/wp-content/install.php" "Mozilla/5.0 (Windows NT 10.0; Win64; x64) AppleWebKit/537.36 (KHTML, like Gecko) Chrome/58.0.3029.110 Safari/537.3"
superexoticrental.com.infinitibizsol.com:443 198.204.226.18 - - [11/Jun/2025:18:26:38 +0000] "GET /wp-content/install.php HTTP/1.1" 200 16 "https://superexoticrental.com/wp-content/install.php" "Mozilla/5.0 (Windows NT 10.0; Win64; x64) AppleWebKit/537.36 (KHTML, like Gecko) Chrome/58.0.3029.110 Safari/537.3"
superexoticrental.com.infinitibizsol.com:443 162.0.223.40 - - [11/Jun/2025:18:27:17 +0000] "POST /wp-cron.php?doing_wp_cron=1749666436.7253770828247070312500 HTTP/1.1" 499 0 "-" "WordPress/6.8.1; https://superexoticrental.com"
superexoticrental.com.infinitibizsol.com:443 20.171.207.71 - - [11/Jun/2025:18:27:18 +0000] "GET /158bpmp41695.html HTTP/1.1" 499 0 "-" "Mozilla/5.0 AppleWebKit/537.36 (KHTML, like Gecko; compatible; GPTBot/1.2; +https://openai.com/gptbot)"
superexoticrental.com.infinitibizsol.com:443 111.225.149.10 - - [11/Jun/2025:18:27:22 +0000] "GET /wp-content/uploads/2023/03/GMC-Yukon-XL.png HTTP/1.1" 200 3296469 "-" "Mozilla/5.0 (Linux; Android 5.0) AppleWebKit/537.36 (KHTML, like Gecko) Mobile Safari/537.36 (compatible; Bytespider; https://zhanzhang.toutiao.com/)"
superexoticrental.com.infinitibizsol.com:443 173.208.204.66 - - [11/Jun/2025:18:27:35 +0000] "GET /wp-content/install.php HTTP/1.1" 499 0 "https://superexoticrental.com/wp-content/install.php" "Mozilla/5.0 (Windows NT 10.0; Win64; x64) AppleWebKit/537.36 (KHTML, like Gecko) Chrome/58.0.3029.110 Safari/537.3"
superexoticrental.com.infinitibizsol.com:443 198.204.226.18 - - [11/Jun/2025:18:27:36 +0000] "GET /wp-content/install.php HTTP/1.1" 200 16 "https://superexoticrental.com/wp-content/install.php" "Mozilla/5.0 (Windows NT 10.0; Win64; x64) AppleWebKit/537.36 (KHTML, like Gecko) Chrome/58.0.3029.110 Safari/537.3"
superexoticrental.com.infinitibizsol.com:443 173.208.204.66 - - [11/Jun/2025:18:27:36 +0000] "GET /wp-content/install.php HTTP/1.1" 200 16 "https://superexoticrental.com/wp-content/install.php" "Mozilla/5.0 (Windows NT 10.0; Win64; x64) AppleWebKit/537.36 (KHTML, like Gecko) Chrome/58.0.3029.110 Safari/537.3"
superexoticrental.com.infinitibizsol.com:443 198.204.226.18 - - [11/Jun/2025:18:27:54 +0000] "GET /wp-content/install.php HTTP/1.1" 200 16 "https://superexoticrental.com/wp-content/install.php" "Mozilla/5.0 (Windows NT 10.0; Win64; x64) AppleWebKit/537.36 (KHTML, like Gecko) Chrome/58.0.3029.110 Safari/537.3"
superexoticrental.com.infinitibizsol.com:443 20.171.207.71 - - [11/Jun/2025:18:28:18 +0000] "GET /153koyk30610.html HTTP/1.1" 499 0 "-" "Mozilla/5.0 AppleWebKit/537.36 (KHTML, like Gecko; compatible; GPTBot/1.2; +https://openai.com/gptbot)"
superexoticrental.com.infinitibizsol.com:443 162.0.223.40 - - [11/Jun/2025:18:28:28 +0000] "POST /wp-cron.php?doing_wp_cron=1749666507.2040169239044189453125 HTTP/1.1" 499 0 "-" "WordPress/6.8.1; https://superexoticrental.com"
superexoticrental.com.infinitibizsol.com:443 198.204.226.18 - - [11/Jun/2025:18:29:09 +0000] "GET /wp-content/install.php HTTP/1.1" 499 0 "https://superexoticrental.com/wp-content/install.php" "Mozilla/5.0 (Windows NT 10.0; Win64; x64) AppleWebKit/537.36 (KHTML, like Gecko) Chrome/58.0.3029.110 Safari/537.3"
superexoticrental.com.infinitibizsol.com:443 20.171.207.71 - - [11/Jun/2025:18:29:22 +0000] "GET /179mhrj27032.html HTTP/1.1" 499 0 "-" "Mozilla/5.0 AppleWebKit/537.36 (KHTML, like Gecko; compatible; GPTBot/1.2; +https://openai.com/gptbot)"
superexoticrental.com.infinitibizsol.com:443 198.204.226.18 - - [11/Jun/2025:18:29:25 +0000] "GET /wp-content/install.php HTTP/1.1" 200 16 "https://superexoticrental.com/wp-content/install.php" "Mozilla/5.0 (Windows NT 10.0; Win64; x64) AppleWebKit/537.36 (KHTML, like Gecko) Chrome/58.0.3029.110 Safari/537.3"
superexoticrental.com.infinitibizsol.com:443 162.0.223.40 - - [11/Jun/2025:18:29:30 +0000] "POST /wp-cron.php?doing_wp_cron=1749666569.0095798969268798828125 HTTP/1.1" 499 0 "-" "WordPress/6.8.1; https://superexoticrental.com"
superexoticrental.com.infinitibizsol.com:443 198.204.226.18 - - [11/Jun/2025:18:30:07 +0000] "GET /wp-content/install.php HTTP/1.1" 200 16 "https://superexoticrental.com/wp-content/install.php" "Mozilla/5.0 (Windows NT 10.0; Win64; x64) AppleWebKit/537.36 (KHTML, like Gecko) Chrome/58.0.3029.110 Safari/537.3"
superexoticrental.com.infinitibizsol.com:443 20.171.207.71 - - [11/Jun/2025:18:30:23 +0000] "GET /299qsnm21488.html HTTP/1.1" 499 0 "-" "Mozilla/5.0 AppleWebKit/537.36 (KHTML, like Gecko; compatible; GPTBot/1.2; +https://openai.com/gptbot)"
superexoticrental.com.infinitibizsol.com:443 162.0.223.40 - - [11/Jun/2025:18:30:31 +0000] "POST /wp-cron.php?doing_wp_cron=1749666630.2588450908660888671875 HTTP/1.1" 499 0 "-" "WordPress/6.8.1; https://superexoticrental.com"
superexoticrental.com.infinitibizsol.com:443 198.204.226.18 - - [11/Jun/2025:18:31:14 +0000] "GET /wp-content/install.php HTTP/1.1" 499 0 "https://superexoticrental.com/wp-content/install.php" "Mozilla/5.0 (Windows NT 10.0; Win64; x64) AppleWebKit/537.36 (KHTML, like Gecko) Chrome/58.0.3029.110 Safari/537.3"
superexoticrental.com.infinitibizsol.com:443 198.204.226.18 - - [11/Jun/2025:18:31:15 +0000] "GET /wp-content/install.php HTTP/1.1" 200 16 "https://superexoticrental.com/wp-content/install.php" "Mozilla/5.0 (Windows NT 10.0; Win64; x64) AppleWebKit/537.36 (KHTML, like Gecko) Chrome/58.0.3029.110 Safari/537.3"
superexoticrental.com.infinitibizsol.com:443 20.171.207.71 - - [11/Jun/2025:18:31:23 +0000] "GET /166gqvg29491.html HTTP/1.1" 404 32358 "-" "Mozilla/5.0 AppleWebKit/537.36 (KHTML, like Gecko; compatible; GPTBot/1.2; +https://openai.com/gptbot)"
superexoticrental.com.infinitibizsol.com:443 198.204.226.18 - - [11/Jun/2025:18:32:07 +0000] "GET /wp-content/install.php HTTP/1.1" 200 16 "https://superexoticrental.com/wp-content/install.php" "Mozilla/5.0 (Windows NT 10.0; Win64; x64) AppleWebKit/537.36 (KHTML, like Gecko) Chrome/58.0.3029.110 Safari/537.3"
superexoticrental.com.infinitibizsol.com:443 20.171.207.71 - - [11/Jun/2025:18:32:32 +0000] "GET /202arry10577.html HTTP/1.1" 499 0 "-" "Mozilla/5.0 AppleWebKit/537.36 (KHTML, like Gecko; compatible; GPTBot/1.2; +https://openai.com/gptbot)"
superexoticrental.com.infinitibizsol.com:443 162.0.223.40 - - [11/Jun/2025:18:32:42 +0000] "POST /wp-cron.php?doing_wp_cron=1749666761.4326579570770263671875 HTTP/1.1" 499 0 "-" "WordPress/6.8.1; https://superexoticrental.com"
superexoticrental.com.infinitibizsol.com:443 198.204.226.18 - - [11/Jun/2025:18:32:47 +0000] "GET /wp-content/install.php HTTP/1.1" 499 0 "https://superexoticrental.com/wp-content/install.php" "Mozilla/5.0 (Windows NT 10.0; Win64; x64) AppleWebKit/537.36 (KHTML, like Gecko) Chrome/58.0.3029.110 Safari/537.3"
superexoticrental.com.infinitibizsol.com:443 20.171.207.71 - - [11/Jun/2025:18:33:35 +0000] "GET /139dedl25010.html HTTP/1.1" 499 0 "-" "Mozilla/5.0 AppleWebKit/537.36 (KHTML, like Gecko; compatible; GPTBot/1.2; +https://openai.com/gptbot)"
superexoticrental.com.infinitibizsol.com:443 162.0.223.40 - - [11/Jun/2025:18:33:47 +0000] "POST /wp-cron.php?doing_wp_cron=1749666826.2514679431915283203125 HTTP/1.1" 499 0 "-" "WordPress/6.8.1; https://superexoticrental.com"
superexoticrental.com.infinitibizsol.com:443 198.204.226.18 - - [11/Jun/2025:18:34:16 +0000] "GET /wp-content/install.php HTTP/1.1" 499 0 "https://superexoticrental.com/wp-content/install.php" "Mozilla/5.0 (Windows NT 10.0; Win64; x64) AppleWebKit/537.36 (KHTML, like Gecko) Chrome/58.0.3029.110 Safari/537.3"
superexoticrental.com.infinitibizsol.com:443 198.204.226.18 - - [11/Jun/2025:18:34:20 +0000] "GET /wp-content/install.php HTTP/1.1" 200 16 "https://superexoticrental.com/wp-content/install.php" "Mozilla/5.0 (Windows NT 10.0; Win64; x64) AppleWebKit/537.36 (KHTML, like Gecko) Chrome/58.0.3029.110 Safari/537.3"
superexoticrental.com.infinitibizsol.com:443 20.171.207.71 - - [11/Jun/2025:18:34:35 +0000] "GET /213bhrk28178.html HTTP/1.1" 499 0 "-" "Mozilla/5.0 AppleWebKit/537.36 (KHTML, like Gecko; compatible; GPTBot/1.2; +https://openai.com/gptbot)"
superexoticrental.com.infinitibizsol.com:443 198.204.226.18 - - [11/Jun/2025:18:34:48 +0000] "GET /wp-content/install.php HTTP/1.1" 200 16 "https://superexoticrental.com/wp-content/install.php" "Mozilla/5.0 (Windows NT 10.0; Win64; x64) AppleWebKit/537.36 (KHTML, like Gecko) Chrome/58.0.3029.110 Safari/537.3"
superexoticrental.com.infinitibizsol.com:443 162.0.223.40 - - [11/Jun/2025:18:35:00 +0000] "POST /wp-cron.php?doing_wp_cron=1749666899.7380349636077880859375 HTTP/1.1" 499 0 "-" "WordPress/6.8.1; https://superexoticrental.com"
superexoticrental.com.infinitibizsol.com:443 198.204.226.18 - - [11/Jun/2025:18:35:31 +0000] "GET /wp-content/install.php HTTP/1.1" 200 16 "https://superexoticrental.com/wp-content/install.php" "Mozilla/5.0 (Windows NT 10.0; Win64; x64) AppleWebKit/537.36 (KHTML, like Gecko) Chrome/58.0.3029.110 Safari/537.3"
superexoticrental.com.infinitibizsol.com:443 20.171.207.71 - - [11/Jun/2025:18:35:38 +0000] "GET /286ipcc12651.html HTTP/1.1" 499 0 "-" "Mozilla/5.0 AppleWebKit/537.36 (KHTML, like Gecko; compatible; GPTBot/1.2; +https://openai.com/gptbot)"
superexoticrental.com.infinitibizsol.com:443 198.204.224.34 - - [11/Jun/2025:18:35:49 +0000] "GET /wp-content/install.php HTTP/1.1" 499 0 "https://superexoticrental.com/wp-content/install.php" "Mozilla/5.0 (Windows NT 10.0; Win64; x64) AppleWebKit/537.36 (KHTML, like Gecko) Chrome/58.0.3029.110 Safari/537.3"
superexoticrental.com.infinitibizsol.com:443 198.204.224.34 - - [11/Jun/2025:18:35:50 +0000] "GET /wp-content/install.php HTTP/1.1" 200 16 "https://superexoticrental.com/wp-content/install.php" "Mozilla/5.0 (Windows NT 10.0; Win64; x64) AppleWebKit/537.36 (KHTML, like Gecko) Chrome/58.0.3029.110 Safari/537.3"
superexoticrental.com.infinitibizsol.com:443 162.0.223.40 - - [11/Jun/2025:18:36:01 +0000] "POST /wp-cron.php?doing_wp_cron=1749666959.9865729808807373046875 HTTP/1.1" 499 0 "-" "WordPress/6.8.1; https://superexoticrental.com"
superexoticrental.com.infinitibizsol.com:443 198.204.226.18 - - [11/Jun/2025:18:36:01 +0000] "GET /wp-content/install.php HTTP/1.1" 200 16 "https://superexoticrental.com/wp-content/install.php" "Mozilla/5.0 (Windows NT 10.0; Win64; x64) AppleWebKit/537.36 (KHTML, like Gecko) Chrome/58.0.3029.110 Safari/537.3"
superexoticrental.com.infinitibizsol.com:443 198.204.226.18 - - [11/Jun/2025:18:36:25 +0000] "GET /wp-content/install.php HTTP/1.1" 200 16 "https://superexoticrental.com/wp-content/install.php" "Mozilla/5.0 (Windows NT 10.0; Win64; x64) AppleWebKit/537.36 (KHTML, like Gecko) Chrome/58.0.3029.110 Safari/537.3"
superexoticrental.com.infinitibizsol.com:443 20.171.207.71 - - [11/Jun/2025:18:36:38 +0000] "GET /288gfsh29659.html HTTP/1.1" 404 32358 "-" "Mozilla/5.0 AppleWebKit/537.36 (KHTML, like Gecko; compatible; GPTBot/1.2; +https://openai.com/gptbot)"
superexoticrental.com.infinitibizsol.com:443 20.171.207.71 - - [11/Jun/2025:18:37:39 +0000] "GET /185mrbt19840.html HTTP/1.1" 499 0 "-" "Mozilla/5.0 AppleWebKit/537.36 (KHTML, like Gecko; compatible; GPTBot/1.2; +https://openai.com/gptbot)"
superexoticrental.com.infinitibizsol.com:443 162.0.223.40 - - [11/Jun/2025:18:37:46 +0000] "POST /wp-cron.php?doing_wp_cron=1749667065.2405021190643310546875 HTTP/1.1" 499 0 "-" "WordPress/6.8.1; https://superexoticrental.com"
superexoticrental.com.infinitibizsol.com:443 198.204.226.18 - - [11/Jun/2025:18:38:09 +0000] "GET /wp-content/install.php HTTP/1.1" 499 0 "https://superexoticrental.com/wp-content/install.php" "Mozilla/5.0 (Windows NT 10.0; Win64; x64) AppleWebKit/537.36 (KHTML, like Gecko) Chrome/58.0.3029.110 Safari/537.3"
superexoticrental.com.infinitibizsol.com:443 20.171.207.71 - - [11/Jun/2025:18:38:40 +0000] "GET /176wpwl26507.html HTTP/1.1" 499 0 "-" "Mozilla/5.0 AppleWebKit/537.36 (KHTML, like Gecko; compatible; GPTBot/1.2; +https://openai.com/gptbot)"
superexoticrental.com.infinitibizsol.com:443 20.171.207.71 - - [11/Jun/2025:18:39:42 +0000] "GET /152zopv17191.html HTTP/1.1" 499 0 "-" "Mozilla/5.0 AppleWebKit/537.36 (KHTML, like Gecko; compatible; GPTBot/1.2; +https://openai.com/gptbot)"
superexoticrental.com.infinitibizsol.com:443 198.204.226.18 - - [11/Jun/2025:18:39:43 +0000] "GET /wp-content/install.php HTTP/1.1" 499 0 "https://superexoticrental.com/wp-content/install.php" "Mozilla/5.0 (Windows NT 10.0; Win64; x64) AppleWebKit/537.36 (KHTML, like Gecko) Chrome/58.0.3029.110 Safari/537.3"
superexoticrental.com.infinitibizsol.com:443 162.0.223.40 - - [11/Jun/2025:18:39:44 +0000] "POST /wp-cron.php?doing_wp_cron=1749667183.6684210300445556640625 HTTP/1.1" 499 0 "-" "WordPress/6.8.1; https://superexoticrental.com"
superexoticrental.com.infinitibizsol.com:443 198.204.226.18 - - [11/Jun/2025:18:40:05 +0000] "GET /wp-content/install.php HTTP/1.1" 200 6 "https://superexoticrental.com/wp-content/install.php" "Mozilla/5.0 (Windows NT 10.0; Win64; x64) AppleWebKit/537.36 (KHTML, like Gecko) Chrome/58.0.3029.110 Safari/537.3"
superexoticrental.com.infinitibizsol.com:443 20.171.207.71 - - [11/Jun/2025:18:40:46 +0000] "GET /125mweh16758.html HTTP/1.1" 499 0 "-" "Mozilla/5.0 AppleWebKit/537.36 (KHTML, like Gecko; compatible; GPTBot/1.2; +https://openai.com/gptbot)"
superexoticrental.com.infinitibizsol.com:443 162.0.223.40 - - [11/Jun/2025:18:40:49 +0000] "POST /wp-cron.php?doing_wp_cron=1749667248.6186718940734863281250 HTTP/1.1" 499 0 "-" "WordPress/6.8.1; https://superexoticrental.com"
superexoticrental.com.infinitibizsol.com:443 20.171.207.71 - - [11/Jun/2025:18:41:47 +0000] "GET /212lxry31855.html HTTP/1.1" 499 0 "-" "Mozilla/5.0 AppleWebKit/537.36 (KHTML, like Gecko; compatible; GPTBot/1.2; +https://openai.com/gptbot)"
superexoticrental.com.infinitibizsol.com:443 162.0.223.40 - - [11/Jun/2025:18:41:57 +0000] "POST /wp-cron.php?doing_wp_cron=1749667316.5203189849853515625000 HTTP/1.1" 499 0 "-" "WordPress/6.8.1; https://superexoticrental.com"
superexoticrental.com.infinitibizsol.com:443 198.204.226.18 - - [11/Jun/2025:18:42:03 +0000] "GET /wp-content/install.php HTTP/1.1" 499 0 "https://superexoticrental.com/wp-content/install.php" "Mozilla/5.0 (Windows NT 10.0; Win64; x64) AppleWebKit/537.36 (KHTML, like Gecko) Chrome/58.0.3029.110 Safari/537.3"
superexoticrental.com.infinitibizsol.com:443 198.204.226.18 - - [11/Jun/2025:18:42:21 +0000] "GET /wp-content/install.php HTTP/1.1" 200 16 "https://superexoticrental.com/wp-content/install.php" "Mozilla/5.0 (Windows NT 10.0; Win64; x64) AppleWebKit/537.36 (KHTML, like Gecko) Chrome/58.0.3029.110 Safari/537.3"
superexoticrental.com.infinitibizsol.com:443 198.204.226.18 - - [11/Jun/2025:18:42:35 +0000] "GET /wp-content/install.php HTTP/1.1" 200 16 "https://superexoticrental.com/wp-content/install.php" "Mozilla/5.0 (Windows NT 10.0; Win64; x64) AppleWebKit/537.36 (KHTML, like Gecko) Chrome/58.0.3029.110 Safari/537.3"
superexoticrental.com.infinitibizsol.com:443 20.171.207.71 - - [11/Jun/2025:18:42:50 +0000] "GET /290mipg10393.html HTTP/1.1" 499 0 "-" "Mozilla/5.0 AppleWebKit/537.36 (KHTML, like Gecko; compatible; GPTBot/1.2; +https://openai.com/gptbot)"
superexoticrental.com.infinitibizsol.com:443 162.0.223.40 - - [11/Jun/2025:18:42:59 +0000] "POST /wp-cron.php?doing_wp_cron=1749667378.1687641143798828125000 HTTP/1.1" 499 0 "-" "WordPress/6.8.1; https://superexoticrental.com"
superexoticrental.com.infinitibizsol.com:443 173.208.204.66 - - [11/Jun/2025:18:43:32 +0000] "GET /wp-content/install.php HTTP/1.1" 200 16 "https://superexoticrental.com/wp-content/install.php" "Mozilla/5.0 (Windows NT 10.0; Win64; x64) AppleWebKit/537.36 (KHTML, like Gecko) Chrome/58.0.3029.110 Safari/537.3"
superexoticrental.com.infinitibizsol.com:443 198.204.226.18 - - [11/Jun/2025:18:43:35 +0000] "GET /wp-content/install.php HTTP/1.1" 499 0 "https://superexoticrental.com/wp-content/install.php" "Mozilla/5.0 (Windows NT 10.0; Win64; x64) AppleWebKit/537.36 (KHTML, like Gecko) Chrome/58.0.3029.110 Safari/537.3"
superexoticrental.com.infinitibizsol.com:443 198.204.226.18 - - [11/Jun/2025:18:43:36 +0000] "GET /wp-content/install.php HTTP/1.1" 200 16 "https://superexoticrental.com/wp-content/install.php" "Mozilla/5.0 (Windows NT 10.0; Win64; x64) AppleWebKit/537.36 (KHTML, like Gecko) Chrome/58.0.3029.110 Safari/537.3"
superexoticrental.com.infinitibizsol.com:443 20.171.207.71 - - [11/Jun/2025:18:43:54 +0000] "GET /242afua34661.html HTTP/1.1" 499 0 "-" "Mozilla/5.0 AppleWebKit/537.36 (KHTML, like Gecko; compatible; GPTBot/1.2; +https://openai.com/gptbot)"
superexoticrental.com.infinitibizsol.com:443 162.0.223.40 - - [11/Jun/2025:18:44:10 +0000] "POST /wp-cron.php?doing_wp_cron=1749667449.8846590518951416015625 HTTP/1.1" 499 0 "-" "WordPress/6.8.1; https://superexoticrental.com"
superexoticrental.com.infinitibizsol.com:443 198.204.226.18 - - [11/Jun/2025:18:44:34 +0000] "GET /wp-content/install.php HTTP/1.1" 200 16 "https://superexoticrental.com/wp-content/install.php" "Mozilla/5.0 (Windows NT 10.0; Win64; x64) AppleWebKit/537.36 (KHTML, like Gecko) Chrome/58.0.3029.110 Safari/537.3"
superexoticrental.com.infinitibizsol.com:443 20.171.207.28 - - [11/Jun/2025:18:46:00 +0000] "GET /143hdpm17662.html HTTP/1.1" 499 0 "-" "Mozilla/5.0 AppleWebKit/537.36 (KHTML, like Gecko; compatible; GPTBot/1.2; +https://openai.com/gptbot)"
superexoticrental.com.infinitibizsol.com:443 162.0.223.40 - - [11/Jun/2025:18:46:13 +0000] "POST /wp-cron.php?doing_wp_cron=1749667572.4455909729003906250000 HTTP/1.1" 499 0 "-" "WordPress/6.8.1; https://superexoticrental.com"
superexoticrental.com.infinitibizsol.com:443 20.171.207.28 - - [11/Jun/2025:18:47:00 +0000] "GET /236znmb37671.html HTTP/1.1" 499 0 "-" "Mozilla/5.0 AppleWebKit/537.36 (KHTML, like Gecko; compatible; GPTBot/1.2; +https://openai.com/gptbot)"
superexoticrental.com.infinitibizsol.com:443 162.0.223.40 - - [11/Jun/2025:18:47:27 +0000] "POST /wp-cron.php?doing_wp_cron=1749667646.7945420742034912109375 HTTP/1.1" 499 0 "-" "WordPress/6.8.1; https://superexoticrental.com"
superexoticrental.com.infinitibizsol.com:443 20.171.207.28 - - [11/Jun/2025:18:47:41 +0000] "GET /269riul38398.html HTTP/1.1" 404 58133 "-" "Mozilla/5.0 AppleWebKit/537.36 (KHTML, like Gecko; compatible; GPTBot/1.2; +https://openai.com/gptbot)"
superexoticrental.com.infinitibizsol.com:443 20.171.207.28 - - [11/Jun/2025:18:49:02 +0000] "GET /190doyg11521.html HTTP/1.1" 499 0 "-" "Mozilla/5.0 AppleWebKit/537.36 (KHTML, like Gecko; compatible; GPTBot/1.2; +https://openai.com/gptbot)"
superexoticrental.com.infinitibizsol.com:443 162.0.223.40 - - [11/Jun/2025:18:49:25 +0000] "POST /wp-cron.php?doing_wp_cron=1749667764.8665440082550048828125 HTTP/1.1" 499 0 "-" "WordPress/6.8.1; https://superexoticrental.com"
superexoticrental.com.infinitibizsol.com:443 20.171.207.28 - - [11/Jun/2025:18:49:50 +0000] "GET /200sdhx25359.html HTTP/1.1" 404 32358 "-" "Mozilla/5.0 AppleWebKit/537.36 (KHTML, like Gecko; compatible; GPTBot/1.2; +https://openai.com/gptbot)"
superexoticrental.com.infinitibizsol.com:443 20.171.207.28 - - [11/Jun/2025:18:51:08 +0000] "GET /259uhxj25896.html HTTP/1.1" 499 0 "-" "Mozilla/5.0 AppleWebKit/537.36 (KHTML, like Gecko; compatible; GPTBot/1.2; +https://openai.com/gptbot)"
superexoticrental.com.infinitibizsol.com:443 162.0.223.40 - - [11/Jun/2025:18:51:21 +0000] "POST /wp-cron.php?doing_wp_cron=1749667880.2488479614257812500000 HTTP/1.1" 499 0 "-" "WordPress/6.8.1; https://superexoticrental.com"
superexoticrental.com.infinitibizsol.com:443 173.208.204.66 - - [11/Jun/2025:18:51:34 +0000] "GET /wp-content/install.php HTTP/1.1" 499 0 "https://superexoticrental.com/wp-content/install.php" "Mozilla/5.0 (Windows NT 10.0; Win64; x64) AppleWebKit/537.36 (KHTML, like Gecko) Chrome/58.0.3029.110 Safari/537.3"
superexoticrental.com.infinitibizsol.com:443 173.208.204.66 - - [11/Jun/2025:18:51:34 +0000] "GET /wp-content/install.php HTTP/1.1" 200 16 "https://superexoticrental.com/wp-content/install.php" "Mozilla/5.0 (Windows NT 10.0; Win64; x64) AppleWebKit/537.36 (KHTML, like Gecko) Chrome/58.0.3029.110 Safari/537.3"
superexoticrental.com.infinitibizsol.com:443 20.171.207.28 - - [11/Jun/2025:18:52:08 +0000] "GET /279hmit38454.html HTTP/1.1" 499 0 "-" "Mozilla/5.0 AppleWebKit/537.36 (KHTML, like Gecko; compatible; GPTBot/1.2; +https://openai.com/gptbot)"
superexoticrental.com.infinitibizsol.com:443 162.0.223.40 - - [11/Jun/2025:18:52:22 +0000] "POST /wp-cron.php?doing_wp_cron=1749667941.5678520202636718750000 HTTP/1.1" 499 0 "-" "WordPress/6.8.1; https://superexoticrental.com"
superexoticrental.com.infinitibizsol.com:443 20.171.207.28 - - [11/Jun/2025:18:53:11 +0000] "GET /123wmvt24556.html HTTP/1.1" 499 0 "-" "Mozilla/5.0 AppleWebKit/537.36 (KHTML, like Gecko; compatible; GPTBot/1.2; +https://openai.com/gptbot)"
superexoticrental.com.infinitibizsol.com:443 162.0.223.40 - - [11/Jun/2025:18:53:23 +0000] "POST /wp-cron.php?doing_wp_cron=1749668002.9336159229278564453125 HTTP/1.1" 499 0 "-" "WordPress/6.8.1; https://superexoticrental.com"
superexoticrental.com.infinitibizsol.com:443 20.171.207.28 - - [11/Jun/2025:18:54:16 +0000] "GET /242afua34661.html HTTP/1.1" 499 0 "-" "Mozilla/5.0 AppleWebKit/537.36 (KHTML, like Gecko; compatible; GPTBot/1.2; +https://openai.com/gptbot)"
superexoticrental.com.infinitibizsol.com:443 198.204.226.18 - - [11/Jun/2025:18:54:51 +0000] "GET /wp-content/install.php HTTP/1.1" 499 0 "https://superexoticrental.com/wp-content/install.php" "Mozilla/5.0 (Windows NT 10.0; Win64; x64) AppleWebKit/537.36 (KHTML, like Gecko) Chrome/58.0.3029.110 Safari/537.3"
superexoticrental.com.infinitibizsol.com:443 20.171.207.28 - - [11/Jun/2025:18:55:16 +0000] "GET /171ouuk28686.html HTTP/1.1" 499 0 "-" "Mozilla/5.0 AppleWebKit/537.36 (KHTML, like Gecko; compatible; GPTBot/1.2; +https://openai.com/gptbot)"
superexoticrental.com.infinitibizsol.com:443 162.0.223.40 - - [11/Jun/2025:18:55:22 +0000] "POST /wp-cron.php?doing_wp_cron=1749668121.6069951057434082031250 HTTP/1.1" 499 0 "-" "WordPress/6.8.1; https://superexoticrental.com"
superexoticrental.com.infinitibizsol.com:443 198.204.226.18 - - [11/Jun/2025:18:56:18 +0000] "GET /wp-content/install.php HTTP/1.1" 499 0 "https://superexoticrental.com/wp-content/install.php" "Mozilla/5.0 (Windows NT 10.0; Win64; x64) AppleWebKit/537.36 (KHTML, like Gecko) Chrome/58.0.3029.110 Safari/537.3"
superexoticrental.com.infinitibizsol.com:443 20.171.207.28 - - [11/Jun/2025:18:56:22 +0000] "GET /147mysa27426.html HTTP/1.1" 499 0 "-" "Mozilla/5.0 AppleWebKit/537.36 (KHTML, like Gecko; compatible; GPTBot/1.2; +https://openai.com/gptbot)"
superexoticrental.com.infinitibizsol.com:443 162.0.223.40 - - [11/Jun/2025:18:56:42 +0000] "POST /wp-cron.php?doing_wp_cron=1749668200.9795219898223876953125 HTTP/1.1" 499 0 "-" "WordPress/6.8.1; https://superexoticrental.com"
superexoticrental.com.infinitibizsol.com:443 20.171.207.28 - - [11/Jun/2025:18:57:27 +0000] "GET /232bjny22957.html HTTP/1.1" 499 0 "-" "Mozilla/5.0 AppleWebKit/537.36 (KHTML, like Gecko; compatible; GPTBot/1.2; +https://openai.com/gptbot)"
superexoticrental.com.infinitibizsol.com:443 162.0.223.40 - - [11/Jun/2025:18:57:42 +0000] "POST /wp-cron.php?doing_wp_cron=1749668261.6055049896240234375000 HTTP/1.1" 499 0 "-" "WordPress/6.8.1; https://superexoticrental.com"
superexoticrental.com.infinitibizsol.com:443 20.171.207.28 - - [11/Jun/2025:18:58:33 +0000] "GET /245cyul13534.html HTTP/1.1" 499 0 "-" "Mozilla/5.0 AppleWebKit/537.36 (KHTML, like Gecko; compatible; GPTBot/1.2; +https://openai.com/gptbot)"
superexoticrental.com.infinitibizsol.com:443 162.0.223.40 - - [11/Jun/2025:18:58:51 +0000] "POST /wp-cron.php?doing_wp_cron=1749668330.6832869052886962890625 HTTP/1.1" 499 0 "-" "WordPress/6.8.1; https://superexoticrental.com"
superexoticrental.com.infinitibizsol.com:443 198.204.226.18 - - [11/Jun/2025:18:59:30 +0000] "GET /wp-content/install.php HTTP/1.1" 499 0 "https://superexoticrental.com/wp-content/install.php" "Mozilla/5.0 (Windows NT 10.0; Win64; x64) AppleWebKit/537.36 (KHTML, like Gecko) Chrome/58.0.3029.110 Safari/537.3"
superexoticrental.com.infinitibizsol.com:443 173.208.204.66 - - [11/Jun/2025:18:59:31 +0000] "GET /wp-content/install.php HTTP/1.1" 200 16 "https://superexoticrental.com/wp-content/install.php" "Mozilla/5.0 (Windows NT 10.0; Win64; x64) AppleWebKit/537.36 (KHTML, like Gecko) Chrome/58.0.3029.110 Safari/537.3"
superexoticrental.com.infinitibizsol.com:443 198.204.226.18 - - [11/Jun/2025:18:59:37 +0000] "GET /wp-content/install.php HTTP/1.1" 200 16 "https://superexoticrental.com/wp-content/install.php" "Mozilla/5.0 (Windows NT 10.0; Win64; x64) AppleWebKit/537.36 (KHTML, like Gecko) Chrome/58.0.3029.110 Safari/537.3"
superexoticrental.com.infinitibizsol.com:443 20.171.207.28 - - [11/Jun/2025:18:59:38 +0000] "GET /139kwkm14972.html HTTP/1.1" 499 0 "-" "Mozilla/5.0 AppleWebKit/537.36 (KHTML, like Gecko; compatible; GPTBot/1.2; +https://openai.com/gptbot)"
superexoticrental.com.infinitibizsol.com:443 162.0.223.40 - - [11/Jun/2025:18:59:53 +0000] "POST /wp-cron.php?doing_wp_cron=1749668392.6156699657440185546875 HTTP/1.1" 499 0 "-" "WordPress/6.8.1; https://superexoticrental.com"
superexoticrental.com.infinitibizsol.com:443 20.171.207.28 - - [11/Jun/2025:19:00:41 +0000] "GET /177upmu21904.html HTTP/1.1" 499 0 "-" "Mozilla/5.0 AppleWebKit/537.36 (KHTML, like Gecko; compatible; GPTBot/1.2; +https://openai.com/gptbot)"
superexoticrental.com.infinitibizsol.com:443 162.0.223.40 - - [11/Jun/2025:19:01:06 +0000] "POST /wp-cron.php?doing_wp_cron=1749668465.3268699645996093750000 HTTP/1.1" 499 0 "-" "WordPress/6.8.1; https://superexoticrental.com"
superexoticrental.com.infinitibizsol.com:443 20.171.207.28 - - [11/Jun/2025:19:01:42 +0000] "GET /299phpa31180.html HTTP/1.1" 404 32358 "-" "Mozilla/5.0 AppleWebKit/537.36 (KHTML, like Gecko; compatible; GPTBot/1.2; +https://openai.com/gptbot)"
superexoticrental.com.infinitibizsol.com:443 198.204.226.18 - - [11/Jun/2025:19:02:32 +0000] "GET /wp-content/install.php HTTP/1.1" 499 0 "https://superexoticrental.com/wp-content/install.php" "Mozilla/5.0 (Windows NT 10.0; Win64; x64) AppleWebKit/537.36 (KHTML, like Gecko) Chrome/58.0.3029.110 Safari/537.3"
superexoticrental.com.infinitibizsol.com:443 198.204.226.18 - - [11/Jun/2025:19:02:34 +0000] "GET /wp-content/install.php HTTP/1.1" 200 16 "https://superexoticrental.com/wp-content/install.php" "Mozilla/5.0 (Windows NT 10.0; Win64; x64) AppleWebKit/537.36 (KHTML, like Gecko) Chrome/58.0.3029.110 Safari/537.3"
superexoticrental.com.infinitibizsol.com:443 20.171.207.28 - - [11/Jun/2025:19:02:46 +0000] "GET /284rwmu12489.html HTTP/1.1" 499 0 "-" "Mozilla/5.0 AppleWebKit/537.36 (KHTML, like Gecko; compatible; GPTBot/1.2; +https://openai.com/gptbot)"
superexoticrental.com.infinitibizsol.com:443 162.0.223.40 - - [11/Jun/2025:19:02:49 +0000] "POST /wp-cron.php?doing_wp_cron=1749668568.6224019527435302734375 HTTP/1.1" 499 0 "-" "WordPress/6.8.1; https://superexoticrental.com"
superexoticrental.com.infinitibizsol.com:443 198.204.226.18 - - [11/Jun/2025:19:03:37 +0000] "GET /wp-content/install.php HTTP/1.1" 200 16 "https://superexoticrental.com/wp-content/install.php" "Mozilla/5.0 (Windows NT 10.0; Win64; x64) AppleWebKit/537.36 (KHTML, like Gecko) Chrome/58.0.3029.110 Safari/537.3"
superexoticrental.com.infinitibizsol.com:443 20.171.207.28 - - [11/Jun/2025:19:03:51 +0000] "GET /191nnhr36260.html HTTP/1.1" 499 0 "-" "Mozilla/5.0 AppleWebKit/537.36 (KHTML, like Gecko; compatible; GPTBot/1.2; +https://openai.com/gptbot)"
superexoticrental.com.infinitibizsol.com:443 162.0.223.40 - - [11/Jun/2025:19:04:02 +0000] "POST /wp-cron.php?doing_wp_cron=1749668641.2506740093231201171875 HTTP/1.1" 499 0 "-" "WordPress/6.8.1; https://superexoticrental.com"
superexoticrental.com.infinitibizsol.com:443 198.204.226.18 - - [11/Jun/2025:19:04:32 +0000] "GET /wp-content/install.php HTTP/1.1" 499 0 "https://superexoticrental.com/wp-content/install.php" "Mozilla/5.0 (Windows NT 10.0; Win64; x64) AppleWebKit/537.36 (KHTML, like Gecko) Chrome/58.0.3029.110 Safari/537.3"
superexoticrental.com.infinitibizsol.com:443 20.171.207.28 - - [11/Jun/2025:19:04:56 +0000] "GET /240ddvm28191.html HTTP/1.1" 499 0 "-" "Mozilla/5.0 AppleWebKit/537.36 (KHTML, like Gecko; compatible; GPTBot/1.2; +https://openai.com/gptbot)"
superexoticrental.com.infinitibizsol.com:443 198.204.226.18 - - [11/Jun/2025:19:04:59 +0000] "GET /wp-content/install.php HTTP/1.1" 200 16 "https://superexoticrental.com/wp-content/install.php" "Mozilla/5.0 (Windows NT 10.0; Win64; x64) AppleWebKit/537.36 (KHTML, like Gecko) Chrome/58.0.3029.110 Safari/537.3"
superexoticrental.com.infinitibizsol.com:443 162.0.223.40 - - [11/Jun/2025:19:05:09 +0000] "POST /wp-cron.php?doing_wp_cron=1749668708.3710620403289794921875 HTTP/1.1" 499 0 "-" "WordPress/6.8.1; https://superexoticrental.com"
superexoticrental.com.infinitibizsol.com:443 198.204.226.18 - - [11/Jun/2025:19:05:15 +0000] "GET /wp-content/install.php HTTP/1.1" 200 16 "https://superexoticrental.com/wp-content/install.php" "Mozilla/5.0 (Windows NT 10.0; Win64; x64) AppleWebKit/537.36 (KHTML, like Gecko) Chrome/58.0.3029.110 Safari/537.3"
superexoticrental.com.infinitibizsol.com:443 198.204.226.18 - - [11/Jun/2025:19:05:21 +0000] "GET /wp-content/install.php HTTP/1.1" 200 16 "https://superexoticrental.com/wp-content/install.php" "Mozilla/5.0 (Windows NT 10.0; Win64; x64) AppleWebKit/537.36 (KHTML, like Gecko) Chrome/58.0.3029.110 Safari/537.3"
superexoticrental.com.infinitibizsol.com:443 20.171.207.28 - - [11/Jun/2025:19:05:49 +0000] "GET /186mwku10869.html HTTP/1.1" 404 58133 "-" "Mozilla/5.0 AppleWebKit/537.36 (KHTML, like Gecko; compatible; GPTBot/1.2; +https://openai.com/gptbot)"
superexoticrental.com.infinitibizsol.com:443 198.204.226.18 - - [11/Jun/2025:19:06:00 +0000] "GET /wp-content/install.php HTTP/1.1" 499 0 "https://superexoticrental.com/wp-content/install.php" "Mozilla/5.0 (Windows NT 10.0; Win64; x64) AppleWebKit/537.36 (KHTML, like Gecko) Chrome/58.0.3029.110 Safari/537.3"
superexoticrental.com.infinitibizsol.com:443 198.204.226.18 - - [11/Jun/2025:19:06:02 +0000] "GET /wp-content/install.php HTTP/1.1" 200 16 "https://superexoticrental.com/wp-content/install.php" "Mozilla/5.0 (Windows NT 10.0; Win64; x64) AppleWebKit/537.36 (KHTML, like Gecko) Chrome/58.0.3029.110 Safari/537.3"
superexoticrental.com.infinitibizsol.com:443 20.171.207.28 - - [11/Jun/2025:19:07:03 +0000] "GET /128lsmv39443.html HTTP/1.1" 499 0 "-" "Mozilla/5.0 AppleWebKit/537.36 (KHTML, like Gecko; compatible; GPTBot/1.2; +https://openai.com/gptbot)"
superexoticrental.com.infinitibizsol.com:443 162.0.223.40 - - [11/Jun/2025:19:07:04 +0000] "POST /wp-cron.php?doing_wp_cron=1749668823.4074790477752685546875 HTTP/1.1" 499 0 "-" "WordPress/6.8.1; https://superexoticrental.com"
superexoticrental.com.infinitibizsol.com:443 173.208.204.66 - - [11/Jun/2025:19:07:35 +0000] "GET /wp-content/install.php HTTP/1.1" 499 0 "https://superexoticrental.com/wp-content/install.php" "Mozilla/5.0 (Windows NT 10.0; Win64; x64) AppleWebKit/537.36 (KHTML, like Gecko) Chrome/58.0.3029.110 Safari/537.3"
superexoticrental.com.infinitibizsol.com:443 173.208.204.66 - - [11/Jun/2025:19:07:35 +0000] "GET /wp-content/install.php HTTP/1.1" 200 16 "https://superexoticrental.com/wp-content/install.php" "Mozilla/5.0 (Windows NT 10.0; Win64; x64) AppleWebKit/537.36 (KHTML, like Gecko) Chrome/58.0.3029.110 Safari/537.3"
superexoticrental.com.infinitibizsol.com:443 198.204.226.18 - - [11/Jun/2025:19:07:57 +0000] "GET /wp-content/install.php HTTP/1.1" 200 16 "https://superexoticrental.com/wp-content/install.php" "Mozilla/5.0 (Windows NT 10.0; Win64; x64) AppleWebKit/537.36 (KHTML, like Gecko) Chrome/58.0.3029.110 Safari/537.3"
superexoticrental.com.infinitibizsol.com:443 20.171.207.28 - - [11/Jun/2025:19:07:59 +0000] "GET /126hvto38203.html HTTP/1.1" 404 32358 "-" "Mozilla/5.0 AppleWebKit/537.36 (KHTML, like Gecko; compatible; GPTBot/1.2; +https://openai.com/gptbot)"
superexoticrental.com.infinitibizsol.com:443 162.0.223.40 - - [11/Jun/2025:19:08:56 +0000] "POST /wp-cron.php?doing_wp_cron=1749668935.3516469001770019531250 HTTP/1.1" 499 0 "-" "WordPress/6.8.1; https://superexoticrental.com"
superexoticrental.com.infinitibizsol.com:443 20.171.207.28 - - [11/Jun/2025:19:08:58 +0000] "GET /246anah40725.html HTTP/1.1" 404 32358 "-" "Mozilla/5.0 AppleWebKit/537.36 (KHTML, like Gecko; compatible; GPTBot/1.2; +https://openai.com/gptbot)"
superexoticrental.com.infinitibizsol.com:443 20.171.207.28 - - [11/Jun/2025:19:10:06 +0000] "GET /261lstv42090.html HTTP/1.1" 499 0 "-" "Mozilla/5.0 AppleWebKit/537.36 (KHTML, like Gecko; compatible; GPTBot/1.2; +https://openai.com/gptbot)"
superexoticrental.com.infinitibizsol.com:443 162.0.223.40 - - [11/Jun/2025:19:10:13 +0000] "POST /wp-cron.php?doing_wp_cron=1749669012.4755799770355224609375 HTTP/1.1" 499 0 "-" "WordPress/6.8.1; https://superexoticrental.com"
superexoticrental.com.infinitibizsol.com:443 40.77.167.243 - - [11/Jun/2025:19:10:52 +0000] "GET /sitemap115.xml HTTP/1.1" 200 23 "-" "Mozilla/5.0 AppleWebKit/537.36 (KHTML, like Gecko; compatible; bingbot/2.0; +http://www.bing.com/bingbot.htm) Chrome/116.0.1938.76 Safari/537.36"
superexoticrental.com.infinitibizsol.com:443 40.77.167.243 - - [11/Jun/2025:19:10:53 +0000] "GET /sitemap137.xml HTTP/1.1" 200 23 "-" "Mozilla/5.0 AppleWebKit/537.36 (KHTML, like Gecko; compatible; bingbot/2.0; +http://www.bing.com/bingbot.htm) Chrome/116.0.1938.76 Safari/537.36"
superexoticrental.com.infinitibizsol.com:443 156.146.46.91 - - [11/Jun/2025:19:10:54 +0000] "GET /contact-us/ HTTP/1.1" 200 71555 "-" "Mozilla/5.0 (Windows NT 10.0; Win64; x64) AppleWebKit/537.36 (KHTML, like Gecko) Chrome/114.0.0.0 Safari/537.36"
superexoticrental.com.infinitibizsol.com:443 40.77.167.243 - - [11/Jun/2025:19:10:59 +0000] "GET /sitemaps.xml HTTP/1.1" 404 57758 "-" "Mozilla/5.0 AppleWebKit/537.36 (KHTML, like Gecko; compatible; bingbot/2.0; +http://www.bing.com/bingbot.htm) Chrome/116.0.1938.76 Safari/537.36"
superexoticrental.com.infinitibizsol.com:443 40.77.167.243 - - [11/Jun/2025:19:11:02 +0000] "GET /sitemap85.xml HTTP/1.1" 200 23 "-" "Mozilla/5.0 AppleWebKit/537.36 (KHTML, like Gecko; compatible; bingbot/2.0; +http://www.bing.com/bingbot.htm) Chrome/116.0.1938.76 Safari/537.36"
superexoticrental.com.infinitibizsol.com:443 40.77.167.243 - - [11/Jun/2025:19:11:02 +0000] "GET /sitemap18.xml HTTP/1.1" 200 23 "-" "Mozilla/5.0 AppleWebKit/537.36 (KHTML, like Gecko; compatible; bingbot/2.0; +http://www.bing.com/bingbot.htm) Chrome/116.0.1938.76 Safari/537.36"
