superexoticrental.com.infinitibizsol.com:443 20.171.207.69 - - [10/Jun/2025:06:09:20 +0000] "GET /130jrdoh26101.html HTTP/1.1" 499 0 "-" "Mozilla/5.0 AppleWebKit/537.36 (KHTML, like Gecko; compatible; GPTBot/1.2; +https://openai.com/gptbot)"
superexoticrental.com.infinitibizsol.com:443 198.204.226.18 - - [10/Jun/2025:06:09:48 +0000] "GET /wp-content/install.php HTTP/1.1" 499 0 "https://superexoticrental.com/wp-content/install.php" "Mozilla/5.0 (Windows NT 10.0; Win64; x64) AppleWebKit/537.36 (KHTML, like Gecko) Chrome/58.0.3029.110 Safari/537.3"
superexoticrental.com.infinitibizsol.com:443 20.171.207.69 - - [10/Jun/2025:06:10:21 +0000] "GET /196ofjap36271.html HTTP/1.1" 499 0 "-" "Mozilla/5.0 AppleWebKit/537.36 (KHTML, like Gecko; compatible; GPTBot/1.2; +https://openai.com/gptbot)"
superexoticrental.com.infinitibizsol.com:443 162.0.223.40 - - [10/Jun/2025:06:10:23 +0000] "POST /wp-cron.php?doing_wp_cron=1749535822.4149279594421386718750 HTTP/1.1" 499 0 "-" "WordPress/6.8.1; https://superexoticrental.com"
superexoticrental.com.infinitibizsol.com:443 198.204.226.18 - - [10/Jun/2025:06:11:13 +0000] "GET /wp-content/install.php HTTP/1.1" 200 16 "https://superexoticrental.com/wp-content/install.php" "Mozilla/5.0 (Windows NT 10.0; Win64; x64) AppleWebKit/537.36 (KHTML, like Gecko) Chrome/58.0.3029.110 Safari/537.3"
superexoticrental.com.infinitibizsol.com:443 198.204.226.18 - - [10/Jun/2025:06:11:16 +0000] "GET /wp-content/install.php HTTP/1.1" 499 0 "https://superexoticrental.com/wp-content/install.php" "Mozilla/5.0 (Windows NT 10.0; Win64; x64) AppleWebKit/537.36 (KHTML, like Gecko) Chrome/58.0.3029.110 Safari/537.3"
superexoticrental.com.infinitibizsol.com:443 20.171.207.69 - - [10/Jun/2025:06:11:25 +0000] "GET /252vwgfh40751.html HTTP/1.1" 499 0 "-" "Mozilla/5.0 AppleWebKit/537.36 (KHTML, like Gecko; compatible; GPTBot/1.2; +https://openai.com/gptbot)"
superexoticrental.com.infinitibizsol.com:443 162.0.223.40 - - [10/Jun/2025:06:11:41 +0000] "POST /wp-cron.php?doing_wp_cron=1749535900.8252511024475097656250 HTTP/1.1" 499 0 "-" "WordPress/6.8.1; https://superexoticrental.com"
superexoticrental.com.infinitibizsol.com:443 198.204.226.18 - - [10/Jun/2025:06:11:50 +0000] "GET /wp-content/install.php HTTP/1.1" 200 16 "https://superexoticrental.com/wp-content/install.php" "Mozilla/5.0 (Windows NT 10.0; Win64; x64) AppleWebKit/537.36 (KHTML, like Gecko) Chrome/58.0.3029.110 Safari/537.3"
superexoticrental.com.infinitibizsol.com:443 20.171.207.69 - - [10/Jun/2025:06:12:24 +0000] "GET /179ctpqv38696.html HTTP/1.1" 404 32358 "-" "Mozilla/5.0 AppleWebKit/537.36 (KHTML, like Gecko; compatible; GPTBot/1.2; +https://openai.com/gptbot)"
superexoticrental.com.infinitibizsol.com:443 162.0.223.40 - - [10/Jun/2025:06:13:22 +0000] "POST /wp-cron.php?doing_wp_cron=1749536001.8006360530853271484375 HTTP/1.1" 499 0 "-" "WordPress/6.8.1; https://superexoticrental.com"
superexoticrental.com.infinitibizsol.com:443 20.171.207.69 - - [10/Jun/2025:06:13:26 +0000] "GET /240qgsod32497.html HTTP/1.1" 499 0 "-" "Mozilla/5.0 AppleWebKit/537.36 (KHTML, like Gecko; compatible; GPTBot/1.2; +https://openai.com/gptbot)"
superexoticrental.com.infinitibizsol.com:443 198.204.226.18 - - [10/Jun/2025:06:13:36 +0000] "GET /wp-content/install.php HTTP/1.1" 499 0 "https://superexoticrental.com/wp-content/install.php" "Mozilla/5.0 (Windows NT 10.0; Win64; x64) AppleWebKit/537.36 (KHTML, like Gecko) Chrome/58.0.3029.110 Safari/537.3"
superexoticrental.com.infinitibizsol.com:443 198.204.224.34 - - [10/Jun/2025:06:13:38 +0000] "GET /wp-content/install.php HTTP/1.1" 200 16 "https://superexoticrental.com/wp-content/install.php" "Mozilla/5.0 (Windows NT 10.0; Win64; x64) AppleWebKit/537.36 (KHTML, like Gecko) Chrome/58.0.3029.110 Safari/537.3"
superexoticrental.com.infinitibizsol.com:443 198.204.226.18 - - [10/Jun/2025:06:13:46 +0000] "GET /wp-content/install.php HTTP/1.1" 200 6 "https://superexoticrental.com/wp-content/install.php" "Mozilla/5.0 (Windows NT 10.0; Win64; x64) AppleWebKit/537.36 (KHTML, like Gecko) Chrome/58.0.3029.110 Safari/537.3"
superexoticrental.com.infinitibizsol.com:443 20.171.207.69 - - [10/Jun/2025:06:14:32 +0000] "GET /139kyrai18726.html HTTP/1.1" 499 0 "-" "Mozilla/5.0 AppleWebKit/537.36 (KHTML, like Gecko; compatible; GPTBot/1.2; +https://openai.com/gptbot)"
superexoticrental.com.infinitibizsol.com:443 162.0.223.40 - - [10/Jun/2025:06:14:47 +0000] "POST /wp-cron.php?doing_wp_cron=1749536086.0216240882873535156250 HTTP/1.1" 499 0 "-" "WordPress/6.8.1; https://superexoticrental.com"
superexoticrental.com.infinitibizsol.com:443 20.171.207.69 - - [10/Jun/2025:06:15:33 +0000] "GET /294dwptj43139.html HTTP/1.1" 499 0 "-" "Mozilla/5.0 AppleWebKit/537.36 (KHTML, like Gecko; compatible; GPTBot/1.2; +https://openai.com/gptbot)"
superexoticrental.com.infinitibizsol.com:443 162.0.223.40 - - [10/Jun/2025:06:15:51 +0000] "POST /wp-cron.php?doing_wp_cron=1749536150.5626320838928222656250 HTTP/1.1" 499 0 "-" "WordPress/6.8.1; https://superexoticrental.com"
superexoticrental.com.infinitibizsol.com:443 20.171.207.69 - - [10/Jun/2025:06:16:34 +0000] "GET /124jaxoh30619.html HTTP/1.1" 499 0 "-" "Mozilla/5.0 AppleWebKit/537.36 (KHTML, like Gecko; compatible; GPTBot/1.2; +https://openai.com/gptbot)"
superexoticrental.com.infinitibizsol.com:443 198.204.226.18 - - [10/Jun/2025:06:17:14 +0000] "GET /wp-content/install.php HTTP/1.1" 499 0 "https://superexoticrental.com/wp-content/install.php" "Mozilla/5.0 (Windows NT 10.0; Win64; x64) AppleWebKit/537.36 (KHTML, like Gecko) Chrome/58.0.3029.110 Safari/537.3"
superexoticrental.com.infinitibizsol.com:443 162.0.223.40 - - [10/Jun/2025:06:17:33 +0000] "POST /wp-cron.php?doing_wp_cron=1749536251.9874761104583740234375 HTTP/1.1" 499 0 "-" "WordPress/6.8.1; https://superexoticrental.com"
superexoticrental.com.infinitibizsol.com:443 20.171.207.69 - - [10/Jun/2025:06:17:35 +0000] "GET /189rylrv38562.html HTTP/1.1" 404 32358 "-" "Mozilla/5.0 AppleWebKit/537.36 (KHTML, like Gecko; compatible; GPTBot/1.2; +https://openai.com/gptbot)"
superexoticrental.com.infinitibizsol.com:443 20.171.207.69 - - [10/Jun/2025:06:18:38 +0000] "GET /163utdyb10176.html HTTP/1.1" 499 0 "-" "Mozilla/5.0 AppleWebKit/537.36 (KHTML, like Gecko; compatible; GPTBot/1.2; +https://openai.com/gptbot)"
superexoticrental.com.infinitibizsol.com:443 162.0.223.40 - - [10/Jun/2025:06:18:51 +0000] "POST /wp-cron.php?doing_wp_cron=1749536330.4525930881500244140625 HTTP/1.1" 499 0 "-" "WordPress/6.8.1; https://superexoticrental.com"
superexoticrental.com.infinitibizsol.com:443 198.204.226.18 - - [10/Jun/2025:06:18:52 +0000] "GET /wp-content/install.php HTTP/1.1" 499 0 "https://superexoticrental.com/wp-content/install.php" "Mozilla/5.0 (Windows NT 10.0; Win64; x64) AppleWebKit/537.36 (KHTML, like Gecko) Chrome/58.0.3029.110 Safari/537.3"
superexoticrental.com.infinitibizsol.com:443 66.249.70.100 - - [10/Jun/2025:06:19:23 +0000] "GET /?_gl=1*8ihuv8i*_ga*CUjZURxHCaxYgawSZGQkiBHpQCPw*_ga_CRCVRDRIZ*FwOHsJ4ljTqIPQdQdB7zJHIqA0deFGawpZTOqcWltdGjzoZ7r9DcqiJ.*_gcl_au=1.1.190620355.178368792*_gcl_aw=JKN.171062963.9BIZUCFBDtCMykoT9esnydATpKiRNDMUJkiuYhyv8jbXctVMEIi5hWSjXgYaTg78ZuTbSsw7gfzXV6XvV36odrKqWJ..&_gz=2.191064216.197303060.178354001-860437994.161245523&_bdsid=a87hu4.n~QTXHR.179015435.171478735&_bd_prev_page=https://superexoticrental.com/remote.do?products/1mn323 HTTP/1.1" 200 561493 "-" "Mozilla/5.0 (Linux; Android 6.0.1; Nexus 5X Build/MMB29P) AppleWebKit/537.36 (KHTML, like Gecko) Chrome/137.0.7151.68 Mobile Safari/537.36 (compatible; Googlebot/2.1; +http://www.google.com/bot.html)"
superexoticrental.com.infinitibizsol.com:443 20.171.207.69 - - [10/Jun/2025:06:19:43 +0000] "GET /223dicrw30642.html HTTP/1.1" 499 0 "-" "Mozilla/5.0 AppleWebKit/537.36 (KHTML, like Gecko; compatible; GPTBot/1.2; +https://openai.com/gptbot)"
superexoticrental.com.infinitibizsol.com:443 198.204.226.18 - - [10/Jun/2025:06:19:51 +0000] "GET /wp-content/install.php HTTP/1.1" 200 16 "https://superexoticrental.com/wp-content/install.php" "Mozilla/5.0 (Windows NT 10.0; Win64; x64) AppleWebKit/537.36 (KHTML, like Gecko) Chrome/58.0.3029.110 Safari/537.3"
superexoticrental.com.infinitibizsol.com:443 162.0.223.40 - - [10/Jun/2025:06:20:00 +0000] "POST /wp-cron.php?doing_wp_cron=1749536399.1456239223480224609375 HTTP/1.1" 499 0 "-" "WordPress/6.8.1; https://superexoticrental.com"
superexoticrental.com.infinitibizsol.com:443 173.208.204.66 - - [10/Jun/2025:06:20:28 +0000] "GET /wp-content/install.php HTTP/1.1" 499 0 "https://superexoticrental.com/wp-content/install.php" "Mozilla/5.0 (Windows NT 10.0; Win64; x64) AppleWebKit/537.36 (KHTML, like Gecko) Chrome/58.0.3029.110 Safari/537.3"
superexoticrental.com.infinitibizsol.com:443 173.208.204.66 - - [10/Jun/2025:06:20:29 +0000] "GET /wp-content/install.php HTTP/1.1" 200 16 "https://superexoticrental.com/wp-content/install.php" "Mozilla/5.0 (Windows NT 10.0; Win64; x64) AppleWebKit/537.36 (KHTML, like Gecko) Chrome/58.0.3029.110 Safari/537.3"
superexoticrental.com.infinitibizsol.com:443 198.204.226.18 - - [10/Jun/2025:06:20:31 +0000] "GET /wp-content/install.php HTTP/1.1" 200 16 "https://superexoticrental.com/wp-content/install.php" "Mozilla/5.0 (Windows NT 10.0; Win64; x64) AppleWebKit/537.36 (KHTML, like Gecko) Chrome/58.0.3029.110 Safari/537.3"
superexoticrental.com.infinitibizsol.com:443 20.171.207.69 - - [10/Jun/2025:06:20:43 +0000] "GET /270vgimt45279.html HTTP/1.1" 404 58135 "-" "Mozilla/5.0 AppleWebKit/537.36 (KHTML, like Gecko; compatible; GPTBot/1.2; +https://openai.com/gptbot)"
superexoticrental.com.infinitibizsol.com:443 20.171.207.69 - - [10/Jun/2025:06:21:49 +0000] "GET /161haixd25790.html HTTP/1.1" 499 0 "-" "Mozilla/5.0 AppleWebKit/537.36 (KHTML, like Gecko; compatible; GPTBot/1.2; +https://openai.com/gptbot)"
superexoticrental.com.infinitibizsol.com:443 162.0.223.40 - - [10/Jun/2025:06:21:53 +0000] "POST /wp-cron.php?doing_wp_cron=1749536512.1256539821624755859375 HTTP/1.1" 499 0 "-" "WordPress/6.8.1; https://superexoticrental.com"
superexoticrental.com.infinitibizsol.com:443 198.204.226.18 - - [10/Jun/2025:06:21:59 +0000] "GET /wp-content/install.php HTTP/1.1" 499 0 "https://superexoticrental.com/wp-content/install.php" "Mozilla/5.0 (Windows NT 10.0; Win64; x64) AppleWebKit/537.36 (KHTML, like Gecko) Chrome/58.0.3029.110 Safari/537.3"
superexoticrental.com.infinitibizsol.com:443 198.204.226.18 - - [10/Jun/2025:06:22:05 +0000] "GET /wp-content/install.php HTTP/1.1" 200 16 "https://superexoticrental.com/wp-content/install.php" "Mozilla/5.0 (Windows NT 10.0; Win64; x64) AppleWebKit/537.36 (KHTML, like Gecko) Chrome/58.0.3029.110 Safari/537.3"
superexoticrental.com.infinitibizsol.com:443 198.204.226.18 - - [10/Jun/2025:06:22:27 +0000] "GET /wp-content/install.php HTTP/1.1" 200 16 "https://superexoticrental.com/wp-content/install.php" "Mozilla/5.0 (Windows NT 10.0; Win64; x64) AppleWebKit/537.36 (KHTML, like Gecko) Chrome/58.0.3029.110 Safari/537.3"
superexoticrental.com.infinitibizsol.com:443 198.204.226.18 - - [10/Jun/2025:06:22:49 +0000] "GET /wp-content/install.php HTTP/1.1" 200 16 "https://superexoticrental.com/wp-content/install.php" "Mozilla/5.0 (Windows NT 10.0; Win64; x64) AppleWebKit/537.36 (KHTML, like Gecko) Chrome/58.0.3029.110 Safari/537.3"
superexoticrental.com.infinitibizsol.com:443 20.171.207.69 - - [10/Jun/2025:06:22:54 +0000] "GET /289cpvdw41122.html HTTP/1.1" 499 0 "-" "Mozilla/5.0 AppleWebKit/537.36 (KHTML, like Gecko; compatible; GPTBot/1.2; +https://openai.com/gptbot)"
superexoticrental.com.infinitibizsol.com:443 162.0.223.40 - - [10/Jun/2025:06:22:55 +0000] "POST /wp-cron.php?doing_wp_cron=1749536574.5105159282684326171875 HTTP/1.1" 499 0 "-" "WordPress/6.8.1; https://superexoticrental.com"
superexoticrental.com.infinitibizsol.com:443 198.204.226.18 - - [10/Jun/2025:06:23:35 +0000] "GET /wp-content/install.php HTTP/1.1" 499 0 "https://superexoticrental.com/wp-content/install.php" "Mozilla/5.0 (Windows NT 10.0; Win64; x64) AppleWebKit/537.36 (KHTML, like Gecko) Chrome/58.0.3029.110 Safari/537.3"
superexoticrental.com.infinitibizsol.com:443 198.204.226.18 - - [10/Jun/2025:06:23:40 +0000] "GET /wp-content/install.php HTTP/1.1" 200 16 "https://superexoticrental.com/wp-content/install.php" "Mozilla/5.0 (Windows NT 10.0; Win64; x64) AppleWebKit/537.36 (KHTML, like Gecko) Chrome/58.0.3029.110 Safari/537.3"
superexoticrental.com.infinitibizsol.com:443 198.204.226.18 - - [10/Jun/2025:06:23:40 +0000] "GET /wp-content/install.php HTTP/1.1" 200 16 "https://superexoticrental.com/wp-content/install.php" "Mozilla/5.0 (Windows NT 10.0; Win64; x64) AppleWebKit/537.36 (KHTML, like Gecko) Chrome/58.0.3029.110 Safari/537.3"
superexoticrental.com.infinitibizsol.com:443 20.171.207.69 - - [10/Jun/2025:06:23:55 +0000] "GET /227hbtgx34260.html HTTP/1.1" 404 32358 "-" "Mozilla/5.0 AppleWebKit/537.36 (KHTML, like Gecko; compatible; GPTBot/1.2; +https://openai.com/gptbot)"
superexoticrental.com.infinitibizsol.com:443 198.204.226.18 - - [10/Jun/2025:06:24:19 +0000] "GET /wp-content/install.php HTTP/1.1" 200 16 "https://superexoticrental.com/wp-content/install.php" "Mozilla/5.0 (Windows NT 10.0; Win64; x64) AppleWebKit/537.36 (KHTML, like Gecko) Chrome/58.0.3029.110 Safari/537.3"
superexoticrental.com.infinitibizsol.com:443 198.204.226.18 - - [10/Jun/2025:06:24:56 +0000] "GET /wp-content/install.php HTTP/1.1" 200 16 "https://superexoticrental.com/wp-content/install.php" "Mozilla/5.0 (Windows NT 10.0; Win64; x64) AppleWebKit/537.36 (KHTML, like Gecko) Chrome/58.0.3029.110 Safari/537.3"
superexoticrental.com.infinitibizsol.com:443 20.171.207.69 - - [10/Jun/2025:06:25:01 +0000] "GET /273zqsre27552.html HTTP/1.1" 499 0 "-" "Mozilla/5.0 AppleWebKit/537.36 (KHTML, like Gecko; compatible; GPTBot/1.2; +https://openai.com/gptbot)"
superexoticrental.com.infinitibizsol.com:443 162.0.223.40 - - [10/Jun/2025:06:25:06 +0000] "POST /wp-cron.php?doing_wp_cron=1749536705.1069109439849853515625 HTTP/1.1" 499 0 "-" "WordPress/6.8.1; https://superexoticrental.com"
superexoticrental.com.infinitibizsol.com:443 198.204.226.18 - - [10/Jun/2025:06:25:51 +0000] "GET /wp-content/install.php HTTP/1.1" 499 0 "https://superexoticrental.com/wp-content/install.php" "Mozilla/5.0 (Windows NT 10.0; Win64; x64) AppleWebKit/537.36 (KHTML, like Gecko) Chrome/58.0.3029.110 Safari/537.3"
superexoticrental.com.infinitibizsol.com:443 20.171.207.69 - - [10/Jun/2025:06:26:05 +0000] "GET /124dixcd36685.html HTTP/1.1" 499 0 "-" "Mozilla/5.0 AppleWebKit/537.36 (KHTML, like Gecko; compatible; GPTBot/1.2; +https://openai.com/gptbot)"
superexoticrental.com.infinitibizsol.com:443 162.0.223.40 - - [10/Jun/2025:06:26:10 +0000] "POST /wp-cron.php?doing_wp_cron=1749536769.5473039150238037109375 HTTP/1.1" 499 0 "-" "WordPress/6.8.1; https://superexoticrental.com"
superexoticrental.com.infinitibizsol.com:443 20.171.207.69 - - [10/Jun/2025:06:27:06 +0000] "GET /293sofkv48108.html HTTP/1.1" 404 32358 "-" "Mozilla/5.0 AppleWebKit/537.36 (KHTML, like Gecko; compatible; GPTBot/1.2; +https://openai.com/gptbot)"
superexoticrental.com.infinitibizsol.com:443 198.204.226.18 - - [10/Jun/2025:06:27:59 +0000] "GET /wp-content/install.php HTTP/1.1" 499 0 "https://superexoticrental.com/wp-content/install.php" "Mozilla/5.0 (Windows NT 10.0; Win64; x64) AppleWebKit/537.36 (KHTML, like Gecko) Chrome/58.0.3029.110 Safari/537.3"
superexoticrental.com.infinitibizsol.com:443 20.171.207.69 - - [10/Jun/2025:06:28:16 +0000] "GET /142renzw18743.html HTTP/1.1" 499 0 "-" "Mozilla/5.0 AppleWebKit/537.36 (KHTML, like Gecko; compatible; GPTBot/1.2; +https://openai.com/gptbot)"
superexoticrental.com.infinitibizsol.com:443 162.0.223.40 - - [10/Jun/2025:06:28:19 +0000] "POST /wp-cron.php?doing_wp_cron=1749536898.5976400375366210937500 HTTP/1.1" 499 0 "-" "WordPress/6.8.1; https://superexoticrental.com"
superexoticrental.com.infinitibizsol.com:443 198.204.226.18 - - [10/Jun/2025:06:28:31 +0000] "GET /wp-content/install.php HTTP/1.1" 200 16 "https://superexoticrental.com/wp-content/install.php" "Mozilla/5.0 (Windows NT 10.0; Win64; x64) AppleWebKit/537.36 (KHTML, like Gecko) Chrome/58.0.3029.110 Safari/537.3"
superexoticrental.com.infinitibizsol.com:443 198.204.226.18 - - [10/Jun/2025:06:28:39 +0000] "GET /wp-content/install.php HTTP/1.1" 200 16 "https://superexoticrental.com/wp-content/install.php" "Mozilla/5.0 (Windows NT 10.0; Win64; x64) AppleWebKit/537.36 (KHTML, like Gecko) Chrome/58.0.3029.110 Safari/537.3"
superexoticrental.com.infinitibizsol.com:443 198.204.224.34 - - [10/Jun/2025:06:28:41 +0000] "GET /wp-content/install.php HTTP/1.1" 200 16 "https://superexoticrental.com/wp-content/install.php" "Mozilla/5.0 (Windows NT 10.0; Win64; x64) AppleWebKit/537.36 (KHTML, like Gecko) Chrome/58.0.3029.110 Safari/537.3"
superexoticrental.com.infinitibizsol.com:443 20.171.207.69 - - [10/Jun/2025:06:29:10 +0000] "GET /114qfvzz24667.html HTTP/1.1" 404 32358 "-" "Mozilla/5.0 AppleWebKit/537.36 (KHTML, like Gecko; compatible; GPTBot/1.2; +https://openai.com/gptbot)"
superexoticrental.com.infinitibizsol.com:443 20.171.207.69 - - [10/Jun/2025:06:30:24 +0000] "GET /223dicrw30642.html HTTP/1.1" 499 0 "-" "Mozilla/5.0 AppleWebKit/537.36 (KHTML, like Gecko; compatible; GPTBot/1.2; +https://openai.com/gptbot)"
superexoticrental.com.infinitibizsol.com:443 162.0.223.40 - - [10/Jun/2025:06:30:34 +0000] "POST /wp-cron.php?doing_wp_cron=1749537033.5028591156005859375000 HTTP/1.1" 499 0 "-" "WordPress/6.8.1; https://superexoticrental.com"
superexoticrental.com.infinitibizsol.com:443 20.171.207.69 - - [10/Jun/2025:06:31:29 +0000] "GET /130nzjmw14953.html HTTP/1.1" 499 0 "-" "Mozilla/5.0 AppleWebKit/537.36 (KHTML, like Gecko; compatible; GPTBot/1.2; +https://openai.com/gptbot)"
superexoticrental.com.infinitibizsol.com:443 162.0.223.40 - - [10/Jun/2025:06:32:05 +0000] "POST /wp-cron.php?doing_wp_cron=1749537124.8225009441375732421875 HTTP/1.1" 499 0 "-" "WordPress/6.8.1; https://superexoticrental.com"
superexoticrental.com.infinitibizsol.com:443 20.171.207.69 - - [10/Jun/2025:06:32:08 +0000] "GET /276iiacd26517.html HTTP/1.1" 404 32358 "-" "Mozilla/5.0 AppleWebKit/537.36 (KHTML, like Gecko; compatible; GPTBot/1.2; +https://openai.com/gptbot)"
superexoticrental.com.infinitibizsol.com:443 162.0.223.40 - - [10/Jun/2025:06:32:13 +0000] "POST /wp-cron.php?doing_wp_cron=1749537132.7176029682159423828125 HTTP/1.1" 499 0 "-" "WordPress/6.8.1; https://superexoticrental.com"
superexoticrental.com.infinitibizsol.com:443 198.204.226.18 - - [10/Jun/2025:06:32:30 +0000] "GET /wp-content/install.php HTTP/1.1" 499 0 "https://superexoticrental.com/wp-content/install.php" "Mozilla/5.0 (Windows NT 10.0; Win64; x64) AppleWebKit/537.36 (KHTML, like Gecko) Chrome/58.0.3029.110 Safari/537.3"
superexoticrental.com.infinitibizsol.com:443 162.0.223.40 - - [10/Jun/2025:06:33:27 +0000] "POST /wp-cron.php?doing_wp_cron=1749537206.6398530006408691406250 HTTP/1.1" 499 0 "-" "WordPress/6.8.1; https://superexoticrental.com"
superexoticrental.com.infinitibizsol.com:443 20.171.207.69 - - [10/Jun/2025:06:33:31 +0000] "GET /101vibjd47450.html HTTP/1.1" 404 32358 "-" "Mozilla/5.0 AppleWebKit/537.36 (KHTML, like Gecko; compatible; GPTBot/1.2; +https://openai.com/gptbot)"
superexoticrental.com.infinitibizsol.com:443 20.171.207.69 - - [10/Jun/2025:06:34:19 +0000] "GET /209bqjja16922.html HTTP/1.1" 404 32358 "-" "Mozilla/5.0 AppleWebKit/537.36 (KHTML, like Gecko; compatible; GPTBot/1.2; +https://openai.com/gptbot)"
superexoticrental.com.infinitibizsol.com:443 198.204.226.18 - - [10/Jun/2025:06:34:26 +0000] "GET /wp-content/install.php HTTP/1.1" 499 0 "https://superexoticrental.com/wp-content/install.php" "Mozilla/5.0 (Windows NT 10.0; Win64; x64) AppleWebKit/537.36 (KHTML, like Gecko) Chrome/58.0.3029.110 Safari/537.3"
superexoticrental.com.infinitibizsol.com:443 162.0.223.40 - - [10/Jun/2025:06:35:31 +0000] "POST /wp-cron.php?doing_wp_cron=1749537330.5911309719085693359375 HTTP/1.1" 499 0 "-" "WordPress/6.8.1; https://superexoticrental.com"
superexoticrental.com.infinitibizsol.com:443 20.171.207.69 - - [10/Jun/2025:06:35:33 +0000] "GET /284ajyxu42509.html HTTP/1.1" 404 32358 "-" "Mozilla/5.0 AppleWebKit/537.36 (KHTML, like Gecko; compatible; GPTBot/1.2; +https://openai.com/gptbot)"
superexoticrental.com.infinitibizsol.com:443 162.0.223.40 - - [10/Jun/2025:06:36:34 +0000] "POST /wp-cron.php?doing_wp_cron=1749537393.7827889919281005859375 HTTP/1.1" 499 0 "-" "WordPress/6.8.1; https://superexoticrental.com"
superexoticrental.com.infinitibizsol.com:443 20.171.207.69 - - [10/Jun/2025:06:36:37 +0000] "GET /202kyrai18663.html HTTP/1.1" 404 32358 "-" "Mozilla/5.0 AppleWebKit/537.36 (KHTML, like Gecko; compatible; GPTBot/1.2; +https://openai.com/gptbot)"
superexoticrental.com.infinitibizsol.com:443 64.225.75.246 - - [10/Jun/2025:06:36:47 +0000] "GET / HTTP/1.1" 499 0 "-" "-"
superexoticrental.com.infinitibizsol.com:443 198.204.224.34 - - [10/Jun/2025:06:36:52 +0000] "GET /wp-content/install.php HTTP/1.1" 499 0 "https://superexoticrental.com/wp-content/install.php" "Mozilla/5.0 (Windows NT 10.0; Win64; x64) AppleWebKit/537.36 (KHTML, like Gecko) Chrome/58.0.3029.110 Safari/537.3"
superexoticrental.com.infinitibizsol.com:443 198.204.224.34 - - [10/Jun/2025:06:36:53 +0000] "GET /wp-content/install.php HTTP/1.1" 200 16 "https://superexoticrental.com/wp-content/install.php" "Mozilla/5.0 (Windows NT 10.0; Win64; x64) AppleWebKit/537.36 (KHTML, like Gecko) Chrome/58.0.3029.110 Safari/537.3"
superexoticrental.com.infinitibizsol.com:443 64.225.75.246 - - [10/Jun/2025:06:36:57 +0000] "GET / HTTP/1.1" 499 0 "-" "Mozilla/5.0 (Linux; Android 6.0; HTC One M9 Build/MRA969554) AppleWebKit/537.36 (KHTML, like Gecko) Chrome/52.0.2717.98 Mobile Safari/537.3"
superexoticrental.com.infinitibizsol.com:443 64.225.75.246 - - [10/Jun/2025:06:37:00 +0000] "GET /@vite/env HTTP/1.1" 499 0 "-" "Go-http-client/1.1"
superexoticrental.com.infinitibizsol.com:443 64.225.75.246 - - [10/Jun/2025:06:37:03 +0000] "GET /actuator/env HTTP/1.1" 499 0 "-" "Go-http-client/1.1"
superexoticrental.com.infinitibizsol.com:443 64.225.75.246 - - [10/Jun/2025:06:37:06 +0000] "GET /server HTTP/1.1" 499 0 "-" "Go-http-client/1.1"
superexoticrental.com.infinitibizsol.com:443 64.225.75.246 - - [10/Jun/2025:06:37:09 +0000] "GET /.vscode/sftp.json HTTP/1.1" 499 0 "-" "Go-http-client/1.1"
superexoticrental.com.infinitibizsol.com:443 64.225.75.246 - - [10/Jun/2025:06:37:12 +0000] "GET /about HTTP/1.1" 499 0 "-" "Go-http-client/1.1"
superexoticrental.com.infinitibizsol.com:443 64.225.75.246 - - [10/Jun/2025:06:37:15 +0000] "GET /debug/default/view?panel=config HTTP/1.1" 499 0 "-" "Go-http-client/1.1"
superexoticrental.com.infinitibizsol.com:443 20.171.207.69 - - [10/Jun/2025:06:37:17 +0000] "GET /250vsxul18419.html HTTP/1.1" 404 32358 "-" "Mozilla/5.0 AppleWebKit/537.36 (KHTML, like Gecko; compatible; GPTBot/1.2; +https://openai.com/gptbot)"
superexoticrental.com.infinitibizsol.com:443 64.225.75.246 - - [10/Jun/2025:06:37:18 +0000] "GET /v2/_catalog HTTP/1.1" 499 0 "-" "Go-http-client/1.1"
superexoticrental.com.infinitibizsol.com:443 64.225.75.246 - - [10/Jun/2025:06:37:21 +0000] "GET /ecp/Current/exporttool/microsoft.exchange.ediscovery.exporttool.application HTTP/1.1" 499 0 "-" "Go-http-client/1.1"
superexoticrental.com.infinitibizsol.com:443 64.225.75.246 - - [10/Jun/2025:06:37:24 +0000] "GET /server-status HTTP/1.1" 499 0 "-" "Go-http-client/1.1"
superexoticrental.com.infinitibizsol.com:443 64.225.75.246 - - [10/Jun/2025:06:37:27 +0000] "GET /login.action HTTP/1.1" 499 0 "-" "Go-http-client/1.1"
superexoticrental.com.infinitibizsol.com:443 64.225.75.246 - - [10/Jun/2025:06:37:30 +0000] "GET /_all_dbs HTTP/1.1" 499 0 "-" "Mozilla/5.0 (l9scan/2.0.0343e2332323e203e2236313; +https://leakix.net)"
superexoticrental.com.infinitibizsol.com:443 64.225.75.246 - - [10/Jun/2025:06:37:33 +0000] "GET /.DS_Store HTTP/1.1" 499 0 "-" "Go-http-client/1.1"
superexoticrental.com.infinitibizsol.com:443 64.225.75.246 - - [10/Jun/2025:06:37:36 +0000] "GET /.env HTTP/1.1" 499 0 "-" "Go-http-client/1.1"
superexoticrental.com.infinitibizsol.com:443 162.0.223.40 - - [10/Jun/2025:06:37:37 +0000] "POST /wp-cron.php?doing_wp_cron=1749537456.0054819583892822265625 HTTP/1.1" 499 0 "-" "WordPress/6.8.1; https://superexoticrental.com"
superexoticrental.com.infinitibizsol.com:443 64.225.75.246 - - [10/Jun/2025:06:37:39 +0000] "GET /.git/config HTTP/1.1" 499 0 "-" "Go-http-client/1.1"
superexoticrental.com.infinitibizsol.com:443 162.0.223.40 - - [10/Jun/2025:06:37:41 +0000] "POST /wp-cron.php?doing_wp_cron=1749537460.2303159236907958984375 HTTP/1.1" 499 0 "-" "WordPress/6.8.1; https://superexoticrental.com"
superexoticrental.com.infinitibizsol.com:443 64.225.75.246 - - [10/Jun/2025:06:37:42 +0000] "GET /s/0343e2332323e203e2236313/_/;/META-INF/maven/com.atlassian.jira/jira-webapp-dist/pom.properties HTTP/1.1" 499 0 "-" "Go-http-client/1.1"
superexoticrental.com.infinitibizsol.com:443 64.225.75.246 - - [10/Jun/2025:06:37:45 +0000] "GET /config.json HTTP/1.1" 499 0 "-" "Go-http-client/1.1"
superexoticrental.com.infinitibizsol.com:443 64.225.75.246 - - [10/Jun/2025:06:37:48 +0000] "GET /telescope/requests HTTP/1.1" 499 0 "-" "Go-http-client/1.1"
superexoticrental.com.infinitibizsol.com:443 64.225.75.246 - - [10/Jun/2025:06:37:51 +0000] "GET /info.php HTTP/1.1" 499 0 "-" "Go-http-client/1.1"
superexoticrental.com.infinitibizsol.com:443 64.225.75.246 - - [10/Jun/2025:06:37:54 +0000] "GET /?rest_route=/wp/v2/users/ HTTP/1.1" 499 0 "-" "Go-http-client/1.1"
superexoticrental.com.infinitibizsol.com:443 20.171.207.69 - - [10/Jun/2025:06:38:40 +0000] "GET /242upvbk11957.html HTTP/1.1" 499 0 "-" "Mozilla/5.0 AppleWebKit/537.36 (KHTML, like Gecko; compatible; GPTBot/1.2; +https://openai.com/gptbot)"
superexoticrental.com.infinitibizsol.com:443 162.0.223.40 - - [10/Jun/2025:06:39:07 +0000] "POST /wp-cron.php?doing_wp_cron=1749537546.4834489822387695312500 HTTP/1.1" 499 0 "-" "WordPress/6.8.1; https://superexoticrental.com"
superexoticrental.com.infinitibizsol.com:443 46.101.111.185 - - [10/Jun/2025:06:39:17 +0000] "GET / HTTP/1.1" 499 0 "-" "-"
superexoticrental.com.infinitibizsol.com:443 20.171.207.69 - - [10/Jun/2025:06:39:18 +0000] "GET /254jroeq19533.html HTTP/1.1" 404 32358 "-" "Mozilla/5.0 AppleWebKit/537.36 (KHTML, like Gecko; compatible; GPTBot/1.2; +https://openai.com/gptbot)"
superexoticrental.com.infinitibizsol.com:443 46.101.111.185 - - [10/Jun/2025:06:39:27 +0000] "GET / HTTP/1.1" 499 0 "-" "Mozilla/5.0 (Linux; Android 6.0; HTC One M9 Build/MRA969554) AppleWebKit/537.36 (KHTML, like Gecko) Chrome/52.0.2717.98 Mobile Safari/537.3"
superexoticrental.com.infinitibizsol.com:443 46.101.111.185 - - [10/Jun/2025:06:39:30 +0000] "GET /@vite/env HTTP/1.1" 499 0 "-" "Go-http-client/1.1"
superexoticrental.com.infinitibizsol.com:443 46.101.111.185 - - [10/Jun/2025:06:39:33 +0000] "GET /actuator/env HTTP/1.1" 499 0 "-" "Go-http-client/1.1"
superexoticrental.com.infinitibizsol.com:443 46.101.111.185 - - [10/Jun/2025:06:39:36 +0000] "GET /server HTTP/1.1" 499 0 "-" "Go-http-client/1.1"
superexoticrental.com.infinitibizsol.com:443 46.101.111.185 - - [10/Jun/2025:06:39:39 +0000] "GET /.vscode/sftp.json HTTP/1.1" 499 0 "-" "Go-http-client/1.1"
superexoticrental.com.infinitibizsol.com:443 46.101.111.185 - - [10/Jun/2025:06:39:42 +0000] "GET /about HTTP/1.1" 499 0 "-" "Go-http-client/1.1"
superexoticrental.com.infinitibizsol.com:443 46.101.111.185 - - [10/Jun/2025:06:39:45 +0000] "GET /debug/default/view?panel=config HTTP/1.1" 499 0 "-" "Go-http-client/1.1"
superexoticrental.com.infinitibizsol.com:443 46.101.111.185 - - [10/Jun/2025:06:39:48 +0000] "GET /v2/_catalog HTTP/1.1" 499 0 "-" "Go-http-client/1.1"
superexoticrental.com.infinitibizsol.com:443 46.101.111.185 - - [10/Jun/2025:06:39:51 +0000] "GET /ecp/Current/exporttool/microsoft.exchange.ediscovery.exporttool.application HTTP/1.1" 499 0 "-" "Go-http-client/1.1"
superexoticrental.com.infinitibizsol.com:443 46.101.111.185 - - [10/Jun/2025:06:39:54 +0000] "GET /server-status HTTP/1.1" 499 0 "-" "Go-http-client/1.1"
superexoticrental.com.infinitibizsol.com:443 46.101.111.185 - - [10/Jun/2025:06:39:57 +0000] "GET /login.action HTTP/1.1" 499 0 "-" "Go-http-client/1.1"
superexoticrental.com.infinitibizsol.com:443 46.101.111.185 - - [10/Jun/2025:06:40:00 +0000] "GET /_all_dbs HTTP/1.1" 499 0 "-" "Mozilla/5.0 (l9scan/2.0.0343e2332323e203e2236313; +https://leakix.net)"
superexoticrental.com.infinitibizsol.com:443 46.101.111.185 - - [10/Jun/2025:06:40:03 +0000] "GET /.DS_Store HTTP/1.1" 499 0 "-" "Go-http-client/1.1"
superexoticrental.com.infinitibizsol.com:443 46.101.111.185 - - [10/Jun/2025:06:40:06 +0000] "GET /.env HTTP/1.1" 499 0 "-" "Go-http-client/1.1"
superexoticrental.com.infinitibizsol.com:443 162.0.223.40 - - [10/Jun/2025:06:40:08 +0000] "POST /wp-cron.php?doing_wp_cron=1749537607.5250999927520751953125 HTTP/1.1" 499 0 "-" "WordPress/6.8.1; https://superexoticrental.com"
superexoticrental.com.infinitibizsol.com:443 46.101.111.185 - - [10/Jun/2025:06:40:09 +0000] "GET /.git/config HTTP/1.1" 499 0 "-" "Go-http-client/1.1"
superexoticrental.com.infinitibizsol.com:443 162.0.223.40 - - [10/Jun/2025:06:40:09 +0000] "POST /wp-cron.php?doing_wp_cron=1749537608.8003919124603271484375 HTTP/1.1" 499 0 "-" "WordPress/6.8.1; https://superexoticrental.com"
superexoticrental.com.infinitibizsol.com:443 46.101.111.185 - - [10/Jun/2025:06:40:12 +0000] "GET /s/0343e2332323e203e2236313/_/;/META-INF/maven/com.atlassian.jira/jira-webapp-dist/pom.properties HTTP/1.1" 499 0 "-" "Go-http-client/1.1"
superexoticrental.com.infinitibizsol.com:443 162.0.223.40 - - [10/Jun/2025:06:40:13 +0000] "POST /wp-cron.php?doing_wp_cron=1749537612.6814389228820800781250 HTTP/1.1" 499 0 "-" "WordPress/6.8.1; https://superexoticrental.com"
superexoticrental.com.infinitibizsol.com:443 46.101.111.185 - - [10/Jun/2025:06:40:15 +0000] "GET /config.json HTTP/1.1" 499 0 "-" "Go-http-client/1.1"
superexoticrental.com.infinitibizsol.com:443 46.101.111.185 - - [10/Jun/2025:06:40:18 +0000] "GET /telescope/requests HTTP/1.1" 499 0 "-" "Go-http-client/1.1"
superexoticrental.com.infinitibizsol.com:443 46.101.111.185 - - [10/Jun/2025:06:40:21 +0000] "GET /info.php HTTP/1.1" 499 0 "-" "Go-http-client/1.1"
superexoticrental.com.infinitibizsol.com:443 20.171.207.69 - - [10/Jun/2025:06:40:23 +0000] "GET /276rjaes22009.html HTTP/1.1" 404 32358 "-" "Mozilla/5.0 AppleWebKit/537.36 (KHTML, like Gecko; compatible; GPTBot/1.2; +https://openai.com/gptbot)"
superexoticrental.com.infinitibizsol.com:443 46.101.111.185 - - [10/Jun/2025:06:40:24 +0000] "GET /?rest_route=/wp/v2/users/ HTTP/1.1" 499 0 "-" "Go-http-client/1.1"
superexoticrental.com.infinitibizsol.com:443 162.0.223.40 - - [10/Jun/2025:06:41:26 +0000] "POST /wp-cron.php?doing_wp_cron=1749537685.2234640121459960937500 HTTP/1.1" 499 0 "-" "WordPress/6.8.1; https://superexoticrental.com"
superexoticrental.com.infinitibizsol.com:443 20.171.207.69 - - [10/Jun/2025:06:41:28 +0000] "GET /190yzbxd46127.html HTTP/1.1" 404 32358 "-" "Mozilla/5.0 AppleWebKit/537.36 (KHTML, like Gecko; compatible; GPTBot/1.2; +https://openai.com/gptbot)"
superexoticrental.com.infinitibizsol.com:443 162.0.223.40 - - [10/Jun/2025:06:42:30 +0000] "POST /wp-cron.php?doing_wp_cron=1749537749.5705769062042236328125 HTTP/1.1" 499 0 "-" "WordPress/6.8.1; https://superexoticrental.com"
superexoticrental.com.infinitibizsol.com:443 20.171.207.69 - - [10/Jun/2025:06:42:33 +0000] "GET /159cxcjs12744.html HTTP/1.1" 404 57786 "-" "Mozilla/5.0 AppleWebKit/537.36 (KHTML, like Gecko; compatible; GPTBot/1.2; +https://openai.com/gptbot)"
superexoticrental.com.infinitibizsol.com:443 162.0.223.40 - - [10/Jun/2025:06:43:32 +0000] "POST /wp-cron.php?doing_wp_cron=1749537811.9325330257415771484375 HTTP/1.1" 499 0 "-" "WordPress/6.8.1; https://superexoticrental.com"
superexoticrental.com.infinitibizsol.com:443 20.171.207.69 - - [10/Jun/2025:06:43:34 +0000] "GET /126wwqdk49803.html HTTP/1.1" 404 32358 "-" "Mozilla/5.0 AppleWebKit/537.36 (KHTML, like Gecko; compatible; GPTBot/1.2; +https://openai.com/gptbot)"
superexoticrental.com.infinitibizsol.com:443 173.208.204.66 - - [10/Jun/2025:06:44:14 +0000] "GET /wp-content/install.php HTTP/1.1" 499 0 "https://superexoticrental.com/wp-content/install.php" "Mozilla/5.0 (Windows NT 10.0; Win64; x64) AppleWebKit/537.36 (KHTML, like Gecko) Chrome/58.0.3029.110 Safari/537.3"
superexoticrental.com.infinitibizsol.com:443 173.208.204.66 - - [10/Jun/2025:06:44:14 +0000] "GET /wp-content/install.php HTTP/1.1" 200 16 "https://superexoticrental.com/wp-content/install.php" "Mozilla/5.0 (Windows NT 10.0; Win64; x64) AppleWebKit/537.36 (KHTML, like Gecko) Chrome/58.0.3029.110 Safari/537.3"
superexoticrental.com.infinitibizsol.com:443 198.204.226.18 - - [10/Jun/2025:06:44:20 +0000] "GET /wp-content/install.php HTTP/1.1" 200 16 "https://superexoticrental.com/wp-content/install.php" "Mozilla/5.0 (Windows NT 10.0; Win64; x64) AppleWebKit/537.36 (KHTML, like Gecko) Chrome/58.0.3029.110 Safari/537.3"
superexoticrental.com.infinitibizsol.com:443 162.0.223.40 - - [10/Jun/2025:06:44:36 +0000] "POST /wp-cron.php?doing_wp_cron=1749537875.9174480438232421875000 HTTP/1.1" 499 0 "-" "WordPress/6.8.1; https://superexoticrental.com"
superexoticrental.com.infinitibizsol.com:443 20.171.207.69 - - [10/Jun/2025:06:44:39 +0000] "GET /153plres18510.html HTTP/1.1" 404 57770 "-" "Mozilla/5.0 AppleWebKit/537.36 (KHTML, like Gecko; compatible; GPTBot/1.2; +https://openai.com/gptbot)"
superexoticrental.com.infinitibizsol.com:443 198.204.226.18 - - [10/Jun/2025:06:44:45 +0000] "GET /wp-content/install.php HTTP/1.1" 200 16 "https://superexoticrental.com/wp-content/install.php" "Mozilla/5.0 (Windows NT 10.0; Win64; x64) AppleWebKit/537.36 (KHTML, like Gecko) Chrome/58.0.3029.110 Safari/537.3"
superexoticrental.com.infinitibizsol.com:443 162.0.223.40 - - [10/Jun/2025:06:45:41 +0000] "POST /wp-cron.php?doing_wp_cron=1749537939.9919929504394531250000 HTTP/1.1" 499 0 "-" "WordPress/6.8.1; https://superexoticrental.com"
superexoticrental.com.infinitibizsol.com:443 20.171.207.69 - - [10/Jun/2025:06:45:43 +0000] "GET /100xbmtv43283.html HTTP/1.1" 404 32358 "-" "Mozilla/5.0 AppleWebKit/537.36 (KHTML, like Gecko; compatible; GPTBot/1.2; +https://openai.com/gptbot)"
superexoticrental.com.infinitibizsol.com:443 198.204.226.18 - - [10/Jun/2025:06:46:04 +0000] "GET /wp-content/install.php HTTP/1.1" 499 0 "https://superexoticrental.com/wp-content/install.php" "Mozilla/5.0 (Windows NT 10.0; Win64; x64) AppleWebKit/537.36 (KHTML, like Gecko) Chrome/58.0.3029.110 Safari/537.3"
superexoticrental.com.infinitibizsol.com:443 198.204.226.18 - - [10/Jun/2025:06:46:10 +0000] "GET /wp-content/install.php HTTP/1.1" 200 6 "https://superexoticrental.com/wp-content/install.php" "Mozilla/5.0 (Windows NT 10.0; Win64; x64) AppleWebKit/537.36 (KHTML, like Gecko) Chrome/58.0.3029.110 Safari/537.3"
superexoticrental.com.infinitibizsol.com:443 162.0.223.40 - - [10/Jun/2025:06:46:41 +0000] "POST /wp-cron.php?doing_wp_cron=1749538000.4535479545593261718750 HTTP/1.1" 499 0 "-" "WordPress/6.8.1; https://superexoticrental.com"
superexoticrental.com.infinitibizsol.com:443 20.171.207.69 - - [10/Jun/2025:06:46:43 +0000] "GET /203oofys26490.html HTTP/1.1" 404 32358 "-" "Mozilla/5.0 AppleWebKit/537.36 (KHTML, like Gecko; compatible; GPTBot/1.2; +https://openai.com/gptbot)"
superexoticrental.com.infinitibizsol.com:443 198.204.226.18 - - [10/Jun/2025:06:46:55 +0000] "GET /wp-content/install.php HTTP/1.1" 200 16 "https://superexoticrental.com/wp-content/install.php" "Mozilla/5.0 (Windows NT 10.0; Win64; x64) AppleWebKit/537.36 (KHTML, like Gecko) Chrome/58.0.3029.110 Safari/537.3"
superexoticrental.com.infinitibizsol.com:443 162.0.223.40 - - [10/Jun/2025:06:47:43 +0000] "POST /wp-cron.php?doing_wp_cron=1749538062.1707060337066650390625 HTTP/1.1" 499 0 "-" "WordPress/6.8.1; https://superexoticrental.com"
superexoticrental.com.infinitibizsol.com:443 20.171.207.69 - - [10/Jun/2025:06:47:46 +0000] "GET /289erjzn40614.html HTTP/1.1" 404 32358 "-" "Mozilla/5.0 AppleWebKit/537.36 (KHTML, like Gecko; compatible; GPTBot/1.2; +https://openai.com/gptbot)"
superexoticrental.com.infinitibizsol.com:443 162.0.223.40 - - [10/Jun/2025:06:48:47 +0000] "POST /wp-cron.php?doing_wp_cron=1749538126.2271320819854736328125 HTTP/1.1" 499 0 "-" "WordPress/6.8.1; https://superexoticrental.com"
superexoticrental.com.infinitibizsol.com:443 20.171.207.69 - - [10/Jun/2025:06:48:50 +0000] "GET /116jzcny43063.html HTTP/1.1" 404 32358 "-" "Mozilla/5.0 AppleWebKit/537.36 (KHTML, like Gecko; compatible; GPTBot/1.2; +https://openai.com/gptbot)"
superexoticrental.com.infinitibizsol.com:443 162.0.223.40 - - [10/Jun/2025:06:49:48 +0000] "POST /wp-cron.php?doing_wp_cron=1749538187.7749929428100585937500 HTTP/1.1" 499 0 "-" "WordPress/6.8.1; https://superexoticrental.com"
superexoticrental.com.infinitibizsol.com:443 20.171.207.69 - - [10/Jun/2025:06:49:51 +0000] "GET /211drciy39620.html HTTP/1.1" 404 32358 "-" "Mozilla/5.0 AppleWebKit/537.36 (KHTML, like Gecko; compatible; GPTBot/1.2; +https://openai.com/gptbot)"
superexoticrental.com.infinitibizsol.com:443 198.204.226.18 - - [10/Jun/2025:06:49:55 +0000] "GET /wp-content/install.php HTTP/1.1" 499 0 "https://superexoticrental.com/wp-content/install.php" "Mozilla/5.0 (Windows NT 10.0; Win64; x64) AppleWebKit/537.36 (KHTML, like Gecko) Chrome/58.0.3029.110 Safari/537.3"
superexoticrental.com.infinitibizsol.com:443 198.204.226.18 - - [10/Jun/2025:06:50:31 +0000] "GET /wp-content/install.php HTTP/1.1" 200 16 "https://superexoticrental.com/wp-content/install.php" "Mozilla/5.0 (Windows NT 10.0; Win64; x64) AppleWebKit/537.36 (KHTML, like Gecko) Chrome/58.0.3029.110 Safari/537.3"
superexoticrental.com.infinitibizsol.com:443 162.0.223.40 - - [10/Jun/2025:06:50:50 +0000] "POST /wp-cron.php?doing_wp_cron=1749538249.8149011135101318359375 HTTP/1.1" 499 0 "-" "WordPress/6.8.1; https://superexoticrental.com"
superexoticrental.com.infinitibizsol.com:443 20.171.207.69 - - [10/Jun/2025:06:50:52 +0000] "GET /214jqwlw37163.html HTTP/1.1" 404 57770 "-" "Mozilla/5.0 AppleWebKit/537.36 (KHTML, like Gecko; compatible; GPTBot/1.2; +https://openai.com/gptbot)"
superexoticrental.com.infinitibizsol.com:443 17.241.75.212 - - [10/Jun/2025:06:51:49 +0000] "GET / HTTP/1.1" 200 100698 "-" "Mozilla/5.0 (Macintosh; Intel Mac OS X 10_15_7) AppleWebKit/605.1.15 (KHTML, like Gecko) Version/17.4 Safari/605.1.15 (Applebot/0.1; +http://www.apple.com/go/applebot)"
superexoticrental.com.infinitibizsol.com:443 20.171.207.69 - - [10/Jun/2025:06:51:51 +0000] "GET /236intcd23529.html HTTP/1.1" 404 57770 "-" "Mozilla/5.0 AppleWebKit/537.36 (KHTML, like Gecko; compatible; GPTBot/1.2; +https://openai.com/gptbot)"
superexoticrental.com.infinitibizsol.com:443 173.208.204.66 - - [10/Jun/2025:06:52:13 +0000] "GET /wp-content/install.php HTTP/1.1" 499 0 "https://superexoticrental.com/wp-content/install.php" "Mozilla/5.0 (Windows NT 10.0; Win64; x64) AppleWebKit/537.36 (KHTML, like Gecko) Chrome/58.0.3029.110 Safari/537.3"
superexoticrental.com.infinitibizsol.com:443 173.208.204.66 - - [10/Jun/2025:06:52:14 +0000] "GET /wp-content/install.php HTTP/1.1" 200 16 "https://superexoticrental.com/wp-content/install.php" "Mozilla/5.0 (Windows NT 10.0; Win64; x64) AppleWebKit/537.36 (KHTML, like Gecko) Chrome/58.0.3029.110 Safari/537.3"
superexoticrental.com.infinitibizsol.com:443 162.0.223.40 - - [10/Jun/2025:06:52:54 +0000] "POST /wp-cron.php?doing_wp_cron=1749538373.3221409320831298828125 HTTP/1.1" 499 0 "-" "WordPress/6.8.1; https://superexoticrental.com"
superexoticrental.com.infinitibizsol.com:443 20.171.207.69 - - [10/Jun/2025:06:52:56 +0000] "GET /258grtle27761.html HTTP/1.1" 404 32358 "-" "Mozilla/5.0 AppleWebKit/537.36 (KHTML, like Gecko; compatible; GPTBot/1.2; +https://openai.com/gptbot)"
superexoticrental.com.infinitibizsol.com:443 198.204.226.18 - - [10/Jun/2025:06:53:27 +0000] "GET /wp-content/install.php HTTP/1.1" 200 16 "https://superexoticrental.com/wp-content/install.php" "Mozilla/5.0 (Windows NT 10.0; Win64; x64) AppleWebKit/537.36 (KHTML, like Gecko) Chrome/58.0.3029.110 Safari/537.3"
superexoticrental.com.infinitibizsol.com:443 17.22.245.171 - - [10/Jun/2025:06:53:41 +0000] "GET /wp-content/themes/Divi/includes/builder/feature/dynamic-assets/assets/css/magnific_popup.css?ver=2.5.2 HTTP/1.1" 200 6470 "https://superexoticrental.com/" "Mozilla/5.0 (Macintosh; Intel Mac OS X 10_15_7) AppleWebKit/605.1.15 (KHTML, like Gecko) Version/17.4 Safari/605.1.15 (Applebot/0.1; +http://www.apple.com/go/applebot)"
superexoticrental.com.infinitibizsol.com:443 17.22.237.94 - - [10/Jun/2025:06:53:41 +0000] "GET /wp-content/plugins/addons-for-divi/assets/css/magnific-popup.min.css?ver=3.6.1 HTTP/1.1" 200 5235 "https://superexoticrental.com/" "Mozilla/5.0 (Macintosh; Intel Mac OS X 10_15_7) AppleWebKit/605.1.15 (KHTML, like Gecko) Version/17.4 Safari/605.1.15 (Applebot/0.1; +http://www.apple.com/go/applebot)"
superexoticrental.com.infinitibizsol.com:443 17.22.237.94 - - [10/Jun/2025:06:53:42 +0000] "GET /wp-content/plugins/addons-for-divi/assets/css/core.min.css?ver=3.6.1 HTTP/1.1" 200 4239 "https://superexoticrental.com/" "Mozilla/5.0 (Macintosh; Intel Mac OS X 10_15_7) AppleWebKit/605.1.15 (KHTML, like Gecko) Version/17.4 Safari/605.1.15 (Applebot/0.1; +http://www.apple.com/go/applebot)"
superexoticrental.com.infinitibizsol.com:443 17.22.237.134 - - [10/Jun/2025:06:53:42 +0000] "GET /wp-content/plugins/addons-for-divi/assets/deprecated/index.min.css?ver=3.6.1 HTTP/1.1" 200 31496 "https://superexoticrental.com/" "Mozilla/5.0 (Macintosh; Intel Mac OS X 10_15_7) AppleWebKit/605.1.15 (KHTML, like Gecko) Version/17.4 Safari/605.1.15 (Applebot/0.1; +http://www.apple.com/go/applebot)"
superexoticrental.com.infinitibizsol.com:443 17.22.237.247 - - [10/Jun/2025:06:53:43 +0000] "GET /wp-content/plugins/supreme-modules-for-divi/public/css/animate.css?ver=2.5.2 HTTP/1.1" 200 85371 "https://superexoticrental.com/" "Mozilla/5.0 (Macintosh; Intel Mac OS X 10_15_7) AppleWebKit/605.1.15 (KHTML, like Gecko) Version/17.4 Safari/605.1.15 (Applebot/0.1; +http://www.apple.com/go/applebot)"
superexoticrental.com.infinitibizsol.com:443 17.22.245.171 - - [10/Jun/2025:06:53:43 +0000] "GET /wp-content/plugins/addons-for-divi/styles/style.min.css?ver=3.6.1 HTTP/1.1" 200 106791 "https://superexoticrental.com/" "Mozilla/5.0 (Macintosh; Intel Mac OS X 10_15_7) AppleWebKit/605.1.15 (KHTML, like Gecko) Version/17.4 Safari/605.1.15 (Applebot/0.1; +http://www.apple.com/go/applebot)"
superexoticrental.com.infinitibizsol.com:443 17.22.253.218 - - [10/Jun/2025:06:53:43 +0000] "GET /wp-content/plugins/testimonial-slider-and-showcase/assets/css/wptestimonial.css?ver=2.3.2 HTTP/1.1" 200 66716 "https://superexoticrental.com/" "Mozilla/5.0 (Macintosh; Intel Mac OS X 10_15_7) AppleWebKit/605.1.15 (KHTML, like Gecko) Version/17.4 Safari/605.1.15 (Applebot/0.1; +http://www.apple.com/go/applebot)"
superexoticrental.com.infinitibizsol.com:443 17.22.237.94 - - [10/Jun/2025:06:53:44 +0000] "GET /wp-content/plugins/supreme-modules-for-divi/styles/style.min.css?ver=2.5.2 HTTP/1.1" 200 192512 "https://superexoticrental.com/" "Mozilla/5.0 (Macintosh; Intel Mac OS X 10_15_7) AppleWebKit/605.1.15 (KHTML, like Gecko) Version/17.4 Safari/605.1.15 (Applebot/0.1; +http://www.apple.com/go/applebot)"
superexoticrental.com.infinitibizsol.com:443 17.22.253.218 - - [10/Jun/2025:06:53:44 +0000] "GET /wp-content/themes/Divi/style-static.min.css?ver=4.20.2 HTTP/1.1" 200 824656 "https://superexoticrental.com/" "Mozilla/5.0 (Macintosh; Intel Mac OS X 10_15_7) AppleWebKit/605.1.15 (KHTML, like Gecko) Version/17.4 Safari/605.1.15 (Applebot/0.1; +http://www.apple.com/go/applebot)"
superexoticrental.com.infinitibizsol.com:443 17.22.237.247 - - [10/Jun/2025:06:53:45 +0000] "GET /wp-includes/js/jquery/jquery-migrate.min.js?ver=3.4.1 HTTP/1.1" 200 13577 "https://superexoticrental.com/" "Mozilla/5.0 (Macintosh; Intel Mac OS X 10_15_7) AppleWebKit/605.1.15 (KHTML, like Gecko) Version/17.4 Safari/605.1.15 (Applebot/0.1; +http://www.apple.com/go/applebot)"
superexoticrental.com.infinitibizsol.com:443 17.22.237.182 - - [10/Jun/2025:06:53:45 +0000] "GET /wp-includes/js/jquery/jquery.min.js?ver=3.7.1 HTTP/1.1" 200 87553 "https://superexoticrental.com/" "Mozilla/5.0 (Macintosh; Intel Mac OS X 10_15_7) AppleWebKit/605.1.15 (KHTML, like Gecko) Version/17.4 Safari/605.1.15 (Applebot/0.1; +http://www.apple.com/go/applebot)"
superexoticrental.com.infinitibizsol.com:443 17.22.245.171 - - [10/Jun/2025:06:53:46 +0000] "GET /wp-content/plugins/addons-for-divi/assets/deprecated/popup.min.js?ver=3.6.1 HTTP/1.1" 200 4825 "https://superexoticrental.com/" "Mozilla/5.0 (Macintosh; Intel Mac OS X 10_15_7) AppleWebKit/605.1.15 (KHTML, like Gecko) Version/17.4 Safari/605.1.15 (Applebot/0.1; +http://www.apple.com/go/applebot)"
superexoticrental.com.infinitibizsol.com:443 17.22.237.182 - - [10/Jun/2025:06:53:46 +0000] "GET /wp-content/plugins/addons-for-divi/assets/js/magnific-popup.js?ver=3.6.1 HTTP/1.1" 200 51871 "https://superexoticrental.com/" "Mozilla/5.0 (Macintosh; Intel Mac OS X 10_15_7) AppleWebKit/605.1.15 (KHTML, like Gecko) Version/17.4 Safari/605.1.15 (Applebot/0.1; +http://www.apple.com/go/applebot)"
superexoticrental.com.infinitibizsol.com:443 17.22.237.134 - - [10/Jun/2025:06:53:47 +0000] "GET /wp-content/plugins/addons-for-divi/assets/js/main.min.js?ver=3.6.1 HTTP/1.1" 200 1048 "https://superexoticrental.com/" "Mozilla/5.0 (Macintosh; Intel Mac OS X 10_15_7) AppleWebKit/605.1.15 (KHTML, like Gecko) Version/17.4 Safari/605.1.15 (Applebot/0.1; +http://www.apple.com/go/applebot)"
superexoticrental.com.infinitibizsol.com:443 17.22.237.134 - - [10/Jun/2025:06:53:47 +0000] "GET /wp-content/plugins/addons-for-divi/assets/js/dtq-default-vb.js?ver=3.6.1 HTTP/1.1" 200 7351 "https://superexoticrental.com/" "Mozilla/5.0 (Macintosh; Intel Mac OS X 10_15_7) AppleWebKit/605.1.15 (KHTML, like Gecko) Version/17.4 Safari/605.1.15 (Applebot/0.1; +http://www.apple.com/go/applebot)"
superexoticrental.com.infinitibizsol.com:443 17.22.237.94 - - [10/Jun/2025:06:53:48 +0000] "GET /wp-content/themes/Divi/js/scripts.min.js?ver=4.20.2 HTTP/1.1" 200 274266 "https://superexoticrental.com/" "Mozilla/5.0 (Macintosh; Intel Mac OS X 10_15_7) AppleWebKit/605.1.15 (KHTML, like Gecko) Version/17.4 Safari/605.1.15 (Applebot/0.1; +http://www.apple.com/go/applebot)"
superexoticrental.com.infinitibizsol.com:443 17.22.245.171 - - [10/Jun/2025:06:53:48 +0000] "GET /wp-content/plugins/addons-for-divi/scripts/frontend-bundle.min.js?ver=3.6.1 HTTP/1.1" 200 5727 "https://superexoticrental.com/" "Mozilla/5.0 (Macintosh; Intel Mac OS X 10_15_7) AppleWebKit/605.1.15 (KHTML, like Gecko) Version/17.4 Safari/605.1.15 (Applebot/0.1; +http://www.apple.com/go/applebot)"
superexoticrental.com.infinitibizsol.com:443 17.22.245.171 - - [10/Jun/2025:06:53:49 +0000] "GET /wp-content/themes/Divi/core/admin/js/common.js?ver=4.20.2 HTTP/1.1" 200 1343 "https://superexoticrental.com/" "Mozilla/5.0 (Macintosh; Intel Mac OS X 10_15_7) AppleWebKit/605.1.15 (KHTML, like Gecko) Version/17.4 Safari/605.1.15 (Applebot/0.1; +http://www.apple.com/go/applebot)"
superexoticrental.com.infinitibizsol.com:443 17.22.253.250 - - [10/Jun/2025:06:53:49 +0000] "GET /wp-content/plugins/supreme-modules-for-divi/scripts/frontend-bundle.min.js?ver=2.5.2 HTTP/1.1" 200 1217 "https://superexoticrental.com/" "Mozilla/5.0 (Macintosh; Intel Mac OS X 10_15_7) AppleWebKit/605.1.15 (KHTML, like Gecko) Version/17.4 Safari/605.1.15 (Applebot/0.1; +http://www.apple.com/go/applebot)"
superexoticrental.com.infinitibizsol.com:443 17.22.237.134 - - [10/Jun/2025:06:53:50 +0000] "GET /wp-content/themes/Divi/includes/builder/feature/dynamic-assets/assets/js/jquery.fitvids.js?ver=4.20.2 HTTP/1.1" 200 3349 "https://superexoticrental.com/" "Mozilla/5.0 (Macintosh; Intel Mac OS X 10_15_7) AppleWebKit/605.1.15 (KHTML, like Gecko) Version/17.4 Safari/605.1.15 (Applebot/0.1; +http://www.apple.com/go/applebot)"
superexoticrental.com.infinitibizsol.com:443 17.22.237.126 - - [10/Jun/2025:06:53:51 +0000] "GET /wp-content/themes/Divi/includes/builder/feature/dynamic-assets/assets/js/jquery.mobile.js?ver=4.20.2 HTTP/1.1" 200 7960 "https://superexoticrental.com/" "Mozilla/5.0 (Macintosh; Intel Mac OS X 10_15_7) AppleWebKit/605.1.15 (KHTML, like Gecko) Version/17.4 Safari/605.1.15 (Applebot/0.1; +http://www.apple.com/go/applebot)"
superexoticrental.com.infinitibizsol.com:443 162.0.223.40 - - [10/Jun/2025:06:53:57 +0000] "POST /wp-cron.php?doing_wp_cron=1749538436.2716419696807861328125 HTTP/1.1" 499 0 "-" "WordPress/6.8.1; https://superexoticrental.com"
superexoticrental.com.infinitibizsol.com:443 20.171.207.69 - - [10/Jun/2025:06:53:59 +0000] "GET /163ysbcp43522.html HTTP/1.1" 404 32358 "-" "Mozilla/5.0 AppleWebKit/537.36 (KHTML, like Gecko; compatible; GPTBot/1.2; +https://openai.com/gptbot)"
superexoticrental.com.infinitibizsol.com:443 162.0.223.40 - - [10/Jun/2025:06:55:01 +0000] "POST /wp-cron.php?doing_wp_cron=1749538500.5029881000518798828125 HTTP/1.1" 499 0 "-" "WordPress/6.8.1; https://superexoticrental.com"
superexoticrental.com.infinitibizsol.com:443 20.171.207.69 - - [10/Jun/2025:06:55:05 +0000] "GET /221wgzoz25974.html HTTP/1.1" 404 32358 "-" "Mozilla/5.0 AppleWebKit/537.36 (KHTML, like Gecko; compatible; GPTBot/1.2; +https://openai.com/gptbot)"
superexoticrental.com.infinitibizsol.com:443 162.0.223.40 - - [10/Jun/2025:06:56:05 +0000] "POST /wp-cron.php?doing_wp_cron=1749538564.5021240711212158203125 HTTP/1.1" 499 0 "-" "WordPress/6.8.1; https://superexoticrental.com"
superexoticrental.com.infinitibizsol.com:443 20.171.207.69 - - [10/Jun/2025:06:56:07 +0000] "GET /263qjzyv29650.html HTTP/1.1" 404 48742 "-" "Mozilla/5.0 AppleWebKit/537.36 (KHTML, like Gecko; compatible; GPTBot/1.2; +https://openai.com/gptbot)"
