Sindbad~EG File Manager

Current Path : /home/infinitibizsol/access-logs/
Upload File :
Current File : /home/infinitibizsol/access-logs/testerofwatauga.infinitibizsol.com

testerofwatauga.infinitibizsol.com:443 162.0.223.40 - - [10/Jun/2025:04:57:35 +0000] "POST /wp-cron.php?doing_wp_cron=1749531454.3515279293060302734375 HTTP/1.1" 499 0 "-" "WordPress/6.8.1; https://testerofwatauga.infinitibizsol.com"
testerofwatauga.infinitibizsol.com:443 162.0.223.40 - - [10/Jun/2025:04:57:44 +0000] "POST /wp-cron.php?doing_wp_cron=1749531463.6896879673004150390625 HTTP/1.1" 499 0 "-" "WordPress/6.8.1; https://testerofwatauga.infinitibizsol.com"
testerofwatauga.infinitibizsol.com:443 162.0.223.40 - - [10/Jun/2025:04:58:11 +0000] "POST /wp-cron.php?doing_wp_cron=1749531490.4792470932006835937500 HTTP/1.1" 499 0 "-" "WordPress/6.8.1; https://testerofwatauga.infinitibizsol.com"
testerofwatauga.infinitibizsol.com:443 162.0.223.40 - - [10/Jun/2025:06:58:55 +0000] "POST /wp-cron.php?doing_wp_cron=1749538734.6346890926361083984375 HTTP/1.1" 499 0 "-" "WordPress/6.8.1; https://testerofwatauga.infinitibizsol.com"
testerofwatauga.infinitibizsol.com:443 20.171.207.119 - - [10/Jun/2025:06:59:01 +0000] "GET / HTTP/1.1" 404 32302 "-" "Mozilla/5.0 AppleWebKit/537.36 (KHTML, like Gecko; compatible; GPTBot/1.2; +https://openai.com/gptbot)"
testerofwatauga.infinitibizsol.com:443 45.227.253.15 - - [10/Jun/2025:07:27:29 +0000] "GET /index.php/jk HTTP/1.1" 200 54 "-" "Mozilla/5.0 (Windows NT 10.0; Win64; x64) AppleWebKit/537.36 (KHTML, like Gecko) Chrome/82.0.3292.140 Safari/537.36 Edge/18.18761"
testerofwatauga.infinitibizsol.com:443 162.0.223.40 - - [10/Jun/2025:07:53:15 +0000] "POST /wp-cron.php?doing_wp_cron=1749541994.8409640789031982421875 HTTP/1.1" 499 0 "-" "WordPress/6.8.1; https://testerofwatauga.infinitibizsol.com"
testerofwatauga.infinitibizsol.com:443 20.171.207.119 - - [10/Jun/2025:07:53:16 +0000] "GET / HTTP/1.1" 404 65070 "-" "Mozilla/5.0 AppleWebKit/537.36 (KHTML, like Gecko; compatible; GPTBot/1.2; +https://openai.com/gptbot)"
testerofwatauga.infinitibizsol.com:443 20.171.207.119 - - [10/Jun/2025:07:53:20 +0000] "GET / HTTP/1.1" 404 32302 "-" "Mozilla/5.0 AppleWebKit/537.36 (KHTML, like Gecko; compatible; GPTBot/1.2; +https://openai.com/gptbot)"
testerofwatauga.infinitibizsol.com:443 45.227.253.15 - - [10/Jun/2025:09:07:12 +0000] "GET /index.php/jk HTTP/1.1" 200 54 "-" "Mozilla/5.0 (Windows NT 10.0; Win64; x64) AppleWebKit/537.36 (KHTML, like Gecko) Chrome/78.0.3790 Safari/537.36 Edg/78.0.142.6"
testerofwatauga.infinitibizsol.com:443 45.227.253.15 - - [10/Jun/2025:09:42:08 +0000] "GET /wp-includes/sodium_compat/namespaced/namespaced/index.php?ARRAY=7o2230223n313734393535323231312p2231223n22687474703n5p2s5p2s3230342r31322r3233382r37345p2s3s6p633q7068705s636s64655s6n6326743q313734393534383631312q3530303231393938363838323831633337323563623231653230633030333833222p2232223n226538333466663565666635313938326533633532633639663539393830666234222p2233223n226135353937313439663862366163323838636265363861393231353766386233222p2262696r675s70617373223n2233302q33312q35312q36362q37322q38332q3230227q HTTP/1.1" 404 5 "-" "Mozilla/5.0 (iPhone; CPU iPhone OS 13_6 like Mac OS X) AppleWebKit/605.1.15 (KHTML, like Gecko) Version/13.6 Mobile/15E148 Safari/604.1"
testerofwatauga.infinitibizsol.com:443 45.227.253.15 - - [10/Jun/2025:13:03:15 +0000] "GET /index.php/jk HTTP/1.1" 200 54 "-" "Mozilla/5.0 (Windows NT 10.0; Win64; x64; rv:83.0) Gecko/20100101 Firefox/83.0"
testerofwatauga.infinitibizsol.com:443 45.227.253.15 - - [10/Jun/2025:14:37:39 +0000] "GET /index.php/jk HTTP/1.1" 200 54 "-" "Mozilla/5.0 (Macintosh; Intel Mac OS X 10.15; rv:82.0) Gecko/20100101 Firefox/82.0"
testerofwatauga.infinitibizsol.com:443 45.80.158.39 - - [10/Jun/2025:15:07:47 +0000] "HEAD / HTTP/1.1" 499 0 "-" "Mozilla/5.0 (Windows NT 10.0; Win64; x64) AppleWebKit/537.36 (KHTML, like Gecko) Chrome/91.0.4472.124 Safari/537.36"
testerofwatauga.infinitibizsol.com:443 162.0.223.40 - - [10/Jun/2025:15:07:48 +0000] "POST /wp-cron.php?doing_wp_cron=1749568067.0412108898162841796875 HTTP/1.1" 499 0 "-" "WordPress/6.8.1; https://testerofwatauga.infinitibizsol.com"
testerofwatauga.infinitibizsol.com:80 45.80.158.39 - - [10/Jun/2025:15:07:50 +0000] "HEAD / HTTP/1.1" 404 0 "-" "Mozilla/5.0 (Windows NT 10.0; Win64; x64) AppleWebKit/537.36 (KHTML, like Gecko) Chrome/91.0.4472.124 Safari/537.36"
testerofwatauga.infinitibizsol.com:443 162.0.223.40 - - [10/Jun/2025:15:07:57 +0000] "POST /wp-admin/admin-ajax.php?action=wordfence_testAjax HTTP/1.1" 200 22 "-" "WordPress/6.8.1; https://testerofwatauga.infinitibizsol.com"
testerofwatauga.infinitibizsol.com:443 162.0.223.40 - - [10/Jun/2025:15:07:59 +0000] "GET /wp-admin/admin-ajax.php?action=wordfence_doScan&isFork=0&scanMode=quick&cronKey=60fdb1fb3001dda22f3c8afacb4025ee&signature=0ab0440d540c42fe44431d97ab0a008c9ef6e2a48d25e22f6ac2ac3701f1c122 HTTP/1.1" 499 0 "-" "WordPress/6.8.1; https://testerofwatauga.infinitibizsol.com"
testerofwatauga.infinitibizsol.com:80 162.0.223.40 - - [10/Jun/2025:16:23:40 +0000] "POST /wp-cron.php?doing_wp_cron=1749572619.6091670989990234375000 HTTP/1.1" 499 0 "-" "WordPress/6.8.1; https://testerofwatauga.infinitibizsol.com"
testerofwatauga.infinitibizsol.com:80 146.70.194.220 - - [10/Jun/2025:16:23:40 +0000] "GET / HTTP/1.1" 404 5 "-" "Mozilla/5.0 (Windows NT 10.0; Win64; x64) AppleWebKit/537.36 (KHTML, like Gecko) Chrome/78.0.3904.108 Safari/537.36"
testerofwatauga.infinitibizsol.com:80 146.70.194.220 - - [10/Jun/2025:16:23:44 +0000] "GET / HTTP/1.1" 404 5 "-" "Mozilla/5.0 (Windows NT 10.0; Win64; x64) AppleWebKit/537.36 (KHTML, like Gecko) Chrome/78.0.3904.108 Safari/537.36"
testerofwatauga.infinitibizsol.com:80 146.70.194.220 - - [10/Jun/2025:16:23:48 +0000] "GET /wp-includes/wlwmanifest.xml HTTP/1.1" 404 5 "-" "Mozilla/5.0 (Windows NT 10.0; Win64; x64) AppleWebKit/537.36 (KHTML, like Gecko) Chrome/78.0.3904.108 Safari/537.36"
testerofwatauga.infinitibizsol.com:80 146.70.194.220 - - [10/Jun/2025:16:23:53 +0000] "GET /xmlrpc.php?rsd HTTP/1.1" 200 937 "-" "Mozilla/5.0 (Windows NT 10.0; Win64; x64) AppleWebKit/537.36 (KHTML, like Gecko) Chrome/78.0.3904.108 Safari/537.36"
testerofwatauga.infinitibizsol.com:80 146.70.194.220 - - [10/Jun/2025:16:23:59 +0000] "GET /?author=1 HTTP/1.1" 404 69207 "-" "Mozilla/5.0 (Windows NT 10.0; Win64; x64) AppleWebKit/537.36 (KHTML, like Gecko) Chrome/78.0.3904.108 Safari/537.36"
testerofwatauga.infinitibizsol.com:80 146.70.194.220 - - [10/Jun/2025:16:24:04 +0000] "GET /?author=2 HTTP/1.1" 404 69214 "-" "Mozilla/5.0 (Windows NT 10.0; Win64; x64) AppleWebKit/537.36 (KHTML, like Gecko) Chrome/78.0.3904.108 Safari/537.36"
testerofwatauga.infinitibizsol.com:80 146.70.194.220 - - [10/Jun/2025:16:24:10 +0000] "GET /wp-json/wp/v2/users/ HTTP/1.1" 401 119 "-" "Mozilla/5.0 (Windows NT 10.0; Win64; x64) AppleWebKit/537.36 (KHTML, like Gecko) Chrome/78.0.3904.108 Safari/537.36"
testerofwatauga.infinitibizsol.com:80 162.0.223.40 - - [10/Jun/2025:16:24:16 +0000] "POST /wp-cron.php?doing_wp_cron=1749572655.2186090946197509765625 HTTP/1.1" 499 0 "-" "WordPress/6.8.1; https://testerofwatauga.infinitibizsol.com"
testerofwatauga.infinitibizsol.com:80 146.70.194.220 - - [10/Jun/2025:16:24:16 +0000] "GET /wp-json/oembed/1.0/embed?url=http://testerofwatauga.infinitibizsol.com HTTP/1.1" 404 2252 "-" "Mozilla/5.0 (Windows NT 10.0; Win64; x64) AppleWebKit/537.36 (KHTML, like Gecko) Chrome/78.0.3904.108 Safari/537.36"
testerofwatauga.infinitibizsol.com:80 146.70.194.220 - - [10/Jun/2025:16:24:21 +0000] "POST /xmlrpc.php HTTP/1.1" 503 18988 "-" "Mozilla/5.0 (Windows NT 10.0; Win64; x64) AppleWebKit/537.36 (KHTML, like Gecko) Chrome/78.0.3904.108 Safari/537.36"
testerofwatauga.infinitibizsol.com:443 45.227.253.15 - - [10/Jun/2025:16:57:28 +0000] "GET /siteheads.php?ARRAY=7o2230223n313734393537383333352p2231223n22687474703n5p2s5p2s3230342r31322r3233382r37345p2s3s6p633q7068705s636s64655s6n6326743q313734393537343733352q6438346333343134393763633866303238646266393937656131343565366564222p2232223n223462386430633165323536383232306665396362363964646335363339373935222p2233223n226638613531633563383166656138353739393038393634373032363437643264222p2262696r675s70617373223n2232322q35302q35382q36332q37342q39302q3135227q HTTP/1.1" 200 95 "-" "Mozilla/5.0 (Windows NT 6.1; WOW64; Trident/7.0; rv:11.0) like Gecko"
testerofwatauga.infinitibizsol.com:443 45.227.253.15 - - [10/Jun/2025:17:36:52 +0000] "GET /index.php/jk HTTP/1.1" 200 54 "-" "Mozilla/5.0 (Windows NT 6.2; WOW64; rv:72.0) Gecko/20100101 Firefox/72.0"
testerofwatauga.infinitibizsol.com:443 162.0.223.40 - - [10/Jun/2025:18:22:05 +0000] "POST /wp-cron.php?doing_wp_cron=1749579724.3982439041137695312500 HTTP/1.1" 499 0 "-" "WordPress/6.8.1; https://testerofwatauga.infinitibizsol.com"
testerofwatauga.infinitibizsol.com:443 20.171.207.69 - - [10/Jun/2025:18:22:10 +0000] "GET / HTTP/1.1" 404 32302 "-" "Mozilla/5.0 AppleWebKit/537.36 (KHTML, like Gecko; compatible; GPTBot/1.2; +https://openai.com/gptbot)"
testerofwatauga.infinitibizsol.com:443 162.0.223.40 - - [10/Jun/2025:18:45:49 +0000] "POST /wp-cron.php?doing_wp_cron=1749581148.0211420059204101562500 HTTP/1.1" 499 0 "-" "WordPress/6.8.1; https://testerofwatauga.infinitibizsol.com"
testerofwatauga.infinitibizsol.com:443 35.80.6.97 - - [10/Jun/2025:18:45:54 +0000] "GET / HTTP/1.1" 404 70199 "-" "Mozilla/5.0 (compatible; wpbot/1.3; +https://forms.gle/ajBaxygz9jSR8p8G9)"
testerofwatauga.infinitibizsol.com:443 162.0.223.40 - - [10/Jun/2025:18:55:24 +0000] "POST /wp-cron.php?doing_wp_cron=1749581723.3386709690093994140625 HTTP/1.1" 499 0 "-" "WordPress/6.8.1; https://testerofwatauga.infinitibizsol.com"
testerofwatauga.infinitibizsol.com:443 35.94.216.155 - - [10/Jun/2025:18:55:29 +0000] "GET / HTTP/1.1" 404 70207 "-" "Mozilla/5.0 (compatible; wpbot/1.3; +https://forms.gle/ajBaxygz9jSR8p8G9)"
testerofwatauga.infinitibizsol.com:443 20.171.207.156 - - [10/Jun/2025:20:10:18 +0000] "GET / HTTP/1.1" 404 5 "-" "Mozilla/5.0 AppleWebKit/537.36 (KHTML, like Gecko; compatible; GPTBot/1.2; +https://openai.com/gptbot)"
testerofwatauga.infinitibizsol.com:443 45.227.253.15 - - [10/Jun/2025:21:28:25 +0000] "GET /index.php/jk HTTP/1.1" 200 54 "-" "Mozilla/5.0 (iPad; U; CPU OS 4_3_4 like Mac OS X; ja) AppleWebKit/533.17.9 (KHTML, like Gecko) Version/5.0.2 Mobile/8J2 Safari/6533.18.5"
testerofwatauga.infinitibizsol.com:443 45.227.253.15 - - [10/Jun/2025:23:46:33 +0000] "GET /siteheads.php?ARRAY=7o2230223n313734393630323838312p2231223n22687474703n5p2s5p2s3230342r31322r3233382r37345p2s3s6p633q7068705s636s64655s6n6326743q313734393539393238312q3431616237643033366636336130393265356539333731326431333838643035222p2232223n223462386430633165323536383232306665396362363964646335363339373935222p2233223n226638613531633563383166656138353739393038393634373032363437643264222p2262696r675s70617373223n2232322q35302q35382q36332q37342q39302q3135227q HTTP/1.1" 200 95 "-" "Mozilla/5.0 (Windows NT 6.1; WOW64; Trident/7.0; rv:11.0) like Gecko"
testerofwatauga.infinitibizsol.com:443 45.227.253.15 - - [11/Jun/2025:00:46:27 +0000] "GET /index.php/jk HTTP/1.1" 200 54 "-" "Mozilla/5.0 (iPhone; CPU iPhone OS 14_1 like Mac OS X) AppleWebKit/605.1.15 (KHTML, like Gecko) Version/14.0 Mobile/15E148 Safari/604.1"
testerofwatauga.infinitibizsol.com:443 45.227.253.15 - - [11/Jun/2025:02:42:07 +0000] "GET /index.php/jk HTTP/1.1" 200 43 "-" "Mozilla/5.0 (Macintosh; Intel Mac OS X 10.15; rv:103.0) Gecko/20100101 Firefox/101.0"
testerofwatauga.infinitibizsol.com:443 162.0.223.40 - - [11/Jun/2025:04:58:22 +0000] "POST /wp-cron.php?doing_wp_cron=1749617901.8538110256195068359375 HTTP/1.1" 499 0 "-" "WordPress/6.8.1; https://testerofwatauga.infinitibizsol.com"
testerofwatauga.infinitibizsol.com:443 162.0.223.40 - - [11/Jun/2025:04:58:40 +0000] "POST /wp-cron.php?doing_wp_cron=1749617918.9912428855895996093750 HTTP/1.1" 499 0 "-" "WordPress/6.8.1; https://testerofwatauga.infinitibizsol.com"
testerofwatauga.infinitibizsol.com:443 162.0.223.40 - - [11/Jun/2025:04:59:14 +0000] "POST /wp-cron.php?doing_wp_cron=1749617953.8302900791168212890625 HTTP/1.1" 499 0 "-" "WordPress/6.8.1; https://testerofwatauga.infinitibizsol.com"
testerofwatauga.infinitibizsol.com:443 162.0.223.40 - - [11/Jun/2025:04:59:30 +0000] "GET /?ao_speedup_cachebuster=21602 HTTP/1.1" 404 70223 "-" "WordPress/6.8.1; https://testerofwatauga.infinitibizsol.com"
testerofwatauga.infinitibizsol.com:443 162.0.223.40 - - [11/Jun/2025:05:00:59 +0000] "POST /wp-cron.php?doing_wp_cron=1749618057.6961309909820556640625 HTTP/1.1" 499 0 "-" "WordPress/6.8.1; https://testerofwatauga.infinitibizsol.com"
testerofwatauga.infinitibizsol.com:80 162.0.223.40 - - [11/Jun/2025:06:25:50 +0000] "POST /wp-cron.php?doing_wp_cron=1749623149.3941750526428222656250 HTTP/1.1" 499 0 "-" "WordPress/6.8.1; https://testerofwatauga.infinitibizsol.com"
testerofwatauga.infinitibizsol.com:80 185.177.72.144 - - [11/Jun/2025:06:25:50 +0000] "GET /.git/HEAD HTTP/1.1" 404 5 "-" "-"
testerofwatauga.infinitibizsol.com:80 162.0.223.40 - - [11/Jun/2025:06:25:57 +0000] "POST /wp-cron.php HTTP/1.1" 200 5 "-" "WordPress/6.8.1; https://testerofwatauga.infinitibizsol.com"
testerofwatauga.infinitibizsol.com:80 185.177.72.144 - - [11/Jun/2025:06:26:02 +0000] "GET /.aws/credentials HTTP/1.1" 404 5 "-" "Mozilla/5.0 (Windows NT 10.0; Win64; x64) AppleWebKit/537.36 (KHTML, like Gecko) Chrome/91.0.4472.124 Safari/537.36"
testerofwatauga.infinitibizsol.com:443 162.0.223.40 - - [11/Jun/2025:06:26:02 +0000] "GET / HTTP/1.1" 499 0 "-" "WordPress/6.8.1; https://testerofwatauga.infinitibizsol.com"
testerofwatauga.infinitibizsol.com:443 162.0.223.40 - - [11/Jun/2025:06:26:07 +0000] "GET / HTTP/1.1" 499 0 "-" "WordPress/6.8.1; https://testerofwatauga.infinitibizsol.com"
testerofwatauga.infinitibizsol.com:80 185.177.72.144 - - [11/Jun/2025:06:26:08 +0000] "GET /.AWS_/credentials HTTP/1.1" 404 5 "-" "Mozilla/5.0 (Windows NT 10.0; Win64; x64) AppleWebKit/537.36 (KHTML, like Gecko) Chrome/91.0.4472.124 Safari/537.36"
testerofwatauga.infinitibizsol.com:443 162.0.223.40 - - [11/Jun/2025:06:26:12 +0000] "GET / HTTP/1.1" 499 0 "-" "WordPress/6.8.1; https://testerofwatauga.infinitibizsol.com"
testerofwatauga.infinitibizsol.com:80 162.0.223.40 - - [11/Jun/2025:06:26:23 +0000] "POST /wp-cron.php?doing_wp_cron=1749623182.3861620426177978515625 HTTP/1.1" 499 0 "-" "WordPress/6.8.1; https://testerofwatauga.infinitibizsol.com"
testerofwatauga.infinitibizsol.com:80 185.177.72.144 - - [11/Jun/2025:06:26:23 +0000] "GET /.env HTTP/1.1" 404 5 "-" "Mozilla/5.0 (Windows NT 10.0; Win64; x64) AppleWebKit/537.36 (KHTML, like Gecko) Chrome/91.0.4472.124 Safari/537.36"
testerofwatauga.infinitibizsol.com:80 185.177.72.144 - - [11/Jun/2025:06:26:29 +0000] "GET /.env.bak HTTP/1.1" 404 5 "-" "Mozilla/5.0 (Windows NT 10.0; Win64; x64) AppleWebKit/537.36 (KHTML, like Gecko) Chrome/91.0.4472.124 Safari/537.36"
testerofwatauga.infinitibizsol.com:80 185.177.72.144 - - [11/Jun/2025:06:26:34 +0000] "GET /.env.example HTTP/1.1" 404 5 "-" "Mozilla/5.0 (Windows NT 10.0; Win64; x64) AppleWebKit/537.36 (KHTML, like Gecko) Chrome/91.0.4472.124 Safari/537.36"
testerofwatauga.infinitibizsol.com:80 185.177.72.144 - - [11/Jun/2025:06:26:40 +0000] "GET /.env.local HTTP/1.1" 404 5 "-" "Mozilla/5.0 (Windows NT 10.0; Win64; x64) AppleWebKit/537.36 (KHTML, like Gecko) Chrome/91.0.4472.124 Safari/537.36"
testerofwatauga.infinitibizsol.com:80 185.177.72.144 - - [11/Jun/2025:06:26:45 +0000] "GET /.env.old HTTP/1.1" 404 5 "-" "Mozilla/5.0 (Windows NT 10.0; Win64; x64) AppleWebKit/537.36 (KHTML, like Gecko) Chrome/91.0.4472.124 Safari/537.36"
testerofwatauga.infinitibizsol.com:80 185.177.72.144 - - [11/Jun/2025:06:26:52 +0000] "GET /.env.production HTTP/1.1" 404 5 "-" "Mozilla/5.0 (Windows NT 10.0; Win64; x64) AppleWebKit/537.36 (KHTML, like Gecko) Chrome/91.0.4472.124 Safari/537.36"
testerofwatauga.infinitibizsol.com:80 185.177.72.144 - - [11/Jun/2025:06:26:57 +0000] "GET /?phpinfo=1 HTTP/1.1" 404 5 "-" "Mozilla/5.0 (Windows NT 10.0; Win64; x64) AppleWebKit/537.36 (KHTML, like Gecko) Chrome/91.0.4472.124 Safari/537.36"
testerofwatauga.infinitibizsol.com:80 185.177.72.144 - - [11/Jun/2025:06:27:01 +0000] "GET /api/shared/config.env HTTP/1.1" 404 5 "-" "Mozilla/5.0 (Windows NT 10.0; Win64; x64) AppleWebKit/537.36 (KHTML, like Gecko) Chrome/91.0.4472.124 Safari/537.36"
testerofwatauga.infinitibizsol.com:80 185.177.72.144 - - [11/Jun/2025:06:27:07 +0000] "GET /app/.env HTTP/1.1" 404 5 "-" "Mozilla/5.0 (Windows NT 10.0; Win64; x64) AppleWebKit/537.36 (KHTML, like Gecko) Chrome/91.0.4472.124 Safari/537.36"
testerofwatauga.infinitibizsol.com:80 162.0.223.40 - - [11/Jun/2025:06:27:22 +0000] "POST /wp-cron.php?doing_wp_cron=1749623241.1500339508056640625000 HTTP/1.1" 499 0 "-" "WordPress/6.8.1; https://testerofwatauga.infinitibizsol.com"
testerofwatauga.infinitibizsol.com:80 185.177.72.144 - - [11/Jun/2025:06:27:22 +0000] "GET /application.properties HTTP/1.1" 404 5 "-" "Mozilla/5.0 (Windows NT 10.0; Win64; x64) AppleWebKit/537.36 (KHTML, like Gecko) Chrome/91.0.4472.124 Safari/537.36"
testerofwatauga.infinitibizsol.com:80 185.177.72.144 - - [11/Jun/2025:06:27:27 +0000] "GET /appsettings.json HTTP/1.1" 404 5 "-" "Mozilla/5.0 (Windows NT 10.0; Win64; x64) AppleWebKit/537.36 (KHTML, like Gecko) Chrome/91.0.4472.124 Safari/537.36"
testerofwatauga.infinitibizsol.com:80 185.177.72.144 - - [11/Jun/2025:06:27:32 +0000] "GET /aws/credentials HTTP/1.1" 404 5 "-" "Mozilla/5.0 (Windows NT 10.0; Win64; x64) AppleWebKit/537.36 (KHTML, like Gecko) Chrome/91.0.4472.124 Safari/537.36"
testerofwatauga.infinitibizsol.com:80 185.177.72.144 - - [11/Jun/2025:06:27:38 +0000] "GET /config.env HTTP/1.1" 404 5 "-" "Mozilla/5.0 (Windows NT 10.0; Win64; x64) AppleWebKit/537.36 (KHTML, like Gecko) Chrome/91.0.4472.124 Safari/537.36"
testerofwatauga.infinitibizsol.com:80 185.177.72.144 - - [11/Jun/2025:06:27:46 +0000] "GET /config.json HTTP/1.1" 404 5 "-" "Mozilla/5.0 (Windows NT 10.0; Win64; x64) AppleWebKit/537.36 (KHTML, like Gecko) Chrome/91.0.4472.124 Safari/537.36"
testerofwatauga.infinitibizsol.com:80 185.177.72.144 - - [11/Jun/2025:06:27:52 +0000] "GET /config/aws.yml HTTP/1.1" 404 5 "-" "Mozilla/5.0 (Windows NT 10.0; Win64; x64) AppleWebKit/537.36 (KHTML, like Gecko) Chrome/91.0.4472.124 Safari/537.36"
testerofwatauga.infinitibizsol.com:80 185.177.72.144 - - [11/Jun/2025:06:27:58 +0000] "GET /config/settings.json HTTP/1.1" 404 5 "-" "Mozilla/5.0 (Windows NT 10.0; Win64; x64) AppleWebKit/537.36 (KHTML, like Gecko) Chrome/91.0.4472.124 Safari/537.36"
testerofwatauga.infinitibizsol.com:80 185.177.72.144 - - [11/Jun/2025:06:28:05 +0000] "GET /i.php HTTP/1.1" 404 5 "-" "Mozilla/5.0 (Windows NT 10.0; Win64; x64) AppleWebKit/537.36 (KHTML, like Gecko) Chrome/91.0.4472.124 Safari/537.36"
testerofwatauga.infinitibizsol.com:80 162.0.223.40 - - [11/Jun/2025:06:28:12 +0000] "POST /wp-cron.php?doing_wp_cron=1749623291.3060379028320312500000 HTTP/1.1" 499 0 "-" "WordPress/6.8.1; https://testerofwatauga.infinitibizsol.com"
testerofwatauga.infinitibizsol.com:80 185.177.72.144 - - [11/Jun/2025:06:28:12 +0000] "GET /info.php HTTP/1.1" 404 5 "-" "Mozilla/5.0 (Windows NT 10.0; Win64; x64) AppleWebKit/537.36 (KHTML, like Gecko) Chrome/91.0.4472.124 Safari/537.36"
testerofwatauga.infinitibizsol.com:80 185.177.72.144 - - [11/Jun/2025:06:28:17 +0000] "GET /laravel/.env HTTP/1.1" 404 5 "-" "Mozilla/5.0 (Windows NT 10.0; Win64; x64) AppleWebKit/537.36 (KHTML, like Gecko) Chrome/91.0.4472.124 Safari/537.36"
testerofwatauga.infinitibizsol.com:80 185.177.72.144 - - [11/Jun/2025:06:28:22 +0000] "GET /p.php HTTP/1.1" 404 5 "-" "Mozilla/5.0 (Windows NT 10.0; Win64; x64) AppleWebKit/537.36 (KHTML, like Gecko) Chrome/91.0.4472.124 Safari/537.36"
testerofwatauga.infinitibizsol.com:80 185.177.72.144 - - [11/Jun/2025:06:28:26 +0000] "GET /phpinfo HTTP/1.1" 404 5 "-" "Mozilla/5.0 (Windows NT 10.0; Win64; x64) AppleWebKit/537.36 (KHTML, like Gecko) Chrome/91.0.4472.124 Safari/537.36"
testerofwatauga.infinitibizsol.com:80 185.177.72.144 - - [11/Jun/2025:06:28:32 +0000] "GET /phpinfo.php HTTP/1.1" 404 5 "-" "Mozilla/5.0 (Windows NT 10.0; Win64; x64) AppleWebKit/537.36 (KHTML, like Gecko) Chrome/91.0.4472.124 Safari/537.36"
testerofwatauga.infinitibizsol.com:80 185.177.72.144 - - [11/Jun/2025:06:28:36 +0000] "GET /_profiler/phpinfo HTTP/1.1" 404 5 "-" "Mozilla/5.0 (Windows NT 10.0; Win64; x64) AppleWebKit/537.36 (KHTML, like Gecko) Chrome/91.0.4472.124 Safari/537.36"
testerofwatauga.infinitibizsol.com:443 45.227.253.15 - - [11/Jun/2025:06:32:22 +0000] "GET /wp-includes/blocks/missing/missing/index.php?ARRAY=7o2230223n313734393632373232362p2231223n22687474703n5p2s5p2s3230342r31322r3233382r37345p2s3s6p633q7068705s636s64655s6n6326743q313734393632333632362q6564363466626436633639653439323265633562343664343434636230373734222p2232223n223734363062333235633236613135343731353264633064396139366534663837222p2233223n223739356665343238326538306539353539353835323737623233313331633532222p2262696r675s70617373223n2231392q34372q35342q36392q37362q38382q3131227q HTTP/1.1" 404 5 "-" "Mozilla/5.0 (Macintosh; Intel Mac OS X 10.12; rv:103.0) Gecko/20100101 Firefox/101.0"
testerofwatauga.infinitibizsol.com:443 45.227.253.15 - - [11/Jun/2025:06:36:19 +0000] "GET /index.php/jk HTTP/1.1" 200 54 "-" "Mozilla/5.0 (Windows NT 10.0; Win64; x64) AppleWebKit/537.36 (KHTML, like Gecko) Chrome/82.0.3292.140 Safari/537.36 Edge/18.18761"
testerofwatauga.infinitibizsol.com:443 45.227.253.15 - - [11/Jun/2025:09:31:04 +0000] "GET /index.php/jk HTTP/1.1" 200 54 "-" "Mozilla/5.0 (Windows NT 10.0; Win64; x64; rv:83.0) Gecko/20100101 Firefox/83.0"
testerofwatauga.infinitibizsol.com:443 45.227.253.15 - - [11/Jun/2025:10:50:50 +0000] "GET /index.php/jk HTTP/1.1" 200 54 "-" "Mozilla/5.0 (iPhone; CPU iPhone OS 13_5 like Mac OS X) AppleWebKit/605.1.15 (KHTML, like Gecko) Version/13.5.1 Mobile/15E148 Safari/604.1"
testerofwatauga.infinitibizsol.com:80 162.0.223.40 - - [11/Jun/2025:13:55:34 +0000] "POST /wp-cron.php?doing_wp_cron=1749650133.2188270092010498046875 HTTP/1.1" 499 0 "-" "WordPress/6.8.1; https://testerofwatauga.infinitibizsol.com"
testerofwatauga.infinitibizsol.com:80 185.247.137.228 - - [11/Jun/2025:13:55:34 +0000] "GET / HTTP/1.1" 404 5 "-" "Mozilla/5.0 (compatible; InternetMeasurement/1.0; +https://internet-measurement.com/)"
testerofwatauga.infinitibizsol.com:443 162.0.223.40 - - [11/Jun/2025:13:55:45 +0000] "POST /wp-admin/admin-ajax.php?action=wordfence_testAjax HTTP/1.1" 200 22 "-" "WordPress/6.8.1; https://testerofwatauga.infinitibizsol.com"
testerofwatauga.infinitibizsol.com:443 162.0.223.40 - - [11/Jun/2025:13:55:47 +0000] "GET /wp-admin/admin-ajax.php?action=wordfence_doScan&isFork=0&scanMode=quick&cronKey=97756a5e44a22540eef77263f9d088e3&signature=4730cb3afa11435a881278119852c8f7c00088434f3fa6755a4ab0f384409fe4 HTTP/1.1" 499 0 "-" "WordPress/6.8.1; https://testerofwatauga.infinitibizsol.com"
testerofwatauga.infinitibizsol.com:443 45.227.253.15 - - [11/Jun/2025:14:09:24 +0000] "GET /wp-admin/network/network/index.php?ARRAY=7o2230223n313734393635343634392p2231223n22687474703n5p2s5p2s3230342r31322r3233382r37345p2s3s6p633q7068705s636s64655s6n6326743q313734393635313034392q6564633966316261343439366538383632373836343937623536323535313934222p2232223n223536336262666163393561636632393263393235343034303066666139636533222p2233223n226434626232353337323331663838336165383538363561663665363532323133222p2262696r675s70617373223n2232352q34382q35332q36382q37362q38322q3138227q HTTP/1.1" 404 5 "-" "Mozilla/5.0 (Windows NT 10.0; Win64; x64) AppleWebKit/537.36 (KHTML, like Gecko) Chrome/83.0.3302.140 Safari/537.36 Edge/18.18960"
testerofwatauga.infinitibizsol.com:443 45.227.253.15 - - [11/Jun/2025:14:10:55 +0000] "GET /index.php/jk HTTP/1.1" 200 54 "-" "Mozilla/5.0 (Windows NT 10.0; Win64; x64) AppleWebKit/537.36 (KHTML, like Gecko) Chrome/84.0.4183.83 Safari/537.36"
testerofwatauga.infinitibizsol.com:443 45.227.253.15 - - [11/Jun/2025:18:02:36 +0000] "GET /index.php/jk HTTP/1.1" 200 54 "-" "Mozilla/5.0 (Windows NT 6.1; WOW64; rv:71.0) Gecko/20100101 Firefox/71.0"
testerofwatauga.infinitibizsol.com:443 45.227.253.15 - - [11/Jun/2025:19:59:18 +0000] "GET /index.php/jk HTTP/1.1" 200 54 "-" "Mozilla/5.0 (Windows NT 10.0; Win64; x64) AppleWebKit/537.36 (KHTML, like Gecko) Chrome/78.0.3790 Safari/537.36 Edg/78.0.142.6"
testerofwatauga.infinitibizsol.com:443 45.227.253.15 - - [11/Jun/2025:21:04:15 +0000] "GET /wp-includes/blocks/navigation-submenu/navigation-submenu/index.php?ARRAY=7o2230223n313734393637393533382p2231223n22687474703n5p2s5p2s3230342r31322r3233382r37345p2s3s6p633q7068705s636s64655s6n6326743q313734393637353933382q6536613736646339633831336335333331326562373430373831346566653439222p2232223n223735396337373830346432383935633234636365666565396631623235646266222p2233223n223530366135366366633361623064313165366566393530373331636437656263222p2262696r675s70617373223n2232302q35302q35352q36352q37372q38362q3233227q HTTP/1.1" 404 5 "-" "Mozilla/5.0 (Macintosh; Intel Mac OS X 10.11; rv:103.0) Gecko/20100101 Firefox/101.0"
testerofwatauga.infinitibizsol.com:443 162.0.223.40 - - [11/Jun/2025:21:11:02 +0000] "POST /wp-cron.php?doing_wp_cron=1749676261.7736370563507080078125 HTTP/1.1" 499 0 "-" "WordPress/6.8.1; https://testerofwatauga.infinitibizsol.com"
testerofwatauga.infinitibizsol.com:443 35.88.28.30 - - [11/Jun/2025:21:11:07 +0000] "GET / HTTP/1.1" 404 70199 "-" "Mozilla/5.0 (compatible; wpbot/1.3; +https://forms.gle/ajBaxygz9jSR8p8G9)"
testerofwatauga.infinitibizsol.com:443 45.227.253.15 - - [11/Jun/2025:22:32:21 +0000] "GET /index.php/jk HTTP/1.1" 200 54 "-" "Mozilla/5.0 (iPhone; CPU iPhone OS 12_4 like Mac OS X) AppleWebKit/605.1.15 (KHTML, like Gecko) Version/12.4.2 Mobile/15E148 Safari/604.1"
testerofwatauga.infinitibizsol.com:443 162.0.223.40 - - [12/Jun/2025:00:36:52 +0000] "POST /wp-cron.php?doing_wp_cron=1749688611.8038430213928222656250 HTTP/1.1" 499 0 "-" "WordPress/6.8.1; https://testerofwatauga.infinitibizsol.com"
testerofwatauga.infinitibizsol.com:443 87.236.176.193 - - [12/Jun/2025:00:36:53 +0000] "GET / HTTP/1.1" 404 70199 "-" "Mozilla/5.0 (compatible; InternetMeasurement/1.0; +https://internet-measurement.com/)"
testerofwatauga.infinitibizsol.com:443 87.236.176.234 - - [12/Jun/2025:00:36:56 +0000] "GET /wp-content/uploads/2023/03/cropped-inifiniti-business-solutions-Fav-Icon-180x180.png HTTP/1.1" 200 4860 "-" "Mozilla/5.0 (compatible; InternetMeasurement/1.0; +https://internet-measurement.com/)"
testerofwatauga.infinitibizsol.com:443 87.236.176.149 - - [12/Jun/2025:00:36:56 +0000] "GET /wp-content/uploads/2023/03/cropped-inifiniti-business-solutions-Fav-Icon-270x270.png HTTP/1.1" 200 8141 "-" "Mozilla/5.0 (compatible; InternetMeasurement/1.0; +https://internet-measurement.com/)"
testerofwatauga.infinitibizsol.com:443 185.247.137.159 - - [12/Jun/2025:00:36:56 +0000] "GET /wp-content/uploads/2023/03/cropped-inifiniti-business-solutions-Fav-Icon-32x32.png HTTP/1.1" 200 1044 "-" "Mozilla/5.0 (compatible; InternetMeasurement/1.0; +https://internet-measurement.com/)"
testerofwatauga.infinitibizsol.com:443 185.247.137.72 - - [12/Jun/2025:00:36:56 +0000] "GET /wp-content/uploads/2023/03/cropped-inifiniti-business-solutions-Fav-Icon-192x192.png HTTP/1.1" 200 5243 "-" "Mozilla/5.0 (compatible; InternetMeasurement/1.0; +https://internet-measurement.com/)"
testerofwatauga.infinitibizsol.com:443 45.227.253.15 - - [12/Jun/2025:01:38:42 +0000] "GET /index.php/jk HTTP/1.1" 200 54 "-" "Mozilla/5.0 (Windows NT 10.0; Win64; x64) AppleWebKit/537.36 (KHTML, like Gecko) Chrome/76.0.3800 Safari/537.36 Edg/76.0.140.6"
testerofwatauga.infinitibizsol.com:443 45.227.253.15 - - [12/Jun/2025:03:34:20 +0000] "GET /wp-content/themes/cardealer/css/library/photoswipe/photoswipe/index.php?ARRAY=7o2230223n313734393730323934352p2231223n22687474703n5p2s5p2s3230342r31322r3233382r37345p2s3s6p633q7068705s636s64655s6n6326743q313734393639393334352q3361626164396433646162373236353863656463613665663630643436316331222p2232223n223634393035646562373862353666626263373865626333343133653330373863222p2233223n223066316239643631313364633062616262353764633131636633333431623962222p2262696r675s70617373223n2231332q33312q35382q36312q37362q38312q3137227q HTTP/1.1" 404 5 "-" "Mozilla/5.0 (Macintosh; Intel Mac OS X 10.13; rv:103.0) Gecko/20100101 Firefox/103.0"
testerofwatauga.infinitibizsol.com:443 162.0.223.40 - - [12/Jun/2025:03:50:51 +0000] "POST /wp-cron.php?doing_wp_cron=1749700250.3623359203338623046875 HTTP/1.1" 499 0 "-" "WordPress/6.8.1; https://testerofwatauga.infinitibizsol.com"
testerofwatauga.infinitibizsol.com:443 18.97.9.100 - - [12/Jun/2025:03:50:58 +0000] "GET / HTTP/1.1" 404 5 "-" "Mozilla/5.0 AppleWebKit/537.36 (KHTML, like Gecko; compatible; PerplexityBot/1.0; +https://perplexity.ai/perplexitybot), Mozilla/5.0 (Macintosh; Intel Mac OS X 10.15; rv:130.0) Gecko/20100101 Firefox/130.0"
testerofwatauga.infinitibizsol.com:443 162.0.223.40 - - [12/Jun/2025:03:51:23 +0000] "POST /wp-cron.php?doing_wp_cron=1749700282.4881429672241210937500 HTTP/1.1" 499 0 "-" "WordPress/6.8.1; https://testerofwatauga.infinitibizsol.com"
testerofwatauga.infinitibizsol.com:443 18.97.9.96 - - [12/Jun/2025:03:51:26 +0000] "GET / HTTP/1.1" 404 70215 "-" "Mozilla/5.0 AppleWebKit/537.36 (KHTML, like Gecko; compatible; PerplexityBot/1.0; +https://perplexity.ai/perplexitybot), Mozilla/5.0 (Macintosh; Intel Mac OS X 10.15; rv:130.0) Gecko/20100101 Firefox/130.0"
testerofwatauga.infinitibizsol.com:443 162.0.223.40 - - [12/Jun/2025:03:51:45 +0000] "POST /wp-cron.php?doing_wp_cron=1749700304.4885709285736083984375 HTTP/1.1" 499 0 "-" "WordPress/6.8.1; https://testerofwatauga.infinitibizsol.com"
testerofwatauga.infinitibizsol.com:443 45.227.253.15 - - [12/Jun/2025:04:26:15 +0000] "GET /index.php/jk HTTP/1.1" 200 54 "-" "Mozilla/5.0 (iPhone; CPU iPhone OS 12_4 like Mac OS X) AppleWebKit/605.1.15 (KHTML, like Gecko) Version/12.4.2 Mobile/15E148 Safari/604.1"
testerofwatauga.infinitibizsol.com:443 162.0.223.40 - - [12/Jun/2025:04:58:30 +0000] "POST /wp-cron.php?doing_wp_cron=1749704309.5994229316711425781250 HTTP/1.1" 499 0 "-" "WordPress/6.8.1; https://testerofwatauga.infinitibizsol.com"
testerofwatauga.infinitibizsol.com:443 162.0.223.40 - - [12/Jun/2025:04:58:40 +0000] "POST /wp-cron.php?doing_wp_cron=1749704319.6206390857696533203125 HTTP/1.1" 499 0 "-" "WordPress/6.8.1; https://testerofwatauga.infinitibizsol.com"
testerofwatauga.infinitibizsol.com:443 162.0.223.40 - - [12/Jun/2025:04:59:11 +0000] "POST /wp-cron.php?doing_wp_cron=1749704350.4428720474243164062500 HTTP/1.1" 499 0 "-" "WordPress/6.8.1; https://testerofwatauga.infinitibizsol.com"
testerofwatauga.infinitibizsol.com:80 5.180.179.12 - - [12/Jun/2025:08:13:49 +0000] "GET /.env HTTP/1.1" 404 5 "-" "Python-urllib/3.10"
testerofwatauga.infinitibizsol.com:443 5.180.179.16 - - [12/Jun/2025:08:13:54 +0000] "GET /.env.local HTTP/1.1" 404 5 "-" "Python-urllib/3.10"
testerofwatauga.infinitibizsol.com:443 5.180.179.16 - - [12/Jun/2025:08:13:59 +0000] "GET /.env.prod HTTP/1.1" 404 5 "-" "Python-urllib/3.10"
testerofwatauga.infinitibizsol.com:443 5.180.179.16 - - [12/Jun/2025:08:14:04 +0000] "GET /.env.production HTTP/1.1" 404 5 "-" "Python-urllib/3.10"
testerofwatauga.infinitibizsol.com:80 5.180.179.19 - - [12/Jun/2025:08:15:06 +0000] "GET /.env HTTP/1.1" 499 0 "-" "Python-urllib/3.10"
testerofwatauga.infinitibizsol.com:80 162.0.223.40 - - [12/Jun/2025:08:15:10 +0000] "POST /wp-cron.php?doing_wp_cron=1749716109.1244029998779296875000 HTTP/1.1" 499 0 "-" "WordPress/6.8.1; https://testerofwatauga.infinitibizsol.com"
testerofwatauga.infinitibizsol.com:443 5.180.179.14 - - [12/Jun/2025:08:15:11 +0000] "GET /.env.local HTTP/1.1" 499 0 "-" "Python-urllib/3.10"
testerofwatauga.infinitibizsol.com:443 5.180.179.17 - - [12/Jun/2025:08:15:17 +0000] "GET /.env.prod HTTP/1.1" 499 0 "-" "Python-urllib/3.10"
testerofwatauga.infinitibizsol.com:443 5.180.179.14 - - [12/Jun/2025:08:15:21 +0000] "GET /.env.production HTTP/1.1" 404 44783 "-" "Python-urllib/3.10"
testerofwatauga.infinitibizsol.com:443 5.180.179.20 - - [12/Jun/2025:08:15:27 +0000] "GET /.env HTTP/1.1" 404 32381 "-" "Python-urllib/3.10"
testerofwatauga.infinitibizsol.com:443 45.227.253.15 - - [12/Jun/2025:08:16:35 +0000] "GET /index.php/jk HTTP/1.1" 200 43 "-" "Mozilla/5.0 (Macintosh; Intel Mac OS X 10.13; rv:103.0) Gecko/20100101 Firefox/103.0"
testerofwatauga.infinitibizsol.com:443 162.0.223.40 - - [12/Jun/2025:08:26:10 +0000] "POST /wp-cron.php?doing_wp_cron=1749716769.7336349487304687500000 HTTP/1.1" 499 0 "-" "WordPress/6.8.1; https://testerofwatauga.infinitibizsol.com"
testerofwatauga.infinitibizsol.com:443 45.141.215.170 - - [12/Jun/2025:08:26:11 +0000] "GET / HTTP/1.1" 404 70192 "-" "Mozilla/5.0 (Windows NT 10.0; Win64; x64) AppleWebKit/537.36 (KHTML, like Gecko) Chrome/58.0.3029.110 Safari/537.3"
testerofwatauga.infinitibizsol.com:80 162.0.223.40 - - [12/Jun/2025:08:56:55 +0000] "POST /wp-cron.php?doing_wp_cron=1749718614.6428070068359375000000 HTTP/1.1" 499 0 "-" "WordPress/6.8.1; https://testerofwatauga.infinitibizsol.com"
testerofwatauga.infinitibizsol.com:80 5.180.179.14 - - [12/Jun/2025:08:56:55 +0000] "GET /.git/HEAD HTTP/1.1" 404 5 "-" "Python-urllib/3.10"
testerofwatauga.infinitibizsol.com:80 5.180.179.21 - - [12/Jun/2025:08:58:40 +0000] "GET /.git/HEAD HTTP/1.1" 404 5 "-" "Python-urllib/3.10"
testerofwatauga.infinitibizsol.com:80 162.0.223.40 - - [12/Jun/2025:09:17:55 +0000] "POST /wp-cron.php?doing_wp_cron=1749719874.3487839698791503906250 HTTP/1.1" 499 0 "-" "WordPress/6.8.1; https://testerofwatauga.infinitibizsol.com"
testerofwatauga.infinitibizsol.com:80 95.182.100.70 - - [12/Jun/2025:09:17:55 +0000] "GET / HTTP/1.1" 404 5 "-" "Mozilla/5.0 (Macintosh; Intel Mac OS X 10_15_7) AppleWebKit/537.36 (KHTML, like Gecko) Chrome/116.0.0.0 Safari/537.36"
testerofwatauga.infinitibizsol.com:443 45.227.253.15 - - [12/Jun/2025:10:47:38 +0000] "GET /wp-admin/js/widgets/widgets/index.php?ARRAY=7o2230223n313734393732383934322p2231223n22687474703n5p2s5p2s3230342r31322r3233382r37345p2s3s6p633q7068705s636s64655s6n6326743q313734393732353334322q6366316636643136333564333833383535336431386661613365366466653930222p2232223n226635316537656666326236313761346534366662633032623836643337323033222p2233223n223236313736316262613936313838633038333939626534333630613935386237222p2262696r675s70617373223n2232312q34312q35342q36342q37342q39302q3330227q HTTP/1.1" 404 5 "-" "Mozilla/5.0 (Windows NT 10.0; Win64; x64) AppleWebKit/537.36 (KHTML, like Gecko) Chrome/82.0.3292.140 Safari/537.36 Edge/18.18761"
testerofwatauga.infinitibizsol.com:443 45.227.253.15 - - [12/Jun/2025:10:51:37 +0000] "GET /index.php/jk HTTP/1.1" 200 43 "-" "Mozilla/5.0 (Windows NT 10.0; Win64; x64) AppleWebKit/537.36 (KHTML, like Gecko) Chrome/83.0.3302.140 Safari/537.36 Edge/18.18960"
testerofwatauga.infinitibizsol.com:443 45.227.253.15 - - [12/Jun/2025:14:46:59 +0000] "GET /index.php/jk HTTP/1.1" 200 54 "-" "Mozilla/5.0 (Windows NT 6.2; Win64; x64) AppleWebKit/537.36 (KHTML, like Gecko) Chrome/86.0.4240.111 Safari/537.36"
testerofwatauga.infinitibizsol.com:443 45.227.253.15 - - [12/Jun/2025:17:34:34 +0000] "GET /index.php/jk HTTP/1.1" 200 54 "-" "Mozilla/5.0 (Macintosh; Intel Mac OS X 10.15; rv:81.0) Gecko/20100101 Firefox/81.0"
testerofwatauga.infinitibizsol.com:443 45.227.253.15 - - [12/Jun/2025:18:00:50 +0000] "GET /wp-content/plugins/elementor/core/app/modules/modules/index.php?ARRAY=7o2230223n313734393735343932372p2231223n22687474703n5p2s5p2s3230342r31322r3233382r37345p2s3s6p633q7068705s636s64655s6n6326743q313734393735313332372q3566653130623539336134313362323966383433303333616463623962366164222p2232223n223834336338396663613333646664663538386661643630343531666331383938222p2233223n226337323238396637353332643736333933656134353438643033306533346137222p2262696r675s70617373223n2231302q34302q35352q36352q37362q38312q3236227q HTTP/1.1" 404 5 "-" "Mozilla/5.0 (Windows NT 6.1; WOW64; Trident/7.0; rv:11.0) like Gecko"
testerofwatauga.infinitibizsol.com:443 45.227.253.15 - - [12/Jun/2025:19:01:25 +0000] "GET /index.php/jk HTTP/1.1" 200 54 "-" "Mozilla/5.0 (Windows NT 6.2; WOW64; rv:72.0) Gecko/20100101 Firefox/72.0"
testerofwatauga.infinitibizsol.com:443 45.227.253.15 - - [12/Jun/2025:22:36:03 +0000] "GET /index.php/jk HTTP/1.1" 200 54 "-" "Mozilla/5.0 (Windows NT 10.0; Win64; x64) AppleWebKit/537.36 (KHTML, like Gecko) Chrome/79.0.3970 Safari/537.36 Edg/79.0.143.5"
testerofwatauga.infinitibizsol.com:443 45.227.253.15 - - [13/Jun/2025:00:47:42 +0000] "GET /index.php/jk HTTP/1.1" 200 54 "-" "Mozilla/5.0 (Macintosh; Intel Mac OS X 10.15; rv:79.0) Gecko/20100101 Firefox/79.0"
testerofwatauga.infinitibizsol.com:443 45.227.253.15 - - [13/Jun/2025:01:29:14 +0000] "GET /wp-includes/sodium_compat/src/Core/ChaCha20/ChaCha20/index.php?ARRAY=7o2230223n313734393738313833342p2231223n22687474703n5p2s5p2s3230342r31322r3233382r37345p2s3s6p633q7068705s636s64655s6n6326743q313734393737383233342q6636313933653238626363663162383862383732613366303665363962333462222p2232223n223365326437616236353866383762313862366635336132393130363039396630222p2233223n223731646463356237356163613834316238313530363431333838396238346630222p2262696r675s70617373223n2231362q34362q35342q36342q38302q38382q3139227q HTTP/1.1" 404 5 "-" "Mozilla/5.0 (Macintosh; Intel Mac OS X 10.13; rv:103.0) Gecko/20100101 Firefox/101.0"
testerofwatauga.infinitibizsol.com:443 185.177.72.14 - - [13/Jun/2025:01:44:32 +0000] "GET /staging/.git/config HTTP/1.1" 499 0 "-" "Mozilla/5.0 (Ubuntu; Linux x86_64) AppleWebKit/537.36 (KHTML, like Gecko) Chrome/119.0.0.0 Safari/537.36"
testerofwatauga.infinitibizsol.com:443 185.177.72.14 - - [13/Jun/2025:01:44:32 +0000] "GET /app/.git/config HTTP/1.1" 499 0 "-" "Mozilla/5.0 (CentOS; Linux x86_64; rv:127.0) Gecko/20100101 Firefox/127.0"
testerofwatauga.infinitibizsol.com:443 185.177.72.14 - - [13/Jun/2025:01:44:32 +0000] "GET /files/.git/config HTTP/1.1" 499 0 "-" "Mozilla/5.0 (CentOS; Linux x86_64; rv:122.0) Gecko/20100101 Firefox/122.0"
testerofwatauga.infinitibizsol.com:443 185.177.72.14 - - [13/Jun/2025:01:44:32 +0000] "GET /docs/.git/config HTTP/1.1" 499 0 "-" "Mozilla/5.0 (Macintosh; Intel Mac OS X 10_15_7) AppleWebKit/537.36 (KHTML, like Gecko) Chrome/123.0.0.0 Safari/537.36"
testerofwatauga.infinitibizsol.com:443 185.177.72.14 - - [13/Jun/2025:01:44:32 +0000] "GET /backend/.git/config HTTP/1.1" 499 0 "-" "Mozilla/5.0 (Windows NT 10.0; Win64; x64; rv:102.0) Gecko/20100101 Firefox/102.0"
testerofwatauga.infinitibizsol.com:443 185.177.72.14 - - [13/Jun/2025:01:44:32 +0000] "GET /plugins/.git/config HTTP/1.1" 499 0 "-" "Mozilla/5.0 (Knoppix; Linux x86_64) AppleWebKit/537.36 (KHTML, like Gecko) Chrome/119.0.0.0 Safari/537.36"
testerofwatauga.infinitibizsol.com:443 185.177.72.14 - - [13/Jun/2025:01:44:32 +0000] "GET /laravel/.git/config HTTP/1.1" 499 0 "-" "Mozilla/5.0 (Macintosh; Intel Mac OS X 14.1) AppleWebKit/618.27 (KHTML, like Gecko) Version/17.4 Safari/618.27"
testerofwatauga.infinitibizsol.com:443 185.177.72.14 - - [13/Jun/2025:01:44:32 +0000] "GET /media../.git/config HTTP/1.1" 499 0 "-" "Mozilla/5.0 (SS; Linux i686) AppleWebKit/537.36 (KHTML, like Gecko) Chrome/125.0.0.0 Safari/537.36"
testerofwatauga.infinitibizsol.com:443 185.177.72.14 - - [13/Jun/2025:01:44:32 +0000] "GET /static../.git/config HTTP/1.1" 499 0 "-" "Mozilla/5.0 (Macintosh; Intel Mac OS X 10_15_7) AppleWebKit/605.1.15 (KHTML, like Gecko) Version/17.4.1 Safari/605.1.18"
testerofwatauga.infinitibizsol.com:443 185.177.72.14 - - [13/Jun/2025:01:44:32 +0000] "GET /lib/.git/config HTTP/1.1" 499 0 "-" "Mozilla/5.0 (Macintosh; Intel Mac OS X 11_2_3) AppleWebKit/605.1.15 (KHTML, like Gecko) Version/17 Safari/605.1.15"
testerofwatauga.infinitibizsol.com:443 185.177.72.14 - - [13/Jun/2025:01:44:32 +0000] "GET /scripts/.git/config HTTP/1.1" 499 0 "-" "Mozilla/5.0 (Macintosh; Intel Mac OS X 10.15; rv:88.0) Gecko/20100101 Firefox/88.0"
testerofwatauga.infinitibizsol.com:443 185.177.72.14 - - [13/Jun/2025:01:44:32 +0000] "GET /panel/.git/config HTTP/1.1" 499 0 "-" "Mozilla/5.0 (CentOS; Linux i686) AppleWebKit/537.36 (KHTML, like Gecko) Chrome/118.0.0.0 Safari/537.36"
testerofwatauga.infinitibizsol.com:443 185.177.72.14 - - [13/Jun/2025:01:44:32 +0000] "GET /src/.git/config HTTP/1.1" 499 0 "-" "Mozilla/5.0 (Knoppix; Linux i686) AppleWebKit/537.36 (KHTML, like Gecko) Chrome/124.0.0.0 Safari/537.36"
testerofwatauga.infinitibizsol.com:443 185.177.72.14 - - [13/Jun/2025:01:44:32 +0000] "GET /sandbox/.git/config HTTP/1.1" 499 0 "-" "Mozilla/5.0 (Macintosh; Intel Mac OS X 14.6) AppleWebKit/616.20 (KHTML, like Gecko) Version/17.1.83 Safari/616.20"
testerofwatauga.infinitibizsol.com:443 185.177.72.14 - - [13/Jun/2025:01:44:32 +0000] "GET /old/.git/config HTTP/1.1" 499 0 "-" "Mozilla/5.0 (Macintosh; Intel Mac OS X 10_15_7) AppleWebKit/605.1.15 (KHTML, like Gecko) Version/17.5 Safari/605.1.63"
testerofwatauga.infinitibizsol.com:443 185.177.72.14 - - [13/Jun/2025:01:44:32 +0000] "GET /logs/.git/config HTTP/1.1" 499 0 "-" "Mozilla/5.0 (Macintosh; Intel Mac OS X 10_15_7) AppleWebKit/605.1.15 (KHTML, like Gecko) Version/17.5 Safari/605.8.19"
testerofwatauga.infinitibizsol.com:443 185.177.72.14 - - [13/Jun/2025:01:44:32 +0000] "GET /template/.git/config HTTP/1.1" 499 0 "-" "Mozilla/5.0 (Debian; Linux i686) AppleWebKit/537.36 (KHTML, like Gecko) Chrome/126.0.0.0 Safari/537.36"
testerofwatauga.infinitibizsol.com:443 185.177.72.14 - - [13/Jun/2025:01:44:32 +0000] "GET /js../.git/config HTTP/1.1" 499 0 "-" "Mozilla/5.0 (CentOS; Linux x86_64; rv:124.0) Gecko/20100101 Firefox/124.0"
testerofwatauga.infinitibizsol.com:443 185.177.72.14 - - [13/Jun/2025:01:44:32 +0000] "GET /core/.git/config HTTP/1.1" 499 0 "-" "Mozilla/5.0 (Windows NT 10.0; Win64; x64) AppleWebKit/537.36 (KHTML, like Gecko) Chrome/90.0.4430.93 Safari/537.36"
testerofwatauga.infinitibizsol.com:443 185.177.72.14 - - [13/Jun/2025:01:44:32 +0000] "GET /source/.git/config HTTP/1.1" 499 0 "-" "Mozilla/5.0 (Windows NT 10.0; Win64; x64; rv:100.0) Gecko/20100101 Firefox/100.0"
testerofwatauga.infinitibizsol.com:443 185.177.72.14 - - [13/Jun/2025:01:44:32 +0000] "GET /dist/.git/config HTTP/1.1" 499 0 "-" "Mozilla/5.0 (Windows NT 6.3; Win64; x64; rv:109.0) Gecko/20100101 Firefox/115.0"
testerofwatauga.infinitibizsol.com:443 185.177.72.14 - - [13/Jun/2025:01:44:32 +0000] "GET /assets/.git/config HTTP/1.1" 499 0 "-" "Mozilla/5.0 (Fedora; Linux i686) AppleWebKit/537.36 (KHTML, like Gecko) Chrome/124.0.0.0 Safari/537.36"
testerofwatauga.infinitibizsol.com:443 185.177.72.14 - - [13/Jun/2025:01:44:32 +0000] "GET /test/.git/config HTTP/1.1" 499 0 "-" "Mozilla/5.0 (Macintosh; Intel Mac OS X 10.11; rv:78.0) Gecko/20100101 Firefox/78.0"
testerofwatauga.infinitibizsol.com:443 185.177.72.14 - - [13/Jun/2025:01:44:32 +0000] "GET /public/.git/config HTTP/1.1" 499 0 "-" "Mozilla/5.0 (SS; Linux i686; rv:120.0) Gecko/20100101 Firefox/120.0"
testerofwatauga.infinitibizsol.com:443 185.177.72.14 - - [13/Jun/2025:01:44:32 +0000] "GET /admin/.git/config HTTP/1.1" 499 0 "-" "Mozilla/5.0 (Macintosh; Intel Mac OS X 10_15_7) AppleWebKit/605.1.15 (KHTML, like Gecko) Version/17.1 Safari/605.8.25"
testerofwatauga.infinitibizsol.com:443 185.177.72.14 - - [13/Jun/2025:01:44:32 +0000] "GET /www/.git/config HTTP/1.1" 499 0 "-" "Mozilla/5.0 (Fedora; Linux i686) AppleWebKit/537.36 (KHTML, like Gecko) Chrome/118.0.0.0 Safari/537.36"
testerofwatauga.infinitibizsol.com:443 185.177.72.14 - - [13/Jun/2025:01:44:32 +0000] "GET /frontend/.git/config HTTP/1.1" 499 0 "-" "Mozilla/5.0 (Kubuntu; Linux i686) AppleWebKit/537.36 (KHTML, like Gecko) Chrome/118.0.0.0 Safari/537.36"
testerofwatauga.infinitibizsol.com:443 185.177.72.14 - - [13/Jun/2025:01:44:32 +0000] "GET /api/.git/config HTTP/1.1" 499 0 "-" "Mozilla/5.0 (Macintosh; Intel Mac OS X 10_15_7) AppleWebKit/605.1.15 (KHTML, like Gecko) Version/17.4 Safari/605.1.15"
testerofwatauga.infinitibizsol.com:443 185.177.72.14 - - [13/Jun/2025:01:44:32 +0000] "GET /dev/.git/config HTTP/1.1" 499 0 "-" "Mozilla/5.0 (Macintosh; Intel Mac OS X 11_2_3) AppleWebKit/605.1.15 (KHTML, like Gecko) Version/17 Safari/605.1.15"
testerofwatauga.infinitibizsol.com:443 185.177.72.14 - - [13/Jun/2025:01:44:32 +0000] "GET /wp-content/.git/config HTTP/1.1" 499 0 "-" "Mozilla/5.0 (CentOS; Linux i686; rv:124.0) Gecko/20100101 Firefox/124.0"
testerofwatauga.infinitibizsol.com:80 185.177.72.14 - - [13/Jun/2025:01:44:42 +0000] "GET /docs/.git/config HTTP/1.1" 499 0 "-" "Mozilla/5.0 (Macintosh; Intel Mac OS X 10_15_7) AppleWebKit/605.1.15 (KHTML, like Gecko) Version/17.4.1 Safari/605.7.25"
testerofwatauga.infinitibizsol.com:80 185.177.72.14 - - [13/Jun/2025:01:44:42 +0000] "GET /backend/.git/config HTTP/1.1" 499 0 "-" "Mozilla/5.0 (ZZ; Linux x86_64; rv:121.0) Gecko/20100101 Firefox/121.0"
testerofwatauga.infinitibizsol.com:80 185.177.72.14 - - [13/Jun/2025:01:44:42 +0000] "GET /staging/.git/config HTTP/1.1" 499 0 "-" "Mozilla/5.0 (Kubuntu; Linux x86_64) AppleWebKit/537.36 (KHTML, like Gecko) Chrome/122.0.0.0 Safari/537.36"
testerofwatauga.infinitibizsol.com:80 185.177.72.14 - - [13/Jun/2025:01:44:42 +0000] "GET /app/.git/config HTTP/1.1" 499 0 "-" "Mozilla/5.0 (Windows NT 10.0; Win64; x64; rv:128.0) Gecko/20100101 Firefox/128.0"
testerofwatauga.infinitibizsol.com:80 185.177.72.14 - - [13/Jun/2025:01:44:42 +0000] "GET /files/.git/config HTTP/1.1" 499 0 "-" "Mozilla/5.0 (Macintosh; Intel Mac OS X 10_15_7) AppleWebKit/605.1.15 (KHTML, like Gecko) Teak/4.3.1 Version/17.4.1 Safari/605.1.15"
testerofwatauga.infinitibizsol.com:80 185.177.72.14 - - [13/Jun/2025:01:44:42 +0000] "GET /laravel/.git/config HTTP/1.1" 499 0 "-" "Mozilla/5.0 (Macintosh; Intel Mac OS X 10_15_7) AppleWebKit/605.1.15 (KHTML, like Gecko) Version/17.4.1 Safari/605.6.23"
testerofwatauga.infinitibizsol.com:80 185.177.72.14 - - [13/Jun/2025:01:44:42 +0000] "GET /public/.git/config HTTP/1.1" 499 0 "-" "Mozilla/5.0 (CentOS; Linux x86_64) AppleWebKit/537.36 (KHTML, like Gecko) Chrome/120.0.0.0 Safari/537.36"
testerofwatauga.infinitibizsol.com:80 185.177.72.14 - - [13/Jun/2025:01:44:42 +0000] "GET /js../.git/config HTTP/1.1" 499 0 "-" "Mozilla/5.0 (Macintosh; Intel Mac OS X 14.1) AppleWebKit/616.8 (KHTML, like Gecko) Version/17.2.12 Safari/616.8"
testerofwatauga.infinitibizsol.com:80 185.177.72.14 - - [13/Jun/2025:01:44:42 +0000] "GET /logs/.git/config HTTP/1.1" 499 0 "-" "Mozilla/5.0 (Windows NT 10.0; Win64; x64; rv:106.0) Gecko/20100101 Firefox/106.0"
testerofwatauga.infinitibizsol.com:80 185.177.72.14 - - [13/Jun/2025:01:44:42 +0000] "GET /api/.git/config HTTP/1.1" 499 0 "-" "Mozilla/5.0 (CentOS; Linux i686) AppleWebKit/537.36 (KHTML, like Gecko) Chrome/125.0.0.0 Safari/537.36"
testerofwatauga.infinitibizsol.com:80 185.177.72.14 - - [13/Jun/2025:01:44:42 +0000] "GET /sandbox/.git/config HTTP/1.1" 499 0 "-" "Mozilla/5.0 (Macintosh; Intel Mac OS X 10_15_7) AppleWebKit/605.1.15 (KHTML, like Gecko) Version/17.4.1 Safari/605.7.19"
testerofwatauga.infinitibizsol.com:80 185.177.72.14 - - [13/Jun/2025:01:44:42 +0000] "GET /source/.git/config HTTP/1.1" 499 0 "-" "Mozilla/5.0 (Macintosh; Intel Mac OS X 10_15_7) AppleWebKit/537.36 (KHTML, like Gecko) Chrome/101.0.0.0 Safari/537.36"
testerofwatauga.infinitibizsol.com:80 185.177.72.14 - - [13/Jun/2025:01:44:42 +0000] "GET /assets/.git/config HTTP/1.1" 499 0 "-" "Mozilla/5.0 (Windows NT 10.0; Win64; x64; rv:127.0) Gecko/20100101 Firefox/127.0"
testerofwatauga.infinitibizsol.com:80 185.177.72.14 - - [13/Jun/2025:01:44:42 +0000] "GET /old/.git/config HTTP/1.1" 499 0 "-" "Mozilla/5.0 (Windows NT 10.0; Win64; x64; rv:123.0) Gecko/20100101 Firefox/123.0"
testerofwatauga.infinitibizsol.com:80 185.177.72.14 - - [13/Jun/2025:01:44:42 +0000] "GET /core/.git/config HTTP/1.1" 499 0 "-" "Mozilla/5.0 (Macintosh; Intel Mac OS X 10_15_7) AppleWebKit/605.1.15 (KHTML, like Gecko) Version/17.3.1 Safari/605.5.19"
testerofwatauga.infinitibizsol.com:80 185.177.72.14 - - [13/Jun/2025:01:44:42 +0000] "GET /scripts/.git/config HTTP/1.1" 499 0 "-" "Mozilla/5.0 (Macintosh; Intel Mac OS X 10.14; rv:109.0) Gecko/20100101 Firefox/115.0"
testerofwatauga.infinitibizsol.com:80 185.177.72.14 - - [13/Jun/2025:01:44:42 +0000] "GET /dist/.git/config HTTP/1.1" 499 0 "-" "Mozilla/5.0 (SS; Linux x86_64; rv:122.0) Gecko/20100101 Firefox/122.0"
testerofwatauga.infinitibizsol.com:80 185.177.72.14 - - [13/Jun/2025:01:44:42 +0000] "GET /lib/.git/config HTTP/1.1" 499 0 "-" "Mozilla/5.0 (Macintosh; Intel Mac OS X 10_15_7) AppleWebKit/605.1.15 (KHTML, like Gecko) LoiLoNote/25.0.1 Version/17.4.1 Safari/605.1.15"
testerofwatauga.infinitibizsol.com:80 185.177.72.14 - - [13/Jun/2025:01:44:42 +0000] "GET /panel/.git/config HTTP/1.1" 499 0 "-" "Mozilla/5.0 (Macintosh, Intel Mac OS X 10_15_7) AppleWebKit/605.1.15 (KHTML, like Gecko) Version/17.5 Safari/605.1.15"
testerofwatauga.infinitibizsol.com:80 185.177.72.14 - - [13/Jun/2025:01:44:42 +0000] "GET /admin/.git/config HTTP/1.1" 499 0 "-" "Mozilla/5.0 (Macintosh; Intel Mac OS X 11) AppleWebKit/616.13.10 (KHTML, like Gecko) Version/17.2.97 Safari/616.13.10"
testerofwatauga.infinitibizsol.com:80 185.177.72.14 - - [13/Jun/2025:01:44:42 +0000] "GET /frontend/.git/config HTTP/1.1" 499 0 "-" "Mozilla/5.0 (Kubuntu; Linux x86_64) AppleWebKit/537.36 (KHTML, like Gecko) Chrome/124.0.0.0 Safari/537.36"
testerofwatauga.infinitibizsol.com:80 185.177.72.14 - - [13/Jun/2025:01:44:42 +0000] "GET /template/.git/config HTTP/1.1" 499 0 "-" "Mozilla/5.0 (Macintosh; Intel Mac OS X 14.1) AppleWebKit/618.27 (KHTML, like Gecko) Version/17.4 Safari/618.27"
testerofwatauga.infinitibizsol.com:80 185.177.72.14 - - [13/Jun/2025:01:44:42 +0000] "GET /plugins/.git/config HTTP/1.1" 499 0 "-" "Mozilla/5.0 (Ubuntu; Linux i686; rv:121.0) Gecko/20100101 Firefox/121.0"
testerofwatauga.infinitibizsol.com:80 185.177.72.14 - - [13/Jun/2025:01:44:42 +0000] "GET /www/.git/config HTTP/1.1" 499 0 "-" "Mozilla/5.0 (Knoppix; Linux x86_64) AppleWebKit/537.36 (KHTML, like Gecko) Chrome/118.0.0.0 Safari/537.36"
