205.169.39.24 - - [10/Jun/2025:06:18:22 +0000] "GET /wp-content/themes/blocksy/static/bundle/main.min.css?ver=2.0.33 HTTP/1.1" 200 104116 "https://cashforcarsallen.com/" "Mozilla/5.0 (Windows NT 10.0; Win64; x64) AppleWebKit/537.36 (KHTML, like Gecko) Chrome/117.0.5938.132 Safari/537.36"
cashforcarsallen.com.infinitibizsol.com:443
205.169.39.24 - - [10/Jun/2025:06:18:22 +0000] "GET /wp-content/themes/blocksy/static/bundle/elementor-frontend.min.css?ver=2.0.33 HTTP/1.1" 200 1516 "https://cashforcarsallen.com/" "Mozilla/5.0 (Windows NT 10.0; Win64; x64) AppleWebKit/537.36 (KHTML, like Gecko) Chrome/117.0.5938.132 Safari/537.36"
cashforcarsallen.com.infinitibizsol.com:443
205.169.39.24 - - [10/Jun/2025:06:18:23 +0000] "GET /wp-content/themes/blocksy/static/bundle/wpforms.min.css?ver=2.0.33 HTTP/1.1" 200 1949 "https://cashforcarsallen.com/" "Mozilla/5.0 (Windows NT 10.0; Win64; x64) AppleWebKit/537.36 (KHTML, like Gecko) Chrome/117.0.5938.132 Safari/537.36"
cashforcarsallen.com.infinitibizsol.com:443
205.169.39.24 - - [10/Jun/2025:06:18:23 +0000] "GET /wp-content/plugins/elementor/assets/css/widget-icon-box.min.css HTTP/1.1" 200 10094 "https://cashforcarsallen.com/" "Mozilla/5.0 (Windows NT 10.0; Win64; x64) AppleWebKit/537.36 (KHTML, like Gecko) Chrome/117.0.5938.132 Safari/537.36"
cashforcarsallen.com.infinitibizsol.com:443
205.169.39.24 - - [10/Jun/2025:06:18:23 +0000] "GET /wp-content/uploads/2024/01/Allen-06.png HTTP/1.1" 200 41898 "https://cashforcarsallen.com/" "Mozilla/5.0 (Windows NT 10.0; Win64; x64) AppleWebKit/537.36 (KHTML, like Gecko) Chrome/117.0.5938.132 Safari/537.36"
cashforcarsallen.com.infinitibizsol.com:443
158.220.81.196 - - [10/Jun/2025:06:18:23 +0000] "POST /wp-login.php HTTP/1.1" 200 5025 "https://cashforcarsallen.com/wp-login.php" "Mozilla/5.0 (Windows NT 10.0; Win64; x64) AppleWebKit/537.36 (KHTML, like Gecko) Chrome/130.0.0.0 Safari/537.36"
cashforcarsallen.com.infinitibizsol.com:443
205.169.39.24 - - [10/Jun/2025:06:18:23 +0000] "GET /wp-content/themes/blocksy/static/bundle/main.js?ver=2.0.33 HTTP/1.1" 200 33492 "https://cashforcarsallen.com/" "Mozilla/5.0 (Windows NT 10.0; Win64; x64) AppleWebKit/537.36 (KHTML, like Gecko) Chrome/117.0.5938.132 Safari/537.36"
cashforcarsallen.com.infinitibizsol.com:443
205.169.39.24 - - [10/Jun/2025:06:18:23 +0000] "GET /wp-content/plugins/wpforms-lite/assets/css/frontend/modern/wpforms-base.min.css?ver=1.8.8.3 HTTP/1.1" 200 51095 "https://cashforcarsallen.com/" "Mozilla/5.0 (Windows NT 10.0; Win64; x64) AppleWebKit/537.36 (KHTML, like Gecko) Chrome/117.0.5938.132 Safari/537.36"
cashforcarsallen.com.infinitibizsol.com:443
205.169.39.24 - - [10/Jun/2025:06:18:23 +0000] "GET /wp-content/plugins/elementor/assets/css/widget-icon-list.min.css HTTP/1.1" 200 9929 "https://cashforcarsallen.com/" "Mozilla/5.0 (Windows NT 10.0; Win64; x64) AppleWebKit/537.36 (KHTML, like Gecko) Chrome/117.0.5938.132 Safari/537.36"
cashforcarsallen.com.infinitibizsol.com:443
205.169.39.24 - - [10/Jun/2025:06:18:23 +0000] "GET /wp-content/plugins/elementor/assets/js/webpack.runtime.min.js?ver=3.21.8 HTTP/1.1" 200 4997 "https://cashforcarsallen.com/" "Mozilla/5.0 (Windows NT 10.0; Win64; x64) AppleWebKit/537.36 (KHTML, like Gecko) Chrome/117.0.5938.132 Safari/537.36"
cashforcarsallen.com.infinitibizsol.com:443
205.169.39.24 - - [10/Jun/2025:06:18:23 +0000] "GET /wp-content/uploads/2024/01/pexels-pixabay-164634-1024x768.jpg HTTP/1.1" 200 184362 "https://cashforcarsallen.com/" "Mozilla/5.0 (Windows NT 10.0; Win64; x64) AppleWebKit/537.36 (KHTML, like Gecko) Chrome/117.0.5938.132 Safari/537.36"
cashforcarsallen.com.infinitibizsol.com:443
205.169.39.24 - - [10/Jun/2025:06:18:23 +0000] "GET /wp-includes/js/jquery/jquery-migrate.min.js?ver=3.4.1 HTTP/1.1" 200 13577 "https://cashforcarsallen.com/" "Mozilla/5.0 (Windows NT 10.0; Win64; x64) AppleWebKit/537.36 (KHTML, like Gecko) Chrome/117.0.5938.132 Safari/537.36"
cashforcarsallen.com.infinitibizsol.com:443
205.169.39.24 - - [10/Jun/2025:06:18:23 +0000] "GET /wp-content/plugins/elementor/assets/js/frontend-modules.min.js?ver=3.21.8 HTTP/1.1" 200 63275 "https://cashforcarsallen.com/" "Mozilla/5.0 (Windows NT 10.0; Win64; x64) AppleWebKit/537.36 (KHTML, like Gecko) Chrome/117.0.5938.132 Safari/537.36"
cashforcarsallen.com.infinitibizsol.com:443
205.169.39.24 - - [10/Jun/2025:06:18:23 +0000] "GET /wp-includes/js/jquery/jquery.min.js?ver=3.7.1 HTTP/1.1" 200 87553 "https://cashforcarsallen.com/" "Mozilla/5.0 (Windows NT 10.0; Win64; x64) AppleWebKit/537.36 (KHTML, like Gecko) Chrome/117.0.5938.132 Safari/537.36"
cashforcarsallen.com.infinitibizsol.com:443
205.169.39.24 - - [10/Jun/2025:06:18:23 +0000] "GET /wp-content/plugins/elementor/assets/lib/waypoints/waypoints.min.js?ver=4.0.2 HTTP/1.1" 200 12198 "https://cashforcarsallen.com/" "Mozilla/5.0 (Windows NT 10.0; Win64; x64) AppleWebKit/537.36 (KHTML, like Gecko) Chrome/117.0.5938.132 Safari/537.36"
cashforcarsallen.com.infinitibizsol.com:443
205.169.39.24 - - [10/Jun/2025:06:18:23 +0000] "GET /wp-content/plugins/elementor/assets/js/frontend.min.js?ver=3.21.8 HTTP/1.1" 200 39972 "https://cashforcarsallen.com/" "Mozilla/5.0 (Windows NT 10.0; Win64; x64) AppleWebKit/537.36 (KHTML, like Gecko) Chrome/117.0.5938.132 Safari/537.36"
cashforcarsallen.com.infinitibizsol.com:443
205.169.39.24 - - [10/Jun/2025:06:18:23 +0000] "GET /wp-includes/js/jquery/ui/core.min.js?ver=1.13.3 HTTP/1.1" 200 21464 "https://cashforcarsallen.com/" "Mozilla/5.0 (Windows NT 10.0; Win64; x64) AppleWebKit/537.36 (KHTML, like Gecko) Chrome/117.0.5938.132 Safari/537.36"
cashforcarsallen.com.infinitibizsol.com:443
205.169.39.24 - - [10/Jun/2025:06:18:23 +0000] "GET /wp-includes/js/underscore.min.js?ver=1.13.7 HTTP/1.1" 200 18905 "https://cashforcarsallen.com/" "Mozilla/5.0 (Windows NT 10.0; Win64; x64) AppleWebKit/537.36 (KHTML, like Gecko) Chrome/117.0.5938.132 Safari/537.36"
cashforcarsallen.com.infinitibizsol.com:443
205.169.39.24 - - [10/Jun/2025:06:18:23 +0000] "GET /wp-includes/js/wp-util.min.js?ver=6.8.1 HTTP/1.1" 200 1426 "https://cashforcarsallen.com/" "Mozilla/5.0 (Windows NT 10.0; Win64; x64) AppleWebKit/537.36 (KHTML, like Gecko) Chrome/117.0.5938.132 Safari/537.36"
cashforcarsallen.com.infinitibizsol.com:443
205.169.39.24 - - [10/Jun/2025:06:18:23 +0000] "GET /wp-content/plugins/wpforms-lite/assets/js/integrations/elementor/frontend.min.js?ver=1.8.8.3 HTTP/1.1" 200 771 "https://cashforcarsallen.com/" "Mozilla/5.0 (Windows NT 10.0; Win64; x64) AppleWebKit/537.36 (KHTML, like Gecko) Chrome/117.0.5938.132 Safari/537.36"
cashforcarsallen.com.infinitibizsol.com:443
205.169.39.24 - - [10/Jun/2025:06:18:23 +0000] "GET /wp-content/plugins/wpforms-lite/assets/lib/jquery.validate.min.js?ver=1.20.0 HTTP/1.1" 200 25067 "https://cashforcarsallen.com/" "Mozilla/5.0 (Windows NT 10.0; Win64; x64) AppleWebKit/537.36 (KHTML, like Gecko) Chrome/117.0.5938.132 Safari/537.36"
cashforcarsallen.com.infinitibizsol.com:443
205.169.39.24 - - [10/Jun/2025:06:18:23 +0000] "GET /wp-content/uploads/2024/01/pexels-arnie-watkins-3156482.jpg HTTP/1.1" 200 222388 "https://cashforcarsallen.com/wp-content/uploads/elementor/css/post-626.css?ver=1718988075" "Mozilla/5.0 (Windows NT 10.0; Win64; x64) AppleWebKit/537.36 (KHTML, like Gecko) Chrome/117.0.5938.132 Safari/537.36"
cashforcarsallen.com.infinitibizsol.com:443
205.169.39.24 - - [10/Jun/2025:06:18:23 +0000] "GET /wp-content/plugins/wpforms-lite/assets/lib/mailcheck.min.js?ver=1.1.2 HTTP/1.1" 200 4014 "https://cashforcarsallen.com/" "Mozilla/5.0 (Windows NT 10.0; Win64; x64) AppleWebKit/537.36 (KHTML, like Gecko) Chrome/117.0.5938.132 Safari/537.36"
cashforcarsallen.com.infinitibizsol.com:443
205.169.39.24 - - [10/Jun/2025:06:18:23 +0000] "GET /wp-content/plugins/wpforms-lite/assets/lib/punycode.min.js?ver=1.0.0 HTTP/1.1" 200 1713 "https://cashforcarsallen.com/" "Mozilla/5.0 (Windows NT 10.0; Win64; x64) AppleWebKit/537.36 (KHTML, like Gecko) Chrome/117.0.5938.132 Safari/537.36"
cashforcarsallen.com.infinitibizsol.com:443
205.169.39.24 - - [10/Jun/2025:06:18:23 +0000] "GET /wp-content/plugins/wpforms-lite/assets/js/share/utils.min.js?ver=1.8.8.3 HTTP/1.1" 200 1001 "https://cashforcarsallen.com/" "Mozilla/5.0 (Windows NT 10.0; Win64; x64) AppleWebKit/537.36 (KHTML, like Gecko) Chrome/117.0.5938.132 Safari/537.36"
cashforcarsallen.com.infinitibizsol.com:443
205.169.39.24 - - [10/Jun/2025:06:18:23 +0000] "GET /wp-content/plugins/wpforms-lite/assets/js/frontend/wpforms-modern.min.js?ver=1.8.8.3 HTTP/1.1" 200 5978 "https://cashforcarsallen.com/" "Mozilla/5.0 (Windows NT 10.0; Win64; x64) AppleWebKit/537.36 (KHTML, like Gecko) Chrome/117.0.5938.132 Safari/537.36"
cashforcarsallen.com.infinitibizsol.com:443
205.169.39.24 - - [10/Jun/2025:06:18:23 +0000] "GET /wp-content/uploads/2022/03/car-background-2.webp HTTP/1.1" 200 29806 "https://cashforcarsallen.com/wp-content/uploads/elementor/css/post-626.css?ver=1718988075" "Mozilla/5.0 (Windows NT 10.0; Win64; x64) AppleWebKit/537.36 (KHTML, like Gecko) Chrome/117.0.5938.132 Safari/537.36"
cashforcarsallen.com.infinitibizsol.com:443
205.169.39.24 - - [10/Jun/2025:06:18:23 +0000] "GET /wp-content/plugins/wpforms-lite/assets/images/submit-spin.svg HTTP/1.1" 200 509 "https://cashforcarsallen.com/" "Mozilla/5.0 (Windows NT 10.0; Win64; x64) AppleWebKit/537.36 (KHTML, like Gecko) Chrome/117.0.5938.132 Safari/537.36"
cashforcarsallen.com.infinitibizsol.com:443
205.169.39.24 - - [10/Jun/2025:06:18:23 +0000] "GET /wp-content/plugins/wpforms-lite/assets/js/frontend/wpforms.min.js?ver=1.8.8.3 HTTP/1.1" 200 43817 "https://cashforcarsallen.com/" "Mozilla/5.0 (Windows NT 10.0; Win64; x64) AppleWebKit/537.36 (KHTML, like Gecko) Chrome/117.0.5938.132 Safari/537.36"
cashforcarsallen.com.infinitibizsol.com:443
205.169.39.24 - - [10/Jun/2025:06:18:23 +0000] "GET /wp-content/uploads/2024/01/pexels-mike-bird-120049.jpg HTTP/1.1" 200 95106 "https://cashforcarsallen.com/wp-content/uploads/elementor/css/post-626.css?ver=1718988075" "Mozilla/5.0 (X11; Linux x86_64) AppleWebKit/537.36 (KHTML, like Gecko) HeadlessChrome/127.0.6533.119 Safari/537.36"
cashforcarsallen.com.infinitibizsol.com:443
205.169.39.24 - - [10/Jun/2025:06:18:23 +0000] "GET /wp-content/themes/blocksy/static/bundle/68.0911b32b594f81b64b53.js HTTP/1.1" 200 7940 "https://cashforcarsallen.com/" "Mozilla/5.0 (X11; Linux x86_64) AppleWebKit/537.36 (KHTML, like Gecko) HeadlessChrome/127.0.6533.119 Safari/537.36"
cashforcarsallen.com.infinitibizsol.com:443
205.169.39.24 - - [10/Jun/2025:06:18:23 +0000] "GET /wp-content/plugins/elementor/assets/js/text-editor.2c35aafbe5bf0e127950.bundle.min.js HTTP/1.1" 200 1360 "https://cashforcarsallen.com/" "Mozilla/5.0 (X11; Linux x86_64) AppleWebKit/537.36 (KHTML, like Gecko) HeadlessChrome/127.0.6533.119 Safari/537.36"
cashforcarsallen.com.infinitibizsol.com:443
205.169.39.24 - - [10/Jun/2025:06:18:23 +0000] "GET /wp-content/plugins/elementor/assets/js/accordion.8799675460c73eb48972.bundle.min.js HTTP/1.1" 200 3743 "https://cashforcarsallen.com/" "Mozilla/5.0 (X11; Linux x86_64) AppleWebKit/537.36 (KHTML, like Gecko) HeadlessChrome/127.0.6533.119 Safari/537.36"
cashforcarsallen.com.infinitibizsol.com:443
205.169.39.24 - - [10/Jun/2025:06:18:23 +0000] "GET /wp-content/themes/blocksy/static/bundle/142.5914235ef474cf10e1e7.js HTTP/1.1" 200 7523 "https://cashforcarsallen.com/" "Mozilla/5.0 (X11; Linux x86_64) AppleWebKit/537.36 (KHTML, like Gecko) HeadlessChrome/127.0.6533.119 Safari/537.36"
cashforcarsallen.com.infinitibizsol.com:443
20.171.207.97 - - [10/Jun/2025:06:18:28 +0000] "GET /products/296pg26621 HTTP/1.1" 404 77276 "-" "Mozilla/5.0 AppleWebKit/537.36 (KHTML, like Gecko; compatible; GPTBot/1.2; +https://openai.com/gptbot)"
cashforcarsallen.com.infinitibizsol.com:443
65.111.170.229 - - [10/Jun/2025:06:18:30 +0000] "GET /wp-login.php HTTP/1.1" 200 5025 "-" "Mozilla/5.0 (Windows NT 10.0; Win64; x64) AppleWebKit/537.36 (KHTML, like Gecko) Chrome/130.0.0.0 Safari/537.36"
cashforcarsallen.com.infinitibizsol.com:443
20.171.207.97 - - [10/Jun/2025:06:18:33 +0000] "GET /products/242ur19831 HTTP/1.1" 404 65127 "-" "Mozilla/5.0 AppleWebKit/537.36 (KHTML, like Gecko; compatible; GPTBot/1.2; +https://openai.com/gptbot)"
cashforcarsallen.com.infinitibizsol.com:443
65.111.170.229 - - [10/Jun/2025:06:18:34 +0000] "POST /wp-login.php HTTP/1.1" 200 5025 "https://cashforcarsallen.com/wp-login.php" "Mozilla/5.0 (Windows NT 10.0; Win64; x64) AppleWebKit/537.36 (KHTML, like Gecko) Chrome/130.0.0.0 Safari/537.36"
cashforcarsallen.com.infinitibizsol.com:443
20.171.207.97 - - [10/Jun/2025:06:18:39 +0000] "GET /products/228ux35297 HTTP/1.1" 404 65127 "-" "Mozilla/5.0 AppleWebKit/537.36 (KHTML, like Gecko; compatible; GPTBot/1.2; +https://openai.com/gptbot)"
cashforcarsallen.com.infinitibizsol.com:443
20.171.207.97 - - [10/Jun/2025:06:18:45 +0000] "GET /products/153sz17594 HTTP/1.1" 404 65127 "-" "Mozilla/5.0 AppleWebKit/537.36 (KHTML, like Gecko; compatible; GPTBot/1.2; +https://openai.com/gptbot)"
cashforcarsallen.com.infinitibizsol.com:443
162.0.223.40 - - [10/Jun/2025:06:18:50 +0000] "POST /wp-cron.php?doing_wp_cron=1749536329.4612920284271240234375 HTTP/1.1" 499 0 "-" "WordPress/6.8.1; https://cashforcarsallen.com"
cashforcarsallen.com.infinitibizsol.com:443
20.171.207.97 - - [10/Jun/2025:06:18:50 +0000] "GET /products/277sc37450 HTTP/1.1" 404 65127 "-" "Mozilla/5.0 AppleWebKit/537.36 (KHTML, like Gecko; compatible; GPTBot/1.2; +https://openai.com/gptbot)"
cashforcarsallen.com.infinitibizsol.com:443
20.171.207.97 - - [10/Jun/2025:06:18:56 +0000] "GET /products/162db45241 HTTP/1.1" 404 65127 "-" "Mozilla/5.0 AppleWebKit/537.36 (KHTML, like Gecko; compatible; GPTBot/1.2; +https://openai.com/gptbot)"
cashforcarsallen.com.infinitibizsol.com:443
20.171.207.97 - - [10/Jun/2025:06:19:01 +0000] "GET /products/282rz19313 HTTP/1.1" 404 32359 "-" "Mozilla/5.0 AppleWebKit/537.36 (KHTML, like Gecko; compatible; GPTBot/1.2; +https://openai.com/gptbot)"
cashforcarsallen.com.infinitibizsol.com:443
31.220.102.117 - - [10/Jun/2025:06:19:03 +0000] "GET /wp-login.php HTTP/1.1" 200 5025 "-" "Mozilla/5.0 (Windows NT 10.0; Win64; x64) AppleWebKit/537.36 (KHTML, like Gecko) Chrome/130.0.0.0 Safari/537.36"
cashforcarsallen.com.infinitibizsol.com:443
20.171.207.97 - - [10/Jun/2025:06:19:06 +0000] "GET /products/131tm45912 HTTP/1.1" 404 77276 "-" "Mozilla/5.0 AppleWebKit/537.36 (KHTML, like Gecko; compatible; GPTBot/1.2; +https://openai.com/gptbot)"
cashforcarsallen.com.infinitibizsol.com:443
31.220.102.117 - - [10/Jun/2025:06:19:08 +0000] "POST /wp-login.php HTTP/1.1" 200 5025 "https://cashforcarsallen.com/wp-login.php" "Mozilla/5.0 (Windows NT 10.0; Win64; x64) AppleWebKit/537.36 (KHTML, like Gecko) Chrome/130.0.0.0 Safari/537.36"
cashforcarsallen.com.infinitibizsol.com:443
20.171.207.97 - - [10/Jun/2025:06:19:11 +0000] "GET /products/228uq43025 HTTP/1.1" 404 65127 "-" "Mozilla/5.0 AppleWebKit/537.36 (KHTML, like Gecko; compatible; GPTBot/1.2; +https://openai.com/gptbot)"
cashforcarsallen.com.infinitibizsol.com:443
20.171.207.97 - - [10/Jun/2025:06:19:16 +0000] "GET /products/233on14818 HTTP/1.1" 404 65127 "-" "Mozilla/5.0 AppleWebKit/537.36 (KHTML, like Gecko; compatible; GPTBot/1.2; +https://openai.com/gptbot)"
cashforcarsallen.com.infinitibizsol.com:443
20.171.207.97 - - [10/Jun/2025:06:19:20 +0000] "GET /products/300as11381 HTTP/1.1" 404 77261 "-" "Mozilla/5.0 AppleWebKit/537.36 (KHTML, like Gecko; compatible; GPTBot/1.2; +https://openai.com/gptbot)"
cashforcarsallen.com.infinitibizsol.com:443
20.171.207.97 - - [10/Jun/2025:06:19:24 +0000] "GET /products/125jp40206 HTTP/1.1" 404 32359 "-" "Mozilla/5.0 AppleWebKit/537.36 (KHTML, like Gecko; compatible; GPTBot/1.2; +https://openai.com/gptbot)"
cashforcarsallen.com.infinitibizsol.com:443
20.171.207.97 - - [10/Jun/2025:06:19:28 +0000] "GET /products/122eo19071 HTTP/1.1" 404 65127 "-" "Mozilla/5.0 AppleWebKit/537.36 (KHTML, like Gecko; compatible; GPTBot/1.2; +https://openai.com/gptbot)"
cashforcarsallen.com.infinitibizsol.com:443
20.171.207.97 - - [10/Jun/2025:06:19:32 +0000] "GET /products/242zi47761 HTTP/1.1" 404 77261 "-" "Mozilla/5.0 AppleWebKit/537.36 (KHTML, like Gecko; compatible; GPTBot/1.2; +https://openai.com/gptbot)"
cashforcarsallen.com.infinitibizsol.com:443
20.171.207.97 - - [10/Jun/2025:06:19:36 +0000] "GET /products/102ww42261 HTTP/1.1" 404 65127 "-" "Mozilla/5.0 AppleWebKit/537.36 (KHTML, like Gecko; compatible; GPTBot/1.2; +https://openai.com/gptbot)"
cashforcarsallen.com.infinitibizsol.com:443
20.171.207.97 - - [10/Jun/2025:06:19:40 +0000] "GET /products/249ug26844 HTTP/1.1" 404 65127 "-" "Mozilla/5.0 AppleWebKit/537.36 (KHTML, like Gecko; compatible; GPTBot/1.2; +https://openai.com/gptbot)"
cashforcarsallen.com.infinitibizsol.com:443
185.203.24.145 - - [10/Jun/2025:06:19:44 +0000] "GET /wp-login.php HTTP/1.1" 200 5025 "-" "Mozilla/5.0 (Windows NT 10.0; Win64; x64) AppleWebKit/537.36 (KHTML, like Gecko) Chrome/130.0.0.0 Safari/537.36"
cashforcarsallen.com.infinitibizsol.com:443
20.171.207.97 - - [10/Jun/2025:06:19:46 +0000] "GET /products/162mt23449 HTTP/1.1" 404 65127 "-" "Mozilla/5.0 AppleWebKit/537.36 (KHTML, like Gecko; compatible; GPTBot/1.2; +https://openai.com/gptbot)"
cashforcarsallen.com.infinitibizsol.com:443
162.0.223.40 - - [10/Jun/2025:06:19:51 +0000] "POST /wp-cron.php?doing_wp_cron=1749536390.7250239849090576171875 HTTP/1.1" 499 0 "-" "WordPress/6.8.1; https://cashforcarsallen.com"
cashforcarsallen.com.infinitibizsol.com:443
162.0.223.40 - - [10/Jun/2025:06:19:51 +0000] "POST /wp-cron.php?doing_wp_cron=1749536390.7792139053344726562500 HTTP/1.1" 499 0 "-" "WordPress/6.8.1; https://cashforcarsallen.com"
cashforcarsallen.com.infinitibizsol.com:443
185.203.24.145 - - [10/Jun/2025:06:19:51 +0000] "POST /wp-login.php HTTP/1.1" 200 5025 "https://cashforcarsallen.com/wp-login.php" "Mozilla/5.0 (Windows NT 10.0; Win64; x64) AppleWebKit/537.36 (KHTML, like Gecko) Chrome/130.0.0.0 Safari/537.36"
cashforcarsallen.com.infinitibizsol.com:443
20.171.207.97 - - [10/Jun/2025:06:19:52 +0000] "GET /products/118oo12567 HTTP/1.1" 404 32359 "-" "Mozilla/5.0 AppleWebKit/537.36 (KHTML, like Gecko; compatible; GPTBot/1.2; +https://openai.com/gptbot)"
cashforcarsallen.com.infinitibizsol.com:443
20.171.207.97 - - [10/Jun/2025:06:19:57 +0000] "GET /products/174oe43653 HTTP/1.1" 404 65127 "-" "Mozilla/5.0 AppleWebKit/537.36 (KHTML, like Gecko; compatible; GPTBot/1.2; +https://openai.com/gptbot)"
cashforcarsallen.com.infinitibizsol.com:443
81.88.49.15 - - [10/Jun/2025:06:20:04 +0000] "GET /wp-login.php HTTP/1.1" 200 5025 "-" "Mozilla/5.0 (Windows NT 10.0; Win64; x64) AppleWebKit/537.36 (KHTML, like Gecko) Chrome/130.0.0.0 Safari/537.36"
cashforcarsallen.com.infinitibizsol.com:443
20.171.207.97 - - [10/Jun/2025:06:20:04 +0000] "GET /products/269ys32896 HTTP/1.1" 404 65127 "-" "Mozilla/5.0 AppleWebKit/537.36 (KHTML, like Gecko; compatible; GPTBot/1.2; +https://openai.com/gptbot)"
cashforcarsallen.com.infinitibizsol.com:443
81.88.49.15 - - [10/Jun/2025:06:20:10 +0000] "POST /wp-login.php HTTP/1.1" 200 5025 "https://cashforcarsallen.com/wp-login.php" "Mozilla/5.0 (Windows NT 10.0; Win64; x64) AppleWebKit/537.36 (KHTML, like Gecko) Chrome/130.0.0.0 Safari/537.36"
cashforcarsallen.com.infinitibizsol.com:443
20.171.207.97 - - [10/Jun/2025:06:20:10 +0000] "GET /products/220uv22965 HTTP/1.1" 404 65127 "-" "Mozilla/5.0 AppleWebKit/537.36 (KHTML, like Gecko; compatible; GPTBot/1.2; +https://openai.com/gptbot)"
cashforcarsallen.com.infinitibizsol.com:443
20.171.207.97 - - [10/Jun/2025:06:20:15 +0000] "GET /products/239ff12156 HTTP/1.1" 404 65127 "-" "Mozilla/5.0 AppleWebKit/537.36 (KHTML, like Gecko; compatible; GPTBot/1.2; +https://openai.com/gptbot)"
cashforcarsallen.com.infinitibizsol.com:443
206.189.18.26 - - [10/Jun/2025:06:20:17 +0000] "GET /wp-login.php HTTP/1.1" 200 5025 "-" "Mozilla/5.0 (Windows NT 10.0; Win64; x64) AppleWebKit/537.36 (KHTML, like Gecko) Chrome/130.0.0.0 Safari/537.36"
cashforcarsallen.com.infinitibizsol.com:443
20.171.207.97 - - [10/Jun/2025:06:20:20 +0000] "GET /products/211dy23410 HTTP/1.1" 404 65127 "-" "Mozilla/5.0 AppleWebKit/537.36 (KHTML, like Gecko; compatible; GPTBot/1.2; +https://openai.com/gptbot)"
cashforcarsallen.com.infinitibizsol.com:443
206.189.18.26 - - [10/Jun/2025:06:20:24 +0000] "POST /wp-login.php HTTP/1.1" 200 5025 "https://cashforcarsallen.com/wp-login.php" "Mozilla/5.0 (Windows NT 10.0; Win64; x64) AppleWebKit/537.36 (KHTML, like Gecko) Chrome/130.0.0.0 Safari/537.36"
cashforcarsallen.com.infinitibizsol.com:443
198.204.226.18 - - [10/Jun/2025:06:20:25 +0000] "GET /wp-includes/admin.php HTTP/1.1" 200 16 "https://cashforcarsallen.com/wp-includes/admin.php" "Mozilla/5.0 (Windows NT 10.0; Win64; x64) AppleWebKit/537.36 (KHTML, like Gecko) Chrome/58.0.3029.110 Safari/537.3"
cashforcarsallen.com.infinitibizsol.com:443
20.171.207.97 - - [10/Jun/2025:06:20:25 +0000] "GET /products/168zt41745 HTTP/1.1" 404 32359 "-" "Mozilla/5.0 AppleWebKit/537.36 (KHTML, like Gecko; compatible; GPTBot/1.2; +https://openai.com/gptbot)"
cashforcarsallen.com.infinitibizsol.com:443
198.204.226.18 - - [10/Jun/2025:06:20:26 +0000] "GET /wp-includes/admin.php HTTP/1.1" 499 0 "https://cashforcarsallen.com/wp-includes/admin.php" "Mozilla/5.0 (Windows NT 10.0; Win64; x64) AppleWebKit/537.36 (KHTML, like Gecko) Chrome/58.0.3029.110 Safari/537.3"
cashforcarsallen.com.infinitibizsol.com:443
173.208.204.66 - - [10/Jun/2025:06:20:27 +0000] "GET /wp-includes/admin.php HTTP/1.1" 200 16 "https://cashforcarsallen.com/wp-includes/admin.php" "Mozilla/5.0 (Windows NT 10.0; Win64; x64) AppleWebKit/537.36 (KHTML, like Gecko) Chrome/58.0.3029.110 Safari/537.3"
cashforcarsallen.com.infinitibizsol.com:443
20.171.207.97 - - [10/Jun/2025:06:20:31 +0000] "GET /products/219wd10800 HTTP/1.1" 404 65127 "-" "Mozilla/5.0 AppleWebKit/537.36 (KHTML, like Gecko; compatible; GPTBot/1.2; +https://openai.com/gptbot)"
cashforcarsallen.com.infinitibizsol.com:443
148.81.253.246 - - [10/Jun/2025:06:20:33 +0000] "GET /wp-login.php HTTP/1.1" 200 5025 "-" "Mozilla/5.0 (Windows NT 10.0; Win64; x64) AppleWebKit/537.36 (KHTML, like Gecko) Chrome/130.0.0.0 Safari/537.36"
cashforcarsallen.com.infinitibizsol.com:443
20.171.207.97 - - [10/Jun/2025:06:20:37 +0000] "GET /products/146hm10051 HTTP/1.1" 404 65127 "-" "Mozilla/5.0 AppleWebKit/537.36 (KHTML, like Gecko; compatible; GPTBot/1.2; +https://openai.com/gptbot)"
cashforcarsallen.com.infinitibizsol.com:443
148.81.253.246 - - [10/Jun/2025:06:20:39 +0000] "POST /wp-login.php HTTP/1.1" 200 5025 "https://cashforcarsallen.com/wp-login.php" "Mozilla/5.0 (Windows NT 10.0; Win64; x64) AppleWebKit/537.36 (KHTML, like Gecko) Chrome/130.0.0.0 Safari/537.36"
cashforcarsallen.com.infinitibizsol.com:443
20.171.207.97 - - [10/Jun/2025:06:20:44 +0000] "GET /products/175zz35830 HTTP/1.1" 404 65127 "-" "Mozilla/5.0 AppleWebKit/537.36 (KHTML, like Gecko; compatible; GPTBot/1.2; +https://openai.com/gptbot)"
cashforcarsallen.com.infinitibizsol.com:443
50.6.206.235 - - [10/Jun/2025:06:20:50 +0000] "GET /wp-login.php HTTP/1.1" 200 5025 "-" "Mozilla/5.0 (Windows NT 10.0; Win64; x64) AppleWebKit/537.36 (KHTML, like Gecko) Chrome/130.0.0.0 Safari/537.36"
cashforcarsallen.com.infinitibizsol.com:443
20.171.207.97 - - [10/Jun/2025:06:20:51 +0000] "GET /products/276ti17565 HTTP/1.1" 404 65127 "-" "Mozilla/5.0 AppleWebKit/537.36 (KHTML, like Gecko; compatible; GPTBot/1.2; +https://openai.com/gptbot)"
cashforcarsallen.com.infinitibizsol.com:443
162.0.223.40 - - [10/Jun/2025:06:20:56 +0000] "POST /wp-cron.php?doing_wp_cron=1749536455.7695729732513427734375 HTTP/1.1" 499 0 "-" "WordPress/6.8.1; https://cashforcarsallen.com"
cashforcarsallen.com.infinitibizsol.com:443
50.6.206.235 - - [10/Jun/2025:06:20:57 +0000] "POST /wp-login.php HTTP/1.1" 200 5025 "https://cashforcarsallen.com/wp-login.php" "Mozilla/5.0 (Windows NT 10.0; Win64; x64) AppleWebKit/537.36 (KHTML, like Gecko) Chrome/130.0.0.0 Safari/537.36"
cashforcarsallen.com.infinitibizsol.com:443
162.0.223.40 - - [10/Jun/2025:06:20:58 +0000] "POST /wp-cron.php?doing_wp_cron=1749536457.1063110828399658203125 HTTP/1.1" 499 0 "-" "WordPress/6.8.1; https://cashforcarsallen.com"
cashforcarsallen.com.infinitibizsol.com:443
20.171.207.97 - - [10/Jun/2025:06:20:59 +0000] "GET /products/103bk22818 HTTP/1.1" 404 32359 "-" "Mozilla/5.0 AppleWebKit/537.36 (KHTML, like Gecko; compatible; GPTBot/1.2; +https://openai.com/gptbot)"
cashforcarsallen.com.infinitibizsol.com:443
20.171.207.97 - - [10/Jun/2025:06:21:06 +0000] "GET /products/135ie22366 HTTP/1.1" 404 65127 "-" "Mozilla/5.0 AppleWebKit/537.36 (KHTML, like Gecko; compatible; GPTBot/1.2; +https://openai.com/gptbot)"
cashforcarsallen.com.infinitibizsol.com:443
97.74.83.219 - - [10/Jun/2025:06:21:08 +0000] "GET /wp-login.php HTTP/1.1" 200 5025 "-" "Mozilla/5.0 (Windows NT 10.0; Win64; x64) AppleWebKit/537.36 (KHTML, like Gecko) Chrome/130.0.0.0 Safari/537.36"
cashforcarsallen.com.infinitibizsol.com:443
20.171.207.97 - - [10/Jun/2025:06:21:13 +0000] "GET /products/141aa45196 HTTP/1.1" 404 65127 "-" "Mozilla/5.0 AppleWebKit/537.36 (KHTML, like Gecko; compatible; GPTBot/1.2; +https://openai.com/gptbot)"
cashforcarsallen.com.infinitibizsol.com:443
97.74.83.219 - - [10/Jun/2025:06:21:17 +0000] "POST /wp-login.php HTTP/1.1" 200 5025 "https://cashforcarsallen.com/wp-login.php" "Mozilla/5.0 (Windows NT 10.0; Win64; x64) AppleWebKit/537.36 (KHTML, like Gecko) Chrome/130.0.0.0 Safari/537.36"
cashforcarsallen.com.infinitibizsol.com:443
20.171.207.97 - - [10/Jun/2025:06:21:19 +0000] "GET /products/250um26131 HTTP/1.1" 404 32359 "-" "Mozilla/5.0 AppleWebKit/537.36 (KHTML, like Gecko; compatible; GPTBot/1.2; +https://openai.com/gptbot)"
cashforcarsallen.com.infinitibizsol.com:443
178.18.250.175 - - [10/Jun/2025:06:21:24 +0000] "GET /wp-login.php HTTP/1.1" 200 5025 "-" "Mozilla/5.0 (Windows NT 10.0; Win64; x64) AppleWebKit/537.36 (KHTML, like Gecko) Chrome/130.0.0.0 Safari/537.36"
cashforcarsallen.com.infinitibizsol.com:443
20.171.207.97 - - [10/Jun/2025:06:21:25 +0000] "GET /products/249rt26760 HTTP/1.1" 404 65127 "-" "Mozilla/5.0 AppleWebKit/537.36 (KHTML, like Gecko; compatible; GPTBot/1.2; +https://openai.com/gptbot)"
cashforcarsallen.com.infinitibizsol.com:443
20.171.207.97 - - [10/Jun/2025:06:21:30 +0000] "GET /products/238zs32847 HTTP/1.1" 404 32359 "-" "Mozilla/5.0 AppleWebKit/537.36 (KHTML, like Gecko; compatible; GPTBot/1.2; +https://openai.com/gptbot)"
cashforcarsallen.com.infinitibizsol.com:443
178.18.250.175 - - [10/Jun/2025:06:21:31 +0000] "POST /wp-login.php HTTP/1.1" 200 5025 "https://cashforcarsallen.com/wp-login.php" "Mozilla/5.0 (Windows NT 10.0; Win64; x64) AppleWebKit/537.36 (KHTML, like Gecko) Chrome/130.0.0.0 Safari/537.36"
cashforcarsallen.com.infinitibizsol.com:443
20.171.207.97 - - [10/Jun/2025:06:21:36 +0000] "GET /products/145im23212 HTTP/1.1" 404 65127 "-" "Mozilla/5.0 AppleWebKit/537.36 (KHTML, like Gecko; compatible; GPTBot/1.2; +https://openai.com/gptbot)"
cashforcarsallen.com.infinitibizsol.com:443
146.59.136.90 - - [10/Jun/2025:06:21:38 +0000] "GET /wp-login.php HTTP/1.1" 200 5025 "-" "Mozilla/5.0 (Windows NT 10.0; Win64; x64) AppleWebKit/537.36 (KHTML, like Gecko) Chrome/130.0.0.0 Safari/537.36"
cashforcarsallen.com.infinitibizsol.com:443
20.171.207.97 - - [10/Jun/2025:06:21:42 +0000] "GET /products/294as36461 HTTP/1.1" 404 77261 "-" "Mozilla/5.0 AppleWebKit/537.36 (KHTML, like Gecko; compatible; GPTBot/1.2; +https://openai.com/gptbot)"
cashforcarsallen.com.infinitibizsol.com:443
146.59.136.90 - - [10/Jun/2025:06:21:44 +0000] "POST /wp-login.php HTTP/1.1" 200 5025 "https://cashforcarsallen.com/wp-login.php" "Mozilla/5.0 (Windows NT 10.0; Win64; x64) AppleWebKit/537.36 (KHTML, like Gecko) Chrome/130.0.0.0 Safari/537.36"
cashforcarsallen.com.infinitibizsol.com:443
20.171.207.97 - - [10/Jun/2025:06:21:49 +0000] "GET /products/289cl22116 HTTP/1.1" 404 65127 "-" "Mozilla/5.0 AppleWebKit/537.36 (KHTML, like Gecko; compatible; GPTBot/1.2; +https://openai.com/gptbot)"
cashforcarsallen.com.infinitibizsol.com:443
20.171.207.97 - - [10/Jun/2025:06:21:56 +0000] "GET /products/105fw27012 HTTP/1.1" 404 32359 "-" "Mozilla/5.0 AppleWebKit/537.36 (KHTML, like Gecko; compatible; GPTBot/1.2; +https://openai.com/gptbot)"
cashforcarsallen.com.infinitibizsol.com:443
162.0.223.40 - - [10/Jun/2025:06:22:01 +0000] "POST /wp-cron.php?doing_wp_cron=1749536520.6221060752868652343750 HTTP/1.1" 499 0 "-" "WordPress/6.8.1; https://cashforcarsallen.com"
cashforcarsallen.com.infinitibizsol.com:443
20.171.207.97 - - [10/Jun/2025:06:22:02 +0000] "GET /products/125sc42622 HTTP/1.1" 404 32359 "-" "Mozilla/5.0 AppleWebKit/537.36 (KHTML, like Gecko; compatible; GPTBot/1.2; +https://openai.com/gptbot)"
cashforcarsallen.com.infinitibizsol.com:443
162.0.223.40 - - [10/Jun/2025:06:22:05 +0000] "POST /wp-cron.php?doing_wp_cron=1749536524.8893439769744873046875 HTTP/1.1" 499 0 "-" "WordPress/6.8.1; https://cashforcarsallen.com"
cashforcarsallen.com.infinitibizsol.com:443
51.8.118.148 - - [10/Jun/2025:06:22:06 +0000] "GET /wp-login.php HTTP/1.1" 200 5025 "-" "Mozilla/5.0 (Windows NT 10.0; Win64; x64) AppleWebKit/537.36 (KHTML, like Gecko) Chrome/130.0.0.0 Safari/537.36"
cashforcarsallen.com.infinitibizsol.com:443
20.171.207.97 - - [10/Jun/2025:06:22:07 +0000] "GET /products/121kt12946 HTTP/1.1" 404 65127 "-" "Mozilla/5.0 AppleWebKit/537.36 (KHTML, like Gecko; compatible; GPTBot/1.2; +https://openai.com/gptbot)"
cashforcarsallen.com.infinitibizsol.com:443
20.171.207.97 - - [10/Jun/2025:06:22:12 +0000] "GET /products/119ho44622 HTTP/1.1" 404 65127 "-" "Mozilla/5.0 AppleWebKit/537.36 (KHTML, like Gecko; compatible; GPTBot/1.2; +https://openai.com/gptbot)"
cashforcarsallen.com.infinitibizsol.com:443
51.8.118.148 - - [10/Jun/2025:06:22:15 +0000] "POST /wp-login.php HTTP/1.1" 200 5025 "https://cashforcarsallen.com/wp-login.php" "Mozilla/5.0 (Windows NT 10.0; Win64; x64) AppleWebKit/537.36 (KHTML, like Gecko) Chrome/130.0.0.0 Safari/537.36"
cashforcarsallen.com.infinitibizsol.com:443
20.171.207.97 - - [10/Jun/2025:06:22:17 +0000] "GET /products/297oh38742 HTTP/1.1" 404 65127 "-" "Mozilla/5.0 AppleWebKit/537.36 (KHTML, like Gecko; compatible; GPTBot/1.2; +https://openai.com/gptbot)"
cashforcarsallen.com.infinitibizsol.com:443
20.171.207.97 - - [10/Jun/2025:06:22:23 +0000] "GET /products/214se27587 HTTP/1.1" 404 65127 "-" "Mozilla/5.0 AppleWebKit/537.36 (KHTML, like Gecko; compatible; GPTBot/1.2; +https://openai.com/gptbot)"
cashforcarsallen.com.infinitibizsol.com:443
116.202.113.26 - - [10/Jun/2025:06:22:24 +0000] "GET /wp-login.php HTTP/1.1" 200 5025 "-" "Mozilla/5.0 (Windows NT 10.0; Win64; x64) AppleWebKit/537.36 (KHTML, like Gecko) Chrome/130.0.0.0 Safari/537.36"
cashforcarsallen.com.infinitibizsol.com:443
20.171.207.97 - - [10/Jun/2025:06:22:28 +0000] "GET /products/299ve26876 HTTP/1.1" 404 65127 "-" "Mozilla/5.0 AppleWebKit/537.36 (KHTML, like Gecko; compatible; GPTBot/1.2; +https://openai.com/gptbot)"
cashforcarsallen.com.infinitibizsol.com:443
116.202.113.26 - - [10/Jun/2025:06:22:30 +0000] "POST /wp-login.php HTTP/1.1" 200 5025 "https://cashforcarsallen.com/wp-login.php" "Mozilla/5.0 (Windows NT 10.0; Win64; x64) AppleWebKit/537.36 (KHTML, like Gecko) Chrome/130.0.0.0 Safari/537.36"
cashforcarsallen.com.infinitibizsol.com:443
20.171.207.97 - - [10/Jun/2025:06:22:33 +0000] "GET /products/134eo33479 HTTP/1.1" 404 32359 "-" "Mozilla/5.0 AppleWebKit/537.36 (KHTML, like Gecko; compatible; GPTBot/1.2; +https://openai.com/gptbot)"
cashforcarsallen.com.infinitibizsol.com:443
198.204.226.18 - - [10/Jun/2025:06:22:38 +0000] "GET /wp-includes/admin.php HTTP/1.1" 499 0 "https://cashforcarsallen.com/wp-includes/admin.php" "Mozilla/5.0 (Windows NT 10.0; Win64; x64) AppleWebKit/537.36 (KHTML, like Gecko) Chrome/58.0.3029.110 Safari/537.3"
cashforcarsallen.com.infinitibizsol.com:443
20.171.207.97 - - [10/Jun/2025:06:22:39 +0000] "GET /products/175qu13300 HTTP/1.1" 404 32359 "-" "Mozilla/5.0 AppleWebKit/537.36 (KHTML, like Gecko; compatible; GPTBot/1.2; +https://openai.com/gptbot)"
cashforcarsallen.com.infinitibizsol.com:443
103.231.202.90 - - [10/Jun/2025:06:22:42 +0000] "GET /wp-login.php HTTP/1.1" 200 5025 "-" "Mozilla/5.0 (Windows NT 10.0; Win64; x64) AppleWebKit/537.36 (KHTML, like Gecko) Chrome/130.0.0.0 Safari/537.36"
cashforcarsallen.com.infinitibizsol.com:443
20.171.207.97 - - [10/Jun/2025:06:22:47 +0000] "GET /products/123rt16068 HTTP/1.1" 404 32359 "-" "Mozilla/5.0 AppleWebKit/537.36 (KHTML, like Gecko; compatible; GPTBot/1.2; +https://openai.com/gptbot)"
cashforcarsallen.com.infinitibizsol.com:443
103.231.202.90 - - [10/Jun/2025:06:22:50 +0000] "POST /wp-login.php HTTP/1.1" 200 5025 "https://cashforcarsallen.com/wp-login.php" "Mozilla/5.0 (Windows NT 10.0; Win64; x64) AppleWebKit/537.36 (KHTML, like Gecko) Chrome/130.0.0.0 Safari/537.36"
cashforcarsallen.com.infinitibizsol.com:443
20.171.207.97 - - [10/Jun/2025:06:22:53 +0000] "GET /products/248hk38449 HTTP/1.1" 404 77268 "-" "Mozilla/5.0 AppleWebKit/537.36 (KHTML, like Gecko; compatible; GPTBot/1.2; +https://openai.com/gptbot)"
cashforcarsallen.com.infinitibizsol.com:443
20.171.207.97 - - [10/Jun/2025:06:23:00 +0000] "GET /products/124xf14411 HTTP/1.1" 404 65127 "-" "Mozilla/5.0 AppleWebKit/537.36 (KHTML, like Gecko; compatible; GPTBot/1.2; +https://openai.com/gptbot)"
cashforcarsallen.com.infinitibizsol.com:443
162.0.223.40 - - [10/Jun/2025:06:23:06 +0000] "POST /wp-cron.php?doing_wp_cron=1749536585.7583971023559570312500 HTTP/1.1" 499 0 "-" "WordPress/6.8.1; https://cashforcarsallen.com"
cashforcarsallen.com.infinitibizsol.com:443
20.171.207.97 - - [10/Jun/2025:06:23:07 +0000] "GET /products/181xf16346 HTTP/1.1" 404 65127 "-" "Mozilla/5.0 AppleWebKit/537.36 (KHTML, like Gecko; compatible; GPTBot/1.2; +https://openai.com/gptbot)"
cashforcarsallen.com.infinitibizsol.com:443
20.171.207.97 - - [10/Jun/2025:06:23:13 +0000] "GET /products/104vw45031 HTTP/1.1" 404 65127 "-" "Mozilla/5.0 AppleWebKit/537.36 (KHTML, like Gecko; compatible; GPTBot/1.2; +https://openai.com/gptbot)"
cashforcarsallen.com.infinitibizsol.com:443
20.171.207.97 - - [10/Jun/2025:06:23:19 +0000] "GET /products/153hh25562 HTTP/1.1" 404 32359 "-" "Mozilla/5.0 AppleWebKit/537.36 (KHTML, like Gecko; compatible; GPTBot/1.2; +https://openai.com/gptbot)"
cashforcarsallen.com.infinitibizsol.com:443
20.171.207.97 - - [10/Jun/2025:06:23:24 +0000] "GET /products/199vu27022 HTTP/1.1" 404 77276 "-" "Mozilla/5.0 AppleWebKit/537.36 (KHTML, like Gecko; compatible; GPTBot/1.2; +https://openai.com/gptbot)"
cashforcarsallen.com.infinitibizsol.com:443
103.82.25.111 - - [10/Jun/2025:06:23:28 +0000] "GET /wp-login.php HTTP/1.1" 200 5025 "-" "Mozilla/5.0 (Windows NT 10.0; Win64; x64) AppleWebKit/537.36 (KHTML, like Gecko) Chrome/130.0.0.0 Safari/537.36"
cashforcarsallen.com.infinitibizsol.com:443
20.171.207.97 - - [10/Jun/2025:06:23:31 +0000] "GET /products/181au17022 HTTP/1.1" 404 65127 "-" "Mozilla/5.0 AppleWebKit/537.36 (KHTML, like Gecko; compatible; GPTBot/1.2; +https://openai.com/gptbot)"
cashforcarsallen.com.infinitibizsol.com:443
103.82.25.111 - - [10/Jun/2025:06:23:34 +0000] "POST /wp-login.php HTTP/1.1" 200 5025 "https://cashforcarsallen.com/wp-login.php" "Mozilla/5.0 (Windows NT 10.0; Win64; x64) AppleWebKit/537.36 (KHTML, like Gecko) Chrome/130.0.0.0 Safari/537.36"
cashforcarsallen.com.infinitibizsol.com:443
20.171.207.97 - - [10/Jun/2025:06:23:37 +0000] "GET /products/151ef10368 HTTP/1.1" 404 65127 "-" "Mozilla/5.0 AppleWebKit/537.36 (KHTML, like Gecko; compatible; GPTBot/1.2; +https://openai.com/gptbot)"
cashforcarsallen.com.infinitibizsol.com:443
162.19.58.166 - - [10/Jun/2025:06:23:42 +0000] "GET /wp-login.php HTTP/1.1" 200 5025 "-" "Mozilla/5.0 (Windows NT 10.0; Win64; x64) AppleWebKit/537.36 (KHTML, like Gecko) Chrome/130.0.0.0 Safari/537.36"
cashforcarsallen.com.infinitibizsol.com:443
20.171.207.97 - - [10/Jun/2025:06:23:43 +0000] "GET /products/194bb24299 HTTP/1.1" 404 77261 "-" "Mozilla/5.0 AppleWebKit/537.36 (KHTML, like Gecko; compatible; GPTBot/1.2; +https://openai.com/gptbot)"
cashforcarsallen.com.infinitibizsol.com:443
162.19.58.166 - - [10/Jun/2025:06:23:49 +0000] "POST /wp-login.php HTTP/1.1" 200 5025 "https://cashforcarsallen.com/wp-login.php" "Mozilla/5.0 (Windows NT 10.0; Win64; x64) AppleWebKit/537.36 (KHTML, like Gecko) Chrome/130.0.0.0 Safari/537.36"
cashforcarsallen.com.infinitibizsol.com:443
20.171.207.97 - - [10/Jun/2025:06:23:50 +0000] "GET /products/267rx41252 HTTP/1.1" 404 32359 "-" "Mozilla/5.0 AppleWebKit/537.36 (KHTML, like Gecko; compatible; GPTBot/1.2; +https://openai.com/gptbot)"
cashforcarsallen.com.infinitibizsol.com:443
20.171.207.97 - - [10/Jun/2025:06:23:56 +0000] "GET /products/218ol21989 HTTP/1.1" 404 65127 "-" "Mozilla/5.0 AppleWebKit/537.36 (KHTML, like Gecko; compatible; GPTBot/1.2; +https://openai.com/gptbot)"
cashforcarsallen.com.infinitibizsol.com:443
20.171.207.97 - - [10/Jun/2025:06:24:03 +0000] "GET /products/247xl31374 HTTP/1.1" 404 32359 "-" "Mozilla/5.0 AppleWebKit/537.36 (KHTML, like Gecko; compatible; GPTBot/1.2; +https://openai.com/gptbot)"
cashforcarsallen.com.infinitibizsol.com:443
162.0.223.40 - - [10/Jun/2025:06:24:08 +0000] "POST /wp-cron.php?doing_wp_cron=1749536647.8998179435729980468750 HTTP/1.1" 499 0 "-" "WordPress/6.8.1; https://cashforcarsallen.com"
cashforcarsallen.com.infinitibizsol.com:443
20.171.207.97 - - [10/Jun/2025:06:24:09 +0000] "GET /products/142kd40235 HTTP/1.1" 404 32359 "-" "Mozilla/5.0 AppleWebKit/537.36 (KHTML, like Gecko; compatible; GPTBot/1.2; +https://openai.com/gptbot)"
cashforcarsallen.com.infinitibizsol.com:443
20.171.207.97 - - [10/Jun/2025:06:24:14 +0000] "GET /products/106ku39049 HTTP/1.1" 404 65127 "-" "Mozilla/5.0 AppleWebKit/537.36 (KHTML, like Gecko; compatible; GPTBot/1.2; +https://openai.com/gptbot)"
cashforcarsallen.com.infinitibizsol.com:443
20.171.207.97 - - [10/Jun/2025:06:24:20 +0000] "GET /products/112su26501 HTTP/1.1" 404 65127 "-" "Mozilla/5.0 AppleWebKit/537.36 (KHTML, like Gecko; compatible; GPTBot/1.2; +https://openai.com/gptbot)"
cashforcarsallen.com.infinitibizsol.com:443
205.196.221.238 - - [10/Jun/2025:06:24:21 +0000] "GET /wp-login.php HTTP/1.1" 200 5025 "-" "Mozilla/5.0 (Windows NT 10.0; Win64; x64) AppleWebKit/537.36 (KHTML, like Gecko) Chrome/130.0.0.0 Safari/537.36"
cashforcarsallen.com.infinitibizsol.com:443
198.204.226.18 - - [10/Jun/2025:06:24:26 +0000] "GET /wp-includes/admin.php HTTP/1.1" 499 0 "https://cashforcarsallen.com/wp-includes/admin.php" "Mozilla/5.0 (Windows NT 10.0; Win64; x64) AppleWebKit/537.36 (KHTML, like Gecko) Chrome/58.0.3029.110 Safari/537.3"
cashforcarsallen.com.infinitibizsol.com:443
20.171.207.97 - - [10/Jun/2025:06:24:27 +0000] "GET /products/254ou35541 HTTP/1.1" 404 32359 "-" "Mozilla/5.0 AppleWebKit/537.36 (KHTML, like Gecko; compatible; GPTBot/1.2; +https://openai.com/gptbot)"
cashforcarsallen.com.infinitibizsol.com:443
205.196.221.238 - - [10/Jun/2025:06:24:28 +0000] "POST /wp-login.php HTTP/1.1" 200 5025 "https://cashforcarsallen.com/wp-login.php" "Mozilla/5.0 (Windows NT 10.0; Win64; x64) AppleWebKit/537.36 (KHTML, like Gecko) Chrome/130.0.0.0 Safari/537.36"
cashforcarsallen.com.infinitibizsol.com:443
20.171.207.97 - - [10/Jun/2025:06:24:33 +0000] "GET /products/165ii41442 HTTP/1.1" 404 65127 "-" "Mozilla/5.0 AppleWebKit/537.36 (KHTML, like Gecko; compatible; GPTBot/1.2; +https://openai.com/gptbot)"
cashforcarsallen.com.infinitibizsol.com:443
51.38.218.126 - - [10/Jun/2025:06:24:34 +0000] "GET /wp-login.php HTTP/1.1" 200 5025 "-" "Mozilla/5.0 (Windows NT 10.0; Win64; x64) AppleWebKit/537.36 (KHTML, like Gecko) Chrome/130.0.0.0 Safari/537.36"
cashforcarsallen.com.infinitibizsol.com:443
20.171.207.97 - - [10/Jun/2025:06:24:39 +0000] "GET /products/244wh43909 HTTP/1.1" 404 65127 "-" "Mozilla/5.0 AppleWebKit/537.36 (KHTML, like Gecko; compatible; GPTBot/1.2; +https://openai.com/gptbot)"
cashforcarsallen.com.infinitibizsol.com:443
51.38.218.126 - - [10/Jun/2025:06:24:40 +0000] "POST /wp-login.php HTTP/1.1" 200 5025 "https://cashforcarsallen.com/wp-login.php" "Mozilla/5.0 (Windows NT 10.0; Win64; x64) AppleWebKit/537.36 (KHTML, like Gecko) Chrome/130.0.0.0 Safari/537.36"
cashforcarsallen.com.infinitibizsol.com:443
20.171.207.97 - - [10/Jun/2025:06:24:44 +0000] "GET /products/221fr30266 HTTP/1.1" 404 32359 "-" "Mozilla/5.0 AppleWebKit/537.36 (KHTML, like Gecko; compatible; GPTBot/1.2; +https://openai.com/gptbot)"
cashforcarsallen.com.infinitibizsol.com:443
20.171.207.97 - - [10/Jun/2025:06:24:49 +0000] "GET /products/243ns38010 HTTP/1.1" 404 65127 "-" "Mozilla/5.0 AppleWebKit/537.36 (KHTML, like Gecko; compatible; GPTBot/1.2; +https://openai.com/gptbot)"
cashforcarsallen.com.infinitibizsol.com:443
197.242.157.213 - - [10/Jun/2025:06:24:50 +0000] "GET /wp-login.php HTTP/1.1" 200 5025 "-" "Mozilla/5.0 (Windows NT 10.0; Win64; x64) AppleWebKit/537.36 (KHTML, like Gecko) Chrome/130.0.0.0 Safari/537.36"
cashforcarsallen.com.infinitibizsol.com:443
197.242.157.213 - - [10/Jun/2025:06:24:55 +0000] "POST /wp-login.php HTTP/1.1" 200 5025 "https://cashforcarsallen.com/wp-login.php" "Mozilla/5.0 (Windows NT 10.0; Win64; x64) AppleWebKit/537.36 (KHTML, like Gecko) Chrome/130.0.0.0 Safari/537.36"
cashforcarsallen.com.infinitibizsol.com:443
20.171.207.97 - - [10/Jun/2025:06:24:55 +0000] "GET /products/200yx40115 HTTP/1.1" 404 65127 "-" "Mozilla/5.0 AppleWebKit/537.36 (KHTML, like Gecko; compatible; GPTBot/1.2; +https://openai.com/gptbot)"
cashforcarsallen.com.infinitibizsol.com:443
20.171.207.97 - - [10/Jun/2025:06:25:00 +0000] "GET /products/115ef11084 HTTP/1.1" 404 65127 "-" "Mozilla/5.0 AppleWebKit/537.36 (KHTML, like Gecko; compatible; GPTBot/1.2; +https://openai.com/gptbot)"
cashforcarsallen.com.infinitibizsol.com:443
162.0.223.40 - - [10/Jun/2025:06:25:09 +0000] "POST /wp-cron.php?doing_wp_cron=1749536708.0076239109039306640625 HTTP/1.1" 499 0 "-" "WordPress/6.8.1; https://cashforcarsallen.com"
cashforcarsallen.com.infinitibizsol.com:443
20.171.207.97 - - [10/Jun/2025:06:25:10 +0000] "GET /products/239ae30882 HTTP/1.1" 404 65127 "-" "Mozilla/5.0 AppleWebKit/537.36 (KHTML, like Gecko; compatible; GPTBot/1.2; +https://openai.com/gptbot)"
cashforcarsallen.com.infinitibizsol.com:443
20.171.207.97 - - [10/Jun/2025:06:25:15 +0000] "GET /products/156gr36893 HTTP/1.1" 404 77268 "-" "Mozilla/5.0 AppleWebKit/537.36 (KHTML, like Gecko; compatible; GPTBot/1.2; +https://openai.com/gptbot)"
cashforcarsallen.com.infinitibizsol.com:443
198.204.226.18 - - [10/Jun/2025:06:25:15 +0000] "GET /wp-includes/admin.php HTTP/1.1" 200 16 "https://cashforcarsallen.com/wp-includes/admin.php" "Mozilla/5.0 (Windows NT 10.0; Win64; x64) AppleWebKit/537.36 (KHTML, like Gecko) Chrome/58.0.3029.110 Safari/537.3"
cashforcarsallen.com.infinitibizsol.com:443
66.102.135.126 - - [10/Jun/2025:06:25:17 +0000] "GET /wp-login.php HTTP/1.1" 200 5025 "-" "Mozilla/5.0 (Windows NT 10.0; Win64; x64) AppleWebKit/537.36 (KHTML, like Gecko) Chrome/130.0.0.0 Safari/537.36"
cashforcarsallen.com.infinitibizsol.com:443
20.171.207.97 - - [10/Jun/2025:06:25:19 +0000] "GET /products/300dx24127 HTTP/1.1" 404 65127 "-" "Mozilla/5.0 AppleWebKit/537.36 (KHTML, like Gecko; compatible; GPTBot/1.2; +https://openai.com/gptbot)"
cashforcarsallen.com.infinitibizsol.com:443
66.102.135.126 - - [10/Jun/2025:06:25:22 +0000] "POST /wp-login.php HTTP/1.1" 200 5025 "https://cashforcarsallen.com/wp-login.php" "Mozilla/5.0 (Windows NT 10.0; Win64; x64) AppleWebKit/537.36 (KHTML, like Gecko) Chrome/130.0.0.0 Safari/537.36"
cashforcarsallen.com.infinitibizsol.com:443
20.171.207.97 - - [10/Jun/2025:06:25:24 +0000] "GET /products/145di31900 HTTP/1.1" 404 65127 "-" "Mozilla/5.0 AppleWebKit/537.36 (KHTML, like Gecko; compatible; GPTBot/1.2; +https://openai.com/gptbot)"
cashforcarsallen.com.infinitibizsol.com:443
20.171.207.97 - - [10/Jun/2025:06:25:29 +0000] "GET /products/106cq29491 HTTP/1.1" 404 65127 "-" "Mozilla/5.0 AppleWebKit/537.36 (KHTML, like Gecko; compatible; GPTBot/1.2; +https://openai.com/gptbot)"
cashforcarsallen.com.infinitibizsol.com:443
20.171.207.97 - - [10/Jun/2025:06:25:34 +0000] "GET /products/198vr31445 HTTP/1.1" 404 65127 "-" "Mozilla/5.0 AppleWebKit/537.36 (KHTML, like Gecko; compatible; GPTBot/1.2; +https://openai.com/gptbot)"
cashforcarsallen.com.infinitibizsol.com:443
20.171.207.97 - - [10/Jun/2025:06:25:39 +0000] "GET /products/177zn19822 HTTP/1.1" 404 77268 "-" "Mozilla/5.0 AppleWebKit/537.36 (KHTML, like Gecko; compatible; GPTBot/1.2; +https://openai.com/gptbot)"
cashforcarsallen.com.infinitibizsol.com:443
20.171.207.97 - - [10/Jun/2025:06:25:45 +0000] "GET /products/187ot19390 HTTP/1.1" 404 65127 "-" "Mozilla/5.0 AppleWebKit/537.36 (KHTML, like Gecko; compatible; GPTBot/1.2; +https://openai.com/gptbot)"
cashforcarsallen.com.infinitibizsol.com:443
146.59.136.90 - - [10/Jun/2025:06:25:45 +0000] "GET /wp-login.php HTTP/1.1" 200 5025 "-" "Mozilla/5.0 (Windows NT 10.0; Win64; x64) AppleWebKit/537.36 (KHTML, like Gecko) Chrome/130.0.0.0 Safari/537.36"
cashforcarsallen.com.infinitibizsol.com:443
20.171.207.97 - - [10/Jun/2025:06:25:49 +0000] "GET /products/260oz16031 HTTP/1.1" 404 65127 "-" "Mozilla/5.0 AppleWebKit/537.36 (KHTML, like Gecko; compatible; GPTBot/1.2; +https://openai.com/gptbot)"
cashforcarsallen.com.infinitibizsol.com:443
146.59.136.90 - - [10/Jun/2025:06:25:51 +0000] "POST /wp-login.php HTTP/1.1" 200 5025 "https://cashforcarsallen.com/wp-login.php" "Mozilla/5.0 (Windows NT 10.0; Win64; x64) AppleWebKit/537.36 (KHTML, like Gecko) Chrome/130.0.0.0 Safari/537.36"
cashforcarsallen.com.infinitibizsol.com:443
20.171.207.97 - - [10/Jun/2025:06:25:54 +0000] "GET /products/298rw41855 HTTP/1.1" 404 65127 "-" "Mozilla/5.0 AppleWebKit/537.36 (KHTML, like Gecko; compatible; GPTBot/1.2; +https://openai.com/gptbot)"
cashforcarsallen.com.infinitibizsol.com:443
198.204.226.18 - - [10/Jun/2025:06:25:55 +0000] "GET /wp-includes/admin.php HTTP/1.1" 499 0 "https://cashforcarsallen.com/wp-includes/admin.php" "Mozilla/5.0 (Windows NT 10.0; Win64; x64) AppleWebKit/537.36 (KHTML, like Gecko) Chrome/58.0.3029.110 Safari/537.3"
cashforcarsallen.com.infinitibizsol.com:443
5.23.51.104 - - [10/Jun/2025:06:25:58 +0000] "GET /wp-login.php HTTP/1.1" 200 5025 "-" "Mozilla/5.0 (Windows NT 10.0; Win64; x64) AppleWebKit/537.36 (KHTML, like Gecko) Chrome/130.0.0.0 Safari/537.36"
cashforcarsallen.com.infinitibizsol.com:443
20.171.207.97 - - [10/Jun/2025:06:26:00 +0000] "GET /products/274sz43673 HTTP/1.1" 404 65127 "-" "Mozilla/5.0 AppleWebKit/537.36 (KHTML, like Gecko; compatible; GPTBot/1.2; +https://openai.com/gptbot)"
cashforcarsallen.com.infinitibizsol.com:443
5.23.51.104 - - [10/Jun/2025:06:26:05 +0000] "POST /wp-login.php HTTP/1.1" 200 5025 "https://cashforcarsallen.com/wp-login.php" "Mozilla/5.0 (Windows NT 10.0; Win64; x64) AppleWebKit/537.36 (KHTML, like Gecko) Chrome/130.0.0.0 Safari/537.36"
cashforcarsallen.com.infinitibizsol.com:443
20.171.207.97 - - [10/Jun/2025:06:26:07 +0000] "GET /products/252lw39115 HTTP/1.1" 404 65127 "-" "Mozilla/5.0 AppleWebKit/537.36 (KHTML, like Gecko; compatible; GPTBot/1.2; +https://openai.com/gptbot)"
cashforcarsallen.com.infinitibizsol.com:443
162.0.223.40 - - [10/Jun/2025:06:26:13 +0000] "POST /wp-cron.php?doing_wp_cron=1749536772.4978570938110351562500 HTTP/1.1" 499 0 "-" "WordPress/6.8.1; https://cashforcarsallen.com"
cashforcarsallen.com.infinitibizsol.com:443
20.171.207.97 - - [10/Jun/2025:06:26:14 +0000] "GET /products/287pw22892 HTTP/1.1" 404 65127 "-" "Mozilla/5.0 AppleWebKit/537.36 (KHTML, like Gecko; compatible; GPTBot/1.2; +https://openai.com/gptbot)"
cashforcarsallen.com.infinitibizsol.com:443
198.204.226.18 - - [10/Jun/2025:06:26:16 +0000] "GET /wp-includes/admin.php HTTP/1.1" 200 6 "https://cashforcarsallen.com/wp-includes/admin.php" "Mozilla/5.0 (Windows NT 10.0; Win64; x64) AppleWebKit/537.36 (KHTML, like Gecko) Chrome/58.0.3029.110 Safari/537.3"
cashforcarsallen.com.infinitibizsol.com:443
162.0.223.40 - - [10/Jun/2025:06:26:16 +0000] "POST /wp-cron.php?doing_wp_cron=1749536775.3718430995941162109375 HTTP/1.1" 499 0 "-" "WordPress/6.8.1; https://cashforcarsallen.com"
cashforcarsallen.com.infinitibizsol.com:443
141.95.243.199 - - [10/Jun/2025:06:26:16 +0000] "GET /wp-login.php HTTP/1.1" 200 5025 "-" "Mozilla/5.0 (Windows NT 10.0; Win64; x64) AppleWebKit/537.36 (KHTML, like Gecko) Chrome/130.0.0.0 Safari/537.36"
cashforcarsallen.com.infinitibizsol.com:443
20.171.207.97 - - [10/Jun/2025:06:26:20 +0000] "GET /products/153aj35122 HTTP/1.1" 404 65127 "-" "Mozilla/5.0 AppleWebKit/537.36 (KHTML, like Gecko; compatible; GPTBot/1.2; +https://openai.com/gptbot)"
cashforcarsallen.com.infinitibizsol.com:443
141.95.243.199 - - [10/Jun/2025:06:26:22 +0000] "POST /wp-login.php HTTP/1.1" 200 5025 "https://cashforcarsallen.com/wp-login.php" "Mozilla/5.0 (Windows NT 10.0; Win64; x64) AppleWebKit/537.36 (KHTML, like Gecko) Chrome/130.0.0.0 Safari/537.36"
cashforcarsallen.com.infinitibizsol.com:443
20.171.207.97 - - [10/Jun/2025:06:26:26 +0000] "GET /products/202zq25499 HTTP/1.1" 404 65127 "-" "Mozilla/5.0 AppleWebKit/537.36 (KHTML, like Gecko; compatible; GPTBot/1.2; +https://openai.com/gptbot)"
cashforcarsallen.com.infinitibizsol.com:443
20.171.207.97 - - [10/Jun/2025:06:26:33 +0000] "GET /products/196iy43963 HTTP/1.1" 404 65127 "-" "Mozilla/5.0 AppleWebKit/537.36 (KHTML, like Gecko; compatible; GPTBot/1.2; +https://openai.com/gptbot)"
cashforcarsallen.com.infinitibizsol.com:443
20.171.207.97 - - [10/Jun/2025:06:26:38 +0000] "GET /products/155hi18048 HTTP/1.1" 404 65127 "-" "Mozilla/5.0 AppleWebKit/537.36 (KHTML, like Gecko; compatible; GPTBot/1.2; +https://openai.com/gptbot)"
cashforcarsallen.com.infinitibizsol.com:443
208.74.151.235 - - [10/Jun/2025:06:26:40 +0000] "GET /wp-login.php HTTP/1.1" 200 5025 "-" "Mozilla/5.0 (Windows NT 10.0; Win64; x64) AppleWebKit/537.36 (KHTML, like Gecko) Chrome/130.0.0.0 Safari/537.36"
cashforcarsallen.com.infinitibizsol.com:443
