92.205.55.71 - - [10/Jun/2025:04:20:39 +0000] "GET /wp-login.php HTTP/1.1" 200 5389 "-" "Mozilla/5.0 (Windows NT 10.0; Win64; x64) AppleWebKit/537.36 (KHTML, like Gecko) Chrome/130.0.0.0 Safari/537.36"
cashforcarsallen.com.infinitibizsol.com:443
20.171.207.97 - - [10/Jun/2025:04:20:41 +0000] "GET /products/214ky39697 HTTP/1.1" 404 32359 "-" "Mozilla/5.0 AppleWebKit/537.36 (KHTML, like Gecko; compatible; GPTBot/1.2; +https://openai.com/gptbot)"
cashforcarsallen.com.infinitibizsol.com:443
92.205.55.71 - - [10/Jun/2025:04:20:46 +0000] "POST /wp-login.php HTTP/1.1" 200 5389 "https://cashforcarsallen.com/wp-login.php" "Mozilla/5.0 (Windows NT 10.0; Win64; x64) AppleWebKit/537.36 (KHTML, like Gecko) Chrome/130.0.0.0 Safari/537.36"
cashforcarsallen.com.infinitibizsol.com:443
20.171.207.97 - - [10/Jun/2025:04:20:49 +0000] "GET /products/298ge30785 HTTP/1.1" 404 32359 "-" "Mozilla/5.0 AppleWebKit/537.36 (KHTML, like Gecko; compatible; GPTBot/1.2; +https://openai.com/gptbot)"
cashforcarsallen.com.infinitibizsol.com:443
162.241.224.113 - - [10/Jun/2025:04:20:54 +0000] "GET /wp-login.php HTTP/1.1" 200 5389 "-" "Mozilla/5.0 (Windows NT 10.0; Win64; x64) AppleWebKit/537.36 (KHTML, like Gecko) Chrome/130.0.0.0 Safari/537.36"
cashforcarsallen.com.infinitibizsol.com:443
20.171.207.97 - - [10/Jun/2025:04:20:58 +0000] "GET /products/137oa26190 HTTP/1.1" 404 65127 "-" "Mozilla/5.0 AppleWebKit/537.36 (KHTML, like Gecko; compatible; GPTBot/1.2; +https://openai.com/gptbot)"
cashforcarsallen.com.infinitibizsol.com:443
162.241.224.113 - - [10/Jun/2025:04:21:04 +0000] "POST /wp-login.php HTTP/1.1" 200 5389 "https://cashforcarsallen.com/wp-login.php" "Mozilla/5.0 (Windows NT 10.0; Win64; x64) AppleWebKit/537.36 (KHTML, like Gecko) Chrome/130.0.0.0 Safari/537.36"
cashforcarsallen.com.infinitibizsol.com:443
20.171.207.97 - - [10/Jun/2025:04:21:06 +0000] "GET /products/297zt34160 HTTP/1.1" 404 65127 "-" "Mozilla/5.0 AppleWebKit/537.36 (KHTML, like Gecko; compatible; GPTBot/1.2; +https://openai.com/gptbot)"
cashforcarsallen.com.infinitibizsol.com:443
54.38.25.220 - - [10/Jun/2025:04:21:11 +0000] "GET /wp-login.php HTTP/1.1" 200 5389 "-" "Mozilla/5.0 (Windows NT 10.0; Win64; x64) AppleWebKit/537.36 (KHTML, like Gecko) Chrome/130.0.0.0 Safari/537.36"
cashforcarsallen.com.infinitibizsol.com:443
20.171.207.97 - - [10/Jun/2025:04:21:12 +0000] "GET /products/198mg35645 HTTP/1.1" 404 77632 "-" "Mozilla/5.0 AppleWebKit/537.36 (KHTML, like Gecko; compatible; GPTBot/1.2; +https://openai.com/gptbot)"
cashforcarsallen.com.infinitibizsol.com:443
54.38.25.220 - - [10/Jun/2025:04:21:17 +0000] "POST /wp-login.php HTTP/1.1" 200 5389 "https://cashforcarsallen.com/wp-login.php" "Mozilla/5.0 (Windows NT 10.0; Win64; x64) AppleWebKit/537.36 (KHTML, like Gecko) Chrome/130.0.0.0 Safari/537.36"
cashforcarsallen.com.infinitibizsol.com:443
20.171.207.97 - - [10/Jun/2025:04:21:17 +0000] "GET /products/245kq17168 HTTP/1.1" 404 65127 "-" "Mozilla/5.0 AppleWebKit/537.36 (KHTML, like Gecko; compatible; GPTBot/1.2; +https://openai.com/gptbot)"
cashforcarsallen.com.infinitibizsol.com:443
162.19.58.166 - - [10/Jun/2025:04:21:23 +0000] "GET /wp-login.php HTTP/1.1" 200 5389 "-" "Mozilla/5.0 (Windows NT 10.0; Win64; x64) AppleWebKit/537.36 (KHTML, like Gecko) Chrome/130.0.0.0 Safari/537.36"
cashforcarsallen.com.infinitibizsol.com:443
20.171.207.97 - - [10/Jun/2025:04:21:24 +0000] "GET /products/183rb17962 HTTP/1.1" 404 65127 "-" "Mozilla/5.0 AppleWebKit/537.36 (KHTML, like Gecko; compatible; GPTBot/1.2; +https://openai.com/gptbot)"
cashforcarsallen.com.infinitibizsol.com:443
20.171.207.97 - - [10/Jun/2025:04:21:29 +0000] "GET /products/283eh16374 HTTP/1.1" 404 65127 "-" "Mozilla/5.0 AppleWebKit/537.36 (KHTML, like Gecko; compatible; GPTBot/1.2; +https://openai.com/gptbot)"
cashforcarsallen.com.infinitibizsol.com:443
162.19.58.166 - - [10/Jun/2025:04:21:30 +0000] "POST /wp-login.php HTTP/1.1" 200 5389 "https://cashforcarsallen.com/wp-login.php" "Mozilla/5.0 (Windows NT 10.0; Win64; x64) AppleWebKit/537.36 (KHTML, like Gecko) Chrome/130.0.0.0 Safari/537.36"
cashforcarsallen.com.infinitibizsol.com:443
162.0.223.40 - - [10/Jun/2025:04:21:32 +0000] "POST /wp-cron.php?doing_wp_cron=1749529291.9210340976715087890625 HTTP/1.1" 499 0 "-" "WordPress/6.8.1; https://cashforcarsallen.com"
cashforcarsallen.com.infinitibizsol.com:443
91.84.110.151 - - [10/Jun/2025:04:21:34 +0000] "GET / HTTP/1.1" 200 128542 "-" "Mozilla/5.0 (Macintosh; Intel Mac OS X 10_15_7) AppleWebKit/537.36 (KHTML, like Gecko) Chrome/133.0.0.0 Safari/537.36"
cashforcarsallen.com.infinitibizsol.com:443
113.161.85.178 - - [10/Jun/2025:04:21:37 +0000] "GET /wp-login.php HTTP/1.1" 200 5025 "-" "Mozilla/5.0 (Windows NT 10.0; Win64; x64) AppleWebKit/537.36 (KHTML, like Gecko) Chrome/130.0.0.0 Safari/537.36"
cashforcarsallen.com.infinitibizsol.com:443
162.0.223.40 - - [10/Jun/2025:04:21:37 +0000] "POST /wp-cron.php?doing_wp_cron=1749529296.5081999301910400390625 HTTP/1.1" 499 0 "-" "WordPress/6.8.1; https://cashforcarsallen.com"
cashforcarsallen.com.infinitibizsol.com:443
20.171.207.97 - - [10/Jun/2025:04:21:38 +0000] "GET /products/175ke23934 HTTP/1.1" 404 65127 "-" "Mozilla/5.0 AppleWebKit/537.36 (KHTML, like Gecko; compatible; GPTBot/1.2; +https://openai.com/gptbot)"
cashforcarsallen.com.infinitibizsol.com:443
113.161.85.178 - - [10/Jun/2025:04:21:46 +0000] "POST /wp-login.php HTTP/1.1" 200 5025 "https://cashforcarsallen.com/wp-login.php" "Mozilla/5.0 (Windows NT 10.0; Win64; x64) AppleWebKit/537.36 (KHTML, like Gecko) Chrome/130.0.0.0 Safari/537.36"
cashforcarsallen.com.infinitibizsol.com:443
20.171.207.97 - - [10/Jun/2025:04:21:47 +0000] "GET /products/246nu31559 HTTP/1.1" 404 32359 "-" "Mozilla/5.0 AppleWebKit/537.36 (KHTML, like Gecko; compatible; GPTBot/1.2; +https://openai.com/gptbot)"
cashforcarsallen.com.infinitibizsol.com:443
112.196.113.74 - - [10/Jun/2025:04:21:50 +0000] "POST / HTTP/1.1" 200 129322 "-" "Mozilla/5.0 (Macintosh; Intel Mac OS X 10_15_7) AppleWebKit/537.36 (KHTML, like Gecko) Chrome/133.0.0.0 Safari/537.36"
cashforcarsallen.com.infinitibizsol.com:443
162.241.24.23 - - [10/Jun/2025:04:21:54 +0000] "GET /wp-login.php HTTP/1.1" 200 5389 "-" "Mozilla/5.0 (Windows NT 10.0; Win64; x64) AppleWebKit/537.36 (KHTML, like Gecko) Chrome/130.0.0.0 Safari/537.36"
cashforcarsallen.com.infinitibizsol.com:443
20.171.207.97 - - [10/Jun/2025:04:21:54 +0000] "GET /products/145fg18750 HTTP/1.1" 404 32359 "-" "Mozilla/5.0 AppleWebKit/537.36 (KHTML, like Gecko; compatible; GPTBot/1.2; +https://openai.com/gptbot)"
cashforcarsallen.com.infinitibizsol.com:443
198.204.226.18 - - [10/Jun/2025:04:21:54 +0000] "GET /wp-includes/admin.php HTTP/1.1" 499 0 "https://cashforcarsallen.com/wp-includes/admin.php" "Mozilla/5.0 (Windows NT 10.0; Win64; x64) AppleWebKit/537.36 (KHTML, like Gecko) Chrome/58.0.3029.110 Safari/537.3"
cashforcarsallen.com.infinitibizsol.com:443
20.171.207.97 - - [10/Jun/2025:04:21:59 +0000] "GET /products/104qk34159 HTTP/1.1" 404 65127 "-" "Mozilla/5.0 AppleWebKit/537.36 (KHTML, like Gecko; compatible; GPTBot/1.2; +https://openai.com/gptbot)"
cashforcarsallen.com.infinitibizsol.com:443
162.241.24.23 - - [10/Jun/2025:04:22:00 +0000] "POST /wp-login.php HTTP/1.1" 200 5389 "https://cashforcarsallen.com/wp-login.php" "Mozilla/5.0 (Windows NT 10.0; Win64; x64) AppleWebKit/537.36 (KHTML, like Gecko) Chrome/130.0.0.0 Safari/537.36"
cashforcarsallen.com.infinitibizsol.com:443
112.196.113.74 - - [10/Jun/2025:04:22:03 +0000] "POST / HTTP/1.1" 200 128444 "-" "Mozilla/5.0 (Windows NT 10.0; Win64; x64) AppleWebKit/537.36 (KHTML, like Gecko) Chrome/120.0.0.0 Safari/537.36"
cashforcarsallen.com.infinitibizsol.com:443
198.204.226.18 - - [10/Jun/2025:04:22:05 +0000] "GET /wp-includes/admin.php HTTP/1.1" 200 16 "https://cashforcarsallen.com/wp-includes/admin.php" "Mozilla/5.0 (Windows NT 10.0; Win64; x64) AppleWebKit/537.36 (KHTML, like Gecko) Chrome/58.0.3029.110 Safari/537.3"
cashforcarsallen.com.infinitibizsol.com:443
20.171.207.97 - - [10/Jun/2025:04:22:07 +0000] "GET /products/107fy42678 HTTP/1.1" 404 32359 "-" "Mozilla/5.0 AppleWebKit/537.36 (KHTML, like Gecko; compatible; GPTBot/1.2; +https://openai.com/gptbot)"
cashforcarsallen.com.infinitibizsol.com:443
112.196.113.74 - - [10/Jun/2025:04:22:11 +0000] "POST / HTTP/1.1" 200 129094 "-" "Mozilla/5.0 (Macintosh; Intel Mac OS X 10_15_7) AppleWebKit/537.36 (KHTML, like Gecko) Chrome/133.0.0.0 Safari/537.36"
cashforcarsallen.com.infinitibizsol.com:443
20.171.207.97 - - [10/Jun/2025:04:22:13 +0000] "GET /products/117ua26058 HTTP/1.1" 404 65127 "-" "Mozilla/5.0 AppleWebKit/537.36 (KHTML, like Gecko; compatible; GPTBot/1.2; +https://openai.com/gptbot)"
cashforcarsallen.com.infinitibizsol.com:443
20.171.207.97 - - [10/Jun/2025:04:22:20 +0000] "GET /products/261ne20374 HTTP/1.1" 404 32359 "-" "Mozilla/5.0 AppleWebKit/537.36 (KHTML, like Gecko; compatible; GPTBot/1.2; +https://openai.com/gptbot)"
cashforcarsallen.com.infinitibizsol.com:443
112.196.113.74 - - [10/Jun/2025:04:22:21 +0000] "POST / HTTP/1.1" 200 128436 "-" "Mozilla/5.0 (Windows NT 10.0; Win64; x64) AppleWebKit/537.36 (KHTML, like Gecko) Chrome/120.0.0.0 Safari/537.36"
cashforcarsallen.com.infinitibizsol.com:443
20.171.207.97 - - [10/Jun/2025:04:22:27 +0000] "GET /products/162na40423 HTTP/1.1" 404 65127 "-" "Mozilla/5.0 AppleWebKit/537.36 (KHTML, like Gecko; compatible; GPTBot/1.2; +https://openai.com/gptbot)"
cashforcarsallen.com.infinitibizsol.com:443
91.84.110.151 - - [10/Jun/2025:04:22:28 +0000] "GET /comments/feed/ HTTP/1.1" 200 1109 "-" "Mozilla/5.0 (Macintosh; Intel Mac OS X 10_15_7) AppleWebKit/537.36 (KHTML, like Gecko) Chrome/133.0.0.0 Safari/537.36"
cashforcarsallen.com.infinitibizsol.com:443
178.33.250.142 - - [10/Jun/2025:04:22:30 +0000] "GET /wp-login.php HTTP/1.1" 200 5389 "-" "Mozilla/5.0 (Windows NT 10.0; Win64; x64) AppleWebKit/537.36 (KHTML, like Gecko) Chrome/130.0.0.0 Safari/537.36"
cashforcarsallen.com.infinitibizsol.com:443
20.171.207.97 - - [10/Jun/2025:04:22:32 +0000] "GET /products/209aj25474 HTTP/1.1" 404 32359 "-" "Mozilla/5.0 AppleWebKit/537.36 (KHTML, like Gecko; compatible; GPTBot/1.2; +https://openai.com/gptbot)"
cashforcarsallen.com.infinitibizsol.com:443
91.84.110.151 - - [10/Jun/2025:04:22:35 +0000] "GET /check-my-car-value/ HTTP/1.1" 200 95119 "-" "Mozilla/5.0 (Macintosh; Intel Mac OS X 10_15_7) AppleWebKit/537.36 (KHTML, like Gecko) Chrome/133.0.0.0 Safari/537.36"
cashforcarsallen.com.infinitibizsol.com:443
162.0.223.40 - - [10/Jun/2025:04:22:38 +0000] "POST /wp-cron.php?doing_wp_cron=1749529357.1379389762878417968750 HTTP/1.1" 499 0 "-" "WordPress/6.8.1; https://cashforcarsallen.com"
cashforcarsallen.com.infinitibizsol.com:443
178.33.250.142 - - [10/Jun/2025:04:22:38 +0000] "POST /wp-login.php HTTP/1.1" 200 5389 "https://cashforcarsallen.com/wp-login.php" "Mozilla/5.0 (Windows NT 10.0; Win64; x64) AppleWebKit/537.36 (KHTML, like Gecko) Chrome/130.0.0.0 Safari/537.36"
cashforcarsallen.com.infinitibizsol.com:443
162.0.223.40 - - [10/Jun/2025:04:22:39 +0000] "POST /wp-cron.php?doing_wp_cron=1749529358.7731859683990478515625 HTTP/1.1" 499 0 "-" "WordPress/6.8.1; https://cashforcarsallen.com"
cashforcarsallen.com.infinitibizsol.com:443
20.171.207.97 - - [10/Jun/2025:04:22:40 +0000] "GET /products/102ky40153 HTTP/1.1" 404 65127 "-" "Mozilla/5.0 AppleWebKit/537.36 (KHTML, like Gecko; compatible; GPTBot/1.2; +https://openai.com/gptbot)"
cashforcarsallen.com.infinitibizsol.com:443
112.196.113.74 - - [10/Jun/2025:04:22:46 +0000] "POST /check-my-car-value/ HTTP/1.1" 200 95530 "-" "Mozilla/5.0 (Macintosh; Intel Mac OS X 10_15_7) AppleWebKit/537.36 (KHTML, like Gecko) Chrome/133.0.0.0 Safari/537.36"
cashforcarsallen.com.infinitibizsol.com:443
92.204.239.179 - - [10/Jun/2025:04:22:46 +0000] "GET /wp-login.php HTTP/1.1" 200 5025 "-" "Mozilla/5.0 (Windows NT 10.0; Win64; x64) AppleWebKit/537.36 (KHTML, like Gecko) Chrome/130.0.0.0 Safari/537.36"
cashforcarsallen.com.infinitibizsol.com:443
20.171.207.97 - - [10/Jun/2025:04:22:48 +0000] "GET /products/155vb13206 HTTP/1.1" 404 32359 "-" "Mozilla/5.0 AppleWebKit/537.36 (KHTML, like Gecko; compatible; GPTBot/1.2; +https://openai.com/gptbot)"
cashforcarsallen.com.infinitibizsol.com:443
198.204.226.18 - - [10/Jun/2025:04:22:51 +0000] "GET /wp-includes/admin.php HTTP/1.1" 200 16 "https://cashforcarsallen.com/wp-includes/admin.php" "Mozilla/5.0 (Windows NT 10.0; Win64; x64) AppleWebKit/537.36 (KHTML, like Gecko) Chrome/58.0.3029.110 Safari/537.3"
cashforcarsallen.com.infinitibizsol.com:443
92.204.239.179 - - [10/Jun/2025:04:22:53 +0000] "POST /wp-login.php HTTP/1.1" 200 5389 "https://cashforcarsallen.com/wp-login.php" "Mozilla/5.0 (Windows NT 10.0; Win64; x64) AppleWebKit/537.36 (KHTML, like Gecko) Chrome/130.0.0.0 Safari/537.36"
cashforcarsallen.com.infinitibizsol.com:443
20.171.207.97 - - [10/Jun/2025:04:22:55 +0000] "GET /products/271ei34754 HTTP/1.1" 404 32359 "-" "Mozilla/5.0 AppleWebKit/537.36 (KHTML, like Gecko; compatible; GPTBot/1.2; +https://openai.com/gptbot)"
cashforcarsallen.com.infinitibizsol.com:443
112.196.113.74 - - [10/Jun/2025:04:22:58 +0000] "POST /check-my-car-value/ HTTP/1.1" 200 95044 "-" "Mozilla/5.0 (Windows NT 10.0; Win64; x64) AppleWebKit/537.36 (KHTML, like Gecko) Chrome/120.0.0.0 Safari/537.36"
cashforcarsallen.com.infinitibizsol.com:443
209.97.159.40 - - [10/Jun/2025:04:23:03 +0000] "GET /wp-login.php HTTP/1.1" 200 5389 "-" "Mozilla/5.0 (Windows NT 10.0; Win64; x64) AppleWebKit/537.36 (KHTML, like Gecko) Chrome/130.0.0.0 Safari/537.36"
cashforcarsallen.com.infinitibizsol.com:443
20.171.207.97 - - [10/Jun/2025:04:23:03 +0000] "GET /products/217gh46936 HTTP/1.1" 404 32359 "-" "Mozilla/5.0 AppleWebKit/537.36 (KHTML, like Gecko; compatible; GPTBot/1.2; +https://openai.com/gptbot)"
cashforcarsallen.com.infinitibizsol.com:443
91.84.110.151 - - [10/Jun/2025:04:23:05 +0000] "GET /contact-us/ HTTP/1.1" 200 99991 "-" "Mozilla/5.0 (Macintosh; Intel Mac OS X 10_15_7) AppleWebKit/537.36 (KHTML, like Gecko) Chrome/133.0.0.0 Safari/537.36"
cashforcarsallen.com.infinitibizsol.com:443
209.97.159.40 - - [10/Jun/2025:04:23:10 +0000] "POST /wp-login.php HTTP/1.1" 200 5389 "https://cashforcarsallen.com/wp-login.php" "Mozilla/5.0 (Windows NT 10.0; Win64; x64) AppleWebKit/537.36 (KHTML, like Gecko) Chrome/130.0.0.0 Safari/537.36"
cashforcarsallen.com.infinitibizsol.com:443
20.171.207.97 - - [10/Jun/2025:04:23:10 +0000] "GET /products/214vy30289 HTTP/1.1" 404 77625 "-" "Mozilla/5.0 AppleWebKit/537.36 (KHTML, like Gecko; compatible; GPTBot/1.2; +https://openai.com/gptbot)"
cashforcarsallen.com.infinitibizsol.com:443
112.196.113.74 - - [10/Jun/2025:04:23:15 +0000] "POST /contact-us/ HTTP/1.1" 200 100331 "-" "Mozilla/5.0 (Macintosh; Intel Mac OS X 10_15_7) AppleWebKit/537.36 (KHTML, like Gecko) Chrome/133.0.0.0 Safari/537.36"
cashforcarsallen.com.infinitibizsol.com:443
20.171.207.97 - - [10/Jun/2025:04:23:16 +0000] "GET /products/265fr36480 HTTP/1.1" 404 32359 "-" "Mozilla/5.0 AppleWebKit/537.36 (KHTML, like Gecko; compatible; GPTBot/1.2; +https://openai.com/gptbot)"
cashforcarsallen.com.infinitibizsol.com:443
91.134.183.190 - - [10/Jun/2025:04:23:18 +0000] "GET /wp-login.php HTTP/1.1" 200 5396 "-" "Mozilla/5.0 (Windows NT 10.0; Win64; x64) AppleWebKit/537.36 (KHTML, like Gecko) Chrome/130.0.0.0 Safari/537.36"
cashforcarsallen.com.infinitibizsol.com:443
20.171.207.97 - - [10/Jun/2025:04:23:23 +0000] "GET /products/146gn27407 HTTP/1.1" 404 32359 "-" "Mozilla/5.0 AppleWebKit/537.36 (KHTML, like Gecko; compatible; GPTBot/1.2; +https://openai.com/gptbot)"
cashforcarsallen.com.infinitibizsol.com:443
91.134.183.190 - - [10/Jun/2025:04:23:25 +0000] "POST /wp-login.php HTTP/1.1" 200 5389 "https://cashforcarsallen.com/wp-login.php" "Mozilla/5.0 (Windows NT 10.0; Win64; x64) AppleWebKit/537.36 (KHTML, like Gecko) Chrome/130.0.0.0 Safari/537.36"
cashforcarsallen.com.infinitibizsol.com:443
112.196.113.74 - - [10/Jun/2025:04:23:27 +0000] "POST /contact-us/ HTTP/1.1" 200 99908 "-" "Mozilla/5.0 (Windows NT 10.0; Win64; x64) AppleWebKit/537.36 (KHTML, like Gecko) Chrome/120.0.0.0 Safari/537.36"
cashforcarsallen.com.infinitibizsol.com:443
20.171.207.97 - - [10/Jun/2025:04:23:30 +0000] "GET /products/219yu14756 HTTP/1.1" 404 65127 "-" "Mozilla/5.0 AppleWebKit/537.36 (KHTML, like Gecko; compatible; GPTBot/1.2; +https://openai.com/gptbot)"
cashforcarsallen.com.infinitibizsol.com:443
91.84.110.151 - - [10/Jun/2025:04:23:33 +0000] "GET /contact-us HTTP/1.1" 301 376 "-" "Mozilla/5.0 (Macintosh; Intel Mac OS X 10_15_7) AppleWebKit/537.36 (KHTML, like Gecko) Chrome/133.0.0.0 Safari/537.36"
cashforcarsallen.com.infinitibizsol.com:443
54.37.121.239 - - [10/Jun/2025:04:23:33 +0000] "GET /wp-login.php HTTP/1.1" 200 5025 "-" "Mozilla/5.0 (Windows NT 10.0; Win64; x64) AppleWebKit/537.36 (KHTML, like Gecko) Chrome/130.0.0.0 Safari/537.36"
cashforcarsallen.com.infinitibizsol.com:443
198.204.226.18 - - [10/Jun/2025:04:23:38 +0000] "GET /wp-includes/admin.php HTTP/1.1" 499 0 "https://cashforcarsallen.com/wp-includes/admin.php" "Mozilla/5.0 (Windows NT 10.0; Win64; x64) AppleWebKit/537.36 (KHTML, like Gecko) Chrome/58.0.3029.110 Safari/537.3"
cashforcarsallen.com.infinitibizsol.com:443
91.84.110.151 - - [10/Jun/2025:04:23:39 +0000] "GET /contact-us/ HTTP/1.1" 200 99635 "https://cashforcarsallen.com/contact-us" "Mozilla/5.0 (Macintosh; Intel Mac OS X 10_15_7) AppleWebKit/537.36 (KHTML, like Gecko) Chrome/133.0.0.0 Safari/537.36"
cashforcarsallen.com.infinitibizsol.com:443
162.0.223.40 - - [10/Jun/2025:04:23:40 +0000] "POST /wp-cron.php?doing_wp_cron=1749529419.2888081073760986328125 HTTP/1.1" 499 0 "-" "WordPress/6.8.1; https://cashforcarsallen.com"
cashforcarsallen.com.infinitibizsol.com:443
54.37.121.239 - - [10/Jun/2025:04:23:40 +0000] "POST /wp-login.php HTTP/1.1" 200 5025 "https://cashforcarsallen.com/wp-login.php" "Mozilla/5.0 (Windows NT 10.0; Win64; x64) AppleWebKit/537.36 (KHTML, like Gecko) Chrome/130.0.0.0 Safari/537.36"
cashforcarsallen.com.infinitibizsol.com:443
162.0.223.40 - - [10/Jun/2025:04:23:41 +0000] "POST /wp-cron.php?doing_wp_cron=1749529420.2322120666503906250000 HTTP/1.1" 499 0 "-" "WordPress/6.8.1; https://cashforcarsallen.com"
cashforcarsallen.com.infinitibizsol.com:443
20.171.207.97 - - [10/Jun/2025:04:23:41 +0000] "GET /products/281na19344 HTTP/1.1" 404 32359 "-" "Mozilla/5.0 AppleWebKit/537.36 (KHTML, like Gecko; compatible; GPTBot/1.2; +https://openai.com/gptbot)"
cashforcarsallen.com.infinitibizsol.com:443
198.204.226.18 - - [10/Jun/2025:04:23:41 +0000] "GET /wp-includes/admin.php HTTP/1.1" 200 16 "https://cashforcarsallen.com/wp-includes/admin.php" "Mozilla/5.0 (Windows NT 10.0; Win64; x64) AppleWebKit/537.36 (KHTML, like Gecko) Chrome/58.0.3029.110 Safari/537.3"
cashforcarsallen.com.infinitibizsol.com:443
20.171.207.97 - - [10/Jun/2025:04:23:47 +0000] "GET /products/144jx23967 HTTP/1.1" 404 32359 "-" "Mozilla/5.0 AppleWebKit/537.36 (KHTML, like Gecko; compatible; GPTBot/1.2; +https://openai.com/gptbot)"
cashforcarsallen.com.infinitibizsol.com:443
112.196.113.74 - - [10/Jun/2025:04:23:49 +0000] "POST /contact-us/ HTTP/1.1" 200 100339 "-" "Mozilla/5.0 (Macintosh; Intel Mac OS X 10_15_7) AppleWebKit/537.36 (KHTML, like Gecko) Chrome/133.0.0.0 Safari/537.36"
cashforcarsallen.com.infinitibizsol.com:443
198.204.226.18 - - [10/Jun/2025:04:23:53 +0000] "GET /wp-includes/admin.php HTTP/1.1" 200 16 "https://cashforcarsallen.com/wp-includes/admin.php" "Mozilla/5.0 (Windows NT 10.0; Win64; x64) AppleWebKit/537.36 (KHTML, like Gecko) Chrome/58.0.3029.110 Safari/537.3"
cashforcarsallen.com.infinitibizsol.com:443
20.171.207.97 - - [10/Jun/2025:04:23:54 +0000] "GET /products/292lv48751 HTTP/1.1" 404 32359 "-" "Mozilla/5.0 AppleWebKit/537.36 (KHTML, like Gecko; compatible; GPTBot/1.2; +https://openai.com/gptbot)"
cashforcarsallen.com.infinitibizsol.com:443
188.165.236.42 - - [10/Jun/2025:04:23:59 +0000] "GET /wp-login.php HTTP/1.1" 200 5389 "-" "Mozilla/5.0 (Windows NT 10.0; Win64; x64) AppleWebKit/537.36 (KHTML, like Gecko) Chrome/130.0.0.0 Safari/537.36"
cashforcarsallen.com.infinitibizsol.com:443
20.171.207.97 - - [10/Jun/2025:04:24:00 +0000] "GET /products/141ih30288 HTTP/1.1" 404 65127 "-" "Mozilla/5.0 AppleWebKit/537.36 (KHTML, like Gecko; compatible; GPTBot/1.2; +https://openai.com/gptbot)"
cashforcarsallen.com.infinitibizsol.com:443
112.196.113.74 - - [10/Jun/2025:04:24:00 +0000] "POST /contact-us/ HTTP/1.1" 200 99537 "-" "Mozilla/5.0 (Windows NT 10.0; Win64; x64) AppleWebKit/537.36 (KHTML, like Gecko) Chrome/120.0.0.0 Safari/537.36"
cashforcarsallen.com.infinitibizsol.com:443
20.171.207.97 - - [10/Jun/2025:04:24:06 +0000] "GET /products/160wb34937 HTTP/1.1" 404 32359 "-" "Mozilla/5.0 AppleWebKit/537.36 (KHTML, like Gecko; compatible; GPTBot/1.2; +https://openai.com/gptbot)"
cashforcarsallen.com.infinitibizsol.com:443
188.165.236.42 - - [10/Jun/2025:04:24:07 +0000] "POST /wp-login.php HTTP/1.1" 200 5389 "https://cashforcarsallen.com/wp-login.php" "Mozilla/5.0 (Windows NT 10.0; Win64; x64) AppleWebKit/537.36 (KHTML, like Gecko) Chrome/130.0.0.0 Safari/537.36"
cashforcarsallen.com.infinitibizsol.com:443
20.171.207.97 - - [10/Jun/2025:04:24:13 +0000] "GET /products/285rx42096 HTTP/1.1" 404 65127 "-" "Mozilla/5.0 AppleWebKit/537.36 (KHTML, like Gecko; compatible; GPTBot/1.2; +https://openai.com/gptbot)"
cashforcarsallen.com.infinitibizsol.com:443
85.202.160.143 - - [10/Jun/2025:04:24:17 +0000] "GET /wp-login.php HTTP/1.1" 200 5389 "-" "Mozilla/5.0 (Windows NT 10.0; Win64; x64) AppleWebKit/537.36 (KHTML, like Gecko) Chrome/130.0.0.0 Safari/537.36"
cashforcarsallen.com.infinitibizsol.com:443
20.171.207.97 - - [10/Jun/2025:04:24:18 +0000] "GET /products/284ib19013 HTTP/1.1" 404 65127 "-" "Mozilla/5.0 AppleWebKit/537.36 (KHTML, like Gecko; compatible; GPTBot/1.2; +https://openai.com/gptbot)"
cashforcarsallen.com.infinitibizsol.com:443
198.204.226.18 - - [10/Jun/2025:04:24:23 +0000] "GET /wp-includes/admin.php HTTP/1.1" 200 16 "https://cashforcarsallen.com/wp-includes/admin.php" "Mozilla/5.0 (Windows NT 10.0; Win64; x64) AppleWebKit/537.36 (KHTML, like Gecko) Chrome/58.0.3029.110 Safari/537.3"
cashforcarsallen.com.infinitibizsol.com:443
85.202.160.143 - - [10/Jun/2025:04:24:24 +0000] "POST /wp-login.php HTTP/1.1" 200 5389 "https://cashforcarsallen.com/wp-login.php" "Mozilla/5.0 (Windows NT 10.0; Win64; x64) AppleWebKit/537.36 (KHTML, like Gecko) Chrome/130.0.0.0 Safari/537.36"
cashforcarsallen.com.infinitibizsol.com:443
20.171.207.97 - - [10/Jun/2025:04:24:27 +0000] "GET /products/243ei40686 HTTP/1.1" 404 32359 "-" "Mozilla/5.0 AppleWebKit/537.36 (KHTML, like Gecko; compatible; GPTBot/1.2; +https://openai.com/gptbot)"
cashforcarsallen.com.infinitibizsol.com:443
20.171.207.97 - - [10/Jun/2025:04:24:35 +0000] "GET /products/207gd41738 HTTP/1.1" 404 32359 "-" "Mozilla/5.0 AppleWebKit/537.36 (KHTML, like Gecko; compatible; GPTBot/1.2; +https://openai.com/gptbot)"
cashforcarsallen.com.infinitibizsol.com:443
92.205.20.105 - - [10/Jun/2025:04:24:35 +0000] "GET /wp-login.php HTTP/1.1" 200 5389 "-" "Mozilla/5.0 (Windows NT 10.0; Win64; x64) AppleWebKit/537.36 (KHTML, like Gecko) Chrome/130.0.0.0 Safari/537.36"
cashforcarsallen.com.infinitibizsol.com:443
162.0.223.40 - - [10/Jun/2025:04:24:43 +0000] "POST /wp-cron.php?doing_wp_cron=1749529482.2670850753784179687500 HTTP/1.1" 499 0 "-" "WordPress/6.8.1; https://cashforcarsallen.com"
cashforcarsallen.com.infinitibizsol.com:443
162.0.223.40 - - [10/Jun/2025:04:24:43 +0000] "POST /wp-cron.php?doing_wp_cron=1749529482.4756150245666503906250 HTTP/1.1" 499 0 "-" "WordPress/6.8.1; https://cashforcarsallen.com"
cashforcarsallen.com.infinitibizsol.com:443
92.205.20.105 - - [10/Jun/2025:04:24:43 +0000] "POST /wp-login.php HTTP/1.1" 200 5389 "https://cashforcarsallen.com/wp-login.php" "Mozilla/5.0 (Windows NT 10.0; Win64; x64) AppleWebKit/537.36 (KHTML, like Gecko) Chrome/130.0.0.0 Safari/537.36"
cashforcarsallen.com.infinitibizsol.com:443
20.171.207.97 - - [10/Jun/2025:04:24:44 +0000] "GET /products/268kw20471 HTTP/1.1" 404 32359 "-" "Mozilla/5.0 AppleWebKit/537.36 (KHTML, like Gecko; compatible; GPTBot/1.2; +https://openai.com/gptbot)"
cashforcarsallen.com.infinitibizsol.com:443
198.204.226.18 - - [10/Jun/2025:04:24:45 +0000] "GET /wp-includes/admin.php HTTP/1.1" 200 16 "https://cashforcarsallen.com/wp-includes/admin.php" "Mozilla/5.0 (Windows NT 10.0; Win64; x64) AppleWebKit/537.36 (KHTML, like Gecko) Chrome/58.0.3029.110 Safari/537.3"
cashforcarsallen.com.infinitibizsol.com:443
20.171.207.97 - - [10/Jun/2025:04:24:51 +0000] "GET /products/207km38496 HTTP/1.1" 404 65127 "-" "Mozilla/5.0 AppleWebKit/537.36 (KHTML, like Gecko; compatible; GPTBot/1.2; +https://openai.com/gptbot)"
cashforcarsallen.com.infinitibizsol.com:443
69.49.241.11 - - [10/Jun/2025:04:24:55 +0000] "GET /wp-login.php HTTP/1.1" 200 5389 "-" "Mozilla/5.0 (Windows NT 10.0; Win64; x64) AppleWebKit/537.36 (KHTML, like Gecko) Chrome/130.0.0.0 Safari/537.36"
cashforcarsallen.com.infinitibizsol.com:443
20.171.207.97 - - [10/Jun/2025:04:24:57 +0000] "GET /products/160zf12479 HTTP/1.1" 404 32359 "-" "Mozilla/5.0 AppleWebKit/537.36 (KHTML, like Gecko; compatible; GPTBot/1.2; +https://openai.com/gptbot)"
cashforcarsallen.com.infinitibizsol.com:443
69.49.241.11 - - [10/Jun/2025:04:25:06 +0000] "POST /wp-login.php HTTP/1.1" 200 5389 "https://cashforcarsallen.com/wp-login.php" "Mozilla/5.0 (Windows NT 10.0; Win64; x64) AppleWebKit/537.36 (KHTML, like Gecko) Chrome/130.0.0.0 Safari/537.36"
cashforcarsallen.com.infinitibizsol.com:443
198.204.226.18 - - [10/Jun/2025:04:25:08 +0000] "GET /wp-includes/admin.php HTTP/1.1" 499 0 "https://cashforcarsallen.com/wp-includes/admin.php" "Mozilla/5.0 (Windows NT 10.0; Win64; x64) AppleWebKit/537.36 (KHTML, like Gecko) Chrome/58.0.3029.110 Safari/537.3"
cashforcarsallen.com.infinitibizsol.com:443
20.171.207.97 - - [10/Jun/2025:04:25:09 +0000] "GET /products/245bk13088 HTTP/1.1" 404 32359 "-" "Mozilla/5.0 AppleWebKit/537.36 (KHTML, like Gecko; compatible; GPTBot/1.2; +https://openai.com/gptbot)"
cashforcarsallen.com.infinitibizsol.com:443
178.33.109.193 - - [10/Jun/2025:04:25:15 +0000] "GET /wp-login.php HTTP/1.1" 200 5389 "-" "Mozilla/5.0 (Windows NT 10.0; Win64; x64) AppleWebKit/537.36 (KHTML, like Gecko) Chrome/130.0.0.0 Safari/537.36"
cashforcarsallen.com.infinitibizsol.com:443
20.171.207.97 - - [10/Jun/2025:04:25:17 +0000] "GET /products/241ly47556 HTTP/1.1" 404 48743 "-" "Mozilla/5.0 AppleWebKit/537.36 (KHTML, like Gecko; compatible; GPTBot/1.2; +https://openai.com/gptbot)"
cashforcarsallen.com.infinitibizsol.com:443
178.33.109.193 - - [10/Jun/2025:04:25:24 +0000] "POST /wp-login.php HTTP/1.1" 200 5389 "https://cashforcarsallen.com/wp-login.php" "Mozilla/5.0 (Windows NT 10.0; Win64; x64) AppleWebKit/537.36 (KHTML, like Gecko) Chrome/130.0.0.0 Safari/537.36"
cashforcarsallen.com.infinitibizsol.com:443
20.171.207.97 - - [10/Jun/2025:04:25:24 +0000] "GET /products/280id26973 HTTP/1.1" 404 65127 "-" "Mozilla/5.0 AppleWebKit/537.36 (KHTML, like Gecko; compatible; GPTBot/1.2; +https://openai.com/gptbot)"
cashforcarsallen.com.infinitibizsol.com:443
20.171.207.97 - - [10/Jun/2025:04:25:31 +0000] "GET /products/205gz23710 HTTP/1.1" 404 32359 "-" "Mozilla/5.0 AppleWebKit/537.36 (KHTML, like Gecko; compatible; GPTBot/1.2; +https://openai.com/gptbot)"
cashforcarsallen.com.infinitibizsol.com:443
20.171.207.97 - - [10/Jun/2025:04:25:37 +0000] "GET /products/168az34763 HTTP/1.1" 404 32359 "-" "Mozilla/5.0 AppleWebKit/537.36 (KHTML, like Gecko; compatible; GPTBot/1.2; +https://openai.com/gptbot)"
cashforcarsallen.com.infinitibizsol.com:443
162.0.223.40 - - [10/Jun/2025:04:25:45 +0000] "POST /wp-cron.php?doing_wp_cron=1749529544.0600380897521972656250 HTTP/1.1" 499 0 "-" "WordPress/6.8.1; https://cashforcarsallen.com"
cashforcarsallen.com.infinitibizsol.com:443
20.171.207.97 - - [10/Jun/2025:04:25:45 +0000] "GET /products/208ty33491 HTTP/1.1" 404 65127 "-" "Mozilla/5.0 AppleWebKit/537.36 (KHTML, like Gecko; compatible; GPTBot/1.2; +https://openai.com/gptbot)"
cashforcarsallen.com.infinitibizsol.com:443
20.171.207.97 - - [10/Jun/2025:04:25:52 +0000] "GET /products/298oh43041 HTTP/1.1" 404 32359 "-" "Mozilla/5.0 AppleWebKit/537.36 (KHTML, like Gecko; compatible; GPTBot/1.2; +https://openai.com/gptbot)"
cashforcarsallen.com.infinitibizsol.com:443
20.171.207.97 - - [10/Jun/2025:04:25:58 +0000] "GET /products/206xv16399 HTTP/1.1" 404 32359 "-" "Mozilla/5.0 AppleWebKit/537.36 (KHTML, like Gecko; compatible; GPTBot/1.2; +https://openai.com/gptbot)"
cashforcarsallen.com.infinitibizsol.com:443
198.204.226.18 - - [10/Jun/2025:04:26:03 +0000] "GET /wp-includes/admin.php HTTP/1.1" 200 16 "https://cashforcarsallen.com/wp-includes/admin.php" "Mozilla/5.0 (Windows NT 10.0; Win64; x64) AppleWebKit/537.36 (KHTML, like Gecko) Chrome/58.0.3029.110 Safari/537.3"
cashforcarsallen.com.infinitibizsol.com:443
20.171.207.97 - - [10/Jun/2025:04:26:07 +0000] "GET /products/270zl17063 HTTP/1.1" 404 65127 "-" "Mozilla/5.0 AppleWebKit/537.36 (KHTML, like Gecko; compatible; GPTBot/1.2; +https://openai.com/gptbot)"
cashforcarsallen.com.infinitibizsol.com:443
20.171.207.97 - - [10/Jun/2025:04:26:17 +0000] "GET /products/299qe18836 HTTP/1.1" 404 32359 "-" "Mozilla/5.0 AppleWebKit/537.36 (KHTML, like Gecko; compatible; GPTBot/1.2; +https://openai.com/gptbot)"
cashforcarsallen.com.infinitibizsol.com:443
20.171.207.97 - - [10/Jun/2025:04:26:24 +0000] "GET /products/162zy42597 HTTP/1.1" 404 65127 "-" "Mozilla/5.0 AppleWebKit/537.36 (KHTML, like Gecko; compatible; GPTBot/1.2; +https://openai.com/gptbot)"
cashforcarsallen.com.infinitibizsol.com:80
43.166.132.142 - - [10/Jun/2025:04:26:27 +0000] "GET / HTTP/1.1" 301 376 "-" "Mozilla/5.0 (iPhone; CPU iPhone OS 13_2_3 like Mac OS X) AppleWebKit/605.1.15 (KHTML, like Gecko) Version/13.0.3 Mobile/15E148 Safari/604.1"
cashforcarsallen.com.infinitibizsol.com:443
178.33.43.96 - - [10/Jun/2025:04:26:32 +0000] "GET /wp-login.php HTTP/1.1" 200 5389 "-" "Mozilla/5.0 (Windows NT 10.0; Win64; x64) AppleWebKit/537.36 (KHTML, like Gecko) Chrome/130.0.0.0 Safari/537.36"
cashforcarsallen.com.infinitibizsol.com:443
20.171.207.97 - - [10/Jun/2025:04:26:32 +0000] "GET /products/119je36642 HTTP/1.1" 404 65127 "-" "Mozilla/5.0 AppleWebKit/537.36 (KHTML, like Gecko; compatible; GPTBot/1.2; +https://openai.com/gptbot)"
cashforcarsallen.com.infinitibizsol.com:443
43.166.132.142 - - [10/Jun/2025:04:26:35 +0000] "GET / HTTP/1.1" 200 128898 "http://cashforcarsallen.com" "Mozilla/5.0 (iPhone; CPU iPhone OS 13_2_3 like Mac OS X) AppleWebKit/605.1.15 (KHTML, like Gecko) Version/13.0.3 Mobile/15E148 Safari/604.1"
cashforcarsallen.com.infinitibizsol.com:443
178.33.43.96 - - [10/Jun/2025:04:26:38 +0000] "POST /wp-login.php HTTP/1.1" 200 5389 "https://cashforcarsallen.com/wp-login.php" "Mozilla/5.0 (Windows NT 10.0; Win64; x64) AppleWebKit/537.36 (KHTML, like Gecko) Chrome/130.0.0.0 Safari/537.36"
cashforcarsallen.com.infinitibizsol.com:443
20.171.207.97 - - [10/Jun/2025:04:26:40 +0000] "GET /products/199ns37850 HTTP/1.1" 404 65127 "-" "Mozilla/5.0 AppleWebKit/537.36 (KHTML, like Gecko; compatible; GPTBot/1.2; +https://openai.com/gptbot)"
cashforcarsallen.com.infinitibizsol.com:443
173.208.204.66 - - [10/Jun/2025:04:26:42 +0000] "GET /wp-includes/admin.php HTTP/1.1" 499 0 "https://cashforcarsallen.com/wp-includes/admin.php" "Mozilla/5.0 (Windows NT 10.0; Win64; x64) AppleWebKit/537.36 (KHTML, like Gecko) Chrome/58.0.3029.110 Safari/537.3"
cashforcarsallen.com.infinitibizsol.com:443
173.208.204.66 - - [10/Jun/2025:04:26:42 +0000] "GET /wp-includes/admin.php HTTP/1.1" 200 16 "https://cashforcarsallen.com/wp-includes/admin.php" "Mozilla/5.0 (Windows NT 10.0; Win64; x64) AppleWebKit/537.36 (KHTML, like Gecko) Chrome/58.0.3029.110 Safari/537.3"
cashforcarsallen.com.infinitibizsol.com:443
162.0.223.40 - - [10/Jun/2025:04:26:46 +0000] "POST /wp-cron.php?doing_wp_cron=1749529605.6003370285034179687500 HTTP/1.1" 499 0 "-" "WordPress/6.8.1; https://cashforcarsallen.com"
cashforcarsallen.com.infinitibizsol.com:443
20.171.207.97 - - [10/Jun/2025:04:26:47 +0000] "GET /products/210eh26953 HTTP/1.1" 404 32359 "-" "Mozilla/5.0 AppleWebKit/537.36 (KHTML, like Gecko; compatible; GPTBot/1.2; +https://openai.com/gptbot)"
cashforcarsallen.com.infinitibizsol.com:443
162.0.223.40 - - [10/Jun/2025:04:26:47 +0000] "POST /wp-cron.php?doing_wp_cron=1749529606.6821060180664062500000 HTTP/1.1" 499 0 "-" "WordPress/6.8.1; https://cashforcarsallen.com"
cashforcarsallen.com.infinitibizsol.com:443
37.97.201.80 - - [10/Jun/2025:04:26:47 +0000] "GET /wp-login.php HTTP/1.1" 200 5025 "-" "Mozilla/5.0 (Windows NT 10.0; Win64; x64) AppleWebKit/537.36 (KHTML, like Gecko) Chrome/130.0.0.0 Safari/537.36"
cashforcarsallen.com.infinitibizsol.com:443
37.97.201.80 - - [10/Jun/2025:04:26:53 +0000] "POST /wp-login.php HTTP/1.1" 200 5025 "https://cashforcarsallen.com/wp-login.php" "Mozilla/5.0 (Windows NT 10.0; Win64; x64) AppleWebKit/537.36 (KHTML, like Gecko) Chrome/130.0.0.0 Safari/537.36"
cashforcarsallen.com.infinitibizsol.com:443
20.171.207.97 - - [10/Jun/2025:04:26:55 +0000] "GET /products/295ka28914 HTTP/1.1" 404 65127 "-" "Mozilla/5.0 AppleWebKit/537.36 (KHTML, like Gecko; compatible; GPTBot/1.2; +https://openai.com/gptbot)"
cashforcarsallen.com.infinitibizsol.com:443
74.208.243.214 - - [10/Jun/2025:04:27:01 +0000] "GET /wp-login.php HTTP/1.1" 200 5025 "-" "Mozilla/5.0 (Windows NT 10.0; Win64; x64) AppleWebKit/537.36 (KHTML, like Gecko) Chrome/130.0.0.0 Safari/537.36"
cashforcarsallen.com.infinitibizsol.com:443
20.171.207.97 - - [10/Jun/2025:04:27:02 +0000] "GET /products/205ae31770 HTTP/1.1" 404 65127 "-" "Mozilla/5.0 AppleWebKit/537.36 (KHTML, like Gecko; compatible; GPTBot/1.2; +https://openai.com/gptbot)"
cashforcarsallen.com.infinitibizsol.com:443
74.208.243.214 - - [10/Jun/2025:04:27:09 +0000] "POST /wp-login.php HTTP/1.1" 200 5396 "https://cashforcarsallen.com/wp-login.php" "Mozilla/5.0 (Windows NT 10.0; Win64; x64) AppleWebKit/537.36 (KHTML, like Gecko) Chrome/130.0.0.0 Safari/537.36"
cashforcarsallen.com.infinitibizsol.com:443
20.171.207.97 - - [10/Jun/2025:04:27:11 +0000] "GET /products/260jv32743 HTTP/1.1" 404 65127 "-" "Mozilla/5.0 AppleWebKit/537.36 (KHTML, like Gecko; compatible; GPTBot/1.2; +https://openai.com/gptbot)"
cashforcarsallen.com.infinitibizsol.com:443
20.171.207.97 - - [10/Jun/2025:04:27:17 +0000] "GET /products/232kz30561 HTTP/1.1" 404 32359 "-" "Mozilla/5.0 AppleWebKit/537.36 (KHTML, like Gecko; compatible; GPTBot/1.2; +https://openai.com/gptbot)"
cashforcarsallen.com.infinitibizsol.com:443
20.171.207.97 - - [10/Jun/2025:04:27:24 +0000] "GET /products/139wm14352 HTTP/1.1" 404 65127 "-" "Mozilla/5.0 AppleWebKit/537.36 (KHTML, like Gecko; compatible; GPTBot/1.2; +https://openai.com/gptbot)"
cashforcarsallen.com.infinitibizsol.com:443
178.33.43.96 - - [10/Jun/2025:04:27:28 +0000] "GET /wp-login.php HTTP/1.1" 200 5389 "-" "Mozilla/5.0 (Windows NT 10.0; Win64; x64) AppleWebKit/537.36 (KHTML, like Gecko) Chrome/130.0.0.0 Safari/537.36"
cashforcarsallen.com.infinitibizsol.com:443
20.171.207.97 - - [10/Jun/2025:04:27:29 +0000] "GET /products/239jw32164 HTTP/1.1" 404 65127 "-" "Mozilla/5.0 AppleWebKit/537.36 (KHTML, like Gecko; compatible; GPTBot/1.2; +https://openai.com/gptbot)"
cashforcarsallen.com.infinitibizsol.com:443
178.33.43.96 - - [10/Jun/2025:04:27:33 +0000] "POST /wp-login.php HTTP/1.1" 200 5389 "https://cashforcarsallen.com/wp-login.php" "Mozilla/5.0 (Windows NT 10.0; Win64; x64) AppleWebKit/537.36 (KHTML, like Gecko) Chrome/130.0.0.0 Safari/537.36"
cashforcarsallen.com.infinitibizsol.com:443
20.171.207.97 - - [10/Jun/2025:04:27:34 +0000] "GET /products/147hg26098 HTTP/1.1" 404 77632 "-" "Mozilla/5.0 AppleWebKit/537.36 (KHTML, like Gecko; compatible; GPTBot/1.2; +https://openai.com/gptbot)"
cashforcarsallen.com.infinitibizsol.com:443
20.171.207.97 - - [10/Jun/2025:04:27:39 +0000] "GET /products/224uk30795 HTTP/1.1" 404 32359 "-" "Mozilla/5.0 AppleWebKit/537.36 (KHTML, like Gecko; compatible; GPTBot/1.2; +https://openai.com/gptbot)"
cashforcarsallen.com.infinitibizsol.com:443
20.171.207.97 - - [10/Jun/2025:04:27:44 +0000] "GET /products/294ws17301 HTTP/1.1" 404 77625 "-" "Mozilla/5.0 AppleWebKit/537.36 (KHTML, like Gecko; compatible; GPTBot/1.2; +https://openai.com/gptbot)"
cashforcarsallen.com.infinitibizsol.com:443
162.0.223.40 - - [10/Jun/2025:04:27:49 +0000] "POST /wp-cron.php?doing_wp_cron=1749529668.7920289039611816406250 HTTP/1.1" 499 0 "-" "WordPress/6.8.1; https://cashforcarsallen.com"
cashforcarsallen.com.infinitibizsol.com:443
20.171.207.97 - - [10/Jun/2025:04:27:50 +0000] "GET /products/268ey14315 HTTP/1.1" 404 77625 "-" "Mozilla/5.0 AppleWebKit/537.36 (KHTML, like Gecko; compatible; GPTBot/1.2; +https://openai.com/gptbot)"
cashforcarsallen.com.infinitibizsol.com:443
162.0.223.40 - - [10/Jun/2025:04:27:53 +0000] "POST /wp-cron.php?doing_wp_cron=1749529672.4555749893188476562500 HTTP/1.1" 499 0 "-" "WordPress/6.8.1; https://cashforcarsallen.com"
cashforcarsallen.com.infinitibizsol.com:443
89.46.106.139 - - [10/Jun/2025:04:27:53 +0000] "GET /wp-login.php HTTP/1.1" 200 5389 "-" "Mozilla/5.0 (Windows NT 10.0; Win64; x64) AppleWebKit/537.36 (KHTML, like Gecko) Chrome/130.0.0.0 Safari/537.36"
cashforcarsallen.com.infinitibizsol.com:443
20.171.207.97 - - [10/Jun/2025:04:27:56 +0000] "GET /products/246ei29913 HTTP/1.1" 404 65127 "-" "Mozilla/5.0 AppleWebKit/537.36 (KHTML, like Gecko; compatible; GPTBot/1.2; +https://openai.com/gptbot)"
cashforcarsallen.com.infinitibizsol.com:443
89.46.106.139 - - [10/Jun/2025:04:27:58 +0000] "POST /wp-login.php HTTP/1.1" 200 5389 "https://cashforcarsallen.com/wp-login.php" "Mozilla/5.0 (Windows NT 10.0; Win64; x64) AppleWebKit/537.36 (KHTML, like Gecko) Chrome/130.0.0.0 Safari/537.36"
cashforcarsallen.com.infinitibizsol.com:443
20.171.207.97 - - [10/Jun/2025:04:28:01 +0000] "GET /products/180uf45879 HTTP/1.1" 404 32359 "-" "Mozilla/5.0 AppleWebKit/537.36 (KHTML, like Gecko; compatible; GPTBot/1.2; +https://openai.com/gptbot)"
cashforcarsallen.com.infinitibizsol.com:443
20.171.207.97 - - [10/Jun/2025:04:28:07 +0000] "GET /products/208oj44163 HTTP/1.1" 404 32359 "-" "Mozilla/5.0 AppleWebKit/537.36 (KHTML, like Gecko; compatible; GPTBot/1.2; +https://openai.com/gptbot)"
cashforcarsallen.com.infinitibizsol.com:443
188.165.33.227 - - [10/Jun/2025:04:28:07 +0000] "GET /wp-login.php HTTP/1.1" 200 5389 "-" "Mozilla/5.0 (Windows NT 10.0; Win64; x64) AppleWebKit/537.36 (KHTML, like Gecko) Chrome/130.0.0.0 Safari/537.36"
cashforcarsallen.com.infinitibizsol.com:443
20.171.207.97 - - [10/Jun/2025:04:28:13 +0000] "GET /products/267is39460 HTTP/1.1" 404 77625 "-" "Mozilla/5.0 AppleWebKit/537.36 (KHTML, like Gecko; compatible; GPTBot/1.2; +https://openai.com/gptbot)"
cashforcarsallen.com.infinitibizsol.com:443
188.165.33.227 - - [10/Jun/2025:04:28:13 +0000] "POST /wp-login.php HTTP/1.1" 200 5389 "https://cashforcarsallen.com/wp-login.php" "Mozilla/5.0 (Windows NT 10.0; Win64; x64) AppleWebKit/537.36 (KHTML, like Gecko) Chrome/130.0.0.0 Safari/537.36"
cashforcarsallen.com.infinitibizsol.com:443
20.171.207.97 - - [10/Jun/2025:04:28:19 +0000] "GET /products/186bz44719 HTTP/1.1" 404 65127 "-" "Mozilla/5.0 AppleWebKit/537.36 (KHTML, like Gecko; compatible; GPTBot/1.2; +https://openai.com/gptbot)"
cashforcarsallen.com.infinitibizsol.com:443
54.37.121.239 - - [10/Jun/2025:04:28:21 +0000] "GET /wp-login.php HTTP/1.1" 200 5389 "-" "Mozilla/5.0 (Windows NT 10.0; Win64; x64) AppleWebKit/537.36 (KHTML, like Gecko) Chrome/130.0.0.0 Safari/537.36"
cashforcarsallen.com.infinitibizsol.com:443
20.171.207.97 - - [10/Jun/2025:04:28:24 +0000] "GET /products/103oi42898 HTTP/1.1" 404 65127 "-" "Mozilla/5.0 AppleWebKit/537.36 (KHTML, like Gecko; compatible; GPTBot/1.2; +https://openai.com/gptbot)"
cashforcarsallen.com.infinitibizsol.com:443
54.37.121.239 - - [10/Jun/2025:04:28:26 +0000] "POST /wp-login.php HTTP/1.1" 200 5396 "https://cashforcarsallen.com/wp-login.php" "Mozilla/5.0 (Windows NT 10.0; Win64; x64) AppleWebKit/537.36 (KHTML, like Gecko) Chrome/130.0.0.0 Safari/537.36"
cashforcarsallen.com.infinitibizsol.com:443
20.171.207.97 - - [10/Jun/2025:04:28:29 +0000] "GET /products/268xn29003 HTTP/1.1" 404 65127 "-" "Mozilla/5.0 AppleWebKit/537.36 (KHTML, like Gecko; compatible; GPTBot/1.2; +https://openai.com/gptbot)"
cashforcarsallen.com.infinitibizsol.com:443
54.37.96.153 - - [10/Jun/2025:04:28:33 +0000] "GET /wp-login.php HTTP/1.1" 200 5389 "-" "Mozilla/5.0 (Windows NT 10.0; Win64; x64) AppleWebKit/537.36 (KHTML, like Gecko) Chrome/130.0.0.0 Safari/537.36"
cashforcarsallen.com.infinitibizsol.com:443
20.171.207.97 - - [10/Jun/2025:04:28:35 +0000] "GET /products/229bx36854 HTTP/1.1" 404 65127 "-" "Mozilla/5.0 AppleWebKit/537.36 (KHTML, like Gecko; compatible; GPTBot/1.2; +https://openai.com/gptbot)"
cashforcarsallen.com.infinitibizsol.com:443
198.204.226.18 - - [10/Jun/2025:04:28:36 +0000] "GET /wp-includes/admin.php HTTP/1.1" 499 0 "https://cashforcarsallen.com/wp-includes/admin.php" "Mozilla/5.0 (Windows NT 10.0; Win64; x64) AppleWebKit/537.36 (KHTML, like Gecko) Chrome/58.0.3029.110 Safari/537.3"
cashforcarsallen.com.infinitibizsol.com:443
198.204.226.18 - - [10/Jun/2025:04:28:37 +0000] "GET /wp-includes/admin.php HTTP/1.1" 200 16 "https://cashforcarsallen.com/wp-includes/admin.php" "Mozilla/5.0 (Windows NT 10.0; Win64; x64) AppleWebKit/537.36 (KHTML, like Gecko) Chrome/58.0.3029.110 Safari/537.3"
cashforcarsallen.com.infinitibizsol.com:443
54.37.96.153 - - [10/Jun/2025:04:28:37 +0000] "POST /wp-login.php HTTP/1.1" 200 5389 "https://cashforcarsallen.com/wp-login.php" "Mozilla/5.0 (Windows NT 10.0; Win64; x64) AppleWebKit/537.36 (KHTML, like Gecko) Chrome/130.0.0.0 Safari/537.36"
cashforcarsallen.com.infinitibizsol.com:443
20.171.207.97 - - [10/Jun/2025:04:28:40 +0000] "GET /products/101em42670 HTTP/1.1" 404 65127 "-" "Mozilla/5.0 AppleWebKit/537.36 (KHTML, like Gecko; compatible; GPTBot/1.2; +https://openai.com/gptbot)"
cashforcarsallen.com.infinitibizsol.com:443
54.38.25.220 - - [10/Jun/2025:04:28:44 +0000] "GET /wp-login.php HTTP/1.1" 200 5389 "-" "Mozilla/5.0 (Windows NT 10.0; Win64; x64) AppleWebKit/537.36 (KHTML, like Gecko) Chrome/130.0.0.0 Safari/537.36"
cashforcarsallen.com.infinitibizsol.com:443
20.171.207.97 - - [10/Jun/2025:04:28:46 +0000] "GET /products/167qi46732 HTTP/1.1" 404 65127 "-" "Mozilla/5.0 AppleWebKit/537.36 (KHTML, like Gecko; compatible; GPTBot/1.2; +https://openai.com/gptbot)"
cashforcarsallen.com.infinitibizsol.com:443
54.38.25.220 - - [10/Jun/2025:04:28:51 +0000] "POST /wp-login.php HTTP/1.1" 200 5389 "https://cashforcarsallen.com/wp-login.php" "Mozilla/5.0 (Windows NT 10.0; Win64; x64) AppleWebKit/537.36 (KHTML, like Gecko) Chrome/130.0.0.0 Safari/537.36"
cashforcarsallen.com.infinitibizsol.com:443
20.171.207.97 - - [10/Jun/2025:04:28:52 +0000] "GET /products/226nw34007 HTTP/1.1" 404 32359 "-" "Mozilla/5.0 AppleWebKit/537.36 (KHTML, like Gecko; compatible; GPTBot/1.2; +https://openai.com/gptbot)"
cashforcarsallen.com.infinitibizsol.com:443
162.0.223.40 - - [10/Jun/2025:04:28:59 +0000] "POST /wp-cron.php?doing_wp_cron=1749529738.2517919540405273437500 HTTP/1.1" 499 0 "-" "WordPress/6.8.1; https://cashforcarsallen.com"
cashforcarsallen.com.infinitibizsol.com:443
20.171.207.97 - - [10/Jun/2025:04:28:59 +0000] "GET /products/258hf12799 HTTP/1.1" 404 77632 "-" "Mozilla/5.0 AppleWebKit/537.36 (KHTML, like Gecko; compatible; GPTBot/1.2; +https://openai.com/gptbot)"
cashforcarsallen.com.infinitibizsol.com:443
198.204.226.18 - - [10/Jun/2025:04:29:02 +0000] "GET /wp-includes/admin.php HTTP/1.1" 200 16 "https://cashforcarsallen.com/wp-includes/admin.php" "Mozilla/5.0 (Windows NT 10.0; Win64; x64) AppleWebKit/537.36 (KHTML, like Gecko) Chrome/58.0.3029.110 Safari/537.3"
cashforcarsallen.com.infinitibizsol.com:443
192.185.4.22 - - [10/Jun/2025:04:29:06 +0000] "GET /wp-login.php HTTP/1.1" 200 5389 "-" "Mozilla/5.0 (Windows NT 10.0; Win64; x64) AppleWebKit/537.36 (KHTML, like Gecko) Chrome/130.0.0.0 Safari/537.36"
cashforcarsallen.com.infinitibizsol.com:443
20.171.207.97 - - [10/Jun/2025:04:29:08 +0000] "GET /products/218tw15037 HTTP/1.1" 404 32359 "-" "Mozilla/5.0 AppleWebKit/537.36 (KHTML, like Gecko; compatible; GPTBot/1.2; +https://openai.com/gptbot)"
cashforcarsallen.com.infinitibizsol.com:443
192.185.4.22 - - [10/Jun/2025:04:29:13 +0000] "POST /wp-login.php HTTP/1.1" 200 5025 "https://cashforcarsallen.com/wp-login.php" "Mozilla/5.0 (Windows NT 10.0; Win64; x64) AppleWebKit/537.36 (KHTML, like Gecko) Chrome/130.0.0.0 Safari/537.36"
cashforcarsallen.com.infinitibizsol.com:443
20.171.207.97 - - [10/Jun/2025:04:29:14 +0000] "GET /products/245xe31014 HTTP/1.1" 404 32359 "-" "Mozilla/5.0 AppleWebKit/537.36 (KHTML, like Gecko; compatible; GPTBot/1.2; +https://openai.com/gptbot)"
cashforcarsallen.com.infinitibizsol.com:443
20.171.207.97 - - [10/Jun/2025:04:29:19 +0000] "GET /products/289ns15946 HTTP/1.1" 404 65127 "-" "Mozilla/5.0 AppleWebKit/537.36 (KHTML, like Gecko; compatible; GPTBot/1.2; +https://openai.com/gptbot)"
cashforcarsallen.com.infinitibizsol.com:443
178.33.66.226 - - [10/Jun/2025:04:29:25 +0000] "GET /wp-login.php HTTP/1.1" 200 5389 "-" "Mozilla/5.0 (Windows NT 10.0; Win64; x64) AppleWebKit/537.36 (KHTML, like Gecko) Chrome/130.0.0.0 Safari/537.36"
cashforcarsallen.com.infinitibizsol.com:443
20.171.207.97 - - [10/Jun/2025:04:29:26 +0000] "GET /products/200bm17851 HTTP/1.1" 404 65127 "-" "Mozilla/5.0 AppleWebKit/537.36 (KHTML, like Gecko; compatible; GPTBot/1.2; +https://openai.com/gptbot)"
cashforcarsallen.com.infinitibizsol.com:443
178.33.66.226 - - [10/Jun/2025:04:29:30 +0000] "POST /wp-login.php HTTP/1.1" 200 5389 "https://cashforcarsallen.com/wp-login.php" "Mozilla/5.0 (Windows NT 10.0; Win64; x64) AppleWebKit/537.36 (KHTML, like Gecko) Chrome/130.0.0.0 Safari/537.36"
cashforcarsallen.com.infinitibizsol.com:443
20.171.207.97 - - [10/Jun/2025:04:29:31 +0000] "GET /products/197ga22668 HTTP/1.1" 404 77640 "-" "Mozilla/5.0 AppleWebKit/537.36 (KHTML, like Gecko; compatible; GPTBot/1.2; +https://openai.com/gptbot)"
cashforcarsallen.com.infinitibizsol.com:443
20.171.207.97 - - [10/Jun/2025:04:29:37 +0000] "GET /products/158kq20107 HTTP/1.1" 404 32359 "-" "Mozilla/5.0 AppleWebKit/537.36 (KHTML, like Gecko; compatible; GPTBot/1.2; +https://openai.com/gptbot)"
cashforcarsallen.com.infinitibizsol.com:443
50.87.253.53 - - [10/Jun/2025:04:29:37 +0000] "GET /wp-login.php HTTP/1.1" 200 5389 "-" "Mozilla/5.0 (Windows NT 10.0; Win64; x64) AppleWebKit/537.36 (KHTML, like Gecko) Chrome/130.0.0.0 Safari/537.36"
cashforcarsallen.com.infinitibizsol.com:443
198.204.226.18 - - [10/Jun/2025:04:29:42 +0000] "GET /wp-includes/admin.php HTTP/1.1" 200 16 "https://cashforcarsallen.com/wp-includes/admin.php" "Mozilla/5.0 (Windows NT 10.0; Win64; x64) AppleWebKit/537.36 (KHTML, like Gecko) Chrome/58.0.3029.110 Safari/537.3"
cashforcarsallen.com.infinitibizsol.com:443
20.171.207.97 - - [10/Jun/2025:04:29:43 +0000] "GET /products/192ry45897 HTTP/1.1" 404 65127 "-" "Mozilla/5.0 AppleWebKit/537.36 (KHTML, like Gecko; compatible; GPTBot/1.2; +https://openai.com/gptbot)"
cashforcarsallen.com.infinitibizsol.com:443
50.87.253.53 - - [10/Jun/2025:04:29:44 +0000] "POST /wp-login.php HTTP/1.1" 200 5389 "https://cashforcarsallen.com/wp-login.php" "Mozilla/5.0 (Windows NT 10.0; Win64; x64) AppleWebKit/537.36 (KHTML, like Gecko) Chrome/130.0.0.0 Safari/537.36"
cashforcarsallen.com.infinitibizsol.com:443
20.171.207.97 - - [10/Jun/2025:04:29:48 +0000] "GET /products/256ha18753 HTTP/1.1" 404 32359 "-" "Mozilla/5.0 AppleWebKit/537.36 (KHTML, like Gecko; compatible; GPTBot/1.2; +https://openai.com/gptbot)"
cashforcarsallen.com.infinitibizsol.com:443
20.171.207.97 - - [10/Jun/2025:04:29:54 +0000] "GET /products/132zl39861 HTTP/1.1" 404 32359 "-" "Mozilla/5.0 AppleWebKit/537.36 (KHTML, like Gecko; compatible; GPTBot/1.2; +https://openai.com/gptbot)"
cashforcarsallen.com.infinitibizsol.com:443
198.204.226.18 - - [10/Jun/2025:04:29:55 +0000] "GET /wp-includes/admin.php HTTP/1.1" 200 16 "https://cashforcarsallen.com/wp-includes/admin.php" "Mozilla/5.0 (Windows NT 10.0; Win64; x64) AppleWebKit/537.36 (KHTML, like Gecko) Chrome/58.0.3029.110 Safari/537.3"
cashforcarsallen.com.infinitibizsol.com:443
162.0.223.40 - - [10/Jun/2025:04:30:01 +0000] "POST /wp-cron.php?doing_wp_cron=1749529800.2962009906768798828125 HTTP/1.1" 499 0 "-" "WordPress/6.8.1; https://cashforcarsallen.com"
cashforcarsallen.com.infinitibizsol.com:443
162.0.223.40 - - [10/Jun/2025:04:30:01 +0000] "POST /wp-cron.php?doing_wp_cron=1749529800.3654830455780029296875 HTTP/1.1" 499 0 "-" "WordPress/6.8.1; https://cashforcarsallen.com"
cashforcarsallen.com.infinitibizsol.com:443
103.145.51.107 - - [10/Jun/2025:04:30:01 +0000] "GET /wp-login.php HTTP/1.1" 200 5389 "-" "Mozilla/5.0 (Windows NT 10.0; Win64; x64) AppleWebKit/537.36 (KHTML, like Gecko) Chrome/130.0.0.0 Safari/537.36"
cashforcarsallen.com.infinitibizsol.com:443
20.171.207.97 - - [10/Jun/2025:04:30:03 +0000] "GET /products/290xc41585 HTTP/1.1" 404 32359 "-" "Mozilla/5.0 AppleWebKit/537.36 (KHTML, like Gecko; compatible; GPTBot/1.2; +https://openai.com/gptbot)"
cashforcarsallen.com.infinitibizsol.com:443
103.145.51.107 - - [10/Jun/2025:04:30:14 +0000] "POST /wp-login.php HTTP/1.1" 200 5389 "https://cashforcarsallen.com/wp-login.php" "Mozilla/5.0 (Windows NT 10.0; Win64; x64) AppleWebKit/537.36 (KHTML, like Gecko) Chrome/130.0.0.0 Safari/537.36"
cashforcarsallen.com.infinitibizsol.com:443
20.171.207.97 - - [10/Jun/2025:04:30:15 +0000] "GET /products/294hn10559 HTTP/1.1" 404 77625 "-" "Mozilla/5.0 AppleWebKit/537.36 (KHTML, like Gecko; compatible; GPTBot/1.2; +https://openai.com/gptbot)"
cashforcarsallen.com.infinitibizsol.com:443
20.171.207.97 - - [10/Jun/2025:04:30:21 +0000] "GET /products/283qj10862 HTTP/1.1" 404 32359 "-" "Mozilla/5.0 AppleWebKit/537.36 (KHTML, like Gecko; compatible; GPTBot/1.2; +https://openai.com/gptbot)"
cashforcarsallen.com.infinitibizsol.com:443
