20.171.207.97 - - [10/Jun/2025:06:26:43 +0000] "GET /products/247yd34936 HTTP/1.1" 404 65127 "-" "Mozilla/5.0 AppleWebKit/537.36 (KHTML, like Gecko; compatible; GPTBot/1.2; +https://openai.com/gptbot)"
cashforcarsallen.com.infinitibizsol.com:443
208.74.151.235 - - [10/Jun/2025:06:26:46 +0000] "POST /wp-login.php HTTP/1.1" 200 5025 "https://cashforcarsallen.com/wp-login.php" "Mozilla/5.0 (Windows NT 10.0; Win64; x64) AppleWebKit/537.36 (KHTML, like Gecko) Chrome/130.0.0.0 Safari/537.36"
cashforcarsallen.com.infinitibizsol.com:443
20.171.207.97 - - [10/Jun/2025:06:26:49 +0000] "GET /products/170kc40113 HTTP/1.1" 404 65127 "-" "Mozilla/5.0 AppleWebKit/537.36 (KHTML, like Gecko; compatible; GPTBot/1.2; +https://openai.com/gptbot)"
cashforcarsallen.com.infinitibizsol.com:443
92.205.64.28 - - [10/Jun/2025:06:26:52 +0000] "GET /wp-login.php HTTP/1.1" 200 5025 "-" "Mozilla/5.0 (Windows NT 10.0; Win64; x64) AppleWebKit/537.36 (KHTML, like Gecko) Chrome/130.0.0.0 Safari/537.36"
cashforcarsallen.com.infinitibizsol.com:443
20.171.207.97 - - [10/Jun/2025:06:26:54 +0000] "GET /products/132ai47757 HTTP/1.1" 404 77268 "-" "Mozilla/5.0 AppleWebKit/537.36 (KHTML, like Gecko; compatible; GPTBot/1.2; +https://openai.com/gptbot)"
cashforcarsallen.com.infinitibizsol.com:443
92.205.64.28 - - [10/Jun/2025:06:26:59 +0000] "POST /wp-login.php HTTP/1.1" 200 5025 "https://cashforcarsallen.com/wp-login.php" "Mozilla/5.0 (Windows NT 10.0; Win64; x64) AppleWebKit/537.36 (KHTML, like Gecko) Chrome/130.0.0.0 Safari/537.36"
cashforcarsallen.com.infinitibizsol.com:443
20.171.207.97 - - [10/Jun/2025:06:27:00 +0000] "GET /products/236lc43493 HTTP/1.1" 404 65127 "-" "Mozilla/5.0 AppleWebKit/537.36 (KHTML, like Gecko; compatible; GPTBot/1.2; +https://openai.com/gptbot)"
cashforcarsallen.com.infinitibizsol.com:443
20.171.207.97 - - [10/Jun/2025:06:27:05 +0000] "GET /products/277xt16818 HTTP/1.1" 404 65127 "-" "Mozilla/5.0 AppleWebKit/537.36 (KHTML, like Gecko; compatible; GPTBot/1.2; +https://openai.com/gptbot)"
cashforcarsallen.com.infinitibizsol.com:443
43.205.215.242 - - [10/Jun/2025:06:27:07 +0000] "GET /wp-login.php HTTP/1.1" 200 5025 "-" "Mozilla/5.0 (Windows NT 10.0; Win64; x64) AppleWebKit/537.36 (KHTML, like Gecko) Chrome/130.0.0.0 Safari/537.36"
cashforcarsallen.com.infinitibizsol.com:443
20.171.207.97 - - [10/Jun/2025:06:27:11 +0000] "GET /products/229xt32590 HTTP/1.1" 404 32359 "-" "Mozilla/5.0 AppleWebKit/537.36 (KHTML, like Gecko; compatible; GPTBot/1.2; +https://openai.com/gptbot)"
cashforcarsallen.com.infinitibizsol.com:443
43.205.215.242 - - [10/Jun/2025:06:27:13 +0000] "POST /wp-login.php HTTP/1.1" 200 5025 "https://cashforcarsallen.com/wp-login.php" "Mozilla/5.0 (Windows NT 10.0; Win64; x64) AppleWebKit/537.36 (KHTML, like Gecko) Chrome/130.0.0.0 Safari/537.36"
cashforcarsallen.com.infinitibizsol.com:443
162.0.223.40 - - [10/Jun/2025:06:27:17 +0000] "POST /wp-cron.php?doing_wp_cron=1749536836.0048160552978515625000 HTTP/1.1" 499 0 "-" "WordPress/6.8.1; https://cashforcarsallen.com"
cashforcarsallen.com.infinitibizsol.com:443
20.171.207.97 - - [10/Jun/2025:06:27:17 +0000] "GET /products/230ms24493 HTTP/1.1" 404 65127 "-" "Mozilla/5.0 AppleWebKit/537.36 (KHTML, like Gecko; compatible; GPTBot/1.2; +https://openai.com/gptbot)"
cashforcarsallen.com.infinitibizsol.com:443
20.171.207.97 - - [10/Jun/2025:06:27:22 +0000] "GET /products/114jf31189 HTTP/1.1" 404 65127 "-" "Mozilla/5.0 AppleWebKit/537.36 (KHTML, like Gecko; compatible; GPTBot/1.2; +https://openai.com/gptbot)"
cashforcarsallen.com.infinitibizsol.com:443
20.171.207.97 - - [10/Jun/2025:06:27:27 +0000] "GET /products/181pn10598 HTTP/1.1" 404 65127 "-" "Mozilla/5.0 AppleWebKit/537.36 (KHTML, like Gecko; compatible; GPTBot/1.2; +https://openai.com/gptbot)"
cashforcarsallen.com.infinitibizsol.com:443
140.238.86.129 - - [10/Jun/2025:06:27:29 +0000] "GET /wp-login.php HTTP/1.1" 200 5025 "-" "Mozilla/5.0 (Windows NT 10.0; Win64; x64) AppleWebKit/537.36 (KHTML, like Gecko) Chrome/130.0.0.0 Safari/537.36"
cashforcarsallen.com.infinitibizsol.com:443
20.171.207.97 - - [10/Jun/2025:06:27:31 +0000] "GET /products/224iy20841 HTTP/1.1" 404 32359 "-" "Mozilla/5.0 AppleWebKit/537.36 (KHTML, like Gecko; compatible; GPTBot/1.2; +https://openai.com/gptbot)"
cashforcarsallen.com.infinitibizsol.com:443
140.238.86.129 - - [10/Jun/2025:06:27:35 +0000] "POST /wp-login.php HTTP/1.1" 200 5025 "https://cashforcarsallen.com/wp-login.php" "Mozilla/5.0 (Windows NT 10.0; Win64; x64) AppleWebKit/537.36 (KHTML, like Gecko) Chrome/130.0.0.0 Safari/537.36"
cashforcarsallen.com.infinitibizsol.com:443
20.171.207.97 - - [10/Jun/2025:06:27:36 +0000] "GET /products/175es14008 HTTP/1.1" 404 65127 "-" "Mozilla/5.0 AppleWebKit/537.36 (KHTML, like Gecko; compatible; GPTBot/1.2; +https://openai.com/gptbot)"
cashforcarsallen.com.infinitibizsol.com:443
178.33.250.136 - - [10/Jun/2025:06:27:40 +0000] "GET /wp-login.php HTTP/1.1" 200 5025 "-" "Mozilla/5.0 (Windows NT 10.0; Win64; x64) AppleWebKit/537.36 (KHTML, like Gecko) Chrome/130.0.0.0 Safari/537.36"
cashforcarsallen.com.infinitibizsol.com:443
20.171.207.97 - - [10/Jun/2025:06:27:41 +0000] "GET /products/250uy33653 HTTP/1.1" 404 65127 "-" "Mozilla/5.0 AppleWebKit/537.36 (KHTML, like Gecko; compatible; GPTBot/1.2; +https://openai.com/gptbot)"
cashforcarsallen.com.infinitibizsol.com:443
20.171.207.97 - - [10/Jun/2025:06:27:45 +0000] "GET /products/122zo37029 HTTP/1.1" 404 65127 "-" "Mozilla/5.0 AppleWebKit/537.36 (KHTML, like Gecko; compatible; GPTBot/1.2; +https://openai.com/gptbot)"
cashforcarsallen.com.infinitibizsol.com:443
178.33.250.136 - - [10/Jun/2025:06:27:45 +0000] "POST /wp-login.php HTTP/1.1" 200 5025 "https://cashforcarsallen.com/wp-login.php" "Mozilla/5.0 (Windows NT 10.0; Win64; x64) AppleWebKit/537.36 (KHTML, like Gecko) Chrome/130.0.0.0 Safari/537.36"
cashforcarsallen.com.infinitibizsol.com:443
20.171.207.97 - - [10/Jun/2025:06:27:49 +0000] "GET /products/182ly33973 HTTP/1.1" 404 65127 "-" "Mozilla/5.0 AppleWebKit/537.36 (KHTML, like Gecko; compatible; GPTBot/1.2; +https://openai.com/gptbot)"
cashforcarsallen.com.infinitibizsol.com:443
20.171.207.97 - - [10/Jun/2025:06:27:53 +0000] "GET /products/257tu44724 HTTP/1.1" 404 65127 "-" "Mozilla/5.0 AppleWebKit/537.36 (KHTML, like Gecko; compatible; GPTBot/1.2; +https://openai.com/gptbot)"
cashforcarsallen.com.infinitibizsol.com:443
20.171.207.97 - - [10/Jun/2025:06:27:58 +0000] "GET /products/239ky36336 HTTP/1.1" 404 65127 "-" "Mozilla/5.0 AppleWebKit/537.36 (KHTML, like Gecko; compatible; GPTBot/1.2; +https://openai.com/gptbot)"
cashforcarsallen.com.infinitibizsol.com:443
20.171.207.97 - - [10/Jun/2025:06:28:03 +0000] "GET /products/148ub27801 HTTP/1.1" 404 65127 "-" "Mozilla/5.0 AppleWebKit/537.36 (KHTML, like Gecko; compatible; GPTBot/1.2; +https://openai.com/gptbot)"
cashforcarsallen.com.infinitibizsol.com:443
103.166.185.26 - - [10/Jun/2025:06:28:08 +0000] "GET /wp-login.php HTTP/1.1" 200 5025 "-" "Mozilla/5.0 (Windows NT 10.0; Win64; x64) AppleWebKit/537.36 (KHTML, like Gecko) Chrome/130.0.0.0 Safari/537.36"
cashforcarsallen.com.infinitibizsol.com:443
20.171.207.97 - - [10/Jun/2025:06:28:08 +0000] "GET /products/160zm19889 HTTP/1.1" 404 65127 "-" "Mozilla/5.0 AppleWebKit/537.36 (KHTML, like Gecko; compatible; GPTBot/1.2; +https://openai.com/gptbot)"
cashforcarsallen.com.infinitibizsol.com:443
20.171.207.97 - - [10/Jun/2025:06:28:14 +0000] "GET /products/220ee27295 HTTP/1.1" 404 65127 "-" "Mozilla/5.0 AppleWebKit/537.36 (KHTML, like Gecko; compatible; GPTBot/1.2; +https://openai.com/gptbot)"
cashforcarsallen.com.infinitibizsol.com:443
103.166.185.26 - - [10/Jun/2025:06:28:15 +0000] "POST /wp-login.php HTTP/1.1" 200 5025 "https://cashforcarsallen.com/wp-login.php" "Mozilla/5.0 (Windows NT 10.0; Win64; x64) AppleWebKit/537.36 (KHTML, like Gecko) Chrome/130.0.0.0 Safari/537.36"
cashforcarsallen.com.infinitibizsol.com:443
162.0.223.40 - - [10/Jun/2025:06:28:20 +0000] "POST /wp-cron.php?doing_wp_cron=1749536899.5753149986267089843750 HTTP/1.1" 499 0 "-" "WordPress/6.8.1; https://cashforcarsallen.com"
cashforcarsallen.com.infinitibizsol.com:443
20.171.207.97 - - [10/Jun/2025:06:28:21 +0000] "GET /products/269sq38672 HTTP/1.1" 404 65127 "-" "Mozilla/5.0 AppleWebKit/537.36 (KHTML, like Gecko; compatible; GPTBot/1.2; +https://openai.com/gptbot)"
cashforcarsallen.com.infinitibizsol.com:80
66.249.70.5 - - [10/Jun/2025:06:28:23 +0000] "GET / HTTP/1.1" 200 150471 "-" "GoogleOther"
cashforcarsallen.com.infinitibizsol.com:443
20.171.207.97 - - [10/Jun/2025:06:28:26 +0000] "GET /products/145kv43564 HTTP/1.1" 404 77261 "-" "Mozilla/5.0 AppleWebKit/537.36 (KHTML, like Gecko; compatible; GPTBot/1.2; +https://openai.com/gptbot)"
cashforcarsallen.com.infinitibizsol.com:443
20.171.207.97 - - [10/Jun/2025:06:28:30 +0000] "GET /products/288ph26163 HTTP/1.1" 404 65127 "-" "Mozilla/5.0 AppleWebKit/537.36 (KHTML, like Gecko; compatible; GPTBot/1.2; +https://openai.com/gptbot)"
cashforcarsallen.com.infinitibizsol.com:443
209.74.87.9 - - [10/Jun/2025:06:28:35 +0000] "GET /wp-login.php HTTP/1.1" 200 5025 "-" "Mozilla/5.0 (Windows NT 10.0; Win64; x64) AppleWebKit/537.36 (KHTML, like Gecko) Chrome/130.0.0.0 Safari/537.36"
cashforcarsallen.com.infinitibizsol.com:443
20.171.207.97 - - [10/Jun/2025:06:28:36 +0000] "GET /products/169ww48478 HTTP/1.1" 404 65127 "-" "Mozilla/5.0 AppleWebKit/537.36 (KHTML, like Gecko; compatible; GPTBot/1.2; +https://openai.com/gptbot)"
cashforcarsallen.com.infinitibizsol.com:443
20.171.207.97 - - [10/Jun/2025:06:28:41 +0000] "GET /products/241bj42310 HTTP/1.1" 404 32359 "-" "Mozilla/5.0 AppleWebKit/537.36 (KHTML, like Gecko; compatible; GPTBot/1.2; +https://openai.com/gptbot)"
cashforcarsallen.com.infinitibizsol.com:443
209.74.87.9 - - [10/Jun/2025:06:28:45 +0000] "POST /wp-login.php HTTP/1.1" 200 5025 "https://cashforcarsallen.com/wp-login.php" "Mozilla/5.0 (Windows NT 10.0; Win64; x64) AppleWebKit/537.36 (KHTML, like Gecko) Chrome/130.0.0.0 Safari/537.36"
cashforcarsallen.com.infinitibizsol.com:443
20.171.207.97 - - [10/Jun/2025:06:28:46 +0000] "GET /products/206js21767 HTTP/1.1" 404 65127 "-" "Mozilla/5.0 AppleWebKit/537.36 (KHTML, like Gecko; compatible; GPTBot/1.2; +https://openai.com/gptbot)"
cashforcarsallen.com.infinitibizsol.com:443
198.204.224.34 - - [10/Jun/2025:06:28:48 +0000] "GET /wp-includes/admin.php HTTP/1.1" 499 0 "https://cashforcarsallen.com/wp-includes/admin.php" "Mozilla/5.0 (Windows NT 10.0; Win64; x64) AppleWebKit/537.36 (KHTML, like Gecko) Chrome/58.0.3029.110 Safari/537.3"
cashforcarsallen.com.infinitibizsol.com:443
198.204.224.34 - - [10/Jun/2025:06:28:48 +0000] "GET /wp-includes/admin.php HTTP/1.1" 200 16 "https://cashforcarsallen.com/wp-includes/admin.php" "Mozilla/5.0 (Windows NT 10.0; Win64; x64) AppleWebKit/537.36 (KHTML, like Gecko) Chrome/58.0.3029.110 Safari/537.3"
cashforcarsallen.com.infinitibizsol.com:443
20.171.207.97 - - [10/Jun/2025:06:28:51 +0000] "GET /products/226fa24069 HTTP/1.1" 404 32359 "-" "Mozilla/5.0 AppleWebKit/537.36 (KHTML, like Gecko; compatible; GPTBot/1.2; +https://openai.com/gptbot)"
cashforcarsallen.com.infinitibizsol.com:443
198.204.226.18 - - [10/Jun/2025:06:28:56 +0000] "GET /wp-includes/admin.php HTTP/1.1" 200 16 "https://cashforcarsallen.com/wp-includes/admin.php" "Mozilla/5.0 (Windows NT 10.0; Win64; x64) AppleWebKit/537.36 (KHTML, like Gecko) Chrome/58.0.3029.110 Safari/537.3"
cashforcarsallen.com.infinitibizsol.com:443
20.171.207.97 - - [10/Jun/2025:06:28:57 +0000] "GET /products/112if19573 HTTP/1.1" 404 32359 "-" "Mozilla/5.0 AppleWebKit/537.36 (KHTML, like Gecko; compatible; GPTBot/1.2; +https://openai.com/gptbot)"
cashforcarsallen.com.infinitibizsol.com:443
20.171.207.97 - - [10/Jun/2025:06:29:03 +0000] "GET /products/182fh47757 HTTP/1.1" 404 48743 "-" "Mozilla/5.0 AppleWebKit/537.36 (KHTML, like Gecko; compatible; GPTBot/1.2; +https://openai.com/gptbot)"
cashforcarsallen.com.infinitibizsol.com:443
103.231.202.90 - - [10/Jun/2025:06:29:06 +0000] "GET /wp-login.php HTTP/1.1" 200 5025 "-" "Mozilla/5.0 (Windows NT 10.0; Win64; x64) AppleWebKit/537.36 (KHTML, like Gecko) Chrome/130.0.0.0 Safari/537.36"
cashforcarsallen.com.infinitibizsol.com:443
20.171.207.97 - - [10/Jun/2025:06:29:10 +0000] "GET /products/228zv25205 HTTP/1.1" 404 32359 "-" "Mozilla/5.0 AppleWebKit/537.36 (KHTML, like Gecko; compatible; GPTBot/1.2; +https://openai.com/gptbot)"
cashforcarsallen.com.infinitibizsol.com:443
103.231.202.90 - - [10/Jun/2025:06:29:14 +0000] "POST /wp-login.php HTTP/1.1" 200 5025 "https://cashforcarsallen.com/wp-login.php" "Mozilla/5.0 (Windows NT 10.0; Win64; x64) AppleWebKit/537.36 (KHTML, like Gecko) Chrome/130.0.0.0 Safari/537.36"
cashforcarsallen.com.infinitibizsol.com:443
20.171.207.97 - - [10/Jun/2025:06:29:16 +0000] "GET /products/203de28184 HTTP/1.1" 404 65127 "-" "Mozilla/5.0 AppleWebKit/537.36 (KHTML, like Gecko; compatible; GPTBot/1.2; +https://openai.com/gptbot)"
cashforcarsallen.com.infinitibizsol.com:443
162.0.223.40 - - [10/Jun/2025:06:29:22 +0000] "POST /wp-cron.php?doing_wp_cron=1749536961.6154949665069580078125 HTTP/1.1" 499 0 "-" "WordPress/6.8.1; https://cashforcarsallen.com"
cashforcarsallen.com.infinitibizsol.com:443
20.171.207.97 - - [10/Jun/2025:06:29:23 +0000] "GET /products/129ys13348 HTTP/1.1" 404 32359 "-" "Mozilla/5.0 AppleWebKit/537.36 (KHTML, like Gecko; compatible; GPTBot/1.2; +https://openai.com/gptbot)"
cashforcarsallen.com.infinitibizsol.com:443
20.171.207.97 - - [10/Jun/2025:06:29:29 +0000] "GET /products/120vj13423 HTTP/1.1" 404 32359 "-" "Mozilla/5.0 AppleWebKit/537.36 (KHTML, like Gecko; compatible; GPTBot/1.2; +https://openai.com/gptbot)"
cashforcarsallen.com.infinitibizsol.com:443
20.171.207.97 - - [10/Jun/2025:06:29:34 +0000] "GET /products/267at49244 HTTP/1.1" 404 32359 "-" "Mozilla/5.0 AppleWebKit/537.36 (KHTML, like Gecko; compatible; GPTBot/1.2; +https://openai.com/gptbot)"
cashforcarsallen.com.infinitibizsol.com:443
124.156.240.51 - - [10/Jun/2025:06:29:35 +0000] "GET /wp-login.php HTTP/1.1" 200 5025 "-" "Mozilla/5.0 (Windows NT 10.0; Win64; x64) AppleWebKit/537.36 (KHTML, like Gecko) Chrome/130.0.0.0 Safari/537.36"
cashforcarsallen.com.infinitibizsol.com:443
20.171.207.97 - - [10/Jun/2025:06:29:39 +0000] "GET /products/276us13421 HTTP/1.1" 404 65127 "-" "Mozilla/5.0 AppleWebKit/537.36 (KHTML, like Gecko; compatible; GPTBot/1.2; +https://openai.com/gptbot)"
cashforcarsallen.com.infinitibizsol.com:443
124.156.240.51 - - [10/Jun/2025:06:29:40 +0000] "POST /wp-login.php HTTP/1.1" 200 5025 "https://cashforcarsallen.com/wp-login.php" "Mozilla/5.0 (Windows NT 10.0; Win64; x64) AppleWebKit/537.36 (KHTML, like Gecko) Chrome/130.0.0.0 Safari/537.36"
cashforcarsallen.com.infinitibizsol.com:443
20.171.207.97 - - [10/Jun/2025:06:29:46 +0000] "GET /products/226tk31213 HTTP/1.1" 404 32359 "-" "Mozilla/5.0 AppleWebKit/537.36 (KHTML, like Gecko; compatible; GPTBot/1.2; +https://openai.com/gptbot)"
cashforcarsallen.com.infinitibizsol.com:443
20.171.207.97 - - [10/Jun/2025:06:29:51 +0000] "GET /products/299qd34272 HTTP/1.1" 404 65127 "-" "Mozilla/5.0 AppleWebKit/537.36 (KHTML, like Gecko; compatible; GPTBot/1.2; +https://openai.com/gptbot)"
cashforcarsallen.com.infinitibizsol.com:443
20.171.207.97 - - [10/Jun/2025:06:29:56 +0000] "GET /products/185ql15128 HTTP/1.1" 404 32359 "-" "Mozilla/5.0 AppleWebKit/537.36 (KHTML, like Gecko; compatible; GPTBot/1.2; +https://openai.com/gptbot)"
cashforcarsallen.com.infinitibizsol.com:443
20.171.207.97 - - [10/Jun/2025:06:30:04 +0000] "GET /products/164ui46023 HTTP/1.1" 404 32359 "-" "Mozilla/5.0 AppleWebKit/537.36 (KHTML, like Gecko; compatible; GPTBot/1.2; +https://openai.com/gptbot)"
cashforcarsallen.com.infinitibizsol.com:443
212.56.41.191 - - [10/Jun/2025:06:30:06 +0000] "GET /wp-login.php HTTP/1.1" 200 5025 "-" "Mozilla/5.0 (Windows NT 10.0; Win64; x64) AppleWebKit/537.36 (KHTML, like Gecko) Chrome/130.0.0.0 Safari/537.36"
cashforcarsallen.com.infinitibizsol.com:443
20.171.207.97 - - [10/Jun/2025:06:30:10 +0000] "GET /products/212ro47533 HTTP/1.1" 404 65127 "-" "Mozilla/5.0 AppleWebKit/537.36 (KHTML, like Gecko; compatible; GPTBot/1.2; +https://openai.com/gptbot)"
cashforcarsallen.com.infinitibizsol.com:443
212.56.41.191 - - [10/Jun/2025:06:30:11 +0000] "POST /wp-login.php HTTP/1.1" 200 5025 "https://cashforcarsallen.com/wp-login.php" "Mozilla/5.0 (Windows NT 10.0; Win64; x64) AppleWebKit/537.36 (KHTML, like Gecko) Chrome/130.0.0.0 Safari/537.36"
cashforcarsallen.com.infinitibizsol.com:443
20.171.207.97 - - [10/Jun/2025:06:30:16 +0000] "GET /products/152xj45597 HTTP/1.1" 404 65127 "-" "Mozilla/5.0 AppleWebKit/537.36 (KHTML, like Gecko; compatible; GPTBot/1.2; +https://openai.com/gptbot)"
cashforcarsallen.com.infinitibizsol.com:443
162.241.203.17 - - [10/Jun/2025:06:30:20 +0000] "GET /wp-login.php HTTP/1.1" 200 5025 "-" "Mozilla/5.0 (Windows NT 10.0; Win64; x64) AppleWebKit/537.36 (KHTML, like Gecko) Chrome/130.0.0.0 Safari/537.36"
cashforcarsallen.com.infinitibizsol.com:443
20.171.207.97 - - [10/Jun/2025:06:30:21 +0000] "GET /products/215pk30526 HTTP/1.1" 404 65127 "-" "Mozilla/5.0 AppleWebKit/537.36 (KHTML, like Gecko; compatible; GPTBot/1.2; +https://openai.com/gptbot)"
cashforcarsallen.com.infinitibizsol.com:443
198.204.226.18 - - [10/Jun/2025:06:30:26 +0000] "GET /wp-includes/admin.php HTTP/1.1" 499 0 "https://cashforcarsallen.com/wp-includes/admin.php" "Mozilla/5.0 (Windows NT 10.0; Win64; x64) AppleWebKit/537.36 (KHTML, like Gecko) Chrome/58.0.3029.110 Safari/537.3"
cashforcarsallen.com.infinitibizsol.com:443
162.0.223.40 - - [10/Jun/2025:06:30:26 +0000] "POST /wp-cron.php?doing_wp_cron=1749537025.4691588878631591796875 HTTP/1.1" 499 0 "-" "WordPress/6.8.1; https://cashforcarsallen.com"
cashforcarsallen.com.infinitibizsol.com:443
162.241.203.17 - - [10/Jun/2025:06:30:26 +0000] "POST /wp-login.php HTTP/1.1" 200 5025 "https://cashforcarsallen.com/wp-login.php" "Mozilla/5.0 (Windows NT 10.0; Win64; x64) AppleWebKit/537.36 (KHTML, like Gecko) Chrome/130.0.0.0 Safari/537.36"
cashforcarsallen.com.infinitibizsol.com:443
162.0.223.40 - - [10/Jun/2025:06:30:27 +0000] "POST /wp-cron.php?doing_wp_cron=1749537026.6475849151611328125000 HTTP/1.1" 499 0 "-" "WordPress/6.8.1; https://cashforcarsallen.com"
cashforcarsallen.com.infinitibizsol.com:443
20.171.207.97 - - [10/Jun/2025:06:30:28 +0000] "GET /products/255rr49672 HTTP/1.1" 404 32359 "-" "Mozilla/5.0 AppleWebKit/537.36 (KHTML, like Gecko; compatible; GPTBot/1.2; +https://openai.com/gptbot)"
cashforcarsallen.com.infinitibizsol.com:443
162.241.61.240 - - [10/Jun/2025:06:30:33 +0000] "GET /wp-login.php HTTP/1.1" 200 5025 "-" "Mozilla/5.0 (Windows NT 10.0; Win64; x64) AppleWebKit/537.36 (KHTML, like Gecko) Chrome/130.0.0.0 Safari/537.36"
cashforcarsallen.com.infinitibizsol.com:443
20.171.207.97 - - [10/Jun/2025:06:30:34 +0000] "GET /products/237wv35002 HTTP/1.1" 404 65127 "-" "Mozilla/5.0 AppleWebKit/537.36 (KHTML, like Gecko; compatible; GPTBot/1.2; +https://openai.com/gptbot)"
cashforcarsallen.com.infinitibizsol.com:443
162.241.61.240 - - [10/Jun/2025:06:30:39 +0000] "POST /wp-login.php HTTP/1.1" 200 5025 "https://cashforcarsallen.com/wp-login.php" "Mozilla/5.0 (Windows NT 10.0; Win64; x64) AppleWebKit/537.36 (KHTML, like Gecko) Chrome/130.0.0.0 Safari/537.36"
cashforcarsallen.com.infinitibizsol.com:443
20.171.207.97 - - [10/Jun/2025:06:30:40 +0000] "GET /products/177qq27374 HTTP/1.1" 404 77268 "-" "Mozilla/5.0 AppleWebKit/537.36 (KHTML, like Gecko; compatible; GPTBot/1.2; +https://openai.com/gptbot)"
cashforcarsallen.com.infinitibizsol.com:443
20.171.207.97 - - [10/Jun/2025:06:30:45 +0000] "GET /products/161cc41278 HTTP/1.1" 404 77268 "-" "Mozilla/5.0 AppleWebKit/537.36 (KHTML, like Gecko; compatible; GPTBot/1.2; +https://openai.com/gptbot)"
cashforcarsallen.com.infinitibizsol.com:443
51.68.11.199 - - [10/Jun/2025:06:30:46 +0000] "GET /wp-login.php HTTP/1.1" 200 5025 "-" "Mozilla/5.0 (Windows NT 10.0; Win64; x64) AppleWebKit/537.36 (KHTML, like Gecko) Chrome/130.0.0.0 Safari/537.36"
cashforcarsallen.com.infinitibizsol.com:443
20.171.207.97 - - [10/Jun/2025:06:30:50 +0000] "GET /products/171cv30318 HTTP/1.1" 404 65127 "-" "Mozilla/5.0 AppleWebKit/537.36 (KHTML, like Gecko; compatible; GPTBot/1.2; +https://openai.com/gptbot)"
cashforcarsallen.com.infinitibizsol.com:443
51.68.11.199 - - [10/Jun/2025:06:30:51 +0000] "POST /wp-login.php HTTP/1.1" 200 5025 "https://cashforcarsallen.com/wp-login.php" "Mozilla/5.0 (Windows NT 10.0; Win64; x64) AppleWebKit/537.36 (KHTML, like Gecko) Chrome/130.0.0.0 Safari/537.36"
cashforcarsallen.com.infinitibizsol.com:443
20.171.207.97 - - [10/Jun/2025:06:30:55 +0000] "GET /products/206ro12447 HTTP/1.1" 404 65127 "-" "Mozilla/5.0 AppleWebKit/537.36 (KHTML, like Gecko; compatible; GPTBot/1.2; +https://openai.com/gptbot)"
cashforcarsallen.com.infinitibizsol.com:443
198.204.226.18 - - [10/Jun/2025:06:30:56 +0000] "GET /wp-includes/admin.php HTTP/1.1" 200 16 "https://cashforcarsallen.com/wp-includes/admin.php" "Mozilla/5.0 (Windows NT 10.0; Win64; x64) AppleWebKit/537.36 (KHTML, like Gecko) Chrome/58.0.3029.110 Safari/537.3"
cashforcarsallen.com.infinitibizsol.com:443
116.202.113.26 - - [10/Jun/2025:06:30:58 +0000] "GET /wp-login.php HTTP/1.1" 200 5025 "-" "Mozilla/5.0 (Windows NT 10.0; Win64; x64) AppleWebKit/537.36 (KHTML, like Gecko) Chrome/130.0.0.0 Safari/537.36"
cashforcarsallen.com.infinitibizsol.com:443
20.171.207.97 - - [10/Jun/2025:06:31:00 +0000] "GET /products/120hh26919 HTTP/1.1" 404 65127 "-" "Mozilla/5.0 AppleWebKit/537.36 (KHTML, like Gecko; compatible; GPTBot/1.2; +https://openai.com/gptbot)"
cashforcarsallen.com.infinitibizsol.com:443
116.202.113.26 - - [10/Jun/2025:06:31:03 +0000] "POST /wp-login.php HTTP/1.1" 200 5025 "https://cashforcarsallen.com/wp-login.php" "Mozilla/5.0 (Windows NT 10.0; Win64; x64) AppleWebKit/537.36 (KHTML, like Gecko) Chrome/130.0.0.0 Safari/537.36"
cashforcarsallen.com.infinitibizsol.com:443
20.171.207.97 - - [10/Jun/2025:06:31:07 +0000] "GET /products/124lr28087 HTTP/1.1" 404 65127 "-" "Mozilla/5.0 AppleWebKit/537.36 (KHTML, like Gecko; compatible; GPTBot/1.2; +https://openai.com/gptbot)"
cashforcarsallen.com.infinitibizsol.com:443
92.205.215.83 - - [10/Jun/2025:06:31:10 +0000] "GET /wp-login.php HTTP/1.1" 200 5025 "-" "Mozilla/5.0 (Windows NT 10.0; Win64; x64) AppleWebKit/537.36 (KHTML, like Gecko) Chrome/130.0.0.0 Safari/537.36"
cashforcarsallen.com.infinitibizsol.com:443
20.171.207.97 - - [10/Jun/2025:06:31:13 +0000] "GET /products/150ai24421 HTTP/1.1" 404 65127 "-" "Mozilla/5.0 AppleWebKit/537.36 (KHTML, like Gecko; compatible; GPTBot/1.2; +https://openai.com/gptbot)"
cashforcarsallen.com.infinitibizsol.com:443
92.205.215.83 - - [10/Jun/2025:06:31:16 +0000] "POST /wp-login.php HTTP/1.1" 200 5025 "https://cashforcarsallen.com/wp-login.php" "Mozilla/5.0 (Windows NT 10.0; Win64; x64) AppleWebKit/537.36 (KHTML, like Gecko) Chrome/130.0.0.0 Safari/537.36"
cashforcarsallen.com.infinitibizsol.com:443
20.171.207.97 - - [10/Jun/2025:06:31:19 +0000] "GET /products/174qg31351 HTTP/1.1" 404 65127 "-" "Mozilla/5.0 AppleWebKit/537.36 (KHTML, like Gecko; compatible; GPTBot/1.2; +https://openai.com/gptbot)"
cashforcarsallen.com.infinitibizsol.com:443
20.171.207.97 - - [10/Jun/2025:06:31:23 +0000] "GET /products/182wr22889 HTTP/1.1" 404 65127 "-" "Mozilla/5.0 AppleWebKit/537.36 (KHTML, like Gecko; compatible; GPTBot/1.2; +https://openai.com/gptbot)"
cashforcarsallen.com.infinitibizsol.com:443
162.0.223.40 - - [10/Jun/2025:06:31:28 +0000] "POST /wp-cron.php?doing_wp_cron=1749537087.6466300487518310546875 HTTP/1.1" 499 0 "-" "WordPress/6.8.1; https://cashforcarsallen.com"
cashforcarsallen.com.infinitibizsol.com:443
20.171.207.97 - - [10/Jun/2025:06:31:29 +0000] "GET /products/262vy44899 HTTP/1.1" 404 65127 "-" "Mozilla/5.0 AppleWebKit/537.36 (KHTML, like Gecko; compatible; GPTBot/1.2; +https://openai.com/gptbot)"
cashforcarsallen.com.infinitibizsol.com:443
20.171.207.97 - - [10/Jun/2025:06:31:34 +0000] "GET /products/112st27875 HTTP/1.1" 404 32359 "-" "Mozilla/5.0 AppleWebKit/537.36 (KHTML, like Gecko; compatible; GPTBot/1.2; +https://openai.com/gptbot)"
cashforcarsallen.com.infinitibizsol.com:443
20.171.207.97 - - [10/Jun/2025:06:31:39 +0000] "GET /products/288cb13451 HTTP/1.1" 404 65127 "-" "Mozilla/5.0 AppleWebKit/537.36 (KHTML, like Gecko; compatible; GPTBot/1.2; +https://openai.com/gptbot)"
cashforcarsallen.com.infinitibizsol.com:443
20.171.207.97 - - [10/Jun/2025:06:31:45 +0000] "GET /products/122hz12861 HTTP/1.1" 404 65127 "-" "Mozilla/5.0 AppleWebKit/537.36 (KHTML, like Gecko; compatible; GPTBot/1.2; +https://openai.com/gptbot)"
cashforcarsallen.com.infinitibizsol.com:443
20.171.207.97 - - [10/Jun/2025:06:31:50 +0000] "GET /products/174sy41307 HTTP/1.1" 404 65127 "-" "Mozilla/5.0 AppleWebKit/537.36 (KHTML, like Gecko; compatible; GPTBot/1.2; +https://openai.com/gptbot)"
cashforcarsallen.com.infinitibizsol.com:443
20.171.207.97 - - [10/Jun/2025:06:31:55 +0000] "GET /products/178cf30709 HTTP/1.1" 404 32359 "-" "Mozilla/5.0 AppleWebKit/537.36 (KHTML, like Gecko; compatible; GPTBot/1.2; +https://openai.com/gptbot)"
cashforcarsallen.com.infinitibizsol.com:443
20.171.207.97 - - [10/Jun/2025:06:31:59 +0000] "GET /products/115xp18562 HTTP/1.1" 404 65127 "-" "Mozilla/5.0 AppleWebKit/537.36 (KHTML, like Gecko; compatible; GPTBot/1.2; +https://openai.com/gptbot)"
cashforcarsallen.com.infinitibizsol.com:443
20.171.207.97 - - [10/Jun/2025:06:32:04 +0000] "GET /products/119zg25972 HTTP/1.1" 404 32359 "-" "Mozilla/5.0 AppleWebKit/537.36 (KHTML, like Gecko; compatible; GPTBot/1.2; +https://openai.com/gptbot)"
cashforcarsallen.com.infinitibizsol.com:443
20.171.207.97 - - [10/Jun/2025:06:32:09 +0000] "GET /products/209la10520 HTTP/1.1" 404 65127 "-" "Mozilla/5.0 AppleWebKit/537.36 (KHTML, like Gecko; compatible; GPTBot/1.2; +https://openai.com/gptbot)"
cashforcarsallen.com.infinitibizsol.com:443
20.171.207.97 - - [10/Jun/2025:06:32:14 +0000] "GET /products/182wr22889 HTTP/1.1" 404 65127 "-" "Mozilla/5.0 AppleWebKit/537.36 (KHTML, like Gecko; compatible; GPTBot/1.2; +https://openai.com/gptbot)"
cashforcarsallen.com.infinitibizsol.com:443
20.171.207.97 - - [10/Jun/2025:06:32:19 +0000] "GET /products/232ox24393 HTTP/1.1" 404 65127 "-" "Mozilla/5.0 AppleWebKit/537.36 (KHTML, like Gecko; compatible; GPTBot/1.2; +https://openai.com/gptbot)"
cashforcarsallen.com.infinitibizsol.com:443
20.171.207.97 - - [10/Jun/2025:06:32:25 +0000] "GET /products/285hs17548 HTTP/1.1" 404 32359 "-" "Mozilla/5.0 AppleWebKit/537.36 (KHTML, like Gecko; compatible; GPTBot/1.2; +https://openai.com/gptbot)"
cashforcarsallen.com.infinitibizsol.com:443
162.0.223.40 - - [10/Jun/2025:06:32:30 +0000] "POST /wp-cron.php?doing_wp_cron=1749537149.1369400024414062500000 HTTP/1.1" 499 0 "-" "WordPress/6.8.1; https://cashforcarsallen.com"
cashforcarsallen.com.infinitibizsol.com:443
20.171.207.97 - - [10/Jun/2025:06:32:30 +0000] "GET /products/226lf12141 HTTP/1.1" 404 32359 "-" "Mozilla/5.0 AppleWebKit/537.36 (KHTML, like Gecko; compatible; GPTBot/1.2; +https://openai.com/gptbot)"
cashforcarsallen.com.infinitibizsol.com:443
20.171.207.97 - - [10/Jun/2025:06:32:35 +0000] "GET /products/292ll48215 HTTP/1.1" 404 32359 "-" "Mozilla/5.0 AppleWebKit/537.36 (KHTML, like Gecko; compatible; GPTBot/1.2; +https://openai.com/gptbot)"
cashforcarsallen.com.infinitibizsol.com:443
20.171.207.97 - - [10/Jun/2025:06:32:41 +0000] "GET /products/215zt10254 HTTP/1.1" 404 65127 "-" "Mozilla/5.0 AppleWebKit/537.36 (KHTML, like Gecko; compatible; GPTBot/1.2; +https://openai.com/gptbot)"
cashforcarsallen.com.infinitibizsol.com:443
20.171.207.97 - - [10/Jun/2025:06:32:46 +0000] "GET /products/252zk32763 HTTP/1.1" 404 32359 "-" "Mozilla/5.0 AppleWebKit/537.36 (KHTML, like Gecko; compatible; GPTBot/1.2; +https://openai.com/gptbot)"
cashforcarsallen.com.infinitibizsol.com:443
178.33.109.164 - - [10/Jun/2025:06:32:47 +0000] "GET /wp-login.php HTTP/1.1" 200 5025 "-" "Mozilla/5.0 (Windows NT 10.0; Win64; x64) AppleWebKit/537.36 (KHTML, like Gecko) Chrome/130.0.0.0 Safari/537.36"
cashforcarsallen.com.infinitibizsol.com:443
20.171.207.97 - - [10/Jun/2025:06:32:50 +0000] "GET /products/162zh14187 HTTP/1.1" 404 65127 "-" "Mozilla/5.0 AppleWebKit/537.36 (KHTML, like Gecko; compatible; GPTBot/1.2; +https://openai.com/gptbot)"
cashforcarsallen.com.infinitibizsol.com:443
178.33.109.164 - - [10/Jun/2025:06:32:52 +0000] "POST /wp-login.php HTTP/1.1" 200 5025 "https://cashforcarsallen.com/wp-login.php" "Mozilla/5.0 (Windows NT 10.0; Win64; x64) AppleWebKit/537.36 (KHTML, like Gecko) Chrome/130.0.0.0 Safari/537.36"
cashforcarsallen.com.infinitibizsol.com:443
20.171.207.97 - - [10/Jun/2025:06:32:56 +0000] "GET /products/173pp21510 HTTP/1.1" 404 32359 "-" "Mozilla/5.0 AppleWebKit/537.36 (KHTML, like Gecko; compatible; GPTBot/1.2; +https://openai.com/gptbot)"
cashforcarsallen.com.infinitibizsol.com:443
146.59.209.203 - - [10/Jun/2025:06:32:59 +0000] "GET /wp-login.php HTTP/1.1" 200 5025 "-" "Mozilla/5.0 (Windows NT 10.0; Win64; x64) AppleWebKit/537.36 (KHTML, like Gecko) Chrome/130.0.0.0 Safari/537.36"
cashforcarsallen.com.infinitibizsol.com:443
20.171.207.97 - - [10/Jun/2025:06:33:02 +0000] "GET /products/244wk38253 HTTP/1.1" 404 65127 "-" "Mozilla/5.0 AppleWebKit/537.36 (KHTML, like Gecko; compatible; GPTBot/1.2; +https://openai.com/gptbot)"
cashforcarsallen.com.infinitibizsol.com:443
146.59.209.203 - - [10/Jun/2025:06:33:04 +0000] "POST /wp-login.php HTTP/1.1" 200 5025 "https://cashforcarsallen.com/wp-login.php" "Mozilla/5.0 (Windows NT 10.0; Win64; x64) AppleWebKit/537.36 (KHTML, like Gecko) Chrome/130.0.0.0 Safari/537.36"
cashforcarsallen.com.infinitibizsol.com:443
20.171.207.97 - - [10/Jun/2025:06:33:07 +0000] "GET /products/183ox41104 HTTP/1.1" 404 65127 "-" "Mozilla/5.0 AppleWebKit/537.36 (KHTML, like Gecko; compatible; GPTBot/1.2; +https://openai.com/gptbot)"
cashforcarsallen.com.infinitibizsol.com:443
20.171.207.97 - - [10/Jun/2025:06:33:12 +0000] "GET /products/231qt24118 HTTP/1.1" 404 65127 "-" "Mozilla/5.0 AppleWebKit/537.36 (KHTML, like Gecko; compatible; GPTBot/1.2; +https://openai.com/gptbot)"
cashforcarsallen.com.infinitibizsol.com:443
20.171.207.97 - - [10/Jun/2025:06:33:16 +0000] "GET /products/255pj24918 HTTP/1.1" 404 77261 "-" "Mozilla/5.0 AppleWebKit/537.36 (KHTML, like Gecko; compatible; GPTBot/1.2; +https://openai.com/gptbot)"
cashforcarsallen.com.infinitibizsol.com:443
20.171.207.97 - - [10/Jun/2025:06:33:21 +0000] "GET /products/103um32322 HTTP/1.1" 404 65127 "-" "Mozilla/5.0 AppleWebKit/537.36 (KHTML, like Gecko; compatible; GPTBot/1.2; +https://openai.com/gptbot)"
cashforcarsallen.com.infinitibizsol.com:443
20.171.207.97 - - [10/Jun/2025:06:33:26 +0000] "GET /products/159gt12930 HTTP/1.1" 404 65127 "-" "Mozilla/5.0 AppleWebKit/537.36 (KHTML, like Gecko; compatible; GPTBot/1.2; +https://openai.com/gptbot)"
cashforcarsallen.com.infinitibizsol.com:443
178.33.250.124 - - [10/Jun/2025:06:33:28 +0000] "GET /wp-login.php HTTP/1.1" 200 5025 "-" "Mozilla/5.0 (Windows NT 10.0; Win64; x64) AppleWebKit/537.36 (KHTML, like Gecko) Chrome/130.0.0.0 Safari/537.36"
cashforcarsallen.com.infinitibizsol.com:443
162.0.223.40 - - [10/Jun/2025:06:33:32 +0000] "POST /wp-cron.php?doing_wp_cron=1749537211.1403369903564453125000 HTTP/1.1" 499 0 "-" "WordPress/6.8.1; https://cashforcarsallen.com"
cashforcarsallen.com.infinitibizsol.com:443
20.171.207.97 - - [10/Jun/2025:06:33:33 +0000] "GET /products/142jj19939 HTTP/1.1" 404 32359 "-" "Mozilla/5.0 AppleWebKit/537.36 (KHTML, like Gecko; compatible; GPTBot/1.2; +https://openai.com/gptbot)"
cashforcarsallen.com.infinitibizsol.com:443
162.0.223.40 - - [10/Jun/2025:06:33:35 +0000] "POST /wp-cron.php?doing_wp_cron=1749537214.3911960124969482421875 HTTP/1.1" 499 0 "-" "WordPress/6.8.1; https://cashforcarsallen.com"
cashforcarsallen.com.infinitibizsol.com:443
178.33.250.124 - - [10/Jun/2025:06:33:35 +0000] "POST /wp-login.php HTTP/1.1" 200 5025 "https://cashforcarsallen.com/wp-login.php" "Mozilla/5.0 (Windows NT 10.0; Win64; x64) AppleWebKit/537.36 (KHTML, like Gecko) Chrome/130.0.0.0 Safari/537.36"
cashforcarsallen.com.infinitibizsol.com:443
20.171.207.97 - - [10/Jun/2025:06:33:38 +0000] "GET /products/230gs43919 HTTP/1.1" 404 65127 "-" "Mozilla/5.0 AppleWebKit/537.36 (KHTML, like Gecko; compatible; GPTBot/1.2; +https://openai.com/gptbot)"
cashforcarsallen.com.infinitibizsol.com:443
20.171.207.97 - - [10/Jun/2025:06:33:44 +0000] "GET /products/119zx19378 HTTP/1.1" 404 65127 "-" "Mozilla/5.0 AppleWebKit/537.36 (KHTML, like Gecko; compatible; GPTBot/1.2; +https://openai.com/gptbot)"
cashforcarsallen.com.infinitibizsol.com:443
95.216.208.178 - - [10/Jun/2025:06:33:48 +0000] "GET /wp-login.php HTTP/1.1" 200 5025 "-" "Mozilla/5.0 (Windows NT 10.0; Win64; x64) AppleWebKit/537.36 (KHTML, like Gecko) Chrome/130.0.0.0 Safari/537.36"
cashforcarsallen.com.infinitibizsol.com:443
20.171.207.97 - - [10/Jun/2025:06:33:51 +0000] "GET /products/205qs39242 HTTP/1.1" 404 65127 "-" "Mozilla/5.0 AppleWebKit/537.36 (KHTML, like Gecko; compatible; GPTBot/1.2; +https://openai.com/gptbot)"
cashforcarsallen.com.infinitibizsol.com:443
95.216.208.178 - - [10/Jun/2025:06:33:55 +0000] "POST /wp-login.php HTTP/1.1" 200 5025 "https://cashforcarsallen.com/wp-login.php" "Mozilla/5.0 (Windows NT 10.0; Win64; x64) AppleWebKit/537.36 (KHTML, like Gecko) Chrome/130.0.0.0 Safari/537.36"
cashforcarsallen.com.infinitibizsol.com:443
20.171.207.97 - - [10/Jun/2025:06:33:56 +0000] "GET /products/165ij36554 HTTP/1.1" 404 77261 "-" "Mozilla/5.0 AppleWebKit/537.36 (KHTML, like Gecko; compatible; GPTBot/1.2; +https://openai.com/gptbot)"
cashforcarsallen.com.infinitibizsol.com:443
20.171.207.97 - - [10/Jun/2025:06:34:03 +0000] "GET /products/136uo20965 HTTP/1.1" 404 32359 "-" "Mozilla/5.0 AppleWebKit/537.36 (KHTML, like Gecko; compatible; GPTBot/1.2; +https://openai.com/gptbot)"
cashforcarsallen.com.infinitibizsol.com:443
192.185.82.89 - - [10/Jun/2025:06:34:05 +0000] "GET /wp-login.php HTTP/1.1" 200 5025 "-" "Mozilla/5.0 (Windows NT 10.0; Win64; x64) AppleWebKit/537.36 (KHTML, like Gecko) Chrome/130.0.0.0 Safari/537.36"
cashforcarsallen.com.infinitibizsol.com:443
20.171.207.97 - - [10/Jun/2025:06:34:08 +0000] "GET /products/226uj32289 HTTP/1.1" 404 65127 "-" "Mozilla/5.0 AppleWebKit/537.36 (KHTML, like Gecko; compatible; GPTBot/1.2; +https://openai.com/gptbot)"
cashforcarsallen.com.infinitibizsol.com:443
192.185.82.89 - - [10/Jun/2025:06:34:10 +0000] "POST /wp-login.php HTTP/1.1" 200 5025 "https://cashforcarsallen.com/wp-login.php" "Mozilla/5.0 (Windows NT 10.0; Win64; x64) AppleWebKit/537.36 (KHTML, like Gecko) Chrome/130.0.0.0 Safari/537.36"
cashforcarsallen.com.infinitibizsol.com:443
20.171.207.97 - - [10/Jun/2025:06:34:13 +0000] "GET /products/275tv20980 HTTP/1.1" 404 65127 "-" "Mozilla/5.0 AppleWebKit/537.36 (KHTML, like Gecko; compatible; GPTBot/1.2; +https://openai.com/gptbot)"
cashforcarsallen.com.infinitibizsol.com:443
20.171.207.97 - - [10/Jun/2025:06:34:19 +0000] "GET /products/204un12371 HTTP/1.1" 404 65127 "-" "Mozilla/5.0 AppleWebKit/537.36 (KHTML, like Gecko; compatible; GPTBot/1.2; +https://openai.com/gptbot)"
cashforcarsallen.com.infinitibizsol.com:443
20.171.207.97 - - [10/Jun/2025:06:34:24 +0000] "GET /products/107le22766 HTTP/1.1" 404 65127 "-" "Mozilla/5.0 AppleWebKit/537.36 (KHTML, like Gecko; compatible; GPTBot/1.2; +https://openai.com/gptbot)"
cashforcarsallen.com.infinitibizsol.com:443
188.165.236.42 - - [10/Jun/2025:06:34:27 +0000] "GET /wp-login.php HTTP/1.1" 200 5025 "-" "Mozilla/5.0 (Windows NT 10.0; Win64; x64) AppleWebKit/537.36 (KHTML, like Gecko) Chrome/130.0.0.0 Safari/537.36"
cashforcarsallen.com.infinitibizsol.com:443
20.171.207.97 - - [10/Jun/2025:06:34:29 +0000] "GET /products/284ep18899 HTTP/1.1" 404 32359 "-" "Mozilla/5.0 AppleWebKit/537.36 (KHTML, like Gecko; compatible; GPTBot/1.2; +https://openai.com/gptbot)"
cashforcarsallen.com.infinitibizsol.com:443
188.165.236.42 - - [10/Jun/2025:06:34:32 +0000] "POST /wp-login.php HTTP/1.1" 200 5025 "https://cashforcarsallen.com/wp-login.php" "Mozilla/5.0 (Windows NT 10.0; Win64; x64) AppleWebKit/537.36 (KHTML, like Gecko) Chrome/130.0.0.0 Safari/537.36"
cashforcarsallen.com.infinitibizsol.com:443
20.171.207.97 - - [10/Jun/2025:06:34:34 +0000] "GET /products/266vv20911 HTTP/1.1" 404 32359 "-" "Mozilla/5.0 AppleWebKit/537.36 (KHTML, like Gecko; compatible; GPTBot/1.2; +https://openai.com/gptbot)"
cashforcarsallen.com.infinitibizsol.com:443
52.167.144.222 - - [10/Jun/2025:06:34:39 +0000] "GET /wp-crom.php?sitemap.xml HTTP/1.1" 403 23 "-" "Mozilla/5.0 AppleWebKit/537.36 (KHTML, like Gecko; compatible; bingbot/2.0; +http://www.bing.com/bingbot.htm) Chrome/116.0.1938.76 Safari/537.36"
cashforcarsallen.com.infinitibizsol.com:443
162.0.223.40 - - [10/Jun/2025:06:34:40 +0000] "POST /wp-cron.php?doing_wp_cron=1749537279.0634078979492187500000 HTTP/1.1" 499 0 "-" "WordPress/6.8.1; https://cashforcarsallen.com"
cashforcarsallen.com.infinitibizsol.com:443
162.0.223.40 - - [10/Jun/2025:06:34:40 +0000] "POST /wp-cron.php?doing_wp_cron=1749537279.1183540821075439453125 HTTP/1.1" 499 0 "-" "WordPress/6.8.1; https://cashforcarsallen.com"
cashforcarsallen.com.infinitibizsol.com:443
178.33.109.164 - - [10/Jun/2025:06:34:40 +0000] "GET /wp-login.php HTTP/1.1" 200 5025 "-" "Mozilla/5.0 (Windows NT 10.0; Win64; x64) AppleWebKit/537.36 (KHTML, like Gecko) Chrome/130.0.0.0 Safari/537.36"
cashforcarsallen.com.infinitibizsol.com:443
20.171.207.97 - - [10/Jun/2025:06:34:40 +0000] "GET /products/261al48612 HTTP/1.1" 404 65127 "-" "Mozilla/5.0 AppleWebKit/537.36 (KHTML, like Gecko; compatible; GPTBot/1.2; +https://openai.com/gptbot)"
cashforcarsallen.com.infinitibizsol.com:443
178.33.109.164 - - [10/Jun/2025:06:34:45 +0000] "POST /wp-login.php HTTP/1.1" 200 5025 "https://cashforcarsallen.com/wp-login.php" "Mozilla/5.0 (Windows NT 10.0; Win64; x64) AppleWebKit/537.36 (KHTML, like Gecko) Chrome/130.0.0.0 Safari/537.36"
cashforcarsallen.com.infinitibizsol.com:443
20.171.207.97 - - [10/Jun/2025:06:34:46 +0000] "GET /products/284td33505 HTTP/1.1" 404 65127 "-" "Mozilla/5.0 AppleWebKit/537.36 (KHTML, like Gecko; compatible; GPTBot/1.2; +https://openai.com/gptbot)"
cashforcarsallen.com.infinitibizsol.com:443
20.171.207.97 - - [10/Jun/2025:06:34:51 +0000] "GET /products/181zu25972 HTTP/1.1" 404 65127 "-" "Mozilla/5.0 AppleWebKit/537.36 (KHTML, like Gecko; compatible; GPTBot/1.2; +https://openai.com/gptbot)"
cashforcarsallen.com.infinitibizsol.com:443
103.24.12.229 - - [10/Jun/2025:06:34:55 +0000] "GET /wp-login.php HTTP/1.1" 200 5025 "-" "Mozilla/5.0 (Windows NT 10.0; Win64; x64) AppleWebKit/537.36 (KHTML, like Gecko) Chrome/130.0.0.0 Safari/537.36"
cashforcarsallen.com.infinitibizsol.com:443
20.171.207.97 - - [10/Jun/2025:06:34:56 +0000] "GET /products/290mb25195 HTTP/1.1" 404 65127 "-" "Mozilla/5.0 AppleWebKit/537.36 (KHTML, like Gecko; compatible; GPTBot/1.2; +https://openai.com/gptbot)"
cashforcarsallen.com.infinitibizsol.com:443
40.77.167.159 - - [10/Jun/2025:06:34:59 +0000] "GET /wp-crom.php?sitemap.xml HTTP/1.1" 403 23 "-" "Mozilla/5.0 AppleWebKit/537.36 (KHTML, like Gecko; compatible; bingbot/2.0; +http://www.bing.com/bingbot.htm) Chrome/116.0.1938.76 Safari/537.36"
cashforcarsallen.com.infinitibizsol.com:443
20.171.207.97 - - [10/Jun/2025:06:35:01 +0000] "GET /products/282gx12753 HTTP/1.1" 404 65127 "-" "Mozilla/5.0 AppleWebKit/537.36 (KHTML, like Gecko; compatible; GPTBot/1.2; +https://openai.com/gptbot)"
cashforcarsallen.com.infinitibizsol.com:443
103.24.12.229 - - [10/Jun/2025:06:35:02 +0000] "POST /wp-login.php HTTP/1.1" 200 5025 "https://cashforcarsallen.com/wp-login.php" "Mozilla/5.0 (Windows NT 10.0; Win64; x64) AppleWebKit/537.36 (KHTML, like Gecko) Chrome/130.0.0.0 Safari/537.36"
cashforcarsallen.com.infinitibizsol.com:443
20.171.207.97 - - [10/Jun/2025:06:35:08 +0000] "GET /products/293dd28118 HTTP/1.1" 404 32359 "-" "Mozilla/5.0 AppleWebKit/537.36 (KHTML, like Gecko; compatible; GPTBot/1.2; +https://openai.com/gptbot)"
cashforcarsallen.com.infinitibizsol.com:443
20.171.207.97 - - [10/Jun/2025:06:35:15 +0000] "GET /products/185it31228 HTTP/1.1" 404 65127 "-" "Mozilla/5.0 AppleWebKit/537.36 (KHTML, like Gecko; compatible; GPTBot/1.2; +https://openai.com/gptbot)"
cashforcarsallen.com.infinitibizsol.com:443
20.171.207.97 - - [10/Jun/2025:06:35:22 +0000] "GET /products/282kd40869 HTTP/1.1" 404 65127 "-" "Mozilla/5.0 AppleWebKit/537.36 (KHTML, like Gecko; compatible; GPTBot/1.2; +https://openai.com/gptbot)"
cashforcarsallen.com.infinitibizsol.com:443
20.171.207.97 - - [10/Jun/2025:06:35:27 +0000] "GET /products/115wm23550 HTTP/1.1" 404 65127 "-" "Mozilla/5.0 AppleWebKit/537.36 (KHTML, like Gecko; compatible; GPTBot/1.2; +https://openai.com/gptbot)"
cashforcarsallen.com.infinitibizsol.com:443
20.171.207.97 - - [10/Jun/2025:06:35:34 +0000] "GET /products/174gh14313 HTTP/1.1" 404 32359 "-" "Mozilla/5.0 AppleWebKit/537.36 (KHTML, like Gecko; compatible; GPTBot/1.2; +https://openai.com/gptbot)"
cashforcarsallen.com.infinitibizsol.com:443
216.55.146.49 - - [10/Jun/2025:06:35:37 +0000] "GET /wp-login.php HTTP/1.1" 200 5025 "-" "Mozilla/5.0 (Windows NT 10.0; Win64; x64) AppleWebKit/537.36 (KHTML, like Gecko) Chrome/130.0.0.0 Safari/537.36"
cashforcarsallen.com.infinitibizsol.com:443
162.0.223.40 - - [10/Jun/2025:06:35:41 +0000] "POST /wp-cron.php?doing_wp_cron=1749537340.4872410297393798828125 HTTP/1.1" 499 0 "-" "WordPress/6.8.1; https://cashforcarsallen.com"
cashforcarsallen.com.infinitibizsol.com:443
20.171.207.97 - - [10/Jun/2025:06:35:42 +0000] "GET /products/182dj37219 HTTP/1.1" 404 65127 "-" "Mozilla/5.0 AppleWebKit/537.36 (KHTML, like Gecko; compatible; GPTBot/1.2; +https://openai.com/gptbot)"
cashforcarsallen.com.infinitibizsol.com:443
162.0.223.40 - - [10/Jun/2025:06:35:44 +0000] "POST /wp-cron.php?doing_wp_cron=1749537343.6581599712371826171875 HTTP/1.1" 499 0 "-" "WordPress/6.8.1; https://cashforcarsallen.com"
cashforcarsallen.com.infinitibizsol.com:443
216.55.146.49 - - [10/Jun/2025:06:35:44 +0000] "POST /wp-login.php HTTP/1.1" 200 5025 "https://cashforcarsallen.com/wp-login.php" "Mozilla/5.0 (Windows NT 10.0; Win64; x64) AppleWebKit/537.36 (KHTML, like Gecko) Chrome/130.0.0.0 Safari/537.36"
cashforcarsallen.com.infinitibizsol.com:443
20.171.207.97 - - [10/Jun/2025:06:35:48 +0000] "GET /products/112my21523 HTTP/1.1" 404 65127 "-" "Mozilla/5.0 AppleWebKit/537.36 (KHTML, like Gecko; compatible; GPTBot/1.2; +https://openai.com/gptbot)"
cashforcarsallen.com.infinitibizsol.com:443
20.171.207.97 - - [10/Jun/2025:06:35:54 +0000] "GET /products/107oi15508 HTTP/1.1" 404 32359 "-" "Mozilla/5.0 AppleWebKit/537.36 (KHTML, like Gecko; compatible; GPTBot/1.2; +https://openai.com/gptbot)"
cashforcarsallen.com.infinitibizsol.com:443
20.171.207.97 - - [10/Jun/2025:06:35:59 +0000] "GET /products/266xx45915 HTTP/1.1" 404 32359 "-" "Mozilla/5.0 AppleWebKit/537.36 (KHTML, like Gecko; compatible; GPTBot/1.2; +https://openai.com/gptbot)"
cashforcarsallen.com.infinitibizsol.com:443
20.171.207.97 - - [10/Jun/2025:06:36:06 +0000] "GET /products/279tv36274 HTTP/1.1" 404 32359 "-" "Mozilla/5.0 AppleWebKit/537.36 (KHTML, like Gecko; compatible; GPTBot/1.2; +https://openai.com/gptbot)"
cashforcarsallen.com.infinitibizsol.com:443
108.167.133.37 - - [10/Jun/2025:06:36:08 +0000] "GET /wp-login.php HTTP/1.1" 200 5025 "-" "Mozilla/5.0 (Windows NT 10.0; Win64; x64) AppleWebKit/537.36 (KHTML, like Gecko) Chrome/130.0.0.0 Safari/537.36"
cashforcarsallen.com.infinitibizsol.com:443
20.171.207.97 - - [10/Jun/2025:06:36:13 +0000] "GET /products/229ot46802 HTTP/1.1" 404 65127 "-" "Mozilla/5.0 AppleWebKit/537.36 (KHTML, like Gecko; compatible; GPTBot/1.2; +https://openai.com/gptbot)"
cashforcarsallen.com.infinitibizsol.com:443
108.167.133.37 - - [10/Jun/2025:06:36:15 +0000] "POST /wp-login.php HTTP/1.1" 200 5025 "https://cashforcarsallen.com/wp-login.php" "Mozilla/5.0 (Windows NT 10.0; Win64; x64) AppleWebKit/537.36 (KHTML, like Gecko) Chrome/130.0.0.0 Safari/537.36"
cashforcarsallen.com.infinitibizsol.com:443
20.171.207.97 - - [10/Jun/2025:06:36:18 +0000] "GET /products/171hu13192 HTTP/1.1" 404 32359 "-" "Mozilla/5.0 AppleWebKit/537.36 (KHTML, like Gecko; compatible; GPTBot/1.2; +https://openai.com/gptbot)"
cashforcarsallen.com.infinitibizsol.com:443
20.171.207.97 - - [10/Jun/2025:06:36:24 +0000] "GET /products/232dy16315 HTTP/1.1" 404 65127 "-" "Mozilla/5.0 AppleWebKit/537.36 (KHTML, like Gecko; compatible; GPTBot/1.2; +https://openai.com/gptbot)"
cashforcarsallen.com.infinitibizsol.com:443
20.171.207.97 - - [10/Jun/2025:06:36:30 +0000] "GET /products/134ag41891 HTTP/1.1" 404 65127 "-" "Mozilla/5.0 AppleWebKit/537.36 (KHTML, like Gecko; compatible; GPTBot/1.2; +https://openai.com/gptbot)"
cashforcarsallen.com.infinitibizsol.com:443
20.171.207.97 - - [10/Jun/2025:06:36:35 +0000] "GET /products/212js34043 HTTP/1.1" 404 65127 "-" "Mozilla/5.0 AppleWebKit/537.36 (KHTML, like Gecko; compatible; GPTBot/1.2; +https://openai.com/gptbot)"
cashforcarsallen.com.infinitibizsol.com:443
20.171.207.97 - - [10/Jun/2025:06:36:40 +0000] "GET /products/112ce27637 HTTP/1.1" 404 65127 "-" "Mozilla/5.0 AppleWebKit/537.36 (KHTML, like Gecko; compatible; GPTBot/1.2; +https://openai.com/gptbot)"
cashforcarsallen.com.infinitibizsol.com:443
162.0.223.40 - - [10/Jun/2025:06:36:45 +0000] "POST /wp-cron.php?doing_wp_cron=1749537404.1655659675598144531250 HTTP/1.1" 499 0 "-" "WordPress/6.8.1; https://cashforcarsallen.com"
cashforcarsallen.com.infinitibizsol.com:443
20.171.207.97 - - [10/Jun/2025:06:36:45 +0000] "GET /products/213yp19182 HTTP/1.1" 404 65127 "-" "Mozilla/5.0 AppleWebKit/537.36 (KHTML, like Gecko; compatible; GPTBot/1.2; +https://openai.com/gptbot)"
cashforcarsallen.com.infinitibizsol.com:443
20.171.207.97 - - [10/Jun/2025:06:36:51 +0000] "GET /products/214kw14649 HTTP/1.1" 404 65127 "-" "Mozilla/5.0 AppleWebKit/537.36 (KHTML, like Gecko; compatible; GPTBot/1.2; +https://openai.com/gptbot)"
cashforcarsallen.com.infinitibizsol.com:443
198.204.224.34 - - [10/Jun/2025:06:36:53 +0000] "GET /wp-includes/admin.php HTTP/1.1" 499 0 "https://cashforcarsallen.com/wp-includes/admin.php" "Mozilla/5.0 (Windows NT 10.0; Win64; x64) AppleWebKit/537.36 (KHTML, like Gecko) Chrome/58.0.3029.110 Safari/537.3"
cashforcarsallen.com.infinitibizsol.com:443
198.204.224.34 - - [10/Jun/2025:06:36:54 +0000] "GET /wp-includes/admin.php HTTP/1.1" 200 16 "https://cashforcarsallen.com/wp-includes/admin.php" "Mozilla/5.0 (Windows NT 10.0; Win64; x64) AppleWebKit/537.36 (KHTML, like Gecko) Chrome/58.0.3029.110 Safari/537.3"
cashforcarsallen.com.infinitibizsol.com:443
20.171.207.97 - - [10/Jun/2025:06:36:57 +0000] "GET /products/125ss15036 HTTP/1.1" 404 65127 "-" "Mozilla/5.0 AppleWebKit/537.36 (KHTML, like Gecko; compatible; GPTBot/1.2; +https://openai.com/gptbot)"
cashforcarsallen.com.infinitibizsol.com:443
20.171.207.97 - - [10/Jun/2025:06:37:04 +0000] "GET /products/136vk11961 HTTP/1.1" 404 65127 "-" "Mozilla/5.0 AppleWebKit/537.36 (KHTML, like Gecko; compatible; GPTBot/1.2; +https://openai.com/gptbot)"
cashforcarsallen.com.infinitibizsol.com:443
20.171.207.97 - - [10/Jun/2025:06:37:11 +0000] "GET /products/281zf16676 HTTP/1.1" 404 32359 "-" "Mozilla/5.0 AppleWebKit/537.36 (KHTML, like Gecko; compatible; GPTBot/1.2; +https://openai.com/gptbot)"
cashforcarsallen.com.infinitibizsol.com:443
164.92.244.132 - - [10/Jun/2025:06:37:15 +0000] "GET / HTTP/1.1" 499 0 "-" "-"
cashforcarsallen.com.infinitibizsol.com:443
20.171.207.97 - - [10/Jun/2025:06:37:18 +0000] "GET /products/169qg10066 HTTP/1.1" 404 65127 "-" "Mozilla/5.0 AppleWebKit/537.36 (KHTML, like Gecko; compatible; GPTBot/1.2; +https://openai.com/gptbot)"
cashforcarsallen.com.infinitibizsol.com:443
164.92.244.132 - - [10/Jun/2025:06:37:20 +0000] "GET / HTTP/1.1" 301 5 "-" "Mozilla/5.0 (Linux; Android 6.0; HTC One M9 Build/MRA969554) AppleWebKit/537.36 (KHTML, like Gecko) Chrome/52.0.2717.98 Mobile Safari/537.3"
cashforcarsallen.com.infinitibizsol.com:443
164.92.244.132 - - [10/Jun/2025:06:37:24 +0000] "GET /@vite/env HTTP/1.1" 499 0 "-" "Go-http-client/1.1"
cashforcarsallen.com.infinitibizsol.com:443
20.171.207.97 - - [10/Jun/2025:06:37:26 +0000] "GET /products/248sj40039 HTTP/1.1" 404 65127 "-" "Mozilla/5.0 AppleWebKit/537.36 (KHTML, like Gecko; compatible; GPTBot/1.2; +https://openai.com/gptbot)"
cashforcarsallen.com.infinitibizsol.com:443
164.92.244.132 - - [10/Jun/2025:06:37:27 +0000] "GET /actuator/env HTTP/1.1" 499 0 "-" "Go-http-client/1.1"
cashforcarsallen.com.infinitibizsol.com:443
164.92.244.132 - - [10/Jun/2025:06:37:30 +0000] "GET /server HTTP/1.1" 499 0 "-" "Go-http-client/1.1"
cashforcarsallen.com.infinitibizsol.com:443
20.171.207.97 - - [10/Jun/2025:06:37:32 +0000] "GET /products/188ko40451 HTTP/1.1" 404 65127 "-" "Mozilla/5.0 AppleWebKit/537.36 (KHTML, like Gecko; compatible; GPTBot/1.2; +https://openai.com/gptbot)"
cashforcarsallen.com.infinitibizsol.com:443
164.92.244.132 - - [10/Jun/2025:06:37:33 +0000] "GET /.vscode/sftp.json HTTP/1.1" 499 0 "-" "Go-http-client/1.1"
cashforcarsallen.com.infinitibizsol.com:443
164.92.244.132 - - [10/Jun/2025:06:37:36 +0000] "GET /about HTTP/1.1" 499 0 "-" "Go-http-client/1.1"
cashforcarsallen.com.infinitibizsol.com:443
164.92.244.132 - - [10/Jun/2025:06:37:39 +0000] "GET /debug/default/view?panel=config HTTP/1.1" 499 0 "-" "Go-http-client/1.1"
cashforcarsallen.com.infinitibizsol.com:443
20.171.207.97 - - [10/Jun/2025:06:37:39 +0000] "GET /products/204dj27219 HTTP/1.1" 404 32359 "-" "Mozilla/5.0 AppleWebKit/537.36 (KHTML, like Gecko; compatible; GPTBot/1.2; +https://openai.com/gptbot)"
cashforcarsallen.com.infinitibizsol.com:443
164.92.244.132 - - [10/Jun/2025:06:37:42 +0000] "GET /v2/_catalog HTTP/1.1" 499 0 "-" "Go-http-client/1.1"
cashforcarsallen.com.infinitibizsol.com:443
164.92.244.132 - - [10/Jun/2025:06:37:45 +0000] "GET /ecp/Current/exporttool/microsoft.exchange.ediscovery.exporttool.application HTTP/1.1" 499 0 "-" "Go-http-client/1.1"
cashforcarsallen.com.infinitibizsol.com:443
