cashforcarsallen.com.infinitibizsol.com:443
20.171.207.97 - - [10/Jun/2025:09:30:01 +0000] "GET /products/147uq35458 HTTP/1.1" 404 65127 "-" "Mozilla/5.0 AppleWebKit/537.36 (KHTML, like Gecko; compatible; GPTBot/1.2; +https://openai.com/gptbot)"
cashforcarsallen.com.infinitibizsol.com:443
92.205.54.74 - - [10/Jun/2025:09:30:01 +0000] "POST /wp-login.php HTTP/1.1" 200 5025 "https://cashforcarsallen.com/wp-login.php" "Mozilla/5.0 (Windows NT 10.0; Win64; x64) AppleWebKit/537.36 (KHTML, like Gecko) Chrome/130.0.0.0 Safari/537.36"
cashforcarsallen.com.infinitibizsol.com:443
20.171.207.97 - - [10/Jun/2025:09:30:10 +0000] "GET /products/233jc40426 HTTP/1.1" 404 48743 "-" "Mozilla/5.0 AppleWebKit/537.36 (KHTML, like Gecko; compatible; GPTBot/1.2; +https://openai.com/gptbot)"
cashforcarsallen.com.infinitibizsol.com:443
20.171.207.97 - - [10/Jun/2025:09:30:17 +0000] "GET /products/232uz44257 HTTP/1.1" 404 65127 "-" "Mozilla/5.0 AppleWebKit/537.36 (KHTML, like Gecko; compatible; GPTBot/1.2; +https://openai.com/gptbot)"
cashforcarsallen.com.infinitibizsol.com:443
188.165.54.22 - - [10/Jun/2025:09:30:21 +0000] "GET /wp-login.php HTTP/1.1" 200 5025 "-" "Mozilla/5.0 (Windows NT 10.0; Win64; x64) AppleWebKit/537.36 (KHTML, like Gecko) Chrome/130.0.0.0 Safari/537.36"
cashforcarsallen.com.infinitibizsol.com:443
20.171.207.97 - - [10/Jun/2025:09:30:22 +0000] "GET /products/300tk25767 HTTP/1.1" 404 65127 "-" "Mozilla/5.0 AppleWebKit/537.36 (KHTML, like Gecko; compatible; GPTBot/1.2; +https://openai.com/gptbot)"
cashforcarsallen.com.infinitibizsol.com:443
188.165.54.22 - - [10/Jun/2025:09:30:28 +0000] "POST /wp-login.php HTTP/1.1" 200 5025 "https://cashforcarsallen.com/wp-login.php" "Mozilla/5.0 (Windows NT 10.0; Win64; x64) AppleWebKit/537.36 (KHTML, like Gecko) Chrome/130.0.0.0 Safari/537.36"
cashforcarsallen.com.infinitibizsol.com:443
20.171.207.97 - - [10/Jun/2025:09:30:30 +0000] "GET /products/216hp16623 HTTP/1.1" 404 77261 "-" "Mozilla/5.0 AppleWebKit/537.36 (KHTML, like Gecko; compatible; GPTBot/1.2; +https://openai.com/gptbot)"
cashforcarsallen.com.infinitibizsol.com:443
20.171.207.97 - - [10/Jun/2025:09:30:35 +0000] "GET /products/247ue41274 HTTP/1.1" 404 65127 "-" "Mozilla/5.0 AppleWebKit/537.36 (KHTML, like Gecko; compatible; GPTBot/1.2; +https://openai.com/gptbot)"
cashforcarsallen.com.infinitibizsol.com:443
20.171.207.97 - - [10/Jun/2025:09:30:42 +0000] "GET /products/100du28407 HTTP/1.1" 404 65127 "-" "Mozilla/5.0 AppleWebKit/537.36 (KHTML, like Gecko; compatible; GPTBot/1.2; +https://openai.com/gptbot)"
cashforcarsallen.com.infinitibizsol.com:443
162.0.223.40 - - [10/Jun/2025:09:30:48 +0000] "POST /wp-cron.php?doing_wp_cron=1749547846.9510760307312011718750 HTTP/1.1" 499 0 "-" "WordPress/6.8.1; https://cashforcarsallen.com"
cashforcarsallen.com.infinitibizsol.com:443
162.240.159.182 - - [10/Jun/2025:09:30:48 +0000] "GET /wp-login.php HTTP/1.1" 200 5025 "-" "Mozilla/5.0 (Windows NT 10.0; Win64; x64) AppleWebKit/537.36 (KHTML, like Gecko) Chrome/130.0.0.0 Safari/537.36"
cashforcarsallen.com.infinitibizsol.com:443
162.0.223.40 - - [10/Jun/2025:09:30:49 +0000] "POST /wp-cron.php?doing_wp_cron=1749547848.8884539604187011718750 HTTP/1.1" 499 0 "-" "WordPress/6.8.1; https://cashforcarsallen.com"
cashforcarsallen.com.infinitibizsol.com:443
20.171.207.97 - - [10/Jun/2025:09:30:50 +0000] "GET /products/171fp39536 HTTP/1.1" 404 48743 "-" "Mozilla/5.0 AppleWebKit/537.36 (KHTML, like Gecko; compatible; GPTBot/1.2; +https://openai.com/gptbot)"
cashforcarsallen.com.infinitibizsol.com:443
162.240.159.182 - - [10/Jun/2025:09:30:53 +0000] "POST /wp-login.php HTTP/1.1" 200 5025 "https://cashforcarsallen.com/wp-login.php" "Mozilla/5.0 (Windows NT 10.0; Win64; x64) AppleWebKit/537.36 (KHTML, like Gecko) Chrome/130.0.0.0 Safari/537.36"
cashforcarsallen.com.infinitibizsol.com:443
20.171.207.97 - - [10/Jun/2025:09:30:56 +0000] "GET /products/190xt41811 HTTP/1.1" 404 65127 "-" "Mozilla/5.0 AppleWebKit/537.36 (KHTML, like Gecko; compatible; GPTBot/1.2; +https://openai.com/gptbot)"
cashforcarsallen.com.infinitibizsol.com:443
20.171.207.97 - - [10/Jun/2025:09:31:01 +0000] "GET /products/135sw43530 HTTP/1.1" 404 65127 "-" "Mozilla/5.0 AppleWebKit/537.36 (KHTML, like Gecko; compatible; GPTBot/1.2; +https://openai.com/gptbot)"
cashforcarsallen.com.infinitibizsol.com:443
20.171.207.97 - - [10/Jun/2025:09:31:07 +0000] "GET /products/257oc12336 HTTP/1.1" 404 65127 "-" "Mozilla/5.0 AppleWebKit/537.36 (KHTML, like Gecko; compatible; GPTBot/1.2; +https://openai.com/gptbot)"
cashforcarsallen.com.infinitibizsol.com:443
20.171.207.97 - - [10/Jun/2025:09:31:11 +0000] "GET /products/234ix43613 HTTP/1.1" 404 65127 "-" "Mozilla/5.0 AppleWebKit/537.36 (KHTML, like Gecko; compatible; GPTBot/1.2; +https://openai.com/gptbot)"
cashforcarsallen.com.infinitibizsol.com:443
20.171.207.97 - - [10/Jun/2025:09:31:16 +0000] "GET /products/132bh27255 HTTP/1.1" 404 65127 "-" "Mozilla/5.0 AppleWebKit/537.36 (KHTML, like Gecko; compatible; GPTBot/1.2; +https://openai.com/gptbot)"
cashforcarsallen.com.infinitibizsol.com:443
173.212.217.36 - - [10/Jun/2025:09:31:19 +0000] "GET /wp-login.php HTTP/1.1" 200 5025 "-" "Mozilla/5.0 (Windows NT 10.0; Win64; x64) AppleWebKit/537.36 (KHTML, like Gecko) Chrome/130.0.0.0 Safari/537.36"
cashforcarsallen.com.infinitibizsol.com:443
20.171.207.97 - - [10/Jun/2025:09:31:21 +0000] "GET /products/193pg30250 HTTP/1.1" 404 65127 "-" "Mozilla/5.0 AppleWebKit/537.36 (KHTML, like Gecko; compatible; GPTBot/1.2; +https://openai.com/gptbot)"
cashforcarsallen.com.infinitibizsol.com:443
173.212.217.36 - - [10/Jun/2025:09:31:24 +0000] "POST /wp-login.php HTTP/1.1" 200 5025 "https://cashforcarsallen.com/wp-login.php" "Mozilla/5.0 (Windows NT 10.0; Win64; x64) AppleWebKit/537.36 (KHTML, like Gecko) Chrome/130.0.0.0 Safari/537.36"
cashforcarsallen.com.infinitibizsol.com:443
20.171.207.97 - - [10/Jun/2025:09:31:27 +0000] "GET /products/125yh44234 HTTP/1.1" 404 65127 "-" "Mozilla/5.0 AppleWebKit/537.36 (KHTML, like Gecko; compatible; GPTBot/1.2; +https://openai.com/gptbot)"
cashforcarsallen.com.infinitibizsol.com:443
20.171.207.97 - - [10/Jun/2025:09:31:32 +0000] "GET /products/191bi27116 HTTP/1.1" 404 65127 "-" "Mozilla/5.0 AppleWebKit/537.36 (KHTML, like Gecko; compatible; GPTBot/1.2; +https://openai.com/gptbot)"
cashforcarsallen.com.infinitibizsol.com:443
45.141.215.55 - - [10/Jun/2025:09:31:34 +0000] "GET /xmlrpc.php HTTP/1.1" 404 77268 "-" "Python/3.13 aiohttp/3.11.18"
cashforcarsallen.com.infinitibizsol.com:443
20.171.207.97 - - [10/Jun/2025:09:31:37 +0000] "GET /products/208cr20265 HTTP/1.1" 404 32359 "-" "Mozilla/5.0 AppleWebKit/537.36 (KHTML, like Gecko; compatible; GPTBot/1.2; +https://openai.com/gptbot)"
cashforcarsallen.com.infinitibizsol.com:443
216.172.172.35 - - [10/Jun/2025:09:31:39 +0000] "GET /wp-login.php HTTP/1.1" 200 5025 "-" "Mozilla/5.0 (Windows NT 10.0; Win64; x64) AppleWebKit/537.36 (KHTML, like Gecko) Chrome/130.0.0.0 Safari/537.36"
cashforcarsallen.com.infinitibizsol.com:443
20.171.207.97 - - [10/Jun/2025:09:31:43 +0000] "GET /products/300zx27783 HTTP/1.1" 404 65127 "-" "Mozilla/5.0 AppleWebKit/537.36 (KHTML, like Gecko; compatible; GPTBot/1.2; +https://openai.com/gptbot)"
cashforcarsallen.com.infinitibizsol.com:443
216.172.172.35 - - [10/Jun/2025:09:31:45 +0000] "POST /wp-login.php HTTP/1.1" 200 5025 "https://cashforcarsallen.com/wp-login.php" "Mozilla/5.0 (Windows NT 10.0; Win64; x64) AppleWebKit/537.36 (KHTML, like Gecko) Chrome/130.0.0.0 Safari/537.36"
cashforcarsallen.com.infinitibizsol.com:443
20.171.207.97 - - [10/Jun/2025:09:31:48 +0000] "GET /products/134bo39031 HTTP/1.1" 404 32359 "-" "Mozilla/5.0 AppleWebKit/537.36 (KHTML, like Gecko; compatible; GPTBot/1.2; +https://openai.com/gptbot)"
cashforcarsallen.com.infinitibizsol.com:443
162.0.223.40 - - [10/Jun/2025:09:31:52 +0000] "POST /wp-cron.php?doing_wp_cron=1749547911.8171889781951904296875 HTTP/1.1" 499 0 "-" "WordPress/6.8.1; https://cashforcarsallen.com"
cashforcarsallen.com.infinitibizsol.com:443
92.205.20.105 - - [10/Jun/2025:09:31:52 +0000] "GET /wp-login.php HTTP/1.1" 200 5025 "-" "Mozilla/5.0 (Windows NT 10.0; Win64; x64) AppleWebKit/537.36 (KHTML, like Gecko) Chrome/130.0.0.0 Safari/537.36"
cashforcarsallen.com.infinitibizsol.com:443
162.0.223.40 - - [10/Jun/2025:09:31:53 +0000] "POST /wp-cron.php?doing_wp_cron=1749547912.7499248981475830078125 HTTP/1.1" 499 0 "-" "WordPress/6.8.1; https://cashforcarsallen.com"
cashforcarsallen.com.infinitibizsol.com:443
20.171.207.97 - - [10/Jun/2025:09:31:54 +0000] "GET /products/107oo47282 HTTP/1.1" 404 32359 "-" "Mozilla/5.0 AppleWebKit/537.36 (KHTML, like Gecko; compatible; GPTBot/1.2; +https://openai.com/gptbot)"
cashforcarsallen.com.infinitibizsol.com:443
92.205.20.105 - - [10/Jun/2025:09:31:58 +0000] "POST /wp-login.php HTTP/1.1" 200 5025 "https://cashforcarsallen.com/wp-login.php" "Mozilla/5.0 (Windows NT 10.0; Win64; x64) AppleWebKit/537.36 (KHTML, like Gecko) Chrome/130.0.0.0 Safari/537.36"
cashforcarsallen.com.infinitibizsol.com:443
20.171.207.97 - - [10/Jun/2025:09:31:59 +0000] "GET /products/284ok22169 HTTP/1.1" 404 77284 "-" "Mozilla/5.0 AppleWebKit/537.36 (KHTML, like Gecko; compatible; GPTBot/1.2; +https://openai.com/gptbot)"
cashforcarsallen.com.infinitibizsol.com:443
20.171.207.97 - - [10/Jun/2025:09:32:03 +0000] "GET /products/141qb30838 HTTP/1.1" 404 77261 "-" "Mozilla/5.0 AppleWebKit/537.36 (KHTML, like Gecko; compatible; GPTBot/1.2; +https://openai.com/gptbot)"
cashforcarsallen.com.infinitibizsol.com:80
93.90.74.28 - - [10/Jun/2025:09:32:05 +0000] "GET /wp-config.phped HTTP/1.1" 404 77237 "-" "Mozilla/5.0 (iPhone; CPU iPhone OS 17_6_1 like Mac OS X) AppleWebKit/605.1.15 (KHTML, like Gecko) Version/17.6 Mobile/15E148 Safari/604.1"
cashforcarsallen.com.infinitibizsol.com:443
103.231.202.90 - - [10/Jun/2025:09:32:07 +0000] "GET /wp-login.php HTTP/1.1" 200 5025 "-" "Mozilla/5.0 (Windows NT 10.0; Win64; x64) AppleWebKit/537.36 (KHTML, like Gecko) Chrome/130.0.0.0 Safari/537.36"
cashforcarsallen.com.infinitibizsol.com:443
20.171.207.97 - - [10/Jun/2025:09:32:09 +0000] "GET /products/268na22351 HTTP/1.1" 404 65127 "-" "Mozilla/5.0 AppleWebKit/537.36 (KHTML, like Gecko; compatible; GPTBot/1.2; +https://openai.com/gptbot)"
cashforcarsallen.com.infinitibizsol.com:80
93.90.74.28 - - [10/Jun/2025:09:32:12 +0000] "GET /wp-config.php.org HTTP/1.1" 404 77253 "-" "Mozilla/5.0 (iPhone; CPU iPhone OS 17_6_1 like Mac OS X) AppleWebKit/605.1.15 (KHTML, like Gecko) Version/17.6 Mobile/15E148 Safari/604.1"
cashforcarsallen.com.infinitibizsol.com:443
20.171.207.97 - - [10/Jun/2025:09:32:14 +0000] "GET /products/146dl48855 HTTP/1.1" 404 32359 "-" "Mozilla/5.0 AppleWebKit/537.36 (KHTML, like Gecko; compatible; GPTBot/1.2; +https://openai.com/gptbot)"
cashforcarsallen.com.infinitibizsol.com:443
103.231.202.90 - - [10/Jun/2025:09:32:15 +0000] "POST /wp-login.php HTTP/1.1" 200 5025 "https://cashforcarsallen.com/wp-login.php" "Mozilla/5.0 (Windows NT 10.0; Win64; x64) AppleWebKit/537.36 (KHTML, like Gecko) Chrome/130.0.0.0 Safari/537.36"
cashforcarsallen.com.infinitibizsol.com:80
93.90.74.28 - - [10/Jun/2025:09:32:19 +0000] "GET /wp-config.php_old2017 HTTP/1.1" 404 77230 "-" "Mozilla/5.0 (iPhone; CPU iPhone OS 17_6_1 like Mac OS X) AppleWebKit/605.1.15 (KHTML, like Gecko) Version/17.6 Mobile/15E148 Safari/604.1"
cashforcarsallen.com.infinitibizsol.com:443
20.171.207.97 - - [10/Jun/2025:09:32:19 +0000] "GET /products/245vr43840 HTTP/1.1" 404 65127 "-" "Mozilla/5.0 AppleWebKit/537.36 (KHTML, like Gecko; compatible; GPTBot/1.2; +https://openai.com/gptbot)"
cashforcarsallen.com.infinitibizsol.com:443
20.171.207.97 - - [10/Jun/2025:09:32:24 +0000] "GET /products/222fm27073 HTTP/1.1" 404 65127 "-" "Mozilla/5.0 AppleWebKit/537.36 (KHTML, like Gecko; compatible; GPTBot/1.2; +https://openai.com/gptbot)"
cashforcarsallen.com.infinitibizsol.com:80
93.90.74.28 - - [10/Jun/2025:09:32:26 +0000] "GET /wp-config.php_old2018 HTTP/1.1" 404 77237 "-" "Mozilla/5.0 (iPhone; CPU iPhone OS 17_6_1 like Mac OS X) AppleWebKit/605.1.15 (KHTML, like Gecko) Version/17.6 Mobile/15E148 Safari/604.1"
cashforcarsallen.com.infinitibizsol.com:443
20.171.207.97 - - [10/Jun/2025:09:32:29 +0000] "GET /products/208cr20265 HTTP/1.1" 404 65127 "-" "Mozilla/5.0 AppleWebKit/537.36 (KHTML, like Gecko; compatible; GPTBot/1.2; +https://openai.com/gptbot)"
cashforcarsallen.com.infinitibizsol.com:80
185.40.4.22 - - [10/Jun/2025:09:32:32 +0000] "GET /wp-config.php_old2019 HTTP/1.1" 404 77245 "-" "Mozilla/5.0 (iPhone; CPU iPhone OS 17_6_1 like Mac OS X) AppleWebKit/605.1.15 (KHTML, like Gecko) Version/17.6 Mobile/15E148 Safari/604.1"
cashforcarsallen.com.infinitibizsol.com:443
20.171.207.97 - - [10/Jun/2025:09:32:35 +0000] "GET /products/220el46999 HTTP/1.1" 404 65127 "-" "Mozilla/5.0 AppleWebKit/537.36 (KHTML, like Gecko; compatible; GPTBot/1.2; +https://openai.com/gptbot)"
cashforcarsallen.com.infinitibizsol.com:80
185.40.4.22 - - [10/Jun/2025:09:32:38 +0000] "GET /wp-config.php_old2020 HTTP/1.1" 404 77237 "-" "Mozilla/5.0 (iPhone; CPU iPhone OS 17_6_1 like Mac OS X) AppleWebKit/605.1.15 (KHTML, like Gecko) Version/17.6 Mobile/15E148 Safari/604.1"
cashforcarsallen.com.infinitibizsol.com:443
20.171.207.97 - - [10/Jun/2025:09:32:39 +0000] "GET /products/276vn28881 HTTP/1.1" 404 32359 "-" "Mozilla/5.0 AppleWebKit/537.36 (KHTML, like Gecko; compatible; GPTBot/1.2; +https://openai.com/gptbot)"
cashforcarsallen.com.infinitibizsol.com:443
51.68.229.140 - - [10/Jun/2025:09:32:43 +0000] "GET /wp-login.php HTTP/1.1" 200 5025 "-" "Mozilla/5.0 (Windows NT 10.0; Win64; x64) AppleWebKit/537.36 (KHTML, like Gecko) Chrome/130.0.0.0 Safari/537.36"
cashforcarsallen.com.infinitibizsol.com:80
185.220.101.23 - - [10/Jun/2025:09:32:44 +0000] "GET /testconnect.php~ HTTP/1.1" 404 77237 "-" "Mozilla/5.0 (iPhone; CPU iPhone OS 17_6_1 like Mac OS X) AppleWebKit/605.1.15 (KHTML, like Gecko) Version/17.6 Mobile/15E148 Safari/604.1"
cashforcarsallen.com.infinitibizsol.com:443
20.171.207.97 - - [10/Jun/2025:09:32:44 +0000] "GET /products/205vm44428 HTTP/1.1" 404 65127 "-" "Mozilla/5.0 AppleWebKit/537.36 (KHTML, like Gecko; compatible; GPTBot/1.2; +https://openai.com/gptbot)"
cashforcarsallen.com.infinitibizsol.com:443
20.171.207.97 - - [10/Jun/2025:09:32:49 +0000] "GET /products/111jr15808 HTTP/1.1" 404 77261 "-" "Mozilla/5.0 AppleWebKit/537.36 (KHTML, like Gecko; compatible; GPTBot/1.2; +https://openai.com/gptbot)"
cashforcarsallen.com.infinitibizsol.com:443
51.68.229.140 - - [10/Jun/2025:09:32:49 +0000] "POST /wp-login.php HTTP/1.1" 200 5025 "https://cashforcarsallen.com/wp-login.php" "Mozilla/5.0 (Windows NT 10.0; Win64; x64) AppleWebKit/537.36 (KHTML, like Gecko) Chrome/130.0.0.0 Safari/537.36"
cashforcarsallen.com.infinitibizsol.com:80
185.220.100.241 - - [10/Jun/2025:09:32:49 +0000] "GET /wp-config.php-bak HTTP/1.1" 404 77230 "-" "Mozilla/5.0 (iPhone; CPU iPhone OS 17_6_1 like Mac OS X) AppleWebKit/605.1.15 (KHTML, like Gecko) Version/17.6 Mobile/15E148 Safari/604.1"
cashforcarsallen.com.infinitibizsol.com:443
20.171.207.97 - - [10/Jun/2025:09:32:52 +0000] "GET /products/132kb44403 HTTP/1.1" 404 65127 "-" "Mozilla/5.0 AppleWebKit/537.36 (KHTML, like Gecko; compatible; GPTBot/1.2; +https://openai.com/gptbot)"
cashforcarsallen.com.infinitibizsol.com:443
162.0.223.40 - - [10/Jun/2025:09:32:57 +0000] "POST /wp-cron.php?doing_wp_cron=1749547976.3672699928283691406250 HTTP/1.1" 499 0 "-" "WordPress/6.8.1; https://cashforcarsallen.com"
cashforcarsallen.com.infinitibizsol.com:443
54.36.95.199 - - [10/Jun/2025:09:32:57 +0000] "GET /wp-login.php HTTP/1.1" 200 5025 "-" "Mozilla/5.0 (Windows NT 10.0; Win64; x64) AppleWebKit/537.36 (KHTML, like Gecko) Chrome/130.0.0.0 Safari/537.36"
cashforcarsallen.com.infinitibizsol.com:443
162.0.223.40 - - [10/Jun/2025:09:32:57 +0000] "POST /wp-cron.php?doing_wp_cron=1749547976.6403310298919677734375 HTTP/1.1" 499 0 "-" "WordPress/6.8.1; https://cashforcarsallen.com"
cashforcarsallen.com.infinitibizsol.com:80
162.0.223.40 - - [10/Jun/2025:09:32:58 +0000] "POST /wp-cron.php?doing_wp_cron=1749547977.2930281162261962890625 HTTP/1.1" 499 0 "-" "WordPress/6.8.1; https://cashforcarsallen.com"
cashforcarsallen.com.infinitibizsol.com:443
20.171.207.97 - - [10/Jun/2025:09:32:58 +0000] "GET /products/146io40333 HTTP/1.1" 404 65127 "-" "Mozilla/5.0 AppleWebKit/537.36 (KHTML, like Gecko; compatible; GPTBot/1.2; +https://openai.com/gptbot)"
cashforcarsallen.com.infinitibizsol.com:80
185.220.100.250 - - [10/Jun/2025:09:32:58 +0000] "GET /wp-config.php_bk HTTP/1.1" 404 77237 "-" "Mozilla/5.0 (iPhone; CPU iPhone OS 17_6_1 like Mac OS X) AppleWebKit/605.1.15 (KHTML, like Gecko) Version/17.6 Mobile/15E148 Safari/604.1"
cashforcarsallen.com.infinitibizsol.com:443
54.36.95.199 - - [10/Jun/2025:09:33:02 +0000] "POST /wp-login.php HTTP/1.1" 200 5025 "https://cashforcarsallen.com/wp-login.php" "Mozilla/5.0 (Windows NT 10.0; Win64; x64) AppleWebKit/537.36 (KHTML, like Gecko) Chrome/130.0.0.0 Safari/537.36"
cashforcarsallen.com.infinitibizsol.com:443
20.171.207.97 - - [10/Jun/2025:09:33:02 +0000] "GET /products/182rt27779 HTTP/1.1" 404 77268 "-" "Mozilla/5.0 AppleWebKit/537.36 (KHTML, like Gecko; compatible; GPTBot/1.2; +https://openai.com/gptbot)"
cashforcarsallen.com.infinitibizsol.com:443
20.171.207.97 - - [10/Jun/2025:09:33:06 +0000] "GET /products/259no35666 HTTP/1.1" 404 32359 "-" "Mozilla/5.0 AppleWebKit/537.36 (KHTML, like Gecko; compatible; GPTBot/1.2; +https://openai.com/gptbot)"
cashforcarsallen.com.infinitibizsol.com:443
20.171.207.97 - - [10/Jun/2025:09:33:10 +0000] "GET /products/278aw33317 HTTP/1.1" 404 65127 "-" "Mozilla/5.0 AppleWebKit/537.36 (KHTML, like Gecko; compatible; GPTBot/1.2; +https://openai.com/gptbot)"
cashforcarsallen.com.infinitibizsol.com:443
20.171.207.97 - - [10/Jun/2025:09:33:14 +0000] "GET /products/137my29998 HTTP/1.1" 404 65127 "-" "Mozilla/5.0 AppleWebKit/537.36 (KHTML, like Gecko; compatible; GPTBot/1.2; +https://openai.com/gptbot)"
cashforcarsallen.com.infinitibizsol.com:443
62.146.234.58 - - [10/Jun/2025:09:33:14 +0000] "GET /wp-login.php HTTP/1.1" 200 5025 "-" "Mozilla/5.0 (Windows NT 10.0; Win64; x64) AppleWebKit/537.36 (KHTML, like Gecko) Chrome/130.0.0.0 Safari/537.36"
cashforcarsallen.com.infinitibizsol.com:443
20.171.207.97 - - [10/Jun/2025:09:33:18 +0000] "GET /products/235kh12888 HTTP/1.1" 404 65127 "-" "Mozilla/5.0 AppleWebKit/537.36 (KHTML, like Gecko; compatible; GPTBot/1.2; +https://openai.com/gptbot)"
cashforcarsallen.com.infinitibizsol.com:443
62.146.234.58 - - [10/Jun/2025:09:33:20 +0000] "POST /wp-login.php HTTP/1.1" 200 5025 "https://cashforcarsallen.com/wp-login.php" "Mozilla/5.0 (Windows NT 10.0; Win64; x64) AppleWebKit/537.36 (KHTML, like Gecko) Chrome/130.0.0.0 Safari/537.36"
cashforcarsallen.com.infinitibizsol.com:443
20.171.207.97 - - [10/Jun/2025:09:33:22 +0000] "GET /products/119ih31888 HTTP/1.1" 404 65127 "-" "Mozilla/5.0 AppleWebKit/537.36 (KHTML, like Gecko; compatible; GPTBot/1.2; +https://openai.com/gptbot)"
cashforcarsallen.com.infinitibizsol.com:443
20.171.207.97 - - [10/Jun/2025:09:33:26 +0000] "GET /products/215xd39222 HTTP/1.1" 404 65127 "-" "Mozilla/5.0 AppleWebKit/537.36 (KHTML, like Gecko; compatible; GPTBot/1.2; +https://openai.com/gptbot)"
cashforcarsallen.com.infinitibizsol.com:443
50.87.170.84 - - [10/Jun/2025:09:33:27 +0000] "GET /wp-login.php HTTP/1.1" 200 5025 "-" "Mozilla/5.0 (Windows NT 10.0; Win64; x64) AppleWebKit/537.36 (KHTML, like Gecko) Chrome/130.0.0.0 Safari/537.36"
cashforcarsallen.com.infinitibizsol.com:443
20.171.207.97 - - [10/Jun/2025:09:33:30 +0000] "GET /products/267os44496 HTTP/1.1" 404 65127 "-" "Mozilla/5.0 AppleWebKit/537.36 (KHTML, like Gecko; compatible; GPTBot/1.2; +https://openai.com/gptbot)"
cashforcarsallen.com.infinitibizsol.com:443
50.87.170.84 - - [10/Jun/2025:09:33:32 +0000] "POST /wp-login.php HTTP/1.1" 200 5025 "https://cashforcarsallen.com/wp-login.php" "Mozilla/5.0 (Windows NT 10.0; Win64; x64) AppleWebKit/537.36 (KHTML, like Gecko) Chrome/130.0.0.0 Safari/537.36"
cashforcarsallen.com.infinitibizsol.com:443
20.171.207.97 - - [10/Jun/2025:09:33:34 +0000] "GET /products/220ai11129 HTTP/1.1" 404 65127 "-" "Mozilla/5.0 AppleWebKit/537.36 (KHTML, like Gecko; compatible; GPTBot/1.2; +https://openai.com/gptbot)"
cashforcarsallen.com.infinitibizsol.com:443
20.171.207.97 - - [10/Jun/2025:09:33:38 +0000] "GET /products/161vy18886 HTTP/1.1" 404 65127 "-" "Mozilla/5.0 AppleWebKit/537.36 (KHTML, like Gecko; compatible; GPTBot/1.2; +https://openai.com/gptbot)"
cashforcarsallen.com.infinitibizsol.com:443
20.171.207.97 - - [10/Jun/2025:09:33:42 +0000] "GET /products/222zi16619 HTTP/1.1" 404 65127 "-" "Mozilla/5.0 AppleWebKit/537.36 (KHTML, like Gecko; compatible; GPTBot/1.2; +https://openai.com/gptbot)"
cashforcarsallen.com.infinitibizsol.com:443
20.171.207.97 - - [10/Jun/2025:09:33:47 +0000] "GET /products/194qq17773 HTTP/1.1" 404 65127 "-" "Mozilla/5.0 AppleWebKit/537.36 (KHTML, like Gecko; compatible; GPTBot/1.2; +https://openai.com/gptbot)"
cashforcarsallen.com.infinitibizsol.com:443
198.154.250.110 - - [10/Jun/2025:09:33:49 +0000] "GET /wp-login.php HTTP/1.1" 200 5025 "-" "Mozilla/5.0 (Windows NT 10.0; Win64; x64) AppleWebKit/537.36 (KHTML, like Gecko) Chrome/130.0.0.0 Safari/537.36"
cashforcarsallen.com.infinitibizsol.com:443
20.171.207.97 - - [10/Jun/2025:09:33:52 +0000] "GET /products/111go24416 HTTP/1.1" 404 32359 "-" "Mozilla/5.0 AppleWebKit/537.36 (KHTML, like Gecko; compatible; GPTBot/1.2; +https://openai.com/gptbot)"
cashforcarsallen.com.infinitibizsol.com:443
198.154.250.110 - - [10/Jun/2025:09:33:54 +0000] "POST /wp-login.php HTTP/1.1" 200 5025 "https://cashforcarsallen.com/wp-login.php" "Mozilla/5.0 (Windows NT 10.0; Win64; x64) AppleWebKit/537.36 (KHTML, like Gecko) Chrome/130.0.0.0 Safari/537.36"
cashforcarsallen.com.infinitibizsol.com:443
20.171.207.97 - - [10/Jun/2025:09:33:56 +0000] "GET /products/147ch16222 HTTP/1.1" 404 65127 "-" "Mozilla/5.0 AppleWebKit/537.36 (KHTML, like Gecko; compatible; GPTBot/1.2; +https://openai.com/gptbot)"
cashforcarsallen.com.infinitibizsol.com:443
162.0.223.40 - - [10/Jun/2025:09:34:02 +0000] "POST /wp-cron.php?doing_wp_cron=1749548041.0336980819702148437500 HTTP/1.1" 499 0 "-" "WordPress/6.8.1; https://cashforcarsallen.com"
cashforcarsallen.com.infinitibizsol.com:443
162.0.223.40 - - [10/Jun/2025:09:34:02 +0000] "POST /wp-cron.php?doing_wp_cron=1749548041.1584389209747314453125 HTTP/1.1" 499 0 "-" "WordPress/6.8.1; https://cashforcarsallen.com"
cashforcarsallen.com.infinitibizsol.com:443
216.172.161.15 - - [10/Jun/2025:09:34:02 +0000] "GET /wp-login.php HTTP/1.1" 200 5025 "-" "Mozilla/5.0 (Windows NT 10.0; Win64; x64) AppleWebKit/537.36 (KHTML, like Gecko) Chrome/130.0.0.0 Safari/537.36"
cashforcarsallen.com.infinitibizsol.com:443
20.171.207.97 - - [10/Jun/2025:09:34:02 +0000] "GET /products/225iq44494 HTTP/1.1" 404 65127 "-" "Mozilla/5.0 AppleWebKit/537.36 (KHTML, like Gecko; compatible; GPTBot/1.2; +https://openai.com/gptbot)"
cashforcarsallen.com.infinitibizsol.com:443
216.172.161.15 - - [10/Jun/2025:09:34:07 +0000] "POST /wp-login.php HTTP/1.1" 200 5025 "https://cashforcarsallen.com/wp-login.php" "Mozilla/5.0 (Windows NT 10.0; Win64; x64) AppleWebKit/537.36 (KHTML, like Gecko) Chrome/130.0.0.0 Safari/537.36"
cashforcarsallen.com.infinitibizsol.com:443
20.171.207.97 - - [10/Jun/2025:09:34:07 +0000] "GET /products/253ld30444 HTTP/1.1" 404 65127 "-" "Mozilla/5.0 AppleWebKit/537.36 (KHTML, like Gecko; compatible; GPTBot/1.2; +https://openai.com/gptbot)"
cashforcarsallen.com.infinitibizsol.com:443
20.171.207.97 - - [10/Jun/2025:09:34:11 +0000] "GET /products/294ko33327 HTTP/1.1" 404 65127 "-" "Mozilla/5.0 AppleWebKit/537.36 (KHTML, like Gecko; compatible; GPTBot/1.2; +https://openai.com/gptbot)"
cashforcarsallen.com.infinitibizsol.com:443
20.171.207.97 - - [10/Jun/2025:09:34:15 +0000] "GET /products/222vr15603 HTTP/1.1" 404 65127 "-" "Mozilla/5.0 AppleWebKit/537.36 (KHTML, like Gecko; compatible; GPTBot/1.2; +https://openai.com/gptbot)"
cashforcarsallen.com.infinitibizsol.com:443
20.171.207.97 - - [10/Jun/2025:09:34:19 +0000] "GET /products/111iy16290 HTTP/1.1" 404 65127 "-" "Mozilla/5.0 AppleWebKit/537.36 (KHTML, like Gecko; compatible; GPTBot/1.2; +https://openai.com/gptbot)"
cashforcarsallen.com.infinitibizsol.com:443
20.171.207.97 - - [10/Jun/2025:09:34:24 +0000] "GET /products/127gx10002 HTTP/1.1" 404 65127 "-" "Mozilla/5.0 AppleWebKit/537.36 (KHTML, like Gecko; compatible; GPTBot/1.2; +https://openai.com/gptbot)"
cashforcarsallen.com.infinitibizsol.com:443
20.171.207.97 - - [10/Jun/2025:09:34:29 +0000] "GET /products/184um43339 HTTP/1.1" 404 32359 "-" "Mozilla/5.0 AppleWebKit/537.36 (KHTML, like Gecko; compatible; GPTBot/1.2; +https://openai.com/gptbot)"
cashforcarsallen.com.infinitibizsol.com:443
20.171.207.97 - - [10/Jun/2025:09:34:33 +0000] "GET /products/109bh32666 HTTP/1.1" 404 65127 "-" "Mozilla/5.0 AppleWebKit/537.36 (KHTML, like Gecko; compatible; GPTBot/1.2; +https://openai.com/gptbot)"
cashforcarsallen.com.infinitibizsol.com:443
20.171.207.97 - - [10/Jun/2025:09:34:38 +0000] "GET /products/256ko33365 HTTP/1.1" 404 77268 "-" "Mozilla/5.0 AppleWebKit/537.36 (KHTML, like Gecko; compatible; GPTBot/1.2; +https://openai.com/gptbot)"
cashforcarsallen.com.infinitibizsol.com:443
162.240.224.39 - - [10/Jun/2025:09:34:41 +0000] "GET /wp-login.php HTTP/1.1" 200 5025 "-" "Mozilla/5.0 (Windows NT 10.0; Win64; x64) AppleWebKit/537.36 (KHTML, like Gecko) Chrome/130.0.0.0 Safari/537.36"
cashforcarsallen.com.infinitibizsol.com:443
20.171.207.97 - - [10/Jun/2025:09:34:42 +0000] "GET /products/222eo28387 HTTP/1.1" 404 65127 "-" "Mozilla/5.0 AppleWebKit/537.36 (KHTML, like Gecko; compatible; GPTBot/1.2; +https://openai.com/gptbot)"
cashforcarsallen.com.infinitibizsol.com:443
162.240.224.39 - - [10/Jun/2025:09:34:46 +0000] "POST /wp-login.php HTTP/1.1" 200 5025 "https://cashforcarsallen.com/wp-login.php" "Mozilla/5.0 (Windows NT 10.0; Win64; x64) AppleWebKit/537.36 (KHTML, like Gecko) Chrome/130.0.0.0 Safari/537.36"
cashforcarsallen.com.infinitibizsol.com:443
20.171.207.97 - - [10/Jun/2025:09:34:47 +0000] "GET /products/110kq10003 HTTP/1.1" 404 65127 "-" "Mozilla/5.0 AppleWebKit/537.36 (KHTML, like Gecko; compatible; GPTBot/1.2; +https://openai.com/gptbot)"
cashforcarsallen.com.infinitibizsol.com:443
20.171.207.97 - - [10/Jun/2025:09:34:52 +0000] "GET /products/244ab39777 HTTP/1.1" 404 65127 "-" "Mozilla/5.0 AppleWebKit/537.36 (KHTML, like Gecko; compatible; GPTBot/1.2; +https://openai.com/gptbot)"
cashforcarsallen.com.infinitibizsol.com:443
198.204.226.18 - - [10/Jun/2025:09:34:54 +0000] "GET /wp-includes/admin.php HTTP/1.1" 499 0 "https://cashforcarsallen.com/wp-includes/admin.php" "Mozilla/5.0 (Windows NT 10.0; Win64; x64) AppleWebKit/537.36 (KHTML, like Gecko) Chrome/58.0.3029.110 Safari/537.3"
cashforcarsallen.com.infinitibizsol.com:443
74.208.58.195 - - [10/Jun/2025:09:34:54 +0000] "GET /wp-login.php HTTP/1.1" 200 5025 "-" "Mozilla/5.0 (Windows NT 10.0; Win64; x64) AppleWebKit/537.36 (KHTML, like Gecko) Chrome/130.0.0.0 Safari/537.36"
cashforcarsallen.com.infinitibizsol.com:443
20.171.207.97 - - [10/Jun/2025:09:34:56 +0000] "GET /products/153sx22232 HTTP/1.1" 404 65127 "-" "Mozilla/5.0 AppleWebKit/537.36 (KHTML, like Gecko; compatible; GPTBot/1.2; +https://openai.com/gptbot)"
cashforcarsallen.com.infinitibizsol.com:443
74.208.58.195 - - [10/Jun/2025:09:35:00 +0000] "POST /wp-login.php HTTP/1.1" 200 5025 "https://cashforcarsallen.com/wp-login.php" "Mozilla/5.0 (Windows NT 10.0; Win64; x64) AppleWebKit/537.36 (KHTML, like Gecko) Chrome/130.0.0.0 Safari/537.36"
cashforcarsallen.com.infinitibizsol.com:443
20.171.207.97 - - [10/Jun/2025:09:35:01 +0000] "GET /products/261kk40222 HTTP/1.1" 404 65127 "-" "Mozilla/5.0 AppleWebKit/537.36 (KHTML, like Gecko; compatible; GPTBot/1.2; +https://openai.com/gptbot)"
cashforcarsallen.com.infinitibizsol.com:443
198.204.226.18 - - [10/Jun/2025:09:35:04 +0000] "GET /wp-includes/admin.php HTTP/1.1" 200 16 "https://cashforcarsallen.com/wp-includes/admin.php" "Mozilla/5.0 (Windows NT 10.0; Win64; x64) AppleWebKit/537.36 (KHTML, like Gecko) Chrome/58.0.3029.110 Safari/537.3"
cashforcarsallen.com.infinitibizsol.com:443
162.0.223.40 - - [10/Jun/2025:09:35:08 +0000] "POST /wp-cron.php?doing_wp_cron=1749548107.7936019897460937500000 HTTP/1.1" 499 0 "-" "WordPress/6.8.1; https://cashforcarsallen.com"
cashforcarsallen.com.infinitibizsol.com:443
20.171.207.97 - - [10/Jun/2025:09:35:09 +0000] "GET /products/157qd11150 HTTP/1.1" 404 65127 "-" "Mozilla/5.0 AppleWebKit/537.36 (KHTML, like Gecko; compatible; GPTBot/1.2; +https://openai.com/gptbot)"
cashforcarsallen.com.infinitibizsol.com:443
20.171.207.97 - - [10/Jun/2025:09:35:15 +0000] "GET /products/141lv19998 HTTP/1.1" 404 65127 "-" "Mozilla/5.0 AppleWebKit/537.36 (KHTML, like Gecko; compatible; GPTBot/1.2; +https://openai.com/gptbot)"
cashforcarsallen.com.infinitibizsol.com:443
192.185.176.140 - - [10/Jun/2025:09:35:16 +0000] "GET /wp-login.php HTTP/1.1" 200 5025 "-" "Mozilla/5.0 (Windows NT 10.0; Win64; x64) AppleWebKit/537.36 (KHTML, like Gecko) Chrome/130.0.0.0 Safari/537.36"
cashforcarsallen.com.infinitibizsol.com:443
20.171.207.97 - - [10/Jun/2025:09:35:20 +0000] "GET /products/156dg48885 HTTP/1.1" 404 65127 "-" "Mozilla/5.0 AppleWebKit/537.36 (KHTML, like Gecko; compatible; GPTBot/1.2; +https://openai.com/gptbot)"
cashforcarsallen.com.infinitibizsol.com:443
192.185.176.140 - - [10/Jun/2025:09:35:22 +0000] "POST /wp-login.php HTTP/1.1" 200 5025 "https://cashforcarsallen.com/wp-login.php" "Mozilla/5.0 (Windows NT 10.0; Win64; x64) AppleWebKit/537.36 (KHTML, like Gecko) Chrome/130.0.0.0 Safari/537.36"
cashforcarsallen.com.infinitibizsol.com:443
20.171.207.97 - - [10/Jun/2025:09:35:25 +0000] "GET /products/222wk43983 HTTP/1.1" 404 32359 "-" "Mozilla/5.0 AppleWebKit/537.36 (KHTML, like Gecko; compatible; GPTBot/1.2; +https://openai.com/gptbot)"
cashforcarsallen.com.infinitibizsol.com:443
20.171.207.97 - - [10/Jun/2025:09:35:30 +0000] "GET /products/123gx10006 HTTP/1.1" 404 32359 "-" "Mozilla/5.0 AppleWebKit/537.36 (KHTML, like Gecko; compatible; GPTBot/1.2; +https://openai.com/gptbot)"
cashforcarsallen.com.infinitibizsol.com:443
198.204.226.18 - - [10/Jun/2025:09:35:32 +0000] "GET /wp-includes/admin.php HTTP/1.1" 200 16 "https://cashforcarsallen.com/wp-includes/admin.php" "Mozilla/5.0 (Windows NT 10.0; Win64; x64) AppleWebKit/537.36 (KHTML, like Gecko) Chrome/58.0.3029.110 Safari/537.3"
cashforcarsallen.com.infinitibizsol.com:443
54.36.95.199 - - [10/Jun/2025:09:35:33 +0000] "GET /wp-login.php HTTP/1.1" 200 5025 "-" "Mozilla/5.0 (Windows NT 10.0; Win64; x64) AppleWebKit/537.36 (KHTML, like Gecko) Chrome/130.0.0.0 Safari/537.36"
cashforcarsallen.com.infinitibizsol.com:443
20.171.207.97 - - [10/Jun/2025:09:35:35 +0000] "GET /products/111nm47588 HTTP/1.1" 404 65127 "-" "Mozilla/5.0 AppleWebKit/537.36 (KHTML, like Gecko; compatible; GPTBot/1.2; +https://openai.com/gptbot)"
cashforcarsallen.com.infinitibizsol.com:443
54.36.95.199 - - [10/Jun/2025:09:35:39 +0000] "POST /wp-login.php HTTP/1.1" 200 5025 "https://cashforcarsallen.com/wp-login.php" "Mozilla/5.0 (Windows NT 10.0; Win64; x64) AppleWebKit/537.36 (KHTML, like Gecko) Chrome/130.0.0.0 Safari/537.36"
cashforcarsallen.com.infinitibizsol.com:443
20.171.207.97 - - [10/Jun/2025:09:35:40 +0000] "GET /products/243sd27778 HTTP/1.1" 404 65127 "-" "Mozilla/5.0 AppleWebKit/537.36 (KHTML, like Gecko; compatible; GPTBot/1.2; +https://openai.com/gptbot)"
cashforcarsallen.com.infinitibizsol.com:443
20.171.207.97 - - [10/Jun/2025:09:35:45 +0000] "GET /products/222th13659 HTTP/1.1" 404 65127 "-" "Mozilla/5.0 AppleWebKit/537.36 (KHTML, like Gecko; compatible; GPTBot/1.2; +https://openai.com/gptbot)"
cashforcarsallen.com.infinitibizsol.com:443
20.171.207.97 - - [10/Jun/2025:09:35:50 +0000] "GET /products/113ox33304 HTTP/1.1" 404 65127 "-" "Mozilla/5.0 AppleWebKit/537.36 (KHTML, like Gecko; compatible; GPTBot/1.2; +https://openai.com/gptbot)"
cashforcarsallen.com.infinitibizsol.com:443
20.171.207.97 - - [10/Jun/2025:09:35:55 +0000] "GET /products/261kk40222 HTTP/1.1" 404 65127 "-" "Mozilla/5.0 AppleWebKit/537.36 (KHTML, like Gecko; compatible; GPTBot/1.2; +https://openai.com/gptbot)"
cashforcarsallen.com.infinitibizsol.com:443
20.171.207.97 - - [10/Jun/2025:09:36:00 +0000] "GET /products/180pk37111 HTTP/1.1" 404 65127 "-" "Mozilla/5.0 AppleWebKit/537.36 (KHTML, like Gecko; compatible; GPTBot/1.2; +https://openai.com/gptbot)"
cashforcarsallen.com.infinitibizsol.com:443
20.171.207.97 - - [10/Jun/2025:09:36:05 +0000] "GET /products/115af28666 HTTP/1.1" 404 77261 "-" "Mozilla/5.0 AppleWebKit/537.36 (KHTML, like Gecko; compatible; GPTBot/1.2; +https://openai.com/gptbot)"
cashforcarsallen.com.infinitibizsol.com:443
162.0.223.40 - - [10/Jun/2025:09:36:10 +0000] "POST /wp-cron.php?doing_wp_cron=1749548169.8909659385681152343750 HTTP/1.1" 499 0 "-" "WordPress/6.8.1; https://cashforcarsallen.com"
cashforcarsallen.com.infinitibizsol.com:443
20.171.207.97 - - [10/Jun/2025:09:36:11 +0000] "GET /products/170cy33367 HTTP/1.1" 404 65127 "-" "Mozilla/5.0 AppleWebKit/537.36 (KHTML, like Gecko; compatible; GPTBot/1.2; +https://openai.com/gptbot)"
cashforcarsallen.com.infinitibizsol.com:443
20.171.207.97 - - [10/Jun/2025:09:36:16 +0000] "GET /products/258si24333 HTTP/1.1" 404 32359 "-" "Mozilla/5.0 AppleWebKit/537.36 (KHTML, like Gecko; compatible; GPTBot/1.2; +https://openai.com/gptbot)"
cashforcarsallen.com.infinitibizsol.com:443
20.171.207.97 - - [10/Jun/2025:09:36:20 +0000] "GET /products/172eb11333 HTTP/1.1" 404 65127 "-" "Mozilla/5.0 AppleWebKit/537.36 (KHTML, like Gecko; compatible; GPTBot/1.2; +https://openai.com/gptbot)"
cashforcarsallen.com.infinitibizsol.com:443
20.171.207.97 - - [10/Jun/2025:09:36:24 +0000] "GET /products/222ll35193 HTTP/1.1" 404 65127 "-" "Mozilla/5.0 AppleWebKit/537.36 (KHTML, like Gecko; compatible; GPTBot/1.2; +https://openai.com/gptbot)"
cashforcarsallen.com.infinitibizsol.com:443
20.171.207.97 - - [10/Jun/2025:09:36:29 +0000] "GET /products/252ks24777 HTTP/1.1" 404 77268 "-" "Mozilla/5.0 AppleWebKit/537.36 (KHTML, like Gecko; compatible; GPTBot/1.2; +https://openai.com/gptbot)"
cashforcarsallen.com.infinitibizsol.com:443
20.171.207.97 - - [10/Jun/2025:09:36:33 +0000] "GET /products/170je43555 HTTP/1.1" 404 65127 "-" "Mozilla/5.0 AppleWebKit/537.36 (KHTML, like Gecko; compatible; GPTBot/1.2; +https://openai.com/gptbot)"
cashforcarsallen.com.infinitibizsol.com:443
20.171.207.97 - - [10/Jun/2025:09:36:38 +0000] "GET /products/193zs44438 HTTP/1.1" 404 32359 "-" "Mozilla/5.0 AppleWebKit/537.36 (KHTML, like Gecko; compatible; GPTBot/1.2; +https://openai.com/gptbot)"
cashforcarsallen.com.infinitibizsol.com:443
216.10.242.182 - - [10/Jun/2025:09:36:40 +0000] "GET /wp-login.php HTTP/1.1" 499 0 "-" "Mozilla/5.0 (Windows NT 10.0; Win64; x64) AppleWebKit/537.36 (KHTML, like Gecko) Chrome/130.0.0.0 Safari/537.36"
cashforcarsallen.com.infinitibizsol.com:443
20.171.207.97 - - [10/Jun/2025:09:36:42 +0000] "GET /products/176go15999 HTTP/1.1" 404 65127 "-" "Mozilla/5.0 AppleWebKit/537.36 (KHTML, like Gecko; compatible; GPTBot/1.2; +https://openai.com/gptbot)"
cashforcarsallen.com.infinitibizsol.com:443
20.171.207.97 - - [10/Jun/2025:09:36:47 +0000] "GET /products/166hg44411 HTTP/1.1" 404 65127 "-" "Mozilla/5.0 AppleWebKit/537.36 (KHTML, like Gecko; compatible; GPTBot/1.2; +https://openai.com/gptbot)"
cashforcarsallen.com.infinitibizsol.com:443
92.205.197.169 - - [10/Jun/2025:09:36:50 +0000] "GET /wp-login.php HTTP/1.1" 200 5025 "-" "Mozilla/5.0 (Windows NT 10.0; Win64; x64) AppleWebKit/537.36 (KHTML, like Gecko) Chrome/130.0.0.0 Safari/537.36"
cashforcarsallen.com.infinitibizsol.com:443
20.171.207.97 - - [10/Jun/2025:09:36:52 +0000] "GET /products/180db44469 HTTP/1.1" 404 77268 "-" "Mozilla/5.0 AppleWebKit/537.36 (KHTML, like Gecko; compatible; GPTBot/1.2; +https://openai.com/gptbot)"
cashforcarsallen.com.infinitibizsol.com:443
92.205.197.169 - - [10/Jun/2025:09:36:55 +0000] "POST /wp-login.php HTTP/1.1" 200 5025 "https://cashforcarsallen.com/wp-login.php" "Mozilla/5.0 (Windows NT 10.0; Win64; x64) AppleWebKit/537.36 (KHTML, like Gecko) Chrome/130.0.0.0 Safari/537.36"
cashforcarsallen.com.infinitibizsol.com:443
20.171.207.97 - - [10/Jun/2025:09:36:57 +0000] "GET /products/129au33310 HTTP/1.1" 404 65127 "-" "Mozilla/5.0 AppleWebKit/537.36 (KHTML, like Gecko; compatible; GPTBot/1.2; +https://openai.com/gptbot)"
cashforcarsallen.com.infinitibizsol.com:443
20.171.207.97 - - [10/Jun/2025:09:37:02 +0000] "GET /products/244iq44475 HTTP/1.1" 404 65127 "-" "Mozilla/5.0 AppleWebKit/537.36 (KHTML, like Gecko; compatible; GPTBot/1.2; +https://openai.com/gptbot)"
cashforcarsallen.com.infinitibizsol.com:443
82.165.81.20 - - [10/Jun/2025:09:37:04 +0000] "GET /wp-login.php HTTP/1.1" 200 5025 "-" "Mozilla/5.0 (Windows NT 10.0; Win64; x64) AppleWebKit/537.36 (KHTML, like Gecko) Chrome/130.0.0.0 Safari/537.36"
cashforcarsallen.com.infinitibizsol.com:443
20.171.207.97 - - [10/Jun/2025:09:37:07 +0000] "GET /products/111cm40990 HTTP/1.1" 404 65127 "-" "Mozilla/5.0 AppleWebKit/537.36 (KHTML, like Gecko; compatible; GPTBot/1.2; +https://openai.com/gptbot)"
cashforcarsallen.com.infinitibizsol.com:443
82.165.81.20 - - [10/Jun/2025:09:37:09 +0000] "POST /wp-login.php HTTP/1.1" 200 5025 "https://cashforcarsallen.com/wp-login.php" "Mozilla/5.0 (Windows NT 10.0; Win64; x64) AppleWebKit/537.36 (KHTML, like Gecko) Chrome/130.0.0.0 Safari/537.36"
cashforcarsallen.com.infinitibizsol.com:443
162.0.223.40 - - [10/Jun/2025:09:37:12 +0000] "POST /wp-cron.php?doing_wp_cron=1749548231.4267010688781738281250 HTTP/1.1" 499 0 "-" "WordPress/6.8.1; https://cashforcarsallen.com"
cashforcarsallen.com.infinitibizsol.com:443
20.171.207.97 - - [10/Jun/2025:09:37:13 +0000] "GET /products/222zr41773 HTTP/1.1" 404 65127 "-" "Mozilla/5.0 AppleWebKit/537.36 (KHTML, like Gecko; compatible; GPTBot/1.2; +https://openai.com/gptbot)"
cashforcarsallen.com.infinitibizsol.com:443
173.208.204.66 - - [10/Jun/2025:09:37:13 +0000] "GET /wp-includes/admin.php HTTP/1.1" 499 0 "https://cashforcarsallen.com/wp-includes/admin.php" "Mozilla/5.0 (Windows NT 10.0; Win64; x64) AppleWebKit/537.36 (KHTML, like Gecko) Chrome/58.0.3029.110 Safari/537.3"
cashforcarsallen.com.infinitibizsol.com:443
173.208.204.66 - - [10/Jun/2025:09:37:14 +0000] "GET /wp-includes/admin.php HTTP/1.1" 200 16 "https://cashforcarsallen.com/wp-includes/admin.php" "Mozilla/5.0 (Windows NT 10.0; Win64; x64) AppleWebKit/537.36 (KHTML, like Gecko) Chrome/58.0.3029.110 Safari/537.3"
cashforcarsallen.com.infinitibizsol.com:443
20.171.207.97 - - [10/Jun/2025:09:37:19 +0000] "GET /products/198um18887 HTTP/1.1" 404 77268 "-" "Mozilla/5.0 AppleWebKit/537.36 (KHTML, like Gecko; compatible; GPTBot/1.2; +https://openai.com/gptbot)"
cashforcarsallen.com.infinitibizsol.com:443
162.144.3.211 - - [10/Jun/2025:09:37:23 +0000] "GET /wp-login.php HTTP/1.1" 200 5025 "-" "Mozilla/5.0 (Windows NT 10.0; Win64; x64) AppleWebKit/537.36 (KHTML, like Gecko) Chrome/130.0.0.0 Safari/537.36"
cashforcarsallen.com.infinitibizsol.com:443
20.171.207.97 - - [10/Jun/2025:09:37:24 +0000] "GET /products/111mz24198 HTTP/1.1" 404 77268 "-" "Mozilla/5.0 AppleWebKit/537.36 (KHTML, like Gecko; compatible; GPTBot/1.2; +https://openai.com/gptbot)"
cashforcarsallen.com.infinitibizsol.com:443
162.144.3.211 - - [10/Jun/2025:09:37:28 +0000] "POST /wp-login.php HTTP/1.1" 200 5025 "https://cashforcarsallen.com/wp-login.php" "Mozilla/5.0 (Windows NT 10.0; Win64; x64) AppleWebKit/537.36 (KHTML, like Gecko) Chrome/130.0.0.0 Safari/537.36"
cashforcarsallen.com.infinitibizsol.com:443
20.171.207.97 - - [10/Jun/2025:09:37:29 +0000] "GET /products/226fk11163 HTTP/1.1" 404 65127 "-" "Mozilla/5.0 AppleWebKit/537.36 (KHTML, like Gecko; compatible; GPTBot/1.2; +https://openai.com/gptbot)"
cashforcarsallen.com.infinitibizsol.com:443
20.171.207.97 - - [10/Jun/2025:09:37:34 +0000] "GET /products/145ju20666 HTTP/1.1" 404 65127 "-" "Mozilla/5.0 AppleWebKit/537.36 (KHTML, like Gecko; compatible; GPTBot/1.2; +https://openai.com/gptbot)"
cashforcarsallen.com.infinitibizsol.com:443
216.55.146.44 - - [10/Jun/2025:09:37:36 +0000] "GET /wp-login.php HTTP/1.1" 200 5025 "-" "Mozilla/5.0 (Windows NT 10.0; Win64; x64) AppleWebKit/537.36 (KHTML, like Gecko) Chrome/130.0.0.0 Safari/537.36"
cashforcarsallen.com.infinitibizsol.com:443
20.171.207.97 - - [10/Jun/2025:09:37:40 +0000] "GET /products/111ho48740 HTTP/1.1" 404 65127 "-" "Mozilla/5.0 AppleWebKit/537.36 (KHTML, like Gecko; compatible; GPTBot/1.2; +https://openai.com/gptbot)"
cashforcarsallen.com.infinitibizsol.com:443
216.55.146.44 - - [10/Jun/2025:09:37:42 +0000] "POST /wp-login.php HTTP/1.1" 200 5025 "https://cashforcarsallen.com/wp-login.php" "Mozilla/5.0 (Windows NT 10.0; Win64; x64) AppleWebKit/537.36 (KHTML, like Gecko) Chrome/130.0.0.0 Safari/537.36"
cashforcarsallen.com.infinitibizsol.com:443
20.171.207.97 - - [10/Jun/2025:09:37:45 +0000] "GET /products/235yh13336 HTTP/1.1" 404 65127 "-" "Mozilla/5.0 AppleWebKit/537.36 (KHTML, like Gecko; compatible; GPTBot/1.2; +https://openai.com/gptbot)"
cashforcarsallen.com.infinitibizsol.com:443
20.171.207.97 - - [10/Jun/2025:09:37:50 +0000] "GET /products/111sa10902 HTTP/1.1" 404 65127 "-" "Mozilla/5.0 AppleWebKit/537.36 (KHTML, like Gecko; compatible; GPTBot/1.2; +https://openai.com/gptbot)"
cashforcarsallen.com.infinitibizsol.com:443
20.171.207.97 - - [10/Jun/2025:09:37:56 +0000] "GET /products/111xm28462 HTTP/1.1" 404 65127 "-" "Mozilla/5.0 AppleWebKit/537.36 (KHTML, like Gecko; compatible; GPTBot/1.2; +https://openai.com/gptbot)"
cashforcarsallen.com.infinitibizsol.com:443
20.171.207.97 - - [10/Jun/2025:09:38:01 +0000] "GET /products/222no38325 HTTP/1.1" 404 65127 "-" "Mozilla/5.0 AppleWebKit/537.36 (KHTML, like Gecko; compatible; GPTBot/1.2; +https://openai.com/gptbot)"
cashforcarsallen.com.infinitibizsol.com:443
81.88.49.4 - - [10/Jun/2025:09:38:01 +0000] "GET /wp-login.php HTTP/1.1" 200 5025 "-" "Mozilla/5.0 (Windows NT 10.0; Win64; x64) AppleWebKit/537.36 (KHTML, like Gecko) Chrome/130.0.0.0 Safari/537.36"
cashforcarsallen.com.infinitibizsol.com:443
20.171.207.97 - - [10/Jun/2025:09:38:05 +0000] "GET /products/222pl33385 HTTP/1.1" 404 65127 "-" "Mozilla/5.0 AppleWebKit/537.36 (KHTML, like Gecko; compatible; GPTBot/1.2; +https://openai.com/gptbot)"
cashforcarsallen.com.infinitibizsol.com:443
81.88.49.4 - - [10/Jun/2025:09:38:08 +0000] "POST /wp-login.php HTTP/1.1" 200 5025 "https://cashforcarsallen.com/wp-login.php" "Mozilla/5.0 (Windows NT 10.0; Win64; x64) AppleWebKit/537.36 (KHTML, like Gecko) Chrome/130.0.0.0 Safari/537.36"
cashforcarsallen.com.infinitibizsol.com:443
20.171.207.97 - - [10/Jun/2025:09:38:11 +0000] "GET /products/168kl44493 HTTP/1.1" 404 65127 "-" "Mozilla/5.0 AppleWebKit/537.36 (KHTML, like Gecko; compatible; GPTBot/1.2; +https://openai.com/gptbot)"
cashforcarsallen.com.infinitibizsol.com:443
162.0.223.40 - - [10/Jun/2025:09:38:16 +0000] "POST /wp-cron.php?doing_wp_cron=1749548295.7115979194641113281250 HTTP/1.1" 499 0 "-" "WordPress/6.8.1; https://cashforcarsallen.com"
cashforcarsallen.com.infinitibizsol.com:443
20.171.207.97 - - [10/Jun/2025:09:38:17 +0000] "GET /products/275ov44426 HTTP/1.1" 404 65127 "-" "Mozilla/5.0 AppleWebKit/537.36 (KHTML, like Gecko; compatible; GPTBot/1.2; +https://openai.com/gptbot)"
cashforcarsallen.com.infinitibizsol.com:443
162.0.223.40 - - [10/Jun/2025:09:38:20 +0000] "POST /wp-cron.php?doing_wp_cron=1749548299.9622519016265869140625 HTTP/1.1" 499 0 "-" "WordPress/6.8.1; https://cashforcarsallen.com"
cashforcarsallen.com.infinitibizsol.com:443
188.165.33.227 - - [10/Jun/2025:09:38:21 +0000] "GET /wp-login.php HTTP/1.1" 200 5025 "-" "Mozilla/5.0 (Windows NT 10.0; Win64; x64) AppleWebKit/537.36 (KHTML, like Gecko) Chrome/130.0.0.0 Safari/537.36"
cashforcarsallen.com.infinitibizsol.com:443
20.171.207.97 - - [10/Jun/2025:09:38:22 +0000] "GET /products/111ws27354 HTTP/1.1" 404 32359 "-" "Mozilla/5.0 AppleWebKit/537.36 (KHTML, like Gecko; compatible; GPTBot/1.2; +https://openai.com/gptbot)"
cashforcarsallen.com.infinitibizsol.com:443
188.165.33.227 - - [10/Jun/2025:09:38:27 +0000] "POST /wp-login.php HTTP/1.1" 200 5025 "https://cashforcarsallen.com/wp-login.php" "Mozilla/5.0 (Windows NT 10.0; Win64; x64) AppleWebKit/537.36 (KHTML, like Gecko) Chrome/130.0.0.0 Safari/537.36"
cashforcarsallen.com.infinitibizsol.com:443
20.171.207.97 - - [10/Jun/2025:09:38:27 +0000] "GET /products/209ko45444 HTTP/1.1" 404 65127 "-" "Mozilla/5.0 AppleWebKit/537.36 (KHTML, like Gecko; compatible; GPTBot/1.2; +https://openai.com/gptbot)"
cashforcarsallen.com.infinitibizsol.com:443
20.171.207.97 - - [10/Jun/2025:09:38:31 +0000] "GET /products/111mi23382 HTTP/1.1" 404 32359 "-" "Mozilla/5.0 AppleWebKit/537.36 (KHTML, like Gecko; compatible; GPTBot/1.2; +https://openai.com/gptbot)"
cashforcarsallen.com.infinitibizsol.com:443
20.171.207.97 - - [10/Jun/2025:09:38:37 +0000] "GET /products/279we44436 HTTP/1.1" 404 65127 "-" "Mozilla/5.0 AppleWebKit/537.36 (KHTML, like Gecko; compatible; GPTBot/1.2; +https://openai.com/gptbot)"
cashforcarsallen.com.infinitibizsol.com:443
20.171.207.97 - - [10/Jun/2025:09:38:41 +0000] "GET /products/111il13302 HTTP/1.1" 404 65127 "-" "Mozilla/5.0 AppleWebKit/537.36 (KHTML, like Gecko; compatible; GPTBot/1.2; +https://openai.com/gptbot)"
cashforcarsallen.com.infinitibizsol.com:443
20.171.207.97 - - [10/Jun/2025:09:38:45 +0000] "GET /products/276am16669 HTTP/1.1" 404 77276 "-" "Mozilla/5.0 AppleWebKit/537.36 (KHTML, like Gecko; compatible; GPTBot/1.2; +https://openai.com/gptbot)"
cashforcarsallen.com.infinitibizsol.com:443
92.204.55.95 - - [10/Jun/2025:09:38:47 +0000] "GET /wp-login.php HTTP/1.1" 200 5025 "-" "Mozilla/5.0 (Windows NT 10.0; Win64; x64) AppleWebKit/537.36 (KHTML, like Gecko) Chrome/130.0.0.0 Safari/537.36"
cashforcarsallen.com.infinitibizsol.com:443
20.171.207.97 - - [10/Jun/2025:09:38:50 +0000] "GET /products/165zf43000 HTTP/1.1" 404 65127 "-" "Mozilla/5.0 AppleWebKit/537.36 (KHTML, like Gecko; compatible; GPTBot/1.2; +https://openai.com/gptbot)"
cashforcarsallen.com.infinitibizsol.com:443
92.204.55.95 - - [10/Jun/2025:09:38:52 +0000] "POST /wp-login.php HTTP/1.1" 200 5025 "https://cashforcarsallen.com/wp-login.php" "Mozilla/5.0 (Windows NT 10.0; Win64; x64) AppleWebKit/537.36 (KHTML, like Gecko) Chrome/130.0.0.0 Safari/537.36"
cashforcarsallen.com.infinitibizsol.com:443
20.171.207.97 - - [10/Jun/2025:09:38:54 +0000] "GET /products/260yw22261 HTTP/1.1" 404 65127 "-" "Mozilla/5.0 AppleWebKit/537.36 (KHTML, like Gecko; compatible; GPTBot/1.2; +https://openai.com/gptbot)"
cashforcarsallen.com.infinitibizsol.com:443
20.171.207.97 - - [10/Jun/2025:09:38:58 +0000] "GET /products/168kl44493 HTTP/1.1" 404 65127 "-" "Mozilla/5.0 AppleWebKit/537.36 (KHTML, like Gecko; compatible; GPTBot/1.2; +https://openai.com/gptbot)"
cashforcarsallen.com.infinitibizsol.com:443
20.171.207.97 - - [10/Jun/2025:09:39:02 +0000] "GET /products/154qx32225 HTTP/1.1" 404 65127 "-" "Mozilla/5.0 AppleWebKit/537.36 (KHTML, like Gecko; compatible; GPTBot/1.2; +https://openai.com/gptbot)"
cashforcarsallen.com.infinitibizsol.com:443
20.171.207.97 - - [10/Jun/2025:09:39:08 +0000] "GET /products/124xp28111 HTTP/1.1" 404 65127 "-" "Mozilla/5.0 AppleWebKit/537.36 (KHTML, like Gecko; compatible; GPTBot/1.2; +https://openai.com/gptbot)"
cashforcarsallen.com.infinitibizsol.com:443
158.220.81.196 - - [10/Jun/2025:09:39:09 +0000] "GET /wp-login.php HTTP/1.1" 200 5025 "-" "Mozilla/5.0 (Windows NT 10.0; Win64; x64) AppleWebKit/537.36 (KHTML, like Gecko) Chrome/130.0.0.0 Safari/537.36"
cashforcarsallen.com.infinitibizsol.com:443
20.171.207.97 - - [10/Jun/2025:09:39:13 +0000] "GET /products/239pq26664 HTTP/1.1" 404 65127 "-" "Mozilla/5.0 AppleWebKit/537.36 (KHTML, like Gecko; compatible; GPTBot/1.2; +https://openai.com/gptbot)"
cashforcarsallen.com.infinitibizsol.com:443
158.220.81.196 - - [10/Jun/2025:09:39:14 +0000] "POST /wp-login.php HTTP/1.1" 200 5025 "https://cashforcarsallen.com/wp-login.php" "Mozilla/5.0 (Windows NT 10.0; Win64; x64) AppleWebKit/537.36 (KHTML, like Gecko) Chrome/130.0.0.0 Safari/537.36"
cashforcarsallen.com.infinitibizsol.com:443
20.171.207.97 - - [10/Jun/2025:09:39:17 +0000] "GET /products/175ut42228 HTTP/1.1" 404 77268 "-" "Mozilla/5.0 AppleWebKit/537.36 (KHTML, like Gecko; compatible; GPTBot/1.2; +https://openai.com/gptbot)"
cashforcarsallen.com.infinitibizsol.com:443
198.204.226.18 - - [10/Jun/2025:09:39:19 +0000] "GET /wp-includes/admin.php HTTP/1.1" 499 0 "https://cashforcarsallen.com/wp-includes/admin.php" "Mozilla/5.0 (Windows NT 10.0; Win64; x64) AppleWebKit/537.36 (KHTML, like Gecko) Chrome/58.0.3029.110 Safari/537.3"
cashforcarsallen.com.infinitibizsol.com:443
162.0.223.40 - - [10/Jun/2025:09:39:22 +0000] "POST /wp-cron.php?doing_wp_cron=1749548361.3265650272369384765625 HTTP/1.1" 499 0 "-" "WordPress/6.8.1; https://cashforcarsallen.com"
cashforcarsallen.com.infinitibizsol.com:443
20.171.207.97 - - [10/Jun/2025:09:39:23 +0000] "GET /products/222ci19531 HTTP/1.1" 404 32359 "-" "Mozilla/5.0 AppleWebKit/537.36 (KHTML, like Gecko; compatible; GPTBot/1.2; +https://openai.com/gptbot)"
cashforcarsallen.com.infinitibizsol.com:443
162.241.194.157 - - [10/Jun/2025:09:39:25 +0000] "GET /wp-login.php HTTP/1.1" 200 5025 "-" "Mozilla/5.0 (Windows NT 10.0; Win64; x64) AppleWebKit/537.36 (KHTML, like Gecko) Chrome/130.0.0.0 Safari/537.36"
cashforcarsallen.com.infinitibizsol.com:443
20.171.207.97 - - [10/Jun/2025:09:39:28 +0000] "GET /products/196od11103 HTTP/1.1" 404 32359 "-" "Mozilla/5.0 AppleWebKit/537.36 (KHTML, like Gecko; compatible; GPTBot/1.2; +https://openai.com/gptbot)"
cashforcarsallen.com.infinitibizsol.com:443
20.171.207.97 - - [10/Jun/2025:09:39:34 +0000] "GET /products/170fz33777 HTTP/1.1" 404 65127 "-" "Mozilla/5.0 AppleWebKit/537.36 (KHTML, like Gecko; compatible; GPTBot/1.2; +https://openai.com/gptbot)"
cashforcarsallen.com.infinitibizsol.com:443
