20.171.207.97 - - [10/Jun/2025:07:10:22 +0000] "GET /products/158gu33829 HTTP/1.1" 404 65127 "-" "Mozilla/5.0 AppleWebKit/537.36 (KHTML, like Gecko; compatible; GPTBot/1.2; +https://openai.com/gptbot)"
cashforcarsallen.com.infinitibizsol.com:443
20.171.207.97 - - [10/Jun/2025:07:10:27 +0000] "GET /products/244dj20887 HTTP/1.1" 404 65127 "-" "Mozilla/5.0 AppleWebKit/537.36 (KHTML, like Gecko; compatible; GPTBot/1.2; +https://openai.com/gptbot)"
cashforcarsallen.com.infinitibizsol.com:443
87.98.128.22 - - [10/Jun/2025:07:10:27 +0000] "GET /wp-login.php HTTP/1.1" 200 5025 "-" "Mozilla/5.0 (Windows NT 10.0; Win64; x64) AppleWebKit/537.36 (KHTML, like Gecko) Chrome/130.0.0.0 Safari/537.36"
cashforcarsallen.com.infinitibizsol.com:443
20.171.207.97 - - [10/Jun/2025:07:10:31 +0000] "GET /products/117ma48782 HTTP/1.1" 404 65127 "-" "Mozilla/5.0 AppleWebKit/537.36 (KHTML, like Gecko; compatible; GPTBot/1.2; +https://openai.com/gptbot)"
cashforcarsallen.com.infinitibizsol.com:443
17.246.19.104 - - [10/Jun/2025:07:10:32 +0000] "GET /wp-content/plugins/elementor/assets/lib/swiper/v8/css/swiper.min.css?ver=8.4.5 HTTP/1.1" 200 16471 "https://cashforcarsallen.com/" "Mozilla/5.0 (Macintosh; Intel Mac OS X 10_15_7) AppleWebKit/605.1.15 (KHTML, like Gecko) Version/17.4 Safari/605.1.15 (Applebot/0.1; +http://www.apple.com/go/applebot)"
cashforcarsallen.com.infinitibizsol.com:443
17.246.23.214 - - [10/Jun/2025:07:10:33 +0000] "GET /wp-content/plugins/header-footer-elementor/inc/widgets-css/frontend.css?ver=1.6.35 HTTP/1.1" 200 75854 "https://cashforcarsallen.com/" "Mozilla/5.0 (Macintosh; Intel Mac OS X 10_15_7) AppleWebKit/605.1.15 (KHTML, like Gecko) Version/17.4 Safari/605.1.15 (Applebot/0.1; +http://www.apple.com/go/applebot)"
cashforcarsallen.com.infinitibizsol.com:443
17.246.15.99 - - [10/Jun/2025:07:10:33 +0000] "GET /wp-content/plugins/header-footer-elementor/assets/css/header-footer-elementor.css?ver=1.6.35 HTTP/1.1" 200 776 "https://cashforcarsallen.com/" "Mozilla/5.0 (Macintosh; Intel Mac OS X 10_15_7) AppleWebKit/605.1.15 (KHTML, like Gecko) Version/17.4 Safari/605.1.15 (Applebot/0.1; +http://www.apple.com/go/applebot)"
cashforcarsallen.com.infinitibizsol.com:443
87.98.128.22 - - [10/Jun/2025:07:10:34 +0000] "POST /wp-login.php HTTP/1.1" 200 5025 "https://cashforcarsallen.com/wp-login.php" "Mozilla/5.0 (Windows NT 10.0; Win64; x64) AppleWebKit/537.36 (KHTML, like Gecko) Chrome/130.0.0.0 Safari/537.36"
cashforcarsallen.com.infinitibizsol.com:443
17.246.19.130 - - [10/Jun/2025:07:10:34 +0000] "GET /wp-content/plugins/elementor/assets/css/frontend-lite.min.css?ver=3.21.8 HTTP/1.1" 200 118945 "https://cashforcarsallen.com/" "Mozilla/5.0 (Macintosh; Intel Mac OS X 10_15_7) AppleWebKit/605.1.15 (KHTML, like Gecko) Version/17.4 Safari/605.1.15 (Applebot/0.1; +http://www.apple.com/go/applebot)"
cashforcarsallen.com.infinitibizsol.com:443
17.246.23.182 - - [10/Jun/2025:07:10:34 +0000] "GET /wp-content/uploads/elementor/css/post-1237.css?ver=1718988074 HTTP/1.1" 200 1110 "https://cashforcarsallen.com/" "Mozilla/5.0 (Macintosh; Intel Mac OS X 10_15_7) AppleWebKit/605.1.15 (KHTML, like Gecko) Version/17.4 Safari/605.1.15 (Applebot/0.1; +http://www.apple.com/go/applebot)"
cashforcarsallen.com.infinitibizsol.com:443
17.246.15.161 - - [10/Jun/2025:07:10:35 +0000] "GET /wp-content/uploads/elementor/css/post-626.css?ver=1718988075 HTTP/1.1" 200 31770 "https://cashforcarsallen.com/" "Mozilla/5.0 (Macintosh; Intel Mac OS X 10_15_7) AppleWebKit/605.1.15 (KHTML, like Gecko) Version/17.4 Safari/605.1.15 (Applebot/0.1; +http://www.apple.com/go/applebot)"
cashforcarsallen.com.infinitibizsol.com:443
20.171.207.97 - - [10/Jun/2025:07:10:35 +0000] "GET /products/266vh44909 HTTP/1.1" 404 32359 "-" "Mozilla/5.0 AppleWebKit/537.36 (KHTML, like Gecko; compatible; GPTBot/1.2; +https://openai.com/gptbot)"
cashforcarsallen.com.infinitibizsol.com:443
17.246.23.27 - - [10/Jun/2025:07:10:35 +0000] "GET /wp-content/uploads/elementor/css/post-1740.css?ver=1718988075 HTTP/1.1" 200 12530 "https://cashforcarsallen.com/" "Mozilla/5.0 (Macintosh; Intel Mac OS X 10_15_7) AppleWebKit/605.1.15 (KHTML, like Gecko) Version/17.4 Safari/605.1.15 (Applebot/0.1; +http://www.apple.com/go/applebot)"
cashforcarsallen.com.infinitibizsol.com:443
17.246.15.68 - - [10/Jun/2025:07:10:36 +0000] "GET /wp-content/themes/blocksy/style.css?ver=6.8.1 HTTP/1.1" 200 1614 "https://cashforcarsallen.com/" "Mozilla/5.0 (Macintosh; Intel Mac OS X 10_15_7) AppleWebKit/605.1.15 (KHTML, like Gecko) Version/17.4 Safari/605.1.15 (Applebot/0.1; +http://www.apple.com/go/applebot)"
cashforcarsallen.com.infinitibizsol.com:443
17.246.19.77 - - [10/Jun/2025:07:10:36 +0000] "GET /wp-content/themes/blocksy/static/bundle/main.min.css?ver=2.0.33 HTTP/1.1" 200 104116 "https://cashforcarsallen.com/" "Mozilla/5.0 (Macintosh; Intel Mac OS X 10_15_7) AppleWebKit/605.1.15 (KHTML, like Gecko) Version/17.4 Safari/605.1.15 (Applebot/0.1; +http://www.apple.com/go/applebot)"
cashforcarsallen.com.infinitibizsol.com:443
17.246.15.99 - - [10/Jun/2025:07:10:37 +0000] "GET /wp-content/themes/blocksy/static/bundle/elementor-frontend.min.css?ver=2.0.33 HTTP/1.1" 200 1516 "https://cashforcarsallen.com/" "Mozilla/5.0 (Macintosh; Intel Mac OS X 10_15_7) AppleWebKit/605.1.15 (KHTML, like Gecko) Version/17.4 Safari/605.1.15 (Applebot/0.1; +http://www.apple.com/go/applebot)"
cashforcarsallen.com.infinitibizsol.com:443
17.246.23.246 - - [10/Jun/2025:07:10:38 +0000] "GET /wp-content/themes/blocksy/static/bundle/wpforms.min.css?ver=2.0.33 HTTP/1.1" 200 1949 "https://cashforcarsallen.com/" "Mozilla/5.0 (Macintosh; Intel Mac OS X 10_15_7) AppleWebKit/605.1.15 (KHTML, like Gecko) Version/17.4 Safari/605.1.15 (Applebot/0.1; +http://www.apple.com/go/applebot)"
cashforcarsallen.com.infinitibizsol.com:443
17.246.15.229 - - [10/Jun/2025:07:10:38 +0000] "GET /wp-content/plugins/elementor/assets/css/widget-icon-box.min.css HTTP/1.1" 200 10094 "https://cashforcarsallen.com/" "Mozilla/5.0 (Macintosh; Intel Mac OS X 10_15_7) AppleWebKit/605.1.15 (KHTML, like Gecko) Version/17.4 Safari/605.1.15 (Applebot/0.1; +http://www.apple.com/go/applebot)"
cashforcarsallen.com.infinitibizsol.com:443
17.246.23.27 - - [10/Jun/2025:07:10:38 +0000] "GET /wp-content/plugins/elementor/assets/css/widget-icon-list.min.css HTTP/1.1" 200 9929 "https://cashforcarsallen.com/" "Mozilla/5.0 (Macintosh; Intel Mac OS X 10_15_7) AppleWebKit/605.1.15 (KHTML, like Gecko) Version/17.4 Safari/605.1.15 (Applebot/0.1; +http://www.apple.com/go/applebot)"
cashforcarsallen.com.infinitibizsol.com:443
17.246.15.68 - - [10/Jun/2025:07:10:39 +0000] "GET /wp-content/plugins/wpforms-lite/assets/css/frontend/modern/wpforms-base.min.css?ver=1.8.8.3 HTTP/1.1" 200 51095 "https://cashforcarsallen.com/" "Mozilla/5.0 (Macintosh; Intel Mac OS X 10_15_7) AppleWebKit/605.1.15 (KHTML, like Gecko) Version/17.4 Safari/605.1.15 (Applebot/0.1; +http://www.apple.com/go/applebot)"
cashforcarsallen.com.infinitibizsol.com:443
20.171.207.97 - - [10/Jun/2025:07:10:39 +0000] "GET /products/117sb21214 HTTP/1.1" 404 65127 "-" "Mozilla/5.0 AppleWebKit/537.36 (KHTML, like Gecko; compatible; GPTBot/1.2; +https://openai.com/gptbot)"
cashforcarsallen.com.infinitibizsol.com:443
17.246.19.77 - - [10/Jun/2025:07:10:39 +0000] "GET /wp-content/themes/blocksy/static/bundle/main.js?ver=2.0.33 HTTP/1.1" 200 33492 "https://cashforcarsallen.com/" "Mozilla/5.0 (Macintosh; Intel Mac OS X 10_15_7) AppleWebKit/605.1.15 (KHTML, like Gecko) Version/17.4 Safari/605.1.15 (Applebot/0.1; +http://www.apple.com/go/applebot)"
cashforcarsallen.com.infinitibizsol.com:443
17.246.15.99 - - [10/Jun/2025:07:10:40 +0000] "GET /wp-content/plugins/elementor/assets/js/webpack.runtime.min.js?ver=3.21.8 HTTP/1.1" 200 4997 "https://cashforcarsallen.com/" "Mozilla/5.0 (Macintosh; Intel Mac OS X 10_15_7) AppleWebKit/605.1.15 (KHTML, like Gecko) Version/17.4 Safari/605.1.15 (Applebot/0.1; +http://www.apple.com/go/applebot)"
cashforcarsallen.com.infinitibizsol.com:443
17.246.23.246 - - [10/Jun/2025:07:10:40 +0000] "GET /wp-includes/js/jquery/jquery.min.js?ver=3.7.1 HTTP/1.1" 200 87553 "https://cashforcarsallen.com/" "Mozilla/5.0 (Macintosh; Intel Mac OS X 10_15_7) AppleWebKit/605.1.15 (KHTML, like Gecko) Version/17.4 Safari/605.1.15 (Applebot/0.1; +http://www.apple.com/go/applebot)"
cashforcarsallen.com.infinitibizsol.com:443
17.246.15.229 - - [10/Jun/2025:07:10:41 +0000] "GET /wp-includes/js/jquery/jquery-migrate.min.js?ver=3.4.1 HTTP/1.1" 200 13577 "https://cashforcarsallen.com/" "Mozilla/5.0 (Macintosh; Intel Mac OS X 10_15_7) AppleWebKit/605.1.15 (KHTML, like Gecko) Version/17.4 Safari/605.1.15 (Applebot/0.1; +http://www.apple.com/go/applebot)"
cashforcarsallen.com.infinitibizsol.com:443
17.246.23.78 - - [10/Jun/2025:07:10:41 +0000] "GET /wp-content/plugins/elementor/assets/js/frontend-modules.min.js?ver=3.21.8 HTTP/1.1" 200 63275 "https://cashforcarsallen.com/" "Mozilla/5.0 (Macintosh; Intel Mac OS X 10_15_7) AppleWebKit/605.1.15 (KHTML, like Gecko) Version/17.4 Safari/605.1.15 (Applebot/0.1; +http://www.apple.com/go/applebot)"
cashforcarsallen.com.infinitibizsol.com:443
17.246.15.68 - - [10/Jun/2025:07:10:42 +0000] "GET /wp-content/plugins/elementor/assets/lib/waypoints/waypoints.min.js?ver=4.0.2 HTTP/1.1" 200 12198 "https://cashforcarsallen.com/" "Mozilla/5.0 (Macintosh; Intel Mac OS X 10_15_7) AppleWebKit/605.1.15 (KHTML, like Gecko) Version/17.4 Safari/605.1.15 (Applebot/0.1; +http://www.apple.com/go/applebot)"
cashforcarsallen.com.infinitibizsol.com:443
17.246.15.179 - - [10/Jun/2025:07:10:42 +0000] "GET /wp-includes/js/jquery/ui/core.min.js?ver=1.13.3 HTTP/1.1" 200 21464 "https://cashforcarsallen.com/" "Mozilla/5.0 (Macintosh; Intel Mac OS X 10_15_7) AppleWebKit/605.1.15 (KHTML, like Gecko) Version/17.4 Safari/605.1.15 (Applebot/0.1; +http://www.apple.com/go/applebot)"
cashforcarsallen.com.infinitibizsol.com:443
17.246.23.27 - - [10/Jun/2025:07:10:43 +0000] "GET /wp-content/plugins/elementor/assets/js/frontend.min.js?ver=3.21.8 HTTP/1.1" 200 39972 "https://cashforcarsallen.com/" "Mozilla/5.0 (Macintosh; Intel Mac OS X 10_15_7) AppleWebKit/605.1.15 (KHTML, like Gecko) Version/17.4 Safari/605.1.15 (Applebot/0.1; +http://www.apple.com/go/applebot)"
cashforcarsallen.com.infinitibizsol.com:443
17.246.23.182 - - [10/Jun/2025:07:10:43 +0000] "GET /wp-includes/js/underscore.min.js?ver=1.13.7 HTTP/1.1" 200 18905 "https://cashforcarsallen.com/" "Mozilla/5.0 (Macintosh; Intel Mac OS X 10_15_7) AppleWebKit/605.1.15 (KHTML, like Gecko) Version/17.4 Safari/605.1.15 (Applebot/0.1; +http://www.apple.com/go/applebot)"
cashforcarsallen.com.infinitibizsol.com:443
17.246.23.214 - - [10/Jun/2025:07:10:44 +0000] "GET /wp-includes/js/wp-util.min.js?ver=6.8.1 HTTP/1.1" 200 1426 "https://cashforcarsallen.com/" "Mozilla/5.0 (Macintosh; Intel Mac OS X 10_15_7) AppleWebKit/605.1.15 (KHTML, like Gecko) Version/17.4 Safari/605.1.15 (Applebot/0.1; +http://www.apple.com/go/applebot)"
cashforcarsallen.com.infinitibizsol.com:443
20.171.207.97 - - [10/Jun/2025:07:10:44 +0000] "GET /products/235sa47258 HTTP/1.1" 404 32359 "-" "Mozilla/5.0 AppleWebKit/537.36 (KHTML, like Gecko; compatible; GPTBot/1.2; +https://openai.com/gptbot)"
cashforcarsallen.com.infinitibizsol.com:443
17.246.23.182 - - [10/Jun/2025:07:10:44 +0000] "GET /wp-content/plugins/wpforms-lite/assets/lib/jquery.validate.min.js?ver=1.20.0 HTTP/1.1" 200 25067 "https://cashforcarsallen.com/" "Mozilla/5.0 (Macintosh; Intel Mac OS X 10_15_7) AppleWebKit/605.1.15 (KHTML, like Gecko) Version/17.4 Safari/605.1.15 (Applebot/0.1; +http://www.apple.com/go/applebot)"
cashforcarsallen.com.infinitibizsol.com:443
17.246.15.229 - - [10/Jun/2025:07:10:45 +0000] "GET /wp-content/plugins/wpforms-lite/assets/js/integrations/elementor/frontend.min.js?ver=1.8.8.3 HTTP/1.1" 200 771 "https://cashforcarsallen.com/" "Mozilla/5.0 (Macintosh; Intel Mac OS X 10_15_7) AppleWebKit/605.1.15 (KHTML, like Gecko) Version/17.4 Safari/605.1.15 (Applebot/0.1; +http://www.apple.com/go/applebot)"
cashforcarsallen.com.infinitibizsol.com:443
17.246.15.179 - - [10/Jun/2025:07:10:45 +0000] "GET /wp-content/plugins/wpforms-lite/assets/lib/mailcheck.min.js?ver=1.1.2 HTTP/1.1" 200 4014 "https://cashforcarsallen.com/" "Mozilla/5.0 (Macintosh; Intel Mac OS X 10_15_7) AppleWebKit/605.1.15 (KHTML, like Gecko) Version/17.4 Safari/605.1.15 (Applebot/0.1; +http://www.apple.com/go/applebot)"
cashforcarsallen.com.infinitibizsol.com:443
17.246.23.27 - - [10/Jun/2025:07:10:46 +0000] "GET /wp-content/plugins/wpforms-lite/assets/lib/punycode.min.js?ver=1.0.0 HTTP/1.1" 200 1713 "https://cashforcarsallen.com/" "Mozilla/5.0 (Macintosh; Intel Mac OS X 10_15_7) AppleWebKit/605.1.15 (KHTML, like Gecko) Version/17.4 Safari/605.1.15 (Applebot/0.1; +http://www.apple.com/go/applebot)"
cashforcarsallen.com.infinitibizsol.com:443
17.246.15.160 - - [10/Jun/2025:07:10:46 +0000] "GET /wp-content/plugins/wpforms-lite/assets/js/share/utils.min.js?ver=1.8.8.3 HTTP/1.1" 200 1001 "https://cashforcarsallen.com/" "Mozilla/5.0 (Macintosh; Intel Mac OS X 10_15_7) AppleWebKit/605.1.15 (KHTML, like Gecko) Version/17.4 Safari/605.1.15 (Applebot/0.1; +http://www.apple.com/go/applebot)"
cashforcarsallen.com.infinitibizsol.com:443
17.246.23.214 - - [10/Jun/2025:07:10:47 +0000] "GET /wp-content/plugins/wpforms-lite/assets/js/frontend/wpforms.min.js?ver=1.8.8.3 HTTP/1.1" 200 43817 "https://cashforcarsallen.com/" "Mozilla/5.0 (Macintosh; Intel Mac OS X 10_15_7) AppleWebKit/605.1.15 (KHTML, like Gecko) Version/17.4 Safari/605.1.15 (Applebot/0.1; +http://www.apple.com/go/applebot)"
cashforcarsallen.com.infinitibizsol.com:443
17.246.23.242 - - [10/Jun/2025:07:10:47 +0000] "GET /wp-content/plugins/wpforms-lite/assets/js/frontend/wpforms-modern.min.js?ver=1.8.8.3 HTTP/1.1" 200 5978 "https://cashforcarsallen.com/" "Mozilla/5.0 (Macintosh; Intel Mac OS X 10_15_7) AppleWebKit/605.1.15 (KHTML, like Gecko) Version/17.4 Safari/605.1.15 (Applebot/0.1; +http://www.apple.com/go/applebot)"
cashforcarsallen.com.infinitibizsol.com:443
20.171.207.97 - - [10/Jun/2025:07:10:48 +0000] "GET /products/258vx29511 HTTP/1.1" 404 65127 "-" "Mozilla/5.0 AppleWebKit/537.36 (KHTML, like Gecko; compatible; GPTBot/1.2; +https://openai.com/gptbot)"
cashforcarsallen.com.infinitibizsol.com:443
17.246.19.70 - - [10/Jun/2025:07:10:48 +0000] "GET /wp-content/plugins/elementor/assets/js/text-editor.2c35aafbe5bf0e127950.bundle.min.js HTTP/1.1" 200 1360 "https://cashforcarsallen.com/" "Mozilla/5.0 (Macintosh; Intel Mac OS X 10_15_7) AppleWebKit/605.1.15 (KHTML, like Gecko) Version/17.4 Safari/605.1.15 (Applebot/0.1; +http://www.apple.com/go/applebot)"
cashforcarsallen.com.infinitibizsol.com:443
17.246.19.103 - - [10/Jun/2025:07:10:49 +0000] "GET /wp-content/plugins/elementor/assets/js/accordion.8799675460c73eb48972.bundle.min.js HTTP/1.1" 200 3743 "https://cashforcarsallen.com/" "Mozilla/5.0 (Macintosh; Intel Mac OS X 10_15_7) AppleWebKit/605.1.15 (KHTML, like Gecko) Version/17.4 Safari/605.1.15 (Applebot/0.1; +http://www.apple.com/go/applebot)"
cashforcarsallen.com.infinitibizsol.com:443
17.246.23.214 - - [10/Jun/2025:07:10:49 +0000] "GET /wp-content/themes/blocksy/static/bundle/68.0911b32b594f81b64b53.js HTTP/1.1" 200 7940 "https://cashforcarsallen.com/" "Mozilla/5.0 (Macintosh; Intel Mac OS X 10_15_7) AppleWebKit/605.1.15 (KHTML, like Gecko) Version/17.4 Safari/605.1.15 (Applebot/0.1; +http://www.apple.com/go/applebot)"
cashforcarsallen.com.infinitibizsol.com:443
17.246.15.126 - - [10/Jun/2025:07:10:50 +0000] "GET /wp-content/themes/blocksy/static/bundle/142.5914235ef474cf10e1e7.js HTTP/1.1" 200 7523 "https://cashforcarsallen.com/" "Mozilla/5.0 (Macintosh; Intel Mac OS X 10_15_7) AppleWebKit/605.1.15 (KHTML, like Gecko) Version/17.4 Safari/605.1.15 (Applebot/0.1; +http://www.apple.com/go/applebot)"
cashforcarsallen.com.infinitibizsol.com:443
162.0.223.40 - - [10/Jun/2025:07:10:53 +0000] "POST /wp-cron.php?doing_wp_cron=1749539451.9866049289703369140625 HTTP/1.1" 499 0 "-" "WordPress/6.8.1; https://cashforcarsallen.com"
cashforcarsallen.com.infinitibizsol.com:443
20.171.207.97 - - [10/Jun/2025:07:10:53 +0000] "GET /products/194sr22889 HTTP/1.1" 404 65127 "-" "Mozilla/5.0 AppleWebKit/537.36 (KHTML, like Gecko; compatible; GPTBot/1.2; +https://openai.com/gptbot)"
cashforcarsallen.com.infinitibizsol.com:443
92.204.239.179 - - [10/Jun/2025:07:10:56 +0000] "GET /wp-login.php HTTP/1.1" 200 5025 "-" "Mozilla/5.0 (Windows NT 10.0; Win64; x64) AppleWebKit/537.36 (KHTML, like Gecko) Chrome/130.0.0.0 Safari/537.36"
cashforcarsallen.com.infinitibizsol.com:443
20.171.207.97 - - [10/Jun/2025:07:10:58 +0000] "GET /products/135ad43266 HTTP/1.1" 404 65127 "-" "Mozilla/5.0 AppleWebKit/537.36 (KHTML, like Gecko; compatible; GPTBot/1.2; +https://openai.com/gptbot)"
cashforcarsallen.com.infinitibizsol.com:443
92.204.239.179 - - [10/Jun/2025:07:11:00 +0000] "POST /wp-login.php HTTP/1.1" 200 5025 "https://cashforcarsallen.com/wp-login.php" "Mozilla/5.0 (Windows NT 10.0; Win64; x64) AppleWebKit/537.36 (KHTML, like Gecko) Chrome/130.0.0.0 Safari/537.36"
cashforcarsallen.com.infinitibizsol.com:443
20.171.207.97 - - [10/Jun/2025:07:11:03 +0000] "GET /products/151wi13950 HTTP/1.1" 404 65127 "-" "Mozilla/5.0 AppleWebKit/537.36 (KHTML, like Gecko; compatible; GPTBot/1.2; +https://openai.com/gptbot)"
cashforcarsallen.com.infinitibizsol.com:443
20.171.207.97 - - [10/Jun/2025:07:11:07 +0000] "GET /products/252ep21087 HTTP/1.1" 404 65127 "-" "Mozilla/5.0 AppleWebKit/537.36 (KHTML, like Gecko; compatible; GPTBot/1.2; +https://openai.com/gptbot)"
cashforcarsallen.com.infinitibizsol.com:443
66.102.135.126 - - [10/Jun/2025:07:11:09 +0000] "GET /wp-login.php HTTP/1.1" 200 5025 "-" "Mozilla/5.0 (Windows NT 10.0; Win64; x64) AppleWebKit/537.36 (KHTML, like Gecko) Chrome/130.0.0.0 Safari/537.36"
cashforcarsallen.com.infinitibizsol.com:443
20.171.207.97 - - [10/Jun/2025:07:11:12 +0000] "GET /products/200bd40313 HTTP/1.1" 404 65127 "-" "Mozilla/5.0 AppleWebKit/537.36 (KHTML, like Gecko; compatible; GPTBot/1.2; +https://openai.com/gptbot)"
cashforcarsallen.com.infinitibizsol.com:443
66.102.135.126 - - [10/Jun/2025:07:11:14 +0000] "POST /wp-login.php HTTP/1.1" 200 5025 "https://cashforcarsallen.com/wp-login.php" "Mozilla/5.0 (Windows NT 10.0; Win64; x64) AppleWebKit/537.36 (KHTML, like Gecko) Chrome/130.0.0.0 Safari/537.36"
cashforcarsallen.com.infinitibizsol.com:443
20.171.207.97 - - [10/Jun/2025:07:11:17 +0000] "GET /products/117ma48782 HTTP/1.1" 404 65127 "-" "Mozilla/5.0 AppleWebKit/537.36 (KHTML, like Gecko; compatible; GPTBot/1.2; +https://openai.com/gptbot)"
cashforcarsallen.com.infinitibizsol.com:443
20.171.207.97 - - [10/Jun/2025:07:11:21 +0000] "GET /products/123to25896 HTTP/1.1" 404 65127 "-" "Mozilla/5.0 AppleWebKit/537.36 (KHTML, like Gecko; compatible; GPTBot/1.2; +https://openai.com/gptbot)"
cashforcarsallen.com.infinitibizsol.com:443
20.171.207.97 - - [10/Jun/2025:07:11:26 +0000] "GET /products/138zw30701 HTTP/1.1" 404 32359 "-" "Mozilla/5.0 AppleWebKit/537.36 (KHTML, like Gecko; compatible; GPTBot/1.2; +https://openai.com/gptbot)"
cashforcarsallen.com.infinitibizsol.com:443
20.171.207.97 - - [10/Jun/2025:07:11:31 +0000] "GET /products/148we18491 HTTP/1.1" 404 32359 "-" "Mozilla/5.0 AppleWebKit/537.36 (KHTML, like Gecko; compatible; GPTBot/1.2; +https://openai.com/gptbot)"
cashforcarsallen.com.infinitibizsol.com:443
20.171.207.97 - - [10/Jun/2025:07:11:35 +0000] "GET /products/128ec12535 HTTP/1.1" 404 65127 "-" "Mozilla/5.0 AppleWebKit/537.36 (KHTML, like Gecko; compatible; GPTBot/1.2; +https://openai.com/gptbot)"
cashforcarsallen.com.infinitibizsol.com:443
51.75.122.244 - - [10/Jun/2025:07:11:37 +0000] "GET /wp-login.php HTTP/1.1" 200 5025 "-" "Mozilla/5.0 (Windows NT 10.0; Win64; x64) AppleWebKit/537.36 (KHTML, like Gecko) Chrome/130.0.0.0 Safari/537.36"
cashforcarsallen.com.infinitibizsol.com:443
20.171.207.97 - - [10/Jun/2025:07:11:40 +0000] "GET /products/294ya26693 HTTP/1.1" 404 65127 "-" "Mozilla/5.0 AppleWebKit/537.36 (KHTML, like Gecko; compatible; GPTBot/1.2; +https://openai.com/gptbot)"
cashforcarsallen.com.infinitibizsol.com:443
51.75.122.244 - - [10/Jun/2025:07:11:41 +0000] "POST /wp-login.php HTTP/1.1" 200 5025 "https://cashforcarsallen.com/wp-login.php" "Mozilla/5.0 (Windows NT 10.0; Win64; x64) AppleWebKit/537.36 (KHTML, like Gecko) Chrome/130.0.0.0 Safari/537.36"
cashforcarsallen.com.infinitibizsol.com:443
20.171.207.97 - - [10/Jun/2025:07:11:45 +0000] "GET /products/205kz24884 HTTP/1.1" 404 32359 "-" "Mozilla/5.0 AppleWebKit/537.36 (KHTML, like Gecko; compatible; GPTBot/1.2; +https://openai.com/gptbot)"
cashforcarsallen.com.infinitibizsol.com:443
20.171.207.97 - - [10/Jun/2025:07:11:48 +0000] "GET /products/139no41642 HTTP/1.1" 404 77268 "-" "Mozilla/5.0 AppleWebKit/537.36 (KHTML, like Gecko; compatible; GPTBot/1.2; +https://openai.com/gptbot)"
cashforcarsallen.com.infinitibizsol.com:443
162.0.223.40 - - [10/Jun/2025:07:11:54 +0000] "POST /wp-cron.php?doing_wp_cron=1749539513.0186419486999511718750 HTTP/1.1" 499 0 "-" "WordPress/6.8.1; https://cashforcarsallen.com"
cashforcarsallen.com.infinitibizsol.com:443
20.171.207.97 - - [10/Jun/2025:07:11:54 +0000] "GET /products/149ro12504 HTTP/1.1" 404 65127 "-" "Mozilla/5.0 AppleWebKit/537.36 (KHTML, like Gecko; compatible; GPTBot/1.2; +https://openai.com/gptbot)"
cashforcarsallen.com.infinitibizsol.com:443
20.171.207.97 - - [10/Jun/2025:07:11:59 +0000] "GET /products/114qw13735 HTTP/1.1" 404 32359 "-" "Mozilla/5.0 AppleWebKit/537.36 (KHTML, like Gecko; compatible; GPTBot/1.2; +https://openai.com/gptbot)"
cashforcarsallen.com.infinitibizsol.com:443
51.75.122.244 - - [10/Jun/2025:07:12:02 +0000] "GET /wp-login.php HTTP/1.1" 200 5025 "-" "Mozilla/5.0 (Windows NT 10.0; Win64; x64) AppleWebKit/537.36 (KHTML, like Gecko) Chrome/130.0.0.0 Safari/537.36"
cashforcarsallen.com.infinitibizsol.com:443
20.171.207.97 - - [10/Jun/2025:07:12:04 +0000] "GET /products/193qy34396 HTTP/1.1" 404 65127 "-" "Mozilla/5.0 AppleWebKit/537.36 (KHTML, like Gecko; compatible; GPTBot/1.2; +https://openai.com/gptbot)"
cashforcarsallen.com.infinitibizsol.com:443
51.75.122.244 - - [10/Jun/2025:07:12:07 +0000] "POST /wp-login.php HTTP/1.1" 200 5025 "https://cashforcarsallen.com/wp-login.php" "Mozilla/5.0 (Windows NT 10.0; Win64; x64) AppleWebKit/537.36 (KHTML, like Gecko) Chrome/130.0.0.0 Safari/537.36"
cashforcarsallen.com.infinitibizsol.com:443
20.171.207.97 - - [10/Jun/2025:07:12:09 +0000] "GET /products/145tm49044 HTTP/1.1" 404 77261 "-" "Mozilla/5.0 AppleWebKit/537.36 (KHTML, like Gecko; compatible; GPTBot/1.2; +https://openai.com/gptbot)"
cashforcarsallen.com.infinitibizsol.com:443
46.21.99.39 - - [10/Jun/2025:07:12:14 +0000] "GET /wp-login.php HTTP/1.1" 200 5025 "-" "Mozilla/5.0 (Windows NT 10.0; Win64; x64) AppleWebKit/537.36 (KHTML, like Gecko) Chrome/130.0.0.0 Safari/537.36"
cashforcarsallen.com.infinitibizsol.com:443
20.171.207.97 - - [10/Jun/2025:07:12:14 +0000] "GET /products/138zw30701 HTTP/1.1" 404 32359 "-" "Mozilla/5.0 AppleWebKit/537.36 (KHTML, like Gecko; compatible; GPTBot/1.2; +https://openai.com/gptbot)"
cashforcarsallen.com.infinitibizsol.com:443
20.171.207.97 - - [10/Jun/2025:07:12:18 +0000] "GET /products/186fd22329 HTTP/1.1" 404 65127 "-" "Mozilla/5.0 AppleWebKit/537.36 (KHTML, like Gecko; compatible; GPTBot/1.2; +https://openai.com/gptbot)"
cashforcarsallen.com.infinitibizsol.com:443
46.21.99.39 - - [10/Jun/2025:07:12:19 +0000] "POST /wp-login.php HTTP/1.1" 200 5025 "https://cashforcarsallen.com/wp-login.php" "Mozilla/5.0 (Windows NT 10.0; Win64; x64) AppleWebKit/537.36 (KHTML, like Gecko) Chrome/130.0.0.0 Safari/537.36"
cashforcarsallen.com.infinitibizsol.com:443
20.171.207.97 - - [10/Jun/2025:07:12:23 +0000] "GET /products/116bg33233 HTTP/1.1" 404 77276 "-" "Mozilla/5.0 AppleWebKit/537.36 (KHTML, like Gecko; compatible; GPTBot/1.2; +https://openai.com/gptbot)"
cashforcarsallen.com.infinitibizsol.com:443
51.38.218.126 - - [10/Jun/2025:07:12:26 +0000] "GET /wp-login.php HTTP/1.1" 200 5025 "-" "Mozilla/5.0 (Windows NT 10.0; Win64; x64) AppleWebKit/537.36 (KHTML, like Gecko) Chrome/130.0.0.0 Safari/537.36"
cashforcarsallen.com.infinitibizsol.com:443
20.171.207.97 - - [10/Jun/2025:07:12:28 +0000] "GET /products/132th14161 HTTP/1.1" 404 77268 "-" "Mozilla/5.0 AppleWebKit/537.36 (KHTML, like Gecko; compatible; GPTBot/1.2; +https://openai.com/gptbot)"
cashforcarsallen.com.infinitibizsol.com:443
51.38.218.126 - - [10/Jun/2025:07:12:30 +0000] "POST /wp-login.php HTTP/1.1" 200 5025 "https://cashforcarsallen.com/wp-login.php" "Mozilla/5.0 (Windows NT 10.0; Win64; x64) AppleWebKit/537.36 (KHTML, like Gecko) Chrome/130.0.0.0 Safari/537.36"
cashforcarsallen.com.infinitibizsol.com:443
20.171.207.97 - - [10/Jun/2025:07:12:33 +0000] "GET /products/254sp20985 HTTP/1.1" 404 77261 "-" "Mozilla/5.0 AppleWebKit/537.36 (KHTML, like Gecko; compatible; GPTBot/1.2; +https://openai.com/gptbot)"
cashforcarsallen.com.infinitibizsol.com:443
20.171.207.97 - - [10/Jun/2025:07:12:38 +0000] "GET /products/101ky26962 HTTP/1.1" 404 65127 "-" "Mozilla/5.0 AppleWebKit/537.36 (KHTML, like Gecko; compatible; GPTBot/1.2; +https://openai.com/gptbot)"
cashforcarsallen.com.infinitibizsol.com:443
20.171.207.97 - - [10/Jun/2025:07:12:44 +0000] "GET /products/125fr29594 HTTP/1.1" 404 65127 "-" "Mozilla/5.0 AppleWebKit/537.36 (KHTML, like Gecko; compatible; GPTBot/1.2; +https://openai.com/gptbot)"
cashforcarsallen.com.infinitibizsol.com:443
162.19.58.166 - - [10/Jun/2025:07:12:50 +0000] "GET /wp-login.php HTTP/1.1" 200 5025 "-" "Mozilla/5.0 (Windows NT 10.0; Win64; x64) AppleWebKit/537.36 (KHTML, like Gecko) Chrome/130.0.0.0 Safari/537.36"
cashforcarsallen.com.infinitibizsol.com:443
20.171.207.97 - - [10/Jun/2025:07:12:51 +0000] "GET /products/138vs38897 HTTP/1.1" 404 65127 "-" "Mozilla/5.0 AppleWebKit/537.36 (KHTML, like Gecko; compatible; GPTBot/1.2; +https://openai.com/gptbot)"
cashforcarsallen.com.infinitibizsol.com:443
162.0.223.40 - - [10/Jun/2025:07:12:56 +0000] "POST /wp-cron.php?doing_wp_cron=1749539575.4475839138031005859375 HTTP/1.1" 499 0 "-" "WordPress/6.8.1; https://cashforcarsallen.com"
cashforcarsallen.com.infinitibizsol.com:443
162.0.223.40 - - [10/Jun/2025:07:12:56 +0000] "POST /wp-cron.php?doing_wp_cron=1749539575.8091359138488769531250 HTTP/1.1" 499 0 "-" "WordPress/6.8.1; https://cashforcarsallen.com"
cashforcarsallen.com.infinitibizsol.com:443
162.19.58.166 - - [10/Jun/2025:07:12:56 +0000] "POST /wp-login.php HTTP/1.1" 200 5025 "https://cashforcarsallen.com/wp-login.php" "Mozilla/5.0 (Windows NT 10.0; Win64; x64) AppleWebKit/537.36 (KHTML, like Gecko) Chrome/130.0.0.0 Safari/537.36"
cashforcarsallen.com.infinitibizsol.com:443
20.171.207.97 - - [10/Jun/2025:07:12:57 +0000] "GET /products/188ju35173 HTTP/1.1" 404 32359 "-" "Mozilla/5.0 AppleWebKit/537.36 (KHTML, like Gecko; compatible; GPTBot/1.2; +https://openai.com/gptbot)"
cashforcarsallen.com.infinitibizsol.com:443
20.171.207.97 - - [10/Jun/2025:07:13:03 +0000] "GET /products/181ct24956 HTTP/1.1" 404 65127 "-" "Mozilla/5.0 AppleWebKit/537.36 (KHTML, like Gecko; compatible; GPTBot/1.2; +https://openai.com/gptbot)"
cashforcarsallen.com.infinitibizsol.com:443
37.97.201.80 - - [10/Jun/2025:07:13:06 +0000] "GET /wp-login.php HTTP/1.1" 200 5025 "-" "Mozilla/5.0 (Windows NT 10.0; Win64; x64) AppleWebKit/537.36 (KHTML, like Gecko) Chrome/130.0.0.0 Safari/537.36"
cashforcarsallen.com.infinitibizsol.com:443
20.171.207.97 - - [10/Jun/2025:07:13:09 +0000] "GET /products/210uk44661 HTTP/1.1" 404 65127 "-" "Mozilla/5.0 AppleWebKit/537.36 (KHTML, like Gecko; compatible; GPTBot/1.2; +https://openai.com/gptbot)"
cashforcarsallen.com.infinitibizsol.com:443
37.97.201.80 - - [10/Jun/2025:07:13:12 +0000] "POST /wp-login.php HTTP/1.1" 200 5025 "https://cashforcarsallen.com/wp-login.php" "Mozilla/5.0 (Windows NT 10.0; Win64; x64) AppleWebKit/537.36 (KHTML, like Gecko) Chrome/130.0.0.0 Safari/537.36"
cashforcarsallen.com.infinitibizsol.com:443
20.171.207.97 - - [10/Jun/2025:07:13:13 +0000] "GET /products/114ku14615 HTTP/1.1" 404 65127 "-" "Mozilla/5.0 AppleWebKit/537.36 (KHTML, like Gecko; compatible; GPTBot/1.2; +https://openai.com/gptbot)"
cashforcarsallen.com.infinitibizsol.com:443
20.171.207.97 - - [10/Jun/2025:07:13:17 +0000] "GET /products/289za39686 HTTP/1.1" 404 65127 "-" "Mozilla/5.0 AppleWebKit/537.36 (KHTML, like Gecko; compatible; GPTBot/1.2; +https://openai.com/gptbot)"
cashforcarsallen.com.infinitibizsol.com:443
92.204.239.125 - - [10/Jun/2025:07:13:19 +0000] "GET /wp-login.php HTTP/1.1" 200 5025 "-" "Mozilla/5.0 (Windows NT 10.0; Win64; x64) AppleWebKit/537.36 (KHTML, like Gecko) Chrome/130.0.0.0 Safari/537.36"
cashforcarsallen.com.infinitibizsol.com:443
20.171.207.97 - - [10/Jun/2025:07:13:22 +0000] "GET /products/288ch27267 HTTP/1.1" 404 77284 "-" "Mozilla/5.0 AppleWebKit/537.36 (KHTML, like Gecko; compatible; GPTBot/1.2; +https://openai.com/gptbot)"
cashforcarsallen.com.infinitibizsol.com:443
92.204.239.125 - - [10/Jun/2025:07:13:23 +0000] "POST /wp-login.php HTTP/1.1" 200 5025 "https://cashforcarsallen.com/wp-login.php" "Mozilla/5.0 (Windows NT 10.0; Win64; x64) AppleWebKit/537.36 (KHTML, like Gecko) Chrome/130.0.0.0 Safari/537.36"
cashforcarsallen.com.infinitibizsol.com:443
20.171.207.97 - - [10/Jun/2025:07:13:27 +0000] "GET /products/108sg38979 HTTP/1.1" 404 65127 "-" "Mozilla/5.0 AppleWebKit/537.36 (KHTML, like Gecko; compatible; GPTBot/1.2; +https://openai.com/gptbot)"
cashforcarsallen.com.infinitibizsol.com:443
167.172.161.100 - - [10/Jun/2025:07:13:29 +0000] "GET /wp-login.php HTTP/1.1" 200 5025 "-" "Mozilla/5.0 (Windows NT 10.0; Win64; x64) AppleWebKit/537.36 (KHTML, like Gecko) Chrome/130.0.0.0 Safari/537.36"
cashforcarsallen.com.infinitibizsol.com:443
20.171.207.97 - - [10/Jun/2025:07:13:32 +0000] "GET /products/290sp47401 HTTP/1.1" 404 32359 "-" "Mozilla/5.0 AppleWebKit/537.36 (KHTML, like Gecko; compatible; GPTBot/1.2; +https://openai.com/gptbot)"
cashforcarsallen.com.infinitibizsol.com:443
167.172.161.100 - - [10/Jun/2025:07:13:33 +0000] "POST /wp-login.php HTTP/1.1" 200 5025 "https://cashforcarsallen.com/wp-login.php" "Mozilla/5.0 (Windows NT 10.0; Win64; x64) AppleWebKit/537.36 (KHTML, like Gecko) Chrome/130.0.0.0 Safari/537.36"
cashforcarsallen.com.infinitibizsol.com:443
20.171.207.97 - - [10/Jun/2025:07:13:36 +0000] "GET /products/228qj15885 HTTP/1.1" 404 65127 "-" "Mozilla/5.0 AppleWebKit/537.36 (KHTML, like Gecko; compatible; GPTBot/1.2; +https://openai.com/gptbot)"
cashforcarsallen.com.infinitibizsol.com:443
146.59.209.203 - - [10/Jun/2025:07:13:39 +0000] "GET /wp-login.php HTTP/1.1" 200 5025 "-" "Mozilla/5.0 (Windows NT 10.0; Win64; x64) AppleWebKit/537.36 (KHTML, like Gecko) Chrome/130.0.0.0 Safari/537.36"
cashforcarsallen.com.infinitibizsol.com:443
20.171.207.97 - - [10/Jun/2025:07:13:40 +0000] "GET /products/114np24317 HTTP/1.1" 404 65127 "-" "Mozilla/5.0 AppleWebKit/537.36 (KHTML, like Gecko; compatible; GPTBot/1.2; +https://openai.com/gptbot)"
cashforcarsallen.com.infinitibizsol.com:443
20.171.207.97 - - [10/Jun/2025:07:13:45 +0000] "GET /products/293os33516 HTTP/1.1" 404 65127 "-" "Mozilla/5.0 AppleWebKit/537.36 (KHTML, like Gecko; compatible; GPTBot/1.2; +https://openai.com/gptbot)"
cashforcarsallen.com.infinitibizsol.com:443
146.59.209.203 - - [10/Jun/2025:07:13:45 +0000] "POST /wp-login.php HTTP/1.1" 200 5025 "https://cashforcarsallen.com/wp-login.php" "Mozilla/5.0 (Windows NT 10.0; Win64; x64) AppleWebKit/537.36 (KHTML, like Gecko) Chrome/130.0.0.0 Safari/537.36"
cashforcarsallen.com.infinitibizsol.com:443
20.171.207.97 - - [10/Jun/2025:07:13:49 +0000] "GET /products/156pp26263 HTTP/1.1" 404 65127 "-" "Mozilla/5.0 AppleWebKit/537.36 (KHTML, like Gecko; compatible; GPTBot/1.2; +https://openai.com/gptbot)"
cashforcarsallen.com.infinitibizsol.com:443
20.171.207.97 - - [10/Jun/2025:07:13:53 +0000] "GET /products/132fz22117 HTTP/1.1" 404 32359 "-" "Mozilla/5.0 AppleWebKit/537.36 (KHTML, like Gecko; compatible; GPTBot/1.2; +https://openai.com/gptbot)"
cashforcarsallen.com.infinitibizsol.com:443
162.240.175.40 - - [10/Jun/2025:07:13:55 +0000] "GET /wp-login.php HTTP/1.1" 200 5025 "-" "Mozilla/5.0 (Windows NT 10.0; Win64; x64) AppleWebKit/537.36 (KHTML, like Gecko) Chrome/130.0.0.0 Safari/537.36"
cashforcarsallen.com.infinitibizsol.com:443
162.0.223.40 - - [10/Jun/2025:07:13:58 +0000] "POST /wp-cron.php?doing_wp_cron=1749539637.2897291183471679687500 HTTP/1.1" 499 0 "-" "WordPress/6.8.1; https://cashforcarsallen.com"
cashforcarsallen.com.infinitibizsol.com:443
20.171.207.97 - - [10/Jun/2025:07:13:59 +0000] "GET /products/231qm30252 HTTP/1.1" 404 65127 "-" "Mozilla/5.0 AppleWebKit/537.36 (KHTML, like Gecko; compatible; GPTBot/1.2; +https://openai.com/gptbot)"
cashforcarsallen.com.infinitibizsol.com:443
162.0.223.40 - - [10/Jun/2025:07:14:02 +0000] "POST /wp-cron.php?doing_wp_cron=1749539641.5024149417877197265625 HTTP/1.1" 499 0 "-" "WordPress/6.8.1; https://cashforcarsallen.com"
cashforcarsallen.com.infinitibizsol.com:443
162.240.175.40 - - [10/Jun/2025:07:14:02 +0000] "POST /wp-login.php HTTP/1.1" 200 5025 "https://cashforcarsallen.com/wp-login.php" "Mozilla/5.0 (Windows NT 10.0; Win64; x64) AppleWebKit/537.36 (KHTML, like Gecko) Chrome/130.0.0.0 Safari/537.36"
cashforcarsallen.com.infinitibizsol.com:443
20.171.207.97 - - [10/Jun/2025:07:14:04 +0000] "GET /products/148tx11639 HTTP/1.1" 404 65127 "-" "Mozilla/5.0 AppleWebKit/537.36 (KHTML, like Gecko; compatible; GPTBot/1.2; +https://openai.com/gptbot)"
cashforcarsallen.com.infinitibizsol.com:443
20.171.207.97 - - [10/Jun/2025:07:14:09 +0000] "GET /products/226uy38311 HTTP/1.1" 404 65127 "-" "Mozilla/5.0 AppleWebKit/537.36 (KHTML, like Gecko; compatible; GPTBot/1.2; +https://openai.com/gptbot)"
cashforcarsallen.com.infinitibizsol.com:443
45.56.220.57 - - [10/Jun/2025:07:14:11 +0000] "GET /wp-login.php HTTP/1.1" 200 5025 "-" "Mozilla/5.0 (Windows NT 10.0; Win64; x64) AppleWebKit/537.36 (KHTML, like Gecko) Chrome/130.0.0.0 Safari/537.36"
cashforcarsallen.com.infinitibizsol.com:443
20.171.207.97 - - [10/Jun/2025:07:14:14 +0000] "GET /products/108sg38979 HTTP/1.1" 404 77261 "-" "Mozilla/5.0 AppleWebKit/537.36 (KHTML, like Gecko; compatible; GPTBot/1.2; +https://openai.com/gptbot)"
cashforcarsallen.com.infinitibizsol.com:443
45.56.220.57 - - [10/Jun/2025:07:14:18 +0000] "POST /wp-login.php HTTP/1.1" 200 5025 "https://cashforcarsallen.com/wp-login.php" "Mozilla/5.0 (Windows NT 10.0; Win64; x64) AppleWebKit/537.36 (KHTML, like Gecko) Chrome/130.0.0.0 Safari/537.36"
cashforcarsallen.com.infinitibizsol.com:443
20.171.207.97 - - [10/Jun/2025:07:14:19 +0000] "GET /products/195es22590 HTTP/1.1" 404 32359 "-" "Mozilla/5.0 AppleWebKit/537.36 (KHTML, like Gecko; compatible; GPTBot/1.2; +https://openai.com/gptbot)"
cashforcarsallen.com.infinitibizsol.com:443
20.171.207.97 - - [10/Jun/2025:07:14:22 +0000] "GET /products/237gt36100 HTTP/1.1" 404 65127 "-" "Mozilla/5.0 AppleWebKit/537.36 (KHTML, like Gecko; compatible; GPTBot/1.2; +https://openai.com/gptbot)"
cashforcarsallen.com.infinitibizsol.com:443
20.171.207.97 - - [10/Jun/2025:07:14:26 +0000] "GET /products/171lg26376 HTTP/1.1" 404 65127 "-" "Mozilla/5.0 AppleWebKit/537.36 (KHTML, like Gecko; compatible; GPTBot/1.2; +https://openai.com/gptbot)"
cashforcarsallen.com.infinitibizsol.com:443
20.171.207.97 - - [10/Jun/2025:07:14:31 +0000] "GET /products/210xt41791 HTTP/1.1" 404 77268 "-" "Mozilla/5.0 AppleWebKit/537.36 (KHTML, like Gecko; compatible; GPTBot/1.2; +https://openai.com/gptbot)"
cashforcarsallen.com.infinitibizsol.com:443
20.171.207.97 - - [10/Jun/2025:07:14:35 +0000] "GET /products/151gz11566 HTTP/1.1" 404 65127 "-" "Mozilla/5.0 AppleWebKit/537.36 (KHTML, like Gecko; compatible; GPTBot/1.2; +https://openai.com/gptbot)"
cashforcarsallen.com.infinitibizsol.com:443
69.49.228.101 - - [10/Jun/2025:07:14:36 +0000] "GET /wp-login.php HTTP/1.1" 200 5025 "-" "Mozilla/5.0 (Windows NT 10.0; Win64; x64) AppleWebKit/537.36 (KHTML, like Gecko) Chrome/130.0.0.0 Safari/537.36"
cashforcarsallen.com.infinitibizsol.com:443
20.171.207.97 - - [10/Jun/2025:07:14:39 +0000] "GET /products/134pf10673 HTTP/1.1" 404 77261 "-" "Mozilla/5.0 AppleWebKit/537.36 (KHTML, like Gecko; compatible; GPTBot/1.2; +https://openai.com/gptbot)"
cashforcarsallen.com.infinitibizsol.com:443
69.49.228.101 - - [10/Jun/2025:07:14:40 +0000] "POST /wp-login.php HTTP/1.1" 200 5025 "https://cashforcarsallen.com/wp-login.php" "Mozilla/5.0 (Windows NT 10.0; Win64; x64) AppleWebKit/537.36 (KHTML, like Gecko) Chrome/130.0.0.0 Safari/537.36"
cashforcarsallen.com.infinitibizsol.com:443
80.85.245.5 - - [10/Jun/2025:07:14:43 +0000] "GET / HTTP/1.1" 200 128519 "-" "Mozilla/5.0 (Macintosh; Intel Mac OS X 10_15_7) AppleWebKit/537.36 (KHTML, like Gecko) Chrome/133.0.0.0 Safari/537.36"
cashforcarsallen.com.infinitibizsol.com:443
173.208.204.66 - - [10/Jun/2025:07:14:43 +0000] "GET /wp-includes/admin.php HTTP/1.1" 499 0 "https://cashforcarsallen.com/wp-includes/admin.php" "Mozilla/5.0 (Windows NT 10.0; Win64; x64) AppleWebKit/537.36 (KHTML, like Gecko) Chrome/58.0.3029.110 Safari/537.3"
cashforcarsallen.com.infinitibizsol.com:443
173.208.204.66 - - [10/Jun/2025:07:14:44 +0000] "GET /wp-includes/admin.php HTTP/1.1" 200 16 "https://cashforcarsallen.com/wp-includes/admin.php" "Mozilla/5.0 (Windows NT 10.0; Win64; x64) AppleWebKit/537.36 (KHTML, like Gecko) Chrome/58.0.3029.110 Safari/537.3"
cashforcarsallen.com.infinitibizsol.com:443
20.171.207.97 - - [10/Jun/2025:07:14:45 +0000] "GET /products/214jo45797 HTTP/1.1" 404 32359 "-" "Mozilla/5.0 AppleWebKit/537.36 (KHTML, like Gecko; compatible; GPTBot/1.2; +https://openai.com/gptbot)"
cashforcarsallen.com.infinitibizsol.com:443
20.171.207.97 - - [10/Jun/2025:07:14:50 +0000] "GET /products/245zp43090 HTTP/1.1" 404 65127 "-" "Mozilla/5.0 AppleWebKit/537.36 (KHTML, like Gecko; compatible; GPTBot/1.2; +https://openai.com/gptbot)"
cashforcarsallen.com.infinitibizsol.com:443
113.22.34.201 - - [10/Jun/2025:07:14:51 +0000] "POST / HTTP/1.1" 200 128962 "-" "Mozilla/5.0 (Macintosh; Intel Mac OS X 10_15_7) AppleWebKit/537.36 (KHTML, like Gecko) Chrome/133.0.0.0 Safari/537.36"
cashforcarsallen.com.infinitibizsol.com:443
20.171.207.97 - - [10/Jun/2025:07:14:55 +0000] "GET /products/190zj43901 HTTP/1.1" 404 32359 "-" "Mozilla/5.0 AppleWebKit/537.36 (KHTML, like Gecko; compatible; GPTBot/1.2; +https://openai.com/gptbot)"
cashforcarsallen.com.infinitibizsol.com:443
113.22.34.201 - - [10/Jun/2025:07:14:59 +0000] "POST / HTTP/1.1" 200 128467 "-" "Mozilla/5.0 (Windows NT 10.0; Win64; x64) AppleWebKit/537.36 (KHTML, like Gecko) Chrome/120.0.0.0 Safari/537.36"
cashforcarsallen.com.infinitibizsol.com:443
20.171.207.97 - - [10/Jun/2025:07:15:00 +0000] "GET /products/235ju45032 HTTP/1.1" 404 65127 "-" "Mozilla/5.0 AppleWebKit/537.36 (KHTML, like Gecko; compatible; GPTBot/1.2; +https://openai.com/gptbot)"
cashforcarsallen.com.infinitibizsol.com:443
162.0.223.40 - - [10/Jun/2025:07:15:07 +0000] "POST /wp-cron.php?doing_wp_cron=1749539706.0418739318847656250000 HTTP/1.1" 499 0 "-" "WordPress/6.8.1; https://cashforcarsallen.com"
cashforcarsallen.com.infinitibizsol.com:443
198.177.125.65 - - [10/Jun/2025:07:15:07 +0000] "GET /wp-login.php HTTP/1.1" 200 5025 "-" "Mozilla/5.0 (Windows NT 10.0; Win64; x64) AppleWebKit/537.36 (KHTML, like Gecko) Chrome/130.0.0.0 Safari/537.36"
cashforcarsallen.com.infinitibizsol.com:443
162.0.223.40 - - [10/Jun/2025:07:15:08 +0000] "POST /wp-cron.php?doing_wp_cron=1749539707.1631500720977783203125 HTTP/1.1" 499 0 "-" "WordPress/6.8.1; https://cashforcarsallen.com"
cashforcarsallen.com.infinitibizsol.com:443
20.171.207.97 - - [10/Jun/2025:07:15:09 +0000] "GET /products/219kl12212 HTTP/1.1" 404 32359 "-" "Mozilla/5.0 AppleWebKit/537.36 (KHTML, like Gecko; compatible; GPTBot/1.2; +https://openai.com/gptbot)"
cashforcarsallen.com.infinitibizsol.com:443
162.0.223.40 - - [10/Jun/2025:07:15:11 +0000] "POST /wp-cron.php?doing_wp_cron=1749539710.6512649059295654296875 HTTP/1.1" 499 0 "-" "WordPress/6.8.1; https://cashforcarsallen.com"
cashforcarsallen.com.infinitibizsol.com:443
113.22.34.201 - - [10/Jun/2025:07:15:14 +0000] "POST / HTTP/1.1" 200 128720 "-" "Mozilla/5.0 (Macintosh; Intel Mac OS X 10_15_7) AppleWebKit/537.36 (KHTML, like Gecko) Chrome/133.0.0.0 Safari/537.36"
cashforcarsallen.com.infinitibizsol.com:443
198.177.125.65 - - [10/Jun/2025:07:15:16 +0000] "POST /wp-login.php HTTP/1.1" 200 5025 "https://cashforcarsallen.com/wp-login.php" "Mozilla/5.0 (Windows NT 10.0; Win64; x64) AppleWebKit/537.36 (KHTML, like Gecko) Chrome/130.0.0.0 Safari/537.36"
cashforcarsallen.com.infinitibizsol.com:443
20.171.207.97 - - [10/Jun/2025:07:15:20 +0000] "GET /products/201kp44078 HTTP/1.1" 404 65127 "-" "Mozilla/5.0 AppleWebKit/537.36 (KHTML, like Gecko; compatible; GPTBot/1.2; +https://openai.com/gptbot)"
cashforcarsallen.com.infinitibizsol.com:443
113.22.34.201 - - [10/Jun/2025:07:15:23 +0000] "POST / HTTP/1.1" 200 128444 "-" "Mozilla/5.0 (Windows NT 10.0; Win64; x64) AppleWebKit/537.36 (KHTML, like Gecko) Chrome/120.0.0.0 Safari/537.36"
cashforcarsallen.com.infinitibizsol.com:443
20.171.207.97 - - [10/Jun/2025:07:15:25 +0000] "GET /products/147gr42238 HTTP/1.1" 404 65127 "-" "Mozilla/5.0 AppleWebKit/537.36 (KHTML, like Gecko; compatible; GPTBot/1.2; +https://openai.com/gptbot)"
cashforcarsallen.com.infinitibizsol.com:443
20.171.207.97 - - [10/Jun/2025:07:15:31 +0000] "GET /products/203ko18162 HTTP/1.1" 404 65127 "-" "Mozilla/5.0 AppleWebKit/537.36 (KHTML, like Gecko; compatible; GPTBot/1.2; +https://openai.com/gptbot)"
cashforcarsallen.com.infinitibizsol.com:443
80.85.245.5 - - [10/Jun/2025:07:15:31 +0000] "GET /comments/feed/ HTTP/1.1" 200 745 "-" "Mozilla/5.0 (Macintosh; Intel Mac OS X 10_15_7) AppleWebKit/537.36 (KHTML, like Gecko) Chrome/133.0.0.0 Safari/537.36"
cashforcarsallen.com.infinitibizsol.com:443
20.171.207.97 - - [10/Jun/2025:07:15:37 +0000] "GET /products/221qh19006 HTTP/1.1" 404 48743 "-" "Mozilla/5.0 AppleWebKit/537.36 (KHTML, like Gecko; compatible; GPTBot/1.2; +https://openai.com/gptbot)"
cashforcarsallen.com.infinitibizsol.com:443
80.85.245.5 - - [10/Jun/2025:07:15:38 +0000] "GET /check-my-car-value/ HTTP/1.1" 200 94732 "-" "Mozilla/5.0 (Macintosh; Intel Mac OS X 10_15_7) AppleWebKit/537.36 (KHTML, like Gecko) Chrome/133.0.0.0 Safari/537.36"
cashforcarsallen.com.infinitibizsol.com:443
20.171.207.97 - - [10/Jun/2025:07:15:43 +0000] "GET /products/130vd49641 HTTP/1.1" 404 65127 "-" "Mozilla/5.0 AppleWebKit/537.36 (KHTML, like Gecko; compatible; GPTBot/1.2; +https://openai.com/gptbot)"
cashforcarsallen.com.infinitibizsol.com:443
69.49.228.101 - - [10/Jun/2025:07:15:44 +0000] "GET /wp-login.php HTTP/1.1" 200 5025 "-" "Mozilla/5.0 (Windows NT 10.0; Win64; x64) AppleWebKit/537.36 (KHTML, like Gecko) Chrome/130.0.0.0 Safari/537.36"
cashforcarsallen.com.infinitibizsol.com:443
113.22.34.201 - - [10/Jun/2025:07:15:46 +0000] "POST /check-my-car-value/ HTTP/1.1" 200 95167 "-" "Mozilla/5.0 (Macintosh; Intel Mac OS X 10_15_7) AppleWebKit/537.36 (KHTML, like Gecko) Chrome/133.0.0.0 Safari/537.36"
cashforcarsallen.com.infinitibizsol.com:443
20.171.207.97 - - [10/Jun/2025:07:15:48 +0000] "GET /products/127cq48412 HTTP/1.1" 404 32359 "-" "Mozilla/5.0 AppleWebKit/537.36 (KHTML, like Gecko; compatible; GPTBot/1.2; +https://openai.com/gptbot)"
cashforcarsallen.com.infinitibizsol.com:443
69.49.228.101 - - [10/Jun/2025:07:15:50 +0000] "POST /wp-login.php HTTP/1.1" 200 5025 "https://cashforcarsallen.com/wp-login.php" "Mozilla/5.0 (Windows NT 10.0; Win64; x64) AppleWebKit/537.36 (KHTML, like Gecko) Chrome/130.0.0.0 Safari/537.36"
cashforcarsallen.com.infinitibizsol.com:443
20.171.207.97 - - [10/Jun/2025:07:15:54 +0000] "GET /products/299zr17332 HTTP/1.1" 404 65127 "-" "Mozilla/5.0 AppleWebKit/537.36 (KHTML, like Gecko; compatible; GPTBot/1.2; +https://openai.com/gptbot)"
cashforcarsallen.com.infinitibizsol.com:443
113.22.34.201 - - [10/Jun/2025:07:15:54 +0000] "POST /check-my-car-value/ HTTP/1.1" 200 94664 "-" "Mozilla/5.0 (Windows NT 10.0; Win64; x64) AppleWebKit/537.36 (KHTML, like Gecko) Chrome/120.0.0.0 Safari/537.36"
cashforcarsallen.com.infinitibizsol.com:443
20.171.207.97 - - [10/Jun/2025:07:16:00 +0000] "GET /products/234io11055 HTTP/1.1" 404 77284 "-" "Mozilla/5.0 AppleWebKit/537.36 (KHTML, like Gecko; compatible; GPTBot/1.2; +https://openai.com/gptbot)"
cashforcarsallen.com.infinitibizsol.com:443
80.85.245.5 - - [10/Jun/2025:07:16:03 +0000] "GET /contact-us/ HTTP/1.1" 200 99612 "-" "Mozilla/5.0 (Macintosh; Intel Mac OS X 10_15_7) AppleWebKit/537.36 (KHTML, like Gecko) Chrome/133.0.0.0 Safari/537.36"
cashforcarsallen.com.infinitibizsol.com:443
20.171.207.97 - - [10/Jun/2025:07:16:06 +0000] "GET /products/125zl44220 HTTP/1.1" 404 77268 "-" "Mozilla/5.0 AppleWebKit/537.36 (KHTML, like Gecko; compatible; GPTBot/1.2; +https://openai.com/gptbot)"
cashforcarsallen.com.infinitibizsol.com:443
192.169.174.187 - - [10/Jun/2025:07:16:08 +0000] "GET /wp-login.php HTTP/1.1" 200 5025 "-" "Mozilla/5.0 (Windows NT 10.0; Win64; x64) AppleWebKit/537.36 (KHTML, like Gecko) Chrome/130.0.0.0 Safari/537.36"
cashforcarsallen.com.infinitibizsol.com:443
113.22.34.201 - - [10/Jun/2025:07:16:11 +0000] "POST /contact-us/ HTTP/1.1" 200 99976 "-" "Mozilla/5.0 (Macintosh; Intel Mac OS X 10_15_7) AppleWebKit/537.36 (KHTML, like Gecko) Chrome/133.0.0.0 Safari/537.36"
cashforcarsallen.com.infinitibizsol.com:443
162.0.223.40 - - [10/Jun/2025:07:16:12 +0000] "POST /wp-cron.php?doing_wp_cron=1749539771.4477250576019287109375 HTTP/1.1" 499 0 "-" "WordPress/6.8.1; https://cashforcarsallen.com"
cashforcarsallen.com.infinitibizsol.com:443
20.171.207.97 - - [10/Jun/2025:07:16:13 +0000] "GET /products/176hv25077 HTTP/1.1" 404 77268 "-" "Mozilla/5.0 AppleWebKit/537.36 (KHTML, like Gecko; compatible; GPTBot/1.2; +https://openai.com/gptbot)"
cashforcarsallen.com.infinitibizsol.com:443
162.0.223.40 - - [10/Jun/2025:07:16:15 +0000] "POST /wp-cron.php?doing_wp_cron=1749539774.0144848823547363281250 HTTP/1.1" 499 0 "-" "WordPress/6.8.1; https://cashforcarsallen.com"
cashforcarsallen.com.infinitibizsol.com:443
192.169.174.187 - - [10/Jun/2025:07:16:15 +0000] "POST /wp-login.php HTTP/1.1" 200 5025 "https://cashforcarsallen.com/wp-login.php" "Mozilla/5.0 (Windows NT 10.0; Win64; x64) AppleWebKit/537.36 (KHTML, like Gecko) Chrome/130.0.0.0 Safari/537.36"
cashforcarsallen.com.infinitibizsol.com:443
20.171.207.97 - - [10/Jun/2025:07:16:19 +0000] "GET /products/144qv45597 HTTP/1.1" 404 32359 "-" "Mozilla/5.0 AppleWebKit/537.36 (KHTML, like Gecko; compatible; GPTBot/1.2; +https://openai.com/gptbot)"
cashforcarsallen.com.infinitibizsol.com:443
113.22.34.201 - - [10/Jun/2025:07:16:19 +0000] "POST /contact-us/ HTTP/1.1" 200 99552 "-" "Mozilla/5.0 (Windows NT 10.0; Win64; x64) AppleWebKit/537.36 (KHTML, like Gecko) Chrome/120.0.0.0 Safari/537.36"
cashforcarsallen.com.infinitibizsol.com:443
20.171.207.97 - - [10/Jun/2025:07:16:24 +0000] "GET /products/258nd21071 HTTP/1.1" 404 65127 "-" "Mozilla/5.0 AppleWebKit/537.36 (KHTML, like Gecko; compatible; GPTBot/1.2; +https://openai.com/gptbot)"
cashforcarsallen.com.infinitibizsol.com:443
80.85.245.5 - - [10/Jun/2025:07:16:25 +0000] "GET /contact-us HTTP/1.1" 301 5 "-" "Mozilla/5.0 (Macintosh; Intel Mac OS X 10_15_7) AppleWebKit/537.36 (KHTML, like Gecko) Chrome/133.0.0.0 Safari/537.36"
cashforcarsallen.com.infinitibizsol.com:443
20.171.207.97 - - [10/Jun/2025:07:16:29 +0000] "GET /products/146rt49833 HTTP/1.1" 404 65127 "-" "Mozilla/5.0 AppleWebKit/537.36 (KHTML, like Gecko; compatible; GPTBot/1.2; +https://openai.com/gptbot)"
cashforcarsallen.com.infinitibizsol.com:443
20.171.207.97 - - [10/Jun/2025:07:16:32 +0000] "GET /products/240ec10625 HTTP/1.1" 404 65127 "-" "Mozilla/5.0 AppleWebKit/537.36 (KHTML, like Gecko; compatible; GPTBot/1.2; +https://openai.com/gptbot)"
cashforcarsallen.com.infinitibizsol.com:443
80.85.245.5 - - [10/Jun/2025:07:16:32 +0000] "GET /contact-us/ HTTP/1.1" 200 99612 "https://cashforcarsallen.com/contact-us" "Mozilla/5.0 (Macintosh; Intel Mac OS X 10_15_7) AppleWebKit/537.36 (KHTML, like Gecko) Chrome/133.0.0.0 Safari/537.36"
cashforcarsallen.com.infinitibizsol.com:443
20.171.207.97 - - [10/Jun/2025:07:16:36 +0000] "GET /products/244cu27697 HTTP/1.1" 404 48743 "-" "Mozilla/5.0 AppleWebKit/537.36 (KHTML, like Gecko; compatible; GPTBot/1.2; +https://openai.com/gptbot)"
cashforcarsallen.com.infinitibizsol.com:443
113.22.34.201 - - [10/Jun/2025:07:16:39 +0000] "POST /contact-us/ HTTP/1.1" 200 99987 "-" "Mozilla/5.0 (Macintosh; Intel Mac OS X 10_15_7) AppleWebKit/537.36 (KHTML, like Gecko) Chrome/133.0.0.0 Safari/537.36"
cashforcarsallen.com.infinitibizsol.com:443
20.171.207.97 - - [10/Jun/2025:07:16:40 +0000] "GET /products/236ag31683 HTTP/1.1" 404 65127 "-" "Mozilla/5.0 AppleWebKit/537.36 (KHTML, like Gecko; compatible; GPTBot/1.2; +https://openai.com/gptbot)"
cashforcarsallen.com.infinitibizsol.com:443
103.115.19.31 - - [10/Jun/2025:07:16:43 +0000] "GET /wp-login.php HTTP/1.1" 200 5025 "-" "Mozilla/5.0 (Windows NT 10.0; Win64; x64) AppleWebKit/537.36 (KHTML, like Gecko) Chrome/130.0.0.0 Safari/537.36"
cashforcarsallen.com.infinitibizsol.com:443
20.171.207.97 - - [10/Jun/2025:07:16:44 +0000] "GET /products/151zm30114 HTTP/1.1" 404 77261 "-" "Mozilla/5.0 AppleWebKit/537.36 (KHTML, like Gecko; compatible; GPTBot/1.2; +https://openai.com/gptbot)"
cashforcarsallen.com.infinitibizsol.com:443
113.22.34.201 - - [10/Jun/2025:07:16:46 +0000] "POST /contact-us/ HTTP/1.1" 200 99537 "-" "Mozilla/5.0 (Windows NT 10.0; Win64; x64) AppleWebKit/537.36 (KHTML, like Gecko) Chrome/120.0.0.0 Safari/537.36"
cashforcarsallen.com.infinitibizsol.com:443
103.115.19.31 - - [10/Jun/2025:07:16:47 +0000] "POST /wp-login.php HTTP/1.1" 200 5025 "https://cashforcarsallen.com/wp-login.php" "Mozilla/5.0 (Windows NT 10.0; Win64; x64) AppleWebKit/537.36 (KHTML, like Gecko) Chrome/130.0.0.0 Safari/537.36"
cashforcarsallen.com.infinitibizsol.com:443
20.171.207.97 - - [10/Jun/2025:07:16:48 +0000] "GET /products/295dc21132 HTTP/1.1" 404 77261 "-" "Mozilla/5.0 AppleWebKit/537.36 (KHTML, like Gecko; compatible; GPTBot/1.2; +https://openai.com/gptbot)"
