20.171.207.223 - - [10/Jun/2025:14:49:44 +0000] "GET /products/171cs37121 HTTP/1.1" 500 2665 "-" "Mozilla/5.0 AppleWebKit/537.36 (KHTML, like Gecko; compatible; GPTBot/1.2; +https://openai.com/gptbot)"
cashforcarsrichardson.com.infinitibizsol.com:443
20.171.207.223 - - [10/Jun/2025:14:50:49 +0000] "GET /products/134jr44144 HTTP/1.1" 500 2665 "-" "Mozilla/5.0 AppleWebKit/537.36 (KHTML, like Gecko; compatible; GPTBot/1.2; +https://openai.com/gptbot)"
cashforcarsrichardson.com.infinitibizsol.com:443
20.171.207.223 - - [10/Jun/2025:14:51:50 +0000] "GET /products/114pc14784 HTTP/1.1" 500 2665 "-" "Mozilla/5.0 AppleWebKit/537.36 (KHTML, like Gecko; compatible; GPTBot/1.2; +https://openai.com/gptbot)"
cashforcarsrichardson.com.infinitibizsol.com:443
204.12.252.98 - - [10/Jun/2025:14:52:06 +0000] "GET /wp-content/admin.php HTTP/1.1" 200 16 "https://cashforcarsrichardson.com/wp-content/admin.php" "Mozilla/5.0 (Windows NT 10.0; Win64; x64) AppleWebKit/537.36 (KHTML, like Gecko) Chrome/58.0.3029.110 Safari/537.3"
cashforcarsrichardson.com.infinitibizsol.com:443
20.171.207.223 - - [10/Jun/2025:14:52:50 +0000] "GET /products/211zr14121 HTTP/1.1" 500 2665 "-" "Mozilla/5.0 AppleWebKit/537.36 (KHTML, like Gecko; compatible; GPTBot/1.2; +https://openai.com/gptbot)"
cashforcarsrichardson.com.infinitibizsol.com:443
45.227.253.15 - - [10/Jun/2025:14:53:22 +0000] "GET /index.php/jk HTTP/1.1" 500 2665 "-" "Mozilla/5.0 (Macintosh; Intel Mac OS X 10.12; rv:103.0) Gecko/20100101 Firefox/102.0"
cashforcarsrichardson.com.infinitibizsol.com:443
20.171.207.223 - - [10/Jun/2025:14:53:53 +0000] "GET /products/199ud31941 HTTP/1.1" 500 2665 "-" "Mozilla/5.0 AppleWebKit/537.36 (KHTML, like Gecko; compatible; GPTBot/1.2; +https://openai.com/gptbot)"
cashforcarsrichardson.com.infinitibizsol.com:443
20.171.207.223 - - [10/Jun/2025:14:54:55 +0000] "GET /products/165jj11411 HTTP/1.1" 500 2665 "-" "Mozilla/5.0 AppleWebKit/537.36 (KHTML, like Gecko; compatible; GPTBot/1.2; +https://openai.com/gptbot)"
cashforcarsrichardson.com.infinitibizsol.com:443
20.171.207.223 - - [10/Jun/2025:14:55:56 +0000] "GET /products/242lt42452 HTTP/1.1" 500 2665 "-" "Mozilla/5.0 AppleWebKit/537.36 (KHTML, like Gecko; compatible; GPTBot/1.2; +https://openai.com/gptbot)"
cashforcarsrichardson.com.infinitibizsol.com:443
173.208.153.154 - - [10/Jun/2025:14:56:24 +0000] "GET /wp-content/admin.php HTTP/1.1" 200 16 "https://cashforcarsrichardson.com/wp-content/admin.php" "Mozilla/4.0 (compatible; MSIE 7.0; Windows NT 6.0; SLCC1; .NET CLR 2.0.50727; Media Center PC 5.0; .NET CLR 3.0.04506; InfoPath.1)"
cashforcarsrichardson.com.infinitibizsol.com:443
108.181.202.211 - - [10/Jun/2025:14:56:27 +0000] "GET /wp-content/admin.php HTTP/1.1" 200 16 "https://cashforcarsrichardson.com/wp-content/admin.php" "Mozilla/5.0 (compatible; MSIE 10.0; Windows NT 6.2; Trident/6.0)"
cashforcarsrichardson.com.infinitibizsol.com:443
20.171.207.223 - - [10/Jun/2025:14:57:02 +0000] "GET /products/118uu30188 HTTP/1.1" 500 2665 "-" "Mozilla/5.0 AppleWebKit/537.36 (KHTML, like Gecko; compatible; GPTBot/1.2; +https://openai.com/gptbot)"
cashforcarsrichardson.com.infinitibizsol.com:443
20.171.207.223 - - [10/Jun/2025:14:58:05 +0000] "GET /products/137rr17391 HTTP/1.1" 500 2665 "-" "Mozilla/5.0 AppleWebKit/537.36 (KHTML, like Gecko; compatible; GPTBot/1.2; +https://openai.com/gptbot)"
cashforcarsrichardson.com.infinitibizsol.com:443
20.171.207.223 - - [10/Jun/2025:14:59:10 +0000] "GET /products/155ss12455 HTTP/1.1" 500 2665 "-" "Mozilla/5.0 AppleWebKit/537.36 (KHTML, like Gecko; compatible; GPTBot/1.2; +https://openai.com/gptbot)"
cashforcarsrichardson.com.infinitibizsol.com:443
20.171.207.223 - - [10/Jun/2025:15:00:16 +0000] "GET /products/181ct28171 HTTP/1.1" 500 2665 "-" "Mozilla/5.0 AppleWebKit/537.36 (KHTML, like Gecko; compatible; GPTBot/1.2; +https://openai.com/gptbot)"
cashforcarsrichardson.com.infinitibizsol.com:443
69.197.135.226 - - [10/Jun/2025:15:00:59 +0000] "GET /wp-content/admin.php HTTP/1.1" 200 16 "https://cashforcarsrichardson.com/wp-content/admin.php" "Mozilla/5.0 (Windows NT 10.0; Win64; x64) AppleWebKit/537.36 (KHTML, like Gecko) Chrome/58.0.3029.110 Safari/537.3"
cashforcarsrichardson.com.infinitibizsol.com:443
20.171.207.223 - - [10/Jun/2025:15:01:16 +0000] "GET /products/223ss20293 HTTP/1.1" 500 2665 "-" "Mozilla/5.0 AppleWebKit/537.36 (KHTML, like Gecko; compatible; GPTBot/1.2; +https://openai.com/gptbot)"
cashforcarsrichardson.com.infinitibizsol.com:443
20.171.207.223 - - [10/Jun/2025:15:02:16 +0000] "GET /products/154tt11440 HTTP/1.1" 500 2665 "-" "Mozilla/5.0 AppleWebKit/537.36 (KHTML, like Gecko; compatible; GPTBot/1.2; +https://openai.com/gptbot)"
cashforcarsrichardson.com.infinitibizsol.com:443
20.171.207.223 - - [10/Jun/2025:15:03:17 +0000] "GET /products/226nm26220 HTTP/1.1" 500 2665 "-" "Mozilla/5.0 AppleWebKit/537.36 (KHTML, like Gecko; compatible; GPTBot/1.2; +https://openai.com/gptbot)"
cashforcarsrichardson.com.infinitibizsol.com:443
20.171.207.223 - - [10/Jun/2025:15:04:22 +0000] "GET /products/143ld31341 HTTP/1.1" 500 2665 "-" "Mozilla/5.0 AppleWebKit/537.36 (KHTML, like Gecko; compatible; GPTBot/1.2; +https://openai.com/gptbot)"
cashforcarsrichardson.com.infinitibizsol.com:443
20.171.207.223 - - [10/Jun/2025:15:05:23 +0000] "GET /products/212cu20292 HTTP/1.1" 500 2665 "-" "Mozilla/5.0 AppleWebKit/537.36 (KHTML, like Gecko; compatible; GPTBot/1.2; +https://openai.com/gptbot)"
cashforcarsrichardson.com.infinitibizsol.com:443
69.197.182.50 - - [10/Jun/2025:15:05:35 +0000] "GET /wp-content/admin.php HTTP/1.1" 200 16 "https://cashforcarsrichardson.com/wp-content/admin.php" "Mozilla/5.0 (Windows NT 10.0; Win64; x64) AppleWebKit/537.36 (KHTML, like Gecko) Chrome/58.0.3029.110 Safari/537.3"
cashforcarsrichardson.com.infinitibizsol.com:443
20.171.207.223 - - [10/Jun/2025:15:06:27 +0000] "GET /products/288bd28332 HTTP/1.1" 500 2665 "-" "Mozilla/5.0 AppleWebKit/537.36 (KHTML, like Gecko; compatible; GPTBot/1.2; +https://openai.com/gptbot)"
cashforcarsrichardson.com.infinitibizsol.com:443
20.171.207.223 - - [10/Jun/2025:15:07:27 +0000] "GET /products/183ss30883 HTTP/1.1" 500 2665 "-" "Mozilla/5.0 AppleWebKit/537.36 (KHTML, like Gecko; compatible; GPTBot/1.2; +https://openai.com/gptbot)"
cashforcarsrichardson.com.infinitibizsol.com:443
20.171.207.223 - - [10/Jun/2025:15:08:29 +0000] "GET /products/233co32341 HTTP/1.1" 500 2665 "-" "Mozilla/5.0 AppleWebKit/537.36 (KHTML, like Gecko; compatible; GPTBot/1.2; +https://openai.com/gptbot)"
cashforcarsrichardson.com.infinitibizsol.com:443
20.171.207.223 - - [10/Jun/2025:15:09:31 +0000] "GET /products/141uw44515 HTTP/1.1" 500 2665 "-" "Mozilla/5.0 AppleWebKit/537.36 (KHTML, like Gecko; compatible; GPTBot/1.2; +https://openai.com/gptbot)"
cashforcarsrichardson.com.infinitibizsol.com:443
20.171.207.223 - - [10/Jun/2025:15:10:32 +0000] "GET /products/157os21155 HTTP/1.1" 500 2665 "-" "Mozilla/5.0 AppleWebKit/537.36 (KHTML, like Gecko; compatible; GPTBot/1.2; +https://openai.com/gptbot)"
cashforcarsrichardson.com.infinitibizsol.com:443
69.197.182.50 - - [10/Jun/2025:15:10:59 +0000] "GET /wp-content/admin.php HTTP/1.1" 200 16 "https://cashforcarsrichardson.com/wp-content/admin.php" "Mozilla/5.0 (Windows NT 10.0; Win64; x64) AppleWebKit/537.36 (KHTML, like Gecko) Chrome/58.0.3029.110 Safari/537.3"
cashforcarsrichardson.com.infinitibizsol.com:443
20.171.207.223 - - [10/Jun/2025:15:11:36 +0000] "GET /products/117oo17867 HTTP/1.1" 500 2665 "-" "Mozilla/5.0 AppleWebKit/537.36 (KHTML, like Gecko; compatible; GPTBot/1.2; +https://openai.com/gptbot)"
cashforcarsrichardson.com.infinitibizsol.com:443
20.171.207.223 - - [10/Jun/2025:15:12:41 +0000] "GET /products/219sq12129 HTTP/1.1" 500 2665 "-" "Mozilla/5.0 AppleWebKit/537.36 (KHTML, like Gecko; compatible; GPTBot/1.2; +https://openai.com/gptbot)"
cashforcarsrichardson.com.infinitibizsol.com:443
20.171.207.223 - - [10/Jun/2025:15:13:46 +0000] "GET /products/128ty18812 HTTP/1.1" 500 2665 "-" "Mozilla/5.0 AppleWebKit/537.36 (KHTML, like Gecko; compatible; GPTBot/1.2; +https://openai.com/gptbot)"
cashforcarsrichardson.com.infinitibizsol.com:443
20.171.207.223 - - [10/Jun/2025:15:14:51 +0000] "GET /products/115ho35335 HTTP/1.1" 500 2665 "-" "Mozilla/5.0 AppleWebKit/537.36 (KHTML, like Gecko; compatible; GPTBot/1.2; +https://openai.com/gptbot)"
cashforcarsrichardson.com.infinitibizsol.com:443
20.171.207.223 - - [10/Jun/2025:15:15:53 +0000] "GET /products/242rb46624 HTTP/1.1" 500 2665 "-" "Mozilla/5.0 AppleWebKit/537.36 (KHTML, like Gecko; compatible; GPTBot/1.2; +https://openai.com/gptbot)"
cashforcarsrichardson.com.infinitibizsol.com:443
20.171.207.223 - - [10/Jun/2025:15:16:54 +0000] "GET /products/232dd33028 HTTP/1.1" 500 2665 "-" "Mozilla/5.0 AppleWebKit/537.36 (KHTML, like Gecko; compatible; GPTBot/1.2; +https://openai.com/gptbot)"
cashforcarsrichardson.com.infinitibizsol.com:443
20.171.207.223 - - [10/Jun/2025:15:17:56 +0000] "GET /products/191zd14161 HTTP/1.1" 500 2665 "-" "Mozilla/5.0 AppleWebKit/537.36 (KHTML, like Gecko; compatible; GPTBot/1.2; +https://openai.com/gptbot)"
cashforcarsrichardson.com.infinitibizsol.com:443
20.171.207.223 - - [10/Jun/2025:15:19:01 +0000] "GET /products/283pt18383 HTTP/1.1" 500 2665 "-" "Mozilla/5.0 AppleWebKit/537.36 (KHTML, like Gecko; compatible; GPTBot/1.2; +https://openai.com/gptbot)"
cashforcarsrichardson.com.infinitibizsol.com:443
208.110.64.178 - - [10/Jun/2025:15:19:25 +0000] "GET /wp-content/admin.php HTTP/1.1" 200 16 "https://cashforcarsrichardson.com/wp-content/admin.php" "Mozilla/5.0 (Windows NT 10.0; Win64; x64) AppleWebKit/537.36 (KHTML, like Gecko) Chrome/58.0.3029.110 Safari/537.3"
cashforcarsrichardson.com.infinitibizsol.com:443
20.171.207.223 - - [10/Jun/2025:15:20:04 +0000] "GET /products/232np38838 HTTP/1.1" 500 2665 "-" "Mozilla/5.0 AppleWebKit/537.36 (KHTML, like Gecko; compatible; GPTBot/1.2; +https://openai.com/gptbot)"
cashforcarsrichardson.com.infinitibizsol.com:443
20.171.207.223 - - [10/Jun/2025:15:21:04 +0000] "GET /products/153op15531 HTTP/1.1" 500 2665 "-" "Mozilla/5.0 AppleWebKit/537.36 (KHTML, like Gecko; compatible; GPTBot/1.2; +https://openai.com/gptbot)"
cashforcarsrichardson.com.infinitibizsol.com:443
20.171.207.223 - - [10/Jun/2025:15:22:09 +0000] "GET /products/113oj11915 HTTP/1.1" 500 2665 "-" "Mozilla/5.0 AppleWebKit/537.36 (KHTML, like Gecko; compatible; GPTBot/1.2; +https://openai.com/gptbot)"
cashforcarsrichardson.com.infinitibizsol.com:443
20.171.207.223 - - [10/Jun/2025:15:23:11 +0000] "GET /products/114vv13314 HTTP/1.1" 500 2665 "-" "Mozilla/5.0 AppleWebKit/537.36 (KHTML, like Gecko; compatible; GPTBot/1.2; +https://openai.com/gptbot)"
cashforcarsrichardson.com.infinitibizsol.com:443
20.171.207.223 - - [10/Jun/2025:15:24:12 +0000] "GET /products/228cu28806 HTTP/1.1" 500 2665 "-" "Mozilla/5.0 AppleWebKit/537.36 (KHTML, like Gecko; compatible; GPTBot/1.2; +https://openai.com/gptbot)"
cashforcarsrichardson.com.infinitibizsol.com:443
20.171.207.223 - - [10/Jun/2025:15:25:14 +0000] "GET /products/113ie13119 HTTP/1.1" 500 2665 "-" "Mozilla/5.0 AppleWebKit/537.36 (KHTML, like Gecko; compatible; GPTBot/1.2; +https://openai.com/gptbot)"
cashforcarsrichardson.com.infinitibizsol.com:443
20.171.207.223 - - [10/Jun/2025:15:26:16 +0000] "GET /products/288tr21238 HTTP/1.1" 500 2665 "-" "Mozilla/5.0 AppleWebKit/537.36 (KHTML, like Gecko; compatible; GPTBot/1.2; +https://openai.com/gptbot)"
cashforcarsrichardson.com.infinitibizsol.com:443
20.171.207.223 - - [10/Jun/2025:15:27:21 +0000] "GET /products/171ou28771 HTTP/1.1" 500 2665 "-" "Mozilla/5.0 AppleWebKit/537.36 (KHTML, like Gecko; compatible; GPTBot/1.2; +https://openai.com/gptbot)"
cashforcarsrichardson.com.infinitibizsol.com:443
69.197.135.226 - - [10/Jun/2025:15:28:13 +0000] "GET /wp-content/admin.php HTTP/1.1" 200 16 "https://cashforcarsrichardson.com/wp-content/admin.php" "Mozilla/5.0 (Windows NT 10.0; Win64; x64) AppleWebKit/537.36 (KHTML, like Gecko) Chrome/58.0.3029.110 Safari/537.3"
cashforcarsrichardson.com.infinitibizsol.com:443
20.171.207.223 - - [10/Jun/2025:15:28:25 +0000] "GET /products/227tl11221 HTTP/1.1" 500 2665 "-" "Mozilla/5.0 AppleWebKit/537.36 (KHTML, like Gecko; compatible; GPTBot/1.2; +https://openai.com/gptbot)"
cashforcarsrichardson.com.infinitibizsol.com:80
117.62.235.53 - - [10/Jun/2025:15:29:22 +0000] "GET / HTTP/1.1" 500 2665 "-" "Mozilla/5.0 (iPhone; CPU iPhone OS 13_2_3 like Mac OS X) AppleWebKit/605.1.15 (KHTML, like Gecko) Version/13.0.3 Mobile/15E148 Safari/604.1"
cashforcarsrichardson.com.infinitibizsol.com:443
20.171.207.223 - - [10/Jun/2025:15:29:29 +0000] "GET /products/142at24144 HTTP/1.1" 500 2665 "-" "Mozilla/5.0 AppleWebKit/537.36 (KHTML, like Gecko; compatible; GPTBot/1.2; +https://openai.com/gptbot)"
cashforcarsrichardson.com.infinitibizsol.com:443
20.171.207.223 - - [10/Jun/2025:15:30:30 +0000] "GET /products/167cu37771 HTTP/1.1" 500 2665 "-" "Mozilla/5.0 AppleWebKit/537.36 (KHTML, like Gecko; compatible; GPTBot/1.2; +https://openai.com/gptbot)"
cashforcarsrichardson.com.infinitibizsol.com:443
20.171.207.223 - - [10/Jun/2025:15:31:33 +0000] "GET /products/164ss34446 HTTP/1.1" 500 2665 "-" "Mozilla/5.0 AppleWebKit/537.36 (KHTML, like Gecko; compatible; GPTBot/1.2; +https://openai.com/gptbot)"
cashforcarsrichardson.com.infinitibizsol.com:443
20.171.207.223 - - [10/Jun/2025:15:32:36 +0000] "GET /products/202cf32000 HTTP/1.1" 500 2665 "-" "Mozilla/5.0 AppleWebKit/537.36 (KHTML, like Gecko; compatible; GPTBot/1.2; +https://openai.com/gptbot)"
cashforcarsrichardson.com.infinitibizsol.com:443
20.171.207.223 - - [10/Jun/2025:15:33:40 +0000] "GET /products/222ds27216 HTTP/1.1" 500 2665 "-" "Mozilla/5.0 AppleWebKit/537.36 (KHTML, like Gecko; compatible; GPTBot/1.2; +https://openai.com/gptbot)"
cashforcarsrichardson.com.infinitibizsol.com:443
69.197.182.50 - - [10/Jun/2025:15:34:00 +0000] "GET /wp-content/admin.php HTTP/1.1" 200 16 "https://cashforcarsrichardson.com/wp-content/admin.php" "Mozilla/5.0 (Windows NT 10.0; Win64; x64) AppleWebKit/537.36 (KHTML, like Gecko) Chrome/58.0.3029.110 Safari/537.3"
cashforcarsrichardson.com.infinitibizsol.com:443
20.171.207.223 - - [10/Jun/2025:15:34:41 +0000] "GET /products/222rk23926 HTTP/1.1" 500 2665 "-" "Mozilla/5.0 AppleWebKit/537.36 (KHTML, like Gecko; compatible; GPTBot/1.2; +https://openai.com/gptbot)"
cashforcarsrichardson.com.infinitibizsol.com:443
20.171.207.223 - - [10/Jun/2025:15:35:44 +0000] "GET /products/229tu12223 HTTP/1.1" 500 2665 "-" "Mozilla/5.0 AppleWebKit/537.36 (KHTML, like Gecko; compatible; GPTBot/1.2; +https://openai.com/gptbot)"
cashforcarsrichardson.com.infinitibizsol.com:443
20.171.207.223 - - [10/Jun/2025:15:36:47 +0000] "GET /products/151ot11157 HTTP/1.1" 500 2665 "-" "Mozilla/5.0 AppleWebKit/537.36 (KHTML, like Gecko; compatible; GPTBot/1.2; +https://openai.com/gptbot)"
cashforcarsrichardson.com.infinitibizsol.com:443
20.171.207.223 - - [10/Jun/2025:15:37:47 +0000] "GET /products/151so32221 HTTP/1.1" 500 2665 "-" "Mozilla/5.0 AppleWebKit/537.36 (KHTML, like Gecko; compatible; GPTBot/1.2; +https://openai.com/gptbot)"
cashforcarsrichardson.com.infinitibizsol.com:443
20.171.207.223 - - [10/Jun/2025:15:38:48 +0000] "GET /products/222gp28998 HTTP/1.1" 500 2665 "-" "Mozilla/5.0 AppleWebKit/537.36 (KHTML, like Gecko; compatible; GPTBot/1.2; +https://openai.com/gptbot)"
cashforcarsrichardson.com.infinitibizsol.com:443
20.171.207.223 - - [10/Jun/2025:15:39:51 +0000] "GET /products/118xu21888 HTTP/1.1" 500 2665 "-" "Mozilla/5.0 AppleWebKit/537.36 (KHTML, like Gecko; compatible; GPTBot/1.2; +https://openai.com/gptbot)"
cashforcarsrichardson.com.infinitibizsol.com:443
20.171.207.223 - - [10/Jun/2025:15:40:57 +0000] "GET /products/142ot11166 HTTP/1.1" 500 2665 "-" "Mozilla/5.0 AppleWebKit/537.36 (KHTML, like Gecko; compatible; GPTBot/1.2; +https://openai.com/gptbot)"
cashforcarsrichardson.com.infinitibizsol.com:443
20.171.207.223 - - [10/Jun/2025:15:41:57 +0000] "GET /products/146gc14446 HTTP/1.1" 500 2665 "-" "Mozilla/5.0 AppleWebKit/537.36 (KHTML, like Gecko; compatible; GPTBot/1.2; +https://openai.com/gptbot)"
cashforcarsrichardson.com.infinitibizsol.com:443
20.171.207.223 - - [10/Jun/2025:15:42:57 +0000] "GET /products/222zr14144 HTTP/1.1" 500 2665 "-" "Mozilla/5.0 AppleWebKit/537.36 (KHTML, like Gecko; compatible; GPTBot/1.2; +https://openai.com/gptbot)"
cashforcarsrichardson.com.infinitibizsol.com:443
20.171.207.223 - - [10/Jun/2025:15:43:59 +0000] "GET /products/287tc41287 HTTP/1.1" 500 2665 "-" "Mozilla/5.0 AppleWebKit/537.36 (KHTML, like Gecko; compatible; GPTBot/1.2; +https://openai.com/gptbot)"
cashforcarsrichardson.com.infinitibizsol.com:443
208.110.64.178 - - [10/Jun/2025:15:44:18 +0000] "GET /wp-content/admin.php HTTP/1.1" 200 16 "https://cashforcarsrichardson.com/wp-content/admin.php" "Mozilla/5.0 (Windows NT 10.0; Win64; x64) AppleWebKit/537.36 (KHTML, like Gecko) Chrome/58.0.3029.110 Safari/537.3"
cashforcarsrichardson.com.infinitibizsol.com:443
20.171.207.223 - - [10/Jun/2025:15:45:05 +0000] "GET /products/134nk13454 HTTP/1.1" 500 2665 "-" "Mozilla/5.0 AppleWebKit/537.36 (KHTML, like Gecko; compatible; GPTBot/1.2; +https://openai.com/gptbot)"
cashforcarsrichardson.com.infinitibizsol.com:443
20.171.207.223 - - [10/Jun/2025:15:46:10 +0000] "GET /products/267oo35267 HTTP/1.1" 500 2665 "-" "Mozilla/5.0 AppleWebKit/537.36 (KHTML, like Gecko; compatible; GPTBot/1.2; +https://openai.com/gptbot)"
cashforcarsrichardson.com.infinitibizsol.com:443
20.171.207.223 - - [10/Jun/2025:15:47:12 +0000] "GET /products/126ti20202 HTTP/1.1" 500 2665 "-" "Mozilla/5.0 AppleWebKit/537.36 (KHTML, like Gecko; compatible; GPTBot/1.2; +https://openai.com/gptbot)"
cashforcarsrichardson.com.infinitibizsol.com:443
20.171.207.223 - - [10/Jun/2025:15:48:12 +0000] "GET /products/184li18462 HTTP/1.1" 500 2665 "-" "Mozilla/5.0 AppleWebKit/537.36 (KHTML, like Gecko; compatible; GPTBot/1.2; +https://openai.com/gptbot)"
cashforcarsrichardson.com.infinitibizsol.com:443
20.171.207.223 - - [10/Jun/2025:15:49:17 +0000] "GET /products/107mt10745 HTTP/1.1" 500 2665 "-" "Mozilla/5.0 AppleWebKit/537.36 (KHTML, like Gecko; compatible; GPTBot/1.2; +https://openai.com/gptbot)"
cashforcarsrichardson.com.infinitibizsol.com:443
208.110.64.178 - - [10/Jun/2025:15:49:39 +0000] "GET /wp-content/admin.php HTTP/1.1" 200 16 "https://cashforcarsrichardson.com/wp-content/admin.php" "Mozilla/5.0 (Windows NT 10.0; Win64; x64) AppleWebKit/537.36 (KHTML, like Gecko) Chrome/58.0.3029.110 Safari/537.3"
cashforcarsrichardson.com.infinitibizsol.com:443
20.171.207.223 - - [10/Jun/2025:15:50:21 +0000] "GET /products/195ii20195 HTTP/1.1" 500 2665 "-" "Mozilla/5.0 AppleWebKit/537.36 (KHTML, like Gecko; compatible; GPTBot/1.2; +https://openai.com/gptbot)"
cashforcarsrichardson.com.infinitibizsol.com:443
20.171.207.223 - - [10/Jun/2025:15:51:23 +0000] "GET /products/247gz24747 HTTP/1.1" 500 2665 "-" "Mozilla/5.0 AppleWebKit/537.36 (KHTML, like Gecko; compatible; GPTBot/1.2; +https://openai.com/gptbot)"
cashforcarsrichardson.com.infinitibizsol.com:443
20.171.207.223 - - [10/Jun/2025:15:52:28 +0000] "GET /products/185dh18561 HTTP/1.1" 500 2665 "-" "Mozilla/5.0 AppleWebKit/537.36 (KHTML, like Gecko; compatible; GPTBot/1.2; +https://openai.com/gptbot)"
cashforcarsrichardson.com.infinitibizsol.com:443
20.171.207.223 - - [10/Jun/2025:15:53:30 +0000] "GET /products/138hr20138 HTTP/1.1" 500 2665 "-" "Mozilla/5.0 AppleWebKit/537.36 (KHTML, like Gecko; compatible; GPTBot/1.2; +https://openai.com/gptbot)"
cashforcarsrichardson.com.infinitibizsol.com:443
20.171.207.223 - - [10/Jun/2025:15:54:36 +0000] "GET /products/167wk16713 HTTP/1.1" 500 2665 "-" "Mozilla/5.0 AppleWebKit/537.36 (KHTML, like Gecko; compatible; GPTBot/1.2; +https://openai.com/gptbot)"
cashforcarsrichardson.com.infinitibizsol.com:443
20.171.207.223 - - [10/Jun/2025:15:55:39 +0000] "GET /products/229ca42291 HTTP/1.1" 500 2665 "-" "Mozilla/5.0 AppleWebKit/537.36 (KHTML, like Gecko; compatible; GPTBot/1.2; +https://openai.com/gptbot)"
cashforcarsrichardson.com.infinitibizsol.com:443
20.171.207.223 - - [10/Jun/2025:15:56:41 +0000] "GET /products/284ew28478 HTTP/1.1" 500 2665 "-" "Mozilla/5.0 AppleWebKit/537.36 (KHTML, like Gecko; compatible; GPTBot/1.2; +https://openai.com/gptbot)"
cashforcarsrichardson.com.infinitibizsol.com:443
20.171.207.240 - - [10/Jun/2025:15:56:54 +0000] "GET / HTTP/1.1" 500 2665 "-" "Mozilla/5.0 AppleWebKit/537.36 (KHTML, like Gecko; compatible; GPTBot/1.2; +https://openai.com/gptbot)"
cashforcarsrichardson.com.infinitibizsol.com:80
23.137.105.26 - - [10/Jun/2025:15:57:05 +0000] "GET /style.php HTTP/1.1" 403 309 "www.google.com" "Mozilla/5.0 (Linux; Android 7.0; SM-G892A Build/NRD90M; wv) AppleWebKit/537.36 (KHTML, like Gecko) Version/4.0 Chrome/60.0.3112.107 Mobile Safari/537.36"
cashforcarsrichardson.com.infinitibizsol.com:443
20.171.207.223 - - [10/Jun/2025:15:57:43 +0000] "GET /products/282ku37282 HTTP/1.1" 500 2665 "-" "Mozilla/5.0 AppleWebKit/537.36 (KHTML, like Gecko; compatible; GPTBot/1.2; +https://openai.com/gptbot)"
cashforcarsrichardson.com.infinitibizsol.com:443
20.171.207.223 - - [10/Jun/2025:15:58:45 +0000] "GET /products/196bu19626 HTTP/1.1" 500 2665 "-" "Mozilla/5.0 AppleWebKit/537.36 (KHTML, like Gecko; compatible; GPTBot/1.2; +https://openai.com/gptbot)"
cashforcarsrichardson.com.infinitibizsol.com:443
69.197.135.226 - - [10/Jun/2025:15:59:06 +0000] "GET /wp-content/admin.php HTTP/1.1" 200 16 "https://cashforcarsrichardson.com/wp-content/admin.php" "Mozilla/5.0 (Windows NT 10.0; Win64; x64) AppleWebKit/537.36 (KHTML, like Gecko) Chrome/58.0.3029.110 Safari/537.3"
cashforcarsrichardson.com.infinitibizsol.com:443
20.171.207.223 - - [10/Jun/2025:15:59:45 +0000] "GET /products/260zx26094 HTTP/1.1" 500 2665 "-" "Mozilla/5.0 AppleWebKit/537.36 (KHTML, like Gecko; compatible; GPTBot/1.2; +https://openai.com/gptbot)"
cashforcarsrichardson.com.infinitibizsol.com:443
20.171.207.223 - - [10/Jun/2025:16:00:51 +0000] "GET /products/271rw34343 HTTP/1.1" 500 2665 "-" "Mozilla/5.0 AppleWebKit/537.36 (KHTML, like Gecko; compatible; GPTBot/1.2; +https://openai.com/gptbot)"
cashforcarsrichardson.com.infinitibizsol.com:80
178.20.45.159 - - [10/Jun/2025:16:03:11 +0000] "GET / HTTP/1.0" 500 2653 "http://cashforcarsrichardson.com/" "Mozilla/5.0 (Windows NT 10.0; Win64; x64) AppleWebKit/537.36 (KHTML, like Gecko) Chrome/129.0.0.0 Safari/537.36"
cashforcarsrichardson.com.infinitibizsol.com:443
69.197.135.226 - - [10/Jun/2025:16:09:00 +0000] "GET /wp-content/admin.php HTTP/1.1" 200 16 "https://cashforcarsrichardson.com/wp-content/admin.php" "Mozilla/5.0 (Windows NT 10.0; Win64; x64) AppleWebKit/537.36 (KHTML, like Gecko) Chrome/58.0.3029.110 Safari/537.3"
cashforcarsrichardson.com.infinitibizsol.com:443
69.197.182.50 - - [10/Jun/2025:16:11:08 +0000] "GET /wp-content/admin.php HTTP/1.1" 200 16 "https://cashforcarsrichardson.com/wp-content/admin.php" "Mozilla/5.0 (Windows NT 10.0; Win64; x64) AppleWebKit/537.36 (KHTML, like Gecko) Chrome/58.0.3029.110 Safari/537.3"
cashforcarsrichardson.com.infinitibizsol.com:80
43.166.245.250 - - [10/Jun/2025:16:18:40 +0000] "GET / HTTP/1.1" 500 2665 "-" "Mozilla/5.0 (iPhone; CPU iPhone OS 13_2_3 like Mac OS X) AppleWebKit/605.1.15 (KHTML, like Gecko) Version/13.0.3 Mobile/15E148 Safari/604.1"
cashforcarsrichardson.com.infinitibizsol.com:443
208.110.64.178 - - [10/Jun/2025:16:20:20 +0000] "GET /wp-content/admin.php HTTP/1.1" 200 16 "https://cashforcarsrichardson.com/wp-content/admin.php" "Mozilla/5.0 (Windows NT 10.0; Win64; x64) AppleWebKit/537.36 (KHTML, like Gecko) Chrome/58.0.3029.110 Safari/537.3"
cashforcarsrichardson.com.infinitibizsol.com:443
173.208.153.154 - - [10/Jun/2025:16:24:40 +0000] "GET /wp-content/admin.php HTTP/1.1" 200 16 "https://cashforcarsrichardson.com/wp-content/admin.php" "Mozilla/5.0 (compatible; MSIE 9.0; Windows NT 6.1; WOW64; Trident/5.0)"
cashforcarsrichardson.com.infinitibizsol.com:443
108.181.202.211 - - [10/Jun/2025:16:24:43 +0000] "GET /wp-content/admin.php HTTP/1.1" 200 16 "https://cashforcarsrichardson.com/wp-content/admin.php" "Mozilla/5.0 (Macintosh; Intel Mac OS X 10_8) AppleWebKit/536.25 (KHTML, like Gecko) Version/6.0 Safari/536.25"
cashforcarsrichardson.com.infinitibizsol.com:443
204.12.252.98 - - [10/Jun/2025:16:29:53 +0000] "GET /wp-content/admin.php HTTP/1.1" 200 16 "https://cashforcarsrichardson.com/wp-content/admin.php" "Mozilla/5.0 (Windows NT 10.0; Win64; x64) AppleWebKit/537.36 (KHTML, like Gecko) Chrome/58.0.3029.110 Safari/537.3"
cashforcarsrichardson.com.infinitibizsol.com:443
208.110.64.178 - - [10/Jun/2025:16:43:20 +0000] "GET /wp-content/admin.php HTTP/1.1" 200 16 "https://cashforcarsrichardson.com/wp-content/admin.php" "Mozilla/5.0 (Windows NT 10.0; Win64; x64) AppleWebKit/537.36 (KHTML, like Gecko) Chrome/58.0.3029.110 Safari/537.3"
cashforcarsrichardson.com.infinitibizsol.com:443
208.110.64.178 - - [10/Jun/2025:16:51:14 +0000] "GET /wp-content/admin.php HTTP/1.1" 200 16 "https://cashforcarsrichardson.com/wp-content/admin.php" "Mozilla/5.0 (Windows NT 10.0; Win64; x64) AppleWebKit/537.36 (KHTML, like Gecko) Chrome/58.0.3029.110 Safari/537.3"
cashforcarsrichardson.com.infinitibizsol.com:443
45.227.253.15 - - [10/Jun/2025:16:57:31 +0000] "GET /siteheads.php?ARRAY=7o2230223n313734393537383333382p2231223n22687474703n5p2s5p2s3230342r31322r3233382r37345p2s3s6p633q7068705s636s64655s6n6326743q313734393537343733382q6338316333373238326566343564383030303432376430356363656533396132222p2232223n223462386430633165323536383232306665396362363964646335363339373935222p2233223n226638613531633563383166656138353739393038393634373032363437643264222p2262696r675s70617373223n2232322q35302q35382q36332q37342q39302q3135227q HTTP/1.1" 500 2665 "-" "Mozilla/5.0 (Macintosh; Intel Mac OS X 10_15_7) AppleWebKit/537.36 (KHTML, like Gecko) Chrome/86.0.4240.111 Safari/537.36"
cashforcarsrichardson.com.infinitibizsol.com:443
45.141.215.170 - - [10/Jun/2025:17:01:41 +0000] "GET / HTTP/1.1" 500 2665 "-" "Mozilla/5.0 (Windows NT 10.0; Win64; x64) AppleWebKit/537.36 (KHTML, like Gecko) Chrome/58.0.3029.110 Safari/537.3"
cashforcarsrichardson.com.infinitibizsol.com:443
208.110.64.178 - - [10/Jun/2025:17:02:41 +0000] "GET /wp-content/admin.php HTTP/1.1" 200 16 "https://cashforcarsrichardson.com/wp-content/admin.php" "Mozilla/5.0 (Windows NT 10.0; Win64; x64) AppleWebKit/537.36 (KHTML, like Gecko) Chrome/58.0.3029.110 Safari/537.3"
cashforcarsrichardson.com.infinitibizsol.com:443
69.197.182.50 - - [10/Jun/2025:17:10:57 +0000] "GET /wp-content/admin.php HTTP/1.1" 200 16 "https://cashforcarsrichardson.com/wp-content/admin.php" "Mozilla/5.0 (Windows NT 10.0; Win64; x64) AppleWebKit/537.36 (KHTML, like Gecko) Chrome/58.0.3029.110 Safari/537.3"
cashforcarsrichardson.com.infinitibizsol.com:80
196.251.85.51 - - [10/Jun/2025:17:11:08 +0000] "GET /wp-content/plugins/fix/up.php HTTP/1.1" 500 2665 "-" "Mozilla/5.0"
cashforcarsrichardson.com.infinitibizsol.com:443
196.251.85.51 - - [10/Jun/2025:17:11:10 +0000] "GET /wp-content/plugins/fix/up.php HTTP/1.1" 500 2665 "-" "Mozilla/5.0"
cashforcarsrichardson.com.infinitibizsol.com:80
170.106.179.68 - - [10/Jun/2025:17:15:40 +0000] "GET / HTTP/1.1" 500 2665 "-" "Mozilla/5.0 (iPhone; CPU iPhone OS 13_2_3 like Mac OS X) AppleWebKit/605.1.15 (KHTML, like Gecko) Version/13.0.3 Mobile/15E148 Safari/604.1"
cashforcarsrichardson.com.infinitibizsol.com:443
208.110.64.178 - - [10/Jun/2025:17:15:49 +0000] "GET /wp-content/admin.php HTTP/1.1" 200 16 "https://cashforcarsrichardson.com/wp-content/admin.php" "Mozilla/5.0 (Windows NT 10.0; Win64; x64) AppleWebKit/537.36 (KHTML, like Gecko) Chrome/58.0.3029.110 Safari/537.3"
cashforcarsrichardson.com.infinitibizsol.com:443
20.171.207.81 - - [10/Jun/2025:17:25:00 +0000] "GET /products/281tc41111 HTTP/1.1" 500 2665 "-" "Mozilla/5.0 AppleWebKit/537.36 (KHTML, like Gecko; compatible; GPTBot/1.2; +https://openai.com/gptbot)"
cashforcarsrichardson.com.infinitibizsol.com:443
20.171.207.81 - - [10/Jun/2025:17:25:04 +0000] "GET /products/207si22207 HTTP/1.1" 500 2665 "-" "Mozilla/5.0 AppleWebKit/537.36 (KHTML, like Gecko; compatible; GPTBot/1.2; +https://openai.com/gptbot)"
cashforcarsrichardson.com.infinitibizsol.com:443
20.171.207.81 - - [10/Jun/2025:17:25:13 +0000] "GET /products/183yb7349 HTTP/1.1" 500 2665 "-" "Mozilla/5.0 AppleWebKit/537.36 (KHTML, like Gecko; compatible; GPTBot/1.2; +https://openai.com/gptbot)"
cashforcarsrichardson.com.infinitibizsol.com:443
20.171.207.81 - - [10/Jun/2025:17:25:41 +0000] "GET /products/122gf12266 HTTP/1.1" 500 2665 "-" "Mozilla/5.0 AppleWebKit/537.36 (KHTML, like Gecko; compatible; GPTBot/1.2; +https://openai.com/gptbot)"
cashforcarsrichardson.com.infinitibizsol.com:443
20.171.207.81 - - [10/Jun/2025:17:26:44 +0000] "GET /products/172xj44440 HTTP/1.1" 500 2665 "-" "Mozilla/5.0 AppleWebKit/537.36 (KHTML, like Gecko; compatible; GPTBot/1.2; +https://openai.com/gptbot)"
cashforcarsrichardson.com.infinitibizsol.com:80
181.214.206.12 - - [10/Jun/2025:17:27:21 +0000] "GET / HTTP/1.0" 500 2653 "http://cashforcarsrichardson.com/" "Mozilla/5.0 (Windows NT 10.0; Win64; x64) AppleWebKit/537.36 (KHTML, like Gecko) Chrome/130.0.0.0 Safari/537.36"
cashforcarsrichardson.com.infinitibizsol.com:443
20.171.207.81 - - [10/Jun/2025:17:27:47 +0000] "GET /products/192hn2534 HTTP/1.1" 500 2665 "-" "Mozilla/5.0 AppleWebKit/537.36 (KHTML, like Gecko; compatible; GPTBot/1.2; +https://openai.com/gptbot)"
cashforcarsrichardson.com.infinitibizsol.com:443
20.171.207.81 - - [10/Jun/2025:17:30:17 +0000] "GET /products/144jm43434 HTTP/1.1" 500 2665 "-" "Mozilla/5.0 AppleWebKit/537.36 (KHTML, like Gecko; compatible; GPTBot/1.2; +https://openai.com/gptbot)"
cashforcarsrichardson.com.infinitibizsol.com:443
20.171.207.81 - - [10/Jun/2025:17:30:24 +0000] "GET /products/129sa22129 HTTP/1.1" 500 2665 "-" "Mozilla/5.0 AppleWebKit/537.36 (KHTML, like Gecko; compatible; GPTBot/1.2; +https://openai.com/gptbot)"
cashforcarsrichardson.com.infinitibizsol.com:443
20.171.207.81 - - [10/Jun/2025:17:31:21 +0000] "GET /products/103gy22223 HTTP/1.1" 500 2665 "-" "Mozilla/5.0 AppleWebKit/537.36 (KHTML, like Gecko; compatible; GPTBot/1.2; +https://openai.com/gptbot)"
cashforcarsrichardson.com.infinitibizsol.com:443
20.171.207.81 - - [10/Jun/2025:17:32:22 +0000] "GET /products/241zl43333 HTTP/1.1" 500 2665 "-" "Mozilla/5.0 AppleWebKit/537.36 (KHTML, like Gecko; compatible; GPTBot/1.2; +https://openai.com/gptbot)"
cashforcarsrichardson.com.infinitibizsol.com:443
69.197.135.226 - - [10/Jun/2025:17:33:13 +0000] "GET /wp-content/admin.php HTTP/1.1" 200 16 "https://cashforcarsrichardson.com/wp-content/admin.php" "Mozilla/5.0 (Windows NT 10.0; Win64; x64) AppleWebKit/537.36 (KHTML, like Gecko) Chrome/58.0.3029.110 Safari/537.3"
cashforcarsrichardson.com.infinitibizsol.com:443
20.171.207.81 - - [10/Jun/2025:17:33:23 +0000] "GET /products/29tg45617 HTTP/1.1" 500 2665 "-" "Mozilla/5.0 AppleWebKit/537.36 (KHTML, like Gecko; compatible; GPTBot/1.2; +https://openai.com/gptbot)"
cashforcarsrichardson.com.infinitibizsol.com:443
20.171.207.81 - - [10/Jun/2025:17:34:28 +0000] "GET /products/98nu17064 HTTP/1.1" 500 2665 "-" "Mozilla/5.0 AppleWebKit/537.36 (KHTML, like Gecko; compatible; GPTBot/1.2; +https://openai.com/gptbot)"
cashforcarsrichardson.com.infinitibizsol.com:443
20.171.207.81 - - [10/Jun/2025:17:35:32 +0000] "GET /products/65hn20643 HTTP/1.1" 500 2665 "-" "Mozilla/5.0 AppleWebKit/537.36 (KHTML, like Gecko; compatible; GPTBot/1.2; +https://openai.com/gptbot)"
cashforcarsrichardson.com.infinitibizsol.com:80
34.168.67.212 - - [10/Jun/2025:17:36:25 +0000] "HEAD /wordpress HTTP/1.1" 500 0 "-" "Mozilla/5.0 (Windows NT 10.0; Win64; x64) AppleWebKit/537.36 (KHTML, like Gecko) Chrome/74.0.3729.169 Safari/537.36"
cashforcarsrichardson.com.infinitibizsol.com:80
34.168.67.212 - - [10/Jun/2025:17:36:26 +0000] "HEAD / HTTP/1.1" 500 0 "-" "Mozilla/5.0 (Windows NT 10.0; Win64; x64) AppleWebKit/537.36 (KHTML, like Gecko) Chrome/74.0.3729.169 Safari/537.36"
cashforcarsrichardson.com.infinitibizsol.com:80
34.168.67.212 - - [10/Jun/2025:17:36:28 +0000] "HEAD /wp HTTP/1.1" 500 0 "-" "Mozilla/5.0 (Windows NT 10.0; Win64; x64) AppleWebKit/537.36 (KHTML, like Gecko) Chrome/74.0.3729.169 Safari/537.36"
cashforcarsrichardson.com.infinitibizsol.com:80
34.168.67.212 - - [10/Jun/2025:17:36:30 +0000] "HEAD /bc HTTP/1.1" 500 0 "-" "Mozilla/5.0 (Windows NT 10.0; Win64; x64) AppleWebKit/537.36 (KHTML, like Gecko) Chrome/74.0.3729.169 Safari/537.36"
cashforcarsrichardson.com.infinitibizsol.com:80
34.168.67.212 - - [10/Jun/2025:17:36:31 +0000] "HEAD /bk HTTP/1.1" 500 0 "-" "Mozilla/5.0 (Windows NT 10.0; Win64; x64) AppleWebKit/537.36 (KHTML, like Gecko) Chrome/74.0.3729.169 Safari/537.36"
cashforcarsrichardson.com.infinitibizsol.com:80
34.168.67.212 - - [10/Jun/2025:17:36:33 +0000] "HEAD /backup HTTP/1.1" 500 0 "-" "Mozilla/5.0 (Windows NT 10.0; Win64; x64) AppleWebKit/537.36 (KHTML, like Gecko) Chrome/74.0.3729.169 Safari/537.36"
cashforcarsrichardson.com.infinitibizsol.com:80
34.168.67.212 - - [10/Jun/2025:17:36:36 +0000] "HEAD /old HTTP/1.1" 500 0 "-" "Mozilla/5.0 (Windows NT 10.0; Win64; x64) AppleWebKit/537.36 (KHTML, like Gecko) Chrome/74.0.3729.169 Safari/537.36"
cashforcarsrichardson.com.infinitibizsol.com:443
20.171.207.81 - - [10/Jun/2025:17:36:37 +0000] "GET /products/93qv21481 HTTP/1.1" 500 2665 "-" "Mozilla/5.0 AppleWebKit/537.36 (KHTML, like Gecko; compatible; GPTBot/1.2; +https://openai.com/gptbot)"
cashforcarsrichardson.com.infinitibizsol.com:80
34.168.67.212 - - [10/Jun/2025:17:36:38 +0000] "HEAD /new HTTP/1.1" 500 0 "-" "Mozilla/5.0 (Windows NT 10.0; Win64; x64) AppleWebKit/537.36 (KHTML, like Gecko) Chrome/74.0.3729.169 Safari/537.36"
cashforcarsrichardson.com.infinitibizsol.com:80
34.168.67.212 - - [10/Jun/2025:17:36:40 +0000] "HEAD /main HTTP/1.1" 500 0 "-" "Mozilla/5.0 (Windows NT 10.0; Win64; x64) AppleWebKit/537.36 (KHTML, like Gecko) Chrome/74.0.3729.169 Safari/537.36"
cashforcarsrichardson.com.infinitibizsol.com:80
34.168.67.212 - - [10/Jun/2025:17:36:42 +0000] "HEAD /home HTTP/1.1" 500 0 "-" "Mozilla/5.0 (Windows NT 10.0; Win64; x64) AppleWebKit/537.36 (KHTML, like Gecko) Chrome/74.0.3729.169 Safari/537.36"
cashforcarsrichardson.com.infinitibizsol.com:443
20.171.207.81 - - [10/Jun/2025:17:37:39 +0000] "GET /products/84we11352 HTTP/1.1" 500 2665 "-" "Mozilla/5.0 AppleWebKit/537.36 (KHTML, like Gecko; compatible; GPTBot/1.2; +https://openai.com/gptbot)"
cashforcarsrichardson.com.infinitibizsol.com:443
20.171.207.81 - - [10/Jun/2025:17:38:45 +0000] "GET /products/95bf18387 HTTP/1.1" 500 2665 "-" "Mozilla/5.0 AppleWebKit/537.36 (KHTML, like Gecko; compatible; GPTBot/1.2; +https://openai.com/gptbot)"
cashforcarsrichardson.com.infinitibizsol.com:443
20.171.207.81 - - [10/Jun/2025:17:39:46 +0000] "GET /products/35cz10629 HTTP/1.1" 500 2665 "-" "Mozilla/5.0 AppleWebKit/537.36 (KHTML, like Gecko; compatible; GPTBot/1.2; +https://openai.com/gptbot)"
cashforcarsrichardson.com.infinitibizsol.com:443
20.171.207.81 - - [10/Jun/2025:17:40:46 +0000] "GET /products/17xb29235 HTTP/1.1" 500 2665 "-" "Mozilla/5.0 AppleWebKit/537.36 (KHTML, like Gecko; compatible; GPTBot/1.2; +https://openai.com/gptbot)"
cashforcarsrichardson.com.infinitibizsol.com:443
69.197.182.50 - - [10/Jun/2025:17:40:57 +0000] "GET /wp-content/admin.php HTTP/1.1" 200 16 "https://cashforcarsrichardson.com/wp-content/admin.php" "Mozilla/5.0 (Windows NT 10.0; Win64; x64) AppleWebKit/537.36 (KHTML, like Gecko) Chrome/58.0.3029.110 Safari/537.3"
cashforcarsrichardson.com.infinitibizsol.com:443
20.171.207.81 - - [10/Jun/2025:17:41:51 +0000] "GET /products/54zh31470 HTTP/1.1" 500 2665 "-" "Mozilla/5.0 AppleWebKit/537.36 (KHTML, like Gecko; compatible; GPTBot/1.2; +https://openai.com/gptbot)"
cashforcarsrichardson.com.infinitibizsol.com:443
20.171.207.81 - - [10/Jun/2025:17:42:51 +0000] "GET /products/90em27316 HTTP/1.1" 500 2665 "-" "Mozilla/5.0 AppleWebKit/537.36 (KHTML, like Gecko; compatible; GPTBot/1.2; +https://openai.com/gptbot)"
cashforcarsrichardson.com.infinitibizsol.com:443
20.171.207.81 - - [10/Jun/2025:17:43:59 +0000] "GET /products/170xt5948 HTTP/1.1" 500 2665 "-" "Mozilla/5.0 AppleWebKit/537.36 (KHTML, like Gecko; compatible; GPTBot/1.2; +https://openai.com/gptbot)"
cashforcarsrichardson.com.infinitibizsol.com:443
20.171.207.81 - - [10/Jun/2025:17:44:58 +0000] "GET /products/290nw5624 HTTP/1.1" 500 2665 "-" "Mozilla/5.0 AppleWebKit/537.36 (KHTML, like Gecko; compatible; GPTBot/1.2; +https://openai.com/gptbot)"
cashforcarsrichardson.com.infinitibizsol.com:443
20.171.207.81 - - [10/Jun/2025:17:45:56 +0000] "GET /products/140je6576 HTTP/1.1" 500 2665 "-" "Mozilla/5.0 AppleWebKit/537.36 (KHTML, like Gecko; compatible; GPTBot/1.2; +https://openai.com/gptbot)"
cashforcarsrichardson.com.infinitibizsol.com:443
20.171.207.94 - - [10/Jun/2025:17:46:15 +0000] "GET / HTTP/1.1" 500 2665 "-" "Mozilla/5.0 AppleWebKit/537.36 (KHTML, like Gecko; compatible; GPTBot/1.2; +https://openai.com/gptbot)"
cashforcarsrichardson.com.infinitibizsol.com:443
20.171.207.81 - - [10/Jun/2025:17:47:00 +0000] "GET /products/40yl47238 HTTP/1.1" 500 2665 "-" "Mozilla/5.0 AppleWebKit/537.36 (KHTML, like Gecko; compatible; GPTBot/1.2; +https://openai.com/gptbot)"
cashforcarsrichardson.com.infinitibizsol.com:443
20.171.207.81 - - [10/Jun/2025:17:48:02 +0000] "GET /products/94ba17584 HTTP/1.1" 500 2665 "-" "Mozilla/5.0 AppleWebKit/537.36 (KHTML, like Gecko; compatible; GPTBot/1.2; +https://openai.com/gptbot)"
cashforcarsrichardson.com.infinitibizsol.com:443
20.171.207.81 - - [10/Jun/2025:17:49:04 +0000] "GET /products/85ae20171 HTTP/1.1" 500 2665 "-" "Mozilla/5.0 AppleWebKit/537.36 (KHTML, like Gecko; compatible; GPTBot/1.2; +https://openai.com/gptbot)"
cashforcarsrichardson.com.infinitibizsol.com:443
173.208.153.154 - - [10/Jun/2025:17:49:07 +0000] "GET /wp-content/admin.php HTTP/1.1" 200 16 "https://cashforcarsrichardson.com/wp-content/admin.php" "Mozilla/5.0 (Windows NT 5.1; rv:6.0) Gecko/20100101 Firefox/6.0"
cashforcarsrichardson.com.infinitibizsol.com:443
45.227.253.15 - - [10/Jun/2025:17:49:14 +0000] "GET /index.php/jk HTTP/1.1" 500 2665 "-" "Mozilla/5.0 (Windows NT 6.1; Win64; x64) AppleWebKit/537.36 (KHTML, like Gecko) Chrome/86.0.4240.111 Safari/537.36"
cashforcarsrichardson.com.infinitibizsol.com:443
108.181.202.211 - - [10/Jun/2025:17:49:16 +0000] "GET /wp-content/admin.php HTTP/1.1" 200 16 "https://cashforcarsrichardson.com/wp-content/admin.php" "Mozilla/4.0 (compatible; MSIE 7.0; Windows NT 6.0; SLCC1; .NET CLR 2.0.50727; Media Center PC 5.0; .NET CLR 3.0.04506)"
cashforcarsrichardson.com.infinitibizsol.com:443
20.171.207.81 - - [10/Jun/2025:17:50:08 +0000] "GET /products/208bk6324 HTTP/1.1" 500 2665 "-" "Mozilla/5.0 AppleWebKit/537.36 (KHTML, like Gecko; compatible; GPTBot/1.2; +https://openai.com/gptbot)"
cashforcarsrichardson.com.infinitibizsol.com:443
20.171.207.81 - - [10/Jun/2025:17:51:12 +0000] "GET /products/80zf26450 HTTP/1.1" 500 2665 "-" "Mozilla/5.0 AppleWebKit/537.36 (KHTML, like Gecko; compatible; GPTBot/1.2; +https://openai.com/gptbot)"
cashforcarsrichardson.com.infinitibizsol.com:443
207.180.223.50 - - [10/Jun/2025:17:51:57 +0000] "GET /config/.env HTTP/1.1" 500 2665 "-" "Mozilla/5.0 (Macintosh; Intel Mac OS X 10_14_4) AppleWebKit/537.36 (KHTML, like Gecko) Chrome/76.0.3809.87 Safari/537.36"
cashforcarsrichardson.com.infinitibizsol.com:80
207.180.223.50 - - [10/Jun/2025:17:52:06 +0000] "GET /config/.env HTTP/1.1" 499 0 "-" "Mozilla/5.0 (X11; U; Linux i686; it; rv:1.9.2.3) Gecko/20100406 Firefox/3.6.3 (Swiftfox)"
cashforcarsrichardson.com.infinitibizsol.com:443
20.171.207.81 - - [10/Jun/2025:17:52:17 +0000] "GET /products/17eb18345 HTTP/1.1" 500 2665 "-" "Mozilla/5.0 AppleWebKit/537.36 (KHTML, like Gecko; compatible; GPTBot/1.2; +https://openai.com/gptbot)"
cashforcarsrichardson.com.infinitibizsol.com:443
20.171.207.81 - - [10/Jun/2025:17:53:22 +0000] "GET /products/22ga49376 HTTP/1.1" 500 2665 "-" "Mozilla/5.0 AppleWebKit/537.36 (KHTML, like Gecko; compatible; GPTBot/1.2; +https://openai.com/gptbot)"
cashforcarsrichardson.com.infinitibizsol.com:443
69.197.182.50 - - [10/Jun/2025:17:53:27 +0000] "GET /wp-content/admin.php HTTP/1.1" 200 16 "https://cashforcarsrichardson.com/wp-content/admin.php" "Mozilla/5.0 (Windows NT 10.0; Win64; x64) AppleWebKit/537.36 (KHTML, like Gecko) Chrome/58.0.3029.110 Safari/537.3"
cashforcarsrichardson.com.infinitibizsol.com:443
20.171.207.81 - - [10/Jun/2025:17:54:27 +0000] "GET /products/35qk19409 HTTP/1.1" 500 2665 "-" "Mozilla/5.0 AppleWebKit/537.36 (KHTML, like Gecko; compatible; GPTBot/1.2; +https://openai.com/gptbot)"
cashforcarsrichardson.com.infinitibizsol.com:443
20.171.207.81 - - [10/Jun/2025:17:55:32 +0000] "GET /products/47gv10905 HTTP/1.1" 500 2665 "-" "Mozilla/5.0 AppleWebKit/537.36 (KHTML, like Gecko; compatible; GPTBot/1.2; +https://openai.com/gptbot)"
cashforcarsrichardson.com.infinitibizsol.com:443
20.171.207.81 - - [10/Jun/2025:17:56:33 +0000] "GET /products/39jl49851 HTTP/1.1" 500 2665 "-" "Mozilla/5.0 AppleWebKit/537.36 (KHTML, like Gecko; compatible; GPTBot/1.2; +https://openai.com/gptbot)"
cashforcarsrichardson.com.infinitibizsol.com:443
20.171.207.81 - - [10/Jun/2025:17:57:34 +0000] "GET /products/132rn7806 HTTP/1.1" 500 2665 "-" "Mozilla/5.0 AppleWebKit/537.36 (KHTML, like Gecko; compatible; GPTBot/1.2; +https://openai.com/gptbot)"
cashforcarsrichardson.com.infinitibizsol.com:443
20.171.207.81 - - [10/Jun/2025:17:58:36 +0000] "GET /products/107jk6349 HTTP/1.1" 500 2665 "-" "Mozilla/5.0 AppleWebKit/537.36 (KHTML, like Gecko; compatible; GPTBot/1.2; +https://openai.com/gptbot)"
cashforcarsrichardson.com.infinitibizsol.com:443
20.171.207.81 - - [10/Jun/2025:17:59:38 +0000] "GET /products/67zm46523 HTTP/1.1" 500 2665 "-" "Mozilla/5.0 AppleWebKit/537.36 (KHTML, like Gecko; compatible; GPTBot/1.2; +https://openai.com/gptbot)"
cashforcarsrichardson.com.infinitibizsol.com:443
20.171.207.81 - - [10/Jun/2025:18:00:41 +0000] "GET /products/208bk6324 HTTP/1.1" 500 2665 "-" "Mozilla/5.0 AppleWebKit/537.36 (KHTML, like Gecko; compatible; GPTBot/1.2; +https://openai.com/gptbot)"
cashforcarsrichardson.com.infinitibizsol.com:443
20.171.207.81 - - [10/Jun/2025:18:01:42 +0000] "GET /products/19id38267 HTTP/1.1" 500 2665 "-" "Mozilla/5.0 AppleWebKit/537.36 (KHTML, like Gecko; compatible; GPTBot/1.2; +https://openai.com/gptbot)"
cashforcarsrichardson.com.infinitibizsol.com:443
20.171.207.81 - - [10/Jun/2025:18:02:42 +0000] "GET /products/12zs47560 HTTP/1.1" 500 2665 "-" "Mozilla/5.0 AppleWebKit/537.36 (KHTML, like Gecko; compatible; GPTBot/1.2; +https://openai.com/gptbot)"
cashforcarsrichardson.com.infinitibizsol.com:443
20.171.207.81 - - [10/Jun/2025:18:03:43 +0000] "GET /products/36xi27240 HTTP/1.1" 500 2665 "-" "Mozilla/5.0 AppleWebKit/537.36 (KHTML, like Gecko; compatible; GPTBot/1.2; +https://openai.com/gptbot)"
cashforcarsrichardson.com.infinitibizsol.com:443
20.171.207.81 - - [10/Jun/2025:18:04:44 +0000] "GET /products/82gq14940 HTTP/1.1" 500 2665 "-" "Mozilla/5.0 AppleWebKit/537.36 (KHTML, like Gecko; compatible; GPTBot/1.2; +https://openai.com/gptbot)"
cashforcarsrichardson.com.infinitibizsol.com:443
20.171.207.81 - - [10/Jun/2025:18:05:48 +0000] "GET /products/233nx4501 HTTP/1.1" 500 2665 "-" "Mozilla/5.0 AppleWebKit/537.36 (KHTML, like Gecko; compatible; GPTBot/1.2; +https://openai.com/gptbot)"
cashforcarsrichardson.com.infinitibizsol.com:443
20.171.207.81 - - [10/Jun/2025:18:06:51 +0000] "GET /products/96zj11580 HTTP/1.1" 500 2665 "-" "Mozilla/5.0 AppleWebKit/537.36 (KHTML, like Gecko; compatible; GPTBot/1.2; +https://openai.com/gptbot)"
cashforcarsrichardson.com.infinitibizsol.com:443
20.171.207.81 - - [10/Jun/2025:18:07:51 +0000] "GET /products/62wg39842 HTTP/1.1" 500 2665 "-" "Mozilla/5.0 AppleWebKit/537.36 (KHTML, like Gecko; compatible; GPTBot/1.2; +https://openai.com/gptbot)"
cashforcarsrichardson.com.infinitibizsol.com:443
20.171.207.81 - - [10/Jun/2025:18:08:54 +0000] "GET /products/251jx9367 HTTP/1.1" 500 2665 "-" "Mozilla/5.0 AppleWebKit/537.36 (KHTML, like Gecko; compatible; GPTBot/1.2; +https://openai.com/gptbot)"
cashforcarsrichardson.com.infinitibizsol.com:443
20.171.207.81 - - [10/Jun/2025:18:10:00 +0000] "GET /products/150ha9032 HTTP/1.1" 500 2665 "-" "Mozilla/5.0 AppleWebKit/537.36 (KHTML, like Gecko; compatible; GPTBot/1.2; +https://openai.com/gptbot)"
cashforcarsrichardson.com.infinitibizsol.com:443
20.171.207.81 - - [10/Jun/2025:18:11:05 +0000] "GET /products/97gj41867 HTTP/1.1" 500 2665 "-" "Mozilla/5.0 AppleWebKit/537.36 (KHTML, like Gecko; compatible; GPTBot/1.2; +https://openai.com/gptbot)"
cashforcarsrichardson.com.infinitibizsol.com:443
69.197.182.50 - - [10/Jun/2025:18:12:02 +0000] "GET /wp-content/admin.php HTTP/1.1" 200 16 "https://cashforcarsrichardson.com/wp-content/admin.php" "Mozilla/5.0 (Windows NT 10.0; Win64; x64) AppleWebKit/537.36 (KHTML, like Gecko) Chrome/58.0.3029.110 Safari/537.3"
cashforcarsrichardson.com.infinitibizsol.com:443
20.171.207.81 - - [10/Jun/2025:18:12:05 +0000] "GET /products/75yk41687 HTTP/1.1" 500 2665 "-" "Mozilla/5.0 AppleWebKit/537.36 (KHTML, like Gecko; compatible; GPTBot/1.2; +https://openai.com/gptbot)"
cashforcarsrichardson.com.infinitibizsol.com:443
20.171.207.81 - - [10/Jun/2025:18:13:07 +0000] "GET /products/53kx28489 HTTP/1.1" 500 2665 "-" "Mozilla/5.0 AppleWebKit/537.36 (KHTML, like Gecko; compatible; GPTBot/1.2; +https://openai.com/gptbot)"
cashforcarsrichardson.com.infinitibizsol.com:443
20.171.207.81 - - [10/Jun/2025:18:14:11 +0000] "GET /products/35sx42781 HTTP/1.1" 500 2665 "-" "Mozilla/5.0 AppleWebKit/537.36 (KHTML, like Gecko; compatible; GPTBot/1.2; +https://openai.com/gptbot)"
cashforcarsrichardson.com.infinitibizsol.com:443
20.171.207.81 - - [10/Jun/2025:18:15:16 +0000] "GET /products/72vn21354 HTTP/1.1" 500 2665 "-" "Mozilla/5.0 AppleWebKit/537.36 (KHTML, like Gecko; compatible; GPTBot/1.2; +https://openai.com/gptbot)"
cashforcarsrichardson.com.infinitibizsol.com:443
20.171.207.81 - - [10/Jun/2025:18:16:20 +0000] "GET /products/237yo9015 HTTP/1.1" 500 2665 "-" "Mozilla/5.0 AppleWebKit/537.36 (KHTML, like Gecko; compatible; GPTBot/1.2; +https://openai.com/gptbot)"
cashforcarsrichardson.com.infinitibizsol.com:443
20.171.207.81 - - [10/Jun/2025:18:17:23 +0000] "GET /products/38xm35714 HTTP/1.1" 500 2665 "-" "Mozilla/5.0 AppleWebKit/537.36 (KHTML, like Gecko; compatible; GPTBot/1.2; +https://openai.com/gptbot)"
cashforcarsrichardson.com.infinitibizsol.com:443
20.171.207.81 - - [10/Jun/2025:18:18:28 +0000] "GET /products/190qk4734 HTTP/1.1" 500 2665 "-" "Mozilla/5.0 AppleWebKit/537.36 (KHTML, like Gecko; compatible; GPTBot/1.2; +https://openai.com/gptbot)"
cashforcarsrichardson.com.infinitibizsol.com:443
20.171.207.81 - - [10/Jun/2025:18:19:33 +0000] "GET /products/159ef8027 HTTP/1.1" 500 2665 "-" "Mozilla/5.0 AppleWebKit/537.36 (KHTML, like Gecko; compatible; GPTBot/1.2; +https://openai.com/gptbot)"
cashforcarsrichardson.com.infinitibizsol.com:443
20.171.207.81 - - [10/Jun/2025:18:20:38 +0000] "GET /products/234yl6716 HTTP/1.1" 500 2665 "-" "Mozilla/5.0 AppleWebKit/537.36 (KHTML, like Gecko; compatible; GPTBot/1.2; +https://openai.com/gptbot)"
cashforcarsrichardson.com.infinitibizsol.com:443
20.171.207.81 - - [10/Jun/2025:18:21:40 +0000] "GET /products/219kv3425 HTTP/1.1" 500 2665 "-" "Mozilla/5.0 AppleWebKit/537.36 (KHTML, like Gecko; compatible; GPTBot/1.2; +https://openai.com/gptbot)"
cashforcarsrichardson.com.infinitibizsol.com:443
20.171.207.81 - - [10/Jun/2025:18:22:43 +0000] "GET /products/83jq36457 HTTP/1.1" 500 2665 "-" "Mozilla/5.0 AppleWebKit/537.36 (KHTML, like Gecko; compatible; GPTBot/1.2; +https://openai.com/gptbot)"
cashforcarsrichardson.com.infinitibizsol.com:443
20.171.207.81 - - [10/Jun/2025:18:23:46 +0000] "GET /products/22kh19508 HTTP/1.1" 500 2665 "-" "Mozilla/5.0 AppleWebKit/537.36 (KHTML, like Gecko; compatible; GPTBot/1.2; +https://openai.com/gptbot)"
cashforcarsrichardson.com.infinitibizsol.com:443
204.12.252.98 - - [10/Jun/2025:18:24:24 +0000] "GET /wp-content/admin.php HTTP/1.1" 200 16 "https://cashforcarsrichardson.com/wp-content/admin.php" "Mozilla/5.0 (Windows NT 10.0; Win64; x64) AppleWebKit/537.36 (KHTML, like Gecko) Chrome/58.0.3029.110 Safari/537.3"
cashforcarsrichardson.com.infinitibizsol.com:443
20.171.207.81 - - [10/Jun/2025:18:24:45 +0000] "GET /products/229lx5743 HTTP/1.1" 500 2665 "-" "Mozilla/5.0 AppleWebKit/537.36 (KHTML, like Gecko; compatible; GPTBot/1.2; +https://openai.com/gptbot)"
cashforcarsrichardson.com.infinitibizsol.com:443
20.171.207.81 - - [10/Jun/2025:18:25:46 +0000] "GET /products/71mp20485 HTTP/1.1" 500 2665 "-" "Mozilla/5.0 AppleWebKit/537.36 (KHTML, like Gecko; compatible; GPTBot/1.2; +https://openai.com/gptbot)"
cashforcarsrichardson.com.infinitibizsol.com:443
20.171.207.81 - - [10/Jun/2025:18:26:47 +0000] "GET /products/91gj41873 HTTP/1.1" 500 2665 "-" "Mozilla/5.0 AppleWebKit/537.36 (KHTML, like Gecko; compatible; GPTBot/1.2; +https://openai.com/gptbot)"
cashforcarsrichardson.com.infinitibizsol.com:443
20.171.207.81 - - [10/Jun/2025:18:27:50 +0000] "GET /products/72ey10768 HTTP/1.1" 500 2665 "-" "Mozilla/5.0 AppleWebKit/537.36 (KHTML, like Gecko; compatible; GPTBot/1.2; +https://openai.com/gptbot)"
cashforcarsrichardson.com.infinitibizsol.com:443
20.171.207.81 - - [10/Jun/2025:18:28:52 +0000] "GET /products/286zq4960 HTTP/1.1" 500 2665 "-" "Mozilla/5.0 AppleWebKit/537.36 (KHTML, like Gecko; compatible; GPTBot/1.2; +https://openai.com/gptbot)"
cashforcarsrichardson.com.infinitibizsol.com:443
20.171.207.81 - - [10/Jun/2025:18:29:52 +0000] "GET /products/18gj45078 HTTP/1.1" 500 2665 "-" "Mozilla/5.0 AppleWebKit/537.36 (KHTML, like Gecko; compatible; GPTBot/1.2; +https://openai.com/gptbot)"
cashforcarsrichardson.com.infinitibizsol.com:443
20.171.207.81 - - [10/Jun/2025:18:30:58 +0000] "GET /products/75vk36985 HTTP/1.1" 500 2665 "-" "Mozilla/5.0 AppleWebKit/537.36 (KHTML, like Gecko; compatible; GPTBot/1.2; +https://openai.com/gptbot)"
cashforcarsrichardson.com.infinitibizsol.com:443
