20.171.207.124 - - [12/Jun/2025:18:33:12 +0000] "GET /products/83ms1849 HTTP/1.1" 500 2665 "-" "Mozilla/5.0 AppleWebKit/537.36 (KHTML, like Gecko; compatible; GPTBot/1.2; +https://openai.com/gptbot)"
cashforcarsrichardson.com.infinitibizsol.com:80
212.34.128.179 - - [12/Jun/2025:18:34:04 +0000] "GET / HTTP/1.0" 500 2653 "http://cashforcarsrichardson.com/" "Mozilla/5.0 (Windows NT 10.0; Win64; x64) AppleWebKit/537.36 (KHTML, like Gecko) Chrome/131.0.0.0 Safari/537.36 Avast/131.0.0.0"
cashforcarsrichardson.com.infinitibizsol.com:443
20.171.207.124 - - [12/Jun/2025:18:34:14 +0000] "GET /products/76ob4242 HTTP/1.1" 500 2665 "-" "Mozilla/5.0 AppleWebKit/537.36 (KHTML, like Gecko; compatible; GPTBot/1.2; +https://openai.com/gptbot)"
cashforcarsrichardson.com.infinitibizsol.com:443
208.110.64.178 - - [12/Jun/2025:18:34:43 +0000] "GET /wp-content/admin.php HTTP/1.1" 200 16 "https://cashforcarsrichardson.com/wp-content/admin.php" "Mozilla/5.0 (Windows NT 10.0; Win64; x64) AppleWebKit/537.36 (KHTML, like Gecko) Chrome/58.0.3029.110 Safari/537.3"
cashforcarsrichardson.com.infinitibizsol.com:443
20.171.207.124 - - [12/Jun/2025:18:35:14 +0000] "GET /products/57to8385 HTTP/1.1" 500 2665 "-" "Mozilla/5.0 AppleWebKit/537.36 (KHTML, like Gecko; compatible; GPTBot/1.2; +https://openai.com/gptbot)"
cashforcarsrichardson.com.infinitibizsol.com:443
20.171.207.124 - - [12/Jun/2025:18:36:16 +0000] "GET /products/68ut3122 HTTP/1.1" 500 2665 "-" "Mozilla/5.0 AppleWebKit/537.36 (KHTML, like Gecko; compatible; GPTBot/1.2; +https://openai.com/gptbot)"
cashforcarsrichardson.com.infinitibizsol.com:443
20.171.207.124 - - [12/Jun/2025:18:37:17 +0000] "GET /products/3fr36211 HTTP/1.1" 500 2665 "-" "Mozilla/5.0 AppleWebKit/537.36 (KHTML, like Gecko; compatible; GPTBot/1.2; +https://openai.com/gptbot)"
cashforcarsrichardson.com.infinitibizsol.com:443
20.171.207.124 - - [12/Jun/2025:18:38:19 +0000] "GET /products/46ke2606 HTTP/1.1" 500 2665 "-" "Mozilla/5.0 AppleWebKit/537.36 (KHTML, like Gecko; compatible; GPTBot/1.2; +https://openai.com/gptbot)"
cashforcarsrichardson.com.infinitibizsol.com:443
20.171.207.124 - - [12/Jun/2025:18:39:20 +0000] "GET /products/210ok644 HTTP/1.1" 500 2665 "-" "Mozilla/5.0 AppleWebKit/537.36 (KHTML, like Gecko; compatible; GPTBot/1.2; +https://openai.com/gptbot)"
cashforcarsrichardson.com.infinitibizsol.com:443
20.171.207.124 - - [12/Jun/2025:18:40:24 +0000] "GET /products/30wu4080 HTTP/1.1" 500 2665 "-" "Mozilla/5.0 AppleWebKit/537.36 (KHTML, like Gecko; compatible; GPTBot/1.2; +https://openai.com/gptbot)"
cashforcarsrichardson.com.infinitibizsol.com:443
20.171.207.124 - - [12/Jun/2025:18:41:28 +0000] "GET /products/30zz5768 HTTP/1.1" 500 2665 "-" "Mozilla/5.0 AppleWebKit/537.36 (KHTML, like Gecko; compatible; GPTBot/1.2; +https://openai.com/gptbot)"
cashforcarsrichardson.com.infinitibizsol.com:443
20.171.207.124 - - [12/Jun/2025:18:42:29 +0000] "GET /products/76vw9470 HTTP/1.1" 500 2665 "-" "Mozilla/5.0 AppleWebKit/537.36 (KHTML, like Gecko; compatible; GPTBot/1.2; +https://openai.com/gptbot)"
cashforcarsrichardson.com.infinitibizsol.com:443
20.171.207.124 - - [12/Jun/2025:18:43:29 +0000] "GET /products/187zv951 HTTP/1.1" 500 2665 "-" "Mozilla/5.0 AppleWebKit/537.36 (KHTML, like Gecko; compatible; GPTBot/1.2; +https://openai.com/gptbot)"
cashforcarsrichardson.com.infinitibizsol.com:443
20.171.207.124 - - [12/Jun/2025:18:44:35 +0000] "GET /products/59gv9223 HTTP/1.1" 500 2665 "-" "Mozilla/5.0 AppleWebKit/537.36 (KHTML, like Gecko; compatible; GPTBot/1.2; +https://openai.com/gptbot)"
cashforcarsrichardson.com.infinitibizsol.com:443
20.171.207.124 - - [12/Jun/2025:18:45:38 +0000] "GET /products/17rn7921 HTTP/1.1" 500 2665 "-" "Mozilla/5.0 AppleWebKit/537.36 (KHTML, like Gecko; compatible; GPTBot/1.2; +https://openai.com/gptbot)"
cashforcarsrichardson.com.infinitibizsol.com:443
20.171.207.124 - - [12/Jun/2025:18:46:42 +0000] "GET /products/7hh26509 HTTP/1.1" 500 2665 "-" "Mozilla/5.0 AppleWebKit/537.36 (KHTML, like Gecko; compatible; GPTBot/1.2; +https://openai.com/gptbot)"
cashforcarsrichardson.com.infinitibizsol.com:443
20.171.207.124 - - [12/Jun/2025:18:47:45 +0000] "GET /products/51kw7521 HTTP/1.1" 500 2665 "-" "Mozilla/5.0 AppleWebKit/537.36 (KHTML, like Gecko; compatible; GPTBot/1.2; +https://openai.com/gptbot)"
cashforcarsrichardson.com.infinitibizsol.com:443
20.171.207.124 - - [12/Jun/2025:18:48:51 +0000] "GET /products/223fv131 HTTP/1.1" 500 2665 "-" "Mozilla/5.0 AppleWebKit/537.36 (KHTML, like Gecko; compatible; GPTBot/1.2; +https://openai.com/gptbot)"
cashforcarsrichardson.com.infinitibizsol.com:443
20.171.207.124 - - [12/Jun/2025:18:49:52 +0000] "GET /products/9ur26157 HTTP/1.1" 500 2665 "-" "Mozilla/5.0 AppleWebKit/537.36 (KHTML, like Gecko; compatible; GPTBot/1.2; +https://openai.com/gptbot)"
cashforcarsrichardson.com.infinitibizsol.com:443
20.171.207.124 - - [12/Jun/2025:18:50:57 +0000] "GET /products/66bw5166 HTTP/1.1" 500 2665 "-" "Mozilla/5.0 AppleWebKit/537.36 (KHTML, like Gecko; compatible; GPTBot/1.2; +https://openai.com/gptbot)"
cashforcarsrichardson.com.infinitibizsol.com:443
20.171.207.124 - - [12/Jun/2025:18:52:00 +0000] "GET /products/60jj8418 HTTP/1.1" 500 2665 "-" "Mozilla/5.0 AppleWebKit/537.36 (KHTML, like Gecko; compatible; GPTBot/1.2; +https://openai.com/gptbot)"
cashforcarsrichardson.com.infinitibizsol.com:443
20.171.207.124 - - [12/Jun/2025:18:53:05 +0000] "GET /products/220zt136 HTTP/1.1" 500 2665 "-" "Mozilla/5.0 AppleWebKit/537.36 (KHTML, like Gecko; compatible; GPTBot/1.2; +https://openai.com/gptbot)"
cashforcarsrichardson.com.infinitibizsol.com:443
208.110.64.178 - - [12/Jun/2025:18:53:08 +0000] "GET /wp-content/admin.php HTTP/1.1" 200 16 "https://cashforcarsrichardson.com/wp-content/admin.php" "Mozilla/5.0 (Windows NT 10.0; Win64; x64) AppleWebKit/537.36 (KHTML, like Gecko) Chrome/58.0.3029.110 Safari/537.3"
cashforcarsrichardson.com.infinitibizsol.com:443
20.171.207.124 - - [12/Jun/2025:18:54:09 +0000] "GET /products/4ap16796 HTTP/1.1" 500 2665 "-" "Mozilla/5.0 AppleWebKit/537.36 (KHTML, like Gecko; compatible; GPTBot/1.2; +https://openai.com/gptbot)"
cashforcarsrichardson.com.infinitibizsol.com:443
20.171.207.124 - - [12/Jun/2025:18:55:10 +0000] "GET /products/2ew42550 HTTP/1.1" 500 2665 "-" "Mozilla/5.0 AppleWebKit/537.36 (KHTML, like Gecko; compatible; GPTBot/1.2; +https://openai.com/gptbot)"
cashforcarsrichardson.com.infinitibizsol.com:443
108.181.202.211 - - [12/Jun/2025:18:55:22 +0000] "GET /wp-content/admin.php HTTP/1.1" 200 16 "https://cashforcarsrichardson.com/wp-content/admin.php" "Mozilla/5.0 (Macintosh; Intel Mac OS X 10_6_8) AppleWebKit/535.1 (KHTML, like Gecko) Chrome/13.0.782.220 Safari/535.1"
cashforcarsrichardson.com.infinitibizsol.com:443
173.208.153.154 - - [12/Jun/2025:18:55:26 +0000] "GET /wp-content/admin.php HTTP/1.1" 200 6 "https://cashforcarsrichardson.com/wp-content/admin.php" "Mozilla/5.0 (compatible; MSIE 9.0; Windows NT 6.0; Trident/5.0)"
cashforcarsrichardson.com.infinitibizsol.com:443
20.171.207.124 - - [12/Jun/2025:18:56:13 +0000] "GET /products/38vp5310 HTTP/1.1" 500 2665 "-" "Mozilla/5.0 AppleWebKit/537.36 (KHTML, like Gecko; compatible; GPTBot/1.2; +https://openai.com/gptbot)"
cashforcarsrichardson.com.infinitibizsol.com:443
20.171.207.124 - - [12/Jun/2025:18:57:19 +0000] "GET /products/18mc6378 HTTP/1.1" 500 2665 "-" "Mozilla/5.0 AppleWebKit/537.36 (KHTML, like Gecko; compatible; GPTBot/1.2; +https://openai.com/gptbot)"
cashforcarsrichardson.com.infinitibizsol.com:443
204.12.252.98 - - [12/Jun/2025:18:57:59 +0000] "GET /wp-content/admin.php HTTP/1.1" 200 16 "https://cashforcarsrichardson.com/wp-content/admin.php" "Mozilla/5.0 (Windows NT 10.0; Win64; x64) AppleWebKit/537.36 (KHTML, like Gecko) Chrome/58.0.3029.110 Safari/537.3"
cashforcarsrichardson.com.infinitibizsol.com:443
20.171.207.124 - - [12/Jun/2025:18:58:24 +0000] "GET /products/150ex114 HTTP/1.1" 500 2665 "-" "Mozilla/5.0 AppleWebKit/537.36 (KHTML, like Gecko; compatible; GPTBot/1.2; +https://openai.com/gptbot)"
cashforcarsrichardson.com.infinitibizsol.com:443
20.171.207.124 - - [12/Jun/2025:18:59:25 +0000] "GET /products/79yk3819 HTTP/1.1" 500 2665 "-" "Mozilla/5.0 AppleWebKit/537.36 (KHTML, like Gecko; compatible; GPTBot/1.2; +https://openai.com/gptbot)"
cashforcarsrichardson.com.infinitibizsol.com:443
20.171.207.124 - - [12/Jun/2025:19:00:27 +0000] "GET /products/8pu37842 HTTP/1.1" 500 2665 "-" "Mozilla/5.0 AppleWebKit/537.36 (KHTML, like Gecko; compatible; GPTBot/1.2; +https://openai.com/gptbot)"
cashforcarsrichardson.com.infinitibizsol.com:443
20.171.207.124 - - [12/Jun/2025:19:01:31 +0000] "GET /products/37py2645 HTTP/1.1" 500 2665 "-" "Mozilla/5.0 AppleWebKit/537.36 (KHTML, like Gecko; compatible; GPTBot/1.2; +https://openai.com/gptbot)"
cashforcarsrichardson.com.infinitibizsol.com:443
20.171.207.124 - - [12/Jun/2025:19:02:33 +0000] "GET /products/96wc8612 HTTP/1.1" 500 2665 "-" "Mozilla/5.0 AppleWebKit/537.36 (KHTML, like Gecko; compatible; GPTBot/1.2; +https://openai.com/gptbot)"
cashforcarsrichardson.com.infinitibizsol.com:443
20.171.207.124 - - [12/Jun/2025:19:03:37 +0000] "GET /products/243nd435 HTTP/1.1" 500 2665 "-" "Mozilla/5.0 AppleWebKit/537.36 (KHTML, like Gecko; compatible; GPTBot/1.2; +https://openai.com/gptbot)"
cashforcarsrichardson.com.infinitibizsol.com:443
20.171.207.124 - - [12/Jun/2025:19:04:41 +0000] "GET /products/194sp280 HTTP/1.1" 500 2665 "-" "Mozilla/5.0 AppleWebKit/537.36 (KHTML, like Gecko; compatible; GPTBot/1.2; +https://openai.com/gptbot)"
cashforcarsrichardson.com.infinitibizsol.com:443
20.171.207.124 - - [12/Jun/2025:19:05:41 +0000] "GET /products/31zc7321 HTTP/1.1" 500 2665 "-" "Mozilla/5.0 AppleWebKit/537.36 (KHTML, like Gecko; compatible; GPTBot/1.2; +https://openai.com/gptbot)"
cashforcarsrichardson.com.infinitibizsol.com:443
20.171.207.124 - - [12/Jun/2025:19:06:41 +0000] "GET /products/1ii20389 HTTP/1.1" 500 2665 "-" "Mozilla/5.0 AppleWebKit/537.36 (KHTML, like Gecko; compatible; GPTBot/1.2; +https://openai.com/gptbot)"
cashforcarsrichardson.com.infinitibizsol.com:80
203.188.182.71 - - [12/Jun/2025:19:07:37 +0000] "GET / HTTP/1.0" 500 2653 "http://cashforcarsrichardson.com/" "Mozilla/5.0 (Windows NT 10.0; Win64; x64) AppleWebKit/537.36 (KHTML, like Gecko) Chrome/131.0.0.0 Safari/537.36"
cashforcarsrichardson.com.infinitibizsol.com:443
20.171.207.124 - - [12/Jun/2025:19:07:43 +0000] "GET /products/246sq282 HTTP/1.1" 500 2665 "-" "Mozilla/5.0 AppleWebKit/537.36 (KHTML, like Gecko; compatible; GPTBot/1.2; +https://openai.com/gptbot)"
cashforcarsrichardson.com.infinitibizsol.com:443
20.171.207.124 - - [12/Jun/2025:19:08:44 +0000] "GET /products/14eb4498 HTTP/1.1" 500 2665 "-" "Mozilla/5.0 AppleWebKit/537.36 (KHTML, like Gecko; compatible; GPTBot/1.2; +https://openai.com/gptbot)"
cashforcarsrichardson.com.infinitibizsol.com:443
20.171.207.124 - - [12/Jun/2025:19:09:49 +0000] "GET /products/2yq15066 HTTP/1.1" 500 2665 "-" "Mozilla/5.0 AppleWebKit/537.36 (KHTML, like Gecko; compatible; GPTBot/1.2; +https://openai.com/gptbot)"
cashforcarsrichardson.com.infinitibizsol.com:443
20.171.207.124 - - [12/Jun/2025:19:10:55 +0000] "GET /products/60iy8580 HTTP/1.1" 500 2665 "-" "Mozilla/5.0 AppleWebKit/537.36 (KHTML, like Gecko; compatible; GPTBot/1.2; +https://openai.com/gptbot)"
cashforcarsrichardson.com.infinitibizsol.com:443
20.171.207.124 - - [12/Jun/2025:19:12:01 +0000] "GET /products/54zx8918 HTTP/1.1" 500 2665 "-" "Mozilla/5.0 AppleWebKit/537.36 (KHTML, like Gecko; compatible; GPTBot/1.2; +https://openai.com/gptbot)"
cashforcarsrichardson.com.infinitibizsol.com:443
20.171.207.124 - - [12/Jun/2025:19:13:02 +0000] "GET /products/49dd4205 HTTP/1.1" 500 2665 "-" "Mozilla/5.0 AppleWebKit/537.36 (KHTML, like Gecko; compatible; GPTBot/1.2; +https://openai.com/gptbot)"
cashforcarsrichardson.com.infinitibizsol.com:443
20.171.207.124 - - [12/Jun/2025:19:14:03 +0000] "GET /products/33ze8941 HTTP/1.1" 500 2665 "-" "Mozilla/5.0 AppleWebKit/537.36 (KHTML, like Gecko; compatible; GPTBot/1.2; +https://openai.com/gptbot)"
cashforcarsrichardson.com.infinitibizsol.com:443
20.171.207.124 - - [12/Jun/2025:19:15:05 +0000] "GET /products/5cd29241 HTTP/1.1" 500 2665 "-" "Mozilla/5.0 AppleWebKit/537.36 (KHTML, like Gecko; compatible; GPTBot/1.2; +https://openai.com/gptbot)"
cashforcarsrichardson.com.infinitibizsol.com:80
182.42.104.32 - - [12/Jun/2025:19:15:42 +0000] "GET / HTTP/1.1" 500 2665 "-" "Mozilla/5.0 (iPhone; CPU iPhone OS 13_2_3 like Mac OS X) AppleWebKit/605.1.15 (KHTML, like Gecko) Version/13.0.3 Mobile/15E148 Safari/604.1"
cashforcarsrichardson.com.infinitibizsol.com:443
20.171.207.124 - - [12/Jun/2025:19:16:04 +0000] "GET /products/4ig16138 HTTP/1.1" 500 2665 "-" "Mozilla/5.0 AppleWebKit/537.36 (KHTML, like Gecko; compatible; GPTBot/1.2; +https://openai.com/gptbot)"
cashforcarsrichardson.com.infinitibizsol.com:443
20.171.207.124 - - [12/Jun/2025:19:17:09 +0000] "GET /products/43os8693 HTTP/1.1" 500 2665 "-" "Mozilla/5.0 AppleWebKit/537.36 (KHTML, like Gecko; compatible; GPTBot/1.2; +https://openai.com/gptbot)"
cashforcarsrichardson.com.infinitibizsol.com:443
204.12.252.98 - - [12/Jun/2025:19:17:24 +0000] "GET /wp-content/admin.php HTTP/1.1" 200 16 "https://cashforcarsrichardson.com/wp-content/admin.php" "Mozilla/5.0 (Windows NT 10.0; Win64; x64) AppleWebKit/537.36 (KHTML, like Gecko) Chrome/58.0.3029.110 Safari/537.3"
cashforcarsrichardson.com.infinitibizsol.com:443
20.171.207.124 - - [12/Jun/2025:19:18:12 +0000] "GET /products/289hi391 HTTP/1.1" 500 2665 "-" "Mozilla/5.0 AppleWebKit/537.36 (KHTML, like Gecko; compatible; GPTBot/1.2; +https://openai.com/gptbot)"
cashforcarsrichardson.com.infinitibizsol.com:443
20.171.207.124 - - [12/Jun/2025:19:19:12 +0000] "GET /products/13zz5785 HTTP/1.1" 500 2665 "-" "Mozilla/5.0 AppleWebKit/537.36 (KHTML, like Gecko; compatible; GPTBot/1.2; +https://openai.com/gptbot)"
cashforcarsrichardson.com.infinitibizsol.com:443
20.171.207.124 - - [12/Jun/2025:19:20:15 +0000] "GET /products/278jx502 HTTP/1.1" 500 2665 "-" "Mozilla/5.0 AppleWebKit/537.36 (KHTML, like Gecko; compatible; GPTBot/1.2; +https://openai.com/gptbot)"
cashforcarsrichardson.com.infinitibizsol.com:443
20.171.207.124 - - [12/Jun/2025:19:21:18 +0000] "GET /products/68ux1220 HTTP/1.1" 500 2665 "-" "Mozilla/5.0 AppleWebKit/537.36 (KHTML, like Gecko; compatible; GPTBot/1.2; +https://openai.com/gptbot)"
cashforcarsrichardson.com.infinitibizsol.com:443
20.171.207.124 - - [12/Jun/2025:19:22:24 +0000] "GET /products/83ee1629 HTTP/1.1" 500 2665 "-" "Mozilla/5.0 AppleWebKit/537.36 (KHTML, like Gecko; compatible; GPTBot/1.2; +https://openai.com/gptbot)"
cashforcarsrichardson.com.infinitibizsol.com:443
20.171.207.124 - - [12/Jun/2025:19:23:26 +0000] "GET /products/78ps9064 HTTP/1.1" 500 2665 "-" "Mozilla/5.0 AppleWebKit/537.36 (KHTML, like Gecko; compatible; GPTBot/1.2; +https://openai.com/gptbot)"
cashforcarsrichardson.com.infinitibizsol.com:443
20.171.207.124 - - [12/Jun/2025:19:24:29 +0000] "GET /products/274oq912 HTTP/1.1" 500 2665 "-" "Mozilla/5.0 AppleWebKit/537.36 (KHTML, like Gecko; compatible; GPTBot/1.2; +https://openai.com/gptbot)"
cashforcarsrichardson.com.infinitibizsol.com:443
20.171.207.124 - - [12/Jun/2025:19:25:34 +0000] "GET /products/128ap494 HTTP/1.1" 500 2665 "-" "Mozilla/5.0 AppleWebKit/537.36 (KHTML, like Gecko; compatible; GPTBot/1.2; +https://openai.com/gptbot)"
cashforcarsrichardson.com.infinitibizsol.com:443
20.171.207.124 - - [12/Jun/2025:19:26:38 +0000] "GET /products/35tf6641 HTTP/1.1" 500 2665 "-" "Mozilla/5.0 AppleWebKit/537.36 (KHTML, like Gecko; compatible; GPTBot/1.2; +https://openai.com/gptbot)"
cashforcarsrichardson.com.infinitibizsol.com:443
20.171.207.124 - - [12/Jun/2025:19:27:41 +0000] "GET /products/212sg540 HTTP/1.1" 500 2665 "-" "Mozilla/5.0 AppleWebKit/537.36 (KHTML, like Gecko; compatible; GPTBot/1.2; +https://openai.com/gptbot)"
cashforcarsrichardson.com.infinitibizsol.com:443
20.171.207.124 - - [12/Jun/2025:19:28:43 +0000] "GET /products/21or1757 HTTP/1.1" 500 2665 "-" "Mozilla/5.0 AppleWebKit/537.36 (KHTML, like Gecko; compatible; GPTBot/1.2; +https://openai.com/gptbot)"
cashforcarsrichardson.com.infinitibizsol.com:443
69.197.135.226 - - [12/Jun/2025:19:29:41 +0000] "GET /wp-content/admin.php HTTP/1.1" 200 16 "https://cashforcarsrichardson.com/wp-content/admin.php" "Mozilla/5.0 (Windows NT 10.0; Win64; x64) AppleWebKit/537.36 (KHTML, like Gecko) Chrome/58.0.3029.110 Safari/537.3"
cashforcarsrichardson.com.infinitibizsol.com:443
20.171.207.124 - - [12/Jun/2025:19:29:48 +0000] "GET /products/1jr15417 HTTP/1.1" 500 2665 "-" "Mozilla/5.0 AppleWebKit/537.36 (KHTML, like Gecko; compatible; GPTBot/1.2; +https://openai.com/gptbot)"
cashforcarsrichardson.com.infinitibizsol.com:443
20.171.207.124 - - [12/Jun/2025:19:30:52 +0000] "GET /products/95un1411 HTTP/1.1" 500 2665 "-" "Mozilla/5.0 AppleWebKit/537.36 (KHTML, like Gecko; compatible; GPTBot/1.2; +https://openai.com/gptbot)"
cashforcarsrichardson.com.infinitibizsol.com:443
20.171.207.124 - - [12/Jun/2025:19:31:55 +0000] "GET /products/96nx4638 HTTP/1.1" 500 2665 "-" "Mozilla/5.0 AppleWebKit/537.36 (KHTML, like Gecko; compatible; GPTBot/1.2; +https://openai.com/gptbot)"
cashforcarsrichardson.com.infinitibizsol.com:443
20.171.207.124 - - [12/Jun/2025:19:32:57 +0000] "GET /products/123ue265 HTTP/1.1" 500 2665 "-" "Mozilla/5.0 AppleWebKit/537.36 (KHTML, like Gecko; compatible; GPTBot/1.2; +https://openai.com/gptbot)"
cashforcarsrichardson.com.infinitibizsol.com:443
20.171.207.124 - - [12/Jun/2025:19:33:59 +0000] "GET /products/4xh34296 HTTP/1.1" 500 2665 "-" "Mozilla/5.0 AppleWebKit/537.36 (KHTML, like Gecko; compatible; GPTBot/1.2; +https://openai.com/gptbot)"
cashforcarsrichardson.com.infinitibizsol.com:443
20.171.207.124 - - [12/Jun/2025:19:35:00 +0000] "GET /products/249sq279 HTTP/1.1" 500 2665 "-" "Mozilla/5.0 AppleWebKit/537.36 (KHTML, like Gecko; compatible; GPTBot/1.2; +https://openai.com/gptbot)"
cashforcarsrichardson.com.infinitibizsol.com:443
20.171.207.124 - - [12/Jun/2025:19:36:04 +0000] "GET /products/82pd3682 HTTP/1.1" 500 2665 "-" "Mozilla/5.0 AppleWebKit/537.36 (KHTML, like Gecko; compatible; GPTBot/1.2; +https://openai.com/gptbot)"
cashforcarsrichardson.com.infinitibizsol.com:443
20.171.207.124 - - [12/Jun/2025:19:37:09 +0000] "GET /products/56db8196 HTTP/1.1" 500 2665 "-" "Mozilla/5.0 AppleWebKit/537.36 (KHTML, like Gecko; compatible; GPTBot/1.2; +https://openai.com/gptbot)"
cashforcarsrichardson.com.infinitibizsol.com:443
20.171.207.124 - - [12/Jun/2025:19:38:10 +0000] "GET /products/18zv4582 HTTP/1.1" 500 2665 "-" "Mozilla/5.0 AppleWebKit/537.36 (KHTML, like Gecko; compatible; GPTBot/1.2; +https://openai.com/gptbot)"
cashforcarsrichardson.com.infinitibizsol.com:443
20.171.207.124 - - [12/Jun/2025:19:39:10 +0000] "GET /products/5mx49375 HTTP/1.1" 500 2665 "-" "Mozilla/5.0 AppleWebKit/537.36 (KHTML, like Gecko; compatible; GPTBot/1.2; +https://openai.com/gptbot)"
cashforcarsrichardson.com.infinitibizsol.com:443
20.171.207.124 - - [12/Jun/2025:19:40:16 +0000] "GET /products/169zi199 HTTP/1.1" 500 2665 "-" "Mozilla/5.0 AppleWebKit/537.36 (KHTML, like Gecko; compatible; GPTBot/1.2; +https://openai.com/gptbot)"
cashforcarsrichardson.com.infinitibizsol.com:443
20.171.207.124 - - [12/Jun/2025:19:41:20 +0000] "GET /products/24uo4176 HTTP/1.1" 500 2665 "-" "Mozilla/5.0 AppleWebKit/537.36 (KHTML, like Gecko; compatible; GPTBot/1.2; +https://openai.com/gptbot)"
cashforcarsrichardson.com.infinitibizsol.com:443
20.171.207.124 - - [12/Jun/2025:19:42:24 +0000] "GET /products/95bu7627 HTTP/1.1" 500 2665 "-" "Mozilla/5.0 AppleWebKit/537.36 (KHTML, like Gecko; compatible; GPTBot/1.2; +https://openai.com/gptbot)"
cashforcarsrichardson.com.infinitibizsol.com:443
20.171.207.124 - - [12/Jun/2025:19:43:28 +0000] "GET /products/203xk281 HTTP/1.1" 500 2665 "-" "Mozilla/5.0 AppleWebKit/537.36 (KHTML, like Gecko; compatible; GPTBot/1.2; +https://openai.com/gptbot)"
cashforcarsrichardson.com.infinitibizsol.com:443
20.171.207.124 - - [12/Jun/2025:19:44:30 +0000] "GET /products/1zu15725 HTTP/1.1" 500 2665 "-" "Mozilla/5.0 AppleWebKit/537.36 (KHTML, like Gecko; compatible; GPTBot/1.2; +https://openai.com/gptbot)"
cashforcarsrichardson.com.infinitibizsol.com:443
20.171.207.124 - - [12/Jun/2025:19:45:33 +0000] "GET /products/33en8265 HTTP/1.1" 500 2665 "-" "Mozilla/5.0 AppleWebKit/537.36 (KHTML, like Gecko; compatible; GPTBot/1.2; +https://openai.com/gptbot)"
cashforcarsrichardson.com.infinitibizsol.com:443
20.171.207.124 - - [12/Jun/2025:19:46:34 +0000] "GET /products/4zm32784 HTTP/1.1" 500 2665 "-" "Mozilla/5.0 AppleWebKit/537.36 (KHTML, like Gecko; compatible; GPTBot/1.2; +https://openai.com/gptbot)"
cashforcarsrichardson.com.infinitibizsol.com:443
20.171.207.124 - - [12/Jun/2025:19:47:35 +0000] "GET /products/14tl6896 HTTP/1.1" 500 2665 "-" "Mozilla/5.0 AppleWebKit/537.36 (KHTML, like Gecko; compatible; GPTBot/1.2; +https://openai.com/gptbot)"
cashforcarsrichardson.com.infinitibizsol.com:443
20.171.207.124 - - [12/Jun/2025:19:48:40 +0000] "GET /products/5fc18863 HTTP/1.1" 500 2665 "-" "Mozilla/5.0 AppleWebKit/537.36 (KHTML, like Gecko; compatible; GPTBot/1.2; +https://openai.com/gptbot)"
cashforcarsrichardson.com.infinitibizsol.com:443
20.171.207.124 - - [12/Jun/2025:19:49:42 +0000] "GET /products/99dw4905 HTTP/1.1" 500 2665 "-" "Mozilla/5.0 AppleWebKit/537.36 (KHTML, like Gecko; compatible; GPTBot/1.2; +https://openai.com/gptbot)"
cashforcarsrichardson.com.infinitibizsol.com:443
20.171.207.124 - - [12/Jun/2025:19:50:43 +0000] "GET /products/170xk714 HTTP/1.1" 500 2665 "-" "Mozilla/5.0 AppleWebKit/537.36 (KHTML, like Gecko; compatible; GPTBot/1.2; +https://openai.com/gptbot)"
cashforcarsrichardson.com.infinitibizsol.com:443
20.171.207.124 - - [12/Jun/2025:19:51:44 +0000] "GET /products/70em7078 HTTP/1.1" 500 2665 "-" "Mozilla/5.0 AppleWebKit/537.36 (KHTML, like Gecko; compatible; GPTBot/1.2; +https://openai.com/gptbot)"
cashforcarsrichardson.com.infinitibizsol.com:443
45.227.253.15 - - [12/Jun/2025:19:53:03 +0000] "GET /index.php/jk HTTP/1.1" 500 2665 "-" "Mozilla/5.0 (Macintosh; Intel Mac OS X 10.13; rv:103.0) Gecko/20100101 Firefox/102.0"
cashforcarsrichardson.com.infinitibizsol.com:80
128.199.89.172 - - [12/Jun/2025:19:53:56 +0000] "GET / HTTP/1.0" 500 2653 "http://cashforcarsrichardson.com/" "Mozilla/5.0 (Windows NT 10.0; Win64; x64) AppleWebKit/537.36 (KHTML, like Gecko) Chrome/131.0.0.0 Safari/537.36 Avast/131.0.0.0"
cashforcarsrichardson.com.infinitibizsol.com:80
27.71.26.123 - - [12/Jun/2025:19:53:59 +0000] "GET / HTTP/1.0" 500 2653 "http://cashforcarsrichardson.com/" "Mozilla/5.0 (Windows NT 10.0; Win64; x64) AppleWebKit/537.36 (KHTML, like Gecko) Chrome/131.0.0.0 Safari/537.36 Avast/131.0.0.0"
cashforcarsrichardson.com.infinitibizsol.com:80
188.225.21.131 - - [12/Jun/2025:19:54:02 +0000] "GET / HTTP/1.0" 500 2653 "http://cashforcarsrichardson.com/" "Mozilla/5.0 (Windows NT 10.0; Win64; x64) AppleWebKit/537.36 (KHTML, like Gecko) Chrome/131.0.0.0 Safari/537.36 Avast/131.0.0.0"
cashforcarsrichardson.com.infinitibizsol.com:80
80.87.194.140 - - [12/Jun/2025:19:54:05 +0000] "GET / HTTP/1.0" 500 2653 "http://cashforcarsrichardson.com/" "Mozilla/5.0 (Windows NT 10.0; Win64; x64) AppleWebKit/537.36 (KHTML, like Gecko) Chrome/131.0.0.0 Safari/537.36 Avast/131.0.0.0"
cashforcarsrichardson.com.infinitibizsol.com:443
69.197.182.50 - - [12/Jun/2025:19:54:48 +0000] "GET /wp-content/admin.php HTTP/1.1" 200 16 "https://cashforcarsrichardson.com/wp-content/admin.php" "Mozilla/5.0 (Windows NT 10.0; Win64; x64) AppleWebKit/537.36 (KHTML, like Gecko) Chrome/58.0.3029.110 Safari/537.3"
cashforcarsrichardson.com.infinitibizsol.com:443
20.171.207.124 - - [12/Jun/2025:19:56:18 +0000] "GET /products/94so3106 HTTP/1.1" 500 2665 "-" "Mozilla/5.0 AppleWebKit/537.36 (KHTML, like Gecko; compatible; GPTBot/1.2; +https://openai.com/gptbot)"
cashforcarsrichardson.com.infinitibizsol.com:443
95.108.213.160 - - [12/Jun/2025:19:56:58 +0000] "GET /cash-for-cars/ HTTP/1.1" 200 13 "-" "Mozilla/5.0 (compatible; YandexBot/3.0; +http://yandex.com/bots)"
cashforcarsrichardson.com.infinitibizsol.com:443
20.171.207.124 - - [12/Jun/2025:19:57:47 +0000] "GET /products/3fo30545 HTTP/1.1" 500 2665 "-" "Mozilla/5.0 AppleWebKit/537.36 (KHTML, like Gecko; compatible; GPTBot/1.2; +https://openai.com/gptbot)"
cashforcarsrichardson.com.infinitibizsol.com:443
20.171.207.124 - - [12/Jun/2025:19:58:41 +0000] "GET /products/5lf14349 HTTP/1.1" 500 2665 "-" "Mozilla/5.0 AppleWebKit/537.36 (KHTML, like Gecko; compatible; GPTBot/1.2; +https://openai.com/gptbot)"
cashforcarsrichardson.com.infinitibizsol.com:443
20.171.207.124 - - [12/Jun/2025:19:59:43 +0000] "GET /products/27cq4969 HTTP/1.1" 500 2665 "-" "Mozilla/5.0 AppleWebKit/537.36 (KHTML, like Gecko; compatible; GPTBot/1.2; +https://openai.com/gptbot)"
cashforcarsrichardson.com.infinitibizsol.com:443
20.171.207.124 - - [12/Jun/2025:20:00:48 +0000] "GET /products/74ar3852 HTTP/1.1" 500 2665 "-" "Mozilla/5.0 AppleWebKit/537.36 (KHTML, like Gecko; compatible; GPTBot/1.2; +https://openai.com/gptbot)"
cashforcarsrichardson.com.infinitibizsol.com:443
20.171.207.124 - - [12/Jun/2025:20:01:50 +0000] "GET /products/12bp7806 HTTP/1.1" 500 2665 "-" "Mozilla/5.0 AppleWebKit/537.36 (KHTML, like Gecko; compatible; GPTBot/1.2; +https://openai.com/gptbot)"
cashforcarsrichardson.com.infinitibizsol.com:443
20.171.207.124 - - [12/Jun/2025:20:02:53 +0000] "GET /products/36vp4898 HTTP/1.1" 500 2665 "-" "Mozilla/5.0 AppleWebKit/537.36 (KHTML, like Gecko; compatible; GPTBot/1.2; +https://openai.com/gptbot)"
cashforcarsrichardson.com.infinitibizsol.com:443
20.171.207.124 - - [12/Jun/2025:20:03:59 +0000] "GET /products/244yb262 HTTP/1.1" 500 2665 "-" "Mozilla/5.0 AppleWebKit/537.36 (KHTML, like Gecko; compatible; GPTBot/1.2; +https://openai.com/gptbot)"
cashforcarsrichardson.com.infinitibizsol.com:443
69.197.182.50 - - [12/Jun/2025:20:04:26 +0000] "GET /wp-content/admin.php HTTP/1.1" 200 16 "https://cashforcarsrichardson.com/wp-content/admin.php" "Mozilla/5.0 (Windows NT 10.0; Win64; x64) AppleWebKit/537.36 (KHTML, like Gecko) Chrome/58.0.3029.110 Safari/537.3"
cashforcarsrichardson.com.infinitibizsol.com:443
20.171.207.124 - - [12/Jun/2025:20:05:05 +0000] "GET /products/88td1516 HTTP/1.1" 500 2665 "-" "Mozilla/5.0 AppleWebKit/537.36 (KHTML, like Gecko; compatible; GPTBot/1.2; +https://openai.com/gptbot)"
cashforcarsrichardson.com.infinitibizsol.com:443
20.171.207.124 - - [12/Jun/2025:20:06:06 +0000] "GET /products/34de1688 HTTP/1.1" 500 2665 "-" "Mozilla/5.0 AppleWebKit/537.36 (KHTML, like Gecko; compatible; GPTBot/1.2; +https://openai.com/gptbot)"
cashforcarsrichardson.com.infinitibizsol.com:80
146.19.215.12 - - [12/Jun/2025:20:06:09 +0000] "GET /ss.php?f_c=1 HTTP/1.1" 403 311 "www.google.com" "Mozlila/5.0 (Linux; Android 7.0; SM-G892A Bulid/NRD90M; wv) AppleWebKit/537.36 (KHTML, like Gecko) Version/4.0 Chrome/60.0.3112.107 Moblie Safari/537.36"
cashforcarsrichardson.com.infinitibizsol.com:443
208.110.64.178 - - [12/Jun/2025:20:06:12 +0000] "GET /wp-content/admin.php HTTP/1.1" 200 16 "https://cashforcarsrichardson.com/wp-content/admin.php" "Mozilla/5.0 (Windows NT 10.0; Win64; x64) AppleWebKit/537.36 (KHTML, like Gecko) Chrome/58.0.3029.110 Safari/537.3"
cashforcarsrichardson.com.infinitibizsol.com:443
146.19.215.12 - - [12/Jun/2025:20:06:20 +0000] "GET /ss.php?f_c=1 HTTP/1.1" 403 309 "www.google.com" "Mozlila/5.0 (Linux; Android 7.0; SM-G892A Bulid/NRD90M; wv) AppleWebKit/537.36 (KHTML, like Gecko) Version/4.0 Chrome/60.0.3112.107 Moblie Safari/537.36"
cashforcarsrichardson.com.infinitibizsol.com:443
20.171.207.124 - - [12/Jun/2025:20:07:08 +0000] "GET /products/47kh7615 HTTP/1.1" 500 2665 "-" "Mozilla/5.0 AppleWebKit/537.36 (KHTML, like Gecko; compatible; GPTBot/1.2; +https://openai.com/gptbot)"
cashforcarsrichardson.com.infinitibizsol.com:443
20.171.207.124 - - [12/Jun/2025:20:08:12 +0000] "GET /products/6ad23632 HTTP/1.1" 500 2665 "-" "Mozilla/5.0 AppleWebKit/537.36 (KHTML, like Gecko; compatible; GPTBot/1.2; +https://openai.com/gptbot)"
cashforcarsrichardson.com.infinitibizsol.com:443
20.171.207.124 - - [12/Jun/2025:20:09:13 +0000] "GET /products/81fy1173 HTTP/1.1" 500 2665 "-" "Mozilla/5.0 AppleWebKit/537.36 (KHTML, like Gecko; compatible; GPTBot/1.2; +https://openai.com/gptbot)"
cashforcarsrichardson.com.infinitibizsol.com:443
20.171.207.124 - - [12/Jun/2025:20:10:13 +0000] "GET /products/58eg1016 HTTP/1.1" 500 2665 "-" "Mozilla/5.0 AppleWebKit/537.36 (KHTML, like Gecko; compatible; GPTBot/1.2; +https://openai.com/gptbot)"
cashforcarsrichardson.com.infinitibizsol.com:443
69.197.182.50 - - [12/Jun/2025:20:10:48 +0000] "GET /wp-content/admin.php HTTP/1.1" 200 16 "https://cashforcarsrichardson.com/wp-content/admin.php" "Mozilla/5.0 (Windows NT 10.0; Win64; x64) AppleWebKit/537.36 (KHTML, like Gecko) Chrome/58.0.3029.110 Safari/537.3"
cashforcarsrichardson.com.infinitibizsol.com:443
20.171.207.124 - - [12/Jun/2025:20:11:19 +0000] "GET /products/16yv5510 HTTP/1.1" 500 2665 "-" "Mozilla/5.0 AppleWebKit/537.36 (KHTML, like Gecko; compatible; GPTBot/1.2; +https://openai.com/gptbot)"
cashforcarsrichardson.com.infinitibizsol.com:443
20.171.207.124 - - [12/Jun/2025:20:12:20 +0000] "GET /products/78jo2814 HTTP/1.1" 500 2665 "-" "Mozilla/5.0 AppleWebKit/537.36 (KHTML, like Gecko; compatible; GPTBot/1.2; +https://openai.com/gptbot)"
cashforcarsrichardson.com.infinitibizsol.com:443
20.171.207.124 - - [12/Jun/2025:20:13:21 +0000] "GET /products/42jb9166 HTTP/1.1" 500 2665 "-" "Mozilla/5.0 AppleWebKit/537.36 (KHTML, like Gecko; compatible; GPTBot/1.2; +https://openai.com/gptbot)"
cashforcarsrichardson.com.infinitibizsol.com:443
208.110.64.178 - - [12/Jun/2025:20:14:10 +0000] "GET /wp-content/admin.php HTTP/1.1" 200 16 "https://cashforcarsrichardson.com/wp-content/admin.php" "Mozilla/5.0 (Windows NT 10.0; Win64; x64) AppleWebKit/537.36 (KHTML, like Gecko) Chrome/58.0.3029.110 Safari/537.3"
cashforcarsrichardson.com.infinitibizsol.com:443
20.171.207.124 - - [12/Jun/2025:20:14:27 +0000] "GET /products/8ch36204 HTTP/1.1" 500 2665 "-" "Mozilla/5.0 AppleWebKit/537.36 (KHTML, like Gecko; compatible; GPTBot/1.2; +https://openai.com/gptbot)"
cashforcarsrichardson.com.infinitibizsol.com:443
20.171.207.124 - - [12/Jun/2025:20:15:31 +0000] "GET /products/3zl39405 HTTP/1.1" 500 2665 "-" "Mozilla/5.0 AppleWebKit/537.36 (KHTML, like Gecko; compatible; GPTBot/1.2; +https://openai.com/gptbot)"
cashforcarsrichardson.com.infinitibizsol.com:443
20.171.207.124 - - [12/Jun/2025:20:16:31 +0000] "GET /products/6jt21048 HTTP/1.1" 500 2665 "-" "Mozilla/5.0 AppleWebKit/537.36 (KHTML, like Gecko; compatible; GPTBot/1.2; +https://openai.com/gptbot)"
cashforcarsrichardson.com.infinitibizsol.com:443
108.181.202.211 - - [12/Jun/2025:20:17:25 +0000] "GET /wp-content/admin.php HTTP/1.1" 200 16 "https://cashforcarsrichardson.com/wp-content/admin.php" "Mozilla/5.0 (compatible; MSIE 10.0; Windows NT 6.2; Win64; x64; Trident/6.0)"
cashforcarsrichardson.com.infinitibizsol.com:443
173.208.153.154 - - [12/Jun/2025:20:17:29 +0000] "GET /wp-content/admin.php HTTP/1.1" 200 16 "https://cashforcarsrichardson.com/wp-content/admin.php" "Mozilla/5.0 (Windows NT 6.1; WOW64; rv:5.0) Gecko/20100101 Firefox/5.0"
cashforcarsrichardson.com.infinitibizsol.com:443
20.171.207.124 - - [12/Jun/2025:20:17:35 +0000] "GET /products/156gd962 HTTP/1.1" 500 2665 "-" "Mozilla/5.0 AppleWebKit/537.36 (KHTML, like Gecko; compatible; GPTBot/1.2; +https://openai.com/gptbot)"
cashforcarsrichardson.com.infinitibizsol.com:443
69.197.135.226 - - [12/Jun/2025:20:18:20 +0000] "GET /wp-content/admin.php HTTP/1.1" 200 16 "https://cashforcarsrichardson.com/wp-content/admin.php" "Mozilla/5.0 (Windows NT 10.0; Win64; x64) AppleWebKit/537.36 (KHTML, like Gecko) Chrome/58.0.3029.110 Safari/537.3"
cashforcarsrichardson.com.infinitibizsol.com:443
20.171.207.124 - - [12/Jun/2025:20:18:40 +0000] "GET /products/11jp2425 HTTP/1.1" 500 2665 "-" "Mozilla/5.0 AppleWebKit/537.36 (KHTML, like Gecko; compatible; GPTBot/1.2; +https://openai.com/gptbot)"
cashforcarsrichardson.com.infinitibizsol.com:443
20.171.207.124 - - [12/Jun/2025:20:19:45 +0000] "GET /products/4ex12878 HTTP/1.1" 500 2665 "-" "Mozilla/5.0 AppleWebKit/537.36 (KHTML, like Gecko; compatible; GPTBot/1.2; +https://openai.com/gptbot)"
cashforcarsrichardson.com.infinitibizsol.com:443
20.171.207.124 - - [12/Jun/2025:20:20:49 +0000] "GET /products/75yr5167 HTTP/1.1" 500 2665 "-" "Mozilla/5.0 AppleWebKit/537.36 (KHTML, like Gecko; compatible; GPTBot/1.2; +https://openai.com/gptbot)"
cashforcarsrichardson.com.infinitibizsol.com:443
20.171.207.124 - - [12/Jun/2025:20:21:53 +0000] "GET /products/129fa719 HTTP/1.1" 500 2665 "-" "Mozilla/5.0 AppleWebKit/537.36 (KHTML, like Gecko; compatible; GPTBot/1.2; +https://openai.com/gptbot)"
cashforcarsrichardson.com.infinitibizsol.com:443
208.110.64.178 - - [12/Jun/2025:20:22:04 +0000] "GET /wp-content/admin.php HTTP/1.1" 200 16 "https://cashforcarsrichardson.com/wp-content/admin.php" "Mozilla/5.0 (Windows NT 10.0; Win64; x64) AppleWebKit/537.36 (KHTML, like Gecko) Chrome/58.0.3029.110 Safari/537.3"
cashforcarsrichardson.com.infinitibizsol.com:443
20.171.207.124 - - [12/Jun/2025:20:22:56 +0000] "GET /products/59sa3573 HTTP/1.1" 500 2665 "-" "Mozilla/5.0 AppleWebKit/537.36 (KHTML, like Gecko; compatible; GPTBot/1.2; +https://openai.com/gptbot)"
cashforcarsrichardson.com.infinitibizsol.com:443
20.171.207.124 - - [12/Jun/2025:20:23:59 +0000] "GET /products/10fw3908 HTTP/1.1" 500 2665 "-" "Mozilla/5.0 AppleWebKit/537.36 (KHTML, like Gecko; compatible; GPTBot/1.2; +https://openai.com/gptbot)"
cashforcarsrichardson.com.infinitibizsol.com:443
20.171.207.124 - - [12/Jun/2025:20:25:01 +0000] "GET /products/66pz2492 HTTP/1.1" 500 2665 "-" "Mozilla/5.0 AppleWebKit/537.36 (KHTML, like Gecko; compatible; GPTBot/1.2; +https://openai.com/gptbot)"
cashforcarsrichardson.com.infinitibizsol.com:443
20.171.207.124 - - [12/Jun/2025:20:26:06 +0000] "GET /products/16fz2576 HTTP/1.1" 500 2665 "-" "Mozilla/5.0 AppleWebKit/537.36 (KHTML, like Gecko; compatible; GPTBot/1.2; +https://openai.com/gptbot)"
cashforcarsrichardson.com.infinitibizsol.com:443
20.171.207.124 - - [12/Jun/2025:20:27:08 +0000] "GET /products/62cl8558 HTTP/1.1" 500 2665 "-" "Mozilla/5.0 AppleWebKit/537.36 (KHTML, like Gecko; compatible; GPTBot/1.2; +https://openai.com/gptbot)"
cashforcarsrichardson.com.infinitibizsol.com:80
45.61.161.124 - - [12/Jun/2025:20:27:31 +0000] "GET //law.php HTTP/1.1" 403 307 "www.google.com" "Mozlila/5.0 (Linux; Android 7.0; SM-G892A Bulid/NRD90M; wv) AppleWebKit/537.36 (KHTML, like Gecko) Version/4.0 Chrome/60.0.3112.107 Moblie Safari/537.36"
cashforcarsrichardson.com.infinitibizsol.com:443
69.197.182.50 - - [12/Jun/2025:20:27:37 +0000] "GET /wp-content/admin.php HTTP/1.1" 200 16 "https://cashforcarsrichardson.com/wp-content/admin.php" "Mozilla/5.0 (Windows NT 10.0; Win64; x64) AppleWebKit/537.36 (KHTML, like Gecko) Chrome/58.0.3029.110 Safari/537.3"
cashforcarsrichardson.com.infinitibizsol.com:80
45.61.161.124 - - [12/Jun/2025:20:27:46 +0000] "GET //wp-includes/widgets/class-wp-wolf-widget.php HTTP/1.1" 403 303 "www.google.com" "Mozlila/5.0 (Linux; Android 7.0; SM-G892A Bulid/NRD90M; wv) AppleWebKit/537.36 (KHTML, like Gecko) Version/4.0 Chrome/60.0.3112.107 Moblie Safari/537.36"
cashforcarsrichardson.com.infinitibizsol.com:443
20.171.207.124 - - [12/Jun/2025:20:28:09 +0000] "GET /products/76mg6652 HTTP/1.1" 500 2665 "-" "Mozilla/5.0 AppleWebKit/537.36 (KHTML, like Gecko; compatible; GPTBot/1.2; +https://openai.com/gptbot)"
cashforcarsrichardson.com.infinitibizsol.com:443
20.171.207.124 - - [12/Jun/2025:20:29:14 +0000] "GET /products/74ld6026 HTTP/1.1" 500 2665 "-" "Mozilla/5.0 AppleWebKit/537.36 (KHTML, like Gecko; compatible; GPTBot/1.2; +https://openai.com/gptbot)"
cashforcarsrichardson.com.infinitibizsol.com:443
69.197.182.50 - - [12/Jun/2025:20:29:42 +0000] "GET /wp-content/admin.php HTTP/1.1" 200 16 "https://cashforcarsrichardson.com/wp-content/admin.php" "Mozilla/5.0 (Windows NT 10.0; Win64; x64) AppleWebKit/537.36 (KHTML, like Gecko) Chrome/58.0.3029.110 Safari/537.3"
cashforcarsrichardson.com.infinitibizsol.com:443
20.171.207.124 - - [12/Jun/2025:20:30:16 +0000] "GET /products/9ek39617 HTTP/1.1" 500 2665 "-" "Mozilla/5.0 AppleWebKit/537.36 (KHTML, like Gecko; compatible; GPTBot/1.2; +https://openai.com/gptbot)"
cashforcarsrichardson.com.infinitibizsol.com:80
45.61.162.29 - - [12/Jun/2025:20:31:02 +0000] "GET /blurbs.php HTTP/1.1" 500 2665 "-" "Mozlila/5.0 (Linux; Android 7.0; SM-G892A Bulid/NRD90M; wv) AppleWebKit/537.36 (KHTML, like Gecko) Version/4.0 Chrome/60.0.3112.107 Moblie Safari/537.36"
cashforcarsrichardson.com.infinitibizsol.com:443
20.171.207.124 - - [12/Jun/2025:20:31:16 +0000] "GET /products/55bx5103 HTTP/1.1" 500 2665 "-" "Mozilla/5.0 AppleWebKit/537.36 (KHTML, like Gecko; compatible; GPTBot/1.2; +https://openai.com/gptbot)"
cashforcarsrichardson.com.infinitibizsol.com:443
51.222.253.19 - - [12/Jun/2025:20:31:58 +0000] "GET /?sitemap420.xml HTTP/1.1" 200 23 "-" "Mozilla/5.0 (compatible; AhrefsBot/7.0; +http://ahrefs.com/robot/)"
cashforcarsrichardson.com.infinitibizsol.com:443
20.171.207.124 - - [12/Jun/2025:20:32:18 +0000] "GET /products/54bq3462 HTTP/1.1" 500 2653 "-" "Mozilla/5.0 AppleWebKit/537.36 (KHTML, like Gecko; compatible; GPTBot/1.2; +https://openai.com/gptbot)"
cashforcarsrichardson.com.infinitibizsol.com:443
20.171.207.124 - - [12/Jun/2025:20:33:21 +0000] "GET /products/51ru4209 HTTP/1.1" 500 2665 "-" "Mozilla/5.0 AppleWebKit/537.36 (KHTML, like Gecko; compatible; GPTBot/1.2; +https://openai.com/gptbot)"
cashforcarsrichardson.com.infinitibizsol.com:443
20.171.207.124 - - [12/Jun/2025:20:34:25 +0000] "GET /products/66jh3370 HTTP/1.1" 500 2665 "-" "Mozilla/5.0 AppleWebKit/537.36 (KHTML, like Gecko; compatible; GPTBot/1.2; +https://openai.com/gptbot)"
cashforcarsrichardson.com.infinitibizsol.com:443
69.197.182.50 - - [12/Jun/2025:20:34:52 +0000] "GET /wp-content/admin.php HTTP/1.1" 200 16 "https://cashforcarsrichardson.com/wp-content/admin.php" "Mozilla/5.0 (Windows NT 10.0; Win64; x64) AppleWebKit/537.36 (KHTML, like Gecko) Chrome/58.0.3029.110 Safari/537.3"
cashforcarsrichardson.com.infinitibizsol.com:443
20.171.207.124 - - [12/Jun/2025:20:35:30 +0000] "GET /products/8yj11608 HTTP/1.1" 500 2665 "-" "Mozilla/5.0 AppleWebKit/537.36 (KHTML, like Gecko; compatible; GPTBot/1.2; +https://openai.com/gptbot)"
cashforcarsrichardson.com.infinitibizsol.com:443
20.171.207.124 - - [12/Jun/2025:20:36:34 +0000] "GET /products/74bi7872 HTTP/1.1" 500 2665 "-" "Mozilla/5.0 AppleWebKit/537.36 (KHTML, like Gecko; compatible; GPTBot/1.2; +https://openai.com/gptbot)"
cashforcarsrichardson.com.infinitibizsol.com:443
208.110.64.178 - - [12/Jun/2025:20:37:07 +0000] "GET /wp-content/admin.php HTTP/1.1" 200 16 "https://cashforcarsrichardson.com/wp-content/admin.php" "Mozilla/5.0 (Windows NT 10.0; Win64; x64) AppleWebKit/537.36 (KHTML, like Gecko) Chrome/58.0.3029.110 Safari/537.3"
cashforcarsrichardson.com.infinitibizsol.com:443
20.171.207.124 - - [12/Jun/2025:20:37:37 +0000] "GET /products/9qu10925 HTTP/1.1" 500 2665 "-" "Mozilla/5.0 AppleWebKit/537.36 (KHTML, like Gecko; compatible; GPTBot/1.2; +https://openai.com/gptbot)"
cashforcarsrichardson.com.infinitibizsol.com:443
20.171.207.124 - - [12/Jun/2025:20:38:41 +0000] "GET /products/7yj49591 HTTP/1.1" 500 2665 "-" "Mozilla/5.0 AppleWebKit/537.36 (KHTML, like Gecko; compatible; GPTBot/1.2; +https://openai.com/gptbot)"
cashforcarsrichardson.com.infinitibizsol.com:443
20.171.207.124 - - [12/Jun/2025:20:39:47 +0000] "GET /products/5mq47741 HTTP/1.1" 500 2665 "-" "Mozilla/5.0 AppleWebKit/537.36 (KHTML, like Gecko; compatible; GPTBot/1.2; +https://openai.com/gptbot)"
cashforcarsrichardson.com.infinitibizsol.com:443
20.171.207.124 - - [12/Jun/2025:20:40:49 +0000] "GET /products/92eb4420 HTTP/1.1" 500 2665 "-" "Mozilla/5.0 AppleWebKit/537.36 (KHTML, like Gecko; compatible; GPTBot/1.2; +https://openai.com/gptbot)"
cashforcarsrichardson.com.infinitibizsol.com:443
204.12.252.98 - - [12/Jun/2025:20:41:08 +0000] "GET /wp-content/admin.php HTTP/1.1" 200 16 "https://cashforcarsrichardson.com/wp-content/admin.php" "Mozilla/5.0 (Windows NT 10.0; Win64; x64) AppleWebKit/537.36 (KHTML, like Gecko) Chrome/58.0.3029.110 Safari/537.3"
cashforcarsrichardson.com.infinitibizsol.com:443
20.171.207.124 - - [12/Jun/2025:20:41:53 +0000] "GET /products/74vu9554 HTTP/1.1" 500 2665 "-" "Mozilla/5.0 AppleWebKit/537.36 (KHTML, like Gecko; compatible; GPTBot/1.2; +https://openai.com/gptbot)"
cashforcarsrichardson.com.infinitibizsol.com:443
20.171.207.124 - - [12/Jun/2025:20:42:57 +0000] "GET /products/94kr1432 HTTP/1.1" 500 2665 "-" "Mozilla/5.0 AppleWebKit/537.36 (KHTML, like Gecko; compatible; GPTBot/1.2; +https://openai.com/gptbot)"
cashforcarsrichardson.com.infinitibizsol.com:443
20.171.207.124 - - [12/Jun/2025:20:44:02 +0000] "GET /products/96ng9792 HTTP/1.1" 500 2665 "-" "Mozilla/5.0 AppleWebKit/537.36 (KHTML, like Gecko; compatible; GPTBot/1.2; +https://openai.com/gptbot)"
cashforcarsrichardson.com.infinitibizsol.com:443
20.171.207.124 - - [12/Jun/2025:20:45:04 +0000] "GET /products/296gs202 HTTP/1.1" 500 2665 "-" "Mozilla/5.0 AppleWebKit/537.36 (KHTML, like Gecko; compatible; GPTBot/1.2; +https://openai.com/gptbot)"
cashforcarsrichardson.com.infinitibizsol.com:443
20.171.207.124 - - [12/Jun/2025:20:46:07 +0000] "GET /products/267dl341 HTTP/1.1" 500 2665 "-" "Mozilla/5.0 AppleWebKit/537.36 (KHTML, like Gecko; compatible; GPTBot/1.2; +https://openai.com/gptbot)"
cashforcarsrichardson.com.infinitibizsol.com:443
20.171.207.124 - - [12/Jun/2025:20:47:11 +0000] "GET /products/26ud3652 HTTP/1.1" 500 2665 "-" "Mozilla/5.0 AppleWebKit/537.36 (KHTML, like Gecko; compatible; GPTBot/1.2; +https://openai.com/gptbot)"
cashforcarsrichardson.com.infinitibizsol.com:443
69.197.182.50 - - [12/Jun/2025:20:47:44 +0000] "GET /wp-content/admin.php HTTP/1.1" 200 16 "https://cashforcarsrichardson.com/wp-content/admin.php" "Mozilla/5.0 (Windows NT 10.0; Win64; x64) AppleWebKit/537.36 (KHTML, like Gecko) Chrome/58.0.3029.110 Safari/537.3"
cashforcarsrichardson.com.infinitibizsol.com:443
20.171.207.124 - - [12/Jun/2025:20:48:17 +0000] "GET /products/12wm9104 HTTP/1.1" 500 2665 "-" "Mozilla/5.0 AppleWebKit/537.36 (KHTML, like Gecko; compatible; GPTBot/1.2; +https://openai.com/gptbot)"
cashforcarsrichardson.com.infinitibizsol.com:443
20.171.207.124 - - [12/Jun/2025:20:49:30 +0000] "GET /products/18gv8170 HTTP/1.1" 500 2665 "-" "Mozilla/5.0 AppleWebKit/537.36 (KHTML, like Gecko; compatible; GPTBot/1.2; +https://openai.com/gptbot)"
cashforcarsrichardson.com.infinitibizsol.com:443
20.171.207.124 - - [12/Jun/2025:20:50:18 +0000] "GET /products/15cs9985 HTTP/1.1" 500 2665 "-" "Mozilla/5.0 AppleWebKit/537.36 (KHTML, like Gecko; compatible; GPTBot/1.2; +https://openai.com/gptbot)"
cashforcarsrichardson.com.infinitibizsol.com:443
20.171.207.124 - - [12/Jun/2025:20:51:27 +0000] "GET /products/9gw10231 HTTP/1.1" 500 2665 "-" "Mozilla/5.0 AppleWebKit/537.36 (KHTML, like Gecko; compatible; GPTBot/1.2; +https://openai.com/gptbot)"
cashforcarsrichardson.com.infinitibizsol.com:443
69.197.135.226 - - [12/Jun/2025:20:51:47 +0000] "GET /wp-content/admin.php HTTP/1.1" 200 16 "https://cashforcarsrichardson.com/wp-content/admin.php" "Mozilla/5.0 (Windows NT 10.0; Win64; x64) AppleWebKit/537.36 (KHTML, like Gecko) Chrome/58.0.3029.110 Safari/537.3"
cashforcarsrichardson.com.infinitibizsol.com:443
20.171.207.124 - - [12/Jun/2025:20:52:22 +0000] "GET /products/6ye19158 HTTP/1.1" 500 2665 "-" "Mozilla/5.0 AppleWebKit/537.36 (KHTML, like Gecko; compatible; GPTBot/1.2; +https://openai.com/gptbot)"
cashforcarsrichardson.com.infinitibizsol.com:443
20.171.207.124 - - [12/Jun/2025:20:53:34 +0000] "GET /products/42wj6300 HTTP/1.1" 500 2665 "-" "Mozilla/5.0 AppleWebKit/537.36 (KHTML, like Gecko; compatible; GPTBot/1.2; +https://openai.com/gptbot)"
cashforcarsrichardson.com.infinitibizsol.com:443
20.171.207.124 - - [12/Jun/2025:20:54:33 +0000] "GET /products/13ru5929 HTTP/1.1" 500 2665 "-" "Mozilla/5.0 AppleWebKit/537.36 (KHTML, like Gecko; compatible; GPTBot/1.2; +https://openai.com/gptbot)"
cashforcarsrichardson.com.infinitibizsol.com:443
204.12.252.98 - - [12/Jun/2025:20:55:31 +0000] "GET /wp-content/admin.php HTTP/1.1" 200 16 "https://cashforcarsrichardson.com/wp-content/admin.php" "Mozilla/5.0 (Windows NT 10.0; Win64; x64) AppleWebKit/537.36 (KHTML, like Gecko) Chrome/58.0.3029.110 Safari/537.3"
cashforcarsrichardson.com.infinitibizsol.com:443
20.171.207.124 - - [12/Jun/2025:20:55:34 +0000] "GET /products/47dk4841 HTTP/1.1" 500 2665 "-" "Mozilla/5.0 AppleWebKit/537.36 (KHTML, like Gecko; compatible; GPTBot/1.2; +https://openai.com/gptbot)"
cashforcarsrichardson.com.infinitibizsol.com:443
20.171.207.124 - - [12/Jun/2025:20:56:34 +0000] "GET /products/57ax4405 HTTP/1.1" 500 2665 "-" "Mozilla/5.0 AppleWebKit/537.36 (KHTML, like Gecko; compatible; GPTBot/1.2; +https://openai.com/gptbot)"
cashforcarsrichardson.com.infinitibizsol.com:443
20.171.207.124 - - [12/Jun/2025:20:57:39 +0000] "GET /products/82zm6866 HTTP/1.1" 500 2665 "-" "Mozilla/5.0 AppleWebKit/537.36 (KHTML, like Gecko; compatible; GPTBot/1.2; +https://openai.com/gptbot)"
cashforcarsrichardson.com.infinitibizsol.com:443
20.171.207.124 - - [12/Jun/2025:20:58:45 +0000] "GET /products/42ch6962 HTTP/1.1" 500 2665 "-" "Mozilla/5.0 AppleWebKit/537.36 (KHTML, like Gecko; compatible; GPTBot/1.2; +https://openai.com/gptbot)"
cashforcarsrichardson.com.infinitibizsol.com:443
208.110.64.178 - - [12/Jun/2025:20:59:31 +0000] "GET /wp-content/admin.php HTTP/1.1" 200 16 "https://cashforcarsrichardson.com/wp-content/admin.php" "Mozilla/5.0 (Windows NT 10.0; Win64; x64) AppleWebKit/537.36 (KHTML, like Gecko) Chrome/58.0.3029.110 Safari/537.3"
cashforcarsrichardson.com.infinitibizsol.com:443
20.171.207.124 - - [12/Jun/2025:21:00:26 +0000] "GET /products/62zd2038 HTTP/1.1" 500 2665 "-" "Mozilla/5.0 AppleWebKit/537.36 (KHTML, like Gecko; compatible; GPTBot/1.2; +https://openai.com/gptbot)"
cashforcarsrichardson.com.infinitibizsol.com:443
20.171.207.124 - - [12/Jun/2025:21:01:08 +0000] "GET /products/273yt419 HTTP/1.1" 500 2665 "-" "Mozilla/5.0 AppleWebKit/537.36 (KHTML, like Gecko; compatible; GPTBot/1.2; +https://openai.com/gptbot)"
cashforcarsrichardson.com.infinitibizsol.com:443
20.171.207.124 - - [12/Jun/2025:21:01:52 +0000] "GET /products/50ir2094 HTTP/1.1" 500 2665 "-" "Mozilla/5.0 AppleWebKit/537.36 (KHTML, like Gecko; compatible; GPTBot/1.2; +https://openai.com/gptbot)"
cashforcarsrichardson.com.infinitibizsol.com:80
43.157.168.43 - - [12/Jun/2025:21:01:53 +0000] "GET / HTTP/1.1" 500 2665 "-" "Mozilla/5.0 (iPhone; CPU iPhone OS 13_2_3 like Mac OS X) AppleWebKit/605.1.15 (KHTML, like Gecko) Version/13.0.3 Mobile/15E148 Safari/604.1"
cashforcarsrichardson.com.infinitibizsol.com:443
20.171.207.124 - - [12/Jun/2025:21:02:52 +0000] "GET /products/3sl45379 HTTP/1.1" 500 2665 "-" "Mozilla/5.0 AppleWebKit/537.36 (KHTML, like Gecko; compatible; GPTBot/1.2; +https://openai.com/gptbot)"
cashforcarsrichardson.com.infinitibizsol.com:443
20.171.207.124 - - [12/Jun/2025:21:04:09 +0000] "GET /products/5sl10221 HTTP/1.1" 500 2665 "-" "Mozilla/5.0 AppleWebKit/537.36 (KHTML, like Gecko; compatible; GPTBot/1.2; +https://openai.com/gptbot)"
cashforcarsrichardson.com.infinitibizsol.com:443
20.171.207.124 - - [12/Jun/2025:21:04:56 +0000] "GET /products/202mf250 HTTP/1.1" 500 2665 "-" "Mozilla/5.0 AppleWebKit/537.36 (KHTML, like Gecko; compatible; GPTBot/1.2; +https://openai.com/gptbot)"
cashforcarsrichardson.com.infinitibizsol.com:443
208.110.64.178 - - [12/Jun/2025:21:05:37 +0000] "GET /wp-content/admin.php HTTP/1.1" 200 16 "https://cashforcarsrichardson.com/wp-content/admin.php" "Mozilla/5.0 (Windows NT 10.0; Win64; x64) AppleWebKit/537.36 (KHTML, like Gecko) Chrome/58.0.3029.110 Safari/537.3"
cashforcarsrichardson.com.infinitibizsol.com:443
20.171.207.124 - - [12/Jun/2025:21:06:04 +0000] "GET /products/47qg1297 HTTP/1.1" 500 2665 "-" "Mozilla/5.0 AppleWebKit/537.36 (KHTML, like Gecko; compatible; GPTBot/1.2; +https://openai.com/gptbot)"
cashforcarsrichardson.com.infinitibizsol.com:443
20.171.207.124 - - [12/Jun/2025:21:07:03 +0000] "GET /products/2yl12360 HTTP/1.1" 500 2665 "-" "Mozilla/5.0 AppleWebKit/537.36 (KHTML, like Gecko; compatible; GPTBot/1.2; +https://openai.com/gptbot)"
cashforcarsrichardson.com.infinitibizsol.com:443
20.171.207.124 - - [12/Jun/2025:21:08:03 +0000] "GET /products/32zs5418 HTTP/1.1" 500 2665 "-" "Mozilla/5.0 AppleWebKit/537.36 (KHTML, like Gecko; compatible; GPTBot/1.2; +https://openai.com/gptbot)"
cashforcarsrichardson.com.infinitibizsol.com:443
20.171.207.124 - - [12/Jun/2025:21:09:07 +0000] "GET /products/64gj2436 HTTP/1.1" 500 2665 "-" "Mozilla/5.0 AppleWebKit/537.36 (KHTML, like Gecko; compatible; GPTBot/1.2; +https://openai.com/gptbot)"
cashforcarsrichardson.com.infinitibizsol.com:443
20.171.207.124 - - [12/Jun/2025:21:10:10 +0000] "GET /products/7lq30079 HTTP/1.1" 500 2665 "-" "Mozilla/5.0 AppleWebKit/537.36 (KHTML, like Gecko; compatible; GPTBot/1.2; +https://openai.com/gptbot)"
cashforcarsrichardson.com.infinitibizsol.com:443
69.197.135.226 - - [12/Jun/2025:21:11:01 +0000] "GET /wp-content/admin.php HTTP/1.1" 200 16 "https://cashforcarsrichardson.com/wp-content/admin.php" "Mozilla/5.0 (Windows NT 10.0; Win64; x64) AppleWebKit/537.36 (KHTML, like Gecko) Chrome/58.0.3029.110 Safari/537.3"
cashforcarsrichardson.com.infinitibizsol.com:443
20.171.207.124 - - [12/Jun/2025:21:11:11 +0000] "GET /products/9qs33527 HTTP/1.1" 500 2665 "-" "Mozilla/5.0 AppleWebKit/537.36 (KHTML, like Gecko; compatible; GPTBot/1.2; +https://openai.com/gptbot)"
cashforcarsrichardson.com.infinitibizsol.com:443
20.171.207.124 - - [12/Jun/2025:21:12:19 +0000] "GET /products/13uf5609 HTTP/1.1" 500 2665 "-" "Mozilla/5.0 AppleWebKit/537.36 (KHTML, like Gecko; compatible; GPTBot/1.2; +https://openai.com/gptbot)"
cashforcarsrichardson.com.infinitibizsol.com:443
