178.20.43.173 - - [13/Jun/2025:02:49:28 +0000] "GET / HTTP/1.0" 500 2653 "http://cashforcarsrichardson.com/" "Mozilla/5.0 (Windows NT 10.0; Win64; x64) AppleWebKit/537.36 (KHTML, like Gecko) Chrome/129.0.0.0 Safari/537.36"
cashforcarsrichardson.com.infinitibizsol.com:443
20.171.207.124 - - [13/Jun/2025:02:50:08 +0000] "GET /products/2ls15836 HTTP/1.1" 500 2665 "-" "Mozilla/5.0 AppleWebKit/537.36 (KHTML, like Gecko; compatible; GPTBot/1.2; +https://openai.com/gptbot)"
cashforcarsrichardson.com.infinitibizsol.com:443
20.171.207.124 - - [13/Jun/2025:02:51:08 +0000] "GET /products/9tj33475 HTTP/1.1" 500 2665 "-" "Mozilla/5.0 AppleWebKit/537.36 (KHTML, like Gecko; compatible; GPTBot/1.2; +https://openai.com/gptbot)"
cashforcarsrichardson.com.infinitibizsol.com:443
20.171.207.124 - - [13/Jun/2025:02:52:12 +0000] "GET /products/17zp5563 HTTP/1.1" 500 2665 "-" "Mozilla/5.0 AppleWebKit/537.36 (KHTML, like Gecko; compatible; GPTBot/1.2; +https://openai.com/gptbot)"
cashforcarsrichardson.com.infinitibizsol.com:443
20.171.207.124 - - [13/Jun/2025:02:53:18 +0000] "GET /products/18te1456 HTTP/1.1" 500 2665 "-" "Mozilla/5.0 AppleWebKit/537.36 (KHTML, like Gecko; compatible; GPTBot/1.2; +https://openai.com/gptbot)"
cashforcarsrichardson.com.infinitibizsol.com:443
20.171.207.124 - - [13/Jun/2025:02:54:23 +0000] "GET /products/219pi813 HTTP/1.1" 500 2665 "-" "Mozilla/5.0 AppleWebKit/537.36 (KHTML, like Gecko; compatible; GPTBot/1.2; +https://openai.com/gptbot)"
cashforcarsrichardson.com.infinitibizsol.com:443
20.171.207.124 - - [13/Jun/2025:02:55:24 +0000] "GET /products/9wo33147 HTTP/1.1" 500 2665 "-" "Mozilla/5.0 AppleWebKit/537.36 (KHTML, like Gecko; compatible; GPTBot/1.2; +https://openai.com/gptbot)"
cashforcarsrichardson.com.infinitibizsol.com:443
20.171.207.124 - - [13/Jun/2025:02:56:28 +0000] "GET /products/51mf9315 HTTP/1.1" 500 2665 "-" "Mozilla/5.0 AppleWebKit/537.36 (KHTML, like Gecko; compatible; GPTBot/1.2; +https://openai.com/gptbot)"
cashforcarsrichardson.com.infinitibizsol.com:80
195.2.84.198 - - [13/Jun/2025:02:56:51 +0000] "GET / HTTP/1.0" 500 2653 "http://cashforcarsrichardson.com/" "Mozilla/5.0 (Windows NT 10.0; Win64; x64) AppleWebKit/537.36 (KHTML, like Gecko) Chrome/131.0.0.0 Safari/537.36"
cashforcarsrichardson.com.infinitibizsol.com:443
20.171.207.124 - - [13/Jun/2025:02:57:30 +0000] "GET /products/40qf9462 HTTP/1.1" 500 2665 "-" "Mozilla/5.0 AppleWebKit/537.36 (KHTML, like Gecko; compatible; GPTBot/1.2; +https://openai.com/gptbot)"
cashforcarsrichardson.com.infinitibizsol.com:443
20.171.207.124 - - [13/Jun/2025:02:58:32 +0000] "GET /products/66ai3546 HTTP/1.1" 500 2665 "-" "Mozilla/5.0 AppleWebKit/537.36 (KHTML, like Gecko; compatible; GPTBot/1.2; +https://openai.com/gptbot)"
cashforcarsrichardson.com.infinitibizsol.com:80
195.2.79.165 - - [13/Jun/2025:02:58:47 +0000] "GET / HTTP/1.0" 500 2653 "http://cashforcarsrichardson.com/" "Mozilla/5.0 (Windows NT 10.0; Win64; x64) AppleWebKit/537.36 (KHTML, like Gecko) Chrome/131.0.0.0 Safari/537.36 Avast/131.0.0.0"
cashforcarsrichardson.com.infinitibizsol.com:443
20.171.207.124 - - [13/Jun/2025:02:59:33 +0000] "GET /products/43yo3935 HTTP/1.1" 500 2665 "-" "Mozilla/5.0 AppleWebKit/537.36 (KHTML, like Gecko; compatible; GPTBot/1.2; +https://openai.com/gptbot)"
cashforcarsrichardson.com.infinitibizsol.com:443
20.171.207.124 - - [13/Jun/2025:03:00:36 +0000] "GET /products/79eg22271 HTTP/1.1" 500 2665 "-" "Mozilla/5.0 AppleWebKit/537.36 (KHTML, like Gecko; compatible; GPTBot/1.2; +https://openai.com/gptbot)"
cashforcarsrichardson.com.infinitibizsol.com:443
20.171.207.124 - - [13/Jun/2025:03:01:41 +0000] "GET /products/63va10003 HTTP/1.1" 500 2665 "-" "Mozilla/5.0 AppleWebKit/537.36 (KHTML, like Gecko; compatible; GPTBot/1.2; +https://openai.com/gptbot)"
cashforcarsrichardson.com.infinitibizsol.com:443
69.197.182.50 - - [13/Jun/2025:03:02:11 +0000] "GET /wp-content/admin.php HTTP/1.1" 200 16 "https://cashforcarsrichardson.com/wp-content/admin.php" "Mozilla/5.0 (Windows NT 10.0; Win64; x64) AppleWebKit/537.36 (KHTML, like Gecko) Chrome/58.0.3029.110 Safari/537.3"
cashforcarsrichardson.com.infinitibizsol.com:443
20.171.207.124 - - [13/Jun/2025:03:02:44 +0000] "GET /products/209tl5557 HTTP/1.1" 500 2665 "-" "Mozilla/5.0 AppleWebKit/537.36 (KHTML, like Gecko; compatible; GPTBot/1.2; +https://openai.com/gptbot)"
cashforcarsrichardson.com.infinitibizsol.com:443
20.171.207.124 - - [13/Jun/2025:03:03:45 +0000] "GET /products/49gi44491 HTTP/1.1" 500 2665 "-" "Mozilla/5.0 AppleWebKit/537.36 (KHTML, like Gecko; compatible; GPTBot/1.2; +https://openai.com/gptbot)"
cashforcarsrichardson.com.infinitibizsol.com:443
20.171.207.124 - - [13/Jun/2025:03:04:49 +0000] "GET /products/197gq3339 HTTP/1.1" 500 2665 "-" "Mozilla/5.0 AppleWebKit/537.36 (KHTML, like Gecko; compatible; GPTBot/1.2; +https://openai.com/gptbot)"
cashforcarsrichardson.com.infinitibizsol.com:443
20.171.207.124 - - [13/Jun/2025:03:05:52 +0000] "GET /products/102ba9222 HTTP/1.1" 500 2665 "-" "Mozilla/5.0 AppleWebKit/537.36 (KHTML, like Gecko; compatible; GPTBot/1.2; +https://openai.com/gptbot)"
cashforcarsrichardson.com.infinitibizsol.com:443
20.171.207.124 - - [13/Jun/2025:03:06:55 +0000] "GET /products/75ng27775 HTTP/1.1" 500 2665 "-" "Mozilla/5.0 AppleWebKit/537.36 (KHTML, like Gecko; compatible; GPTBot/1.2; +https://openai.com/gptbot)"
cashforcarsrichardson.com.infinitibizsol.com:443
20.171.207.124 - - [13/Jun/2025:03:07:59 +0000] "GET /products/48sf22240 HTTP/1.1" 500 2665 "-" "Mozilla/5.0 AppleWebKit/537.36 (KHTML, like Gecko; compatible; GPTBot/1.2; +https://openai.com/gptbot)"
cashforcarsrichardson.com.infinitibizsol.com:443
20.171.207.124 - - [13/Jun/2025:03:09:01 +0000] "GET /products/66ai3546 HTTP/1.1" 500 2665 "-" "Mozilla/5.0 AppleWebKit/537.36 (KHTML, like Gecko; compatible; GPTBot/1.2; +https://openai.com/gptbot)"
cashforcarsrichardson.com.infinitibizsol.com:443
20.171.207.124 - - [13/Jun/2025:03:10:06 +0000] "GET /products/222sg7084 HTTP/1.1" 500 2665 "-" "Mozilla/5.0 AppleWebKit/537.36 (KHTML, like Gecko; compatible; GPTBot/1.2; +https://openai.com/gptbot)"
cashforcarsrichardson.com.infinitibizsol.com:443
20.171.207.124 - - [13/Jun/2025:03:11:09 +0000] "GET /products/111iz5813 HTTP/1.1" 500 2665 "-" "Mozilla/5.0 AppleWebKit/537.36 (KHTML, like Gecko; compatible; GPTBot/1.2; +https://openai.com/gptbot)"
cashforcarsrichardson.com.infinitibizsol.com:443
20.171.207.124 - - [13/Jun/2025:03:12:13 +0000] "GET /products/111sk8699 HTTP/1.1" 500 2665 "-" "Mozilla/5.0 AppleWebKit/537.36 (KHTML, like Gecko; compatible; GPTBot/1.2; +https://openai.com/gptbot)"
cashforcarsrichardson.com.infinitibizsol.com:443
20.171.207.124 - - [13/Jun/2025:03:13:14 +0000] "GET /products/42qk11100 HTTP/1.1" 500 2665 "-" "Mozilla/5.0 AppleWebKit/537.36 (KHTML, like Gecko; compatible; GPTBot/1.2; +https://openai.com/gptbot)"
cashforcarsrichardson.com.infinitibizsol.com:443
20.171.207.124 - - [13/Jun/2025:03:14:18 +0000] "GET /products/26hv10888 HTTP/1.1" 500 2665 "-" "Mozilla/5.0 AppleWebKit/537.36 (KHTML, like Gecko; compatible; GPTBot/1.2; +https://openai.com/gptbot)"
cashforcarsrichardson.com.infinitibizsol.com:443
20.171.207.124 - - [13/Jun/2025:03:15:20 +0000] "GET /products/93fh38889 HTTP/1.1" 500 2665 "-" "Mozilla/5.0 AppleWebKit/537.36 (KHTML, like Gecko; compatible; GPTBot/1.2; +https://openai.com/gptbot)"
cashforcarsrichardson.com.infinitibizsol.com:443
20.171.207.124 - - [13/Jun/2025:03:16:25 +0000] "GET /products/48ye40004 HTTP/1.1" 500 2665 "-" "Mozilla/5.0 AppleWebKit/537.36 (KHTML, like Gecko; compatible; GPTBot/1.2; +https://openai.com/gptbot)"
cashforcarsrichardson.com.infinitibizsol.com:443
20.171.207.124 - - [13/Jun/2025:03:17:26 +0000] "GET /products/19wv44419 HTTP/1.1" 500 2665 "-" "Mozilla/5.0 AppleWebKit/537.36 (KHTML, like Gecko; compatible; GPTBot/1.2; +https://openai.com/gptbot)"
cashforcarsrichardson.com.infinitibizsol.com:443
20.171.207.124 - - [13/Jun/2025:03:18:31 +0000] "GET /products/58af37222 HTTP/1.1" 500 2665 "-" "Mozilla/5.0 AppleWebKit/537.36 (KHTML, like Gecko; compatible; GPTBot/1.2; +https://openai.com/gptbot)"
cashforcarsrichardson.com.infinitibizsol.com:443
108.181.202.211 - - [13/Jun/2025:03:19:15 +0000] "GET /wp-content/admin.php HTTP/1.1" 200 16 "https://cashforcarsrichardson.com/wp-content/admin.php" "Mozilla/5.0 (compatible; MSIE 10.0; Windows NT 6.2; ARM; Trident/6.0)"
cashforcarsrichardson.com.infinitibizsol.com:443
20.171.207.124 - - [13/Jun/2025:03:19:37 +0000] "GET /products/95wc35551 HTTP/1.1" 500 2665 "-" "Mozilla/5.0 AppleWebKit/537.36 (KHTML, like Gecko; compatible; GPTBot/1.2; +https://openai.com/gptbot)"
cashforcarsrichardson.com.infinitibizsol.com:443
20.171.207.124 - - [13/Jun/2025:03:20:38 +0000] "GET /products/32zb25666 HTTP/1.1" 500 2665 "-" "Mozilla/5.0 AppleWebKit/537.36 (KHTML, like Gecko; compatible; GPTBot/1.2; +https://openai.com/gptbot)"
cashforcarsrichardson.com.infinitibizsol.com:443
20.171.207.124 - - [13/Jun/2025:03:21:43 +0000] "GET /products/69np44427 HTTP/1.1" 500 2665 "-" "Mozilla/5.0 AppleWebKit/537.36 (KHTML, like Gecko; compatible; GPTBot/1.2; +https://openai.com/gptbot)"
cashforcarsrichardson.com.infinitibizsol.com:443
20.171.207.124 - - [13/Jun/2025:03:22:46 +0000] "GET /products/268zb5552 HTTP/1.1" 500 2665 "-" "Mozilla/5.0 AppleWebKit/537.36 (KHTML, like Gecko; compatible; GPTBot/1.2; +https://openai.com/gptbot)"
cashforcarsrichardson.com.infinitibizsol.com:443
20.171.207.124 - - [13/Jun/2025:03:23:49 +0000] "GET /products/33yk15557 HTTP/1.1" 500 2665 "-" "Mozilla/5.0 AppleWebKit/537.36 (KHTML, like Gecko; compatible; GPTBot/1.2; +https://openai.com/gptbot)"
cashforcarsrichardson.com.infinitibizsol.com:443
20.171.207.124 - - [13/Jun/2025:03:24:52 +0000] "GET /products/267qv4449 HTTP/1.1" 500 2665 "-" "Mozilla/5.0 AppleWebKit/537.36 (KHTML, like Gecko; compatible; GPTBot/1.2; +https://openai.com/gptbot)"
cashforcarsrichardson.com.infinitibizsol.com:443
69.197.182.50 - - [13/Jun/2025:03:25:39 +0000] "GET /wp-content/admin.php HTTP/1.1" 200 16 "https://cashforcarsrichardson.com/wp-content/admin.php" "Mozilla/5.0 (Windows NT 10.0; Win64; x64) AppleWebKit/537.36 (KHTML, like Gecko) Chrome/58.0.3029.110 Safari/537.3"
cashforcarsrichardson.com.infinitibizsol.com:443
20.171.207.124 - - [13/Jun/2025:03:25:56 +0000] "GET /products/104ek8880 HTTP/1.1" 500 2665 "-" "Mozilla/5.0 AppleWebKit/537.36 (KHTML, like Gecko; compatible; GPTBot/1.2; +https://openai.com/gptbot)"
cashforcarsrichardson.com.infinitibizsol.com:443
20.171.207.124 - - [13/Jun/2025:03:26:57 +0000] "GET /products/92xx11174 HTTP/1.1" 500 2665 "-" "Mozilla/5.0 AppleWebKit/537.36 (KHTML, like Gecko; compatible; GPTBot/1.2; +https://openai.com/gptbot)"
cashforcarsrichardson.com.infinitibizsol.com:443
20.171.207.124 - - [13/Jun/2025:03:27:58 +0000] "GET /products/111zd5805 HTTP/1.1" 500 2665 "-" "Mozilla/5.0 AppleWebKit/537.36 (KHTML, like Gecko; compatible; GPTBot/1.2; +https://openai.com/gptbot)"
cashforcarsrichardson.com.infinitibizsol.com:443
20.171.207.124 - - [13/Jun/2025:03:29:04 +0000] "GET /products/111gb4825 HTTP/1.1" 500 2665 "-" "Mozilla/5.0 AppleWebKit/537.36 (KHTML, like Gecko; compatible; GPTBot/1.2; +https://openai.com/gptbot)"
cashforcarsrichardson.com.infinitibizsol.com:443
20.171.207.124 - - [13/Jun/2025:03:30:09 +0000] "GET /products/123ud3555 HTTP/1.1" 500 2665 "-" "Mozilla/5.0 AppleWebKit/537.36 (KHTML, like Gecko; compatible; GPTBot/1.2; +https://openai.com/gptbot)"
cashforcarsrichardson.com.infinitibizsol.com:443
20.171.207.124 - - [13/Jun/2025:03:31:09 +0000] "GET /products/79ie22279 HTTP/1.1" 500 2665 "-" "Mozilla/5.0 AppleWebKit/537.36 (KHTML, like Gecko; compatible; GPTBot/1.2; +https://openai.com/gptbot)"
cashforcarsrichardson.com.infinitibizsol.com:443
20.171.207.124 - - [13/Jun/2025:03:32:14 +0000] "GET /products/56za42888 HTTP/1.1" 500 2665 "-" "Mozilla/5.0 AppleWebKit/537.36 (KHTML, like Gecko; compatible; GPTBot/1.2; +https://openai.com/gptbot)"
cashforcarsrichardson.com.infinitibizsol.com:443
20.171.207.124 - - [13/Jun/2025:03:33:15 +0000] "GET /products/292gi9994 HTTP/1.1" 500 2665 "-" "Mozilla/5.0 AppleWebKit/537.36 (KHTML, like Gecko; compatible; GPTBot/1.2; +https://openai.com/gptbot)"
cashforcarsrichardson.com.infinitibizsol.com:443
20.171.207.124 - - [13/Jun/2025:03:34:17 +0000] "GET /products/84kj13330 HTTP/1.1" 500 2665 "-" "Mozilla/5.0 AppleWebKit/537.36 (KHTML, like Gecko; compatible; GPTBot/1.2; +https://openai.com/gptbot)"
cashforcarsrichardson.com.infinitibizsol.com:443
20.171.207.124 - - [13/Jun/2025:03:35:18 +0000] "GET /products/22qk11120 HTTP/1.1" 500 2665 "-" "Mozilla/5.0 AppleWebKit/537.36 (KHTML, like Gecko; compatible; GPTBot/1.2; +https://openai.com/gptbot)"
cashforcarsrichardson.com.infinitibizsol.com:443
20.171.207.124 - - [13/Jun/2025:03:36:21 +0000] "GET /products/104ek8880 HTTP/1.1" 500 2665 "-" "Mozilla/5.0 AppleWebKit/537.36 (KHTML, like Gecko; compatible; GPTBot/1.2; +https://openai.com/gptbot)"
cashforcarsrichardson.com.infinitibizsol.com:443
20.171.207.124 - - [13/Jun/2025:03:37:22 +0000] "GET /products/66mk22216 HTTP/1.1" 500 2665 "-" "Mozilla/5.0 AppleWebKit/537.36 (KHTML, like Gecko; compatible; GPTBot/1.2; +https://openai.com/gptbot)"
cashforcarsrichardson.com.infinitibizsol.com:443
20.171.207.124 - - [13/Jun/2025:03:38:23 +0000] "GET /products/97pw10005 HTTP/1.1" 500 2665 "-" "Mozilla/5.0 AppleWebKit/537.36 (KHTML, like Gecko; compatible; GPTBot/1.2; +https://openai.com/gptbot)"
cashforcarsrichardson.com.infinitibizsol.com:443
20.171.207.124 - - [13/Jun/2025:03:39:23 +0000] "GET /products/98gh37776 HTTP/1.1" 500 2665 "-" "Mozilla/5.0 AppleWebKit/537.36 (KHTML, like Gecko; compatible; GPTBot/1.2; +https://openai.com/gptbot)"
cashforcarsrichardson.com.infinitibizsol.com:443
20.171.207.124 - - [13/Jun/2025:03:40:24 +0000] "GET /products/64xn38444 HTTP/1.1" 500 2665 "-" "Mozilla/5.0 AppleWebKit/537.36 (KHTML, like Gecko; compatible; GPTBot/1.2; +https://openai.com/gptbot)"
cashforcarsrichardson.com.infinitibizsol.com:443
20.171.207.124 - - [13/Jun/2025:03:41:26 +0000] "GET /products/36pe13888 HTTP/1.1" 500 2665 "-" "Mozilla/5.0 AppleWebKit/537.36 (KHTML, like Gecko; compatible; GPTBot/1.2; +https://openai.com/gptbot)"
cashforcarsrichardson.com.infinitibizsol.com:443
20.171.207.124 - - [13/Jun/2025:03:42:28 +0000] "GET /products/222sx1076 HTTP/1.1" 500 2665 "-" "Mozilla/5.0 AppleWebKit/537.36 (KHTML, like Gecko; compatible; GPTBot/1.2; +https://openai.com/gptbot)"
cashforcarsrichardson.com.infinitibizsol.com:443
20.171.207.124 - - [13/Jun/2025:03:43:32 +0000] "GET /products/49iq32333 HTTP/1.1" 500 2665 "-" "Mozilla/5.0 AppleWebKit/537.36 (KHTML, like Gecko; compatible; GPTBot/1.2; +https://openai.com/gptbot)"
cashforcarsrichardson.com.infinitibizsol.com:443
20.171.207.124 - - [13/Jun/2025:03:44:34 +0000] "GET /products/84nv19888 HTTP/1.1" 500 2665 "-" "Mozilla/5.0 AppleWebKit/537.36 (KHTML, like Gecko; compatible; GPTBot/1.2; +https://openai.com/gptbot)"
cashforcarsrichardson.com.infinitibizsol.com:443
69.197.135.226 - - [13/Jun/2025:03:45:14 +0000] "GET /wp-content/admin.php HTTP/1.1" 200 16 "https://cashforcarsrichardson.com/wp-content/admin.php" "Mozilla/5.0 (Windows NT 10.0; Win64; x64) AppleWebKit/537.36 (KHTML, like Gecko) Chrome/58.0.3029.110 Safari/537.3"
cashforcarsrichardson.com.infinitibizsol.com:443
20.171.207.124 - - [13/Jun/2025:03:45:36 +0000] "GET /products/44jd27000 HTTP/1.1" 500 2665 "-" "Mozilla/5.0 AppleWebKit/537.36 (KHTML, like Gecko; compatible; GPTBot/1.2; +https://openai.com/gptbot)"
cashforcarsrichardson.com.infinitibizsol.com:443
20.171.207.124 - - [13/Jun/2025:03:46:40 +0000] "GET /products/48vj26660 HTTP/1.1" 500 2665 "-" "Mozilla/5.0 AppleWebKit/537.36 (KHTML, like Gecko; compatible; GPTBot/1.2; +https://openai.com/gptbot)"
cashforcarsrichardson.com.infinitibizsol.com:443
20.171.207.124 - - [13/Jun/2025:03:47:41 +0000] "GET /products/95ew33305 HTTP/1.1" 500 2665 "-" "Mozilla/5.0 AppleWebKit/537.36 (KHTML, like Gecko; compatible; GPTBot/1.2; +https://openai.com/gptbot)"
cashforcarsrichardson.com.infinitibizsol.com:443
20.171.207.124 - - [13/Jun/2025:03:48:43 +0000] "GET /products/197ch4445 HTTP/1.1" 500 2665 "-" "Mozilla/5.0 AppleWebKit/537.36 (KHTML, like Gecko; compatible; GPTBot/1.2; +https://openai.com/gptbot)"
cashforcarsrichardson.com.infinitibizsol.com:443
20.171.207.124 - - [13/Jun/2025:03:49:48 +0000] "GET /products/230ei2220 HTTP/1.1" 500 2665 "-" "Mozilla/5.0 AppleWebKit/537.36 (KHTML, like Gecko; compatible; GPTBot/1.2; +https://openai.com/gptbot)"
cashforcarsrichardson.com.infinitibizsol.com:443
20.171.207.124 - - [13/Jun/2025:03:50:51 +0000] "GET /products/167vi6555 HTTP/1.1" 500 2665 "-" "Mozilla/5.0 AppleWebKit/537.36 (KHTML, like Gecko; compatible; GPTBot/1.2; +https://openai.com/gptbot)"
cashforcarsrichardson.com.infinitibizsol.com:443
20.171.207.124 - - [13/Jun/2025:03:51:52 +0000] "GET /products/36pe13888 HTTP/1.1" 500 2665 "-" "Mozilla/5.0 AppleWebKit/537.36 (KHTML, like Gecko; compatible; GPTBot/1.2; +https://openai.com/gptbot)"
cashforcarsrichardson.com.infinitibizsol.com:443
20.171.207.124 - - [13/Jun/2025:03:55:23 +0000] "GET /products/89ig15551 HTTP/1.1" 500 2665 "-" "Mozilla/5.0 AppleWebKit/537.36 (KHTML, like Gecko; compatible; GPTBot/1.2; +https://openai.com/gptbot)"
cashforcarsrichardson.com.infinitibizsol.com:443
20.171.207.124 - - [13/Jun/2025:03:55:57 +0000] "GET /products/27ks40005 HTTP/1.1" 500 2665 "-" "Mozilla/5.0 AppleWebKit/537.36 (KHTML, like Gecko; compatible; GPTBot/1.2; +https://openai.com/gptbot)"
cashforcarsrichardson.com.infinitibizsol.com:443
20.171.207.124 - - [13/Jun/2025:03:57:17 +0000] "GET /products/13bz11165 HTTP/1.1" 500 2665 "-" "Mozilla/5.0 AppleWebKit/537.36 (KHTML, like Gecko; compatible; GPTBot/1.2; +https://openai.com/gptbot)"
cashforcarsrichardson.com.infinitibizsol.com:80
178.20.45.182 - - [13/Jun/2025:03:59:59 +0000] "GET / HTTP/1.0" 500 2653 "http://cashforcarsrichardson.com/" "Mozilla/5.0 (Windows NT 10.0; Win64; x64) AppleWebKit/537.36 (KHTML, like Gecko) Chrome/130.0.0.0 Safari/537.36 CCleaner/130.0.0.0"
cashforcarsrichardson.com.infinitibizsol.com:443
208.110.64.178 - - [13/Jun/2025:04:05:17 +0000] "GET /wp-content/admin.php HTTP/1.1" 200 16 "https://cashforcarsrichardson.com/wp-content/admin.php" "Mozilla/5.0 (Windows NT 10.0; Win64; x64) AppleWebKit/537.36 (KHTML, like Gecko) Chrome/58.0.3029.110 Safari/537.3"
cashforcarsrichardson.com.infinitibizsol.com:443
20.171.207.124 - - [13/Jun/2025:04:11:24 +0000] "GET /products/57zh31333 HTTP/1.1" 500 2665 "-" "Mozilla/5.0 AppleWebKit/537.36 (KHTML, like Gecko; compatible; GPTBot/1.2; +https://openai.com/gptbot)"
cashforcarsrichardson.com.infinitibizsol.com:443
20.171.207.124 - - [13/Jun/2025:04:11:31 +0000] "GET /products/34nc44458 HTTP/1.1" 500 2665 "-" "Mozilla/5.0 AppleWebKit/537.36 (KHTML, like Gecko; compatible; GPTBot/1.2; +https://openai.com/gptbot)"
cashforcarsrichardson.com.infinitibizsol.com:443
20.171.207.124 - - [13/Jun/2025:04:11:40 +0000] "GET /products/94jy46222 HTTP/1.1" 500 2665 "-" "Mozilla/5.0 AppleWebKit/537.36 (KHTML, like Gecko; compatible; GPTBot/1.2; +https://openai.com/gptbot)"
cashforcarsrichardson.com.infinitibizsol.com:80
162.14.210.15 - - [13/Jun/2025:04:11:58 +0000] "GET / HTTP/1.1" 500 2665 "-" "Mozilla/5.0 (iPhone; CPU iPhone OS 13_2_3 like Mac OS X) AppleWebKit/605.1.15 (KHTML, like Gecko) Version/13.0.3 Mobile/15E148 Safari/604.1"
cashforcarsrichardson.com.infinitibizsol.com:443
45.148.10.98 - - [13/Jun/2025:04:17:37 +0000] "GET /.git/config HTTP/1.1" 499 0 "-" "Mozilla/5.0 (Windows NT 6.1; WOW64) AppleWebKit/537.36 (KHTML like Gecko) Chrome/28.0.1469.0 Safari/537.36"
cashforcarsrichardson.com.infinitibizsol.com:80
45.148.10.98 - - [13/Jun/2025:04:17:39 +0000] "GET /.git/config HTTP/1.1" 500 2665 "-" "Mozilla/5.0 (iPhone; CPU iPhone OS 12_4 like Mac OS X) AppleWebKit/605.1.15 (KHTML, like Gecko) CriOS/74.0.3729.121 Mobile/15E148 Safari/605.1"
cashforcarsrichardson.com.infinitibizsol.com:443
45.148.10.98 - - [13/Jun/2025:04:21:34 +0000] "GET /.git/config HTTP/1.1" 500 2665 "-" "Opera/9.80 (X11; Linux i686; U; en) Presto/2.2.15 Version/10.10"
cashforcarsrichardson.com.infinitibizsol.com:443
20.171.207.124 - - [13/Jun/2025:04:27:20 +0000] "GET /products/257zc7257 HTTP/1.1" 500 2665 "-" "Mozilla/5.0 AppleWebKit/537.36 (KHTML, like Gecko; compatible; GPTBot/1.2; +https://openai.com/gptbot)"
cashforcarsrichardson.com.infinitibizsol.com:443
20.171.207.124 - - [13/Jun/2025:04:27:28 +0000] "GET /products/112tt6152 HTTP/1.1" 500 2665 "-" "Mozilla/5.0 AppleWebKit/537.36 (KHTML, like Gecko; compatible; GPTBot/1.2; +https://openai.com/gptbot)"
cashforcarsrichardson.com.infinitibizsol.com:443
20.171.207.124 - - [13/Jun/2025:04:27:57 +0000] "GET /products/13bz11165 HTTP/1.1" 500 2665 "-" "Mozilla/5.0 AppleWebKit/537.36 (KHTML, like Gecko; compatible; GPTBot/1.2; +https://openai.com/gptbot)"
cashforcarsrichardson.com.infinitibizsol.com:443
20.171.207.124 - - [13/Jun/2025:04:28:03 +0000] "GET /products/57cc29993 HTTP/1.1" 500 2665 "-" "Mozilla/5.0 AppleWebKit/537.36 (KHTML, like Gecko; compatible; GPTBot/1.2; +https://openai.com/gptbot)"
cashforcarsrichardson.com.infinitibizsol.com:443
20.171.207.124 - - [13/Jun/2025:04:28:26 +0000] "GET /products/75nu37757 HTTP/1.1" 500 2665 "-" "Mozilla/5.0 AppleWebKit/537.36 (KHTML, like Gecko; compatible; GPTBot/1.2; +https://openai.com/gptbot)"
cashforcarsrichardson.com.infinitibizsol.com:443
20.171.207.124 - - [13/Jun/2025:04:28:41 +0000] "GET /products/25zz15225 HTTP/1.1" 500 2665 "-" "Mozilla/5.0 AppleWebKit/537.36 (KHTML, like Gecko; compatible; GPTBot/1.2; +https://openai.com/gptbot)"
cashforcarsrichardson.com.infinitibizsol.com:443
20.171.207.124 - - [13/Jun/2025:04:28:50 +0000] "GET /products/150jk1500 HTTP/1.1" 500 2665 "-" "Mozilla/5.0 AppleWebKit/537.36 (KHTML, like Gecko; compatible; GPTBot/1.2; +https://openai.com/gptbot)"
cashforcarsrichardson.com.infinitibizsol.com:443
20.171.207.124 - - [13/Jun/2025:04:29:37 +0000] "GET /products/99ur40555 HTTP/1.1" 500 2665 "-" "Mozilla/5.0 AppleWebKit/537.36 (KHTML, like Gecko; compatible; GPTBot/1.2; +https://openai.com/gptbot)"
cashforcarsrichardson.com.infinitibizsol.com:443
20.171.207.124 - - [13/Jun/2025:04:29:47 +0000] "GET /products/22ur24652 HTTP/1.1" 500 2665 "-" "Mozilla/5.0 AppleWebKit/537.36 (KHTML, like Gecko; compatible; GPTBot/1.2; +https://openai.com/gptbot)"
cashforcarsrichardson.com.infinitibizsol.com:443
20.171.207.124 - - [13/Jun/2025:04:30:33 +0000] "GET /products/222zk3068 HTTP/1.1" 500 2665 "-" "Mozilla/5.0 AppleWebKit/537.36 (KHTML, like Gecko; compatible; GPTBot/1.2; +https://openai.com/gptbot)"
cashforcarsrichardson.com.infinitibizsol.com:443
20.171.207.124 - - [13/Jun/2025:04:30:45 +0000] "GET /products/55zr45345 HTTP/1.1" 500 2665 "-" "Mozilla/5.0 AppleWebKit/537.36 (KHTML, like Gecko; compatible; GPTBot/1.2; +https://openai.com/gptbot)"
cashforcarsrichardson.com.infinitibizsol.com:443
20.171.207.124 - - [13/Jun/2025:04:31:36 +0000] "GET /products/235an7775 HTTP/1.1" 500 2665 "-" "Mozilla/5.0 AppleWebKit/537.36 (KHTML, like Gecko; compatible; GPTBot/1.2; +https://openai.com/gptbot)"
cashforcarsrichardson.com.infinitibizsol.com:443
20.171.207.124 - - [13/Jun/2025:04:31:45 +0000] "GET /products/272dc2326 HTTP/1.1" 500 2665 "-" "Mozilla/5.0 AppleWebKit/537.36 (KHTML, like Gecko; compatible; GPTBot/1.2; +https://openai.com/gptbot)"
cashforcarsrichardson.com.infinitibizsol.com:443
20.171.207.124 - - [13/Jun/2025:04:32:49 +0000] "GET /products/46rr24766 HTTP/1.1" 500 2665 "-" "Mozilla/5.0 AppleWebKit/537.36 (KHTML, like Gecko; compatible; GPTBot/1.2; +https://openai.com/gptbot)"
cashforcarsrichardson.com.infinitibizsol.com:443
20.171.207.124 - - [13/Jun/2025:04:33:54 +0000] "GET /products/75nu37757 HTTP/1.1" 500 2665 "-" "Mozilla/5.0 AppleWebKit/537.36 (KHTML, like Gecko; compatible; GPTBot/1.2; +https://openai.com/gptbot)"
cashforcarsrichardson.com.infinitibizsol.com:443
20.171.207.124 - - [13/Jun/2025:04:34:58 +0000] "GET /products/29kp29239 HTTP/1.1" 500 2665 "-" "Mozilla/5.0 AppleWebKit/537.36 (KHTML, like Gecko; compatible; GPTBot/1.2; +https://openai.com/gptbot)"
cashforcarsrichardson.com.infinitibizsol.com:443
45.227.253.15 - - [13/Jun/2025:04:35:53 +0000] "GET /index.php/jk HTTP/1.1" 500 2665 "-" "Mozilla/5.0 (Windows NT 10.0; Win64; x64) AppleWebKit/537.36 (KHTML, like Gecko) Chrome/84.0.4183.83 Safari/537.36"
cashforcarsrichardson.com.infinitibizsol.com:443
20.171.207.124 - - [13/Jun/2025:04:36:02 +0000] "GET /products/110rr8812 HTTP/1.1" 500 2665 "-" "Mozilla/5.0 AppleWebKit/537.36 (KHTML, like Gecko; compatible; GPTBot/1.2; +https://openai.com/gptbot)"
cashforcarsrichardson.com.infinitibizsol.com:443
20.171.207.124 - - [13/Jun/2025:04:37:03 +0000] "GET /products/57cc31311 HTTP/1.1" 500 2665 "-" "Mozilla/5.0 AppleWebKit/537.36 (KHTML, like Gecko; compatible; GPTBot/1.2; +https://openai.com/gptbot)"
cashforcarsrichardson.com.infinitibizsol.com:443
20.171.207.124 - - [13/Jun/2025:04:38:08 +0000] "GET /products/66tt26172 HTTP/1.1" 500 2665 "-" "Mozilla/5.0 AppleWebKit/537.36 (KHTML, like Gecko; compatible; GPTBot/1.2; +https://openai.com/gptbot)"
cashforcarsrichardson.com.infinitibizsol.com:443
20.171.207.124 - - [13/Jun/2025:04:39:10 +0000] "GET /products/78up44784 HTTP/1.1" 500 2665 "-" "Mozilla/5.0 AppleWebKit/537.36 (KHTML, like Gecko; compatible; GPTBot/1.2; +https://openai.com/gptbot)"
cashforcarsrichardson.com.infinitibizsol.com:443
20.171.207.124 - - [13/Jun/2025:04:40:10 +0000] "GET /products/44ks22722 HTTP/1.1" 500 2665 "-" "Mozilla/5.0 AppleWebKit/537.36 (KHTML, like Gecko; compatible; GPTBot/1.2; +https://openai.com/gptbot)"
cashforcarsrichardson.com.infinitibizsol.com:443
20.171.207.124 - - [13/Jun/2025:04:41:14 +0000] "GET /products/42dd32272 HTTP/1.1" 500 2665 "-" "Mozilla/5.0 AppleWebKit/537.36 (KHTML, like Gecko; compatible; GPTBot/1.2; +https://openai.com/gptbot)"
cashforcarsrichardson.com.infinitibizsol.com:443
20.171.207.124 - - [13/Jun/2025:04:42:16 +0000] "GET /products/68dx38686 HTTP/1.1" 500 2665 "-" "Mozilla/5.0 AppleWebKit/537.36 (KHTML, like Gecko; compatible; GPTBot/1.2; +https://openai.com/gptbot)"
cashforcarsrichardson.com.infinitibizsol.com:443
69.197.182.50 - - [13/Jun/2025:04:42:51 +0000] "GET /wp-content/admin.php HTTP/1.1" 200 16 "https://cashforcarsrichardson.com/wp-content/admin.php" "Mozilla/5.0 (Windows NT 10.0; Win64; x64) AppleWebKit/537.36 (KHTML, like Gecko) Chrome/58.0.3029.110 Safari/537.3"
cashforcarsrichardson.com.infinitibizsol.com:443
20.171.207.124 - - [13/Jun/2025:04:43:17 +0000] "GET /products/55sg12511 HTTP/1.1" 500 2665 "-" "Mozilla/5.0 AppleWebKit/537.36 (KHTML, like Gecko; compatible; GPTBot/1.2; +https://openai.com/gptbot)"
cashforcarsrichardson.com.infinitibizsol.com:443
20.171.207.124 - - [13/Jun/2025:04:44:22 +0000] "GET /products/39jd39935 HTTP/1.1" 500 2665 "-" "Mozilla/5.0 AppleWebKit/537.36 (KHTML, like Gecko; compatible; GPTBot/1.2; +https://openai.com/gptbot)"
cashforcarsrichardson.com.infinitibizsol.com:443
20.171.207.124 - - [13/Jun/2025:04:45:25 +0000] "GET /products/16pp11200 HTTP/1.1" 500 2665 "-" "Mozilla/5.0 AppleWebKit/537.36 (KHTML, like Gecko; compatible; GPTBot/1.2; +https://openai.com/gptbot)"
cashforcarsrichardson.com.infinitibizsol.com:443
20.171.207.124 - - [13/Jun/2025:04:46:28 +0000] "GET /products/145rr5353 HTTP/1.1" 500 2665 "-" "Mozilla/5.0 AppleWebKit/537.36 (KHTML, like Gecko; compatible; GPTBot/1.2; +https://openai.com/gptbot)"
cashforcarsrichardson.com.infinitibizsol.com:443
20.171.207.124 - - [13/Jun/2025:04:47:32 +0000] "GET /products/44pq33544 HTTP/1.1" 500 2665 "-" "Mozilla/5.0 AppleWebKit/537.36 (KHTML, like Gecko; compatible; GPTBot/1.2; +https://openai.com/gptbot)"
cashforcarsrichardson.com.infinitibizsol.com:443
20.171.207.124 - - [13/Jun/2025:04:48:38 +0000] "GET /products/199gd9169 HTTP/1.1" 500 2665 "-" "Mozilla/5.0 AppleWebKit/537.36 (KHTML, like Gecko; compatible; GPTBot/1.2; +https://openai.com/gptbot)"
cashforcarsrichardson.com.infinitibizsol.com:443
20.171.207.124 - - [13/Jun/2025:04:49:39 +0000] "GET /products/55er19115 HTTP/1.1" 500 2665 "-" "Mozilla/5.0 AppleWebKit/537.36 (KHTML, like Gecko; compatible; GPTBot/1.2; +https://openai.com/gptbot)"
cashforcarsrichardson.com.infinitibizsol.com:443
162.0.223.40 - - [13/Jun/2025:04:50:27 +0000] "POST /wp-cron.php?doing_wp_cron=1749790226.2625730037689208984375 HTTP/1.1" 499 0 "-" "WordPress/6.8.1; https://cashforcarsrichardson.com"
cashforcarsrichardson.com.infinitibizsol.com:443
20.171.207.124 - - [13/Jun/2025:04:50:39 +0000] "GET /products/14ss11878 HTTP/1.1" 500 2665 "-" "Mozilla/5.0 AppleWebKit/537.36 (KHTML, like Gecko; compatible; GPTBot/1.2; +https://openai.com/gptbot)"
cashforcarsrichardson.com.infinitibizsol.com:443
57.141.4.4 - - [13/Jun/2025:04:51:34 +0000] "GET / HTTP/1.1" 500 2665 "-" "meta-externalagent/1.1 (+https://developers.facebook.com/docs/sharing/webmasters/crawler)"
cashforcarsrichardson.com.infinitibizsol.com:443
20.171.207.124 - - [13/Jun/2025:04:51:42 +0000] "GET /products/40pd41442 HTTP/1.1" 500 2665 "-" "Mozilla/5.0 AppleWebKit/537.36 (KHTML, like Gecko; compatible; GPTBot/1.2; +https://openai.com/gptbot)"
cashforcarsrichardson.com.infinitibizsol.com:443
20.171.207.124 - - [13/Jun/2025:04:52:45 +0000] "GET /products/5ga32555 HTTP/1.1" 500 2665 "-" "Mozilla/5.0 AppleWebKit/537.36 (KHTML, like Gecko; compatible; GPTBot/1.2; +https://openai.com/gptbot)"
cashforcarsrichardson.com.infinitibizsol.com:443
20.171.207.124 - - [13/Jun/2025:04:53:46 +0000] "GET /products/67kh2555 HTTP/1.1" 500 2665 "-" "Mozilla/5.0 AppleWebKit/537.36 (KHTML, like Gecko; compatible; GPTBot/1.2; +https://openai.com/gptbot)"
cashforcarsrichardson.com.infinitibizsol.com:443
20.171.207.124 - - [13/Jun/2025:04:54:50 +0000] "GET /products/80is1112 HTTP/1.1" 500 2665 "-" "Mozilla/5.0 AppleWebKit/537.36 (KHTML, like Gecko; compatible; GPTBot/1.2; +https://openai.com/gptbot)"
cashforcarsrichardson.com.infinitibizsol.com:443
108.181.202.211 - - [13/Jun/2025:04:55:11 +0000] "GET /wp-content/admin.php HTTP/1.1" 200 16 "https://cashforcarsrichardson.com/wp-content/admin.php" "Mozilla/5.0 (Macintosh; Intel Mac OS X 10_6_8) AppleWebKit/534.24 (KHTML, like Gecko) Chrome/11.0.696.71 Safari/534.24"
cashforcarsrichardson.com.infinitibizsol.com:443
20.171.207.124 - - [13/Jun/2025:04:55:53 +0000] "GET /products/28zv1110 HTTP/1.1" 500 2665 "-" "Mozilla/5.0 AppleWebKit/537.36 (KHTML, like Gecko; compatible; GPTBot/1.2; +https://openai.com/gptbot)"
cashforcarsrichardson.com.infinitibizsol.com:443
20.171.207.124 - - [13/Jun/2025:04:56:56 +0000] "GET /products/222hq800 HTTP/1.1" 500 2665 "-" "Mozilla/5.0 AppleWebKit/537.36 (KHTML, like Gecko; compatible; GPTBot/1.2; +https://openai.com/gptbot)"
cashforcarsrichardson.com.infinitibizsol.com:443
20.171.207.124 - - [13/Jun/2025:04:58:00 +0000] "GET /products/9tt49489 HTTP/1.1" 500 2665 "-" "Mozilla/5.0 AppleWebKit/537.36 (KHTML, like Gecko; compatible; GPTBot/1.2; +https://openai.com/gptbot)"
cashforcarsrichardson.com.infinitibizsol.com:443
20.171.207.124 - - [13/Jun/2025:04:59:02 +0000] "GET /products/88ua8388 HTTP/1.1" 500 2665 "-" "Mozilla/5.0 AppleWebKit/537.36 (KHTML, like Gecko; compatible; GPTBot/1.2; +https://openai.com/gptbot)"
cashforcarsrichardson.com.infinitibizsol.com:443
162.0.223.40 - - [13/Jun/2025:04:59:53 +0000] "POST /wp-cron.php?doing_wp_cron=1749790792.7749650478363037109375 HTTP/1.1" 499 0 "-" "WordPress/6.8.1; https://cashforcarsrichardson.com"
cashforcarsrichardson.com.infinitibizsol.com:443
20.171.207.124 - - [13/Jun/2025:05:00:06 +0000] "GET /products/3om13113 HTTP/1.1" 500 2665 "-" "Mozilla/5.0 AppleWebKit/537.36 (KHTML, like Gecko; compatible; GPTBot/1.2; +https://openai.com/gptbot)"
cashforcarsrichardson.com.infinitibizsol.com:443
20.171.207.124 - - [13/Jun/2025:05:01:07 +0000] "GET /products/7or47727 HTTP/1.1" 500 2665 "-" "Mozilla/5.0 AppleWebKit/537.36 (KHTML, like Gecko; compatible; GPTBot/1.2; +https://openai.com/gptbot)"
cashforcarsrichardson.com.infinitibizsol.com:443
20.171.207.124 - - [13/Jun/2025:05:02:11 +0000] "GET /products/86qp3838 HTTP/1.1" 500 2665 "-" "Mozilla/5.0 AppleWebKit/537.36 (KHTML, like Gecko; compatible; GPTBot/1.2; +https://openai.com/gptbot)"
cashforcarsrichardson.com.infinitibizsol.com:443
57.141.4.2 - - [13/Jun/2025:05:02:50 +0000] "GET / HTTP/1.1" 500 2665 "-" "meta-externalagent/1.1 (+https://developers.facebook.com/docs/sharing/webmasters/crawler)"
cashforcarsrichardson.com.infinitibizsol.com:443
20.171.207.124 - - [13/Jun/2025:05:03:16 +0000] "GET /products/52vp2272 HTTP/1.1" 500 2665 "-" "Mozilla/5.0 AppleWebKit/537.36 (KHTML, like Gecko; compatible; GPTBot/1.2; +https://openai.com/gptbot)"
cashforcarsrichardson.com.infinitibizsol.com:443
20.171.207.124 - - [13/Jun/2025:05:04:19 +0000] "GET /products/50rr7052 HTTP/1.1" 500 2653 "-" "Mozilla/5.0 AppleWebKit/537.36 (KHTML, like Gecko; compatible; GPTBot/1.2; +https://openai.com/gptbot)"
cashforcarsrichardson.com.infinitibizsol.com:443
20.171.207.124 - - [13/Jun/2025:05:05:23 +0000] "GET /products/99ur5759 HTTP/1.1" 500 2665 "-" "Mozilla/5.0 AppleWebKit/537.36 (KHTML, like Gecko; compatible; GPTBot/1.2; +https://openai.com/gptbot)"
cashforcarsrichardson.com.infinitibizsol.com:443
20.171.207.124 - - [13/Jun/2025:05:06:26 +0000] "GET /products/19to2129 HTTP/1.1" 500 2665 "-" "Mozilla/5.0 AppleWebKit/537.36 (KHTML, like Gecko; compatible; GPTBot/1.2; +https://openai.com/gptbot)"
cashforcarsrichardson.com.infinitibizsol.com:443
20.171.207.124 - - [13/Jun/2025:05:07:29 +0000] "GET /products/42oe4294 HTTP/1.1" 500 2665 "-" "Mozilla/5.0 AppleWebKit/537.36 (KHTML, like Gecko; compatible; GPTBot/1.2; +https://openai.com/gptbot)"
cashforcarsrichardson.com.infinitibizsol.com:443
20.171.207.124 - - [13/Jun/2025:05:08:29 +0000] "GET /products/95sd9839 HTTP/1.1" 500 2665 "-" "Mozilla/5.0 AppleWebKit/537.36 (KHTML, like Gecko; compatible; GPTBot/1.2; +https://openai.com/gptbot)"
cashforcarsrichardson.com.infinitibizsol.com:443
208.110.64.178 - - [13/Jun/2025:05:09:00 +0000] "GET /wp-content/admin.php HTTP/1.1" 200 16 "https://cashforcarsrichardson.com/wp-content/admin.php" "Mozilla/5.0 (Windows NT 10.0; Win64; x64) AppleWebKit/537.36 (KHTML, like Gecko) Chrome/58.0.3029.110 Safari/537.3"
cashforcarsrichardson.com.infinitibizsol.com:443
20.171.207.124 - - [13/Jun/2025:05:09:33 +0000] "GET /products/73tt4547 HTTP/1.1" 500 2665 "-" "Mozilla/5.0 AppleWebKit/537.36 (KHTML, like Gecko; compatible; GPTBot/1.2; +https://openai.com/gptbot)"
cashforcarsrichardson.com.infinitibizsol.com:443
20.171.207.124 - - [13/Jun/2025:05:10:37 +0000] "GET /products/70dm6600 HTTP/1.1" 500 2665 "-" "Mozilla/5.0 AppleWebKit/537.36 (KHTML, like Gecko; compatible; GPTBot/1.2; +https://openai.com/gptbot)"
cashforcarsrichardson.com.infinitibizsol.com:443
57.141.4.5 - - [13/Jun/2025:05:10:43 +0000] "GET /index.html HTTP/1.1" 500 2665 "-" "meta-externalagent/1.1 (+https://developers.facebook.com/docs/sharing/webmasters/crawler)"
cashforcarsrichardson.com.infinitibizsol.com:443
20.171.207.124 - - [13/Jun/2025:05:11:38 +0000] "GET /products/6og14116 HTTP/1.1" 500 2665 "-" "Mozilla/5.0 AppleWebKit/537.36 (KHTML, like Gecko; compatible; GPTBot/1.2; +https://openai.com/gptbot)"
cashforcarsrichardson.com.infinitibizsol.com:443
20.171.207.124 - - [13/Jun/2025:05:12:44 +0000] "GET /products/81zn8181 HTTP/1.1" 500 2665 "-" "Mozilla/5.0 AppleWebKit/537.36 (KHTML, like Gecko; compatible; GPTBot/1.2; +https://openai.com/gptbot)"
cashforcarsrichardson.com.infinitibizsol.com:443
20.171.207.124 - - [13/Jun/2025:05:13:48 +0000] "GET /products/4sr29202 HTTP/1.1" 500 2665 "-" "Mozilla/5.0 AppleWebKit/537.36 (KHTML, like Gecko; compatible; GPTBot/1.2; +https://openai.com/gptbot)"
cashforcarsrichardson.com.infinitibizsol.com:443
20.171.207.124 - - [13/Jun/2025:05:14:48 +0000] "GET /products/8tt44810 HTTP/1.1" 500 2665 "-" "Mozilla/5.0 AppleWebKit/537.36 (KHTML, like Gecko; compatible; GPTBot/1.2; +https://openai.com/gptbot)"
cashforcarsrichardson.com.infinitibizsol.com:443
20.171.207.124 - - [13/Jun/2025:05:15:53 +0000] "GET /products/14rr2418 HTTP/1.1" 500 2665 "-" "Mozilla/5.0 AppleWebKit/537.36 (KHTML, like Gecko; compatible; GPTBot/1.2; +https://openai.com/gptbot)"
cashforcarsrichardson.com.infinitibizsol.com:443
20.171.207.124 - - [13/Jun/2025:05:16:59 +0000] "GET /products/202pi920 HTTP/1.1" 500 2665 "-" "Mozilla/5.0 AppleWebKit/537.36 (KHTML, like Gecko; compatible; GPTBot/1.2; +https://openai.com/gptbot)"
cashforcarsrichardson.com.infinitibizsol.com:443
20.171.207.124 - - [13/Jun/2025:05:18:00 +0000] "GET /products/6et22602 HTTP/1.1" 500 2665 "-" "Mozilla/5.0 AppleWebKit/537.36 (KHTML, like Gecko; compatible; GPTBot/1.2; +https://openai.com/gptbot)"
cashforcarsrichardson.com.infinitibizsol.com:443
20.171.207.124 - - [13/Jun/2025:05:19:03 +0000] "GET /products/2cu46642 HTTP/1.1" 500 2665 "-" "Mozilla/5.0 AppleWebKit/537.36 (KHTML, like Gecko; compatible; GPTBot/1.2; +https://openai.com/gptbot)"
cashforcarsrichardson.com.infinitibizsol.com:443
20.171.207.124 - - [13/Jun/2025:05:20:07 +0000] "GET /products/58gr8818 HTTP/1.1" 500 2665 "-" "Mozilla/5.0 AppleWebKit/537.36 (KHTML, like Gecko; compatible; GPTBot/1.2; +https://openai.com/gptbot)"
cashforcarsrichardson.com.infinitibizsol.com:443
20.171.207.124 - - [13/Jun/2025:05:21:07 +0000] "GET /products/62sc2644 HTTP/1.1" 500 2665 "-" "Mozilla/5.0 AppleWebKit/537.36 (KHTML, like Gecko; compatible; GPTBot/1.2; +https://openai.com/gptbot)"
cashforcarsrichardson.com.infinitibizsol.com:443
20.171.207.124 - - [13/Jun/2025:05:22:12 +0000] "GET /products/62eu1166 HTTP/1.1" 500 2665 "-" "Mozilla/5.0 AppleWebKit/537.36 (KHTML, like Gecko; compatible; GPTBot/1.2; +https://openai.com/gptbot)"
cashforcarsrichardson.com.infinitibizsol.com:443
20.171.207.124 - - [13/Jun/2025:05:23:13 +0000] "GET /products/4rz40242 HTTP/1.1" 500 2665 "-" "Mozilla/5.0 AppleWebKit/537.36 (KHTML, like Gecko; compatible; GPTBot/1.2; +https://openai.com/gptbot)"
cashforcarsrichardson.com.infinitibizsol.com:443
20.171.207.124 - - [13/Jun/2025:05:24:19 +0000] "GET /products/1ou12139 HTTP/1.1" 500 2665 "-" "Mozilla/5.0 AppleWebKit/537.36 (KHTML, like Gecko; compatible; GPTBot/1.2; +https://openai.com/gptbot)"
cashforcarsrichardson.com.infinitibizsol.com:443
20.171.207.124 - - [13/Jun/2025:05:25:24 +0000] "GET /products/27gb23333 HTTP/1.1" 500 2665 "-" "Mozilla/5.0 AppleWebKit/537.36 (KHTML, like Gecko; compatible; GPTBot/1.2; +https://openai.com/gptbot)"
cashforcarsrichardson.com.infinitibizsol.com:443
20.171.207.124 - - [13/Jun/2025:05:26:24 +0000] "GET /products/26nl48888 HTTP/1.1" 500 2665 "-" "Mozilla/5.0 AppleWebKit/537.36 (KHTML, like Gecko; compatible; GPTBot/1.2; +https://openai.com/gptbot)"
cashforcarsrichardson.com.infinitibizsol.com:443
20.171.207.124 - - [13/Jun/2025:05:27:26 +0000] "GET /products/19xl22227 HTTP/1.1" 500 2665 "-" "Mozilla/5.0 AppleWebKit/537.36 (KHTML, like Gecko; compatible; GPTBot/1.2; +https://openai.com/gptbot)"
cashforcarsrichardson.com.infinitibizsol.com:443
20.171.207.124 - - [13/Jun/2025:05:28:27 +0000] "GET /products/92pf39222 HTTP/1.1" 500 2665 "-" "Mozilla/5.0 AppleWebKit/537.36 (KHTML, like Gecko; compatible; GPTBot/1.2; +https://openai.com/gptbot)"
cashforcarsrichardson.com.infinitibizsol.com:443
20.171.207.124 - - [13/Jun/2025:05:29:28 +0000] "GET /products/22gr44482 HTTP/1.1" 500 2665 "-" "Mozilla/5.0 AppleWebKit/537.36 (KHTML, like Gecko; compatible; GPTBot/1.2; +https://openai.com/gptbot)"
cashforcarsrichardson.com.infinitibizsol.com:443
20.171.207.124 - - [13/Jun/2025:05:30:32 +0000] "GET /products/28zk24222 HTTP/1.1" 500 2665 "-" "Mozilla/5.0 AppleWebKit/537.36 (KHTML, like Gecko; compatible; GPTBot/1.2; +https://openai.com/gptbot)"
cashforcarsrichardson.com.infinitibizsol.com:443
20.171.207.124 - - [13/Jun/2025:05:31:33 +0000] "GET /products/11bb22201 HTTP/1.1" 500 2665 "-" "Mozilla/5.0 AppleWebKit/537.36 (KHTML, like Gecko; compatible; GPTBot/1.2; +https://openai.com/gptbot)"
cashforcarsrichardson.com.infinitibizsol.com:443
20.171.207.124 - - [13/Jun/2025:05:32:35 +0000] "GET /products/159og5559 HTTP/1.1" 500 2665 "-" "Mozilla/5.0 AppleWebKit/537.36 (KHTML, like Gecko; compatible; GPTBot/1.2; +https://openai.com/gptbot)"
cashforcarsrichardson.com.infinitibizsol.com:443
20.171.207.124 - - [13/Jun/2025:05:33:37 +0000] "GET /products/4rz40242 HTTP/1.1" 500 2665 "-" "Mozilla/5.0 AppleWebKit/537.36 (KHTML, like Gecko; compatible; GPTBot/1.2; +https://openai.com/gptbot)"
cashforcarsrichardson.com.infinitibizsol.com:443
20.171.207.124 - - [13/Jun/2025:05:34:39 +0000] "GET /products/222hq2042 HTTP/1.1" 500 2665 "-" "Mozilla/5.0 AppleWebKit/537.36 (KHTML, like Gecko; compatible; GPTBot/1.2; +https://openai.com/gptbot)"
cashforcarsrichardson.com.infinitibizsol.com:443
20.171.207.124 - - [13/Jun/2025:05:35:40 +0000] "GET /products/84sl44428 HTTP/1.1" 500 2665 "-" "Mozilla/5.0 AppleWebKit/537.36 (KHTML, like Gecko; compatible; GPTBot/1.2; +https://openai.com/gptbot)"
cashforcarsrichardson.com.infinitibizsol.com:443
20.171.207.124 - - [13/Jun/2025:05:36:42 +0000] "GET /products/21oo28885 HTTP/1.1" 500 2665 "-" "Mozilla/5.0 AppleWebKit/537.36 (KHTML, like Gecko; compatible; GPTBot/1.2; +https://openai.com/gptbot)"
cashforcarsrichardson.com.infinitibizsol.com:443
20.171.207.124 - - [13/Jun/2025:05:37:47 +0000] "GET /products/23td32555 HTTP/1.1" 500 2665 "-" "Mozilla/5.0 AppleWebKit/537.36 (KHTML, like Gecko; compatible; GPTBot/1.2; +https://openai.com/gptbot)"
cashforcarsrichardson.com.infinitibizsol.com:443
20.171.207.124 - - [13/Jun/2025:05:38:49 +0000] "GET /products/76us17770 HTTP/1.1" 500 2665 "-" "Mozilla/5.0 AppleWebKit/537.36 (KHTML, like Gecko; compatible; GPTBot/1.2; +https://openai.com/gptbot)"
cashforcarsrichardson.com.infinitibizsol.com:443
20.171.207.124 - - [13/Jun/2025:05:39:51 +0000] "GET /products/33ww44343 HTTP/1.1" 500 2665 "-" "Mozilla/5.0 AppleWebKit/537.36 (KHTML, like Gecko; compatible; GPTBot/1.2; +https://openai.com/gptbot)"
cashforcarsrichardson.com.infinitibizsol.com:443
20.171.207.124 - - [13/Jun/2025:05:40:56 +0000] "GET /products/99rt47499 HTTP/1.1" 500 2665 "-" "Mozilla/5.0 AppleWebKit/537.36 (KHTML, like Gecko; compatible; GPTBot/1.2; +https://openai.com/gptbot)"
cashforcarsrichardson.com.infinitibizsol.com:443
20.171.207.124 - - [13/Jun/2025:05:42:03 +0000] "GET /products/23sp21121 HTTP/1.1" 500 2665 "-" "Mozilla/5.0 AppleWebKit/537.36 (KHTML, like Gecko; compatible; GPTBot/1.2; +https://openai.com/gptbot)"
cashforcarsrichardson.com.infinitibizsol.com:443
20.171.207.124 - - [13/Jun/2025:05:43:05 +0000] "GET /products/144du1914 HTTP/1.1" 500 2665 "-" "Mozilla/5.0 AppleWebKit/537.36 (KHTML, like Gecko; compatible; GPTBot/1.2; +https://openai.com/gptbot)"
cashforcarsrichardson.com.infinitibizsol.com:443
20.171.207.124 - - [13/Jun/2025:05:44:06 +0000] "GET /products/7zq31111 HTTP/1.1" 500 2665 "-" "Mozilla/5.0 AppleWebKit/537.36 (KHTML, like Gecko; compatible; GPTBot/1.2; +https://openai.com/gptbot)"
cashforcarsrichardson.com.infinitibizsol.com:443
20.171.207.124 - - [13/Jun/2025:05:45:08 +0000] "GET /products/81ca38383 HTTP/1.1" 500 2665 "-" "Mozilla/5.0 AppleWebKit/537.36 (KHTML, like Gecko; compatible; GPTBot/1.2; +https://openai.com/gptbot)"
cashforcarsrichardson.com.infinitibizsol.com:443
20.171.207.124 - - [13/Jun/2025:05:46:10 +0000] "GET /products/111cu651 HTTP/1.1" 500 2665 "-" "Mozilla/5.0 AppleWebKit/537.36 (KHTML, like Gecko; compatible; GPTBot/1.2; +https://openai.com/gptbot)"
cashforcarsrichardson.com.infinitibizsol.com:443
20.171.207.124 - - [13/Jun/2025:05:47:12 +0000] "GET /products/74oc7770 HTTP/1.1" 500 2665 "-" "Mozilla/5.0 AppleWebKit/537.36 (KHTML, like Gecko; compatible; GPTBot/1.2; +https://openai.com/gptbot)"
cashforcarsrichardson.com.infinitibizsol.com:443
208.110.64.178 - - [13/Jun/2025:05:48:18 +0000] "GET /wp-content/admin.php HTTP/1.1" 200 16 "https://cashforcarsrichardson.com/wp-content/admin.php" "Mozilla/5.0 (Windows NT 10.0; Win64; x64) AppleWebKit/537.36 (KHTML, like Gecko) Chrome/58.0.3029.110 Safari/537.3"
cashforcarsrichardson.com.infinitibizsol.com:443
20.171.207.124 - - [13/Jun/2025:05:48:19 +0000] "GET /products/296oc666 HTTP/1.1" 500 2665 "-" "Mozilla/5.0 AppleWebKit/537.36 (KHTML, like Gecko; compatible; GPTBot/1.2; +https://openai.com/gptbot)"
cashforcarsrichardson.com.infinitibizsol.com:443
20.171.207.124 - - [13/Jun/2025:05:49:22 +0000] "GET /products/81st4441 HTTP/1.1" 500 2665 "-" "Mozilla/5.0 AppleWebKit/537.36 (KHTML, like Gecko; compatible; GPTBot/1.2; +https://openai.com/gptbot)"
cashforcarsrichardson.com.infinitibizsol.com:443
20.171.207.124 - - [13/Jun/2025:05:50:23 +0000] "GET /products/83ps7999 HTTP/1.1" 500 2665 "-" "Mozilla/5.0 AppleWebKit/537.36 (KHTML, like Gecko; compatible; GPTBot/1.2; +https://openai.com/gptbot)"
cashforcarsrichardson.com.infinitibizsol.com:443
20.171.207.124 - - [13/Jun/2025:05:51:26 +0000] "GET /products/224oj4222 HTTP/1.1" 500 2665 "-" "Mozilla/5.0 AppleWebKit/537.36 (KHTML, like Gecko; compatible; GPTBot/1.2; +https://openai.com/gptbot)"
cashforcarsrichardson.com.infinitibizsol.com:443
20.171.207.124 - - [13/Jun/2025:05:52:28 +0000] "GET /products/242xk242 HTTP/1.1" 500 2665 "-" "Mozilla/5.0 AppleWebKit/537.36 (KHTML, like Gecko; compatible; GPTBot/1.2; +https://openai.com/gptbot)"
cashforcarsrichardson.com.infinitibizsol.com:443
20.171.207.124 - - [13/Jun/2025:05:53:33 +0000] "GET /products/91ob15555 HTTP/1.1" 500 2665 "-" "Mozilla/5.0 AppleWebKit/537.36 (KHTML, like Gecko; compatible; GPTBot/1.2; +https://openai.com/gptbot)"
cashforcarsrichardson.com.infinitibizsol.com:443
20.171.207.124 - - [13/Jun/2025:05:54:38 +0000] "GET /products/12bv22220 HTTP/1.1" 500 2665 "-" "Mozilla/5.0 AppleWebKit/537.36 (KHTML, like Gecko; compatible; GPTBot/1.2; +https://openai.com/gptbot)"
cashforcarsrichardson.com.infinitibizsol.com:443
20.171.207.124 - - [13/Jun/2025:05:55:41 +0000] "GET /products/11ng657 HTTP/1.1" 500 2665 "-" "Mozilla/5.0 AppleWebKit/537.36 (KHTML, like Gecko; compatible; GPTBot/1.2; +https://openai.com/gptbot)"
cashforcarsrichardson.com.infinitibizsol.com:443
20.171.207.124 - - [13/Jun/2025:05:56:42 +0000] "GET /products/9zo2647 HTTP/1.1" 500 2665 "-" "Mozilla/5.0 AppleWebKit/537.36 (KHTML, like Gecko; compatible; GPTBot/1.2; +https://openai.com/gptbot)"
cashforcarsrichardson.com.infinitibizsol.com:443
20.171.207.124 - - [13/Jun/2025:05:57:50 +0000] "GET /products/93wp465 HTTP/1.1" 500 2665 "-" "Mozilla/5.0 AppleWebKit/537.36 (KHTML, like Gecko; compatible; GPTBot/1.2; +https://openai.com/gptbot)"
cashforcarsrichardson.com.infinitibizsol.com:443
20.171.207.124 - - [13/Jun/2025:05:58:54 +0000] "GET /products/6ff2910 HTTP/1.1" 500 2665 "-" "Mozilla/5.0 AppleWebKit/537.36 (KHTML, like Gecko; compatible; GPTBot/1.2; +https://openai.com/gptbot)"
cashforcarsrichardson.com.infinitibizsol.com:443
20.171.207.124 - - [13/Jun/2025:05:59:56 +0000] "GET /products/3at5281 HTTP/1.1" 500 2665 "-" "Mozilla/5.0 AppleWebKit/537.36 (KHTML, like Gecko; compatible; GPTBot/1.2; +https://openai.com/gptbot)"
cashforcarsrichardson.com.infinitibizsol.com:443
20.171.207.124 - - [13/Jun/2025:06:01:00 +0000] "GET /products/47lz919 HTTP/1.1" 500 2665 "-" "Mozilla/5.0 AppleWebKit/537.36 (KHTML, like Gecko; compatible; GPTBot/1.2; +https://openai.com/gptbot)"
cashforcarsrichardson.com.infinitibizsol.com:443
20.171.207.124 - - [13/Jun/2025:06:02:05 +0000] "GET /products/197kt53 HTTP/1.1" 500 2665 "-" "Mozilla/5.0 AppleWebKit/537.36 (KHTML, like Gecko; compatible; GPTBot/1.2; +https://openai.com/gptbot)"
cashforcarsrichardson.com.infinitibizsol.com:443
20.171.207.124 - - [13/Jun/2025:06:03:07 +0000] "GET /products/8ni7806 HTTP/1.1" 500 2665 "-" "Mozilla/5.0 AppleWebKit/537.36 (KHTML, like Gecko; compatible; GPTBot/1.2; +https://openai.com/gptbot)"
cashforcarsrichardson.com.infinitibizsol.com:443
51.222.253.19 - - [13/Jun/2025:06:03:10 +0000] "GET /?sitemap420.xml HTTP/1.1" 200 23 "-" "Mozilla/5.0 (compatible; AhrefsBot/7.0; +http://ahrefs.com/robot/)"
cashforcarsrichardson.com.infinitibizsol.com:443
20.171.207.124 - - [13/Jun/2025:06:04:13 +0000] "GET /products/9kf6165 HTTP/1.1" 500 2665 "-" "Mozilla/5.0 AppleWebKit/537.36 (KHTML, like Gecko; compatible; GPTBot/1.2; +https://openai.com/gptbot)"
cashforcarsrichardson.com.infinitibizsol.com:80
47.243.75.202 - - [13/Jun/2025:06:04:39 +0000] "GET / HTTP/1.0" 500 2653 "http://cashforcarsrichardson.com/" "Mozilla/5.0 (Windows NT 10.0; Win64; x64) AppleWebKit/537.36 (KHTML, like Gecko) Chrome/130.0.0.0 Safari/537.36 CCleaner/130.0.0.0"
cashforcarsrichardson.com.infinitibizsol.com:80
91.129.105.64 - - [13/Jun/2025:06:05:07 +0000] "GET / HTTP/1.0" 500 2653 "http://cashforcarsrichardson.com/" "Mozilla/5.0 (Windows NT 10.0; Win64; x64) AppleWebKit/537.36 (KHTML, like Gecko) Chrome/130.0.0.0 Safari/537.36 CCleaner/130.0.0.0"
cashforcarsrichardson.com.infinitibizsol.com:443
20.171.207.124 - - [13/Jun/2025:06:05:17 +0000] "GET /products/54wn364 HTTP/1.1" 500 2665 "-" "Mozilla/5.0 AppleWebKit/537.36 (KHTML, like Gecko; compatible; GPTBot/1.2; +https://openai.com/gptbot)"
cashforcarsrichardson.com.infinitibizsol.com:443
20.171.207.124 - - [13/Jun/2025:06:06:18 +0000] "GET /products/8mn9454 HTTP/1.1" 500 2665 "-" "Mozilla/5.0 AppleWebKit/537.36 (KHTML, like Gecko; compatible; GPTBot/1.2; +https://openai.com/gptbot)"
cashforcarsrichardson.com.infinitibizsol.com:443
20.171.207.124 - - [13/Jun/2025:06:07:20 +0000] "GET /products/47zv135 HTTP/1.1" 500 2665 "-" "Mozilla/5.0 AppleWebKit/537.36 (KHTML, like Gecko; compatible; GPTBot/1.2; +https://openai.com/gptbot)"
cashforcarsrichardson.com.infinitibizsol.com:443
20.171.207.124 - - [13/Jun/2025:06:08:26 +0000] "GET /products/163hn83 HTTP/1.1" 500 2665 "-" "Mozilla/5.0 AppleWebKit/537.36 (KHTML, like Gecko; compatible; GPTBot/1.2; +https://openai.com/gptbot)"
cashforcarsrichardson.com.infinitibizsol.com:443
20.171.207.124 - - [13/Jun/2025:06:09:27 +0000] "GET /products/5yd4139 HTTP/1.1" 500 2665 "-" "Mozilla/5.0 AppleWebKit/537.36 (KHTML, like Gecko; compatible; GPTBot/1.2; +https://openai.com/gptbot)"
cashforcarsrichardson.com.infinitibizsol.com:443
