20.171.207.7 - - [11/Jun/2025:16:19:34 +0000] "GET /products/17to24267 HTTP/1.1" 500 2665 "-" "Mozilla/5.0 AppleWebKit/537.36 (KHTML, like Gecko; compatible; GPTBot/1.2; +https://openai.com/gptbot)"
cashforcarsrichardson.com.infinitibizsol.com:443
20.171.207.7 - - [11/Jun/2025:16:20:37 +0000] "GET /products/41rh43201 HTTP/1.1" 500 2665 "-" "Mozilla/5.0 AppleWebKit/537.36 (KHTML, like Gecko; compatible; GPTBot/1.2; +https://openai.com/gptbot)"
cashforcarsrichardson.com.infinitibizsol.com:443
20.171.207.7 - - [11/Jun/2025:16:21:39 +0000] "GET /products/165xy2699 HTTP/1.1" 500 2665 "-" "Mozilla/5.0 AppleWebKit/537.36 (KHTML, like Gecko; compatible; GPTBot/1.2; +https://openai.com/gptbot)"
cashforcarsrichardson.com.infinitibizsol.com:80
134.195.153.99 - - [11/Jun/2025:16:21:46 +0000] "GET / HTTP/1.0" 500 2653 "http://cashforcarsrichardson.com/" "Mozilla/5.0 (Windows NT 10.0; Win64; x64) AppleWebKit/537.36 (KHTML, like Gecko) Chrome/131.0.0.0 Safari/537.36 Avast/131.0.0.0"
cashforcarsrichardson.com.infinitibizsol.com:443
20.171.207.7 - - [11/Jun/2025:16:22:44 +0000] "GET /products/87hk35677 HTTP/1.1" 500 2665 "-" "Mozilla/5.0 AppleWebKit/537.36 (KHTML, like Gecko; compatible; GPTBot/1.2; +https://openai.com/gptbot)"
cashforcarsrichardson.com.infinitibizsol.com:443
20.171.207.7 - - [11/Jun/2025:16:23:45 +0000] "GET /products/80ig43836 HTTP/1.1" 500 2665 "-" "Mozilla/5.0 AppleWebKit/537.36 (KHTML, like Gecko; compatible; GPTBot/1.2; +https://openai.com/gptbot)"
cashforcarsrichardson.com.infinitibizsol.com:443
108.181.202.211 - - [11/Jun/2025:16:24:21 +0000] "GET /wp-content/admin.php HTTP/1.1" 200 16 "https://cashforcarsrichardson.com/wp-content/admin.php" "Mozilla/5.0 (Windows NT 5.1; rv:6.0) Gecko/20100101 Firefox/6.0"
cashforcarsrichardson.com.infinitibizsol.com:443
173.208.153.154 - - [11/Jun/2025:16:24:25 +0000] "GET /wp-content/admin.php HTTP/1.1" 200 16 "https://cashforcarsrichardson.com/wp-content/admin.php" "Mozilla/5.0 (Macintosh; Intel Mac OS X 10.6; rv:6.0.2) Gecko/20100101 Firefox/6.0.2"
cashforcarsrichardson.com.infinitibizsol.com:443
20.171.207.7 - - [11/Jun/2025:16:24:48 +0000] "GET /products/176ew2006 HTTP/1.1" 500 2665 "-" "Mozilla/5.0 AppleWebKit/537.36 (KHTML, like Gecko; compatible; GPTBot/1.2; +https://openai.com/gptbot)"
cashforcarsrichardson.com.infinitibizsol.com:443
204.12.252.98 - - [11/Jun/2025:16:25:29 +0000] "GET /wp-content/admin.php HTTP/1.1" 200 16 "https://cashforcarsrichardson.com/wp-content/admin.php" "Mozilla/5.0 (Windows NT 10.0; Win64; x64) AppleWebKit/537.36 (KHTML, like Gecko) Chrome/58.0.3029.110 Safari/537.3"
cashforcarsrichardson.com.infinitibizsol.com:443
20.171.207.7 - - [11/Jun/2025:16:25:50 +0000] "GET /products/59rz25813 HTTP/1.1" 500 2665 "-" "Mozilla/5.0 AppleWebKit/537.36 (KHTML, like Gecko; compatible; GPTBot/1.2; +https://openai.com/gptbot)"
cashforcarsrichardson.com.infinitibizsol.com:443
20.171.207.7 - - [11/Jun/2025:16:26:56 +0000] "GET /products/89et16843 HTTP/1.1" 500 2665 "-" "Mozilla/5.0 AppleWebKit/537.36 (KHTML, like Gecko; compatible; GPTBot/1.2; +https://openai.com/gptbot)"
cashforcarsrichardson.com.infinitibizsol.com:443
20.171.207.7 - - [11/Jun/2025:16:28:00 +0000] "GET /products/169lf2215 HTTP/1.1" 500 2665 "-" "Mozilla/5.0 AppleWebKit/537.36 (KHTML, like Gecko; compatible; GPTBot/1.2; +https://openai.com/gptbot)"
cashforcarsrichardson.com.infinitibizsol.com:443
20.171.207.7 - - [11/Jun/2025:16:29:00 +0000] "GET /products/52zb26352 HTTP/1.1" 500 2665 "-" "Mozilla/5.0 AppleWebKit/537.36 (KHTML, like Gecko; compatible; GPTBot/1.2; +https://openai.com/gptbot)"
cashforcarsrichardson.com.infinitibizsol.com:443
20.171.207.7 - - [11/Jun/2025:16:30:05 +0000] "GET /products/57pj14521 HTTP/1.1" 500 2665 "-" "Mozilla/5.0 AppleWebKit/537.36 (KHTML, like Gecko; compatible; GPTBot/1.2; +https://openai.com/gptbot)"
cashforcarsrichardson.com.infinitibizsol.com:443
20.171.207.7 - - [11/Jun/2025:16:31:10 +0000] "GET /products/37rf25655 HTTP/1.1" 500 2665 "-" "Mozilla/5.0 AppleWebKit/537.36 (KHTML, like Gecko; compatible; GPTBot/1.2; +https://openai.com/gptbot)"
cashforcarsrichardson.com.infinitibizsol.com:443
85.208.98.18 - - [11/Jun/2025:16:32:00 +0000] "HEAD / HTTP/1.1" 500 0 "-" "Mozilla/5.0 (compatible; SemrushBot; +http://www.semrush.com/bot.html)"
cashforcarsrichardson.com.infinitibizsol.com:443
128.241.232.41 - - [11/Jun/2025:16:32:07 +0000] "GET /we-buy-cars/ HTTP/1.1" 500 2665 "-" "Mozilla/5.0 (Windows NT 10.0; Win64; x64) AppleWebKit/537.36 (KHTML, like Gecko) Chrome/100.0.1250.597 Safari/537.36"
cashforcarsrichardson.com.infinitibizsol.com:443
20.171.207.7 - - [11/Jun/2025:16:32:12 +0000] "GET /products/237yd5059 HTTP/1.1" 500 2665 "-" "Mozilla/5.0 AppleWebKit/537.36 (KHTML, like Gecko; compatible; GPTBot/1.2; +https://openai.com/gptbot)"
cashforcarsrichardson.com.infinitibizsol.com:443
20.171.207.7 - - [11/Jun/2025:16:33:12 +0000] "GET /products/50qx11812 HTTP/1.1" 500 2665 "-" "Mozilla/5.0 AppleWebKit/537.36 (KHTML, like Gecko; compatible; GPTBot/1.2; +https://openai.com/gptbot)"
cashforcarsrichardson.com.infinitibizsol.com:443
20.171.207.7 - - [11/Jun/2025:16:34:16 +0000] "GET /products/80ig43836 HTTP/1.1" 500 2653 "-" "Mozilla/5.0 AppleWebKit/537.36 (KHTML, like Gecko; compatible; GPTBot/1.2; +https://openai.com/gptbot)"
cashforcarsrichardson.com.infinitibizsol.com:443
20.171.207.7 - - [11/Jun/2025:16:35:18 +0000] "GET /products/279uf6113 HTTP/1.1" 500 2665 "-" "Mozilla/5.0 AppleWebKit/537.36 (KHTML, like Gecko; compatible; GPTBot/1.2; +https://openai.com/gptbot)"
cashforcarsrichardson.com.infinitibizsol.com:443
20.171.207.7 - - [11/Jun/2025:16:36:18 +0000] "GET /products/44gd27002 HTTP/1.1" 500 2665 "-" "Mozilla/5.0 AppleWebKit/537.36 (KHTML, like Gecko; compatible; GPTBot/1.2; +https://openai.com/gptbot)"
cashforcarsrichardson.com.infinitibizsol.com:443
20.171.207.7 - - [11/Jun/2025:16:37:18 +0000] "GET /products/66bh12288 HTTP/1.1" 500 2665 "-" "Mozilla/5.0 AppleWebKit/537.36 (KHTML, like Gecko; compatible; GPTBot/1.2; +https://openai.com/gptbot)"
cashforcarsrichardson.com.infinitibizsol.com:443
20.171.207.7 - - [11/Jun/2025:16:38:22 +0000] "GET /products/13rs20331 HTTP/1.1" 500 2665 "-" "Mozilla/5.0 AppleWebKit/537.36 (KHTML, like Gecko; compatible; GPTBot/1.2; +https://openai.com/gptbot)"
cashforcarsrichardson.com.infinitibizsol.com:443
20.171.207.7 - - [11/Jun/2025:16:39:27 +0000] "GET /products/267mf3577 HTTP/1.1" 500 2665 "-" "Mozilla/5.0 AppleWebKit/537.36 (KHTML, like Gecko; compatible; GPTBot/1.2; +https://openai.com/gptbot)"
cashforcarsrichardson.com.infinitibizsol.com:443
20.171.207.7 - - [11/Jun/2025:16:40:31 +0000] "GET /products/24da37480 HTTP/1.1" 500 2665 "-" "Mozilla/5.0 AppleWebKit/537.36 (KHTML, like Gecko; compatible; GPTBot/1.2; +https://openai.com/gptbot)"
cashforcarsrichardson.com.infinitibizsol.com:443
69.197.135.226 - - [11/Jun/2025:16:40:35 +0000] "GET /wp-content/admin.php HTTP/1.1" 200 16 "https://cashforcarsrichardson.com/wp-content/admin.php" "Mozilla/5.0 (Windows NT 10.0; Win64; x64) AppleWebKit/537.36 (KHTML, like Gecko) Chrome/58.0.3029.110 Safari/537.3"
cashforcarsrichardson.com.infinitibizsol.com:443
20.171.207.7 - - [11/Jun/2025:16:41:34 +0000] "GET /products/19rs41687 HTTP/1.1" 500 2665 "-" "Mozilla/5.0 AppleWebKit/537.36 (KHTML, like Gecko; compatible; GPTBot/1.2; +https://openai.com/gptbot)"
cashforcarsrichardson.com.infinitibizsol.com:443
20.171.207.7 - - [11/Jun/2025:16:42:39 +0000] "GET /products/20gw16616 HTTP/1.1" 500 2665 "-" "Mozilla/5.0 AppleWebKit/537.36 (KHTML, like Gecko; compatible; GPTBot/1.2; +https://openai.com/gptbot)"
cashforcarsrichardson.com.infinitibizsol.com:443
20.171.207.7 - - [11/Jun/2025:16:43:41 +0000] "GET /products/268sv3308 HTTP/1.1" 500 2665 "-" "Mozilla/5.0 AppleWebKit/537.36 (KHTML, like Gecko; compatible; GPTBot/1.2; +https://openai.com/gptbot)"
cashforcarsrichardson.com.infinitibizsol.com:443
20.171.207.7 - - [11/Jun/2025:16:44:44 +0000] "GET /products/98zp11252 HTTP/1.1" 500 2665 "-" "Mozilla/5.0 AppleWebKit/537.36 (KHTML, like Gecko; compatible; GPTBot/1.2; +https://openai.com/gptbot)"
cashforcarsrichardson.com.infinitibizsol.com:443
20.171.207.7 - - [11/Jun/2025:16:45:46 +0000] "GET /products/116gc4516 HTTP/1.1" 500 2665 "-" "Mozilla/5.0 AppleWebKit/537.36 (KHTML, like Gecko; compatible; GPTBot/1.2; +https://openai.com/gptbot)"
cashforcarsrichardson.com.infinitibizsol.com:443
204.12.252.98 - - [11/Jun/2025:16:46:00 +0000] "GET /wp-content/admin.php HTTP/1.1" 200 16 "https://cashforcarsrichardson.com/wp-content/admin.php" "Mozilla/5.0 (Windows NT 10.0; Win64; x64) AppleWebKit/537.36 (KHTML, like Gecko) Chrome/58.0.3029.110 Safari/537.3"
cashforcarsrichardson.com.infinitibizsol.com:443
20.171.207.7 - - [11/Jun/2025:16:46:47 +0000] "GET /products/26wy16166 HTTP/1.1" 500 2665 "-" "Mozilla/5.0 AppleWebKit/537.36 (KHTML, like Gecko; compatible; GPTBot/1.2; +https://openai.com/gptbot)"
cashforcarsrichardson.com.infinitibizsol.com:443
20.171.207.7 - - [11/Jun/2025:16:47:50 +0000] "GET /products/37mr46155 HTTP/1.1" 500 2665 "-" "Mozilla/5.0 AppleWebKit/537.36 (KHTML, like Gecko; compatible; GPTBot/1.2; +https://openai.com/gptbot)"
cashforcarsrichardson.com.infinitibizsol.com:443
20.171.207.7 - - [11/Jun/2025:16:48:52 +0000] "GET /products/29va28213 HTTP/1.1" 500 2665 "-" "Mozilla/5.0 AppleWebKit/537.36 (KHTML, like Gecko; compatible; GPTBot/1.2; +https://openai.com/gptbot)"
cashforcarsrichardson.com.infinitibizsol.com:443
20.171.207.7 - - [11/Jun/2025:16:49:53 +0000] "GET /products/180qj8494 HTTP/1.1" 500 2665 "-" "Mozilla/5.0 AppleWebKit/537.36 (KHTML, like Gecko; compatible; GPTBot/1.2; +https://openai.com/gptbot)"
cashforcarsrichardson.com.infinitibizsol.com:443
20.171.207.7 - - [11/Jun/2025:16:50:57 +0000] "GET /products/99pj38355 HTTP/1.1" 500 2665 "-" "Mozilla/5.0 AppleWebKit/537.36 (KHTML, like Gecko; compatible; GPTBot/1.2; +https://openai.com/gptbot)"
cashforcarsrichardson.com.infinitibizsol.com:443
20.171.207.7 - - [11/Jun/2025:16:52:01 +0000] "GET /products/75ar45459 HTTP/1.1" 500 2665 "-" "Mozilla/5.0 AppleWebKit/537.36 (KHTML, like Gecko; compatible; GPTBot/1.2; +https://openai.com/gptbot)"
cashforcarsrichardson.com.infinitibizsol.com:443
20.171.207.7 - - [11/Jun/2025:16:53:02 +0000] "GET /products/274zc2884 HTTP/1.1" 500 2665 "-" "Mozilla/5.0 AppleWebKit/537.36 (KHTML, like Gecko; compatible; GPTBot/1.2; +https://openai.com/gptbot)"
cashforcarsrichardson.com.infinitibizsol.com:443
20.171.207.7 - - [11/Jun/2025:16:54:04 +0000] "GET /products/237fr2897 HTTP/1.1" 500 2665 "-" "Mozilla/5.0 AppleWebKit/537.36 (KHTML, like Gecko; compatible; GPTBot/1.2; +https://openai.com/gptbot)"
cashforcarsrichardson.com.infinitibizsol.com:443
20.171.207.7 - - [11/Jun/2025:16:55:06 +0000] "GET /products/63to31031 HTTP/1.1" 500 2665 "-" "Mozilla/5.0 AppleWebKit/537.36 (KHTML, like Gecko; compatible; GPTBot/1.2; +https://openai.com/gptbot)"
cashforcarsrichardson.com.infinitibizsol.com:443
20.171.207.7 - - [11/Jun/2025:16:56:07 +0000] "GET /products/296ld9014 HTTP/1.1" 500 2665 "-" "Mozilla/5.0 AppleWebKit/537.36 (KHTML, like Gecko; compatible; GPTBot/1.2; +https://openai.com/gptbot)"
cashforcarsrichardson.com.infinitibizsol.com:443
208.110.64.178 - - [11/Jun/2025:16:56:57 +0000] "GET /wp-content/admin.php HTTP/1.1" 200 16 "https://cashforcarsrichardson.com/wp-content/admin.php" "Mozilla/5.0 (Windows NT 10.0; Win64; x64) AppleWebKit/537.36 (KHTML, like Gecko) Chrome/58.0.3029.110 Safari/537.3"
cashforcarsrichardson.com.infinitibizsol.com:443
20.171.207.7 - - [11/Jun/2025:16:57:09 +0000] "GET /products/65io33911 HTTP/1.1" 500 2665 "-" "Mozilla/5.0 AppleWebKit/537.36 (KHTML, like Gecko; compatible; GPTBot/1.2; +https://openai.com/gptbot)"
cashforcarsrichardson.com.infinitibizsol.com:443
20.171.207.7 - - [11/Jun/2025:16:58:13 +0000] "GET /products/36ax41474 HTTP/1.1" 500 2665 "-" "Mozilla/5.0 AppleWebKit/537.36 (KHTML, like Gecko; compatible; GPTBot/1.2; +https://openai.com/gptbot)"
cashforcarsrichardson.com.infinitibizsol.com:443
20.171.207.7 - - [11/Jun/2025:16:59:14 +0000] "GET /products/123eq3113 HTTP/1.1" 500 2665 "-" "Mozilla/5.0 AppleWebKit/537.36 (KHTML, like Gecko; compatible; GPTBot/1.2; +https://openai.com/gptbot)"
cashforcarsrichardson.com.infinitibizsol.com:443
20.171.207.7 - - [11/Jun/2025:17:00:19 +0000] "GET /products/25nk38575 HTTP/1.1" 500 2665 "-" "Mozilla/5.0 AppleWebKit/537.36 (KHTML, like Gecko; compatible; GPTBot/1.2; +https://openai.com/gptbot)"
cashforcarsrichardson.com.infinitibizsol.com:443
20.171.207.7 - - [11/Jun/2025:17:01:22 +0000] "GET /products/232zb4736 HTTP/1.1" 500 2665 "-" "Mozilla/5.0 AppleWebKit/537.36 (KHTML, like Gecko; compatible; GPTBot/1.2; +https://openai.com/gptbot)"
cashforcarsrichardson.com.infinitibizsol.com:443
20.171.207.7 - - [11/Jun/2025:17:02:25 +0000] "GET /products/162oz5464 HTTP/1.1" 500 2665 "-" "Mozilla/5.0 AppleWebKit/537.36 (KHTML, like Gecko; compatible; GPTBot/1.2; +https://openai.com/gptbot)"
cashforcarsrichardson.com.infinitibizsol.com:443
20.171.207.7 - - [11/Jun/2025:17:03:26 +0000] "GET /products/30sx34726 HTTP/1.1" 500 2665 "-" "Mozilla/5.0 AppleWebKit/537.36 (KHTML, like Gecko; compatible; GPTBot/1.2; +https://openai.com/gptbot)"
cashforcarsrichardson.com.infinitibizsol.com:443
20.171.207.7 - - [11/Jun/2025:17:04:32 +0000] "GET /products/153cb2215 HTTP/1.1" 500 2665 "-" "Mozilla/5.0 AppleWebKit/537.36 (KHTML, like Gecko; compatible; GPTBot/1.2; +https://openai.com/gptbot)"
cashforcarsrichardson.com.infinitibizsol.com:443
20.171.207.7 - - [11/Jun/2025:17:05:32 +0000] "GET /products/128an2006 HTTP/1.1" 500 2665 "-" "Mozilla/5.0 AppleWebKit/537.36 (KHTML, like Gecko; compatible; GPTBot/1.2; +https://openai.com/gptbot)"
cashforcarsrichardson.com.infinitibizsol.com:80
34.148.194.14 - - [11/Jun/2025:17:06:15 +0000] "HEAD /wordpress HTTP/1.1" 500 0 "-" "Mozilla/5.0 (Windows NT 10.0; Win64; x64) AppleWebKit/537.36 (KHTML, like Gecko) Chrome/74.0.3729.169 Safari/537.36"
cashforcarsrichardson.com.infinitibizsol.com:80
34.148.194.14 - - [11/Jun/2025:17:06:17 +0000] "HEAD / HTTP/1.1" 500 0 "-" "Mozilla/5.0 (Windows NT 10.0; Win64; x64) AppleWebKit/537.36 (KHTML, like Gecko) Chrome/74.0.3729.169 Safari/537.36"
cashforcarsrichardson.com.infinitibizsol.com:80
34.148.194.14 - - [11/Jun/2025:17:06:18 +0000] "HEAD /wp HTTP/1.1" 500 0 "-" "Mozilla/5.0 (Windows NT 10.0; Win64; x64) AppleWebKit/537.36 (KHTML, like Gecko) Chrome/74.0.3729.169 Safari/537.36"
cashforcarsrichardson.com.infinitibizsol.com:80
34.148.194.14 - - [11/Jun/2025:17:06:20 +0000] "HEAD /bc HTTP/1.1" 500 0 "-" "Mozilla/5.0 (Windows NT 10.0; Win64; x64) AppleWebKit/537.36 (KHTML, like Gecko) Chrome/74.0.3729.169 Safari/537.36"
cashforcarsrichardson.com.infinitibizsol.com:80
34.148.194.14 - - [11/Jun/2025:17:06:21 +0000] "HEAD /bk HTTP/1.1" 500 0 "-" "Mozilla/5.0 (Windows NT 10.0; Win64; x64) AppleWebKit/537.36 (KHTML, like Gecko) Chrome/74.0.3729.169 Safari/537.36"
cashforcarsrichardson.com.infinitibizsol.com:80
34.148.194.14 - - [11/Jun/2025:17:06:23 +0000] "HEAD /backup HTTP/1.1" 500 0 "-" "Mozilla/5.0 (Windows NT 10.0; Win64; x64) AppleWebKit/537.36 (KHTML, like Gecko) Chrome/74.0.3729.169 Safari/537.36"
cashforcarsrichardson.com.infinitibizsol.com:80
34.148.194.14 - - [11/Jun/2025:17:06:24 +0000] "HEAD /old HTTP/1.1" 500 0 "-" "Mozilla/5.0 (Windows NT 10.0; Win64; x64) AppleWebKit/537.36 (KHTML, like Gecko) Chrome/74.0.3729.169 Safari/537.36"
cashforcarsrichardson.com.infinitibizsol.com:80
34.148.194.14 - - [11/Jun/2025:17:06:25 +0000] "HEAD /new HTTP/1.1" 500 0 "-" "Mozilla/5.0 (Windows NT 10.0; Win64; x64) AppleWebKit/537.36 (KHTML, like Gecko) Chrome/74.0.3729.169 Safari/537.36"
cashforcarsrichardson.com.infinitibizsol.com:80
34.148.194.14 - - [11/Jun/2025:17:06:27 +0000] "HEAD /main HTTP/1.1" 500 0 "-" "Mozilla/5.0 (Windows NT 10.0; Win64; x64) AppleWebKit/537.36 (KHTML, like Gecko) Chrome/74.0.3729.169 Safari/537.36"
cashforcarsrichardson.com.infinitibizsol.com:80
34.148.194.14 - - [11/Jun/2025:17:06:28 +0000] "HEAD /home HTTP/1.1" 500 0 "-" "Mozilla/5.0 (Windows NT 10.0; Win64; x64) AppleWebKit/537.36 (KHTML, like Gecko) Chrome/74.0.3729.169 Safari/537.36"
cashforcarsrichardson.com.infinitibizsol.com:443
20.171.207.7 - - [11/Jun/2025:17:06:34 +0000] "GET /products/279fr3493 HTTP/1.1" 500 2665 "-" "Mozilla/5.0 AppleWebKit/537.36 (KHTML, like Gecko; compatible; GPTBot/1.2; +https://openai.com/gptbot)"
cashforcarsrichardson.com.infinitibizsol.com:443
208.110.64.178 - - [11/Jun/2025:17:07:36 +0000] "GET /wp-content/admin.php HTTP/1.1" 200 16 "https://cashforcarsrichardson.com/wp-content/admin.php" "Mozilla/5.0 (Windows NT 10.0; Win64; x64) AppleWebKit/537.36 (KHTML, like Gecko) Chrome/58.0.3029.110 Safari/537.3"
cashforcarsrichardson.com.infinitibizsol.com:443
20.171.207.7 - - [11/Jun/2025:17:07:37 +0000] "GET /products/45uz29261 HTTP/1.1" 500 2665 "-" "Mozilla/5.0 AppleWebKit/537.36 (KHTML, like Gecko; compatible; GPTBot/1.2; +https://openai.com/gptbot)"
cashforcarsrichardson.com.infinitibizsol.com:443
20.171.207.7 - - [11/Jun/2025:17:08:43 +0000] "GET /products/17hm14261 HTTP/1.1" 500 2665 "-" "Mozilla/5.0 AppleWebKit/537.36 (KHTML, like Gecko; compatible; GPTBot/1.2; +https://openai.com/gptbot)"
cashforcarsrichardson.com.infinitibizsol.com:443
20.171.207.7 - - [11/Jun/2025:17:09:46 +0000] "GET /products/98mw43094 HTTP/1.1" 500 2665 "-" "Mozilla/5.0 AppleWebKit/537.36 (KHTML, like Gecko; compatible; GPTBot/1.2; +https://openai.com/gptbot)"
cashforcarsrichardson.com.infinitibizsol.com:443
20.171.207.7 - - [11/Jun/2025:17:10:50 +0000] "GET /products/63pg45815 HTTP/1.1" 500 2665 "-" "Mozilla/5.0 AppleWebKit/537.36 (KHTML, like Gecko; compatible; GPTBot/1.2; +https://openai.com/gptbot)"
cashforcarsrichardson.com.infinitibizsol.com:443
45.227.253.15 - - [11/Jun/2025:17:11:11 +0000] "GET /index.php/jk HTTP/1.1" 500 2665 "-" "Mozilla/5.0 (Windows NT 6.2; Win64; x64) AppleWebKit/537.36 (KHTML, like Gecko) Chrome/86.0.4240.111 Safari/537.36"
cashforcarsrichardson.com.infinitibizsol.com:443
20.171.207.7 - - [11/Jun/2025:17:11:52 +0000] "GET /products/112fv2892 HTTP/1.1" 500 2665 "-" "Mozilla/5.0 AppleWebKit/537.36 (KHTML, like Gecko; compatible; GPTBot/1.2; +https://openai.com/gptbot)"
cashforcarsrichardson.com.infinitibizsol.com:443
137.226.113.44 - - [11/Jun/2025:17:12:28 +0000] "GET / HTTP/1.1" 500 2665 "-" "Mozilla/5.0 researchscan.comsys.rwth-aachen.de"
cashforcarsrichardson.com.infinitibizsol.com:443
20.171.207.7 - - [11/Jun/2025:17:12:54 +0000] "GET /products/136ls4932 HTTP/1.1" 500 2665 "-" "Mozilla/5.0 AppleWebKit/537.36 (KHTML, like Gecko; compatible; GPTBot/1.2; +https://openai.com/gptbot)"
cashforcarsrichardson.com.infinitibizsol.com:443
152.53.109.112 - - [11/Jun/2025:17:13:02 +0000] "GET /sell-my-car/ HTTP/1.1" 500 2665 "-" "Mozilla/5.0 (Windows NT 10.0; Win64; x64) AppleWebKit/537.36 (KHTML, like Gecko) Chrome/100.0.8172.103 Safari/537.36"
cashforcarsrichardson.com.infinitibizsol.com:443
20.171.207.7 - - [11/Jun/2025:17:13:59 +0000] "GET /products/30sx34726 HTTP/1.1" 500 2665 "-" "Mozilla/5.0 AppleWebKit/537.36 (KHTML, like Gecko; compatible; GPTBot/1.2; +https://openai.com/gptbot)"
cashforcarsrichardson.com.infinitibizsol.com:443
20.171.207.7 - - [11/Jun/2025:17:14:59 +0000] "GET /products/76ow28008 HTTP/1.1" 500 2665 "-" "Mozilla/5.0 AppleWebKit/537.36 (KHTML, like Gecko; compatible; GPTBot/1.2; +https://openai.com/gptbot)"
cashforcarsrichardson.com.infinitibizsol.com:443
20.171.207.7 - - [11/Jun/2025:17:16:03 +0000] "GET /products/84ko27836 HTTP/1.1" 500 2665 "-" "Mozilla/5.0 AppleWebKit/537.36 (KHTML, like Gecko; compatible; GPTBot/1.2; +https://openai.com/gptbot)"
cashforcarsrichardson.com.infinitibizsol.com:443
20.171.207.7 - - [11/Jun/2025:17:17:09 +0000] "GET /products/95pf47951 HTTP/1.1" 500 2665 "-" "Mozilla/5.0 AppleWebKit/537.36 (KHTML, like Gecko; compatible; GPTBot/1.2; +https://openai.com/gptbot)"
cashforcarsrichardson.com.infinitibizsol.com:443
20.171.207.7 - - [11/Jun/2025:17:18:13 +0000] "GET /products/43qv33125 HTTP/1.1" 500 2665 "-" "Mozilla/5.0 AppleWebKit/537.36 (KHTML, like Gecko; compatible; GPTBot/1.2; +https://openai.com/gptbot)"
cashforcarsrichardson.com.infinitibizsol.com:443
208.110.64.178 - - [11/Jun/2025:17:18:34 +0000] "GET /wp-content/admin.php HTTP/1.1" 200 16 "https://cashforcarsrichardson.com/wp-content/admin.php" "Mozilla/5.0 (Windows NT 10.0; Win64; x64) AppleWebKit/537.36 (KHTML, like Gecko) Chrome/58.0.3029.110 Safari/537.3"
cashforcarsrichardson.com.infinitibizsol.com:443
20.171.207.7 - - [11/Jun/2025:17:19:15 +0000] "GET /products/21uz27389 HTTP/1.1" 500 2665 "-" "Mozilla/5.0 AppleWebKit/537.36 (KHTML, like Gecko; compatible; GPTBot/1.2; +https://openai.com/gptbot)"
cashforcarsrichardson.com.infinitibizsol.com:443
20.171.207.7 - - [11/Jun/2025:17:20:17 +0000] "GET /products/171fe2123 HTTP/1.1" 500 2665 "-" "Mozilla/5.0 AppleWebKit/537.36 (KHTML, like Gecko; compatible; GPTBot/1.2; +https://openai.com/gptbot)"
cashforcarsrichardson.com.infinitibizsol.com:443
20.171.207.7 - - [11/Jun/2025:17:21:21 +0000] "GET /products/96ng40240 HTTP/1.1" 500 2665 "-" "Mozilla/5.0 AppleWebKit/537.36 (KHTML, like Gecko; compatible; GPTBot/1.2; +https://openai.com/gptbot)"
cashforcarsrichardson.com.infinitibizsol.com:443
20.171.207.7 - - [11/Jun/2025:17:22:26 +0000] "GET /products/157co7621 HTTP/1.1" 500 2665 "-" "Mozilla/5.0 AppleWebKit/537.36 (KHTML, like Gecko; compatible; GPTBot/1.2; +https://openai.com/gptbot)"
cashforcarsrichardson.com.infinitibizsol.com:443
20.171.207.7 - - [11/Jun/2025:17:23:31 +0000] "GET /products/73kp45731 HTTP/1.1" 500 2665 "-" "Mozilla/5.0 AppleWebKit/537.36 (KHTML, like Gecko; compatible; GPTBot/1.2; +https://openai.com/gptbot)"
cashforcarsrichardson.com.infinitibizsol.com:443
20.171.207.7 - - [11/Jun/2025:17:24:32 +0000] "GET /products/29ah34949 HTTP/1.1" 500 2653 "-" "Mozilla/5.0 AppleWebKit/537.36 (KHTML, like Gecko; compatible; GPTBot/1.2; +https://openai.com/gptbot)"
cashforcarsrichardson.com.infinitibizsol.com:443
20.171.207.7 - - [11/Jun/2025:17:25:38 +0000] "GET /products/273ee9187 HTTP/1.1" 500 2665 "-" "Mozilla/5.0 AppleWebKit/537.36 (KHTML, like Gecko; compatible; GPTBot/1.2; +https://openai.com/gptbot)"
cashforcarsrichardson.com.infinitibizsol.com:443
208.110.64.178 - - [11/Jun/2025:17:26:38 +0000] "GET /wp-content/admin.php HTTP/1.1" 200 16 "https://cashforcarsrichardson.com/wp-content/admin.php" "Mozilla/5.0 (Windows NT 10.0; Win64; x64) AppleWebKit/537.36 (KHTML, like Gecko) Chrome/58.0.3029.110 Safari/537.3"
cashforcarsrichardson.com.infinitibizsol.com:443
20.171.207.7 - - [11/Jun/2025:17:26:40 +0000] "GET /products/107qw9609 HTTP/1.1" 500 2665 "-" "Mozilla/5.0 AppleWebKit/537.36 (KHTML, like Gecko; compatible; GPTBot/1.2; +https://openai.com/gptbot)"
cashforcarsrichardson.com.infinitibizsol.com:443
20.171.207.7 - - [11/Jun/2025:17:27:44 +0000] "GET /products/55rt16847 HTTP/1.1" 500 2665 "-" "Mozilla/5.0 AppleWebKit/537.36 (KHTML, like Gecko; compatible; GPTBot/1.2; +https://openai.com/gptbot)"
cashforcarsrichardson.com.infinitibizsol.com:443
20.171.207.7 - - [11/Jun/2025:17:28:47 +0000] "GET /products/53iw37179 HTTP/1.1" 500 2665 "-" "Mozilla/5.0 AppleWebKit/537.36 (KHTML, like Gecko; compatible; GPTBot/1.2; +https://openai.com/gptbot)"
cashforcarsrichardson.com.infinitibizsol.com:443
20.171.207.7 - - [11/Jun/2025:17:29:50 +0000] "GET /products/41ud16829 HTTP/1.1" 500 2665 "-" "Mozilla/5.0 AppleWebKit/537.36 (KHTML, like Gecko; compatible; GPTBot/1.2; +https://openai.com/gptbot)"
cashforcarsrichardson.com.infinitibizsol.com:443
204.12.252.98 - - [11/Jun/2025:17:30:44 +0000] "GET /wp-content/admin.php HTTP/1.1" 200 16 "https://cashforcarsrichardson.com/wp-content/admin.php" "Mozilla/5.0 (Windows NT 10.0; Win64; x64) AppleWebKit/537.36 (KHTML, like Gecko) Chrome/58.0.3029.110 Safari/537.3"
cashforcarsrichardson.com.infinitibizsol.com:443
20.171.207.7 - - [11/Jun/2025:17:30:50 +0000] "GET /products/230wi3950 HTTP/1.1" 500 2665 "-" "Mozilla/5.0 AppleWebKit/537.36 (KHTML, like Gecko; compatible; GPTBot/1.2; +https://openai.com/gptbot)"
cashforcarsrichardson.com.infinitibizsol.com:443
20.171.207.7 - - [11/Jun/2025:17:31:53 +0000] "GET /products/214cz1784 HTTP/1.1" 500 2665 "-" "Mozilla/5.0 AppleWebKit/537.36 (KHTML, like Gecko; compatible; GPTBot/1.2; +https://openai.com/gptbot)"
cashforcarsrichardson.com.infinitibizsol.com:443
20.171.207.7 - - [11/Jun/2025:17:32:54 +0000] "GET /products/71zo16969 HTTP/1.1" 500 2665 "-" "Mozilla/5.0 AppleWebKit/537.36 (KHTML, like Gecko; compatible; GPTBot/1.2; +https://openai.com/gptbot)"
cashforcarsrichardson.com.infinitibizsol.com:443
20.171.207.7 - - [11/Jun/2025:17:33:56 +0000] "GET /products/71bj38861 HTTP/1.1" 500 2665 "-" "Mozilla/5.0 AppleWebKit/537.36 (KHTML, like Gecko; compatible; GPTBot/1.2; +https://openai.com/gptbot)"
cashforcarsrichardson.com.infinitibizsol.com:443
20.171.207.7 - - [11/Jun/2025:17:34:57 +0000] "GET /products/48cs25396 HTTP/1.1" 500 2665 "-" "Mozilla/5.0 AppleWebKit/537.36 (KHTML, like Gecko; compatible; GPTBot/1.2; +https://openai.com/gptbot)"
cashforcarsrichardson.com.infinitibizsol.com:443
20.171.207.7 - - [11/Jun/2025:17:36:03 +0000] "GET /products/223tw2109 HTTP/1.1" 500 2665 "-" "Mozilla/5.0 AppleWebKit/537.36 (KHTML, like Gecko; compatible; GPTBot/1.2; +https://openai.com/gptbot)"
cashforcarsrichardson.com.infinitibizsol.com:443
20.171.207.7 - - [11/Jun/2025:17:37:03 +0000] "GET /products/39th11649 HTTP/1.1" 500 2665 "-" "Mozilla/5.0 AppleWebKit/537.36 (KHTML, like Gecko; compatible; GPTBot/1.2; +https://openai.com/gptbot)"
cashforcarsrichardson.com.infinitibizsol.com:443
20.171.207.7 - - [11/Jun/2025:17:38:05 +0000] "GET /products/22jq26742 HTTP/1.1" 500 2665 "-" "Mozilla/5.0 AppleWebKit/537.36 (KHTML, like Gecko; compatible; GPTBot/1.2; +https://openai.com/gptbot)"
cashforcarsrichardson.com.infinitibizsol.com:443
20.171.207.7 - - [11/Jun/2025:17:39:06 +0000] "GET /products/107bk2677 HTTP/1.1" 500 2665 "-" "Mozilla/5.0 AppleWebKit/537.36 (KHTML, like Gecko; compatible; GPTBot/1.2; +https://openai.com/gptbot)"
cashforcarsrichardson.com.infinitibizsol.com:443
20.171.207.7 - - [11/Jun/2025:17:40:08 +0000] "GET /products/105kq7795 HTTP/1.1" 500 2665 "-" "Mozilla/5.0 AppleWebKit/537.36 (KHTML, like Gecko; compatible; GPTBot/1.2; +https://openai.com/gptbot)"
cashforcarsrichardson.com.infinitibizsol.com:443
20.171.207.7 - - [11/Jun/2025:17:41:12 +0000] "GET /products/107ok4855 HTTP/1.1" 500 2665 "-" "Mozilla/5.0 AppleWebKit/537.36 (KHTML, like Gecko; compatible; GPTBot/1.2; +https://openai.com/gptbot)"
cashforcarsrichardson.com.infinitibizsol.com:443
20.171.207.7 - - [11/Jun/2025:17:42:16 +0000] "GET /products/174vt3006 HTTP/1.1" 500 2665 "-" "Mozilla/5.0 AppleWebKit/537.36 (KHTML, like Gecko; compatible; GPTBot/1.2; +https://openai.com/gptbot)"
cashforcarsrichardson.com.infinitibizsol.com:443
20.171.207.7 - - [11/Jun/2025:17:43:18 +0000] "GET /products/12yu21640 HTTP/1.1" 500 2665 "-" "Mozilla/5.0 AppleWebKit/537.36 (KHTML, like Gecko; compatible; GPTBot/1.2; +https://openai.com/gptbot)"
cashforcarsrichardson.com.infinitibizsol.com:443
20.171.207.7 - - [11/Jun/2025:17:44:20 +0000] "GET /products/125ru4209 HTTP/1.1" 500 2665 "-" "Mozilla/5.0 AppleWebKit/537.36 (KHTML, like Gecko; compatible; GPTBot/1.2; +https://openai.com/gptbot)"
cashforcarsrichardson.com.infinitibizsol.com:443
20.171.207.7 - - [11/Jun/2025:17:45:25 +0000] "GET /products/192mi9414 HTTP/1.1" 500 2665 "-" "Mozilla/5.0 AppleWebKit/537.36 (KHTML, like Gecko; compatible; GPTBot/1.2; +https://openai.com/gptbot)"
cashforcarsrichardson.com.infinitibizsol.com:443
20.171.207.7 - - [11/Jun/2025:17:46:31 +0000] "GET /products/60od24622 HTTP/1.1" 500 2665 "-" "Mozilla/5.0 AppleWebKit/537.36 (KHTML, like Gecko; compatible; GPTBot/1.2; +https://openai.com/gptbot)"
cashforcarsrichardson.com.infinitibizsol.com:443
20.171.207.7 - - [11/Jun/2025:17:47:35 +0000] "GET /products/90gx30102 HTTP/1.1" 500 2665 "-" "Mozilla/5.0 AppleWebKit/537.36 (KHTML, like Gecko; compatible; GPTBot/1.2; +https://openai.com/gptbot)"
cashforcarsrichardson.com.infinitibizsol.com:80
137.184.165.4 - - [11/Jun/2025:17:47:36 +0000] "GET / HTTP/1.1" 500 2665 "-" "Mozilla/5.0 (X11; Linux x86_64) AppleWebKit/537.36 (KHTML, like Gecko) Chrome/137.0.0.0 Safari/537.36"
cashforcarsrichardson.com.infinitibizsol.com:80
137.184.165.4 - - [11/Jun/2025:17:47:39 +0000] "GET /ads.txt HTTP/1.1" 500 2665 "-" "Mozilla/5.0 (X11; Linux x86_64) AppleWebKit/537.36 (KHTML, like Gecko) Chrome/137.0.0.0 Safari/537.36"
cashforcarsrichardson.com.infinitibizsol.com:443
137.184.165.4 - - [11/Jun/2025:17:47:40 +0000] "GET / HTTP/1.1" 500 2665 "-" "Mozilla/5.0 (X11; Linux x86_64) AppleWebKit/537.36 (KHTML, like Gecko) Chrome/137.0.0.0 Safari/537.36"
cashforcarsrichardson.com.infinitibizsol.com:443
137.184.165.4 - - [11/Jun/2025:17:47:45 +0000] "GET /ads.txt HTTP/1.1" 500 2665 "-" "Mozilla/5.0 (X11; Linux x86_64) AppleWebKit/537.36 (KHTML, like Gecko) Chrome/137.0.0.0 Safari/537.36"
cashforcarsrichardson.com.infinitibizsol.com:443
20.171.207.7 - - [11/Jun/2025:17:48:35 +0000] "GET /products/281zs5883 HTTP/1.1" 500 2665 "-" "Mozilla/5.0 AppleWebKit/537.36 (KHTML, like Gecko; compatible; GPTBot/1.2; +https://openai.com/gptbot)"
cashforcarsrichardson.com.infinitibizsol.com:443
173.208.153.154 - - [11/Jun/2025:17:48:40 +0000] "GET /wp-content/admin.php HTTP/1.1" 200 16 "https://cashforcarsrichardson.com/wp-content/admin.php" "Mozilla/5.0 (compatible; MSIE 9.0; Windows NT 6.1; WOW64; Trident/5.0; Sleipnir/2.9.8)"
cashforcarsrichardson.com.infinitibizsol.com:443
108.181.202.211 - - [11/Jun/2025:17:48:41 +0000] "GET /wp-content/admin.php HTTP/1.1" 200 16 "https://cashforcarsrichardson.com/wp-content/admin.php" "Mozilla/5.0 (Macintosh; U; Intel Mac OS X 10_5_3; ja-jp) AppleWebKit/525.18 (KHTML, like Gecko) Version/3.1.1 Safari/525.20"
cashforcarsrichardson.com.infinitibizsol.com:443
69.197.135.226 - - [11/Jun/2025:17:49:14 +0000] "GET /wp-content/admin.php HTTP/1.1" 200 16 "https://cashforcarsrichardson.com/wp-content/admin.php" "Mozilla/5.0 (Windows NT 10.0; Win64; x64) AppleWebKit/537.36 (KHTML, like Gecko) Chrome/58.0.3029.110 Safari/537.3"
cashforcarsrichardson.com.infinitibizsol.com:443
20.171.207.7 - - [11/Jun/2025:17:49:40 +0000] "GET /products/91bd23019 HTTP/1.1" 500 2665 "-" "Mozilla/5.0 AppleWebKit/537.36 (KHTML, like Gecko; compatible; GPTBot/1.2; +https://openai.com/gptbot)"
cashforcarsrichardson.com.infinitibizsol.com:443
20.171.207.7 - - [11/Jun/2025:17:50:43 +0000] "GET /products/105kq7795 HTTP/1.1" 500 2665 "-" "Mozilla/5.0 AppleWebKit/537.36 (KHTML, like Gecko; compatible; GPTBot/1.2; +https://openai.com/gptbot)"
cashforcarsrichardson.com.infinitibizsol.com:443
20.171.207.7 - - [11/Jun/2025:17:51:44 +0000] "GET /products/11ii11765 HTTP/1.1" 500 2665 "-" "Mozilla/5.0 AppleWebKit/537.36 (KHTML, like Gecko; compatible; GPTBot/1.2; +https://openai.com/gptbot)"
cashforcarsrichardson.com.infinitibizsol.com:443
20.171.207.7 - - [11/Jun/2025:17:52:49 +0000] "GET /products/167qh9009 HTTP/1.1" 500 2665 "-" "Mozilla/5.0 AppleWebKit/537.36 (KHTML, like Gecko; compatible; GPTBot/1.2; +https://openai.com/gptbot)"
cashforcarsrichardson.com.infinitibizsol.com:443
20.171.207.7 - - [11/Jun/2025:17:53:53 +0000] "GET /products/92dn26064 HTTP/1.1" 500 2665 "-" "Mozilla/5.0 AppleWebKit/537.36 (KHTML, like Gecko; compatible; GPTBot/1.2; +https://openai.com/gptbot)"
cashforcarsrichardson.com.infinitibizsol.com:443
20.171.207.7 - - [11/Jun/2025:17:54:54 +0000] "GET /products/66jd26524 HTTP/1.1" 500 2665 "-" "Mozilla/5.0 AppleWebKit/537.36 (KHTML, like Gecko; compatible; GPTBot/1.2; +https://openai.com/gptbot)"
cashforcarsrichardson.com.infinitibizsol.com:443
20.171.207.7 - - [11/Jun/2025:17:56:00 +0000] "GET /products/42rl36934 HTTP/1.1" 500 2665 "-" "Mozilla/5.0 AppleWebKit/537.36 (KHTML, like Gecko; compatible; GPTBot/1.2; +https://openai.com/gptbot)"
cashforcarsrichardson.com.infinitibizsol.com:443
20.171.207.7 - - [11/Jun/2025:17:57:03 +0000] "GET /products/112hi2616 HTTP/1.1" 500 2665 "-" "Mozilla/5.0 AppleWebKit/537.36 (KHTML, like Gecko; compatible; GPTBot/1.2; +https://openai.com/gptbot)"
cashforcarsrichardson.com.infinitibizsol.com:443
20.171.207.7 - - [11/Jun/2025:17:58:03 +0000] "GET /products/119cv3953 HTTP/1.1" 500 2665 "-" "Mozilla/5.0 AppleWebKit/537.36 (KHTML, like Gecko; compatible; GPTBot/1.2; +https://openai.com/gptbot)"
cashforcarsrichardson.com.infinitibizsol.com:443
51.222.253.16 - - [11/Jun/2025:17:58:43 +0000] "GET /?sitemap543.xml HTTP/1.1" 200 23 "-" "Mozilla/5.0 (compatible; AhrefsBot/7.0; +http://ahrefs.com/robot/)"
cashforcarsrichardson.com.infinitibizsol.com:443
20.171.207.7 - - [11/Jun/2025:17:59:04 +0000] "GET /products/266jd5042 HTTP/1.1" 500 2665 "-" "Mozilla/5.0 AppleWebKit/537.36 (KHTML, like Gecko; compatible; GPTBot/1.2; +https://openai.com/gptbot)"
cashforcarsrichardson.com.infinitibizsol.com:443
20.171.207.7 - - [11/Jun/2025:18:00:09 +0000] "GET /products/204wa7064 HTTP/1.1" 500 2665 "-" "Mozilla/5.0 AppleWebKit/537.36 (KHTML, like Gecko; compatible; GPTBot/1.2; +https://openai.com/gptbot)"
cashforcarsrichardson.com.infinitibizsol.com:443
208.110.64.178 - - [11/Jun/2025:18:00:21 +0000] "GET /wp-content/admin.php HTTP/1.1" 200 16 "https://cashforcarsrichardson.com/wp-content/admin.php" "Mozilla/5.0 (Windows NT 10.0; Win64; x64) AppleWebKit/537.36 (KHTML, like Gecko) Chrome/58.0.3029.110 Safari/537.3"
cashforcarsrichardson.com.infinitibizsol.com:443
20.171.207.7 - - [11/Jun/2025:18:01:10 +0000] "GET /products/22zv19198 HTTP/1.1" 500 2665 "-" "Mozilla/5.0 AppleWebKit/537.36 (KHTML, like Gecko; compatible; GPTBot/1.2; +https://openai.com/gptbot)"
cashforcarsrichardson.com.infinitibizsol.com:443
20.171.207.7 - - [11/Jun/2025:18:02:10 +0000] "GET /products/173dx9627 HTTP/1.1" 500 2665 "-" "Mozilla/5.0 AppleWebKit/537.36 (KHTML, like Gecko; compatible; GPTBot/1.2; +https://openai.com/gptbot)"
cashforcarsrichardson.com.infinitibizsol.com:443
20.171.207.7 - - [11/Jun/2025:18:03:14 +0000] "GET /products/87vo25447 HTTP/1.1" 500 2665 "-" "Mozilla/5.0 AppleWebKit/537.36 (KHTML, like Gecko; compatible; GPTBot/1.2; +https://openai.com/gptbot)"
cashforcarsrichardson.com.infinitibizsol.com:443
20.171.207.7 - - [11/Jun/2025:18:04:18 +0000] "GET /products/264uy7484 HTTP/1.1" 500 2665 "-" "Mozilla/5.0 AppleWebKit/537.36 (KHTML, like Gecko; compatible; GPTBot/1.2; +https://openai.com/gptbot)"
cashforcarsrichardson.com.infinitibizsol.com:443
20.171.207.7 - - [11/Jun/2025:18:05:22 +0000] "GET /products/53xc34907 HTTP/1.1" 500 2665 "-" "Mozilla/5.0 AppleWebKit/537.36 (KHTML, like Gecko; compatible; GPTBot/1.2; +https://openai.com/gptbot)"
cashforcarsrichardson.com.infinitibizsol.com:443
208.110.64.178 - - [11/Jun/2025:18:05:24 +0000] "GET /wp-content/admin.php HTTP/1.1" 200 16 "https://cashforcarsrichardson.com/wp-content/admin.php" "Mozilla/5.0 (Windows NT 10.0; Win64; x64) AppleWebKit/537.36 (KHTML, like Gecko) Chrome/58.0.3029.110 Safari/537.3"
cashforcarsrichardson.com.infinitibizsol.com:443
20.171.207.7 - - [11/Jun/2025:18:06:27 +0000] "GET /products/76jn22068 HTTP/1.1" 500 2665 "-" "Mozilla/5.0 AppleWebKit/537.36 (KHTML, like Gecko; compatible; GPTBot/1.2; +https://openai.com/gptbot)"
cashforcarsrichardson.com.infinitibizsol.com:443
20.171.207.7 - - [11/Jun/2025:18:07:27 +0000] "GET /products/38ge36760 HTTP/1.1" 500 2665 "-" "Mozilla/5.0 AppleWebKit/537.36 (KHTML, like Gecko; compatible; GPTBot/1.2; +https://openai.com/gptbot)"
cashforcarsrichardson.com.infinitibizsol.com:443
20.171.207.7 - - [11/Jun/2025:18:08:28 +0000] "GET /products/82jn40406 HTTP/1.1" 500 2653 "-" "Mozilla/5.0 AppleWebKit/537.36 (KHTML, like Gecko; compatible; GPTBot/1.2; +https://openai.com/gptbot)"
cashforcarsrichardson.com.infinitibizsol.com:443
20.171.207.7 - - [11/Jun/2025:18:09:28 +0000] "GET /products/112qm2984 HTTP/1.1" 500 2665 "-" "Mozilla/5.0 AppleWebKit/537.36 (KHTML, like Gecko; compatible; GPTBot/1.2; +https://openai.com/gptbot)"
cashforcarsrichardson.com.infinitibizsol.com:443
20.171.207.7 - - [11/Jun/2025:18:10:30 +0000] "GET /products/79it47143 HTTP/1.1" 500 2665 "-" "Mozilla/5.0 AppleWebKit/537.36 (KHTML, like Gecko; compatible; GPTBot/1.2; +https://openai.com/gptbot)"
cashforcarsrichardson.com.infinitibizsol.com:443
20.171.207.7 - - [11/Jun/2025:18:11:31 +0000] "GET /products/121qk1855 HTTP/1.1" 500 2665 "-" "Mozilla/5.0 AppleWebKit/537.36 (KHTML, like Gecko; compatible; GPTBot/1.2; +https://openai.com/gptbot)"
cashforcarsrichardson.com.infinitibizsol.com:80
138.197.152.158 - - [11/Jun/2025:18:11:58 +0000] "GET /uploaded_script.php HTTP/1.1" 403 315 "www.google.com" "Mozilla/5.0 (Linux; Android 7.0; SM-G892A Build/NRD90M; wv) AppleWebKit/537.36 (KHTML, like Gecko) Version/4.0 Chrome/60.0.3112.107 Mobile Safari/537.36"
cashforcarsrichardson.com.infinitibizsol.com:443
138.197.152.158 - - [11/Jun/2025:18:11:59 +0000] "GET /uploaded_script.php HTTP/1.1" 403 313 "www.google.com" "Mozilla/5.0 (Linux; Android 7.0; SM-G892A Build/NRD90M; wv) AppleWebKit/537.36 (KHTML, like Gecko) Version/4.0 Chrome/60.0.3112.107 Mobile Safari/537.36"
cashforcarsrichardson.com.infinitibizsol.com:443
20.171.207.7 - - [11/Jun/2025:18:12:32 +0000] "GET /products/300bg6694 HTTP/1.1" 500 2665 "-" "Mozilla/5.0 AppleWebKit/537.36 (KHTML, like Gecko; compatible; GPTBot/1.2; +https://openai.com/gptbot)"
cashforcarsrichardson.com.infinitibizsol.com:443
20.171.207.7 - - [11/Jun/2025:18:13:36 +0000] "GET /products/42rn27034 HTTP/1.1" 500 2665 "-" "Mozilla/5.0 AppleWebKit/537.36 (KHTML, like Gecko; compatible; GPTBot/1.2; +https://openai.com/gptbot)"
cashforcarsrichardson.com.infinitibizsol.com:443
20.171.207.7 - - [11/Jun/2025:18:14:42 +0000] "GET /products/73dg19519 HTTP/1.1" 500 2665 "-" "Mozilla/5.0 AppleWebKit/537.36 (KHTML, like Gecko; compatible; GPTBot/1.2; +https://openai.com/gptbot)"
cashforcarsrichardson.com.infinitibizsol.com:443
20.171.207.7 - - [11/Jun/2025:18:15:45 +0000] "GET /products/98vt31610 HTTP/1.1" 500 2665 "-" "Mozilla/5.0 AppleWebKit/537.36 (KHTML, like Gecko; compatible; GPTBot/1.2; +https://openai.com/gptbot)"
cashforcarsrichardson.com.infinitibizsol.com:443
20.171.207.7 - - [11/Jun/2025:18:16:49 +0000] "GET /products/190iy4094 HTTP/1.1" 500 2665 "-" "Mozilla/5.0 AppleWebKit/537.36 (KHTML, like Gecko; compatible; GPTBot/1.2; +https://openai.com/gptbot)"
cashforcarsrichardson.com.infinitibizsol.com:443
204.12.252.98 - - [11/Jun/2025:18:17:48 +0000] "GET /wp-content/admin.php HTTP/1.1" 200 6 "https://cashforcarsrichardson.com/wp-content/admin.php" "Mozilla/5.0 (Windows NT 10.0; Win64; x64) AppleWebKit/537.36 (KHTML, like Gecko) Chrome/58.0.3029.110 Safari/537.3"
cashforcarsrichardson.com.infinitibizsol.com:443
20.171.207.7 - - [11/Jun/2025:18:17:50 +0000] "GET /products/60gt33552 HTTP/1.1" 500 2665 "-" "Mozilla/5.0 AppleWebKit/537.36 (KHTML, like Gecko; compatible; GPTBot/1.2; +https://openai.com/gptbot)"
cashforcarsrichardson.com.infinitibizsol.com:443
20.171.207.7 - - [11/Jun/2025:18:18:56 +0000] "GET /products/35uq40337 HTTP/1.1" 500 2665 "-" "Mozilla/5.0 AppleWebKit/537.36 (KHTML, like Gecko; compatible; GPTBot/1.2; +https://openai.com/gptbot)"
cashforcarsrichardson.com.infinitibizsol.com:443
20.171.207.7 - - [11/Jun/2025:18:19:59 +0000] "GET /products/97tq39723 HTTP/1.1" 500 2665 "-" "Mozilla/5.0 AppleWebKit/537.36 (KHTML, like Gecko; compatible; GPTBot/1.2; +https://openai.com/gptbot)"
cashforcarsrichardson.com.infinitibizsol.com:443
20.171.207.7 - - [11/Jun/2025:18:21:01 +0000] "GET /products/48iw44864 HTTP/1.1" 500 2653 "-" "Mozilla/5.0 AppleWebKit/537.36 (KHTML, like Gecko; compatible; GPTBot/1.2; +https://openai.com/gptbot)"
cashforcarsrichardson.com.infinitibizsol.com:443
20.171.207.7 - - [11/Jun/2025:18:22:06 +0000] "GET /products/32bx42082 HTTP/1.1" 500 2665 "-" "Mozilla/5.0 AppleWebKit/537.36 (KHTML, like Gecko; compatible; GPTBot/1.2; +https://openai.com/gptbot)"
cashforcarsrichardson.com.infinitibizsol.com:443
20.171.207.7 - - [11/Jun/2025:18:23:11 +0000] "GET /products/220os7210 HTTP/1.1" 500 2665 "-" "Mozilla/5.0 AppleWebKit/537.36 (KHTML, like Gecko; compatible; GPTBot/1.2; +https://openai.com/gptbot)"
cashforcarsrichardson.com.infinitibizsol.com:443
20.171.207.7 - - [11/Jun/2025:18:24:16 +0000] "GET /products/206xy2276 HTTP/1.1" 500 2665 "-" "Mozilla/5.0 AppleWebKit/537.36 (KHTML, like Gecko; compatible; GPTBot/1.2; +https://openai.com/gptbot)"
cashforcarsrichardson.com.infinitibizsol.com:443
20.171.207.7 - - [11/Jun/2025:18:25:22 +0000] "GET /products/257dz6829 HTTP/1.1" 500 2665 "-" "Mozilla/5.0 AppleWebKit/537.36 (KHTML, like Gecko; compatible; GPTBot/1.2; +https://openai.com/gptbot)"
cashforcarsrichardson.com.infinitibizsol.com:443
20.171.207.7 - - [11/Jun/2025:18:26:22 +0000] "GET /products/38qz36560 HTTP/1.1" 500 2665 "-" "Mozilla/5.0 AppleWebKit/537.36 (KHTML, like Gecko; compatible; GPTBot/1.2; +https://openai.com/gptbot)"
cashforcarsrichardson.com.infinitibizsol.com:443
204.12.252.98 - - [11/Jun/2025:18:27:11 +0000] "GET /wp-content/admin.php HTTP/1.1" 200 16 "https://cashforcarsrichardson.com/wp-content/admin.php" "Mozilla/5.0 (Windows NT 10.0; Win64; x64) AppleWebKit/537.36 (KHTML, like Gecko) Chrome/58.0.3029.110 Safari/537.3"
cashforcarsrichardson.com.infinitibizsol.com:443
20.171.207.7 - - [11/Jun/2025:18:27:25 +0000] "GET /products/36ml14604 HTTP/1.1" 500 2665 "-" "Mozilla/5.0 AppleWebKit/537.36 (KHTML, like Gecko; compatible; GPTBot/1.2; +https://openai.com/gptbot)"
cashforcarsrichardson.com.infinitibizsol.com:443
20.171.207.7 - - [11/Jun/2025:18:28:26 +0000] "GET /products/137rq3685 HTTP/1.1" 500 2665 "-" "Mozilla/5.0 AppleWebKit/537.36 (KHTML, like Gecko; compatible; GPTBot/1.2; +https://openai.com/gptbot)"
cashforcarsrichardson.com.infinitibizsol.com:443
20.171.207.7 - - [11/Jun/2025:18:29:30 +0000] "GET /products/42bp25912 HTTP/1.1" 500 2665 "-" "Mozilla/5.0 AppleWebKit/537.36 (KHTML, like Gecko; compatible; GPTBot/1.2; +https://openai.com/gptbot)"
cashforcarsrichardson.com.infinitibizsol.com:443
20.171.207.7 - - [11/Jun/2025:18:30:34 +0000] "GET /products/106ti4730 HTTP/1.1" 500 2665 "-" "Mozilla/5.0 AppleWebKit/537.36 (KHTML, like Gecko; compatible; GPTBot/1.2; +https://openai.com/gptbot)"
cashforcarsrichardson.com.infinitibizsol.com:443
20.171.207.7 - - [11/Jun/2025:18:31:35 +0000] "GET /products/86jh26986 HTTP/1.1" 500 2665 "-" "Mozilla/5.0 AppleWebKit/537.36 (KHTML, like Gecko; compatible; GPTBot/1.2; +https://openai.com/gptbot)"
cashforcarsrichardson.com.infinitibizsol.com:443
20.171.207.7 - - [11/Jun/2025:18:32:35 +0000] "GET /products/23ul39167 HTTP/1.1" 500 2665 "-" "Mozilla/5.0 AppleWebKit/537.36 (KHTML, like Gecko; compatible; GPTBot/1.2; +https://openai.com/gptbot)"
cashforcarsrichardson.com.infinitibizsol.com:443
20.171.207.7 - - [11/Jun/2025:18:33:36 +0000] "GET /products/217ta1463 HTTP/1.1" 500 2665 "-" "Mozilla/5.0 AppleWebKit/537.36 (KHTML, like Gecko; compatible; GPTBot/1.2; +https://openai.com/gptbot)"
cashforcarsrichardson.com.infinitibizsol.com:443
20.171.207.7 - - [11/Jun/2025:18:34:38 +0000] "GET /products/210ae6912 HTTP/1.1" 500 2665 "-" "Mozilla/5.0 AppleWebKit/537.36 (KHTML, like Gecko; compatible; GPTBot/1.2; +https://openai.com/gptbot)"
cashforcarsrichardson.com.infinitibizsol.com:443
20.171.207.7 - - [11/Jun/2025:18:35:41 +0000] "GET /products/57pc14529 HTTP/1.1" 500 2665 "-" "Mozilla/5.0 AppleWebKit/537.36 (KHTML, like Gecko; compatible; GPTBot/1.2; +https://openai.com/gptbot)"
cashforcarsrichardson.com.infinitibizsol.com:80
185.177.72.144 - - [11/Jun/2025:18:40:27 +0000] "GET /.git/HEAD HTTP/1.1" 500 2665 "-" "-"
cashforcarsrichardson.com.infinitibizsol.com:80
185.177.72.144 - - [11/Jun/2025:18:40:29 +0000] "GET /.aws/credentials HTTP/1.1" 500 2665 "-" "Mozilla/5.0 (Windows NT 10.0; Win64; x64) AppleWebKit/537.36 (KHTML, like Gecko) Chrome/91.0.4472.124 Safari/537.36"
cashforcarsrichardson.com.infinitibizsol.com:80
185.177.72.144 - - [11/Jun/2025:18:40:31 +0000] "GET /.AWS_/credentials HTTP/1.1" 500 2665 "-" "Mozilla/5.0 (Windows NT 10.0; Win64; x64) AppleWebKit/537.36 (KHTML, like Gecko) Chrome/91.0.4472.124 Safari/537.36"
cashforcarsrichardson.com.infinitibizsol.com:80
185.177.72.144 - - [11/Jun/2025:18:40:33 +0000] "GET /.env HTTP/1.1" 500 2665 "-" "Mozilla/5.0 (Windows NT 10.0; Win64; x64) AppleWebKit/537.36 (KHTML, like Gecko) Chrome/91.0.4472.124 Safari/537.36"
cashforcarsrichardson.com.infinitibizsol.com:80
185.177.72.144 - - [11/Jun/2025:18:40:35 +0000] "GET /.env.bak HTTP/1.1" 500 2665 "-" "Mozilla/5.0 (Windows NT 10.0; Win64; x64) AppleWebKit/537.36 (KHTML, like Gecko) Chrome/91.0.4472.124 Safari/537.36"
cashforcarsrichardson.com.infinitibizsol.com:80
185.177.72.144 - - [11/Jun/2025:18:40:36 +0000] "GET /.env.example HTTP/1.1" 500 2665 "-" "Mozilla/5.0 (Windows NT 10.0; Win64; x64) AppleWebKit/537.36 (KHTML, like Gecko) Chrome/91.0.4472.124 Safari/537.36"
cashforcarsrichardson.com.infinitibizsol.com:80
185.177.72.144 - - [11/Jun/2025:18:40:38 +0000] "GET /.env.local HTTP/1.1" 500 2653 "-" "Mozilla/5.0 (Windows NT 10.0; Win64; x64) AppleWebKit/537.36 (KHTML, like Gecko) Chrome/91.0.4472.124 Safari/537.36"
cashforcarsrichardson.com.infinitibizsol.com:80
185.177.72.144 - - [11/Jun/2025:18:40:40 +0000] "GET /.env.old HTTP/1.1" 500 2665 "-" "Mozilla/5.0 (Windows NT 10.0; Win64; x64) AppleWebKit/537.36 (KHTML, like Gecko) Chrome/91.0.4472.124 Safari/537.36"
cashforcarsrichardson.com.infinitibizsol.com:80
185.177.72.144 - - [11/Jun/2025:18:40:42 +0000] "GET /.env.production HTTP/1.1" 500 2665 "-" "Mozilla/5.0 (Windows NT 10.0; Win64; x64) AppleWebKit/537.36 (KHTML, like Gecko) Chrome/91.0.4472.124 Safari/537.36"
cashforcarsrichardson.com.infinitibizsol.com:80
185.177.72.144 - - [11/Jun/2025:18:40:43 +0000] "GET /?phpinfo=1 HTTP/1.1" 500 2665 "-" "Mozilla/5.0 (Windows NT 10.0; Win64; x64) AppleWebKit/537.36 (KHTML, like Gecko) Chrome/91.0.4472.124 Safari/537.36"
cashforcarsrichardson.com.infinitibizsol.com:80
185.177.72.144 - - [11/Jun/2025:18:40:45 +0000] "GET /api/shared/config.env HTTP/1.1" 500 2665 "-" "Mozilla/5.0 (Windows NT 10.0; Win64; x64) AppleWebKit/537.36 (KHTML, like Gecko) Chrome/91.0.4472.124 Safari/537.36"
cashforcarsrichardson.com.infinitibizsol.com:80
185.177.72.144 - - [11/Jun/2025:18:40:47 +0000] "GET /app/.env HTTP/1.1" 500 2665 "-" "Mozilla/5.0 (Windows NT 10.0; Win64; x64) AppleWebKit/537.36 (KHTML, like Gecko) Chrome/91.0.4472.124 Safari/537.36"
cashforcarsrichardson.com.infinitibizsol.com:80
185.177.72.144 - - [11/Jun/2025:18:40:49 +0000] "GET /application.properties HTTP/1.1" 500 2665 "-" "Mozilla/5.0 (Windows NT 10.0; Win64; x64) AppleWebKit/537.36 (KHTML, like Gecko) Chrome/91.0.4472.124 Safari/537.36"
cashforcarsrichardson.com.infinitibizsol.com:80
185.177.72.144 - - [11/Jun/2025:18:40:51 +0000] "GET /appsettings.json HTTP/1.1" 500 2665 "-" "Mozilla/5.0 (Windows NT 10.0; Win64; x64) AppleWebKit/537.36 (KHTML, like Gecko) Chrome/91.0.4472.124 Safari/537.36"
cashforcarsrichardson.com.infinitibizsol.com:80
185.177.72.144 - - [11/Jun/2025:18:40:53 +0000] "GET /aws/credentials HTTP/1.1" 500 2665 "-" "Mozilla/5.0 (Windows NT 10.0; Win64; x64) AppleWebKit/537.36 (KHTML, like Gecko) Chrome/91.0.4472.124 Safari/537.36"
cashforcarsrichardson.com.infinitibizsol.com:80
185.177.72.144 - - [11/Jun/2025:18:40:55 +0000] "GET /config.env HTTP/1.1" 500 2665 "-" "Mozilla/5.0 (Windows NT 10.0; Win64; x64) AppleWebKit/537.36 (KHTML, like Gecko) Chrome/91.0.4472.124 Safari/537.36"
cashforcarsrichardson.com.infinitibizsol.com:80
185.177.72.144 - - [11/Jun/2025:18:40:57 +0000] "GET /config.json HTTP/1.1" 500 2665 "-" "Mozilla/5.0 (Windows NT 10.0; Win64; x64) AppleWebKit/537.36 (KHTML, like Gecko) Chrome/91.0.4472.124 Safari/537.36"
cashforcarsrichardson.com.infinitibizsol.com:80
185.177.72.144 - - [11/Jun/2025:18:40:58 +0000] "GET /config/aws.yml HTTP/1.1" 500 2665 "-" "Mozilla/5.0 (Windows NT 10.0; Win64; x64) AppleWebKit/537.36 (KHTML, like Gecko) Chrome/91.0.4472.124 Safari/537.36"
cashforcarsrichardson.com.infinitibizsol.com:80
185.177.72.144 - - [11/Jun/2025:18:41:00 +0000] "GET /config/settings.json HTTP/1.1" 500 2665 "-" "Mozilla/5.0 (Windows NT 10.0; Win64; x64) AppleWebKit/537.36 (KHTML, like Gecko) Chrome/91.0.4472.124 Safari/537.36"
cashforcarsrichardson.com.infinitibizsol.com:80
185.177.72.144 - - [11/Jun/2025:18:41:02 +0000] "GET /i.php HTTP/1.1" 500 2665 "-" "Mozilla/5.0 (Windows NT 10.0; Win64; x64) AppleWebKit/537.36 (KHTML, like Gecko) Chrome/91.0.4472.124 Safari/537.36"
cashforcarsrichardson.com.infinitibizsol.com:80
185.177.72.144 - - [11/Jun/2025:18:41:05 +0000] "GET /info.php HTTP/1.1" 500 2665 "-" "Mozilla/5.0 (Windows NT 10.0; Win64; x64) AppleWebKit/537.36 (KHTML, like Gecko) Chrome/91.0.4472.124 Safari/537.36"
cashforcarsrichardson.com.infinitibizsol.com:80
185.177.72.144 - - [11/Jun/2025:18:41:07 +0000] "GET /laravel/.env HTTP/1.1" 500 2665 "-" "Mozilla/5.0 (Windows NT 10.0; Win64; x64) AppleWebKit/537.36 (KHTML, like Gecko) Chrome/91.0.4472.124 Safari/537.36"
cashforcarsrichardson.com.infinitibizsol.com:80
185.177.72.144 - - [11/Jun/2025:18:41:09 +0000] "GET /p.php HTTP/1.1" 500 2665 "-" "Mozilla/5.0 (Windows NT 10.0; Win64; x64) AppleWebKit/537.36 (KHTML, like Gecko) Chrome/91.0.4472.124 Safari/537.36"
cashforcarsrichardson.com.infinitibizsol.com:80
185.177.72.144 - - [11/Jun/2025:18:41:10 +0000] "GET /phpinfo HTTP/1.1" 500 2665 "-" "Mozilla/5.0 (Windows NT 10.0; Win64; x64) AppleWebKit/537.36 (KHTML, like Gecko) Chrome/91.0.4472.124 Safari/537.36"
cashforcarsrichardson.com.infinitibizsol.com:80
185.177.72.144 - - [11/Jun/2025:18:41:13 +0000] "GET /phpinfo.php HTTP/1.1" 500 2665 "-" "Mozilla/5.0 (Windows NT 10.0; Win64; x64) AppleWebKit/537.36 (KHTML, like Gecko) Chrome/91.0.4472.124 Safari/537.36"
cashforcarsrichardson.com.infinitibizsol.com:80
185.177.72.144 - - [11/Jun/2025:18:41:14 +0000] "GET /_profiler/phpinfo HTTP/1.1" 500 2665 "-" "Mozilla/5.0 (Windows NT 10.0; Win64; x64) AppleWebKit/537.36 (KHTML, like Gecko) Chrome/91.0.4472.124 Safari/537.36"
cashforcarsrichardson.com.infinitibizsol.com:443
