173.208.153.154 - - [12/Jun/2025:03:10:52 +0000] "GET /wp-content/admin.php HTTP/1.1" 200 16 "https://cashforcarsrichardson.com/wp-content/admin.php" "Mozilla/5.0 (Macintosh; Intel Mac OS X 10_6_8) AppleWebKit/534.24 (KHTML, like Gecko) Iron/11.0.700.2 Chrome/11.0.700.2 Safari/534.24"
cashforcarsrichardson.com.infinitibizsol.com:443
108.181.202.211 - - [12/Jun/2025:03:10:56 +0000] "GET /wp-content/admin.php HTTP/1.1" 200 16 "https://cashforcarsrichardson.com/wp-content/admin.php" "Mozilla/5.0 (Macintosh; Intel Mac OS X 10.5; rv:8.0.1) Gecko/20100101 Firefox/8.0.1"
cashforcarsrichardson.com.infinitibizsol.com:443
20.171.207.124 - - [12/Jun/2025:03:11:37 +0000] "GET /products/55kp48451 HTTP/1.1" 500 2665 "-" "Mozilla/5.0 AppleWebKit/537.36 (KHTML, like Gecko; compatible; GPTBot/1.2; +https://openai.com/gptbot)"
cashforcarsrichardson.com.infinitibizsol.com:443
20.171.207.124 - - [12/Jun/2025:03:12:42 +0000] "GET /products/17ub39717 HTTP/1.1" 500 2665 "-" "Mozilla/5.0 AppleWebKit/537.36 (KHTML, like Gecko; compatible; GPTBot/1.2; +https://openai.com/gptbot)"
cashforcarsrichardson.com.infinitibizsol.com:443
20.171.207.124 - - [12/Jun/2025:03:13:43 +0000] "GET /products/11ua36721 HTTP/1.1" 500 2665 "-" "Mozilla/5.0 AppleWebKit/537.36 (KHTML, like Gecko; compatible; GPTBot/1.2; +https://openai.com/gptbot)"
cashforcarsrichardson.com.infinitibizsol.com:443
20.171.207.124 - - [12/Jun/2025:03:14:47 +0000] "GET /products/284vs8134 HTTP/1.1" 500 2665 "-" "Mozilla/5.0 AppleWebKit/537.36 (KHTML, like Gecko; compatible; GPTBot/1.2; +https://openai.com/gptbot)"
cashforcarsrichardson.com.infinitibizsol.com:443
20.171.207.124 - - [12/Jun/2025:03:15:48 +0000] "GET /products/25cw11441 HTTP/1.1" 500 2665 "-" "Mozilla/5.0 AppleWebKit/537.36 (KHTML, like Gecko; compatible; GPTBot/1.2; +https://openai.com/gptbot)"
cashforcarsrichardson.com.infinitibizsol.com:443
20.171.207.124 - - [12/Jun/2025:03:16:52 +0000] "GET /products/175jo9337 HTTP/1.1" 500 2665 "-" "Mozilla/5.0 AppleWebKit/537.36 (KHTML, like Gecko; compatible; GPTBot/1.2; +https://openai.com/gptbot)"
cashforcarsrichardson.com.infinitibizsol.com:443
20.171.207.124 - - [12/Jun/2025:03:17:54 +0000] "GET /products/52ha30238 HTTP/1.1" 500 2665 "-" "Mozilla/5.0 AppleWebKit/537.36 (KHTML, like Gecko; compatible; GPTBot/1.2; +https://openai.com/gptbot)"
cashforcarsrichardson.com.infinitibizsol.com:443
20.171.207.124 - - [12/Jun/2025:03:18:57 +0000] "GET /products/85uc45697 HTTP/1.1" 500 2665 "-" "Mozilla/5.0 AppleWebKit/537.36 (KHTML, like Gecko; compatible; GPTBot/1.2; +https://openai.com/gptbot)"
cashforcarsrichardson.com.infinitibizsol.com:443
20.171.207.124 - - [12/Jun/2025:03:20:03 +0000] "GET /products/93jn32113 HTTP/1.1" 500 2665 "-" "Mozilla/5.0 AppleWebKit/537.36 (KHTML, like Gecko; compatible; GPTBot/1.2; +https://openai.com/gptbot)"
cashforcarsrichardson.com.infinitibizsol.com:443
20.171.207.124 - - [12/Jun/2025:03:21:04 +0000] "GET /products/74ip42316 HTTP/1.1" 500 2665 "-" "Mozilla/5.0 AppleWebKit/537.36 (KHTML, like Gecko; compatible; GPTBot/1.2; +https://openai.com/gptbot)"
cashforcarsrichardson.com.infinitibizsol.com:443
20.171.207.124 - - [12/Jun/2025:03:22:08 +0000] "GET /products/36ut39512 HTTP/1.1" 500 2665 "-" "Mozilla/5.0 AppleWebKit/537.36 (KHTML, like Gecko; compatible; GPTBot/1.2; +https://openai.com/gptbot)"
cashforcarsrichardson.com.infinitibizsol.com:443
20.171.207.124 - - [12/Jun/2025:03:23:12 +0000] "GET /products/55jv40451 HTTP/1.1" 500 2665 "-" "Mozilla/5.0 AppleWebKit/537.36 (KHTML, like Gecko; compatible; GPTBot/1.2; +https://openai.com/gptbot)"
cashforcarsrichardson.com.infinitibizsol.com:443
20.171.207.124 - - [12/Jun/2025:03:24:15 +0000] "GET /products/50lm34730 HTTP/1.1" 500 2665 "-" "Mozilla/5.0 AppleWebKit/537.36 (KHTML, like Gecko; compatible; GPTBot/1.2; +https://openai.com/gptbot)"
cashforcarsrichardson.com.infinitibizsol.com:443
20.171.207.124 - - [12/Jun/2025:03:25:21 +0000] "GET /products/153at4005 HTTP/1.1" 500 2665 "-" "Mozilla/5.0 AppleWebKit/537.36 (KHTML, like Gecko; compatible; GPTBot/1.2; +https://openai.com/gptbot)"
cashforcarsrichardson.com.infinitibizsol.com:443
20.171.207.124 - - [12/Jun/2025:03:26:26 +0000] "GET /products/69pf13079 HTTP/1.1" 500 2665 "-" "Mozilla/5.0 AppleWebKit/537.36 (KHTML, like Gecko; compatible; GPTBot/1.2; +https://openai.com/gptbot)"
cashforcarsrichardson.com.infinitibizsol.com:443
20.171.207.124 - - [12/Jun/2025:03:27:32 +0000] "GET /products/63zl37235 HTTP/1.1" 500 2665 "-" "Mozilla/5.0 AppleWebKit/537.36 (KHTML, like Gecko; compatible; GPTBot/1.2; +https://openai.com/gptbot)"
cashforcarsrichardson.com.infinitibizsol.com:443
20.171.207.124 - - [12/Jun/2025:03:28:35 +0000] "GET /products/54zi44072 HTTP/1.1" 500 2665 "-" "Mozilla/5.0 AppleWebKit/537.36 (KHTML, like Gecko; compatible; GPTBot/1.2; +https://openai.com/gptbot)"
cashforcarsrichardson.com.infinitibizsol.com:443
20.171.207.124 - - [12/Jun/2025:03:29:36 +0000] "GET /products/39co45091 HTTP/1.1" 500 2665 "-" "Mozilla/5.0 AppleWebKit/537.36 (KHTML, like Gecko; compatible; GPTBot/1.2; +https://openai.com/gptbot)"
cashforcarsrichardson.com.infinitibizsol.com:443
95.108.213.191 - - [12/Jun/2025:03:29:38 +0000] "GET /we-buy-cars/ HTTP/1.1" 200 13 "-" "Mozilla/5.0 (compatible; YandexBot/3.0; +http://yandex.com/bots)"
cashforcarsrichardson.com.infinitibizsol.com:443
20.171.207.124 - - [12/Jun/2025:03:30:38 +0000] "GET /products/105yr5137 HTTP/1.1" 500 2665 "-" "Mozilla/5.0 AppleWebKit/537.36 (KHTML, like Gecko; compatible; GPTBot/1.2; +https://openai.com/gptbot)"
cashforcarsrichardson.com.infinitibizsol.com:443
20.171.207.124 - - [12/Jun/2025:03:31:41 +0000] "GET /products/67cs20511 HTTP/1.1" 500 2665 "-" "Mozilla/5.0 AppleWebKit/537.36 (KHTML, like Gecko; compatible; GPTBot/1.2; +https://openai.com/gptbot)"
cashforcarsrichardson.com.infinitibizsol.com:443
20.171.207.124 - - [12/Jun/2025:03:32:42 +0000] "GET /products/281tw8127 HTTP/1.1" 500 2665 "-" "Mozilla/5.0 AppleWebKit/537.36 (KHTML, like Gecko; compatible; GPTBot/1.2; +https://openai.com/gptbot)"
cashforcarsrichardson.com.infinitibizsol.com:443
208.110.64.178 - - [12/Jun/2025:03:33:03 +0000] "GET /wp-content/admin.php HTTP/1.1" 200 16 "https://cashforcarsrichardson.com/wp-content/admin.php" "Mozilla/5.0 (Windows NT 10.0; Win64; x64) AppleWebKit/537.36 (KHTML, like Gecko) Chrome/58.0.3029.110 Safari/537.3"
cashforcarsrichardson.com.infinitibizsol.com:443
20.171.207.124 - - [12/Jun/2025:03:33:44 +0000] "GET /products/74jm17678 HTTP/1.1" 500 2665 "-" "Mozilla/5.0 AppleWebKit/537.36 (KHTML, like Gecko; compatible; GPTBot/1.2; +https://openai.com/gptbot)"
cashforcarsrichardson.com.infinitibizsol.com:443
45.227.253.15 - - [12/Jun/2025:03:34:20 +0000] "GET /393055-juejiang/?ARRAY=7o2230223n313734393730323934382p2231223n22687474703n5p2s5p2s3230342r31322r3233382r37345p2s3s6p633q7068705s636s64655s6n6326743q313734393639393334382q3961666331626339323732313139333830626439613263663766616135626365222p2232223n226138396461653834356330303433353232653737306138636639663931383838222p2233223n223032623832383666613964616438643064623861303630393930663139393437222p2262696r675s70617373223n2232382q33392q35312q36352q37322q38342q3838227q HTTP/1.1" 500 2665 "-" "Mozilla/5.0 (Windows NT 6.1; WOW64; rv:71.0) Gecko/20100101 Firefox/71.0"
cashforcarsrichardson.com.infinitibizsol.com:443
20.171.207.124 - - [12/Jun/2025:03:34:47 +0000] "GET /products/23aw44313 HTTP/1.1" 500 2665 "-" "Mozilla/5.0 AppleWebKit/537.36 (KHTML, like Gecko; compatible; GPTBot/1.2; +https://openai.com/gptbot)"
cashforcarsrichardson.com.infinitibizsol.com:443
20.171.207.124 - - [12/Jun/2025:03:35:48 +0000] "GET /products/56ag40204 HTTP/1.1" 500 2665 "-" "Mozilla/5.0 AppleWebKit/537.36 (KHTML, like Gecko; compatible; GPTBot/1.2; +https://openai.com/gptbot)"
cashforcarsrichardson.com.infinitibizsol.com:443
20.171.207.124 - - [12/Jun/2025:03:36:49 +0000] "GET /products/39js34241 HTTP/1.1" 500 2665 "-" "Mozilla/5.0 AppleWebKit/537.36 (KHTML, like Gecko; compatible; GPTBot/1.2; +https://openai.com/gptbot)"
cashforcarsrichardson.com.infinitibizsol.com:443
20.171.207.124 - - [12/Jun/2025:03:37:51 +0000] "GET /products/39dx26191 HTTP/1.1" 500 2665 "-" "Mozilla/5.0 AppleWebKit/537.36 (KHTML, like Gecko; compatible; GPTBot/1.2; +https://openai.com/gptbot)"
cashforcarsrichardson.com.infinitibizsol.com:443
20.171.207.124 - - [12/Jun/2025:03:38:54 +0000] "GET /products/10se33902 HTTP/1.1" 500 2665 "-" "Mozilla/5.0 AppleWebKit/537.36 (KHTML, like Gecko; compatible; GPTBot/1.2; +https://openai.com/gptbot)"
cashforcarsrichardson.com.infinitibizsol.com:443
20.171.207.124 - - [12/Jun/2025:03:39:58 +0000] "GET /products/223ps2009 HTTP/1.1" 500 2665 "-" "Mozilla/5.0 AppleWebKit/537.36 (KHTML, like Gecko; compatible; GPTBot/1.2; +https://openai.com/gptbot)"
cashforcarsrichardson.com.infinitibizsol.com:443
57.141.4.13 - - [12/Jun/2025:03:40:44 +0000] "GET / HTTP/1.1" 500 2665 "-" "meta-externalagent/1.1 (+https://developers.facebook.com/docs/sharing/webmasters/crawler)"
cashforcarsrichardson.com.infinitibizsol.com:443
20.171.207.124 - - [12/Jun/2025:03:41:05 +0000] "GET /products/16fc12148 HTTP/1.1" 500 2665 "-" "Mozilla/5.0 AppleWebKit/537.36 (KHTML, like Gecko; compatible; GPTBot/1.2; +https://openai.com/gptbot)"
cashforcarsrichardson.com.infinitibizsol.com:443
20.171.207.124 - - [12/Jun/2025:03:42:08 +0000] "GET /products/269yp1027 HTTP/1.1" 500 2665 "-" "Mozilla/5.0 AppleWebKit/537.36 (KHTML, like Gecko; compatible; GPTBot/1.2; +https://openai.com/gptbot)"
cashforcarsrichardson.com.infinitibizsol.com:443
20.171.207.124 - - [12/Jun/2025:03:43:11 +0000] "GET /products/57ri18759 HTTP/1.1" 500 2665 "-" "Mozilla/5.0 AppleWebKit/537.36 (KHTML, like Gecko; compatible; GPTBot/1.2; +https://openai.com/gptbot)"
cashforcarsrichardson.com.infinitibizsol.com:443
20.171.207.124 - - [12/Jun/2025:03:44:12 +0000] "GET /products/245ej2551 HTTP/1.1" 500 2665 "-" "Mozilla/5.0 AppleWebKit/537.36 (KHTML, like Gecko; compatible; GPTBot/1.2; +https://openai.com/gptbot)"
cashforcarsrichardson.com.infinitibizsol.com:443
20.171.207.124 - - [12/Jun/2025:03:45:17 +0000] "GET /products/123hx5385 HTTP/1.1" 500 2665 "-" "Mozilla/5.0 AppleWebKit/537.36 (KHTML, like Gecko; compatible; GPTBot/1.2; +https://openai.com/gptbot)"
cashforcarsrichardson.com.infinitibizsol.com:443
20.171.207.124 - - [12/Jun/2025:03:46:20 +0000] "GET /products/19at32743 HTTP/1.1" 500 2665 "-" "Mozilla/5.0 AppleWebKit/537.36 (KHTML, like Gecko; compatible; GPTBot/1.2; +https://openai.com/gptbot)"
cashforcarsrichardson.com.infinitibizsol.com:443
20.171.207.124 - - [12/Jun/2025:03:47:25 +0000] "GET /products/95ip16239 HTTP/1.1" 500 2665 "-" "Mozilla/5.0 AppleWebKit/537.36 (KHTML, like Gecko; compatible; GPTBot/1.2; +https://openai.com/gptbot)"
cashforcarsrichardson.com.infinitibizsol.com:443
20.171.207.124 - - [12/Jun/2025:03:48:31 +0000] "GET /products/37zb25503 HTTP/1.1" 500 2665 "-" "Mozilla/5.0 AppleWebKit/537.36 (KHTML, like Gecko; compatible; GPTBot/1.2; +https://openai.com/gptbot)"
cashforcarsrichardson.com.infinitibizsol.com:443
20.171.207.124 - - [12/Jun/2025:03:49:30 +0000] "GET /products/50uc10272 HTTP/1.1" 500 2665 "-" "Mozilla/5.0 AppleWebKit/537.36 (KHTML, like Gecko; compatible; GPTBot/1.2; +https://openai.com/gptbot)"
cashforcarsrichardson.com.infinitibizsol.com:443
20.171.207.124 - - [12/Jun/2025:03:50:31 +0000] "GET /products/34zt44684 HTTP/1.1" 500 2665 "-" "Mozilla/5.0 AppleWebKit/537.36 (KHTML, like Gecko; compatible; GPTBot/1.2; +https://openai.com/gptbot)"
cashforcarsrichardson.com.infinitibizsol.com:443
18.97.9.96 - - [12/Jun/2025:03:51:01 +0000] "GET / HTTP/1.1" 500 2665 "-" "Mozilla/5.0 AppleWebKit/537.36 (KHTML, like Gecko; compatible; PerplexityBot/1.0; +https://perplexity.ai/perplexitybot), Mozilla/5.0 (Macintosh; Intel Mac OS X 10.15; rv:130.0) Gecko/20100101 Firefox/130.0"
cashforcarsrichardson.com.infinitibizsol.com:443
20.171.207.124 - - [12/Jun/2025:03:51:43 +0000] "GET /products/300ow8422 HTTP/1.1" 500 2665 "-" "Mozilla/5.0 AppleWebKit/537.36 (KHTML, like Gecko; compatible; GPTBot/1.2; +https://openai.com/gptbot)"
cashforcarsrichardson.com.infinitibizsol.com:443
20.171.207.124 - - [12/Jun/2025:03:52:37 +0000] "GET /products/19oc10519 HTTP/1.1" 500 2665 "-" "Mozilla/5.0 AppleWebKit/537.36 (KHTML, like Gecko; compatible; GPTBot/1.2; +https://openai.com/gptbot)"
cashforcarsrichardson.com.infinitibizsol.com:443
20.171.207.124 - - [12/Jun/2025:03:53:37 +0000] "GET /products/24ks36240 HTTP/1.1" 500 2665 "-" "Mozilla/5.0 AppleWebKit/537.36 (KHTML, like Gecko; compatible; GPTBot/1.2; +https://openai.com/gptbot)"
cashforcarsrichardson.com.infinitibizsol.com:443
20.171.207.124 - - [12/Jun/2025:03:54:43 +0000] "GET /products/104ds5166 HTTP/1.1" 500 2665 "-" "Mozilla/5.0 AppleWebKit/537.36 (KHTML, like Gecko; compatible; GPTBot/1.2; +https://openai.com/gptbot)"
cashforcarsrichardson.com.infinitibizsol.com:443
208.110.64.178 - - [12/Jun/2025:03:54:44 +0000] "GET /wp-content/admin.php HTTP/1.1" 200 16 "https://cashforcarsrichardson.com/wp-content/admin.php" "Mozilla/5.0 (Windows NT 10.0; Win64; x64) AppleWebKit/537.36 (KHTML, like Gecko) Chrome/58.0.3029.110 Safari/537.3"
cashforcarsrichardson.com.infinitibizsol.com:80
106.227.49.113 - - [12/Jun/2025:03:54:59 +0000] "GET / HTTP/1.1" 500 2665 "-" "Mozilla/5.0 (iPhone; CPU iPhone OS 13_2_3 like Mac OS X) AppleWebKit/605.1.15 (KHTML, like Gecko) Version/13.0.3 Mobile/15E148 Safari/604.1"
cashforcarsrichardson.com.infinitibizsol.com:443
20.171.207.124 - - [12/Jun/2025:03:55:47 +0000] "GET /products/40zl36326 HTTP/1.1" 500 2665 "-" "Mozilla/5.0 AppleWebKit/537.36 (KHTML, like Gecko; compatible; GPTBot/1.2; +https://openai.com/gptbot)"
cashforcarsrichardson.com.infinitibizsol.com:443
20.171.207.124 - - [12/Jun/2025:03:56:50 +0000] "GET /products/71ex14577 HTTP/1.1" 500 2665 "-" "Mozilla/5.0 AppleWebKit/537.36 (KHTML, like Gecko; compatible; GPTBot/1.2; +https://openai.com/gptbot)"
cashforcarsrichardson.com.infinitibizsol.com:443
20.171.207.124 - - [12/Jun/2025:03:57:53 +0000] "GET /products/289op7543 HTTP/1.1" 500 2665 "-" "Mozilla/5.0 AppleWebKit/537.36 (KHTML, like Gecko; compatible; GPTBot/1.2; +https://openai.com/gptbot)"
cashforcarsrichardson.com.infinitibizsol.com:443
20.171.207.124 - - [12/Jun/2025:03:58:58 +0000] "GET /products/42df22346 HTTP/1.1" 500 2665 "-" "Mozilla/5.0 AppleWebKit/537.36 (KHTML, like Gecko; compatible; GPTBot/1.2; +https://openai.com/gptbot)"
cashforcarsrichardson.com.infinitibizsol.com:443
20.171.207.124 - - [12/Jun/2025:03:59:59 +0000] "GET /products/149rl4531 HTTP/1.1" 500 2665 "-" "Mozilla/5.0 AppleWebKit/537.36 (KHTML, like Gecko; compatible; GPTBot/1.2; +https://openai.com/gptbot)"
cashforcarsrichardson.com.infinitibizsol.com:443
20.171.207.124 - - [12/Jun/2025:04:01:03 +0000] "GET /products/34zt44684 HTTP/1.1" 500 2665 "-" "Mozilla/5.0 AppleWebKit/537.36 (KHTML, like Gecko; compatible; GPTBot/1.2; +https://openai.com/gptbot)"
cashforcarsrichardson.com.infinitibizsol.com:443
20.171.207.124 - - [12/Jun/2025:04:02:02 +0000] "GET /products/45vf42029 HTTP/1.1" 500 2665 "-" "Mozilla/5.0 AppleWebKit/537.36 (KHTML, like Gecko; compatible; GPTBot/1.2; +https://openai.com/gptbot)"
cashforcarsrichardson.com.infinitibizsol.com:443
20.171.207.124 - - [12/Jun/2025:04:03:06 +0000] "GET /products/131py8107 HTTP/1.1" 500 2665 "-" "Mozilla/5.0 AppleWebKit/537.36 (KHTML, like Gecko; compatible; GPTBot/1.2; +https://openai.com/gptbot)"
cashforcarsrichardson.com.infinitibizsol.com:443
20.171.207.124 - - [12/Jun/2025:04:04:10 +0000] "GET /products/57zq18251 HTTP/1.1" 500 2665 "-" "Mozilla/5.0 AppleWebKit/537.36 (KHTML, like Gecko; compatible; GPTBot/1.2; +https://openai.com/gptbot)"
cashforcarsrichardson.com.infinitibizsol.com:443
20.171.207.124 - - [12/Jun/2025:04:05:12 +0000] "GET /products/10gh47764 HTTP/1.1" 500 2665 "-" "Mozilla/5.0 AppleWebKit/537.36 (KHTML, like Gecko; compatible; GPTBot/1.2; +https://openai.com/gptbot)"
cashforcarsrichardson.com.infinitibizsol.com:443
20.171.207.124 - - [12/Jun/2025:04:06:14 +0000] "GET /products/46kk38110 HTTP/1.1" 500 2653 "-" "Mozilla/5.0 AppleWebKit/537.36 (KHTML, like Gecko; compatible; GPTBot/1.2; +https://openai.com/gptbot)"
cashforcarsrichardson.com.infinitibizsol.com:443
20.171.207.124 - - [12/Jun/2025:04:07:17 +0000] "GET /products/35ok19941 HTTP/1.1" 500 2665 "-" "Mozilla/5.0 AppleWebKit/537.36 (KHTML, like Gecko; compatible; GPTBot/1.2; +https://openai.com/gptbot)"
cashforcarsrichardson.com.infinitibizsol.com:443
20.171.207.124 - - [12/Jun/2025:04:08:17 +0000] "GET /products/172lo8452 HTTP/1.1" 500 2665 "-" "Mozilla/5.0 AppleWebKit/537.36 (KHTML, like Gecko; compatible; GPTBot/1.2; +https://openai.com/gptbot)"
cashforcarsrichardson.com.infinitibizsol.com:80
49.51.73.183 - - [12/Jun/2025:04:09:18 +0000] "GET / HTTP/1.1" 500 2665 "-" "Mozilla/5.0 (iPhone; CPU iPhone OS 13_2_3 like Mac OS X) AppleWebKit/605.1.15 (KHTML, like Gecko) Version/13.0.3 Mobile/15E148 Safari/604.1"
cashforcarsrichardson.com.infinitibizsol.com:443
20.171.207.124 - - [12/Jun/2025:04:09:18 +0000] "GET /products/52cr41020 HTTP/1.1" 500 2665 "-" "Mozilla/5.0 AppleWebKit/537.36 (KHTML, like Gecko; compatible; GPTBot/1.2; +https://openai.com/gptbot)"
cashforcarsrichardson.com.infinitibizsol.com:443
20.171.207.124 - - [12/Jun/2025:04:10:21 +0000] "GET /products/97zx43139 HTTP/1.1" 500 2665 "-" "Mozilla/5.0 AppleWebKit/537.36 (KHTML, like Gecko; compatible; GPTBot/1.2; +https://openai.com/gptbot)"
cashforcarsrichardson.com.infinitibizsol.com:443
20.171.207.124 - - [12/Jun/2025:04:11:26 +0000] "GET /products/27cp15855 HTTP/1.1" 500 2665 "-" "Mozilla/5.0 AppleWebKit/537.36 (KHTML, like Gecko; compatible; GPTBot/1.2; +https://openai.com/gptbot)"
cashforcarsrichardson.com.infinitibizsol.com:443
20.171.207.124 - - [12/Jun/2025:04:12:31 +0000] "GET /products/268lw9238 HTTP/1.1" 500 2665 "-" "Mozilla/5.0 AppleWebKit/537.36 (KHTML, like Gecko; compatible; GPTBot/1.2; +https://openai.com/gptbot)"
cashforcarsrichardson.com.infinitibizsol.com:443
20.171.207.124 - - [12/Jun/2025:04:13:35 +0000] "GET /products/232fw1802 HTTP/1.1" 500 2665 "-" "Mozilla/5.0 AppleWebKit/537.36 (KHTML, like Gecko; compatible; GPTBot/1.2; +https://openai.com/gptbot)"
cashforcarsrichardson.com.infinitibizsol.com:443
20.171.207.124 - - [12/Jun/2025:04:14:39 +0000] "GET /products/21al47117 HTTP/1.1" 500 2665 "-" "Mozilla/5.0 AppleWebKit/537.36 (KHTML, like Gecko; compatible; GPTBot/1.2; +https://openai.com/gptbot)"
cashforcarsrichardson.com.infinitibizsol.com:443
20.171.207.124 - - [12/Jun/2025:04:15:42 +0000] "GET /products/286hn9662 HTTP/1.1" 500 2665 "-" "Mozilla/5.0 AppleWebKit/537.36 (KHTML, like Gecko; compatible; GPTBot/1.2; +https://openai.com/gptbot)"
cashforcarsrichardson.com.infinitibizsol.com:443
20.171.207.124 - - [12/Jun/2025:04:16:47 +0000] "GET /products/84ks45194 HTTP/1.1" 500 2665 "-" "Mozilla/5.0 AppleWebKit/537.36 (KHTML, like Gecko; compatible; GPTBot/1.2; +https://openai.com/gptbot)"
cashforcarsrichardson.com.infinitibizsol.com:443
20.171.207.124 - - [12/Jun/2025:04:17:50 +0000] "GET /products/65ff41613 HTTP/1.1" 500 2665 "-" "Mozilla/5.0 AppleWebKit/537.36 (KHTML, like Gecko; compatible; GPTBot/1.2; +https://openai.com/gptbot)"
cashforcarsrichardson.com.infinitibizsol.com:443
69.197.182.50 - - [12/Jun/2025:04:18:42 +0000] "GET /wp-content/admin.php HTTP/1.1" 200 16 "https://cashforcarsrichardson.com/wp-content/admin.php" "Mozilla/5.0 (Windows NT 10.0; Win64; x64) AppleWebKit/537.36 (KHTML, like Gecko) Chrome/58.0.3029.110 Safari/537.3"
cashforcarsrichardson.com.infinitibizsol.com:443
20.171.207.124 - - [12/Jun/2025:04:18:52 +0000] "GET /products/130xe4424 HTTP/1.1" 500 2665 "-" "Mozilla/5.0 AppleWebKit/537.36 (KHTML, like Gecko; compatible; GPTBot/1.2; +https://openai.com/gptbot)"
cashforcarsrichardson.com.infinitibizsol.com:443
20.171.207.124 - - [12/Jun/2025:04:20:07 +0000] "GET /products/41jg10361 HTTP/1.1" 500 2665 "-" "Mozilla/5.0 AppleWebKit/537.36 (KHTML, like Gecko; compatible; GPTBot/1.2; +https://openai.com/gptbot)"
cashforcarsrichardson.com.infinitibizsol.com:443
20.171.207.124 - - [12/Jun/2025:04:21:26 +0000] "GET /products/79bb20213 HTTP/1.1" 500 2665 "-" "Mozilla/5.0 AppleWebKit/537.36 (KHTML, like Gecko; compatible; GPTBot/1.2; +https://openai.com/gptbot)"
cashforcarsrichardson.com.infinitibizsol.com:443
20.171.207.124 - - [12/Jun/2025:04:22:52 +0000] "GET /products/23si36283 HTTP/1.1" 500 2665 "-" "Mozilla/5.0 AppleWebKit/537.36 (KHTML, like Gecko; compatible; GPTBot/1.2; +https://openai.com/gptbot)"
cashforcarsrichardson.com.infinitibizsol.com:443
20.171.207.124 - - [12/Jun/2025:04:24:13 +0000] "GET /products/181og6989 HTTP/1.1" 500 2665 "-" "Mozilla/5.0 AppleWebKit/537.36 (KHTML, like Gecko; compatible; GPTBot/1.2; +https://openai.com/gptbot)"
cashforcarsrichardson.com.infinitibizsol.com:443
20.171.207.124 - - [12/Jun/2025:04:24:19 +0000] "GET /products/25jk29773 HTTP/1.1" 500 2665 "-" "Mozilla/5.0 AppleWebKit/537.36 (KHTML, like Gecko; compatible; GPTBot/1.2; +https://openai.com/gptbot)"
cashforcarsrichardson.com.infinitibizsol.com:443
20.171.207.124 - - [12/Jun/2025:04:25:19 +0000] "GET /products/55jt16179 HTTP/1.1" 500 2665 "-" "Mozilla/5.0 AppleWebKit/537.36 (KHTML, like Gecko; compatible; GPTBot/1.2; +https://openai.com/gptbot)"
cashforcarsrichardson.com.infinitibizsol.com:443
20.171.207.124 - - [12/Jun/2025:04:26:21 +0000] "GET /products/92dm20814 HTTP/1.1" 500 2665 "-" "Mozilla/5.0 AppleWebKit/537.36 (KHTML, like Gecko; compatible; GPTBot/1.2; +https://openai.com/gptbot)"
cashforcarsrichardson.com.infinitibizsol.com:443
20.171.207.124 - - [12/Jun/2025:04:27:24 +0000] "GET /products/56mu25840 HTTP/1.1" 500 2665 "-" "Mozilla/5.0 AppleWebKit/537.36 (KHTML, like Gecko; compatible; GPTBot/1.2; +https://openai.com/gptbot)"
cashforcarsrichardson.com.infinitibizsol.com:443
20.171.207.124 - - [12/Jun/2025:04:28:26 +0000] "GET /products/65ff41613 HTTP/1.1" 500 2665 "-" "Mozilla/5.0 AppleWebKit/537.36 (KHTML, like Gecko; compatible; GPTBot/1.2; +https://openai.com/gptbot)"
cashforcarsrichardson.com.infinitibizsol.com:443
20.171.207.124 - - [12/Jun/2025:04:29:26 +0000] "GET /products/54nc10202 HTTP/1.1" 500 2665 "-" "Mozilla/5.0 AppleWebKit/537.36 (KHTML, like Gecko; compatible; GPTBot/1.2; +https://openai.com/gptbot)"
cashforcarsrichardson.com.infinitibizsol.com:443
20.171.207.124 - - [12/Jun/2025:04:30:28 +0000] "GET /products/66fx20968 HTTP/1.1" 500 2665 "-" "Mozilla/5.0 AppleWebKit/537.36 (KHTML, like Gecko; compatible; GPTBot/1.2; +https://openai.com/gptbot)"
cashforcarsrichardson.com.infinitibizsol.com:443
108.181.202.211 - - [12/Jun/2025:04:30:33 +0000] "GET /wp-content/admin.php HTTP/1.1" 200 16 "https://cashforcarsrichardson.com/wp-content/admin.php" "Mozilla/4.0 (compatible; MSIE 8.0; Windows NT 5.1; Trident/4.0; .NET CLR 2.0.50727; InfoPath.1"
cashforcarsrichardson.com.infinitibizsol.com:443
173.208.153.154 - - [12/Jun/2025:04:30:34 +0000] "GET /wp-content/admin.php HTTP/1.1" 200 16 "https://cashforcarsrichardson.com/wp-content/admin.php" "Mozilla/4.0 (compatible; MSIE 7.0; Windows NT 5.1; .NET CLR 1.1.4322; .NET CLR 2.0.50727; .NET CLR 3.0.04506.30)"
cashforcarsrichardson.com.infinitibizsol.com:443
20.171.207.124 - - [12/Jun/2025:04:31:30 +0000] "GET /products/92mi42152 HTTP/1.1" 500 2665 "-" "Mozilla/5.0 AppleWebKit/537.36 (KHTML, like Gecko; compatible; GPTBot/1.2; +https://openai.com/gptbot)"
cashforcarsrichardson.com.infinitibizsol.com:443
20.171.207.124 - - [12/Jun/2025:04:32:36 +0000] "GET /products/88em21108 HTTP/1.1" 500 2665 "-" "Mozilla/5.0 AppleWebKit/537.36 (KHTML, like Gecko; compatible; GPTBot/1.2; +https://openai.com/gptbot)"
cashforcarsrichardson.com.infinitibizsol.com:443
20.171.207.124 - - [12/Jun/2025:04:33:41 +0000] "GET /products/135lz3225 HTTP/1.1" 500 2665 "-" "Mozilla/5.0 AppleWebKit/537.36 (KHTML, like Gecko; compatible; GPTBot/1.2; +https://openai.com/gptbot)"
cashforcarsrichardson.com.infinitibizsol.com:443
20.171.207.124 - - [12/Jun/2025:04:34:45 +0000] "GET /products/242yz3572 HTTP/1.1" 500 2665 "-" "Mozilla/5.0 AppleWebKit/537.36 (KHTML, like Gecko; compatible; GPTBot/1.2; +https://openai.com/gptbot)"
cashforcarsrichardson.com.infinitibizsol.com:443
20.171.207.124 - - [12/Jun/2025:04:35:53 +0000] "GET /products/36wr29016 HTTP/1.1" 500 2665 "-" "Mozilla/5.0 AppleWebKit/537.36 (KHTML, like Gecko; compatible; GPTBot/1.2; +https://openai.com/gptbot)"
cashforcarsrichardson.com.infinitibizsol.com:443
20.171.207.124 - - [12/Jun/2025:04:36:51 +0000] "GET /products/49gz49945 HTTP/1.1" 500 2665 "-" "Mozilla/5.0 AppleWebKit/537.36 (KHTML, like Gecko; compatible; GPTBot/1.2; +https://openai.com/gptbot)"
cashforcarsrichardson.com.infinitibizsol.com:443
20.171.207.124 - - [12/Jun/2025:04:37:52 +0000] "GET /products/57xa23125 HTTP/1.1" 500 2665 "-" "Mozilla/5.0 AppleWebKit/537.36 (KHTML, like Gecko; compatible; GPTBot/1.2; +https://openai.com/gptbot)"
cashforcarsrichardson.com.infinitibizsol.com:443
20.171.207.124 - - [12/Jun/2025:04:38:55 +0000] "GET /products/68he35158 HTTP/1.1" 500 2665 "-" "Mozilla/5.0 AppleWebKit/537.36 (KHTML, like Gecko; compatible; GPTBot/1.2; +https://openai.com/gptbot)"
cashforcarsrichardson.com.infinitibizsol.com:443
20.171.207.124 - - [12/Jun/2025:04:39:58 +0000] "GET /products/160lo8670 HTTP/1.1" 500 2665 "-" "Mozilla/5.0 AppleWebKit/537.36 (KHTML, like Gecko; compatible; GPTBot/1.2; +https://openai.com/gptbot)"
cashforcarsrichardson.com.infinitibizsol.com:443
20.171.207.124 - - [12/Jun/2025:04:41:00 +0000] "GET /products/173ds2269 HTTP/1.1" 500 2665 "-" "Mozilla/5.0 AppleWebKit/537.36 (KHTML, like Gecko; compatible; GPTBot/1.2; +https://openai.com/gptbot)"
cashforcarsrichardson.com.infinitibizsol.com:443
20.171.207.124 - - [12/Jun/2025:04:42:05 +0000] "GET /products/113pm3019 HTTP/1.1" 500 2665 "-" "Mozilla/5.0 AppleWebKit/537.36 (KHTML, like Gecko; compatible; GPTBot/1.2; +https://openai.com/gptbot)"
cashforcarsrichardson.com.infinitibizsol.com:443
20.171.207.124 - - [12/Jun/2025:04:43:10 +0000] "GET /products/103of6865 HTTP/1.1" 500 2665 "-" "Mozilla/5.0 AppleWebKit/537.36 (KHTML, like Gecko; compatible; GPTBot/1.2; +https://openai.com/gptbot)"
cashforcarsrichardson.com.infinitibizsol.com:443
20.171.207.124 - - [12/Jun/2025:04:44:15 +0000] "GET /products/24tk28556 HTTP/1.1" 500 2665 "-" "Mozilla/5.0 AppleWebKit/537.36 (KHTML, like Gecko; compatible; GPTBot/1.2; +https://openai.com/gptbot)"
cashforcarsrichardson.com.infinitibizsol.com:443
20.171.207.124 - - [12/Jun/2025:04:45:16 +0000] "GET /products/86xq28440 HTTP/1.1" 500 2665 "-" "Mozilla/5.0 AppleWebKit/537.36 (KHTML, like Gecko; compatible; GPTBot/1.2; +https://openai.com/gptbot)"
cashforcarsrichardson.com.infinitibizsol.com:443
20.171.207.124 - - [12/Jun/2025:04:46:19 +0000] "GET / HTTP/1.1" 500 2665 "-" "Mozilla/5.0 AppleWebKit/537.36 (KHTML, like Gecko; compatible; GPTBot/1.2; +https://openai.com/gptbot)"
cashforcarsrichardson.com.infinitibizsol.com:443
20.171.207.124 - - [12/Jun/2025:04:47:18 +0000] "GET /products/78op27044 HTTP/1.1" 500 2665 "-" "Mozilla/5.0 AppleWebKit/537.36 (KHTML, like Gecko; compatible; GPTBot/1.2; +https://openai.com/gptbot)"
cashforcarsrichardson.com.infinitibizsol.com:443
20.171.207.124 - - [12/Jun/2025:04:48:23 +0000] "GET /products/146xy6202 HTTP/1.1" 500 2665 "-" "Mozilla/5.0 AppleWebKit/537.36 (KHTML, like Gecko; compatible; GPTBot/1.2; +https://openai.com/gptbot)"
cashforcarsrichardson.com.infinitibizsol.com:443
20.171.207.124 - - [12/Jun/2025:04:49:29 +0000] "GET /products/90od28388 HTTP/1.1" 500 2665 "-" "Mozilla/5.0 AppleWebKit/537.36 (KHTML, like Gecko; compatible; GPTBot/1.2; +https://openai.com/gptbot)"
cashforcarsrichardson.com.infinitibizsol.com:443
162.0.223.40 - - [12/Jun/2025:04:50:22 +0000] "POST /wp-cron.php?doing_wp_cron=1749703821.2609879970550537109375 HTTP/1.1" 499 0 "-" "WordPress/6.8.1; https://cashforcarsrichardson.com"
cashforcarsrichardson.com.infinitibizsol.com:443
20.171.207.124 - - [12/Jun/2025:04:50:32 +0000] "GET /products/267ll6949 HTTP/1.1" 500 2665 "-" "Mozilla/5.0 AppleWebKit/537.36 (KHTML, like Gecko; compatible; GPTBot/1.2; +https://openai.com/gptbot)"
cashforcarsrichardson.com.infinitibizsol.com:443
20.171.207.124 - - [12/Jun/2025:04:51:37 +0000] "GET /products/21ku37543 HTTP/1.1" 500 2665 "-" "Mozilla/5.0 AppleWebKit/537.36 (KHTML, like Gecko; compatible; GPTBot/1.2; +https://openai.com/gptbot)"
cashforcarsrichardson.com.infinitibizsol.com:443
20.171.207.124 - - [12/Jun/2025:04:52:42 +0000] "GET /products/17es48281 HTTP/1.1" 500 2665 "-" "Mozilla/5.0 AppleWebKit/537.36 (KHTML, like Gecko; compatible; GPTBot/1.2; +https://openai.com/gptbot)"
cashforcarsrichardson.com.infinitibizsol.com:443
20.171.207.124 - - [12/Jun/2025:04:55:34 +0000] "GET /products/70iu30514 HTTP/1.1" 500 2665 "-" "Mozilla/5.0 AppleWebKit/537.36 (KHTML, like Gecko; compatible; GPTBot/1.2; +https://openai.com/gptbot)"
cashforcarsrichardson.com.infinitibizsol.com:443
20.171.207.124 - - [12/Jun/2025:04:55:47 +0000] "GET /products/67ga45367 HTTP/1.1" 500 2665 "-" "Mozilla/5.0 AppleWebKit/537.36 (KHTML, like Gecko; compatible; GPTBot/1.2; +https://openai.com/gptbot)"
cashforcarsrichardson.com.infinitibizsol.com:443
20.171.207.124 - - [12/Jun/2025:04:56:37 +0000] "GET /products/32po19208 HTTP/1.1" 500 2665 "-" "Mozilla/5.0 AppleWebKit/537.36 (KHTML, like Gecko; compatible; GPTBot/1.2; +https://openai.com/gptbot)"
cashforcarsrichardson.com.infinitibizsol.com:443
20.171.207.124 - - [12/Jun/2025:04:57:42 +0000] "GET /products/30jy20436 HTTP/1.1" 500 2665 "-" "Mozilla/5.0 AppleWebKit/537.36 (KHTML, like Gecko; compatible; GPTBot/1.2; +https://openai.com/gptbot)"
cashforcarsrichardson.com.infinitibizsol.com:443
20.171.207.124 - - [12/Jun/2025:04:58:42 +0000] "GET /products/44ok42838 HTTP/1.1" 500 2665 "-" "Mozilla/5.0 AppleWebKit/537.36 (KHTML, like Gecko; compatible; GPTBot/1.2; +https://openai.com/gptbot)"
cashforcarsrichardson.com.infinitibizsol.com:80
102.129.223.92 - - [12/Jun/2025:04:59:20 +0000] "GET / HTTP/1.1" 500 2665 "-" "Mozilla/5.0 (Windows NT 10.0; Win64; x64; Xbox; Xbox One) AppleWebKit/537.36 (KHTML, like Gecko) Chrome/114.0.0.0 Safari/537.36 Edge/44.18363.8131"
cashforcarsrichardson.com.infinitibizsol.com:443
162.0.223.40 - - [12/Jun/2025:04:59:39 +0000] "POST /wp-cron.php?doing_wp_cron=1749704378.1898400783538818359375 HTTP/1.1" 499 0 "-" "WordPress/6.8.1; https://cashforcarsrichardson.com"
cashforcarsrichardson.com.infinitibizsol.com:443
20.171.207.124 - - [12/Jun/2025:04:59:42 +0000] "GET /products/40pl36438 HTTP/1.1" 500 2665 "-" "Mozilla/5.0 AppleWebKit/537.36 (KHTML, like Gecko; compatible; GPTBot/1.2; +https://openai.com/gptbot)"
cashforcarsrichardson.com.infinitibizsol.com:443
69.197.182.50 - - [12/Jun/2025:05:00:19 +0000] "GET /wp-content/admin.php HTTP/1.1" 200 16 "https://cashforcarsrichardson.com/wp-content/admin.php" "Mozilla/5.0 (Windows NT 10.0; Win64; x64) AppleWebKit/537.36 (KHTML, like Gecko) Chrome/58.0.3029.110 Safari/537.3"
cashforcarsrichardson.com.infinitibizsol.com:443
20.171.207.124 - - [12/Jun/2025:05:00:45 +0000] "GET /products/24pk41026 HTTP/1.1" 500 2665 "-" "Mozilla/5.0 AppleWebKit/537.36 (KHTML, like Gecko; compatible; GPTBot/1.2; +https://openai.com/gptbot)"
cashforcarsrichardson.com.infinitibizsol.com:443
20.171.207.124 - - [12/Jun/2025:05:01:50 +0000] "GET /products/176ce1076 HTTP/1.1" 500 2665 "-" "Mozilla/5.0 AppleWebKit/537.36 (KHTML, like Gecko; compatible; GPTBot/1.2; +https://openai.com/gptbot)"
cashforcarsrichardson.com.infinitibizsol.com:443
20.171.207.124 - - [12/Jun/2025:05:02:52 +0000] "GET /products/64gg13202 HTTP/1.1" 500 2665 "-" "Mozilla/5.0 AppleWebKit/537.36 (KHTML, like Gecko; compatible; GPTBot/1.2; +https://openai.com/gptbot)"
cashforcarsrichardson.com.infinitibizsol.com:443
20.171.207.124 - - [12/Jun/2025:05:03:52 +0000] "GET /products/99fs42307 HTTP/1.1" 500 2665 "-" "Mozilla/5.0 AppleWebKit/537.36 (KHTML, like Gecko; compatible; GPTBot/1.2; +https://openai.com/gptbot)"
cashforcarsrichardson.com.infinitibizsol.com:443
20.171.207.124 - - [12/Jun/2025:05:04:54 +0000] "GET /products/179sb8051 HTTP/1.1" 500 2665 "-" "Mozilla/5.0 AppleWebKit/537.36 (KHTML, like Gecko; compatible; GPTBot/1.2; +https://openai.com/gptbot)"
cashforcarsrichardson.com.infinitibizsol.com:443
20.171.207.124 - - [12/Jun/2025:05:05:59 +0000] "GET /products/83do35425 HTTP/1.1" 500 2665 "-" "Mozilla/5.0 AppleWebKit/537.36 (KHTML, like Gecko; compatible; GPTBot/1.2; +https://openai.com/gptbot)"
cashforcarsrichardson.com.infinitibizsol.com:443
20.171.207.124 - - [12/Jun/2025:05:07:05 +0000] "GET /products/171fk7611 HTTP/1.1" 500 2665 "-" "Mozilla/5.0 AppleWebKit/537.36 (KHTML, like Gecko; compatible; GPTBot/1.2; +https://openai.com/gptbot)"
cashforcarsrichardson.com.infinitibizsol.com:443
20.171.207.124 - - [12/Jun/2025:05:08:07 +0000] "GET /products/121ye4239 HTTP/1.1" 500 2665 "-" "Mozilla/5.0 AppleWebKit/537.36 (KHTML, like Gecko; compatible; GPTBot/1.2; +https://openai.com/gptbot)"
cashforcarsrichardson.com.infinitibizsol.com:443
20.171.207.124 - - [12/Jun/2025:05:09:11 +0000] "GET /products/201tt8457 HTTP/1.1" 500 2665 "-" "Mozilla/5.0 AppleWebKit/537.36 (KHTML, like Gecko; compatible; GPTBot/1.2; +https://openai.com/gptbot)"
cashforcarsrichardson.com.infinitibizsol.com:443
20.171.207.124 - - [12/Jun/2025:05:10:11 +0000] "GET /products/19bu27569 HTTP/1.1" 500 2665 "-" "Mozilla/5.0 AppleWebKit/537.36 (KHTML, like Gecko; compatible; GPTBot/1.2; +https://openai.com/gptbot)"
cashforcarsrichardson.com.infinitibizsol.com:443
20.171.207.124 - - [12/Jun/2025:05:11:14 +0000] "GET /products/42ez43834 HTTP/1.1" 500 2665 "-" "Mozilla/5.0 AppleWebKit/537.36 (KHTML, like Gecko; compatible; GPTBot/1.2; +https://openai.com/gptbot)"
cashforcarsrichardson.com.infinitibizsol.com:443
20.171.207.124 - - [12/Jun/2025:05:12:19 +0000] "GET /products/17gl11899 HTTP/1.1" 500 2665 "-" "Mozilla/5.0 AppleWebKit/537.36 (KHTML, like Gecko; compatible; GPTBot/1.2; +https://openai.com/gptbot)"
cashforcarsrichardson.com.infinitibizsol.com:443
208.110.64.178 - - [12/Jun/2025:05:12:25 +0000] "GET /wp-content/admin.php HTTP/1.1" 200 16 "https://cashforcarsrichardson.com/wp-content/admin.php" "Mozilla/5.0 (Windows NT 10.0; Win64; x64) AppleWebKit/537.36 (KHTML, like Gecko) Chrome/58.0.3029.110 Safari/537.3"
cashforcarsrichardson.com.infinitibizsol.com:443
45.227.253.15 - - [12/Jun/2025:05:13:59 +0000] "GET /index.php/jk HTTP/1.1" 500 2665 "-" "Mozilla/5.0 (Windows NT 6.3; WOW64; rv:74.0) Gecko/20100101 Firefox/74.0"
cashforcarsrichardson.com.infinitibizsol.com:443
20.171.207.124 - - [12/Jun/2025:05:14:49 +0000] "GET /products/58au21896 HTTP/1.1" 500 2665 "-" "Mozilla/5.0 AppleWebKit/537.36 (KHTML, like Gecko; compatible; GPTBot/1.2; +https://openai.com/gptbot)"
cashforcarsrichardson.com.infinitibizsol.com:443
20.171.207.124 - - [12/Jun/2025:05:14:59 +0000] "GET /products/55vq18101 HTTP/1.1" 500 2665 "-" "Mozilla/5.0 AppleWebKit/537.36 (KHTML, like Gecko; compatible; GPTBot/1.2; +https://openai.com/gptbot)"
cashforcarsrichardson.com.infinitibizsol.com:443
20.171.207.124 - - [12/Jun/2025:05:15:51 +0000] "GET /products/32xr19538 HTTP/1.1" 500 2665 "-" "Mozilla/5.0 AppleWebKit/537.36 (KHTML, like Gecko; compatible; GPTBot/1.2; +https://openai.com/gptbot)"
cashforcarsrichardson.com.infinitibizsol.com:443
20.171.207.124 - - [12/Jun/2025:05:16:56 +0000] "GET /products/24xu44910 HTTP/1.1" 500 2665 "-" "Mozilla/5.0 AppleWebKit/537.36 (KHTML, like Gecko; compatible; GPTBot/1.2; +https://openai.com/gptbot)"
cashforcarsrichardson.com.infinitibizsol.com:443
20.171.207.124 - - [12/Jun/2025:05:18:02 +0000] "GET /products/127wz4149 HTTP/1.1" 500 2665 "-" "Mozilla/5.0 AppleWebKit/537.36 (KHTML, like Gecko; compatible; GPTBot/1.2; +https://openai.com/gptbot)"
cashforcarsrichardson.com.infinitibizsol.com:443
20.171.207.124 - - [12/Jun/2025:05:19:04 +0000] "GET /products/16ve33636 HTTP/1.1" 500 2665 "-" "Mozilla/5.0 AppleWebKit/537.36 (KHTML, like Gecko; compatible; GPTBot/1.2; +https://openai.com/gptbot)"
cashforcarsrichardson.com.infinitibizsol.com:443
20.171.207.124 - - [12/Jun/2025:05:20:06 +0000] "GET /products/84ne43694 HTTP/1.1" 500 2665 "-" "Mozilla/5.0 AppleWebKit/537.36 (KHTML, like Gecko; compatible; GPTBot/1.2; +https://openai.com/gptbot)"
cashforcarsrichardson.com.infinitibizsol.com:443
20.171.207.124 - - [12/Jun/2025:05:21:11 +0000] "GET /products/64lq32200 HTTP/1.1" 500 2665 "-" "Mozilla/5.0 AppleWebKit/537.36 (KHTML, like Gecko; compatible; GPTBot/1.2; +https://openai.com/gptbot)"
cashforcarsrichardson.com.infinitibizsol.com:443
20.171.207.124 - - [12/Jun/2025:05:22:14 +0000] "GET /products/109za9441 HTTP/1.1" 500 2665 "-" "Mozilla/5.0 AppleWebKit/537.36 (KHTML, like Gecko; compatible; GPTBot/1.2; +https://openai.com/gptbot)"
cashforcarsrichardson.com.infinitibizsol.com:443
20.171.207.124 - - [12/Jun/2025:05:23:20 +0000] "GET /products/73ep15939 HTTP/1.1" 500 2665 "-" "Mozilla/5.0 AppleWebKit/537.36 (KHTML, like Gecko; compatible; GPTBot/1.2; +https://openai.com/gptbot)"
cashforcarsrichardson.com.infinitibizsol.com:443
20.171.207.124 - - [12/Jun/2025:05:24:21 +0000] "GET /products/299vo5121 HTTP/1.1" 500 2665 "-" "Mozilla/5.0 AppleWebKit/537.36 (KHTML, like Gecko; compatible; GPTBot/1.2; +https://openai.com/gptbot)"
cashforcarsrichardson.com.infinitibizsol.com:443
20.171.207.124 - - [12/Jun/2025:05:25:25 +0000] "GET /products/105vb5059 HTTP/1.1" 500 2665 "-" "Mozilla/5.0 AppleWebKit/537.36 (KHTML, like Gecko; compatible; GPTBot/1.2; +https://openai.com/gptbot)"
cashforcarsrichardson.com.infinitibizsol.com:443
20.171.207.124 - - [12/Jun/2025:05:26:27 +0000] "GET /products/265rw9657 HTTP/1.1" 500 2665 "-" "Mozilla/5.0 AppleWebKit/537.36 (KHTML, like Gecko; compatible; GPTBot/1.2; +https://openai.com/gptbot)"
cashforcarsrichardson.com.infinitibizsol.com:80
170.106.180.153 - - [12/Jun/2025:05:27:06 +0000] "GET / HTTP/1.1" 500 2665 "-" "Mozilla/5.0 (iPhone; CPU iPhone OS 13_2_3 like Mac OS X) AppleWebKit/605.1.15 (KHTML, like Gecko) Version/13.0.3 Mobile/15E148 Safari/604.1"
cashforcarsrichardson.com.infinitibizsol.com:443
20.171.207.124 - - [12/Jun/2025:05:27:30 +0000] "GET /products/17nn19115 HTTP/1.1" 500 2653 "-" "Mozilla/5.0 AppleWebKit/537.36 (KHTML, like Gecko; compatible; GPTBot/1.2; +https://openai.com/gptbot)"
cashforcarsrichardson.com.infinitibizsol.com:443
20.171.207.124 - - [12/Jun/2025:05:28:30 +0000] "GET /products/233zf1993 HTTP/1.1" 500 2665 "-" "Mozilla/5.0 AppleWebKit/537.36 (KHTML, like Gecko; compatible; GPTBot/1.2; +https://openai.com/gptbot)"
cashforcarsrichardson.com.infinitibizsol.com:443
20.171.207.124 - - [12/Jun/2025:05:29:34 +0000] "GET /products/132xd8110 HTTP/1.1" 500 2665 "-" "Mozilla/5.0 AppleWebKit/537.36 (KHTML, like Gecko; compatible; GPTBot/1.2; +https://openai.com/gptbot)"
cashforcarsrichardson.com.infinitibizsol.com:443
20.171.207.124 - - [12/Jun/2025:05:30:39 +0000] "GET /products/259sj5027 HTTP/1.1" 500 2665 "-" "Mozilla/5.0 AppleWebKit/537.36 (KHTML, like Gecko; compatible; GPTBot/1.2; +https://openai.com/gptbot)"
cashforcarsrichardson.com.infinitibizsol.com:443
20.171.207.124 - - [12/Jun/2025:05:31:40 +0000] "GET /products/31wj31755 HTTP/1.1" 500 2665 "-" "Mozilla/5.0 AppleWebKit/537.36 (KHTML, like Gecko; compatible; GPTBot/1.2; +https://openai.com/gptbot)"
cashforcarsrichardson.com.infinitibizsol.com:443
20.171.207.124 - - [12/Jun/2025:05:32:43 +0000] "GET /products/54jl34114 HTTP/1.1" 500 2665 "-" "Mozilla/5.0 AppleWebKit/537.36 (KHTML, like Gecko; compatible; GPTBot/1.2; +https://openai.com/gptbot)"
cashforcarsrichardson.com.infinitibizsol.com:443
20.171.207.124 - - [12/Jun/2025:05:33:48 +0000] "GET /products/53vd38135 HTTP/1.1" 500 2665 "-" "Mozilla/5.0 AppleWebKit/537.36 (KHTML, like Gecko; compatible; GPTBot/1.2; +https://openai.com/gptbot)"
cashforcarsrichardson.com.infinitibizsol.com:443
20.171.207.124 - - [12/Jun/2025:05:34:51 +0000] "GET /products/251rt2559 HTTP/1.1" 500 2665 "-" "Mozilla/5.0 AppleWebKit/537.36 (KHTML, like Gecko; compatible; GPTBot/1.2; +https://openai.com/gptbot)"
cashforcarsrichardson.com.infinitibizsol.com:443
20.171.207.124 - - [12/Jun/2025:05:35:57 +0000] "GET /products/262dr8624 HTTP/1.1" 500 2665 "-" "Mozilla/5.0 AppleWebKit/537.36 (KHTML, like Gecko; compatible; GPTBot/1.2; +https://openai.com/gptbot)"
cashforcarsrichardson.com.infinitibizsol.com:443
20.171.207.124 - - [12/Jun/2025:05:37:03 +0000] "GET /products/263zm3423 HTTP/1.1" 500 2665 "-" "Mozilla/5.0 AppleWebKit/537.36 (KHTML, like Gecko; compatible; GPTBot/1.2; +https://openai.com/gptbot)"
cashforcarsrichardson.com.infinitibizsol.com:443
20.171.207.124 - - [12/Jun/2025:05:38:01 +0000] "GET /products/10mx10182 HTTP/1.1" 500 2665 "-" "Mozilla/5.0 AppleWebKit/537.36 (KHTML, like Gecko; compatible; GPTBot/1.2; +https://openai.com/gptbot)"
cashforcarsrichardson.com.infinitibizsol.com:443
80.102.139.82 - - [12/Jun/2025:05:38:05 +0000] "GET / HTTP/1.1" 500 2665 "-" "Mozilla/5.0 (Linux; Android 10; K) AppleWebKit/537.36 (KHTML, like Gecko) Chrome/133.0.0.0 Mobile Safari/537.36"
cashforcarsrichardson.com.infinitibizsol.com:443
165.227.84.14 - - [12/Jun/2025:05:38:29 +0000] "GET / HTTP/1.1" 499 0 "-" "-"
cashforcarsrichardson.com.infinitibizsol.com:443
165.227.84.14 - - [12/Jun/2025:05:38:31 +0000] "GET / HTTP/1.1" 500 2665 "-" "Mozilla/5.0 (Linux; Android 6.0; HTC One M9 Build/MRA969554) AppleWebKit/537.36 (KHTML, like Gecko) Chrome/52.0.2717.98 Mobile Safari/537.3"
cashforcarsrichardson.com.infinitibizsol.com:443
165.227.84.14 - - [12/Jun/2025:05:38:33 +0000] "GET /@vite/env HTTP/1.1" 500 2665 "-" "Go-http-client/1.1"
cashforcarsrichardson.com.infinitibizsol.com:443
165.227.84.14 - - [12/Jun/2025:05:38:36 +0000] "GET /actuator/env HTTP/1.1" 500 2665 "-" "Go-http-client/1.1"
cashforcarsrichardson.com.infinitibizsol.com:443
165.227.84.14 - - [12/Jun/2025:05:38:38 +0000] "GET /server HTTP/1.1" 500 2665 "-" "Go-http-client/1.1"
cashforcarsrichardson.com.infinitibizsol.com:443
165.227.84.14 - - [12/Jun/2025:05:38:40 +0000] "GET /.vscode/sftp.json HTTP/1.1" 500 2665 "-" "Go-http-client/1.1"
cashforcarsrichardson.com.infinitibizsol.com:443
165.227.84.14 - - [12/Jun/2025:05:38:41 +0000] "GET /about HTTP/1.1" 500 2665 "-" "Go-http-client/1.1"
cashforcarsrichardson.com.infinitibizsol.com:443
165.227.84.14 - - [12/Jun/2025:05:38:43 +0000] "GET /debug/default/view?panel=config HTTP/1.1" 500 2665 "-" "Go-http-client/1.1"
cashforcarsrichardson.com.infinitibizsol.com:443
165.227.84.14 - - [12/Jun/2025:05:38:45 +0000] "GET /v2/_catalog HTTP/1.1" 500 1492 "-" "Go-http-client/1.1"
cashforcarsrichardson.com.infinitibizsol.com:443
165.227.84.14 - - [12/Jun/2025:05:38:47 +0000] "GET /ecp/Current/exporttool/microsoft.exchange.ediscovery.exporttool.application HTTP/1.1" 500 2665 "-" "Go-http-client/1.1"
cashforcarsrichardson.com.infinitibizsol.com:443
165.227.84.14 - - [12/Jun/2025:05:38:49 +0000] "GET /server-status HTTP/1.1" 500 2665 "-" "Go-http-client/1.1"
cashforcarsrichardson.com.infinitibizsol.com:443
165.227.84.14 - - [12/Jun/2025:05:38:51 +0000] "GET /login.action HTTP/1.1" 500 2665 "-" "Go-http-client/1.1"
cashforcarsrichardson.com.infinitibizsol.com:443
165.227.84.14 - - [12/Jun/2025:05:38:53 +0000] "GET /_all_dbs HTTP/1.1" 500 1492 "-" "Mozilla/5.0 (l9scan/2.0.0343e2332323e203e2236313; +https://leakix.net)"
cashforcarsrichardson.com.infinitibizsol.com:443
165.227.84.14 - - [12/Jun/2025:05:38:55 +0000] "GET /.DS_Store HTTP/1.1" 500 2665 "-" "Go-http-client/1.1"
cashforcarsrichardson.com.infinitibizsol.com:443
165.227.84.14 - - [12/Jun/2025:05:38:57 +0000] "GET /.env HTTP/1.1" 500 2665 "-" "Go-http-client/1.1"
cashforcarsrichardson.com.infinitibizsol.com:443
165.227.84.14 - - [12/Jun/2025:05:38:59 +0000] "GET /.git/config HTTP/1.1" 500 2665 "-" "Go-http-client/1.1"
cashforcarsrichardson.com.infinitibizsol.com:443
165.227.84.14 - - [12/Jun/2025:05:39:02 +0000] "GET /s/0343e2332323e203e2236313/_/;/META-INF/maven/com.atlassian.jira/jira-webapp-dist/pom.properties HTTP/1.1" 499 0 "-" "Go-http-client/1.1"
cashforcarsrichardson.com.infinitibizsol.com:443
165.227.84.14 - - [12/Jun/2025:05:39:05 +0000] "GET /config.json HTTP/1.1" 499 0 "-" "Go-http-client/1.1"
cashforcarsrichardson.com.infinitibizsol.com:443
20.171.207.124 - - [12/Jun/2025:05:39:06 +0000] "GET /products/254rz2566 HTTP/1.1" 500 2665 "-" "Mozilla/5.0 AppleWebKit/537.36 (KHTML, like Gecko; compatible; GPTBot/1.2; +https://openai.com/gptbot)"
cashforcarsrichardson.com.infinitibizsol.com:443
165.227.84.14 - - [12/Jun/2025:05:39:08 +0000] "GET /telescope/requests HTTP/1.1" 499 0 "-" "Go-http-client/1.1"
cashforcarsrichardson.com.infinitibizsol.com:443
165.227.84.14 - - [12/Jun/2025:05:39:11 +0000] "GET /info.php HTTP/1.1" 499 0 "-" "Go-http-client/1.1"
cashforcarsrichardson.com.infinitibizsol.com:443
165.227.84.14 - - [12/Jun/2025:05:39:13 +0000] "GET /?rest_route=/wp/v2/users/ HTTP/1.1" 500 2665 "-" "Go-http-client/1.1"
cashforcarsrichardson.com.infinitibizsol.com:443
20.171.207.124 - - [12/Jun/2025:05:40:05 +0000] "GET /products/266uw4210 HTTP/1.1" 500 2665 "-" "Mozilla/5.0 AppleWebKit/537.36 (KHTML, like Gecko; compatible; GPTBot/1.2; +https://openai.com/gptbot)"
cashforcarsrichardson.com.infinitibizsol.com:443
207.154.212.47 - - [12/Jun/2025:05:40:06 +0000] "GET / HTTP/1.1" 499 0 "-" "-"
cashforcarsrichardson.com.infinitibizsol.com:443
207.154.212.47 - - [12/Jun/2025:05:40:08 +0000] "GET / HTTP/1.1" 500 2665 "-" "Mozilla/5.0 (Linux; Android 6.0; HTC One M9 Build/MRA969554) AppleWebKit/537.36 (KHTML, like Gecko) Chrome/52.0.2717.98 Mobile Safari/537.3"
cashforcarsrichardson.com.infinitibizsol.com:443
207.154.212.47 - - [12/Jun/2025:05:40:11 +0000] "GET /@vite/env HTTP/1.1" 500 2665 "-" "Go-http-client/1.1"
cashforcarsrichardson.com.infinitibizsol.com:443
207.154.212.47 - - [12/Jun/2025:05:40:13 +0000] "GET /actuator/env HTTP/1.1" 500 2665 "-" "Go-http-client/1.1"
cashforcarsrichardson.com.infinitibizsol.com:443
207.154.212.47 - - [12/Jun/2025:05:40:15 +0000] "GET /server HTTP/1.1" 500 2665 "-" "Go-http-client/1.1"
cashforcarsrichardson.com.infinitibizsol.com:443
207.154.212.47 - - [12/Jun/2025:05:40:17 +0000] "GET /.vscode/sftp.json HTTP/1.1" 500 2665 "-" "Go-http-client/1.1"
cashforcarsrichardson.com.infinitibizsol.com:443
207.154.212.47 - - [12/Jun/2025:05:40:19 +0000] "GET /about HTTP/1.1" 500 2665 "-" "Go-http-client/1.1"
cashforcarsrichardson.com.infinitibizsol.com:443
207.154.212.47 - - [12/Jun/2025:05:40:21 +0000] "GET /debug/default/view?panel=config HTTP/1.1" 500 2665 "-" "Go-http-client/1.1"
cashforcarsrichardson.com.infinitibizsol.com:443
207.154.212.47 - - [12/Jun/2025:05:40:23 +0000] "GET /v2/_catalog HTTP/1.1" 500 1492 "-" "Go-http-client/1.1"
cashforcarsrichardson.com.infinitibizsol.com:443
207.154.212.47 - - [12/Jun/2025:05:40:25 +0000] "GET /ecp/Current/exporttool/microsoft.exchange.ediscovery.exporttool.application HTTP/1.1" 500 2665 "-" "Go-http-client/1.1"
cashforcarsrichardson.com.infinitibizsol.com:443
207.154.212.47 - - [12/Jun/2025:05:40:27 +0000] "GET /server-status HTTP/1.1" 500 2665 "-" "Go-http-client/1.1"
cashforcarsrichardson.com.infinitibizsol.com:443
207.154.212.47 - - [12/Jun/2025:05:40:29 +0000] "GET /login.action HTTP/1.1" 500 2665 "-" "Go-http-client/1.1"
cashforcarsrichardson.com.infinitibizsol.com:443
207.154.212.47 - - [12/Jun/2025:05:40:31 +0000] "GET /_all_dbs HTTP/1.1" 500 1492 "-" "Mozilla/5.0 (l9scan/2.0.0343e2332323e203e2236313; +https://leakix.net)"
cashforcarsrichardson.com.infinitibizsol.com:443
207.154.212.47 - - [12/Jun/2025:05:40:33 +0000] "GET /.DS_Store HTTP/1.1" 500 2665 "-" "Go-http-client/1.1"
cashforcarsrichardson.com.infinitibizsol.com:443
207.154.212.47 - - [12/Jun/2025:05:40:35 +0000] "GET /.env HTTP/1.1" 500 2665 "-" "Go-http-client/1.1"
cashforcarsrichardson.com.infinitibizsol.com:443
207.154.212.47 - - [12/Jun/2025:05:40:36 +0000] "GET /.git/config HTTP/1.1" 500 2665 "-" "Go-http-client/1.1"
cashforcarsrichardson.com.infinitibizsol.com:443
207.154.212.47 - - [12/Jun/2025:05:40:38 +0000] "GET /s/0343e2332323e203e2236313/_/;/META-INF/maven/com.atlassian.jira/jira-webapp-dist/pom.properties HTTP/1.1" 500 2665 "-" "Go-http-client/1.1"
cashforcarsrichardson.com.infinitibizsol.com:443
207.154.212.47 - - [12/Jun/2025:05:40:40 +0000] "GET /config.json HTTP/1.1" 500 2665 "-" "Go-http-client/1.1"
cashforcarsrichardson.com.infinitibizsol.com:443
207.154.212.47 - - [12/Jun/2025:05:40:42 +0000] "GET /telescope/requests HTTP/1.1" 500 2665 "-" "Go-http-client/1.1"
cashforcarsrichardson.com.infinitibizsol.com:443
207.154.212.47 - - [12/Jun/2025:05:40:45 +0000] "GET /info.php HTTP/1.1" 500 2665 "-" "Go-http-client/1.1"
cashforcarsrichardson.com.infinitibizsol.com:443
207.154.212.47 - - [12/Jun/2025:05:40:46 +0000] "GET /?rest_route=/wp/v2/users/ HTTP/1.1" 500 2665 "-" "Go-http-client/1.1"
cashforcarsrichardson.com.infinitibizsol.com:443
20.171.207.124 - - [12/Jun/2025:05:42:35 +0000] "GET /products/116zg4326 HTTP/1.1" 500 2665 "-" "Mozilla/5.0 AppleWebKit/537.36 (KHTML, like Gecko; compatible; GPTBot/1.2; +https://openai.com/gptbot)"
cashforcarsrichardson.com.infinitibizsol.com:443
20.171.207.124 - - [12/Jun/2025:05:42:45 +0000] "GET /products/200sf6140 HTTP/1.1" 500 2665 "-" "Mozilla/5.0 AppleWebKit/537.36 (KHTML, like Gecko; compatible; GPTBot/1.2; +https://openai.com/gptbot)"
cashforcarsrichardson.com.infinitibizsol.com:443
20.171.207.124 - - [12/Jun/2025:05:43:44 +0000] "GET /products/43zp15803 HTTP/1.1" 500 2665 "-" "Mozilla/5.0 AppleWebKit/537.36 (KHTML, like Gecko; compatible; GPTBot/1.2; +https://openai.com/gptbot)"
cashforcarsrichardson.com.infinitibizsol.com:443
20.171.207.124 - - [12/Jun/2025:05:44:46 +0000] "GET /products/48qq10612 HTTP/1.1" 500 2665 "-" "Mozilla/5.0 AppleWebKit/537.36 (KHTML, like Gecko; compatible; GPTBot/1.2; +https://openai.com/gptbot)"
cashforcarsrichardson.com.infinitibizsol.com:443
20.171.207.124 - - [12/Jun/2025:05:45:51 +0000] "GET /products/23cc47595 HTTP/1.1" 500 2665 "-" "Mozilla/5.0 AppleWebKit/537.36 (KHTML, like Gecko; compatible; GPTBot/1.2; +https://openai.com/gptbot)"
cashforcarsrichardson.com.infinitibizsol.com:443
