204.12.252.98 - - [10/Jun/2025:07:03:16 +0000] "GET /wp-content/admin.php HTTP/1.1" 200 16 "https://cashforcarsrichardson.com/wp-content/admin.php" "Mozilla/5.0 (Windows NT 10.0; Win64; x64) AppleWebKit/537.36 (KHTML, like Gecko) Chrome/58.0.3029.110 Safari/537.3"
cashforcarsrichardson.com.infinitibizsol.com:443
20.171.207.223 - - [10/Jun/2025:07:03:45 +0000] "GET /products/266qm20346 HTTP/1.1" 500 2665 "-" "Mozilla/5.0 AppleWebKit/537.36 (KHTML, like Gecko; compatible; GPTBot/1.2; +https://openai.com/gptbot)"
cashforcarsrichardson.com.infinitibizsol.com:443
20.171.207.223 - - [10/Jun/2025:07:04:46 +0000] "GET /products/107eo16625 HTTP/1.1" 500 2665 "-" "Mozilla/5.0 AppleWebKit/537.36 (KHTML, like Gecko; compatible; GPTBot/1.2; +https://openai.com/gptbot)"
cashforcarsrichardson.com.infinitibizsol.com:443
20.171.207.223 - - [10/Jun/2025:07:05:48 +0000] "GET /products/204cl21440 HTTP/1.1" 500 2665 "-" "Mozilla/5.0 AppleWebKit/537.36 (KHTML, like Gecko; compatible; GPTBot/1.2; +https://openai.com/gptbot)"
cashforcarsrichardson.com.infinitibizsol.com:443
20.171.207.223 - - [10/Jun/2025:07:06:52 +0000] "GET /products/155cr22619 HTTP/1.1" 500 2665 "-" "Mozilla/5.0 AppleWebKit/537.36 (KHTML, like Gecko; compatible; GPTBot/1.2; +https://openai.com/gptbot)"
cashforcarsrichardson.com.infinitibizsol.com:443
204.12.252.98 - - [10/Jun/2025:07:07:22 +0000] "GET /wp-content/admin.php HTTP/1.1" 200 16 "https://cashforcarsrichardson.com/wp-content/admin.php" "Mozilla/5.0 (Windows NT 10.0; Win64; x64) AppleWebKit/537.36 (KHTML, like Gecko) Chrome/58.0.3029.110 Safari/537.3"
cashforcarsrichardson.com.infinitibizsol.com:443
20.171.207.223 - - [10/Jun/2025:07:07:55 +0000] "GET /products/207ph31303 HTTP/1.1" 500 2665 "-" "Mozilla/5.0 AppleWebKit/537.36 (KHTML, like Gecko; compatible; GPTBot/1.2; +https://openai.com/gptbot)"
cashforcarsrichardson.com.infinitibizsol.com:443
20.171.207.223 - - [10/Jun/2025:07:08:59 +0000] "GET /products/270zn27274 HTTP/1.1" 500 2665 "-" "Mozilla/5.0 AppleWebKit/537.36 (KHTML, like Gecko; compatible; GPTBot/1.2; +https://openai.com/gptbot)"
cashforcarsrichardson.com.infinitibizsol.com:443
69.197.182.50 - - [10/Jun/2025:07:09:29 +0000] "GET /wp-content/admin.php HTTP/1.1" 200 16 "https://cashforcarsrichardson.com/wp-content/admin.php" "Mozilla/5.0 (Windows NT 10.0; Win64; x64) AppleWebKit/537.36 (KHTML, like Gecko) Chrome/58.0.3029.110 Safari/537.3"
cashforcarsrichardson.com.infinitibizsol.com:443
20.171.207.223 - - [10/Jun/2025:07:10:05 +0000] "GET /products/233xg42741 HTTP/1.1" 500 2665 "-" "Mozilla/5.0 AppleWebKit/537.36 (KHTML, like Gecko; compatible; GPTBot/1.2; +https://openai.com/gptbot)"
cashforcarsrichardson.com.infinitibizsol.com:443
20.171.207.223 - - [10/Jun/2025:07:11:07 +0000] "GET /products/250yt22898 HTTP/1.1" 500 2665 "-" "Mozilla/5.0 AppleWebKit/537.36 (KHTML, like Gecko; compatible; GPTBot/1.2; +https://openai.com/gptbot)"
cashforcarsrichardson.com.infinitibizsol.com:443
20.171.207.223 - - [10/Jun/2025:07:12:09 +0000] "GET /products/289wl28699 HTTP/1.1" 500 2665 "-" "Mozilla/5.0 AppleWebKit/537.36 (KHTML, like Gecko; compatible; GPTBot/1.2; +https://openai.com/gptbot)"
cashforcarsrichardson.com.infinitibizsol.com:443
91.122.53.173 - - [10/Jun/2025:07:12:27 +0000] "GET /.git/HEAD HTTP/1.1" 500 2665 "-" "Python-urllib/3.13"
cashforcarsrichardson.com.infinitibizsol.com:443
20.171.207.223 - - [10/Jun/2025:07:13:11 +0000] "GET /products/120pg24904 HTTP/1.1" 500 2665 "-" "Mozilla/5.0 AppleWebKit/537.36 (KHTML, like Gecko; compatible; GPTBot/1.2; +https://openai.com/gptbot)"
cashforcarsrichardson.com.infinitibizsol.com:443
20.171.207.223 - - [10/Jun/2025:07:14:17 +0000] "GET /products/194wc15192 HTTP/1.1" 500 2665 "-" "Mozilla/5.0 AppleWebKit/537.36 (KHTML, like Gecko; compatible; GPTBot/1.2; +https://openai.com/gptbot)"
cashforcarsrichardson.com.infinitibizsol.com:443
20.171.207.223 - - [10/Jun/2025:07:15:18 +0000] "GET /products/196fy39912 HTTP/1.1" 500 2665 "-" "Mozilla/5.0 AppleWebKit/537.36 (KHTML, like Gecko; compatible; GPTBot/1.2; +https://openai.com/gptbot)"
cashforcarsrichardson.com.infinitibizsol.com:443
20.171.207.223 - - [10/Jun/2025:07:16:19 +0000] "GET /products/298ul12928 HTTP/1.1" 500 2665 "-" "Mozilla/5.0 AppleWebKit/537.36 (KHTML, like Gecko; compatible; GPTBot/1.2; +https://openai.com/gptbot)"
cashforcarsrichardson.com.infinitibizsol.com:443
69.197.135.226 - - [10/Jun/2025:07:16:22 +0000] "GET /wp-content/admin.php HTTP/1.1" 200 16 "https://cashforcarsrichardson.com/wp-content/admin.php" "Mozilla/5.0 (Windows NT 10.0; Win64; x64) AppleWebKit/537.36 (KHTML, like Gecko) Chrome/58.0.3029.110 Safari/537.3"
cashforcarsrichardson.com.infinitibizsol.com:443
20.171.207.223 - - [10/Jun/2025:07:17:20 +0000] "GET /products/272qr24608 HTTP/1.1" 500 2665 "-" "Mozilla/5.0 AppleWebKit/537.36 (KHTML, like Gecko; compatible; GPTBot/1.2; +https://openai.com/gptbot)"
cashforcarsrichardson.com.infinitibizsol.com:443
20.171.207.223 - - [10/Jun/2025:07:18:21 +0000] "GET /products/181bl34691 HTTP/1.1" 500 2665 "-" "Mozilla/5.0 AppleWebKit/537.36 (KHTML, like Gecko; compatible; GPTBot/1.2; +https://openai.com/gptbot)"
cashforcarsrichardson.com.infinitibizsol.com:443
20.171.207.223 - - [10/Jun/2025:07:19:25 +0000] "GET /products/243ef49319 HTTP/1.1" 500 2665 "-" "Mozilla/5.0 AppleWebKit/537.36 (KHTML, like Gecko; compatible; GPTBot/1.2; +https://openai.com/gptbot)"
cashforcarsrichardson.com.infinitibizsol.com:443
69.197.135.226 - - [10/Jun/2025:07:19:51 +0000] "GET /wp-content/admin.php HTTP/1.1" 200 16 "https://cashforcarsrichardson.com/wp-content/admin.php" "Mozilla/5.0 (Windows NT 10.0; Win64; x64) AppleWebKit/537.36 (KHTML, like Gecko) Chrome/58.0.3029.110 Safari/537.3"
cashforcarsrichardson.com.infinitibizsol.com:443
20.171.207.223 - - [10/Jun/2025:07:20:26 +0000] "GET /products/242mi47868 HTTP/1.1" 500 2665 "-" "Mozilla/5.0 AppleWebKit/537.36 (KHTML, like Gecko; compatible; GPTBot/1.2; +https://openai.com/gptbot)"
cashforcarsrichardson.com.infinitibizsol.com:443
20.171.207.223 - - [10/Jun/2025:07:21:27 +0000] "GET /products/273be13521 HTTP/1.1" 500 2665 "-" "Mozilla/5.0 AppleWebKit/537.36 (KHTML, like Gecko; compatible; GPTBot/1.2; +https://openai.com/gptbot)"
cashforcarsrichardson.com.infinitibizsol.com:443
20.171.207.223 - - [10/Jun/2025:07:22:30 +0000] "GET /products/115dl42761 HTTP/1.1" 500 2665 "-" "Mozilla/5.0 AppleWebKit/537.36 (KHTML, like Gecko; compatible; GPTBot/1.2; +https://openai.com/gptbot)"
cashforcarsrichardson.com.infinitibizsol.com:443
20.171.207.223 - - [10/Jun/2025:07:23:31 +0000] "GET /products/149bd40101 HTTP/1.1" 500 2665 "-" "Mozilla/5.0 AppleWebKit/537.36 (KHTML, like Gecko; compatible; GPTBot/1.2; +https://openai.com/gptbot)"
cashforcarsrichardson.com.infinitibizsol.com:443
69.197.182.50 - - [10/Jun/2025:07:24:22 +0000] "GET /wp-content/admin.php HTTP/1.1" 200 16 "https://cashforcarsrichardson.com/wp-content/admin.php" "Mozilla/5.0 (Windows NT 10.0; Win64; x64) AppleWebKit/537.36 (KHTML, like Gecko) Chrome/58.0.3029.110 Safari/537.3"
cashforcarsrichardson.com.infinitibizsol.com:443
20.171.207.223 - - [10/Jun/2025:07:24:33 +0000] "GET /products/285yn42845 HTTP/1.1" 500 2665 "-" "Mozilla/5.0 AppleWebKit/537.36 (KHTML, like Gecko; compatible; GPTBot/1.2; +https://openai.com/gptbot)"
cashforcarsrichardson.com.infinitibizsol.com:443
20.171.207.223 - - [10/Jun/2025:07:25:35 +0000] "GET /products/156ua31598 HTTP/1.1" 500 2665 "-" "Mozilla/5.0 AppleWebKit/537.36 (KHTML, like Gecko; compatible; GPTBot/1.2; +https://openai.com/gptbot)"
cashforcarsrichardson.com.infinitibizsol.com:443
204.12.252.98 - - [10/Jun/2025:07:26:17 +0000] "GET /wp-content/admin.php HTTP/1.1" 200 16 "https://cashforcarsrichardson.com/wp-content/admin.php" "Mozilla/5.0 (Windows NT 10.0; Win64; x64) AppleWebKit/537.36 (KHTML, like Gecko) Chrome/58.0.3029.110 Safari/537.3"
cashforcarsrichardson.com.infinitibizsol.com:443
20.171.207.223 - - [10/Jun/2025:07:26:39 +0000] "GET /products/161di17583 HTTP/1.1" 500 2665 "-" "Mozilla/5.0 AppleWebKit/537.36 (KHTML, like Gecko; compatible; GPTBot/1.2; +https://openai.com/gptbot)"
cashforcarsrichardson.com.infinitibizsol.com:443
20.171.207.223 - - [10/Jun/2025:07:27:40 +0000] "GET /products/143gk35533 HTTP/1.1" 500 2665 "-" "Mozilla/5.0 AppleWebKit/537.36 (KHTML, like Gecko; compatible; GPTBot/1.2; +https://openai.com/gptbot)"
cashforcarsrichardson.com.infinitibizsol.com:443
20.171.207.223 - - [10/Jun/2025:07:28:42 +0000] "GET /products/225dt46797 HTTP/1.1" 500 2665 "-" "Mozilla/5.0 AppleWebKit/537.36 (KHTML, like Gecko; compatible; GPTBot/1.2; +https://openai.com/gptbot)"
cashforcarsrichardson.com.infinitibizsol.com:443
20.171.207.223 - - [10/Jun/2025:07:29:43 +0000] "GET /products/160ee43800 HTTP/1.1" 500 2665 "-" "Mozilla/5.0 AppleWebKit/537.36 (KHTML, like Gecko; compatible; GPTBot/1.2; +https://openai.com/gptbot)"
cashforcarsrichardson.com.infinitibizsol.com:443
20.171.207.223 - - [10/Jun/2025:07:30:45 +0000] "GET /products/145cw45247 HTTP/1.1" 500 2665 "-" "Mozilla/5.0 AppleWebKit/537.36 (KHTML, like Gecko; compatible; GPTBot/1.2; +https://openai.com/gptbot)"
cashforcarsrichardson.com.infinitibizsol.com:443
20.171.207.223 - - [10/Jun/2025:07:31:50 +0000] "GET /products/119gy31771 HTTP/1.1" 500 2665 "-" "Mozilla/5.0 AppleWebKit/537.36 (KHTML, like Gecko; compatible; GPTBot/1.2; +https://openai.com/gptbot)"
cashforcarsrichardson.com.infinitibizsol.com:443
208.110.64.178 - - [10/Jun/2025:07:32:09 +0000] "GET /wp-content/admin.php HTTP/1.1" 200 16 "https://cashforcarsrichardson.com/wp-content/admin.php" "Mozilla/5.0 (Windows NT 10.0; Win64; x64) AppleWebKit/537.36 (KHTML, like Gecko) Chrome/58.0.3029.110 Safari/537.3"
cashforcarsrichardson.com.infinitibizsol.com:443
20.171.207.223 - - [10/Jun/2025:07:32:50 +0000] "GET /products/214ia34334 HTTP/1.1" 500 2665 "-" "Mozilla/5.0 AppleWebKit/537.36 (KHTML, like Gecko; compatible; GPTBot/1.2; +https://openai.com/gptbot)"
cashforcarsrichardson.com.infinitibizsol.com:443
20.171.207.223 - - [10/Jun/2025:07:33:54 +0000] "GET /products/202si43640 HTTP/1.1" 500 2665 "-" "Mozilla/5.0 AppleWebKit/537.36 (KHTML, like Gecko; compatible; GPTBot/1.2; +https://openai.com/gptbot)"
cashforcarsrichardson.com.infinitibizsol.com:443
20.171.207.223 - - [10/Jun/2025:07:34:56 +0000] "GET /products/141rm25631 HTTP/1.1" 500 2665 "-" "Mozilla/5.0 AppleWebKit/537.36 (KHTML, like Gecko; compatible; GPTBot/1.2; +https://openai.com/gptbot)"
cashforcarsrichardson.com.infinitibizsol.com:443
69.197.182.50 - - [10/Jun/2025:07:35:22 +0000] "GET /wp-content/admin.php HTTP/1.1" 200 16 "https://cashforcarsrichardson.com/wp-content/admin.php" "Mozilla/5.0 (Windows NT 10.0; Win64; x64) AppleWebKit/537.36 (KHTML, like Gecko) Chrome/58.0.3029.110 Safari/537.3"
cashforcarsrichardson.com.infinitibizsol.com:443
20.171.207.223 - - [10/Jun/2025:07:35:57 +0000] "GET /products/297bb12789 HTTP/1.1" 500 2665 "-" "Mozilla/5.0 AppleWebKit/537.36 (KHTML, like Gecko; compatible; GPTBot/1.2; +https://openai.com/gptbot)"
cashforcarsrichardson.com.infinitibizsol.com:80
196.251.83.95 - - [10/Jun/2025:07:36:07 +0000] "GET //wp-content/plugins/fix/up.php HTTP/1.1" 500 2665 "-" "Mozilla/5.0 (Windows NT 10.0; Win64; x64) AppleWebKit/537.36 (KHTML, like Gecko) Chrome/85.0.4183.102 Safari/537.36"
cashforcarsrichardson.com.infinitibizsol.com:80
91.142.73.116 - - [10/Jun/2025:07:36:09 +0000] "GET / HTTP/1.0" 500 2653 "http://cashforcarsrichardson.com/" "Mozilla/5.0 (Windows NT 10.0; Win64; x64) AppleWebKit/537.36 (KHTML, like Gecko) Chrome/129.0.0.0 Safari/537.36"
cashforcarsrichardson.com.infinitibizsol.com:80
93.158.90.74 - - [10/Jun/2025:07:36:23 +0000] "GET / HTTP/1.1" 500 2665 "-" "Mozilla/5.0 (Android 14; Mobile; rv:123.0) Gecko/123.0 Firefox/123"
cashforcarsrichardson.com.infinitibizsol.com:443
20.171.207.223 - - [10/Jun/2025:07:37:01 +0000] "GET /products/133sv28721 HTTP/1.1" 500 2665 "-" "Mozilla/5.0 AppleWebKit/537.36 (KHTML, like Gecko; compatible; GPTBot/1.2; +https://openai.com/gptbot)"
cashforcarsrichardson.com.infinitibizsol.com:443
208.110.64.178 - - [10/Jun/2025:07:37:29 +0000] "GET /wp-content/admin.php HTTP/1.1" 200 16 "https://cashforcarsrichardson.com/wp-content/admin.php" "Mozilla/5.0 (Windows NT 10.0; Win64; x64) AppleWebKit/537.36 (KHTML, like Gecko) Chrome/58.0.3029.110 Safari/537.3"
cashforcarsrichardson.com.infinitibizsol.com:443
20.171.207.223 - - [10/Jun/2025:07:38:03 +0000] "GET /products/270zz34048 HTTP/1.1" 500 2665 "-" "Mozilla/5.0 AppleWebKit/537.36 (KHTML, like Gecko; compatible; GPTBot/1.2; +https://openai.com/gptbot)"
cashforcarsrichardson.com.infinitibizsol.com:443
20.171.207.223 - - [10/Jun/2025:07:39:07 +0000] "GET /products/119tt25297 HTTP/1.1" 500 2653 "-" "Mozilla/5.0 AppleWebKit/537.36 (KHTML, like Gecko; compatible; GPTBot/1.2; +https://openai.com/gptbot)"
cashforcarsrichardson.com.infinitibizsol.com:443
20.171.207.223 - - [10/Jun/2025:07:40:08 +0000] "GET /products/266vs18436 HTTP/1.1" 500 2665 "-" "Mozilla/5.0 AppleWebKit/537.36 (KHTML, like Gecko; compatible; GPTBot/1.2; +https://openai.com/gptbot)"
cashforcarsrichardson.com.infinitibizsol.com:443
20.171.207.223 - - [10/Jun/2025:07:41:10 +0000] "GET /products/274cq48168 HTTP/1.1" 500 2665 "-" "Mozilla/5.0 AppleWebKit/537.36 (KHTML, like Gecko; compatible; GPTBot/1.2; +https://openai.com/gptbot)"
cashforcarsrichardson.com.infinitibizsol.com:443
69.197.182.50 - - [10/Jun/2025:07:41:29 +0000] "GET /wp-content/admin.php HTTP/1.1" 200 16 "https://cashforcarsrichardson.com/wp-content/admin.php" "Mozilla/5.0 (Windows NT 10.0; Win64; x64) AppleWebKit/537.36 (KHTML, like Gecko) Chrome/58.0.3029.110 Safari/537.3"
cashforcarsrichardson.com.infinitibizsol.com:443
20.171.207.223 - - [10/Jun/2025:07:42:14 +0000] "GET /products/122go25340 HTTP/1.1" 500 2665 "-" "Mozilla/5.0 AppleWebKit/537.36 (KHTML, like Gecko; compatible; GPTBot/1.2; +https://openai.com/gptbot)"
cashforcarsrichardson.com.infinitibizsol.com:443
20.171.207.223 - - [10/Jun/2025:07:43:16 +0000] "GET /products/199vd47267 HTTP/1.1" 500 2665 "-" "Mozilla/5.0 AppleWebKit/537.36 (KHTML, like Gecko; compatible; GPTBot/1.2; +https://openai.com/gptbot)"
cashforcarsrichardson.com.infinitibizsol.com:443
20.171.207.223 - - [10/Jun/2025:07:44:16 +0000] "GET /products/215au45113 HTTP/1.1" 500 2665 "-" "Mozilla/5.0 AppleWebKit/537.36 (KHTML, like Gecko; compatible; GPTBot/1.2; +https://openai.com/gptbot)"
cashforcarsrichardson.com.infinitibizsol.com:443
20.171.207.223 - - [10/Jun/2025:07:45:18 +0000] "GET /products/163qn16441 HTTP/1.1" 500 2665 "-" "Mozilla/5.0 AppleWebKit/537.36 (KHTML, like Gecko; compatible; GPTBot/1.2; +https://openai.com/gptbot)"
cashforcarsrichardson.com.infinitibizsol.com:443
20.171.207.223 - - [10/Jun/2025:07:46:20 +0000] "GET /products/228at42760 HTTP/1.1" 500 2665 "-" "Mozilla/5.0 AppleWebKit/537.36 (KHTML, like Gecko; compatible; GPTBot/1.2; +https://openai.com/gptbot)"
cashforcarsrichardson.com.infinitibizsol.com:443
69.197.135.226 - - [10/Jun/2025:07:46:24 +0000] "GET /wp-content/admin.php HTTP/1.1" 200 16 "https://cashforcarsrichardson.com/wp-content/admin.php" "Mozilla/5.0 (Windows NT 10.0; Win64; x64) AppleWebKit/537.36 (KHTML, like Gecko) Chrome/58.0.3029.110 Safari/537.3"
cashforcarsrichardson.com.infinitibizsol.com:443
20.171.207.223 - - [10/Jun/2025:07:47:21 +0000] "GET /products/152zl24100 HTTP/1.1" 500 2665 "-" "Mozilla/5.0 AppleWebKit/537.36 (KHTML, like Gecko; compatible; GPTBot/1.2; +https://openai.com/gptbot)"
cashforcarsrichardson.com.infinitibizsol.com:443
20.171.207.223 - - [10/Jun/2025:07:48:26 +0000] "GET /products/120mp22676 HTTP/1.1" 500 2665 "-" "Mozilla/5.0 AppleWebKit/537.36 (KHTML, like Gecko; compatible; GPTBot/1.2; +https://openai.com/gptbot)"
cashforcarsrichardson.com.infinitibizsol.com:443
20.171.207.223 - - [10/Jun/2025:07:49:30 +0000] "GET /products/131ve47941 HTTP/1.1" 500 2665 "-" "Mozilla/5.0 AppleWebKit/537.36 (KHTML, like Gecko; compatible; GPTBot/1.2; +https://openai.com/gptbot)"
cashforcarsrichardson.com.infinitibizsol.com:443
69.197.135.226 - - [10/Jun/2025:07:50:23 +0000] "GET /wp-content/admin.php HTTP/1.1" 200 16 "https://cashforcarsrichardson.com/wp-content/admin.php" "Mozilla/5.0 (Windows NT 10.0; Win64; x64) AppleWebKit/537.36 (KHTML, like Gecko) Chrome/58.0.3029.110 Safari/537.3"
cashforcarsrichardson.com.infinitibizsol.com:443
20.171.207.223 - - [10/Jun/2025:07:50:32 +0000] "GET /products/223tu45113 HTTP/1.1" 500 2665 "-" "Mozilla/5.0 AppleWebKit/537.36 (KHTML, like Gecko; compatible; GPTBot/1.2; +https://openai.com/gptbot)"
cashforcarsrichardson.com.infinitibizsol.com:80
196.251.72.211 - - [10/Jun/2025:07:50:58 +0000] "GET / HTTP/1.1" 500 2665 "-" "-"
cashforcarsrichardson.com.infinitibizsol.com:443
20.171.207.223 - - [10/Jun/2025:07:51:33 +0000] "GET /products/288zx27974 HTTP/1.1" 500 2665 "-" "Mozilla/5.0 AppleWebKit/537.36 (KHTML, like Gecko; compatible; GPTBot/1.2; +https://openai.com/gptbot)"
cashforcarsrichardson.com.infinitibizsol.com:443
20.171.207.223 - - [10/Jun/2025:07:52:35 +0000] "GET /products/124ep42126 HTTP/1.1" 500 2665 "-" "Mozilla/5.0 AppleWebKit/537.36 (KHTML, like Gecko; compatible; GPTBot/1.2; +https://openai.com/gptbot)"
cashforcarsrichardson.com.infinitibizsol.com:443
20.171.207.223 - - [10/Jun/2025:07:53:39 +0000] "GET /products/161sk20329 HTTP/1.1" 500 2665 "-" "Mozilla/5.0 AppleWebKit/537.36 (KHTML, like Gecko; compatible; GPTBot/1.2; +https://openai.com/gptbot)"
cashforcarsrichardson.com.infinitibizsol.com:443
20.171.207.223 - - [10/Jun/2025:07:54:43 +0000] "GET /products/143xy19347 HTTP/1.1" 500 2665 "-" "Mozilla/5.0 AppleWebKit/537.36 (KHTML, like Gecko; compatible; GPTBot/1.2; +https://openai.com/gptbot)"
cashforcarsrichardson.com.infinitibizsol.com:443
20.171.207.223 - - [10/Jun/2025:07:55:47 +0000] "GET /products/282kr31864 HTTP/1.1" 500 2665 "-" "Mozilla/5.0 AppleWebKit/537.36 (KHTML, like Gecko; compatible; GPTBot/1.2; +https://openai.com/gptbot)"
cashforcarsrichardson.com.infinitibizsol.com:443
69.197.182.50 - - [10/Jun/2025:07:56:34 +0000] "GET /wp-content/admin.php HTTP/1.1" 200 16 "https://cashforcarsrichardson.com/wp-content/admin.php" "Mozilla/5.0 (Windows NT 10.0; Win64; x64) AppleWebKit/537.36 (KHTML, like Gecko) Chrome/58.0.3029.110 Safari/537.3"
cashforcarsrichardson.com.infinitibizsol.com:443
20.171.207.223 - - [10/Jun/2025:07:56:47 +0000] "GET /products/112fh22708 HTTP/1.1" 500 2665 "-" "Mozilla/5.0 AppleWebKit/537.36 (KHTML, like Gecko; compatible; GPTBot/1.2; +https://openai.com/gptbot)"
cashforcarsrichardson.com.infinitibizsol.com:443
20.171.207.223 - - [10/Jun/2025:07:57:50 +0000] "GET /products/262cl40834 HTTP/1.1" 500 2665 "-" "Mozilla/5.0 AppleWebKit/537.36 (KHTML, like Gecko; compatible; GPTBot/1.2; +https://openai.com/gptbot)"
cashforcarsrichardson.com.infinitibizsol.com:443
208.110.64.178 - - [10/Jun/2025:07:58:10 +0000] "GET /wp-content/admin.php HTTP/1.1" 200 16 "https://cashforcarsrichardson.com/wp-content/admin.php" "Mozilla/5.0 (Windows NT 10.0; Win64; x64) AppleWebKit/537.36 (KHTML, like Gecko) Chrome/58.0.3029.110 Safari/537.3"
cashforcarsrichardson.com.infinitibizsol.com:443
20.171.207.223 - - [10/Jun/2025:07:58:52 +0000] "GET /products/131fe39959 HTTP/1.1" 500 2665 "-" "Mozilla/5.0 AppleWebKit/537.36 (KHTML, like Gecko; compatible; GPTBot/1.2; +https://openai.com/gptbot)"
cashforcarsrichardson.com.infinitibizsol.com:443
20.171.207.223 - - [10/Jun/2025:07:59:53 +0000] "GET /products/138or29352 HTTP/1.1" 500 2665 "-" "Mozilla/5.0 AppleWebKit/537.36 (KHTML, like Gecko; compatible; GPTBot/1.2; +https://openai.com/gptbot)"
cashforcarsrichardson.com.infinitibizsol.com:443
20.171.207.223 - - [10/Jun/2025:08:00:54 +0000] "GET /products/142th15402 HTTP/1.1" 500 2665 "-" "Mozilla/5.0 AppleWebKit/537.36 (KHTML, like Gecko; compatible; GPTBot/1.2; +https://openai.com/gptbot)"
cashforcarsrichardson.com.infinitibizsol.com:443
69.197.135.226 - - [10/Jun/2025:08:01:49 +0000] "GET /wp-content/admin.php HTTP/1.1" 200 16 "https://cashforcarsrichardson.com/wp-content/admin.php" "Mozilla/5.0 (Windows NT 10.0; Win64; x64) AppleWebKit/537.36 (KHTML, like Gecko) Chrome/58.0.3029.110 Safari/537.3"
cashforcarsrichardson.com.infinitibizsol.com:443
20.171.207.223 - - [10/Jun/2025:08:01:56 +0000] "GET /products/193bb37381 HTTP/1.1" 500 2665 "-" "Mozilla/5.0 AppleWebKit/537.36 (KHTML, like Gecko; compatible; GPTBot/1.2; +https://openai.com/gptbot)"
cashforcarsrichardson.com.infinitibizsol.com:443
20.171.207.223 - - [10/Jun/2025:08:02:56 +0000] "GET /products/112mc10578 HTTP/1.1" 500 2665 "-" "Mozilla/5.0 AppleWebKit/537.36 (KHTML, like Gecko; compatible; GPTBot/1.2; +https://openai.com/gptbot)"
cashforcarsrichardson.com.infinitibizsol.com:443
20.171.207.223 - - [10/Jun/2025:08:03:57 +0000] "GET /products/123ra21719 HTTP/1.1" 500 2665 "-" "Mozilla/5.0 AppleWebKit/537.36 (KHTML, like Gecko; compatible; GPTBot/1.2; +https://openai.com/gptbot)"
cashforcarsrichardson.com.infinitibizsol.com:443
20.171.207.223 - - [10/Jun/2025:08:05:03 +0000] "GET /products/284sl33276 HTTP/1.1" 500 2665 "-" "Mozilla/5.0 AppleWebKit/537.36 (KHTML, like Gecko; compatible; GPTBot/1.2; +https://openai.com/gptbot)"
cashforcarsrichardson.com.infinitibizsol.com:443
20.171.207.223 - - [10/Jun/2025:08:06:06 +0000] "GET /products/252do18566 HTTP/1.1" 500 2665 "-" "Mozilla/5.0 AppleWebKit/537.36 (KHTML, like Gecko; compatible; GPTBot/1.2; +https://openai.com/gptbot)"
cashforcarsrichardson.com.infinitibizsol.com:443
204.12.252.98 - - [10/Jun/2025:08:06:32 +0000] "GET /wp-content/admin.php HTTP/1.1" 200 16 "https://cashforcarsrichardson.com/wp-content/admin.php" "Mozilla/5.0 (Windows NT 10.0; Win64; x64) AppleWebKit/537.36 (KHTML, like Gecko) Chrome/58.0.3029.110 Safari/537.3"
cashforcarsrichardson.com.infinitibizsol.com:443
20.171.207.223 - - [10/Jun/2025:08:07:08 +0000] "GET /products/274bg35338 HTTP/1.1" 500 2665 "-" "Mozilla/5.0 AppleWebKit/537.36 (KHTML, like Gecko; compatible; GPTBot/1.2; +https://openai.com/gptbot)"
cashforcarsrichardson.com.infinitibizsol.com:443
20.171.207.223 - - [10/Jun/2025:08:08:12 +0000] "GET /products/211ch39853 HTTP/1.1" 500 2665 "-" "Mozilla/5.0 AppleWebKit/537.36 (KHTML, like Gecko; compatible; GPTBot/1.2; +https://openai.com/gptbot)"
cashforcarsrichardson.com.infinitibizsol.com:443
20.171.207.223 - - [10/Jun/2025:08:09:16 +0000] "GET /products/100qr48540 HTTP/1.1" 500 2665 "-" "Mozilla/5.0 AppleWebKit/537.36 (KHTML, like Gecko; compatible; GPTBot/1.2; +https://openai.com/gptbot)"
cashforcarsrichardson.com.infinitibizsol.com:443
20.171.207.223 - - [10/Jun/2025:08:10:19 +0000] "GET /products/221ym13971 HTTP/1.1" 500 2665 "-" "Mozilla/5.0 AppleWebKit/537.36 (KHTML, like Gecko; compatible; GPTBot/1.2; +https://openai.com/gptbot)"
cashforcarsrichardson.com.infinitibizsol.com:443
69.197.135.226 - - [10/Jun/2025:08:11:09 +0000] "GET /wp-content/admin.php HTTP/1.1" 200 16 "https://cashforcarsrichardson.com/wp-content/admin.php" "Mozilla/5.0 (Windows NT 10.0; Win64; x64) AppleWebKit/537.36 (KHTML, like Gecko) Chrome/58.0.3029.110 Safari/537.3"
cashforcarsrichardson.com.infinitibizsol.com:443
20.171.207.223 - - [10/Jun/2025:08:11:21 +0000] "GET /products/208vo38806 HTTP/1.1" 500 2665 "-" "Mozilla/5.0 AppleWebKit/537.36 (KHTML, like Gecko; compatible; GPTBot/1.2; +https://openai.com/gptbot)"
cashforcarsrichardson.com.infinitibizsol.com:443
20.171.207.223 - - [10/Jun/2025:08:12:27 +0000] "GET /products/282qa33992 HTTP/1.1" 500 2665 "-" "Mozilla/5.0 AppleWebKit/537.36 (KHTML, like Gecko; compatible; GPTBot/1.2; +https://openai.com/gptbot)"
cashforcarsrichardson.com.infinitibizsol.com:443
20.171.207.223 - - [10/Jun/2025:08:13:33 +0000] "GET /products/175dm22891 HTTP/1.1" 500 2665 "-" "Mozilla/5.0 AppleWebKit/537.36 (KHTML, like Gecko; compatible; GPTBot/1.2; +https://openai.com/gptbot)"
cashforcarsrichardson.com.infinitibizsol.com:443
20.171.207.223 - - [10/Jun/2025:08:14:38 +0000] "GET /products/198it32800 HTTP/1.1" 500 2665 "-" "Mozilla/5.0 AppleWebKit/537.36 (KHTML, like Gecko; compatible; GPTBot/1.2; +https://openai.com/gptbot)"
cashforcarsrichardson.com.infinitibizsol.com:443
204.12.252.98 - - [10/Jun/2025:08:14:53 +0000] "GET /wp-content/admin.php HTTP/1.1" 200 16 "https://cashforcarsrichardson.com/wp-content/admin.php" "Mozilla/5.0 (Windows NT 10.0; Win64; x64) AppleWebKit/537.36 (KHTML, like Gecko) Chrome/58.0.3029.110 Safari/537.3"
cashforcarsrichardson.com.infinitibizsol.com:443
20.171.207.223 - - [10/Jun/2025:08:15:43 +0000] "GET /products/226mi42018 HTTP/1.1" 500 2665 "-" "Mozilla/5.0 AppleWebKit/537.36 (KHTML, like Gecko; compatible; GPTBot/1.2; +https://openai.com/gptbot)"
cashforcarsrichardson.com.infinitibizsol.com:443
20.171.207.223 - - [10/Jun/2025:08:16:47 +0000] "GET /products/119pl24231 HTTP/1.1" 500 2665 "-" "Mozilla/5.0 AppleWebKit/537.36 (KHTML, like Gecko; compatible; GPTBot/1.2; +https://openai.com/gptbot)"
cashforcarsrichardson.com.infinitibizsol.com:443
20.171.207.223 - - [10/Jun/2025:08:17:49 +0000] "GET /products/121xb26259 HTTP/1.1" 500 2665 "-" "Mozilla/5.0 AppleWebKit/537.36 (KHTML, like Gecko; compatible; GPTBot/1.2; +https://openai.com/gptbot)"
cashforcarsrichardson.com.infinitibizsol.com:443
20.171.207.223 - - [10/Jun/2025:08:18:53 +0000] "GET /products/251gu19271 HTTP/1.1" 500 2665 "-" "Mozilla/5.0 AppleWebKit/537.36 (KHTML, like Gecko; compatible; GPTBot/1.2; +https://openai.com/gptbot)"
cashforcarsrichardson.com.infinitibizsol.com:443
208.110.64.178 - - [10/Jun/2025:08:19:04 +0000] "GET /wp-content/admin.php HTTP/1.1" 200 16 "https://cashforcarsrichardson.com/wp-content/admin.php" "Mozilla/5.0 (Windows NT 10.0; Win64; x64) AppleWebKit/537.36 (KHTML, like Gecko) Chrome/58.0.3029.110 Safari/537.3"
cashforcarsrichardson.com.infinitibizsol.com:443
20.171.207.223 - - [10/Jun/2025:08:19:56 +0000] "GET /products/297ac12561 HTTP/1.1" 500 2665 "-" "Mozilla/5.0 AppleWebKit/537.36 (KHTML, like Gecko; compatible; GPTBot/1.2; +https://openai.com/gptbot)"
cashforcarsrichardson.com.infinitibizsol.com:443
20.171.207.223 - - [10/Jun/2025:08:21:01 +0000] "GET /products/165oj35715 HTTP/1.1" 500 2665 "-" "Mozilla/5.0 AppleWebKit/537.36 (KHTML, like Gecko; compatible; GPTBot/1.2; +https://openai.com/gptbot)"
cashforcarsrichardson.com.infinitibizsol.com:443
20.171.207.223 - - [10/Jun/2025:08:22:03 +0000] "GET /products/285rv13785 HTTP/1.1" 500 2665 "-" "Mozilla/5.0 AppleWebKit/537.36 (KHTML, like Gecko; compatible; GPTBot/1.2; +https://openai.com/gptbot)"
cashforcarsrichardson.com.infinitibizsol.com:80
45.128.199.17 - - [10/Jun/2025:08:22:38 +0000] "GET / HTTP/1.0" 500 2653 "http://cashforcarsrichardson.com/" "Mozilla/5.0 (Windows NT 10.0; Win64; x64) AppleWebKit/537.36 (KHTML, like Gecko) Chrome/129.0.0.0 Safari/537.36"
cashforcarsrichardson.com.infinitibizsol.com:443
20.171.207.223 - - [10/Jun/2025:08:23:08 +0000] "GET /products/196cp43192 HTTP/1.1" 500 2665 "-" "Mozilla/5.0 AppleWebKit/537.36 (KHTML, like Gecko; compatible; GPTBot/1.2; +https://openai.com/gptbot)"
cashforcarsrichardson.com.infinitibizsol.com:443
20.171.207.223 - - [10/Jun/2025:08:24:13 +0000] "GET /products/216qi16446 HTTP/1.1" 500 2665 "-" "Mozilla/5.0 AppleWebKit/537.36 (KHTML, like Gecko; compatible; GPTBot/1.2; +https://openai.com/gptbot)"
cashforcarsrichardson.com.infinitibizsol.com:443
20.171.207.223 - - [10/Jun/2025:08:25:17 +0000] "GET /products/172iu47642 HTTP/1.1" 500 2665 "-" "Mozilla/5.0 AppleWebKit/537.36 (KHTML, like Gecko; compatible; GPTBot/1.2; +https://openai.com/gptbot)"
cashforcarsrichardson.com.infinitibizsol.com:443
69.197.182.50 - - [10/Jun/2025:08:25:39 +0000] "GET /wp-content/admin.php HTTP/1.1" 200 6 "https://cashforcarsrichardson.com/wp-content/admin.php" "Mozilla/5.0 (Windows NT 10.0; Win64; x64) AppleWebKit/537.36 (KHTML, like Gecko) Chrome/58.0.3029.110 Safari/537.3"
cashforcarsrichardson.com.infinitibizsol.com:443
20.171.207.223 - - [10/Jun/2025:08:26:20 +0000] "GET /products/236xb44540 HTTP/1.1" 500 2665 "-" "Mozilla/5.0 AppleWebKit/537.36 (KHTML, like Gecko; compatible; GPTBot/1.2; +https://openai.com/gptbot)"
cashforcarsrichardson.com.infinitibizsol.com:443
20.171.207.223 - - [10/Jun/2025:08:27:21 +0000] "GET /products/231uj21153 HTTP/1.1" 500 2665 "-" "Mozilla/5.0 AppleWebKit/537.36 (KHTML, like Gecko; compatible; GPTBot/1.2; +https://openai.com/gptbot)"
cashforcarsrichardson.com.infinitibizsol.com:443
80.85.245.5 - - [10/Jun/2025:08:27:45 +0000] "GET / HTTP/1.1" 500 2665 "-" "Mozilla/5.0 (Macintosh; Intel Mac OS X 10_15_7) AppleWebKit/537.36 (KHTML, like Gecko) Chrome/133.0.0.0 Safari/537.36"
cashforcarsrichardson.com.infinitibizsol.com:443
20.171.207.223 - - [10/Jun/2025:08:28:26 +0000] "GET /products/230eo27642 HTTP/1.1" 500 2665 "-" "Mozilla/5.0 AppleWebKit/537.36 (KHTML, like Gecko; compatible; GPTBot/1.2; +https://openai.com/gptbot)"
cashforcarsrichardson.com.infinitibizsol.com:443
20.171.207.223 - - [10/Jun/2025:08:29:26 +0000] "GET /products/272ln26696 HTTP/1.1" 500 2665 "-" "Mozilla/5.0 AppleWebKit/537.36 (KHTML, like Gecko; compatible; GPTBot/1.2; +https://openai.com/gptbot)"
cashforcarsrichardson.com.infinitibizsol.com:443
20.171.207.223 - - [10/Jun/2025:08:30:29 +0000] "GET /products/190lg25990 HTTP/1.1" 500 2665 "-" "Mozilla/5.0 AppleWebKit/537.36 (KHTML, like Gecko; compatible; GPTBot/1.2; +https://openai.com/gptbot)"
cashforcarsrichardson.com.infinitibizsol.com:443
204.12.252.98 - - [10/Jun/2025:08:31:18 +0000] "GET /wp-content/admin.php HTTP/1.1" 200 16 "https://cashforcarsrichardson.com/wp-content/admin.php" "Mozilla/5.0 (Windows NT 10.0; Win64; x64) AppleWebKit/537.36 (KHTML, like Gecko) Chrome/58.0.3029.110 Safari/537.3"
cashforcarsrichardson.com.infinitibizsol.com:443
20.171.207.223 - - [10/Jun/2025:08:31:32 +0000] "GET /products/227bo48649 HTTP/1.1" 500 2665 "-" "Mozilla/5.0 AppleWebKit/537.36 (KHTML, like Gecko; compatible; GPTBot/1.2; +https://openai.com/gptbot)"
cashforcarsrichardson.com.infinitibizsol.com:443
20.171.207.223 - - [10/Jun/2025:08:32:35 +0000] "GET /products/130xw27732 HTTP/1.1" 500 2665 "-" "Mozilla/5.0 AppleWebKit/537.36 (KHTML, like Gecko; compatible; GPTBot/1.2; +https://openai.com/gptbot)"
cashforcarsrichardson.com.infinitibizsol.com:443
20.171.207.223 - - [10/Jun/2025:08:33:41 +0000] "GET /products/145ps20887 HTTP/1.1" 500 2665 "-" "Mozilla/5.0 AppleWebKit/537.36 (KHTML, like Gecko; compatible; GPTBot/1.2; +https://openai.com/gptbot)"
cashforcarsrichardson.com.infinitibizsol.com:443
204.12.252.98 - - [10/Jun/2025:08:34:36 +0000] "GET /wp-content/admin.php HTTP/1.1" 200 6 "https://cashforcarsrichardson.com/wp-content/admin.php" "Mozilla/5.0 (Windows NT 10.0; Win64; x64) AppleWebKit/537.36 (KHTML, like Gecko) Chrome/58.0.3029.110 Safari/537.3"
cashforcarsrichardson.com.infinitibizsol.com:443
20.171.207.223 - - [10/Jun/2025:08:34:46 +0000] "GET /products/138it36980 HTTP/1.1" 500 2665 "-" "Mozilla/5.0 AppleWebKit/537.36 (KHTML, like Gecko; compatible; GPTBot/1.2; +https://openai.com/gptbot)"
cashforcarsrichardson.com.infinitibizsol.com:443
20.171.207.223 - - [10/Jun/2025:08:35:46 +0000] "GET /products/127gi33661 HTTP/1.1" 500 2665 "-" "Mozilla/5.0 AppleWebKit/537.36 (KHTML, like Gecko; compatible; GPTBot/1.2; +https://openai.com/gptbot)"
cashforcarsrichardson.com.infinitibizsol.com:443
20.171.207.223 - - [10/Jun/2025:08:36:47 +0000] "GET /products/278pt33672 HTTP/1.1" 500 2665 "-" "Mozilla/5.0 AppleWebKit/537.36 (KHTML, like Gecko; compatible; GPTBot/1.2; +https://openai.com/gptbot)"
cashforcarsrichardson.com.infinitibizsol.com:443
204.12.252.98 - - [10/Jun/2025:08:37:16 +0000] "GET /wp-content/admin.php HTTP/1.1" 200 16 "https://cashforcarsrichardson.com/wp-content/admin.php" "Mozilla/5.0 (Windows NT 10.0; Win64; x64) AppleWebKit/537.36 (KHTML, like Gecko) Chrome/58.0.3029.110 Safari/537.3"
cashforcarsrichardson.com.infinitibizsol.com:443
20.171.207.223 - - [10/Jun/2025:08:37:53 +0000] "GET /products/269bj28219 HTTP/1.1" 500 2665 "-" "Mozilla/5.0 AppleWebKit/537.36 (KHTML, like Gecko; compatible; GPTBot/1.2; +https://openai.com/gptbot)"
cashforcarsrichardson.com.infinitibizsol.com:443
20.171.207.223 - - [10/Jun/2025:08:38:58 +0000] "GET /products/291cq48719 HTTP/1.1" 500 2665 "-" "Mozilla/5.0 AppleWebKit/537.36 (KHTML, like Gecko; compatible; GPTBot/1.2; +https://openai.com/gptbot)"
cashforcarsrichardson.com.infinitibizsol.com:443
45.227.253.15 - - [10/Jun/2025:08:39:32 +0000] "GET /index.php/jk HTTP/1.1" 500 2665 "-" "Mozilla/5.0 (Windows NT 10.0; Win64; x64) AppleWebKit/537.36 (KHTML, like Gecko) Chrome/82.0.3292.140 Safari/537.36 Edge/18.18761"
cashforcarsrichardson.com.infinitibizsol.com:443
20.171.207.223 - - [10/Jun/2025:08:39:59 +0000] "GET /products/274yc23130 HTTP/1.1" 500 2665 "-" "Mozilla/5.0 AppleWebKit/537.36 (KHTML, like Gecko; compatible; GPTBot/1.2; +https://openai.com/gptbot)"
cashforcarsrichardson.com.infinitibizsol.com:443
20.171.207.223 - - [10/Jun/2025:08:41:05 +0000] "GET /products/239tv25463 HTTP/1.1" 500 2665 "-" "Mozilla/5.0 AppleWebKit/537.36 (KHTML, like Gecko; compatible; GPTBot/1.2; +https://openai.com/gptbot)"
cashforcarsrichardson.com.infinitibizsol.com:443
20.171.207.223 - - [10/Jun/2025:08:42:09 +0000] "GET /products/247dk34155 HTTP/1.1" 500 2665 "-" "Mozilla/5.0 AppleWebKit/537.36 (KHTML, like Gecko; compatible; GPTBot/1.2; +https://openai.com/gptbot)"
cashforcarsrichardson.com.infinitibizsol.com:443
20.171.207.223 - - [10/Jun/2025:08:43:11 +0000] "GET /products/216on18342 HTTP/1.1" 500 2665 "-" "Mozilla/5.0 AppleWebKit/537.36 (KHTML, like Gecko; compatible; GPTBot/1.2; +https://openai.com/gptbot)"
cashforcarsrichardson.com.infinitibizsol.com:443
20.171.207.223 - - [10/Jun/2025:08:44:16 +0000] "GET /products/155pi10229 HTTP/1.1" 500 2665 "-" "Mozilla/5.0 AppleWebKit/537.36 (KHTML, like Gecko; compatible; GPTBot/1.2; +https://openai.com/gptbot)"
cashforcarsrichardson.com.infinitibizsol.com:443
208.110.64.178 - - [10/Jun/2025:08:44:40 +0000] "GET /wp-content/admin.php HTTP/1.1" 200 16 "https://cashforcarsrichardson.com/wp-content/admin.php" "Mozilla/5.0 (Windows NT 10.0; Win64; x64) AppleWebKit/537.36 (KHTML, like Gecko) Chrome/58.0.3029.110 Safari/537.3"
cashforcarsrichardson.com.infinitibizsol.com:443
20.171.207.223 - - [10/Jun/2025:08:45:22 +0000] "GET /products/232kv30952 HTTP/1.1" 500 2665 "-" "Mozilla/5.0 AppleWebKit/537.36 (KHTML, like Gecko; compatible; GPTBot/1.2; +https://openai.com/gptbot)"
cashforcarsrichardson.com.infinitibizsol.com:443
20.171.207.223 - - [10/Jun/2025:08:46:26 +0000] "GET /products/140ui14544 HTTP/1.1" 500 2665 "-" "Mozilla/5.0 AppleWebKit/537.36 (KHTML, like Gecko; compatible; GPTBot/1.2; +https://openai.com/gptbot)"
cashforcarsrichardson.com.infinitibizsol.com:443
20.171.207.240 - - [10/Jun/2025:08:46:35 +0000] "GET / HTTP/1.1" 500 2665 "-" "Mozilla/5.0 AppleWebKit/537.36 (KHTML, like Gecko; compatible; GPTBot/1.2; +https://openai.com/gptbot)"
cashforcarsrichardson.com.infinitibizsol.com:443
20.171.207.223 - - [10/Jun/2025:08:47:28 +0000] "GET /products/154bd10898 HTTP/1.1" 500 2665 "-" "Mozilla/5.0 AppleWebKit/537.36 (KHTML, like Gecko; compatible; GPTBot/1.2; +https://openai.com/gptbot)"
cashforcarsrichardson.com.infinitibizsol.com:443
20.171.207.223 - - [10/Jun/2025:08:48:33 +0000] "GET /products/287uc10147 HTTP/1.1" 500 2665 "-" "Mozilla/5.0 AppleWebKit/537.36 (KHTML, like Gecko; compatible; GPTBot/1.2; +https://openai.com/gptbot)"
cashforcarsrichardson.com.infinitibizsol.com:443
20.171.207.223 - - [10/Jun/2025:08:49:39 +0000] "GET /products/161lu43411 HTTP/1.1" 500 2665 "-" "Mozilla/5.0 AppleWebKit/537.36 (KHTML, like Gecko; compatible; GPTBot/1.2; +https://openai.com/gptbot)"
cashforcarsrichardson.com.infinitibizsol.com:443
20.171.207.223 - - [10/Jun/2025:08:50:42 +0000] "GET /products/204qz42650 HTTP/1.1" 500 2665 "-" "Mozilla/5.0 AppleWebKit/537.36 (KHTML, like Gecko; compatible; GPTBot/1.2; +https://openai.com/gptbot)"
cashforcarsrichardson.com.infinitibizsol.com:443
208.110.64.178 - - [10/Jun/2025:08:51:14 +0000] "GET /wp-content/admin.php HTTP/1.1" 200 16 "https://cashforcarsrichardson.com/wp-content/admin.php" "Mozilla/5.0 (Windows NT 10.0; Win64; x64) AppleWebKit/537.36 (KHTML, like Gecko) Chrome/58.0.3029.110 Safari/537.3"
cashforcarsrichardson.com.infinitibizsol.com:443
20.171.207.223 - - [10/Jun/2025:08:51:46 +0000] "GET /products/153up22407 HTTP/1.1" 500 2665 "-" "Mozilla/5.0 AppleWebKit/537.36 (KHTML, like Gecko; compatible; GPTBot/1.2; +https://openai.com/gptbot)"
cashforcarsrichardson.com.infinitibizsol.com:443
20.171.207.223 - - [10/Jun/2025:08:52:49 +0000] "GET /products/118pb23042 HTTP/1.1" 500 2665 "-" "Mozilla/5.0 AppleWebKit/537.36 (KHTML, like Gecko; compatible; GPTBot/1.2; +https://openai.com/gptbot)"
cashforcarsrichardson.com.infinitibizsol.com:443
20.171.207.223 - - [10/Jun/2025:08:53:49 +0000] "GET /products/150yo18360 HTTP/1.1" 500 2665 "-" "Mozilla/5.0 AppleWebKit/537.36 (KHTML, like Gecko; compatible; GPTBot/1.2; +https://openai.com/gptbot)"
cashforcarsrichardson.com.infinitibizsol.com:443
20.171.207.223 - - [10/Jun/2025:08:54:55 +0000] "GET /products/217cl47987 HTTP/1.1" 500 2665 "-" "Mozilla/5.0 AppleWebKit/537.36 (KHTML, like Gecko; compatible; GPTBot/1.2; +https://openai.com/gptbot)"
cashforcarsrichardson.com.infinitibizsol.com:443
20.171.207.223 - - [10/Jun/2025:08:55:57 +0000] "GET /products/202qp47600 HTTP/1.1" 500 2665 "-" "Mozilla/5.0 AppleWebKit/537.36 (KHTML, like Gecko; compatible; GPTBot/1.2; +https://openai.com/gptbot)"
cashforcarsrichardson.com.infinitibizsol.com:443
204.12.252.98 - - [10/Jun/2025:08:56:19 +0000] "GET /wp-content/admin.php HTTP/1.1" 200 16 "https://cashforcarsrichardson.com/wp-content/admin.php" "Mozilla/5.0 (Windows NT 10.0; Win64; x64) AppleWebKit/537.36 (KHTML, like Gecko) Chrome/58.0.3029.110 Safari/537.3"
cashforcarsrichardson.com.infinitibizsol.com:443
20.171.207.223 - - [10/Jun/2025:08:56:59 +0000] "GET /products/193ek10037 HTTP/1.1" 500 2665 "-" "Mozilla/5.0 AppleWebKit/537.36 (KHTML, like Gecko; compatible; GPTBot/1.2; +https://openai.com/gptbot)"
cashforcarsrichardson.com.infinitibizsol.com:443
20.171.207.223 - - [10/Jun/2025:08:58:03 +0000] "GET /products/102zr14264 HTTP/1.1" 500 2665 "-" "Mozilla/5.0 AppleWebKit/537.36 (KHTML, like Gecko; compatible; GPTBot/1.2; +https://openai.com/gptbot)"
cashforcarsrichardson.com.infinitibizsol.com:443
20.171.207.223 - - [10/Jun/2025:08:59:06 +0000] "GET /products/240bx21268 HTTP/1.1" 500 2665 "-" "Mozilla/5.0 AppleWebKit/537.36 (KHTML, like Gecko; compatible; GPTBot/1.2; +https://openai.com/gptbot)"
cashforcarsrichardson.com.infinitibizsol.com:443
20.171.207.223 - - [10/Jun/2025:09:00:11 +0000] "GET /products/138io25452 HTTP/1.1" 500 2665 "-" "Mozilla/5.0 AppleWebKit/537.36 (KHTML, like Gecko; compatible; GPTBot/1.2; +https://openai.com/gptbot)"
cashforcarsrichardson.com.infinitibizsol.com:443
204.12.252.98 - - [10/Jun/2025:09:00:28 +0000] "GET /wp-content/admin.php HTTP/1.1" 200 16 "https://cashforcarsrichardson.com/wp-content/admin.php" "Mozilla/5.0 (Windows NT 10.0; Win64; x64) AppleWebKit/537.36 (KHTML, like Gecko) Chrome/58.0.3029.110 Safari/537.3"
cashforcarsrichardson.com.infinitibizsol.com:443
20.171.207.223 - - [10/Jun/2025:09:01:09 +0000] "GET /products/204qz42650 HTTP/1.1" 500 2665 "-" "Mozilla/5.0 AppleWebKit/537.36 (KHTML, like Gecko; compatible; GPTBot/1.2; +https://openai.com/gptbot)"
cashforcarsrichardson.com.infinitibizsol.com:443
20.171.207.223 - - [10/Jun/2025:09:02:09 +0000] "GET /products/162yd30120 HTTP/1.1" 500 2665 "-" "Mozilla/5.0 AppleWebKit/537.36 (KHTML, like Gecko; compatible; GPTBot/1.2; +https://openai.com/gptbot)"
cashforcarsrichardson.com.infinitibizsol.com:443
20.171.207.223 - - [10/Jun/2025:09:03:15 +0000] "GET /products/289ld15481 HTTP/1.1" 500 2665 "-" "Mozilla/5.0 AppleWebKit/537.36 (KHTML, like Gecko; compatible; GPTBot/1.2; +https://openai.com/gptbot)"
cashforcarsrichardson.com.infinitibizsol.com:443
69.197.182.50 - - [10/Jun/2025:09:03:34 +0000] "GET /wp-content/admin.php HTTP/1.1" 200 16 "https://cashforcarsrichardson.com/wp-content/admin.php" "Mozilla/5.0 (Windows NT 10.0; Win64; x64) AppleWebKit/537.36 (KHTML, like Gecko) Chrome/58.0.3029.110 Safari/537.3"
cashforcarsrichardson.com.infinitibizsol.com:443
20.171.207.223 - - [10/Jun/2025:09:04:16 +0000] "GET /products/244ld19216 HTTP/1.1" 500 2665 "-" "Mozilla/5.0 AppleWebKit/537.36 (KHTML, like Gecko; compatible; GPTBot/1.2; +https://openai.com/gptbot)"
cashforcarsrichardson.com.infinitibizsol.com:443
20.171.207.223 - - [10/Jun/2025:09:05:18 +0000] "GET /products/290sd49908 HTTP/1.1" 500 2665 "-" "Mozilla/5.0 AppleWebKit/537.36 (KHTML, like Gecko; compatible; GPTBot/1.2; +https://openai.com/gptbot)"
cashforcarsrichardson.com.infinitibizsol.com:443
20.171.207.223 - - [10/Jun/2025:09:06:23 +0000] "GET /products/236om39940 HTTP/1.1" 500 2665 "-" "Mozilla/5.0 AppleWebKit/537.36 (KHTML, like Gecko; compatible; GPTBot/1.2; +https://openai.com/gptbot)"
cashforcarsrichardson.com.infinitibizsol.com:443
20.171.207.223 - - [10/Jun/2025:09:07:29 +0000] "GET /products/179oe14669 HTTP/1.1" 500 2665 "-" "Mozilla/5.0 AppleWebKit/537.36 (KHTML, like Gecko; compatible; GPTBot/1.2; +https://openai.com/gptbot)"
cashforcarsrichardson.com.infinitibizsol.com:443
20.171.207.223 - - [10/Jun/2025:09:08:30 +0000] "GET /products/260ii39310 HTTP/1.1" 500 2665 "-" "Mozilla/5.0 AppleWebKit/537.36 (KHTML, like Gecko; compatible; GPTBot/1.2; +https://openai.com/gptbot)"
cashforcarsrichardson.com.infinitibizsol.com:443
20.171.207.223 - - [10/Jun/2025:09:09:30 +0000] "GET /products/219lk21199 HTTP/1.1" 500 2665 "-" "Mozilla/5.0 AppleWebKit/537.36 (KHTML, like Gecko; compatible; GPTBot/1.2; +https://openai.com/gptbot)"
cashforcarsrichardson.com.infinitibizsol.com:443
110.249.202.160 - - [10/Jun/2025:09:09:35 +0000] "GET / HTTP/1.1" 500 2665 "-" "Mozilla/5.0 (Linux; Android 5.0) AppleWebKit/537.36 (KHTML, like Gecko) Mobile Safari/537.36 (compatible; Bytespider; https://zhanzhang.toutiao.com/)"
cashforcarsrichardson.com.infinitibizsol.com:443
20.171.207.223 - - [10/Jun/2025:09:10:32 +0000] "GET /products/146qb27246 HTTP/1.1" 500 2665 "-" "Mozilla/5.0 AppleWebKit/537.36 (KHTML, like Gecko; compatible; GPTBot/1.2; +https://openai.com/gptbot)"
cashforcarsrichardson.com.infinitibizsol.com:443
20.171.207.223 - - [10/Jun/2025:09:11:37 +0000] "GET /products/178bd44870 HTTP/1.1" 500 2665 "-" "Mozilla/5.0 AppleWebKit/537.36 (KHTML, like Gecko; compatible; GPTBot/1.2; +https://openai.com/gptbot)"
cashforcarsrichardson.com.infinitibizsol.com:443
69.197.182.50 - - [10/Jun/2025:09:12:06 +0000] "GET /wp-content/admin.php HTTP/1.1" 200 16 "https://cashforcarsrichardson.com/wp-content/admin.php" "Mozilla/5.0 (Windows NT 10.0; Win64; x64) AppleWebKit/537.36 (KHTML, like Gecko) Chrome/58.0.3029.110 Safari/537.3"
cashforcarsrichardson.com.infinitibizsol.com:443
20.171.207.223 - - [10/Jun/2025:09:12:40 +0000] "GET /products/202zs17470 HTTP/1.1" 500 2665 "-" "Mozilla/5.0 AppleWebKit/537.36 (KHTML, like Gecko; compatible; GPTBot/1.2; +https://openai.com/gptbot)"
cashforcarsrichardson.com.infinitibizsol.com:80
129.211.215.233 - - [10/Jun/2025:09:13:00 +0000] "GET / HTTP/1.1" 500 2665 "-" "Mozilla/5.0 (iPhone; CPU iPhone OS 13_2_3 like Mac OS X) AppleWebKit/605.1.15 (KHTML, like Gecko) Version/13.0.3 Mobile/15E148 Safari/604.1"
cashforcarsrichardson.com.infinitibizsol.com:443
20.171.207.223 - - [10/Jun/2025:09:13:43 +0000] "GET /products/109dc34981 HTTP/1.1" 500 2665 "-" "Mozilla/5.0 AppleWebKit/537.36 (KHTML, like Gecko; compatible; GPTBot/1.2; +https://openai.com/gptbot)"
cashforcarsrichardson.com.infinitibizsol.com:443
20.171.207.223 - - [10/Jun/2025:09:14:48 +0000] "GET /products/162iu45596 HTTP/1.1" 500 2665 "-" "Mozilla/5.0 AppleWebKit/537.36 (KHTML, like Gecko; compatible; GPTBot/1.2; +https://openai.com/gptbot)"
cashforcarsrichardson.com.infinitibizsol.com:443
208.110.64.178 - - [10/Jun/2025:09:15:11 +0000] "GET /wp-content/admin.php HTTP/1.1" 200 16 "https://cashforcarsrichardson.com/wp-content/admin.php" "Mozilla/5.0 (Windows NT 10.0; Win64; x64) AppleWebKit/537.36 (KHTML, like Gecko) Chrome/58.0.3029.110 Safari/537.3"
cashforcarsrichardson.com.infinitibizsol.com:443
20.171.207.223 - - [10/Jun/2025:09:15:52 +0000] "GET /products/151iv10747 HTTP/1.1" 500 2665 "-" "Mozilla/5.0 AppleWebKit/537.36 (KHTML, like Gecko; compatible; GPTBot/1.2; +https://openai.com/gptbot)"
cashforcarsrichardson.com.infinitibizsol.com:443
20.171.207.223 - - [10/Jun/2025:09:16:56 +0000] "GET /products/193ho21425 HTTP/1.1" 500 2665 "-" "Mozilla/5.0 AppleWebKit/537.36 (KHTML, like Gecko; compatible; GPTBot/1.2; +https://openai.com/gptbot)"
cashforcarsrichardson.com.infinitibizsol.com:443
20.171.207.223 - - [10/Jun/2025:09:17:59 +0000] "GET /products/144qa22762 HTTP/1.1" 500 2665 "-" "Mozilla/5.0 AppleWebKit/537.36 (KHTML, like Gecko; compatible; GPTBot/1.2; +https://openai.com/gptbot)"
cashforcarsrichardson.com.infinitibizsol.com:443
20.171.207.223 - - [10/Jun/2025:09:18:58 +0000] "GET /products/233wo25311 HTTP/1.1" 500 2665 "-" "Mozilla/5.0 AppleWebKit/537.36 (KHTML, like Gecko; compatible; GPTBot/1.2; +https://openai.com/gptbot)"
cashforcarsrichardson.com.infinitibizsol.com:443
20.171.207.223 - - [10/Jun/2025:09:20:06 +0000] "GET /products/249xt40553 HTTP/1.1" 500 2665 "-" "Mozilla/5.0 AppleWebKit/537.36 (KHTML, like Gecko; compatible; GPTBot/1.2; +https://openai.com/gptbot)"
cashforcarsrichardson.com.infinitibizsol.com:443
20.171.207.223 - - [10/Jun/2025:09:21:07 +0000] "GET /products/239pc38695 HTTP/1.1" 500 2665 "-" "Mozilla/5.0 AppleWebKit/537.36 (KHTML, like Gecko; compatible; GPTBot/1.2; +https://openai.com/gptbot)"
cashforcarsrichardson.com.infinitibizsol.com:443
20.171.207.223 - - [10/Jun/2025:09:22:08 +0000] "GET /products/223mn17141 HTTP/1.1" 500 2665 "-" "Mozilla/5.0 AppleWebKit/537.36 (KHTML, like Gecko; compatible; GPTBot/1.2; +https://openai.com/gptbot)"
cashforcarsrichardson.com.infinitibizsol.com:443
206.81.24.74 - - [10/Jun/2025:09:22:51 +0000] "GET / HTTP/1.1" 499 0 "-" "-"
cashforcarsrichardson.com.infinitibizsol.com:443
206.81.24.74 - - [10/Jun/2025:09:22:54 +0000] "GET / HTTP/1.1" 500 2665 "-" "Mozilla/5.0 (Linux; Android 6.0; HTC One M9 Build/MRA969554) AppleWebKit/537.36 (KHTML, like Gecko) Chrome/52.0.2717.98 Mobile Safari/537.3"
cashforcarsrichardson.com.infinitibizsol.com:443
206.81.24.74 - - [10/Jun/2025:09:22:56 +0000] "GET /@vite/env HTTP/1.1" 500 2665 "-" "Go-http-client/1.1"
cashforcarsrichardson.com.infinitibizsol.com:443
206.81.24.74 - - [10/Jun/2025:09:22:58 +0000] "GET /actuator/env HTTP/1.1" 500 2665 "-" "Go-http-client/1.1"
cashforcarsrichardson.com.infinitibizsol.com:443
206.81.24.74 - - [10/Jun/2025:09:23:00 +0000] "GET /server HTTP/1.1" 500 2665 "-" "Go-http-client/1.1"
cashforcarsrichardson.com.infinitibizsol.com:443
206.81.24.74 - - [10/Jun/2025:09:23:02 +0000] "GET /.vscode/sftp.json HTTP/1.1" 500 2665 "-" "Go-http-client/1.1"
cashforcarsrichardson.com.infinitibizsol.com:443
206.81.24.74 - - [10/Jun/2025:09:23:04 +0000] "GET /about HTTP/1.1" 500 2665 "-" "Go-http-client/1.1"
cashforcarsrichardson.com.infinitibizsol.com:443
206.81.24.74 - - [10/Jun/2025:09:23:06 +0000] "GET /debug/default/view?panel=config HTTP/1.1" 500 2665 "-" "Go-http-client/1.1"
cashforcarsrichardson.com.infinitibizsol.com:443
206.81.24.74 - - [10/Jun/2025:09:23:08 +0000] "GET /v2/_catalog HTTP/1.1" 500 1492 "-" "Go-http-client/1.1"
cashforcarsrichardson.com.infinitibizsol.com:443
206.81.24.74 - - [10/Jun/2025:09:23:10 +0000] "GET /ecp/Current/exporttool/microsoft.exchange.ediscovery.exporttool.application HTTP/1.1" 500 2665 "-" "Go-http-client/1.1"
cashforcarsrichardson.com.infinitibizsol.com:443
20.171.207.223 - - [10/Jun/2025:09:23:11 +0000] "GET /products/266mi47126 HTTP/1.1" 500 2665 "-" "Mozilla/5.0 AppleWebKit/537.36 (KHTML, like Gecko; compatible; GPTBot/1.2; +https://openai.com/gptbot)"
cashforcarsrichardson.com.infinitibizsol.com:443
206.81.24.74 - - [10/Jun/2025:09:23:12 +0000] "GET /server-status HTTP/1.1" 500 2665 "-" "Go-http-client/1.1"
cashforcarsrichardson.com.infinitibizsol.com:443
206.81.24.74 - - [10/Jun/2025:09:23:14 +0000] "GET /login.action HTTP/1.1" 500 2665 "-" "Go-http-client/1.1"
cashforcarsrichardson.com.infinitibizsol.com:443
206.81.24.74 - - [10/Jun/2025:09:23:16 +0000] "GET /_all_dbs HTTP/1.1" 500 1492 "-" "Mozilla/5.0 (l9scan/2.0.0343e2332323e203e2236313; +https://leakix.net)"
cashforcarsrichardson.com.infinitibizsol.com:443
206.81.24.74 - - [10/Jun/2025:09:23:18 +0000] "GET /.DS_Store HTTP/1.1" 500 2665 "-" "Go-http-client/1.1"
cashforcarsrichardson.com.infinitibizsol.com:443
206.81.24.74 - - [10/Jun/2025:09:23:19 +0000] "GET /.env HTTP/1.1" 500 2665 "-" "Go-http-client/1.1"
cashforcarsrichardson.com.infinitibizsol.com:443
206.81.24.74 - - [10/Jun/2025:09:23:21 +0000] "GET /.git/config HTTP/1.1" 500 2665 "-" "Go-http-client/1.1"
cashforcarsrichardson.com.infinitibizsol.com:443
206.81.24.74 - - [10/Jun/2025:09:23:23 +0000] "GET /s/0343e2332323e203e2236313/_/;/META-INF/maven/com.atlassian.jira/jira-webapp-dist/pom.properties HTTP/1.1" 500 2665 "-" "Go-http-client/1.1"
cashforcarsrichardson.com.infinitibizsol.com:443
206.81.24.74 - - [10/Jun/2025:09:23:26 +0000] "GET /config.json HTTP/1.1" 500 2665 "-" "Go-http-client/1.1"
cashforcarsrichardson.com.infinitibizsol.com:443
206.81.24.74 - - [10/Jun/2025:09:23:27 +0000] "GET /telescope/requests HTTP/1.1" 500 2665 "-" "Go-http-client/1.1"
cashforcarsrichardson.com.infinitibizsol.com:443
206.81.24.74 - - [10/Jun/2025:09:23:30 +0000] "GET /info.php HTTP/1.1" 500 2665 "-" "Go-http-client/1.1"
cashforcarsrichardson.com.infinitibizsol.com:443
208.110.64.178 - - [10/Jun/2025:09:23:31 +0000] "GET /wp-content/admin.php HTTP/1.1" 200 16 "https://cashforcarsrichardson.com/wp-content/admin.php" "Mozilla/5.0 (Windows NT 10.0; Win64; x64) AppleWebKit/537.36 (KHTML, like Gecko) Chrome/58.0.3029.110 Safari/537.3"
cashforcarsrichardson.com.infinitibizsol.com:443
206.81.24.74 - - [10/Jun/2025:09:23:32 +0000] "GET /?rest_route=/wp/v2/users/ HTTP/1.1" 500 2665 "-" "Go-http-client/1.1"
cashforcarsrichardson.com.infinitibizsol.com:443
