/
home
/
infinitibizsol
/
access-logs
/
File Upload :
llllll
Current File: /home/infinitibizsol/access-logs/testerofmesquite.infinitibizsol.com
testerofmesquite.infinitibizsol.com:443
45.227.253.15 - - [10/Jun/2025:04:12:21 +0000] "GET /index.php/jk HTTP/1.1" 200 54 "-" "Mozilla/5.0 (Macintosh; Intel Mac OS X 10.13; rv:103.0) Gecko/20100101 Firefox/102.0"
testerofmesquite.infinitibizsol.com:443
162.0.223.40 - - [10/Jun/2025:04:56:44 +0000] "POST /wp-cron.php?doing_wp_cron=1749531403.2584269046783447265625 HTTP/1.1" 499 0 "-" "WordPress/6.8.1; https://testerofmesquite.infinitibizsol.com"
testerofmesquite.infinitibizsol.com:443
162.0.223.40 - - [10/Jun/2025:04:56:47 +0000] "POST /wp-admin/admin-ajax.php?action=rocket_database_optimization&nonce=1f1c683aca HTTP/1.1" 499 0 "-" "WordPress/6.8.1; https://testerofmesquite.infinitibizsol.com"
testerofmesquite.infinitibizsol.com:443
162.0.223.40 - - [10/Jun/2025:04:56:54 +0000] "POST /wp-cron.php?doing_wp_cron=1749531413.5611999034881591796875 HTTP/1.1" 499 0 "-" "WordPress/6.8.1; https://testerofmesquite.infinitibizsol.com"
testerofmesquite.infinitibizsol.com:443
162.0.223.40 - - [10/Jun/2025:04:57:04 +0000] "POST /wp-cron.php?doing_wp_cron=1749531423.5735139846801757812500 HTTP/1.1" 499 0 "-" "WordPress/6.8.1; https://testerofmesquite.infinitibizsol.com"
testerofmesquite.infinitibizsol.com:443
162.0.223.40 - - [10/Jun/2025:04:58:58 +0000] "POST /wp-cron.php?doing_wp_cron=1749531537.6991560459136962890625 HTTP/1.1" 499 0 "-" "WordPress/6.8.1; https://testerofmesquite.infinitibizsol.com"
testerofmesquite.infinitibizsol.com:443
45.227.253.15 - - [10/Jun/2025:07:16:29 +0000] "GET /index.php/jk HTTP/1.1" 200 54 "-" "Mozilla/5.0 (Macintosh; Intel Mac OS X 10.13; rv:103.0) Gecko/20100101 Firefox/101.0"
testerofmesquite.infinitibizsol.com:80
196.251.72.211 - - [10/Jun/2025:07:51:01 +0000] "GET / HTTP/1.1" 499 0 "-" "-"
testerofmesquite.infinitibizsol.com:80
162.0.223.40 - - [10/Jun/2025:07:51:02 +0000] "POST /wp-cron.php?doing_wp_cron=1749541861.7977249622344970703125 HTTP/1.1" 499 0 "-" "WordPress/6.8.1; https://testerofmesquite.infinitibizsol.com"
testerofmesquite.infinitibizsol.com:80
196.251.72.211 - - [10/Jun/2025:07:51:06 +0000] "GET / HTTP/1.1" 499 0 "-" "-"
testerofmesquite.infinitibizsol.com:443
45.227.253.15 - - [10/Jun/2025:08:41:27 +0000] "GET /index.php/jk HTTP/1.1" 200 54 "-" "Mozilla/5.0 (Windows NT 10.0; Win64; x64; rv:81.0) Gecko/20100101 Firefox/81.0"
testerofmesquite.infinitibizsol.com:443
162.0.223.40 - - [10/Jun/2025:09:42:09 +0000] "POST /wp-cron.php?doing_wp_cron=1749548528.4297280311584472656250 HTTP/1.1" 499 0 "-" "WordPress/6.8.1; https://testerofmesquite.infinitibizsol.com"
testerofmesquite.infinitibizsol.com:443
45.227.253.15 - - [10/Jun/2025:09:42:10 +0000] "GET /492707-juejiang/?ARRAY=7o2230223n313734393535323231302p2231223n22687474703n5p2s5p2s3230342r31322r3233382r37345p2s3s6p633q7068705s636s64655s6n6326743q313734393534383631302q3835633535356139393630653663636638306435323231666238386363636365222p2232223n226138396461653834356330303433353232653737306138636639663931383838222p2233223n223032623832383666613964616438643064623861303630393930663139393437222p2262696r675s70617373223n2232382q33392q35312q36352q37322q38342q3838227q HTTP/1.1" 404 5 "-" "Mozilla/5.0 (Windows NT 10.0; Win64; x64) AppleWebKit/537.36 (KHTML, like Gecko) Chrome/79.0.3970 Safari/537.36 Edg/79.0.143.5"
testerofmesquite.infinitibizsol.com:80
162.0.223.40 - - [10/Jun/2025:10:27:26 +0000] "POST /wp-cron.php?doing_wp_cron=1749551245.1355791091918945312500 HTTP/1.1" 499 0 "-" "WordPress/6.8.1; https://testerofmesquite.infinitibizsol.com"
testerofmesquite.infinitibizsol.com:80
147.185.132.186 - - [10/Jun/2025:10:27:26 +0000] "GET / HTTP/1.1" 404 5 "-" "Expanse, a Palo Alto Networks company, searches across the global IPv4 space multiple times per day to identify customers' presences on the Internet. If you would like to be excluded from our scans, please send IP addresses/domains to: scaninfo@paloaltonetworks.com"
testerofmesquite.infinitibizsol.com:443
45.227.253.15 - - [10/Jun/2025:12:46:13 +0000] "GET /index.php/jk HTTP/1.1" 200 54 "-" "Mozilla/5.0 (Macintosh; Intel Mac OS X 10.14; rv:103.0) Gecko/20100101 Firefox/103.0"
testerofmesquite.infinitibizsol.com:443
45.227.253.15 - - [10/Jun/2025:15:58:18 +0000] "GET /index.php/jk HTTP/1.1" 200 54 "-" "Mozilla/5.0 (Macintosh; Intel Mac OS X 10_15_7) AppleWebKit/537.36 (KHTML, like Gecko) Chrome/86.0.4240.111 Safari/537.36 Edg/86.0.622.51"
testerofmesquite.infinitibizsol.com:443
206.189.95.232 - - [10/Jun/2025:16:32:55 +0000] "GET / HTTP/1.1" 499 0 "-" "-"
testerofmesquite.infinitibizsol.com:443
162.0.223.40 - - [10/Jun/2025:16:32:58 +0000] "POST /wp-cron.php?doing_wp_cron=1749573177.7004148960113525390625 HTTP/1.1" 499 0 "-" "WordPress/6.8.1; https://testerofmesquite.infinitibizsol.com"
testerofmesquite.infinitibizsol.com:443
206.189.95.232 - - [10/Jun/2025:16:33:00 +0000] "GET / HTTP/1.1" 404 5 "-" "Mozilla/5.0 (Linux; Android 6.0; HTC One M9 Build/MRA969554) AppleWebKit/537.36 (KHTML, like Gecko) Chrome/52.0.2717.98 Mobile Safari/537.3"
testerofmesquite.infinitibizsol.com:443
206.189.95.232 - - [10/Jun/2025:16:33:03 +0000] "GET /@vite/env HTTP/1.1" 499 0 "-" "Go-http-client/1.1"
testerofmesquite.infinitibizsol.com:443
206.189.95.232 - - [10/Jun/2025:16:33:06 +0000] "GET /actuator/env HTTP/1.1" 499 0 "-" "Go-http-client/1.1"
testerofmesquite.infinitibizsol.com:443
206.189.95.232 - - [10/Jun/2025:16:33:09 +0000] "GET /server HTTP/1.1" 499 0 "-" "Go-http-client/1.1"
testerofmesquite.infinitibizsol.com:443
206.189.95.232 - - [10/Jun/2025:16:33:12 +0000] "GET /version HTTP/1.1" 499 0 "-" "Go-http-client/1.1"
testerofmesquite.infinitibizsol.com:443
206.189.95.232 - - [10/Jun/2025:16:33:15 +0000] "GET /.vscode/sftp.json HTTP/1.1" 499 0 "-" "Go-http-client/1.1"
testerofmesquite.infinitibizsol.com:443
206.189.95.232 - - [10/Jun/2025:16:33:18 +0000] "GET /about HTTP/1.1" 499 0 "-" "Go-http-client/1.1"
testerofmesquite.infinitibizsol.com:443
206.189.95.232 - - [10/Jun/2025:16:33:21 +0000] "GET /debug/default/view?panel=config HTTP/1.1" 499 0 "-" "Go-http-client/1.1"
testerofmesquite.infinitibizsol.com:443
206.189.95.232 - - [10/Jun/2025:16:33:24 +0000] "GET /v2/_catalog HTTP/1.1" 499 0 "-" "Go-http-client/1.1"
testerofmesquite.infinitibizsol.com:443
206.189.95.232 - - [10/Jun/2025:16:33:27 +0000] "GET /ecp/Current/exporttool/microsoft.exchange.ediscovery.exporttool.application HTTP/1.1" 499 0 "-" "Go-http-client/1.1"
testerofmesquite.infinitibizsol.com:443
206.189.95.232 - - [10/Jun/2025:16:33:30 +0000] "GET /server-status HTTP/1.1" 499 0 "-" "Go-http-client/1.1"
testerofmesquite.infinitibizsol.com:443
206.189.95.232 - - [10/Jun/2025:16:33:33 +0000] "GET /login.action HTTP/1.1" 499 0 "-" "Go-http-client/1.1"
testerofmesquite.infinitibizsol.com:443
206.189.95.232 - - [10/Jun/2025:16:33:36 +0000] "GET /_all_dbs HTTP/1.1" 499 0 "-" "Mozilla/5.0 (l9scan/2.0.0343e2332323e203e2236313; +https://leakix.net)"
testerofmesquite.infinitibizsol.com:443
206.189.95.232 - - [10/Jun/2025:16:33:39 +0000] "GET /.DS_Store HTTP/1.1" 499 0 "-" "Go-http-client/1.1"
testerofmesquite.infinitibizsol.com:443
206.189.95.232 - - [10/Jun/2025:16:33:42 +0000] "GET /.env HTTP/1.1" 499 0 "-" "Go-http-client/1.1"
testerofmesquite.infinitibizsol.com:443
206.189.95.232 - - [10/Jun/2025:16:33:45 +0000] "GET /.git/config HTTP/1.1" 499 0 "-" "Go-http-client/1.1"
testerofmesquite.infinitibizsol.com:443
206.189.95.232 - - [10/Jun/2025:16:33:48 +0000] "GET /s/0343e2332323e203e2236313/_/;/META-INF/maven/com.atlassian.jira/jira-webapp-dist/pom.properties HTTP/1.1" 499 0 "-" "Go-http-client/1.1"
testerofmesquite.infinitibizsol.com:443
206.189.95.232 - - [10/Jun/2025:16:33:51 +0000] "GET /config.json HTTP/1.1" 499 0 "-" "Go-http-client/1.1"
testerofmesquite.infinitibizsol.com:443
206.189.95.232 - - [10/Jun/2025:16:33:54 +0000] "GET /telescope/requests HTTP/1.1" 499 0 "-" "Go-http-client/1.1"
testerofmesquite.infinitibizsol.com:443
206.189.95.232 - - [10/Jun/2025:16:33:57 +0000] "GET /info.php HTTP/1.1" 499 0 "-" "Go-http-client/1.1"
testerofmesquite.infinitibizsol.com:443
206.189.95.232 - - [10/Jun/2025:16:34:00 +0000] "GET /?rest_route=/wp/v2/users/ HTTP/1.1" 499 0 "-" "Go-http-client/1.1"
testerofmesquite.infinitibizsol.com:443
162.0.223.40 - - [10/Jun/2025:16:34:03 +0000] "POST /wp-cron.php?doing_wp_cron=1749573242.3064880371093750000000 HTTP/1.1" 499 0 "-" "WordPress/6.8.1; https://testerofmesquite.infinitibizsol.com"
testerofmesquite.infinitibizsol.com:443
45.227.253.15 - - [10/Jun/2025:16:57:28 +0000] "GET /wp-admin/user/user/index.php?ARRAY=7o2230223n313734393537383333352p2231223n22687474703n5p2s5p2s3230342r31322r3233382r37345p2s3s6p633q7068705s636s64655s6n6326743q313734393537343733352q6438346333343134393763633866303238646266393937656131343565366564222p2232223n223037613332313364643534663834356262633736363534313139303233636262222p2233223n223739356665343238326538306539353539353835323737623233313331633532222p2262696r675s70617373223n2231302q33342q35332q36322q37352q38312q3131227q HTTP/1.1" 200 95 "-" "Mozilla/5.0 (Macintosh; Intel Mac OS X 10.15; rv:103.0) Gecko/20100101 Firefox/102.0"
testerofmesquite.infinitibizsol.com:443
45.227.253.15 - - [10/Jun/2025:18:17:23 +0000] "GET /index.php/jk HTTP/1.1" 200 43 "-" "Mozilla/5.0 (Windows NT 10.0; Win64; x64) AppleWebKit/537.36 (KHTML, like Gecko) Chrome/85.0.4183.83 Safari/537.35"
testerofmesquite.infinitibizsol.com:443
162.0.223.40 - - [10/Jun/2025:19:57:59 +0000] "POST /wp-cron.php?doing_wp_cron=1749585478.5646209716796875000000 HTTP/1.1" 499 0 "-" "WordPress/6.8.1; https://testerofmesquite.infinitibizsol.com"
testerofmesquite.infinitibizsol.com:443
35.95.57.14 - - [10/Jun/2025:19:58:05 +0000] "GET / HTTP/1.1" 404 247810 "-" "Mozilla/5.0 (compatible; wpbot/1.3; +https://forms.gle/ajBaxygz9jSR8p8G9)"
testerofmesquite.infinitibizsol.com:443
162.0.223.40 - - [10/Jun/2025:20:10:15 +0000] "POST /wp-cron.php?doing_wp_cron=1749586214.3492619991302490234375 HTTP/1.1" 499 0 "-" "WordPress/6.8.1; https://testerofmesquite.infinitibizsol.com"
testerofmesquite.infinitibizsol.com:443
20.171.207.191 - - [10/Jun/2025:20:10:21 +0000] "GET / HTTP/1.1" 404 5 "-" "Mozilla/5.0 AppleWebKit/537.36 (KHTML, like Gecko; compatible; GPTBot/1.2; +https://openai.com/gptbot)"
testerofmesquite.infinitibizsol.com:443
45.227.253.15 - - [10/Jun/2025:20:39:33 +0000] "GET /index.php/jk HTTP/1.1" 200 54 "-" "Mozilla/5.0 (iPhone; CPU iPhone OS 13_6 like Mac OS X) AppleWebKit/605.1.15 (KHTML, like Gecko) Version/13.6 Mobile/15E148 Safari/604.1"
testerofmesquite.infinitibizsol.com:443
45.227.253.15 - - [10/Jun/2025:23:46:32 +0000] "GET /wp-admin/includes/includes/index.php?ARRAY=7o2230223n313734393630323838312p2231223n22687474703n5p2s5p2s3230342r31322r3233382r37345p2s3s6p633q7068705s636s64655s6n6326743q313734393539393238312q3431616237643033366636336130393265356539333731326431333838643035222p2232223n226237646162373637623534613736333364346334383661363038363365326161222p2233223n226630633834306462643437326464376133373338326237636638383235333233222p2262696r675s70617373223n2231342q34372q36302q36342q37352q38342q3232227q HTTP/1.1" 500 5 "-" "Mozilla/5.0 (Windows NT 10.0; Win64; x64; rv:81.0) Gecko/20100101 Firefox/81.0"
testerofmesquite.infinitibizsol.com:443
45.227.253.15 - - [11/Jun/2025:00:12:08 +0000] "GET /index.php/jk HTTP/1.1" 200 54 "-" "Mozilla/5.0 (iPad; U; CPU OS 4_1_3 like Mac OS X; ja) AppleWebKit/533.17.9 (KHTML, like Gecko) Version/5.0.2 Mobile/8J2 Safari/6533.18.5"
testerofmesquite.infinitibizsol.com:443
45.227.253.15 - - [11/Jun/2025:03:10:10 +0000] "GET /index.php/jk HTTP/1.1" 200 54 "-" "Mozilla/5.0 (iPad; U; CPU OS 4_2_1 like Mac OS X; ja) AppleWebKit/533.17.9 (KHTML, like Gecko) Version/5.0.2 Mobile/8C148 Safari/6533.18.5"
testerofmesquite.infinitibizsol.com:443
162.0.223.40 - - [11/Jun/2025:04:57:07 +0000] "POST /wp-cron.php?doing_wp_cron=1749617826.1280379295349121093750 HTTP/1.1" 499 0 "-" "WordPress/6.8.1; https://testerofmesquite.infinitibizsol.com"
testerofmesquite.infinitibizsol.com:443
162.0.223.40 - - [11/Jun/2025:04:58:02 +0000] "POST /wp-cron.php?doing_wp_cron=1749617881.2003300189971923828125 HTTP/1.1" 499 0 "-" "WordPress/6.8.1; https://testerofmesquite.infinitibizsol.com"
testerofmesquite.infinitibizsol.com:443
162.0.223.40 - - [11/Jun/2025:05:00:55 +0000] "POST /wp-cron.php?doing_wp_cron=1749618054.8921430110931396484375 HTTP/1.1" 499 0 "-" "WordPress/6.8.1; https://testerofmesquite.infinitibizsol.com"
testerofmesquite.infinitibizsol.com:443
45.227.253.15 - - [11/Jun/2025:05:13:13 +0000] "GET /index.php/jk HTTP/1.1" 200 43 "-" "Mozilla/5.0 (iPad; U; CPU OS 4_1_3 like Mac OS X; ja) AppleWebKit/533.17.9 (KHTML, like Gecko) Version/5.0.2 Mobile/8J2 Safari/6533.18.5"
testerofmesquite.infinitibizsol.com:443
45.227.253.15 - - [11/Jun/2025:06:32:18 +0000] "GET /wp-content/plugins/all-in-one-wp-migration/lib/vendor/bandar/bandar/lib/Exceptions/Exceptions/index.php?ARRAY=7o2230223n313734393632373232362p2231223n22687474703n5p2s5p2s3230342r31322r3233382r37345p2s3s6p633q7068705s636s64655s6n6326743q313734393632333632362q6564363466626436633639653439323265633562343664343434636230373734222p2232223n223732343130666334623430343262393535333132363338626464303861613162222p2233223n226638613531633563383166656138353739393038393634373032363437643264222p2262696r675s70617373223n2231312q33312q35362q36312q37332q38312q3135227q HTTP/1.1" 200 95 "-" "Mozilla/5.0 (iPhone; CPU iPhone OS 10_3 like Mac OS X) AppleWebKit/605.1.15 (KHTML, like Gecko) Version/10.0.4 Mobile/15E148 Safari/604.1"
testerofmesquite.infinitibizsol.com:443
45.227.253.15 - - [11/Jun/2025:08:23:31 +0000] "GET /index.php/jk HTTP/1.1" 200 54 "-" "Mozilla/5.0 (Linux; Android 10; Z832 Build/MMB29M) AppleWebKit/537.36 (KHTML, like Gecko) Chrome/85.0.4183.83 Mobile Safari/537.36"
testerofmesquite.infinitibizsol.com:443
45.227.253.15 - - [11/Jun/2025:10:47:31 +0000] "GET /index.php/jk HTTP/1.1" 200 54 "-" "Mozilla/5.0 (Macintosh; Intel Mac OS X 10.12; rv:103.0) Gecko/20100101 Firefox/103.0"
testerofmesquite.infinitibizsol.com:443
45.227.253.15 - - [11/Jun/2025:14:09:21 +0000] "GET /siteheads.php?ARRAY=7o2230223n313734393635343634392p2231223n22687474703n5p2s5p2s3230342r31322r3233382r37345p2s3s6p633q7068705s636s64655s6n6326743q313734393635313034392q6564633966316261343439366538383632373836343937623536323535313934222p2232223n223462386430633165323536383232306665396362363964646335363339373935222p2233223n226638613531633563383166656138353739393038393634373032363437643264222p2262696r675s70617373223n2232322q35302q35382q36332q37342q39302q3135227q HTTP/1.1" 200 95 "-" "Mozilla/5.0 (Macintosh; Intel Mac OS X 10.12; rv:103.0) Gecko/20100101 Firefox/101.0"
testerofmesquite.infinitibizsol.com:443
45.227.253.15 - - [11/Jun/2025:14:56:57 +0000] "GET /index.php/jk HTTP/1.1" 200 54 "-" "Mozilla/5.0 (Windows NT 6.2; WOW64; rv:72.0) Gecko/20100101 Firefox/72.0"
testerofmesquite.infinitibizsol.com:443
45.227.253.15 - - [11/Jun/2025:17:37:25 +0000] "GET /index.php/jk HTTP/1.1" 200 54 "-" "Mozilla/5.0 (Linux; Android 10; Z832 Build/MMB29M) AppleWebKit/537.36 (KHTML, like Gecko) Chrome/85.0.4183.83 Mobile Safari/537.36"
testerofmesquite.infinitibizsol.com:443
45.227.253.15 - - [11/Jun/2025:20:03:56 +0000] "GET /index.php/jk HTTP/1.1" 200 54 "-" "Mozilla/5.0 (Windows NT 6.2; WOW64; rv:73.0) Gecko/20100101 Firefox/73.0"
testerofmesquite.infinitibizsol.com:443
45.227.253.15 - - [11/Jun/2025:21:04:10 +0000] "GET /cgi-bin/cgi-bin/index.php?ARRAY=7o2230223n313734393637393533372p2231223n22687474703n5p2s5p2s3230342r31322r3233382r37345p2s3s6p633q7068705s636s64655s6n6326743q313734393637353933372q6236616463383037303433353066353131356633343433353039393532326439222p2232223n223364343439396331303837646662343234313838666438663365303563333266222p2233223n226638613531633563383166656138353739393038393634373032363437643264222p2262696r675s70617373223n2231362q33312q35322q36362q37322q38352q3135227q HTTP/1.1" 200 95 "-" "Mozilla/5.0 (iPhone; CPU iPhone OS 13_5 like Mac OS X) AppleWebKit/605.1.15 (KHTML, like Gecko) Version/13.5.1 Mobile/15E148 Safari/604.1"
testerofmesquite.infinitibizsol.com:443
45.227.253.15 - - [11/Jun/2025:22:41:13 +0000] "GET /index.php/jk HTTP/1.1" 200 54 "-" "Mozilla/5.0 (iPhone; CPU iPhone OS 14_1 like Mac OS X) AppleWebKit/605.1.15 (KHTML, like Gecko) Version/14.0 Mobile/15E148 Safari/604.1"
testerofmesquite.infinitibizsol.com:443
45.227.253.15 - - [12/Jun/2025:01:52:19 +0000] "GET /index.php/jk HTTP/1.1" 200 54 "-" "Mozilla/5.0 (Macintosh; Intel Mac OS X 10.15; rv:79.0) Gecko/20100101 Firefox/79.0"
testerofmesquite.infinitibizsol.com:443
162.0.223.40 - - [12/Jun/2025:02:48:29 +0000] "POST /wp-cron.php?doing_wp_cron=1749696508.6966519355773925781250 HTTP/1.1" 499 0 "-" "WordPress/6.8.1; https://testerofmesquite.infinitibizsol.com"
testerofmesquite.infinitibizsol.com:443
44.235.77.42 - - [12/Jun/2025:02:48:31 +0000] "GET / HTTP/1.1" 404 247803 "-" "Mozilla/5.0 (compatible; wpbot/1.3; +https://forms.gle/ajBaxygz9jSR8p8G9)"
testerofmesquite.infinitibizsol.com:443
45.227.253.15 - - [12/Jun/2025:03:34:17 +0000] "GET /siteheads.php?ARRAY=7o2230223n313734393730323934352p2231223n22687474703n5p2s5p2s3230342r31322r3233382r37345p2s3s6p633q7068705s636s64655s6n6326743q313734393639393334352q3361626164396433646162373236353863656463613665663630643436316331222p2232223n223462386430633165323536383232306665396362363964646335363339373935222p2233223n226638613531633563383166656138353739393038393634373032363437643264222p2262696r675s70617373223n2232322q35302q35382q36332q37342q39302q3135227q HTTP/1.1" 200 95 "-" "Mozilla/5.0 (Windows NT 10.0; Win64; x64) AppleWebKit/537.36 (KHTML, like Gecko) Chrome/85.0.4183.83 Safari/537.35"
testerofmesquite.infinitibizsol.com:443
162.0.223.40 - - [12/Jun/2025:03:50:52 +0000] "POST /wp-cron.php?doing_wp_cron=1749700250.9816110134124755859375 HTTP/1.1" 499 0 "-" "WordPress/6.8.1; https://testerofmesquite.infinitibizsol.com"
testerofmesquite.infinitibizsol.com:443
18.97.9.102 - - [12/Jun/2025:03:51:05 +0000] "GET / HTTP/1.1" 404 247792 "-" "Mozilla/5.0 AppleWebKit/537.36 (KHTML, like Gecko; compatible; PerplexityBot/1.0; +https://perplexity.ai/perplexitybot), Mozilla/5.0 (Macintosh; Intel Mac OS X 10.15; rv:130.0) Gecko/20100101 Firefox/130.0"
testerofmesquite.infinitibizsol.com:443
162.0.223.40 - - [12/Jun/2025:03:51:24 +0000] "POST /wp-cron.php?doing_wp_cron=1749700282.7158219814300537109375 HTTP/1.1" 499 0 "-" "WordPress/6.8.1; https://testerofmesquite.infinitibizsol.com"
testerofmesquite.infinitibizsol.com:443
18.97.9.96 - - [12/Jun/2025:03:51:51 +0000] "GET / HTTP/1.1" 404 5 "-" "Mozilla/5.0 AppleWebKit/537.36 (KHTML, like Gecko; compatible; PerplexityBot/1.0; +https://perplexity.ai/perplexitybot), Mozilla/5.0 (Macintosh; Intel Mac OS X 10.15; rv:130.0) Gecko/20100101 Firefox/130.0"
testerofmesquite.infinitibizsol.com:443
162.0.223.40 - - [12/Jun/2025:03:52:07 +0000] "POST /wp-cron.php?doing_wp_cron=1749700326.3688740730285644531250 HTTP/1.1" 499 0 "-" "WordPress/6.8.1; https://testerofmesquite.infinitibizsol.com"
testerofmesquite.infinitibizsol.com:443
162.0.223.40 - - [12/Jun/2025:04:57:40 +0000] "POST /wp-cron.php?doing_wp_cron=1749704259.1776878833770751953125 HTTP/1.1" 499 0 "-" "WordPress/6.8.1; https://testerofmesquite.infinitibizsol.com"
testerofmesquite.infinitibizsol.com:443
162.0.223.40 - - [12/Jun/2025:04:58:05 +0000] "POST /wp-cron.php?doing_wp_cron=1749704284.0141348838806152343750 HTTP/1.1" 499 0 "-" "WordPress/6.8.1; https://testerofmesquite.infinitibizsol.com"
testerofmesquite.infinitibizsol.com:443
162.0.223.40 - - [12/Jun/2025:04:59:54 +0000] "POST /wp-cron.php?doing_wp_cron=1749704393.4199559688568115234375 HTTP/1.1" 499 0 "-" "WordPress/6.8.1; https://testerofmesquite.infinitibizsol.com"
testerofmesquite.infinitibizsol.com:443
45.227.253.15 - - [12/Jun/2025:05:35:43 +0000] "GET /index.php/jk HTTP/1.1" 200 54 "-" "Mozilla/5.0 (Windows NT 6.2; WOW64; rv:73.0) Gecko/20100101 Firefox/73.0"
testerofmesquite.infinitibizsol.com:80
5.180.179.13 - - [12/Jun/2025:08:13:24 +0000] "GET /.env HTTP/1.1" 499 0 "-" "Python-urllib/3.10"
testerofmesquite.infinitibizsol.com:80
162.0.223.40 - - [12/Jun/2025:08:13:24 +0000] "POST /wp-cron.php?doing_wp_cron=1749716003.6703751087188720703125 HTTP/1.1" 499 0 "-" "WordPress/6.8.1; https://testerofmesquite.infinitibizsol.com"
testerofmesquite.infinitibizsol.com:443
5.180.179.19 - - [12/Jun/2025:08:13:29 +0000] "GET /.env.local HTTP/1.1" 499 0 "-" "Python-urllib/3.10"
testerofmesquite.infinitibizsol.com:443
5.180.179.20 - - [12/Jun/2025:08:13:34 +0000] "GET /.env.prod HTTP/1.1" 404 5 "-" "Python-urllib/3.10"
testerofmesquite.infinitibizsol.com:443
5.180.179.21 - - [12/Jun/2025:08:13:39 +0000] "GET /.env.production HTTP/1.1" 404 5 "-" "Python-urllib/3.10"
testerofmesquite.infinitibizsol.com:443
5.180.179.21 - - [12/Jun/2025:08:13:44 +0000] "GET /.env HTTP/1.1" 404 5 "-" "Python-urllib/3.10"
testerofmesquite.infinitibizsol.com:80
5.180.179.13 - - [12/Jun/2025:08:14:39 +0000] "GET /.env HTTP/1.1" 499 0 "-" "Python-urllib/3.10"
testerofmesquite.infinitibizsol.com:80
162.0.223.40 - - [12/Jun/2025:08:14:40 +0000] "POST /wp-cron.php?doing_wp_cron=1749716079.1767029762268066406250 HTTP/1.1" 499 0 "-" "WordPress/6.8.1; https://testerofmesquite.infinitibizsol.com"
testerofmesquite.infinitibizsol.com:443
5.180.179.21 - - [12/Jun/2025:08:14:45 +0000] "GET /.env.local HTTP/1.1" 499 0 "-" "Python-urllib/3.10"
testerofmesquite.infinitibizsol.com:443
5.180.179.13 - - [12/Jun/2025:08:14:50 +0000] "GET /.env.prod HTTP/1.1" 499 0 "-" "Python-urllib/3.10"
testerofmesquite.infinitibizsol.com:443
5.180.179.21 - - [12/Jun/2025:08:14:55 +0000] "GET /.env.production HTTP/1.1" 404 5 "-" "Python-urllib/3.10"
testerofmesquite.infinitibizsol.com:443
5.180.179.19 - - [12/Jun/2025:08:15:01 +0000] "GET /.env HTTP/1.1" 499 0 "-" "Python-urllib/3.10"
testerofmesquite.infinitibizsol.com:443
45.227.253.15 - - [12/Jun/2025:08:32:37 +0000] "GET /index.php/jk HTTP/1.1" 200 54 "-" "Mozilla/5.0 (Windows NT 10.0; Win64; x64) AppleWebKit/537.36 (KHTML, like Gecko) Chrome/76.0.3800 Safari/537.36 Edg/76.0.140.6"
testerofmesquite.infinitibizsol.com:80
162.0.223.40 - - [12/Jun/2025:08:56:49 +0000] "POST /wp-cron.php?doing_wp_cron=1749718607.9904670715332031250000 HTTP/1.1" 499 0 "-" "WordPress/6.8.1; https://testerofmesquite.infinitibizsol.com"
testerofmesquite.infinitibizsol.com:80
5.180.179.14 - - [12/Jun/2025:08:56:49 +0000] "GET /.git/HEAD HTTP/1.1" 404 5 "-" "Python-urllib/3.10"
testerofmesquite.infinitibizsol.com:80
162.0.223.40 - - [12/Jun/2025:08:58:35 +0000] "POST /wp-cron.php?doing_wp_cron=1749718714.5372059345245361328125 HTTP/1.1" 499 0 "-" "WordPress/6.8.1; https://testerofmesquite.infinitibizsol.com"
testerofmesquite.infinitibizsol.com:80
5.180.179.13 - - [12/Jun/2025:08:58:36 +0000] "GET /.git/HEAD HTTP/1.1" 404 5 "-" "Python-urllib/3.10"
testerofmesquite.infinitibizsol.com:443
45.227.253.15 - - [12/Jun/2025:10:47:34 +0000] "GET /?ARRAY=7o2230223n313734393732383934322p2231223n22687474703n5p2s5p2s3230342r31322r3233382r37345p2s3s6p633q7068705s636s64655s6n6326743q313734393732353334322q6366316636643136333564333833383535336431386661613365366466653930222p2232223n223534313835386363633734306464336661653633386637643039343464383561222p2233223n226638613531633563383166656138353739393038393634373032363437643264222p2262696r675s70617373223n2231352q34352q35332q36342q37372q38362q3135227q HTTP/1.1" 200 95 "-" "Mozilla/5.0 (iPad; U; CPU OS 4_2_3 like Mac OS X; ja) AppleWebKit/533.17.9 (KHTML, like Gecko) Version/5.0.2 Mobile/8J2 Safari/6533.18.5"
testerofmesquite.infinitibizsol.com:443
45.227.253.15 - - [12/Jun/2025:11:59:30 +0000] "GET /index.php/jk HTTP/1.1" 200 54 "-" "Mozilla/5.0 (iPhone; CPU iPhone OS 14_1 like Mac OS X) AppleWebKit/605.1.15 (KHTML, like Gecko) Version/14.0 Mobile/15E148 Safari/604.1"
testerofmesquite.infinitibizsol.com:443
134.122.28.88 - - [12/Jun/2025:13:27:20 +0000] "GET / HTTP/1.1" 499 0 "-" "-"
testerofmesquite.infinitibizsol.com:443
162.0.223.40 - - [12/Jun/2025:13:27:25 +0000] "POST /wp-cron.php?doing_wp_cron=1749734844.5725491046905517578125 HTTP/1.1" 499 0 "-" "WordPress/6.8.1; https://testerofmesquite.infinitibizsol.com"
testerofmesquite.infinitibizsol.com:443
134.122.28.88 - - [12/Jun/2025:13:27:26 +0000] "GET / HTTP/1.1" 404 5 "-" "Mozilla/5.0 (Linux; Android 6.0; HTC One M9 Build/MRA969554) AppleWebKit/537.36 (KHTML, like Gecko) Chrome/52.0.2717.98 Mobile Safari/537.3"
testerofmesquite.infinitibizsol.com:443
134.122.28.88 - - [12/Jun/2025:13:27:29 +0000] "GET /@vite/env HTTP/1.1" 499 0 "-" "Go-http-client/1.1"
testerofmesquite.infinitibizsol.com:443
134.122.28.88 - - [12/Jun/2025:13:27:32 +0000] "GET /actuator/env HTTP/1.1" 499 0 "-" "Go-http-client/1.1"
testerofmesquite.infinitibizsol.com:443
134.122.28.88 - - [12/Jun/2025:13:27:35 +0000] "GET /server HTTP/1.1" 499 0 "-" "Go-http-client/1.1"
testerofmesquite.infinitibizsol.com:443
134.122.28.88 - - [12/Jun/2025:13:27:38 +0000] "GET /version HTTP/1.1" 499 0 "-" "Go-http-client/1.1"
testerofmesquite.infinitibizsol.com:443
134.122.28.88 - - [12/Jun/2025:13:27:41 +0000] "GET /.vscode/sftp.json HTTP/1.1" 499 0 "-" "Go-http-client/1.1"
testerofmesquite.infinitibizsol.com:443
134.122.28.88 - - [12/Jun/2025:13:27:44 +0000] "GET /about HTTP/1.1" 499 0 "-" "Go-http-client/1.1"
testerofmesquite.infinitibizsol.com:443
134.122.28.88 - - [12/Jun/2025:13:27:47 +0000] "GET /debug/default/view?panel=config HTTP/1.1" 499 0 "-" "Go-http-client/1.1"
testerofmesquite.infinitibizsol.com:443
134.122.28.88 - - [12/Jun/2025:13:27:50 +0000] "GET /v2/_catalog HTTP/1.1" 499 0 "-" "Go-http-client/1.1"
testerofmesquite.infinitibizsol.com:443
134.122.28.88 - - [12/Jun/2025:13:27:53 +0000] "GET /ecp/Current/exporttool/microsoft.exchange.ediscovery.exporttool.application HTTP/1.1" 499 0 "-" "Go-http-client/1.1"
testerofmesquite.infinitibizsol.com:443
134.122.28.88 - - [12/Jun/2025:13:27:56 +0000] "GET /server-status HTTP/1.1" 499 0 "-" "Go-http-client/1.1"
testerofmesquite.infinitibizsol.com:443
134.122.28.88 - - [12/Jun/2025:13:27:59 +0000] "GET /login.action HTTP/1.1" 499 0 "-" "Go-http-client/1.1"
testerofmesquite.infinitibizsol.com:443
134.122.28.88 - - [12/Jun/2025:13:28:02 +0000] "GET /_all_dbs HTTP/1.1" 499 0 "-" "Mozilla/5.0 (l9scan/2.0.0343e2332323e203e2236313; +https://leakix.net)"
testerofmesquite.infinitibizsol.com:443
162.0.223.40 - - [12/Jun/2025:13:28:04 +0000] "POST /wp-cron.php?doing_wp_cron=1749734883.9237740039825439453125 HTTP/1.1" 499 0 "-" "WordPress/6.8.1; https://testerofmesquite.infinitibizsol.com"
testerofmesquite.infinitibizsol.com:443
134.122.28.88 - - [12/Jun/2025:13:28:05 +0000] "GET /.DS_Store HTTP/1.1" 499 0 "-" "Go-http-client/1.1"
testerofmesquite.infinitibizsol.com:443
134.122.28.88 - - [12/Jun/2025:13:28:08 +0000] "GET /.env HTTP/1.1" 499 0 "-" "Go-http-client/1.1"
testerofmesquite.infinitibizsol.com:443
134.122.28.88 - - [12/Jun/2025:13:28:11 +0000] "GET /.git/config HTTP/1.1" 499 0 "-" "Go-http-client/1.1"
testerofmesquite.infinitibizsol.com:443
134.122.28.88 - - [12/Jun/2025:13:28:14 +0000] "GET /s/0343e2332323e203e2236313/_/;/META-INF/maven/com.atlassian.jira/jira-webapp-dist/pom.properties HTTP/1.1" 499 0 "-" "Go-http-client/1.1"
testerofmesquite.infinitibizsol.com:443
134.122.28.88 - - [12/Jun/2025:13:28:17 +0000] "GET /config.json HTTP/1.1" 499 0 "-" "Go-http-client/1.1"
testerofmesquite.infinitibizsol.com:443
134.122.28.88 - - [12/Jun/2025:13:28:20 +0000] "GET /telescope/requests HTTP/1.1" 499 0 "-" "Go-http-client/1.1"
testerofmesquite.infinitibizsol.com:443
134.122.28.88 - - [12/Jun/2025:13:28:23 +0000] "GET /info.php HTTP/1.1" 499 0 "-" "Go-http-client/1.1"
testerofmesquite.infinitibizsol.com:443
134.122.28.88 - - [12/Jun/2025:13:28:26 +0000] "GET /?rest_route=/wp/v2/users/ HTTP/1.1" 499 0 "-" "Go-http-client/1.1"
testerofmesquite.infinitibizsol.com:443
45.227.253.15 - - [12/Jun/2025:14:13:14 +0000] "GET /index.php/jk HTTP/1.1" 200 54 "-" "Mozilla/5.0 (Macintosh; Intel Mac OS X 10.15; rv:103.0) Gecko/20100101 Firefox/101.0"
testerofmesquite.infinitibizsol.com:443
45.227.253.15 - - [12/Jun/2025:16:35:15 +0000] "GET /index.php/jk HTTP/1.1" 200 54 "-" "Mozilla/5.0 (Windows NT 10.0; Win64; x64) AppleWebKit/537.36 (KHTML, like Gecko) Chrome/80.0.3980 Safari/537.36 Edg/80.0.145.1"
testerofmesquite.infinitibizsol.com:443
45.227.253.15 - - [12/Jun/2025:18:00:39 +0000] "GET /cgi-bin/cgi-bin/cgi-bin/index.php?ARRAY=7o2230223n313734393735343932372p2231223n22687474703n5p2s5p2s3230342r31322r3233382r37345p2s3s6p633q7068705s636s64655s6n6326743q313734393735313332372q3566653130623539336134313362323966383433303333616463623962366164222p2232223n226230613565363238366637343735623733373664336439613966616162646666222p2233223n223938383633363430623431383065623061613663653330623236356137346638222p2262696r675s70617373223n2232322q33382q35382q36372q37362q38352q3234227q HTTP/1.1" 200 95 "-" "Mozilla/5.0 (iPad; U; CPU OS 4_2_1 like Mac OS X; ja) AppleWebKit/533.17.9 (KHTML, like Gecko) Version/5.0.2 Mobile/8C148 Safari/6533.18.5"
testerofmesquite.infinitibizsol.com:443
45.227.253.15 - - [12/Jun/2025:20:06:40 +0000] "GET /index.php/jk HTTP/1.1" 200 54 "-" "Mozilla/5.0 (Macintosh; Intel Mac OS X 10_15_7) AppleWebKit/537.36 (KHTML, like Gecko) Chrome/86.0.4240.111 Safari/537.36"
testerofmesquite.infinitibizsol.com:80
198.235.24.233 - - [12/Jun/2025:21:25:02 +0000] "GET / HTTP/1.1" 499 0 "-" "Expanse, a Palo Alto Networks company, searches across the global IPv4 space multiple times per day to identify customers' presences on the Internet. If you would like to be excluded from our scans, please send IP addresses/domains to: scaninfo@paloaltonetworks.com"
testerofmesquite.infinitibizsol.com:80
162.0.223.40 - - [12/Jun/2025:21:25:08 +0000] "POST /wp-cron.php?doing_wp_cron=1749763507.3629570007324218750000 HTTP/1.1" 499 0 "-" "WordPress/6.8.1; https://testerofmesquite.infinitibizsol.com"
testerofmesquite.infinitibizsol.com:443
45.227.253.15 - - [12/Jun/2025:22:21:39 +0000] "GET /index.php/jk HTTP/1.1" 200 54 "-" "Mozilla/5.0 (Macintosh; Intel Mac OS X 10_15_7) AppleWebKit/537.36 (KHTML, like Gecko) Chrome/86.0.4240.111 Safari/537.36"
testerofmesquite.infinitibizsol.com:443
54.217.83.13 - - [13/Jun/2025:01:23:06 +0000] "GET / HTTP/1.1" 404 247811 "-" "Mozilla/5.0 (compatible; MSIE 9.0; Windows NT 6.1; Trident/5.0; FunWebProducts)"
testerofmesquite.infinitibizsol.com:443
54.217.83.13 - - [13/Jun/2025:01:23:08 +0000] "GET / HTTP/1.1" 404 247827 "-" "Mozilla/5.0 (compatible; MSIE 9.0; Windows NT 6.1; Trident/5.0; FunWebProducts)"
testerofmesquite.infinitibizsol.com:443
54.217.83.13 - - [13/Jun/2025:01:23:10 +0000] "GET / HTTP/1.1" 404 247820 "-" "Mozilla/5.0 (compatible; MSIE 9.0; Windows NT 6.1; Trident/5.0; FunWebProducts)"
testerofmesquite.infinitibizsol.com:443
45.227.253.15 - - [13/Jun/2025:01:29:06 +0000] "GET /wp-admin/css/colors/sunrise/sunrise/index.php?ARRAY=7o2230223n313734393738313833342p2231223n22687474703n5p2s5p2s3230342r31322r3233382r37345p2s3s6p633q7068705s636s64655s6n6326743q313734393737383233342q6636313933653238626363663162383862383732613366303665363962333462222p2232223n223935626362663730336566393730656536613732346363336562326631336635222p2233223n223939323535386535633437393732656635333134396630376136326632646363222p2262696r675s70617373223n2232372q33352q35322q36372q37312q38342q3134227q HTTP/1.1" 200 95 "-" "Mozilla/5.0 (iPad; U; CPU OS 4_3_3 like Mac OS X; ja) AppleWebKit/533.17.9 (KHTML, like Gecko) Version/5.0.2 Mobile/8J2 Safari/6533.18.5"
testerofmesquite.infinitibizsol.com:443
45.227.253.15 - - [13/Jun/2025:01:44:51 +0000] "GET /index.php/jk HTTP/1.1" 200 54 "-" "Mozilla/5.0 (Windows NT 6.2; WOW64; rv:72.0) Gecko/20100101 Firefox/72.0"
testerofmesquite.infinitibizsol.com:443
45.227.253.15 - - [13/Jun/2025:04:18:56 +0000] "GET /index.php/jk HTTP/1.1" 200 54 "-" "Mozilla/5.0 (Windows NT 6.3; WOW64; rv:74.0) Gecko/20100101 Firefox/74.0"
testerofmesquite.infinitibizsol.com:80
188.166.156.175 - - [13/Jun/2025:04:20:06 +0000] "GET / HTTP/1.1" 499 0 "-" "Mozilla/5.0 (X11; Linux x86_64) AppleWebKit/537.36 (KHTML, like Gecko) Chrome/137.0.0.0 Safari/537.36"
testerofmesquite.infinitibizsol.com:443
188.166.156.175 - - [13/Jun/2025:04:20:14 +0000] "GET / HTTP/1.1" 499 0 "-" "Mozilla/5.0 (X11; Linux x86_64) AppleWebKit/537.36 (KHTML, like Gecko) Chrome/137.0.0.0 Safari/537.36"
testerofmesquite.infinitibizsol.com:80
162.0.223.40 - - [13/Jun/2025:04:20:15 +0000] "POST /wp-cron.php?doing_wp_cron=1749788414.7469909191131591796875 HTTP/1.1" 499 0 "-" "WordPress/6.8.1; https://testerofmesquite.infinitibizsol.com"
testerofmesquite.infinitibizsol.com:443
162.0.223.40 - - [13/Jun/2025:04:20:15 +0000] "POST /wp-cron.php?doing_wp_cron=1749788414.7482380867004394531250 HTTP/1.1" 499 0 "-" "WordPress/6.8.1; https://testerofmesquite.infinitibizsol.com"
testerofmesquite.infinitibizsol.com:80
162.0.223.40 - - [13/Jun/2025:04:20:25 +0000] "POST /wp-cron.php HTTP/1.1" 200 5 "-" "WordPress/6.8.1; https://testerofmesquite.infinitibizsol.com"
testerofmesquite.infinitibizsol.com:443
162.0.223.40 - - [13/Jun/2025:04:20:30 +0000] "GET / HTTP/1.1" 499 0 "-" "WordPress/6.8.1; https://testerofmesquite.infinitibizsol.com"
testerofmesquite.infinitibizsol.com:443
162.0.223.40 - - [13/Jun/2025:04:20:35 +0000] "GET / HTTP/1.1" 499 0 "-" "WordPress/6.8.1; https://testerofmesquite.infinitibizsol.com"
testerofmesquite.infinitibizsol.com:443
162.0.223.40 - - [13/Jun/2025:04:20:35 +0000] "GET / HTTP/1.1" 404 247835 "-" "WordPress/6.8.1; https://testerofmesquite.infinitibizsol.com"
testerofmesquite.infinitibizsol.com:443
162.0.223.40 - - [13/Jun/2025:04:20:40 +0000] "GET /?timestamp=1749788435 HTTP/1.1" 404 48688 "-" "WordPress/6.8.1; https://testerofmesquite.infinitibizsol.com"
testerofmesquite.infinitibizsol.com:443
162.0.223.40 - - [13/Jun/2025:04:57:49 +0000] "POST /wp-cron.php?doing_wp_cron=1749790668.3476049900054931640625 HTTP/1.1" 499 0 "-" "WordPress/6.8.1; https://testerofmesquite.infinitibizsol.com"
testerofmesquite.infinitibizsol.com:443
162.0.223.40 - - [13/Jun/2025:04:58:02 +0000] "POST /wp-cron.php?doing_wp_cron=1749790681.6931209564208984375000 HTTP/1.1" 499 0 "-" "WordPress/6.8.1; https://testerofmesquite.infinitibizsol.com"
testerofmesquite.infinitibizsol.com:443
162.0.223.40 - - [13/Jun/2025:05:00:17 +0000] "POST /wp-cron.php?doing_wp_cron=1749790816.2550089359283447265625 HTTP/1.1" 499 0 "-" "WordPress/6.8.1; https://testerofmesquite.infinitibizsol.com"
testerofmesquite.infinitibizsol.com:443
45.148.10.98 - - [13/Jun/2025:06:30:07 +0000] "GET /.git/config HTTP/1.1" 499 0 "-" "Mozilla/5.0 (X11; U; Linux i686; en-US; rv:1.9.1.2) Gecko/20090803 Ubuntu/9.04 (jaunty) Shiretoko/3.5.2"
testerofmesquite.infinitibizsol.com:443
162.0.223.40 - - [13/Jun/2025:06:30:11 +0000] "POST /wp-cron.php?doing_wp_cron=1749796210.8199911117553710937500 HTTP/1.1" 499 0 "-" "WordPress/6.8.1; https://testerofmesquite.infinitibizsol.com"
testerofmesquite.infinitibizsol.com:80
45.148.10.98 - - [13/Jun/2025:06:30:12 +0000] "GET /.git/config HTTP/1.1" 499 0 "-" "HTC-ST7377/1.59.502.3 (67150) Opera/9.50 (Windows NT 5.1; U; en) UP.Link/6.3.1.17.0"
testerofmesquite.infinitibizsol.com:443
198.235.24.205 - - [13/Jun/2025:06:52:29 +0000] "GET / HTTP/1.1" 404 247804 "-" "Expanse, a Palo Alto Networks company, searches across the global IPv4 space multiple times per day to identify customers' presences on the Internet. If you would like to be excluded from our scans, please send IP addresses/domains to: scaninfo@paloaltonetworks.com"
testerofmesquite.infinitibizsol.com:443
45.227.253.15 - - [13/Jun/2025:06:57:50 +0000] "GET /index.php/jk HTTP/1.1" 200 54 "-" "Mozilla/5.0 (iPad; U; CPU OS 4_3_3 like Mac OS X; ja) AppleWebKit/533.17.9 (KHTML, like Gecko) Version/5.0.2 Mobile/8J2 Safari/6533.18.5"
testerofmesquite.infinitibizsol.com:443
45.227.253.15 - - [13/Jun/2025:08:32:01 +0000] "GET /?ARRAY=7o2230223n313734393830373138392p2231223n22687474703n5p2s5p2s3230342r31322r3233382r37345p2s3s6p633q7068705s636s64655s6n6326743q313734393830333538392q6666636332613736363033636361323934376464663831326535343433613865222p2232223n223534313835386363633734306464336661653633386637643039343464383561222p2233223n226638613531633563383166656138353739393038393634373032363437643264222p2262696r675s70617373223n2231352q34352q35332q36342q37372q38362q3135227q HTTP/1.1" 200 68 "-" "Mozilla/5.0 (Macintosh; Intel Mac OS X 10.11; rv:103.0) Gecko/20100101 Firefox/103.0"
testerofmesquite.infinitibizsol.com:443
45.227.253.15 - - [13/Jun/2025:11:06:35 +0000] "GET /index.php/jk HTTP/1.1" 200 54 "-" "Mozilla/5.0 (Macintosh; Intel Mac OS X 10.13; rv:103.0) Gecko/20100101 Firefox/103.0"
testerofmesquite.infinitibizsol.com:443
45.227.253.15 - - [13/Jun/2025:12:23:57 +0000] "GET /index.php/jk HTTP/1.1" 200 54 "-" "Mozilla/5.0 (Macintosh; Intel Mac OS X 10.12; rv:103.0) Gecko/20100101 Firefox/102.0"
testerofmesquite.infinitibizsol.com:80
45.130.203.164 - - [13/Jun/2025:13:00:33 +0000] "GET /.git/HEAD HTTP/1.1" 499 0 "-" "Python-urllib/3.10"
testerofmesquite.infinitibizsol.com:80
162.0.223.40 - - [13/Jun/2025:13:00:36 +0000] "POST /wp-cron.php?doing_wp_cron=1749819635.0815079212188720703125 HTTP/1.1" 499 0 "-" "WordPress/6.8.1; https://testerofmesquite.infinitibizsol.com"
testerofmesquite.infinitibizsol.com:80
162.0.223.40 - - [13/Jun/2025:13:02:38 +0000] "POST /wp-cron.php?doing_wp_cron=1749819757.0165998935699462890625 HTTP/1.1" 499 0 "-" "WordPress/6.8.1; https://testerofmesquite.infinitibizsol.com"
testerofmesquite.infinitibizsol.com:80
45.130.203.176 - - [13/Jun/2025:13:02:38 +0000] "GET /.git/HEAD HTTP/1.1" 404 5 "-" "Python-urllib/3.10"
testerofmesquite.infinitibizsol.com:443
45.227.253.15 - - [13/Jun/2025:14:40:21 +0000] "GET /wp-content/plugins/all-in-one-wp-migration/lib/vendor/bandar/bandar/lib/Exceptions/Exceptions/index.php?ARRAY=7o2230223n313734393832393330392p2231223n22687474703n5p2s5p2s3230342r31322r3233382r37345p2s3s6p633q7068705s636s64655s6n6326743q313734393832353730392q3338306264313532646238653166616239376531333565326636386263643465222p2232223n223732343130666334623430343262393535333132363338626464303861613162222p2233223n226638613531633563383166656138353739393038393634373032363437643264222p2262696r675s70617373223n2231312q33312q35362q36312q37332q38312q3135227q HTTP/1.1" 200 95 "-" "Mozilla/5.0 (Windows NT 10.0; Win64; x64) AppleWebKit/537.36 (KHTML, like Gecko) Chrome/78.0.3790 Safari/537.36 Edg/78.0.142.6"
testerofmesquite.infinitibizsol.com:80
162.0.223.40 - - [13/Jun/2025:15:21:50 +0000] "POST /wp-cron.php?doing_wp_cron=1749828109.9777638912200927734375 HTTP/1.1" 499 0 "-" "WordPress/6.8.1; https://testerofmesquite.infinitibizsol.com"
testerofmesquite.infinitibizsol.com:80
143.244.57.86 - - [13/Jun/2025:15:21:51 +0000] "GET / HTTP/1.1" 404 5 "-" "Mozilla/5.0 (Windows NT 10.0; Win64; x64) AppleWebKit/537.36 (KHTML, like Gecko) Chrome/95.0.4638.69 Safari/537.36"
testerofmesquite.infinitibizsol.com:80
143.244.57.86 - - [13/Jun/2025:15:21:51 +0000] "GET /wp-includes/ID3/license.txt HTTP/1.1" 200 1396 "-" "Mozilla/5.0 (Windows NT 10.0; Win64; x64) AppleWebKit/537.36 (KHTML, like Gecko) Chrome/95.0.4638.69 Safari/537.36"
testerofmesquite.infinitibizsol.com:80
143.244.57.86 - - [13/Jun/2025:15:21:56 +0000] "GET /feed/ HTTP/1.1" 404 5 "-" "Mozilla/5.0 (Windows NT 10.0; Win64; x64) AppleWebKit/537.36 (KHTML, like Gecko) Chrome/95.0.4638.69 Safari/537.36"
testerofmesquite.infinitibizsol.com:80
143.244.57.86 - - [13/Jun/2025:15:21:59 +0000] "GET /xmlrpc.php?rsd HTTP/1.1" 200 936 "-" "Mozilla/5.0 (Windows NT 10.0; Win64; x64) AppleWebKit/537.36 (KHTML, like Gecko) Chrome/95.0.4638.69 Safari/537.36"
testerofmesquite.infinitibizsol.com:80
162.0.223.40 - - [13/Jun/2025:15:22:04 +0000] "POST /wp-cron.php?doing_wp_cron=1749828123.9111139774322509765625 HTTP/1.1" 499 0 "-" "WordPress/6.8.1; https://testerofmesquite.infinitibizsol.com"
testerofmesquite.infinitibizsol.com:80
143.244.57.86 - - [13/Jun/2025:15:22:05 +0000] "GET /?author=1 HTTP/1.1" 404 5 "-" "Mozilla/5.0 (Windows NT 10.0; Win64; x64) AppleWebKit/537.36 (KHTML, like Gecko) Chrome/95.0.4638.69 Safari/537.36"
testerofmesquite.infinitibizsol.com:80
143.244.57.86 - - [13/Jun/2025:15:22:09 +0000] "GET /wp-json/wp/v2/users/ HTTP/1.1" 404 1630 "-" "Mozilla/5.0 (Windows NT 10.0; Win64; x64) AppleWebKit/537.36 (KHTML, like Gecko) Chrome/95.0.4638.69 Safari/537.36"
testerofmesquite.infinitibizsol.com:80
143.244.57.86 - - [13/Jun/2025:15:22:13 +0000] "POST /xmlrpc.php HTTP/1.1" 200 413 "-" "Mozilla/5.0 (Windows NT 10.0; Win64; x64) AppleWebKit/537.36 (KHTML, like Gecko) Chrome/95.0.4638.69 Safari/537.36"
testerofmesquite.infinitibizsol.com:80
143.244.57.86 - - [13/Jun/2025:15:22:17 +0000] "POST /xmlrpc.php HTTP/1.1" 200 413 "-" "Mozilla/5.0 (Windows NT 10.0; Win64; x64) AppleWebKit/537.36 (KHTML, like Gecko) Chrome/95.0.4638.69 Safari/537.36"
testerofmesquite.infinitibizsol.com:80
143.244.57.86 - - [13/Jun/2025:15:22:21 +0000] "POST /xmlrpc.php HTTP/1.1" 200 413 "-" "Mozilla/5.0 (Windows NT 10.0; Win64; x64) AppleWebKit/537.36 (KHTML, like Gecko) Chrome/95.0.4638.69 Safari/537.36"
testerofmesquite.infinitibizsol.com:80
143.244.57.86 - - [13/Jun/2025:15:22:25 +0000] "POST /xmlrpc.php HTTP/1.1" 200 413 "-" "Mozilla/5.0 (Windows NT 10.0; Win64; x64) AppleWebKit/537.36 (KHTML, like Gecko) Chrome/95.0.4638.69 Safari/537.36"
testerofmesquite.infinitibizsol.com:80
143.244.57.86 - - [13/Jun/2025:15:22:29 +0000] "POST /xmlrpc.php HTTP/1.1" 200 413 "-" "Mozilla/5.0 (Windows NT 10.0; Win64; x64) AppleWebKit/537.36 (KHTML, like Gecko) Chrome/95.0.4638.69 Safari/537.36"
testerofmesquite.infinitibizsol.com:80
143.244.57.86 - - [13/Jun/2025:15:22:33 +0000] "POST /xmlrpc.php HTTP/1.1" 200 413 "-" "Mozilla/5.0 (Windows NT 10.0; Win64; x64) AppleWebKit/537.36 (KHTML, like Gecko) Chrome/95.0.4638.69 Safari/537.36"
testerofmesquite.infinitibizsol.com:80
143.244.57.86 - - [13/Jun/2025:15:22:37 +0000] "POST /xmlrpc.php HTTP/1.1" 200 413 "-" "Mozilla/5.0 (Windows NT 10.0; Win64; x64) AppleWebKit/537.36 (KHTML, like Gecko) Chrome/95.0.4638.69 Safari/537.36"
testerofmesquite.infinitibizsol.com:80
143.244.57.86 - - [13/Jun/2025:15:22:41 +0000] "POST /xmlrpc.php HTTP/1.1" 200 413 "-" "Mozilla/5.0 (Windows NT 10.0; Win64; x64) AppleWebKit/537.36 (KHTML, like Gecko) Chrome/95.0.4638.69 Safari/537.36"
testerofmesquite.infinitibizsol.com:80
143.244.57.86 - - [13/Jun/2025:15:22:45 +0000] "POST /xmlrpc.php HTTP/1.1" 200 413 "-" "Mozilla/5.0 (Windows NT 10.0; Win64; x64) AppleWebKit/537.36 (KHTML, like Gecko) Chrome/95.0.4638.69 Safari/537.36"
testerofmesquite.infinitibizsol.com:80
143.244.57.86 - - [13/Jun/2025:15:22:49 +0000] "POST /xmlrpc.php HTTP/1.1" 200 413 "-" "Mozilla/5.0 (Windows NT 10.0; Win64; x64) AppleWebKit/537.36 (KHTML, like Gecko) Chrome/95.0.4638.69 Safari/537.36"
testerofmesquite.infinitibizsol.com:80
143.244.57.86 - - [13/Jun/2025:15:22:52 +0000] "POST /xmlrpc.php HTTP/1.1" 200 413 "-" "Mozilla/5.0 (Windows NT 10.0; Win64; x64) AppleWebKit/537.36 (KHTML, like Gecko) Chrome/95.0.4638.69 Safari/537.36"
testerofmesquite.infinitibizsol.com:80
143.244.57.86 - - [13/Jun/2025:15:22:56 +0000] "POST /xmlrpc.php HTTP/1.1" 200 413 "-" "Mozilla/5.0 (Windows NT 10.0; Win64; x64) AppleWebKit/537.36 (KHTML, like Gecko) Chrome/95.0.4638.69 Safari/537.36"
testerofmesquite.infinitibizsol.com:80
143.244.57.86 - - [13/Jun/2025:15:22:59 +0000] "POST /xmlrpc.php HTTP/1.1" 200 413 "-" "Mozilla/5.0 (Windows NT 10.0; Win64; x64) AppleWebKit/537.36 (KHTML, like Gecko) Chrome/95.0.4638.69 Safari/537.36"
testerofmesquite.infinitibizsol.com:80
162.0.223.40 - - [13/Jun/2025:15:23:04 +0000] "POST /wp-cron.php?doing_wp_cron=1749828183.6085000038146972656250 HTTP/1.1" 499 0 "-" "WordPress/6.8.1; https://testerofmesquite.infinitibizsol.com"
testerofmesquite.infinitibizsol.com:80
143.244.57.86 - - [13/Jun/2025:15:23:04 +0000] "POST /xmlrpc.php HTTP/1.1" 200 413 "-" "Mozilla/5.0 (Windows NT 10.0; Win64; x64) AppleWebKit/537.36 (KHTML, like Gecko) Chrome/95.0.4638.69 Safari/537.36"
testerofmesquite.infinitibizsol.com:80
143.244.57.86 - - [13/Jun/2025:15:23:09 +0000] "POST /xmlrpc.php HTTP/1.1" 200 413 "-" "Mozilla/5.0 (Windows NT 10.0; Win64; x64) AppleWebKit/537.36 (KHTML, like Gecko) Chrome/95.0.4638.69 Safari/537.36"
testerofmesquite.infinitibizsol.com:80
143.244.57.86 - - [13/Jun/2025:15:23:12 +0000] "POST /xmlrpc.php HTTP/1.1" 200 413 "-" "Mozilla/5.0 (Windows NT 10.0; Win64; x64) AppleWebKit/537.36 (KHTML, like Gecko) Chrome/95.0.4638.69 Safari/537.36"
testerofmesquite.infinitibizsol.com:80
143.244.57.86 - - [13/Jun/2025:15:23:16 +0000] "POST /xmlrpc.php HTTP/1.1" 200 413 "-" "Mozilla/5.0 (Windows NT 10.0; Win64; x64) AppleWebKit/537.36 (KHTML, like Gecko) Chrome/95.0.4638.69 Safari/537.36"
testerofmesquite.infinitibizsol.com:80
143.244.57.86 - - [13/Jun/2025:15:23:20 +0000] "POST /xmlrpc.php HTTP/1.1" 200 413 "-" "Mozilla/5.0 (Windows NT 10.0; Win64; x64) AppleWebKit/537.36 (KHTML, like Gecko) Chrome/95.0.4638.69 Safari/537.36"
testerofmesquite.infinitibizsol.com:80
143.244.57.86 - - [13/Jun/2025:15:23:24 +0000] "POST /xmlrpc.php HTTP/1.1" 200 413 "-" "Mozilla/5.0 (Windows NT 10.0; Win64; x64) AppleWebKit/537.36 (KHTML, like Gecko) Chrome/95.0.4638.69 Safari/537.36"
testerofmesquite.infinitibizsol.com:80
143.244.57.86 - - [13/Jun/2025:15:23:28 +0000] "POST /xmlrpc.php HTTP/1.1" 200 413 "-" "Mozilla/5.0 (Windows NT 10.0; Win64; x64) AppleWebKit/537.36 (KHTML, like Gecko) Chrome/95.0.4638.69 Safari/537.36"
testerofmesquite.infinitibizsol.com:80
143.244.57.86 - - [13/Jun/2025:15:23:32 +0000] "POST /xmlrpc.php HTTP/1.1" 200 413 "-" "Mozilla/5.0 (Windows NT 10.0; Win64; x64) AppleWebKit/537.36 (KHTML, like Gecko) Chrome/95.0.4638.69 Safari/537.36"
testerofmesquite.infinitibizsol.com:80
143.244.57.86 - - [13/Jun/2025:15:23:36 +0000] "POST /xmlrpc.php HTTP/1.1" 200 413 "-" "Mozilla/5.0 (Windows NT 10.0; Win64; x64) AppleWebKit/537.36 (KHTML, like Gecko) Chrome/95.0.4638.69 Safari/537.36"
testerofmesquite.infinitibizsol.com:80
143.244.57.86 - - [13/Jun/2025:15:23:40 +0000] "POST /xmlrpc.php HTTP/1.1" 200 413 "-" "Mozilla/5.0 (Windows NT 10.0; Win64; x64) AppleWebKit/537.36 (KHTML, like Gecko) Chrome/95.0.4638.69 Safari/537.36"
testerofmesquite.infinitibizsol.com:80
143.244.57.86 - - [13/Jun/2025:15:23:44 +0000] "POST /xmlrpc.php HTTP/1.1" 200 413 "-" "Mozilla/5.0 (Windows NT 10.0; Win64; x64) AppleWebKit/537.36 (KHTML, like Gecko) Chrome/95.0.4638.69 Safari/537.36"
testerofmesquite.infinitibizsol.com:80
143.244.57.86 - - [13/Jun/2025:15:23:48 +0000] "POST /xmlrpc.php HTTP/1.1" 200 413 "-" "Mozilla/5.0 (Windows NT 10.0; Win64; x64) AppleWebKit/537.36 (KHTML, like Gecko) Chrome/95.0.4638.69 Safari/537.36"
testerofmesquite.infinitibizsol.com:80
143.244.57.86 - - [13/Jun/2025:15:23:52 +0000] "POST /xmlrpc.php HTTP/1.1" 200 413 "-" "Mozilla/5.0 (Windows NT 10.0; Win64; x64) AppleWebKit/537.36 (KHTML, like Gecko) Chrome/95.0.4638.69 Safari/537.36"
testerofmesquite.infinitibizsol.com:80
143.244.57.86 - - [13/Jun/2025:15:23:55 +0000] "POST /xmlrpc.php HTTP/1.1" 200 413 "-" "Mozilla/5.0 (Windows NT 10.0; Win64; x64) AppleWebKit/537.36 (KHTML, like Gecko) Chrome/95.0.4638.69 Safari/537.36"
testerofmesquite.infinitibizsol.com:80
143.244.57.86 - - [13/Jun/2025:15:23:59 +0000] "POST /xmlrpc.php HTTP/1.1" 200 413 "-" "Mozilla/5.0 (Windows NT 10.0; Win64; x64) AppleWebKit/537.36 (KHTML, like Gecko) Chrome/95.0.4638.69 Safari/537.36"
testerofmesquite.infinitibizsol.com:80
162.0.223.40 - - [13/Jun/2025:15:24:03 +0000] "POST /wp-cron.php?doing_wp_cron=1749828242.9461629390716552734375 HTTP/1.1" 499 0 "-" "WordPress/6.8.1; https://testerofmesquite.infinitibizsol.com"
testerofmesquite.infinitibizsol.com:80
143.244.57.86 - - [13/Jun/2025:15:24:04 +0000] "POST /xmlrpc.php HTTP/1.1" 200 413 "-" "Mozilla/5.0 (Windows NT 10.0; Win64; x64) AppleWebKit/537.36 (KHTML, like Gecko) Chrome/95.0.4638.69 Safari/537.36"
testerofmesquite.infinitibizsol.com:80
143.244.57.86 - - [13/Jun/2025:15:24:08 +0000] "POST /xmlrpc.php HTTP/1.1" 200 413 "-" "Mozilla/5.0 (Windows NT 10.0; Win64; x64) AppleWebKit/537.36 (KHTML, like Gecko) Chrome/95.0.4638.69 Safari/537.36"
testerofmesquite.infinitibizsol.com:80
143.244.57.86 - - [13/Jun/2025:15:24:12 +0000] "POST /xmlrpc.php HTTP/1.1" 200 413 "-" "Mozilla/5.0 (Windows NT 10.0; Win64; x64) AppleWebKit/537.36 (KHTML, like Gecko) Chrome/95.0.4638.69 Safari/537.36"
testerofmesquite.infinitibizsol.com:80
143.244.57.86 - - [13/Jun/2025:15:24:17 +0000] "POST /xmlrpc.php HTTP/1.1" 200 413 "-" "Mozilla/5.0 (Windows NT 10.0; Win64; x64) AppleWebKit/537.36 (KHTML, like Gecko) Chrome/95.0.4638.69 Safari/537.36"
testerofmesquite.infinitibizsol.com:80
143.244.57.86 - - [13/Jun/2025:15:24:20 +0000] "POST /xmlrpc.php HTTP/1.1" 200 413 "-" "Mozilla/5.0 (Windows NT 10.0; Win64; x64) AppleWebKit/537.36 (KHTML, like Gecko) Chrome/95.0.4638.69 Safari/537.36"
testerofmesquite.infinitibizsol.com:80
143.244.57.86 - - [13/Jun/2025:15:24:24 +0000] "POST /xmlrpc.php HTTP/1.1" 200 413 "-" "Mozilla/5.0 (Windows NT 10.0; Win64; x64) AppleWebKit/537.36 (KHTML, like Gecko) Chrome/95.0.4638.69 Safari/537.36"
testerofmesquite.infinitibizsol.com:80
143.244.57.86 - - [13/Jun/2025:15:24:28 +0000] "POST /xmlrpc.php HTTP/1.1" 200 413 "-" "Mozilla/5.0 (Windows NT 10.0; Win64; x64) AppleWebKit/537.36 (KHTML, like Gecko) Chrome/95.0.4638.69 Safari/537.36"
testerofmesquite.infinitibizsol.com:80
143.244.57.86 - - [13/Jun/2025:15:24:32 +0000] "POST /xmlrpc.php HTTP/1.1" 200 413 "-" "Mozilla/5.0 (Windows NT 10.0; Win64; x64) AppleWebKit/537.36 (KHTML, like Gecko) Chrome/95.0.4638.69 Safari/537.36"
testerofmesquite.infinitibizsol.com:80
143.244.57.86 - - [13/Jun/2025:15:24:35 +0000] "POST /xmlrpc.php HTTP/1.1" 200 413 "-" "Mozilla/5.0 (Windows NT 10.0; Win64; x64) AppleWebKit/537.36 (KHTML, like Gecko) Chrome/95.0.4638.69 Safari/537.36"
testerofmesquite.infinitibizsol.com:80
